2026-07-16 01:33:28.418 9 INFO neutron.wsgi [None req-bdf3117e-1e4e-4705-9934-a08f7cab943b d820dc69025e459489f1f963b7dcb981 6a2907b7dded4e32bb1f33dd1010ea75 - - default default] 10.0.0.125 "DELETE /v2.0/subnets/250698cb-a914-46cc-b53a-523d6ba19f22 HTTP/1.1" status: 204 len: 168 time: 0.2273450
2026-07-16 01:33:28.437 9 INFO neutron.db.ovn_revision_numbers_db [None req-c6a8bd3b-6893-4dab-a8ff-87e9b23a9973 - - - - - -] Successfully bumped revision number for resource 824ac916-8c08-4050-bd21-f81304eeb125 (type: ports) to 4
2026-07-16 01:33:28.586 10 INFO neutron.db.ovn_revision_numbers_db [None req-d3ad8b3a-99e5-4768-9f81-a2bcf78a836d d820dc69025e459489f1f963b7dcb981 6a2907b7dded4e32bb1f33dd1010ea75 - - default default] Successfully bumped revision number for resource ecafb669-b9c3-46e6-8951-c5e9eaf17bd1 (type: router_ports) to 2
2026-07-16 01:33:28.589 10 INFO neutron.wsgi [None req-d3ad8b3a-99e5-4768-9f81-a2bcf78a836d d820dc69025e459489f1f963b7dcb981 6a2907b7dded4e32bb1f33dd1010ea75 - - default default] 10.0.0.125 "PUT /v2.0/routers/5e339036-dbcb-4999-8aee-9a9dfea8dba9/add_router_interface HTTP/1.1" status: 200 len: 503 time: 2.6418529
2026-07-16 01:33:28.713 10 INFO neutron.wsgi [None req-6a32b70f-d846-4235-a49f-834fac4034a5 d820dc69025e459489f1f963b7dcb981 6a2907b7dded4e32bb1f33dd1010ea75 - - default default] 10.0.0.125 "DELETE /v2.0/security-groups/d14d5ffa-f2fe-4877-8b95-f769d04d04aa HTTP/1.1" status: 204 len: 168 time: 0.6163297
2026-07-16 01:33:28.716 10 INFO neutron.wsgi [None req-6203afce-9e5a-495e-8811-98985d894d9f c6de576298ae4bba9a7bb93b7abafba2 3516a8ef4bc745039fd11b33e72ee44c - - default default] 10.0.0.125 "DELETE /v2.0/ports/9436516a-3776-4dee-87e4-50eb3bb42c53 HTTP/1.1" status: 204 len: 168 time: 0.6937921 /var/lib/openstack/lib/python3.10/site-packages/pycadf/identifier.py:71: UserWarning: Invalid uuid: neutron. To ensure interoperability, identifiers should be a valid uuid. warnings.warn(('Invalid uuid: %s. To ensure interoperability, '
2026-07-16 01:33:28.792 10 INFO neutron.wsgi [None req-a6216a2c-32f5-43e8-aa23-6924eafddf78 c6de576298ae4bba9a7bb93b7abafba2 3516a8ef4bc745039fd11b33e72ee44c - - default default] 10.0.0.125 "GET /v2.0/ports?device_id=ab8c934f-d227-4583-b75b-adbad5747629 HTTP/1.1" status: 200 len: 1140 time: 0.0720923
2026-07-16 01:33:28.917 9 INFO neutron.db.ovn_revision_numbers_db [None req-c6a8bd3b-6893-4dab-a8ff-87e9b23a9973 - - - - - -] Successfully bumped revision number for resource 824ac916-8c08-4050-bd21-f81304eeb125 (type: router_ports) to 4
2026-07-16 01:33:29.019 9 INFO neutron.services.segments.plugin [-] Segment ca599853-0ee5-4a32-85fd-517caafd950d resource provider aggregate not found
2026-07-16 01:33:29.025 9 INFO neutron.services.segments.plugin [-] Segment ca599853-0ee5-4a32-85fd-517caafd950d resource provider aggregate not found
2026-07-16 01:33:29.034 9 INFO neutron.services.segments.plugin [-] Segment ca599853-0ee5-4a32-85fd-517caafd950d resource provider not found; error: Placement Client Error (4xx): {"errors": [{"status": 404, "title": "Not Found", "detail": "The resource could not be found.\n\n No resource provider with uuid ca599853-0ee5-4a32-85fd-517caafd950d found for delete ", "request_id": "req-ac47ec0c-8c3c-404e-ac56-f4b3bf95828a"}]}
2026-07-16 01:33:29.037 9 INFO neutron.services.segments.plugin [-] Segment ca599853-0ee5-4a32-85fd-517caafd950d resource provider not found; error: Placement Client Error (4xx): {"errors": [{"status": 404, "title": "Not Found", "detail": "The resource could not be found.\n\n No resource provider with uuid ca599853-0ee5-4a32-85fd-517caafd950d found for delete ", "request_id": "req-5261c5ae-3263-4e75-809d-00b24819dec8"}]}
2026-07-16 01:33:29.059 9 INFO neutron.wsgi [None req-0fd97bb2-bc5b-4f83-b141-9646cbb45f0f d820dc69025e459489f1f963b7dcb981 6a2907b7dded4e32bb1f33dd1010ea75 - - default default] 10.0.0.125 "DELETE /v2.0/networks/659a8062-2203-455b-b856-27ed08085b22 HTTP/1.1" status: 204 len: 168 time: 0.6356778
2026-07-16 01:33:29.245 9 INFO neutron.wsgi [None req-fb70eb68-6d3f-411c-91a2-35e1ef42675c d820dc69025e459489f1f963b7dcb981 6a2907b7dded4e32bb1f33dd1010ea75 - - default default] 10.0.0.125 "GET /v2.0/security-groups?tenant_id=16dad67b21a24d93a7c058f159fc5fa2&name=default HTTP/1.1" status: 200 len: 2996 time: 0.0395818
2026-07-16 01:33:29.326 9 INFO neutron.db.ovn_revision_numbers_db [None req-2bb0bdad-2e10-43aa-83b1-eb8916911c50 afb5ed591b5d476ba9ace56456a62432 fb4ed22045ff4407bf15242eb9e9c359 - - default default] Successfully bumped revision number for resource 62abd735-8793-4953-840f-a49a141f03a5 (type: security_groups) to 1
2026-07-16 01:33:29.358 9 INFO neutron.db.ovn_revision_numbers_db [None req-2bb0bdad-2e10-43aa-83b1-eb8916911c50 afb5ed591b5d476ba9ace56456a62432 fb4ed22045ff4407bf15242eb9e9c359 - - default default] Successfully bumped revision number for resource 62c87497-cc56-4881-b5f0-94647a1f917e (type: security_group_rules) to 0
2026-07-16 01:33:29.387 9 INFO neutron.db.ovn_revision_numbers_db [None req-2bb0bdad-2e10-43aa-83b1-eb8916911c50 afb5ed591b5d476ba9ace56456a62432 fb4ed22045ff4407bf15242eb9e9c359 - - default default] Successfully bumped revision number for resource aca66724-90ed-4e79-83d1-cb7b48c11bcd (type: security_group_rules) to 0
2026-07-16 01:33:29.414 9 INFO neutron.wsgi [None req-2bb0bdad-2e10-43aa-83b1-eb8916911c50 afb5ed591b5d476ba9ace56456a62432 fb4ed22045ff4407bf15242eb9e9c359 - - default default] 10.0.0.125 "POST /v2.0/security-groups HTTP/1.1" status: 201 len: 1795 time: 0.2396221
2026-07-16 01:33:29.527 9 INFO neutron.wsgi [None req-db4270a5-dcda-46ef-9e54-991c61b45d5a d820dc69025e459489f1f963b7dcb981 6a2907b7dded4e32bb1f33dd1010ea75 - - default default] 10.0.0.125 "DELETE /v2.0/security-groups/72168672-9779-4930-9fe2-b8334c7b3183 HTTP/1.1" status: 204 len: 168 time: 0.2763276
2026-07-16 01:33:29.553 9 INFO neutron.db.ovn_revision_numbers_db [None req-514f5261-9278-4afe-8e98-348be74f9296 afb5ed591b5d476ba9ace56456a62432 fb4ed22045ff4407bf15242eb9e9c359 - - default default] Successfully bumped revision number for resource 287a473e-ed98-47af-959a-cf507260e6aa (type: security_group_rules) to 0
2026-07-16 01:33:29.575 9 INFO neutron.wsgi [None req-514f5261-9278-4afe-8e98-348be74f9296 afb5ed591b5d476ba9ace56456a62432 fb4ed22045ff4407bf15242eb9e9c359 - - default default] 10.0.0.125 "POST /v2.0/security-group-rules HTTP/1.1" status: 201 len: 764 time: 0.1553688
2026-07-16 01:33:29.592 10 INFO neutron.wsgi [None req-7b6086d7-57fb-48c4-90e4-f6e507fc7692 c6de576298ae4bba9a7bb93b7abafba2 3516a8ef4bc745039fd11b33e72ee44c - - default default] 10.0.0.125 "PUT /v2.0/routers/ab8c934f-d227-4583-b75b-adbad5747629/remove_router_interface HTTP/1.1" status: 200 len: 503 time: 0.7962289 /var/lib/openstack/lib/python3.10/site-packages/pycadf/identifier.py:71: UserWarning: Invalid uuid: neutron. To ensure interoperability, identifiers should be a valid uuid. warnings.warn(('Invalid uuid: %s. To ensure interoperability, '
2026-07-16 01:33:29.710 9 INFO neutron.db.ovn_revision_numbers_db [None req-8956db4b-0826-40c0-9460-3f38befef17a afb5ed591b5d476ba9ace56456a62432 fb4ed22045ff4407bf15242eb9e9c359 - - default default] Successfully bumped revision number for resource 793a6ce0-1e80-47cd-8fa4-4d477f73c614 (type: security_group_rules) to 0
2026-07-16 01:33:29.739 9 INFO neutron.wsgi [None req-8956db4b-0826-40c0-9460-3f38befef17a afb5ed591b5d476ba9ace56456a62432 fb4ed22045ff4407bf15242eb9e9c359 - - default default] 10.0.0.125 "POST /v2.0/security-group-rules HTTP/1.1" status: 201 len: 769 time: 0.1594293
2026-07-16 01:33:30.097 10 WARNING neutron.scheduler.dhcp_agent_scheduler [None req-42e0716f-43e9-446d-ac38-dd6977dce05e afb5ed591b5d476ba9ace56456a62432 fb4ed22045ff4407bf15242eb9e9c359 - - default default] No more DHCP agents
2026-07-16 01:33:30.101 10 WARNING neutron.api.rpc.agentnotifiers.dhcp_rpc_agent_api [None req-42e0716f-43e9-446d-ac38-dd6977dce05e afb5ed591b5d476ba9ace56456a62432 fb4ed22045ff4407bf15242eb9e9c359 - - default default] Unable to schedule network 41e2105a-107e-4de7-ab90-5ea035ee11ee: no agents available; will retry on subsequent port and subnet creation events.
2026-07-16 01:33:30.315 10 INFO neutron.wsgi [None req-2b550f8c-1efe-455a-987b-57b2c3c2d9a9 c6de576298ae4bba9a7bb93b7abafba2 3516a8ef4bc745039fd11b33e72ee44c - - default default] 10.0.0.125 "DELETE /v2.0/routers/ab8c934f-d227-4583-b75b-adbad5747629 HTTP/1.1" status: 204 len: 168 time: 0.7178698
2026-07-16 01:33:30.561 10 INFO neutron.db.ovn_revision_numbers_db [None req-42e0716f-43e9-446d-ac38-dd6977dce05e afb5ed591b5d476ba9ace56456a62432 fb4ed22045ff4407bf15242eb9e9c359 - - default default] Successfully bumped revision number for resource 892757a4-692e-4d19-bfa5-ce174ca83652 (type: floatingips) to 0
2026-07-16 01:33:30.579 10 INFO neutron.wsgi [None req-1e8ff554-d0a3-430f-8dfd-4b141610e893 c6de576298ae4bba9a7bb93b7abafba2 3516a8ef4bc745039fd11b33e72ee44c - - default default] 10.0.0.125 "DELETE /v2.0/subnets/735ae092-7979-4b9a-b530-f042efe780e3 HTTP/1.1" status: 204 len: 168 time: 0.2608926
2026-07-16 01:33:30.583 10 INFO neutron.wsgi [None req-42e0716f-43e9-446d-ac38-dd6977dce05e afb5ed591b5d476ba9ace56456a62432 fb4ed22045ff4407bf15242eb9e9c359 - - default default] 10.0.0.125 "POST /v2.0/floatingips HTTP/1.1" status: 201 len: 751 time: 0.8386695
2026-07-16 01:33:30.918 10 INFO neutron.services.segments.plugin [-] Segment 1f59de50-03a6-44ec-9a06-5bf6818aceca resource provider aggregate not found
2026-07-16 01:33:30.922 10 INFO neutron.services.segments.plugin [-] Segment 1f59de50-03a6-44ec-9a06-5bf6818aceca resource provider aggregate not found
2026-07-16 01:33:30.940 10 INFO neutron.services.segments.plugin [-] Segment 1f59de50-03a6-44ec-9a06-5bf6818aceca resource provider not found; error: Placement Client Error (4xx): {"errors": [{"status": 404, "title": "Not Found", "detail": "The resource could not be found.\n\n No resource provider with uuid 1f59de50-03a6-44ec-9a06-5bf6818aceca found for delete ", "request_id": "req-7864f3a1-1620-4526-a357-c9e2440e1f07"}]}
2026-07-16 01:33:30.941 10 INFO neutron.services.segments.plugin [-] Segment 1f59de50-03a6-44ec-9a06-5bf6818aceca resource provider not found; error: Placement Client Error (4xx): {"errors": [{"status": 404, "title": "Not Found", "detail": "The resource could not be found.\n\n No resource provider with uuid 1f59de50-03a6-44ec-9a06-5bf6818aceca found for delete ", "request_id": "req-e42cd189-c8c1-4413-b99d-f24f5176d475"}]}
2026-07-16 01:33:30.955 10 INFO neutron.wsgi [None req-c5b3ff2d-9275-4b54-99c1-cf2e31d28c27 c6de576298ae4bba9a7bb93b7abafba2 3516a8ef4bc745039fd11b33e72ee44c - - default default] 10.0.0.125 "DELETE /v2.0/networks/70bb8ded-8194-4d52-aa9d-dd2d6e65c4f8 HTTP/1.1" status: 204 len: 168 time: 0.3713326
2026-07-16 01:33:31.641 9 INFO neutron.wsgi [None req-1fecaf8d-abb5-4c89-87a0-dd45dd29e216 d820dc69025e459489f1f963b7dcb981 6a2907b7dded4e32bb1f33dd1010ea75 - - default default] 10.0.0.125 "GET /v2.0/security-groups?tenant_id=3516a8ef4bc745039fd11b33e72ee44c&name=default HTTP/1.1" status: 200 len: 2996 time: 0.1308172
2026-07-16 01:33:31.850 10 INFO neutron.wsgi [None req-e27e0a11-1d8d-4bec-af1d-db58fb82eabe d820dc69025e459489f1f963b7dcb981 6a2907b7dded4e32bb1f33dd1010ea75 - - default default] 10.0.0.125 "DELETE /v2.0/security-groups/affa6b59-388f-4e63-bdb8-3c17d69932be HTTP/1.1" status: 204 len: 168 time: 0.2030149
2026-07-16 01:33:32.954 9 WARNING neutron.plugins.ml2.drivers.ovn.mech_driver.ovsdb.ovn_client [None req-6c2ac208-0920-445d-b3fb-a8ba9fc3c2ef - - - - - -] No hosting information found for port ecafb669-b9c3-46e6-8951-c5e9eaf17bd1: RuntimeError: No hosting information found for port ecafb669-b9c3-46e6-8951-c5e9eaf17bd1
2026-07-16 01:33:33.259 9 INFO neutron.db.ovn_revision_numbers_db [None req-62763bea-07f6-4581-8029-023551c09965 d820dc69025e459489f1f963b7dcb981 6a2907b7dded4e32bb1f33dd1010ea75 - - default default] Successfully bumped revision number for resource 7cdc65ae-ef69-40e8-a189-a117e724c0ea (type: security_groups) to 1
2026-07-16 01:33:33.272 9 INFO neutron.db.ovn_revision_numbers_db [None req-62763bea-07f6-4581-8029-023551c09965 d820dc69025e459489f1f963b7dcb981 6a2907b7dded4e32bb1f33dd1010ea75 - - default default] Successfully bumped revision number for resource 202de844-7867-46a3-ac69-7b55e7036613 (type: security_group_rules) to 0
2026-07-16 01:33:33.285 9 INFO neutron.db.ovn_revision_numbers_db [None req-62763bea-07f6-4581-8029-023551c09965 d820dc69025e459489f1f963b7dcb981 6a2907b7dded4e32bb1f33dd1010ea75 - - default default] Successfully bumped revision number for resource 28500e8e-3b56-41c3-b538-de8aba68785e (type: security_group_rules) to 0
2026-07-16 01:33:33.300 9 INFO neutron.db.ovn_revision_numbers_db [None req-62763bea-07f6-4581-8029-023551c09965 d820dc69025e459489f1f963b7dcb981 6a2907b7dded4e32bb1f33dd1010ea75 - - default default] Successfully bumped revision number for resource d9933263-8a47-4d85-a8d5-849712ec278a (type: security_group_rules) to 0
2026-07-16 01:33:33.317 9 INFO neutron.db.ovn_revision_numbers_db [None req-62763bea-07f6-4581-8029-023551c09965 d820dc69025e459489f1f963b7dcb981 6a2907b7dded4e32bb1f33dd1010ea75 - - default default] Successfully bumped revision number for resource ef9f6904-203a-43bf-a747-7381709fe9df (type: security_group_rules) to 0
2026-07-16 01:33:33.349 9 INFO neutron.wsgi [None req-62763bea-07f6-4581-8029-023551c09965 d820dc69025e459489f1f963b7dcb981 6a2907b7dded4e32bb1f33dd1010ea75 - - default default] 10.0.0.125 "GET /v2.0/security-groups?tenant_id=1436415639a743519269464ef153eb14&name=default HTTP/1.1" status: 200 len: 2996 time: 0.3637722
2026-07-16 01:33:33.521 9 INFO neutron.wsgi [None req-ffa42c4a-67c3-48ba-ab71-e225cc2f9bb7 d820dc69025e459489f1f963b7dcb981 6a2907b7dded4e32bb1f33dd1010ea75 - - default default] 10.0.0.125 "DELETE /v2.0/security-groups/7cdc65ae-ef69-40e8-a189-a117e724c0ea HTTP/1.1" status: 204 len: 168 time: 0.1673012
2026-07-16 01:33:33.782 10 INFO neutron.db.ovn_revision_numbers_db [None req-48acc639-43a9-46ed-91ef-323f150069f6 d820dc69025e459489f1f963b7dcb981 6a2907b7dded4e32bb1f33dd1010ea75 - - default default] Successfully bumped revision number for resource a56d7670-d810-45db-b50d-386f07e09c7a (type: security_groups) to 1
2026-07-16 01:33:33.805 10 INFO neutron.db.ovn_revision_numbers_db [None req-48acc639-43a9-46ed-91ef-323f150069f6 d820dc69025e459489f1f963b7dcb981 6a2907b7dded4e32bb1f33dd1010ea75 - - default default] Successfully bumped revision number for resource 339a2ec5-5444-4e3e-af60-c277f76a773f (type: security_group_rules) to 0
2026-07-16 01:33:33.821 10 INFO neutron.db.ovn_revision_numbers_db [None req-48acc639-43a9-46ed-91ef-323f150069f6 d820dc69025e459489f1f963b7dcb981 6a2907b7dded4e32bb1f33dd1010ea75 - - default default] Successfully bumped revision number for resource 87ae8dcc-5c72-4923-9115-ad8dde7d518f (type: security_group_rules) to 0
2026-07-16 01:33:33.839 10 INFO neutron.db.ovn_revision_numbers_db [None req-48acc639-43a9-46ed-91ef-323f150069f6 d820dc69025e459489f1f963b7dcb981 6a2907b7dded4e32bb1f33dd1010ea75 - - default default] Successfully bumped revision number for resource c9b4b2be-1eb3-4016-9727-41619f952265 (type: security_group_rules) to 0
2026-07-16 01:33:33.866 10 INFO neutron.db.ovn_revision_numbers_db [None req-48acc639-43a9-46ed-91ef-323f150069f6 d820dc69025e459489f1f963b7dcb981 6a2907b7dded4e32bb1f33dd1010ea75 - - default default] Successfully bumped revision number for resource e510cd2a-2a14-4c32-8bd3-3d4953690bfc (type: security_group_rules) to 0
2026-07-16 01:33:33.906 10 INFO neutron.wsgi [None req-48acc639-43a9-46ed-91ef-323f150069f6 d820dc69025e459489f1f963b7dcb981 6a2907b7dded4e32bb1f33dd1010ea75 - - default default] 10.0.0.125 "GET /v2.0/security-groups?tenant_id=6c5687a09a504df3a03fd6a4e97ae0ad&name=default HTTP/1.1" status: 200 len: 2996 time: 0.2420912
2026-07-16 01:33:34.014 10 INFO neutron.db.ovn_revision_numbers_db [None req-a3dfa48d-3702-4953-862a-fef28e62a5dc b9116cb29c5e4cfb8255f2ccab6d69c5 9fbf2086b1714eb08bfcb23b3bd7b3a2 - - default default] Successfully bumped revision number for resource 3c3b7236-69e7-4165-8607-c3b684e42162 (type: security_groups) to 1
2026-07-16 01:33:34.030 10 INFO neutron.db.ovn_revision_numbers_db [None req-a3dfa48d-3702-4953-862a-fef28e62a5dc b9116cb29c5e4cfb8255f2ccab6d69c5 9fbf2086b1714eb08bfcb23b3bd7b3a2 - - default default] Successfully bumped revision number for resource db458895-92cb-4dc6-a7ad-da27ea120456 (type: security_group_rules) to 0
2026-07-16 01:33:34.044 10 INFO neutron.db.ovn_revision_numbers_db [None req-a3dfa48d-3702-4953-862a-fef28e62a5dc b9116cb29c5e4cfb8255f2ccab6d69c5 9fbf2086b1714eb08bfcb23b3bd7b3a2 - - default default] Successfully bumped revision number for resource f53ef197-2923-4554-891b-bda8118a2a27 (type: security_group_rules) to 0
2026-07-16 01:33:34.060 10 INFO neutron.db.ovn_revision_numbers_db [None req-a3dfa48d-3702-4953-862a-fef28e62a5dc b9116cb29c5e4cfb8255f2ccab6d69c5 9fbf2086b1714eb08bfcb23b3bd7b3a2 - - default default] Successfully bumped revision number for resource f92af418-ee84-401c-bb09-d803552a16d8 (type: security_group_rules) to 0
2026-07-16 01:33:34.077 10 INFO neutron.db.ovn_revision_numbers_db [None req-a3dfa48d-3702-4953-862a-fef28e62a5dc b9116cb29c5e4cfb8255f2ccab6d69c5 9fbf2086b1714eb08bfcb23b3bd7b3a2 - - default default] Successfully bumped revision number for resource fcc44a1b-dab8-42c4-b6ea-9bb30aa3c43f (type: security_group_rules) to 0
2026-07-16 01:33:34.097 9 INFO neutron.wsgi [None req-1bd90626-5b6e-4e60-bc7c-f2b64d5d16a4 d820dc69025e459489f1f963b7dcb981 6a2907b7dded4e32bb1f33dd1010ea75 - - default default] 10.0.0.125 "DELETE /v2.0/security-groups/a56d7670-d810-45db-b50d-386f07e09c7a HTTP/1.1" status: 204 len: 168 time: 0.1864767
2026-07-16 01:33:34.150 10 INFO neutron.db.segments_db [None req-a3dfa48d-3702-4953-862a-fef28e62a5dc b9116cb29c5e4cfb8255f2ccab6d69c5 9fbf2086b1714eb08bfcb23b3bd7b3a2 - - default default] Added segment eae64f50-f1cb-4c61-b467-acc614b6856e of type geneve for network c23e05a8-6393-4be5-8350-efde2033be9e
2026-07-16 01:33:34.462 10 INFO neutron.db.segments_db [None req-a3dfa48d-3702-4953-862a-fef28e62a5dc b9116cb29c5e4cfb8255f2ccab6d69c5 9fbf2086b1714eb08bfcb23b3bd7b3a2 - - default default] Added segment fd6568bf-d6fa-4073-8a62-d1f28d1e9edc of type geneve for network 592d4682-ebf4-4303-9538-a142ea4d9757
2026-07-16 01:33:34.618 10 INFO neutron.db.ovn_revision_numbers_db [None req-a3dfa48d-3702-4953-862a-fef28e62a5dc b9116cb29c5e4cfb8255f2ccab6d69c5 9fbf2086b1714eb08bfcb23b3bd7b3a2 - - default default] Successfully bumped revision number for resource c23e05a8-6393-4be5-8350-efde2033be9e (type: networks) to 1
2026-07-16 01:33:34.861 10 WARNING neutron.scheduler.dhcp_agent_scheduler [None req-a3dfa48d-3702-4953-862a-fef28e62a5dc b9116cb29c5e4cfb8255f2ccab6d69c5 9fbf2086b1714eb08bfcb23b3bd7b3a2 - - default default] No more DHCP agents
2026-07-16 01:33:34.864 10 WARNING neutron.api.rpc.agentnotifiers.dhcp_rpc_agent_api [None req-a3dfa48d-3702-4953-862a-fef28e62a5dc b9116cb29c5e4cfb8255f2ccab6d69c5 9fbf2086b1714eb08bfcb23b3bd7b3a2 - - default default] Unable to schedule network c23e05a8-6393-4be5-8350-efde2033be9e: no agents available; will retry on subsequent port and subnet creation events.
2026-07-16 01:33:34.937 10 INFO neutron.db.ovn_revision_numbers_db [None req-a3dfa48d-3702-4953-862a-fef28e62a5dc b9116cb29c5e4cfb8255f2ccab6d69c5 9fbf2086b1714eb08bfcb23b3bd7b3a2 - - default default] Successfully bumped revision number for resource 005dd6cc-46d3-4206-af7a-6bc0bedf76d3 (type: ports) to 1
2026-07-16 01:33:35.008 10 INFO neutron.db.ovn_revision_numbers_db [None req-a3dfa48d-3702-4953-862a-fef28e62a5dc b9116cb29c5e4cfb8255f2ccab6d69c5 9fbf2086b1714eb08bfcb23b3bd7b3a2 - - default default] Successfully bumped revision number for resource 592d4682-ebf4-4303-9538-a142ea4d9757 (type: networks) to 1
2026-07-16 01:33:35.163 10 WARNING neutron.scheduler.dhcp_agent_scheduler [None req-a3dfa48d-3702-4953-862a-fef28e62a5dc b9116cb29c5e4cfb8255f2ccab6d69c5 9fbf2086b1714eb08bfcb23b3bd7b3a2 - - default default] No more DHCP agents
2026-07-16 01:33:35.166 10 WARNING neutron.api.rpc.agentnotifiers.dhcp_rpc_agent_api [None req-a3dfa48d-3702-4953-862a-fef28e62a5dc b9116cb29c5e4cfb8255f2ccab6d69c5 9fbf2086b1714eb08bfcb23b3bd7b3a2 - - default default] Unable to schedule network 592d4682-ebf4-4303-9538-a142ea4d9757: no agents available; will retry on subsequent port and subnet creation events.
2026-07-16 01:33:35.249 10 INFO neutron.db.ovn_revision_numbers_db [None req-a3dfa48d-3702-4953-862a-fef28e62a5dc b9116cb29c5e4cfb8255f2ccab6d69c5 9fbf2086b1714eb08bfcb23b3bd7b3a2 - - default default] Successfully bumped revision number for resource 718c0acc-7ad4-46aa-b1d3-fa602dcadbc3 (type: ports) to 1
2026-07-16 01:33:35.275 10 INFO neutron.wsgi [None req-a3dfa48d-3702-4953-862a-fef28e62a5dc b9116cb29c5e4cfb8255f2ccab6d69c5 9fbf2086b1714eb08bfcb23b3bd7b3a2 - - default default] 10.0.0.125 "POST /v2.0/networks HTTP/1.1" status: 201 len: 1446 time: 1.5738857
2026-07-16 01:33:35.359 10 INFO neutron.wsgi [None req-cb4b23b3-e8a8-4e3f-8928-69f9f5b9f1c1 b9116cb29c5e4cfb8255f2ccab6d69c5 9fbf2086b1714eb08bfcb23b3bd7b3a2 - - default default] 10.0.0.125 "GET /v2.0/networks HTTP/1.1" status: 200 len: 2052 time: 0.0804141
2026-07-16 01:33:35.505 9 INFO neutron.db.ovn_revision_numbers_db [None req-77b451f0-6fbc-4920-9afa-faab6bccc1ef d820dc69025e459489f1f963b7dcb981 6a2907b7dded4e32bb1f33dd1010ea75 - - default default] Successfully bumped revision number for resource ba6c0bfb-5385-4ed0-9340-7b910bb6159c (type: security_groups) to 1
2026-07-16 01:33:35.509 9 INFO neutron.wsgi [req-5adebb1f-aef0-4a0f-b726-120bca34978d req-f520351b-cca8-43d9-8ae4-119402bcfdcf afb5ed591b5d476ba9ace56456a62432 fb4ed22045ff4407bf15242eb9e9c359 - - default default] 10.0.0.253 "GET /v2.0/security-groups?name=tempest-securitygroup--267583402&fields=id&tenant_id=fb4ed22045ff4407bf15242eb9e9c359 HTTP/1.1" status: 200 len: 267 time: 0.0367661
2026-07-16 01:33:35.530 9 INFO neutron.db.ovn_revision_numbers_db [None req-77b451f0-6fbc-4920-9afa-faab6bccc1ef d820dc69025e459489f1f963b7dcb981 6a2907b7dded4e32bb1f33dd1010ea75 - - default default] Successfully bumped revision number for resource 11f62add-76c5-4e25-8412-7a0e15ae4c00 (type: security_group_rules) to 0
2026-07-16 01:33:35.555 9 INFO neutron.db.ovn_revision_numbers_db [None req-77b451f0-6fbc-4920-9afa-faab6bccc1ef d820dc69025e459489f1f963b7dcb981 6a2907b7dded4e32bb1f33dd1010ea75 - - default default] Successfully bumped revision number for resource 4c80dac3-3798-42bd-907e-d6bcd9f1b2a9 (type: security_group_rules) to 0
2026-07-16 01:33:35.573 9 INFO neutron.db.ovn_revision_numbers_db [None req-77b451f0-6fbc-4920-9afa-faab6bccc1ef d820dc69025e459489f1f963b7dcb981 6a2907b7dded4e32bb1f33dd1010ea75 - - default default] Successfully bumped revision number for resource 4e2a5dfd-d951-4a72-a039-c96ba8a081f9 (type: security_group_rules) to 0
2026-07-16 01:33:35.588 9 INFO neutron.wsgi [req-5adebb1f-aef0-4a0f-b726-120bca34978d req-f30e67d8-0b43-489a-a8ec-6fd2475124de afb5ed591b5d476ba9ace56456a62432 fb4ed22045ff4407bf15242eb9e9c359 - - default default] 10.0.0.253 "GET /v2.0/networks?id=e3bf99ff-76c8-40af-a487-d7ee2a6d047d HTTP/1.1" status: 200 len: 878 time: 0.0717311
2026-07-16 01:33:35.591 9 INFO neutron.db.ovn_revision_numbers_db [None req-77b451f0-6fbc-4920-9afa-faab6bccc1ef d820dc69025e459489f1f963b7dcb981 6a2907b7dded4e32bb1f33dd1010ea75 - - default default] Successfully bumped revision number for resource 5fef39c4-41a1-45cf-baf8-0805fbcf007c (type: security_group_rules) to 0
2026-07-16 01:33:35.621 9 INFO neutron.wsgi [req-5adebb1f-aef0-4a0f-b726-120bca34978d req-7c0c443f-6f3d-494b-8053-8e76a8d6613c afb5ed591b5d476ba9ace56456a62432 fb4ed22045ff4407bf15242eb9e9c359 - - default default] 10.0.0.253 "GET /v2.0/quotas/fb4ed22045ff4407bf15242eb9e9c359 HTTP/1.1" status: 200 len: 386 time: 0.0264077
2026-07-16 01:33:35.624 9 INFO neutron.wsgi [None req-77b451f0-6fbc-4920-9afa-faab6bccc1ef d820dc69025e459489f1f963b7dcb981 6a2907b7dded4e32bb1f33dd1010ea75 - - default default] 10.0.0.125 "GET /v2.0/security-groups?tenant_id=efb4fca417454af483023d55f8ef7cca&name=default HTTP/1.1" status: 200 len: 2996 time: 0.3093441
2026-07-16 01:33:35.679 10 INFO neutron.services.segments.plugin [-] Segment eae64f50-f1cb-4c61-b467-acc614b6856e resource provider aggregate not found
2026-07-16 01:33:35.698 10 INFO neutron.services.segments.plugin [-] Segment eae64f50-f1cb-4c61-b467-acc614b6856e resource provider aggregate not found
2026-07-16 01:33:35.712 10 INFO neutron.services.segments.plugin [-] Segment eae64f50-f1cb-4c61-b467-acc614b6856e resource provider not found; error: Placement Client Error (4xx): {"errors": [{"status": 404, "title": "Not Found", "detail": "The resource could not be found.\n\n No resource provider with uuid eae64f50-f1cb-4c61-b467-acc614b6856e found for delete ", "request_id": "req-6bad67bd-3b8a-48a1-8b88-bce2aa7787b2"}]}
2026-07-16 01:33:35.718 10 INFO neutron.services.segments.plugin [-] Segment eae64f50-f1cb-4c61-b467-acc614b6856e resource provider not found; error: Placement Client Error (4xx): {"errors": [{"status": 404, "title": "Not Found", "detail": "The resource could not be found.\n\n No resource provider with uuid eae64f50-f1cb-4c61-b467-acc614b6856e found for delete ", "request_id": "req-9cac32d2-4b48-4bdf-95e5-60efcd01647d"}]}
2026-07-16 01:33:35.719 9 INFO neutron.wsgi [req-5adebb1f-aef0-4a0f-b726-120bca34978d req-966834a7-cca7-4a94-97f0-19f4507493f5 afb5ed591b5d476ba9ace56456a62432 fb4ed22045ff4407bf15242eb9e9c359 - - default default] 10.0.0.253 "GET /v2.0/ports?tenant_id=fb4ed22045ff4407bf15242eb9e9c359&fields=id HTTP/1.1" status: 200 len: 302 time: 0.0914319
2026-07-16 01:33:35.739 9 WARNING keystonemiddleware.audit [req-5adebb1f-aef0-4a0f-b726-120bca34978d req-966834a7-cca7-4a94-97f0-19f4507493f5 afb5ed591b5d476ba9ace56456a62432 fb4ed22045ff4407bf15242eb9e9c359 - - default default] Skipping service tempest-service-2137609174 as it have no endpoints.
2026-07-16 01:33:35.741 10 INFO neutron.wsgi [None req-8452ecf5-c2a5-4a30-a726-52a2df79ec97 b9116cb29c5e4cfb8255f2ccab6d69c5 9fbf2086b1714eb08bfcb23b3bd7b3a2 - - default default] 10.0.0.125 "DELETE /v2.0/networks/c23e05a8-6393-4be5-8350-efde2033be9e HTTP/1.1" status: 204 len: 168 time: 0.3757119
2026-07-16 01:33:35.831 9 INFO neutron.wsgi [req-5adebb1f-aef0-4a0f-b726-120bca34978d req-3bd8f3b3-7120-49e1-bd5b-5ae2999de264 f2009d61f05c4ebfa692b82a4d8d0e5d bddf8de969774b3bbb48bd698541de3e - - 77a314461d9143cd92d4acfd3cd81ae8 77a314461d9143cd92d4acfd3cd81ae8] 10.0.0.253 "GET /v2.0/networks/e3bf99ff-76c8-40af-a487-d7ee2a6d047d?fields=segments HTTP/1.1" status: 200 len: 212 time: 0.0977831
2026-07-16 01:33:35.846 9 WARNING keystonemiddleware.audit [req-5adebb1f-aef0-4a0f-b726-120bca34978d req-3bd8f3b3-7120-49e1-bd5b-5ae2999de264 f2009d61f05c4ebfa692b82a4d8d0e5d bddf8de969774b3bbb48bd698541de3e - - 77a314461d9143cd92d4acfd3cd81ae8 77a314461d9143cd92d4acfd3cd81ae8] Skipping service tempest-service-2137609174 as it have no endpoints.
2026-07-16 01:33:35.935 9 INFO neutron.wsgi [req-5adebb1f-aef0-4a0f-b726-120bca34978d req-3f3a2e64-5d85-4c92-af65-591bf5bed6dd f2009d61f05c4ebfa692b82a4d8d0e5d bddf8de969774b3bbb48bd698541de3e - - 77a314461d9143cd92d4acfd3cd81ae8 77a314461d9143cd92d4acfd3cd81ae8] 10.0.0.253 "GET /v2.0/networks/e3bf99ff-76c8-40af-a487-d7ee2a6d047d?fields=provider%3Aphysical_network&fields=provider%3Anetwork_type HTTP/1.1" status: 200 len: 277 time: 0.0980544
2026-07-16 01:33:36.005 9 INFO neutron.wsgi [None req-158522a0-3f6b-4fd9-818d-66f55f198463 d820dc69025e459489f1f963b7dcb981 6a2907b7dded4e32bb1f33dd1010ea75 - - default default] 10.0.0.125 "DELETE /v2.0/security-groups/ba6c0bfb-5385-4ed0-9340-7b910bb6159c HTTP/1.1" status: 204 len: 168 time: 0.3707850
2026-07-16 01:33:36.166 9 INFO neutron.services.segments.plugin [-] Segment fd6568bf-d6fa-4073-8a62-d1f28d1e9edc resource provider aggregate not found
2026-07-16 01:33:36.172 9 INFO neutron.services.segments.plugin [-] Segment fd6568bf-d6fa-4073-8a62-d1f28d1e9edc resource provider aggregate not found
2026-07-16 01:33:36.187 9 INFO neutron.services.segments.plugin [-] Segment fd6568bf-d6fa-4073-8a62-d1f28d1e9edc resource provider not found; error: Placement Client Error (4xx): {"errors": [{"status": 404, "title": "Not Found", "detail": "The resource could not be found.\n\n No resource provider with uuid fd6568bf-d6fa-4073-8a62-d1f28d1e9edc found for delete ", "request_id": "req-9669d37b-529c-4de4-b651-635812346ec7"}]}
2026-07-16 01:33:36.196 9 INFO neutron.services.segments.plugin [-] Segment fd6568bf-d6fa-4073-8a62-d1f28d1e9edc resource provider not found; error: Placement Client Error (4xx): {"errors": [{"status": 404, "title": "Not Found", "detail": "The resource could not be found.\n\n No resource provider with uuid fd6568bf-d6fa-4073-8a62-d1f28d1e9edc found for delete ", "request_id": "req-de45a94f-244f-4702-89ea-18e17adc37ff"}]}
2026-07-16 01:33:36.198 9 INFO neutron.wsgi [req-f7d8b4f6-3084-46a1-9152-4c7e5c23efbd req-926b9d14-5365-42bb-b432-5d63313c88fa afb5ed591b5d476ba9ace56456a62432 fb4ed22045ff4407bf15242eb9e9c359 - - default default] 10.0.0.253 "GET /v2.0/ports?device_id=2b9fd530-5068-4679-bd77-f433b239f023 HTTP/1.1" status: 200 len: 210 time: 0.0218780
2026-07-16 01:33:36.219 9 INFO neutron.wsgi [None req-c7f5ea73-16dc-4a96-a8ab-773694274c0f b9116cb29c5e4cfb8255f2ccab6d69c5 9fbf2086b1714eb08bfcb23b3bd7b3a2 - - default default] 10.0.0.125 "DELETE /v2.0/networks/592d4682-ebf4-4303-9538-a142ea4d9757 HTTP/1.1" status: 204 len: 168 time: 0.4721003
2026-07-16 01:33:36.258 10 INFO neutron.db.ovn_revision_numbers_db [None req-47e58bd0-9977-4b33-b4d8-4fc40dd0a500 d820dc69025e459489f1f963b7dcb981 6a2907b7dded4e32bb1f33dd1010ea75 - - default default] Successfully bumped revision number for resource 1d2be150-40cb-4464-a460-a9e259553af5 (type: security_groups) to 1
2026-07-16 01:33:36.277 10 INFO neutron.db.ovn_revision_numbers_db [None req-47e58bd0-9977-4b33-b4d8-4fc40dd0a500 d820dc69025e459489f1f963b7dcb981 6a2907b7dded4e32bb1f33dd1010ea75 - - default default] Successfully bumped revision number for resource 44ebc9d5-84e2-476d-90ca-10a84206343f (type: security_group_rules) to 0
2026-07-16 01:33:36.292 10 INFO neutron.db.ovn_revision_numbers_db [None req-47e58bd0-9977-4b33-b4d8-4fc40dd0a500 d820dc69025e459489f1f963b7dcb981 6a2907b7dded4e32bb1f33dd1010ea75 - - default default] Successfully bumped revision number for resource 4ae3dada-c223-428b-9d75-3fdbb8726069 (type: security_group_rules) to 0
2026-07-16 01:33:36.307 10 INFO neutron.db.ovn_revision_numbers_db [None req-47e58bd0-9977-4b33-b4d8-4fc40dd0a500 d820dc69025e459489f1f963b7dcb981 6a2907b7dded4e32bb1f33dd1010ea75 - - default default] Successfully bumped revision number for resource 8b5adc0d-7225-4e96-9030-0891be363d88 (type: security_group_rules) to 0
2026-07-16 01:33:36.311 9 INFO neutron.wsgi [None req-156b6279-2827-4d98-965c-c3184fee96a7 b9116cb29c5e4cfb8255f2ccab6d69c5 9fbf2086b1714eb08bfcb23b3bd7b3a2 - - default default] 10.0.0.125 "GET /v2.0/networks HTTP/1.1" status: 200 len: 845 time: 0.0853937
2026-07-16 01:33:36.329 10 INFO neutron.db.ovn_revision_numbers_db [None req-47e58bd0-9977-4b33-b4d8-4fc40dd0a500 d820dc69025e459489f1f963b7dcb981 6a2907b7dded4e32bb1f33dd1010ea75 - - default default] Successfully bumped revision number for resource c2990721-6086-4b6d-b51f-f9485af529db (type: security_group_rules) to 0
2026-07-16 01:33:36.350 10 INFO neutron.wsgi [None req-47e58bd0-9977-4b33-b4d8-4fc40dd0a500 d820dc69025e459489f1f963b7dcb981 6a2907b7dded4e32bb1f33dd1010ea75 - - default default] 10.0.0.125 "GET /v2.0/security-groups?tenant_id=23746bd00efc428b8c81387e080af060&name=default HTTP/1.1" status: 200 len: 2996 time: 0.1993346
2026-07-16 01:33:36.387 9 INFO neutron.db.segments_db [None req-755d06bf-fd42-47c1-8392-911bc959cd3e b9116cb29c5e4cfb8255f2ccab6d69c5 9fbf2086b1714eb08bfcb23b3bd7b3a2 - - default default] Added segment 88f061cf-fb98-416c-a771-8c6ea7010a83 of type geneve for network 974dccbf-d068-4ace-a63d-bd4b92ae79d1
2026-07-16 01:33:36.509 9 INFO neutron.db.ovn_revision_numbers_db [None req-755d06bf-fd42-47c1-8392-911bc959cd3e b9116cb29c5e4cfb8255f2ccab6d69c5 9fbf2086b1714eb08bfcb23b3bd7b3a2 - - default default] Successfully bumped revision number for resource 974dccbf-d068-4ace-a63d-bd4b92ae79d1 (type: networks) to 1
2026-07-16 01:33:36.544 10 INFO neutron.wsgi [None req-32c7ce3b-4892-48f3-9b1b-c8283cc66cca d820dc69025e459489f1f963b7dcb981 6a2907b7dded4e32bb1f33dd1010ea75 - - default default] 10.0.0.125 "DELETE /v2.0/security-groups/1d2be150-40cb-4464-a460-a9e259553af5 HTTP/1.1" status: 204 len: 168 time: 0.1880152
2026-07-16 01:33:36.701 9 WARNING neutron.scheduler.dhcp_agent_scheduler [None req-755d06bf-fd42-47c1-8392-911bc959cd3e b9116cb29c5e4cfb8255f2ccab6d69c5 9fbf2086b1714eb08bfcb23b3bd7b3a2 - - default default] No more DHCP agents
2026-07-16 01:33:36.705 9 WARNING neutron.api.rpc.agentnotifiers.dhcp_rpc_agent_api [None req-755d06bf-fd42-47c1-8392-911bc959cd3e b9116cb29c5e4cfb8255f2ccab6d69c5 9fbf2086b1714eb08bfcb23b3bd7b3a2 - - default default] Unable to schedule network 974dccbf-d068-4ace-a63d-bd4b92ae79d1: no agents available; will retry on subsequent port and subnet creation events.
2026-07-16 01:33:36.712 10 INFO neutron.db.ovn_revision_numbers_db [None req-e1ebe385-cb8a-41e5-86cf-8d2849b32ee4 d820dc69025e459489f1f963b7dcb981 6a2907b7dded4e32bb1f33dd1010ea75 - - default default] Successfully bumped revision number for resource 5aa147a0-4a48-468a-8264-31c9be424067 (type: security_groups) to 1
2026-07-16 01:33:36.724 10 INFO neutron.db.ovn_revision_numbers_db [None req-e1ebe385-cb8a-41e5-86cf-8d2849b32ee4 d820dc69025e459489f1f963b7dcb981 6a2907b7dded4e32bb1f33dd1010ea75 - - default default] Successfully bumped revision number for resource 6ce0c968-785c-4898-b41e-b07a721052a0 (type: security_group_rules) to 0
2026-07-16 01:33:36.738 10 INFO neutron.db.ovn_revision_numbers_db [None req-e1ebe385-cb8a-41e5-86cf-8d2849b32ee4 d820dc69025e459489f1f963b7dcb981 6a2907b7dded4e32bb1f33dd1010ea75 - - default default] Successfully bumped revision number for resource b88e81ed-f4bd-4916-b732-e0c4a12dcfb1 (type: security_group_rules) to 0
2026-07-16 01:33:36.752 10 INFO neutron.db.ovn_revision_numbers_db [None req-e1ebe385-cb8a-41e5-86cf-8d2849b32ee4 d820dc69025e459489f1f963b7dcb981 6a2907b7dded4e32bb1f33dd1010ea75 - - default default] Successfully bumped revision number for resource b8f81edb-61b0-4c2c-bd97-0c040f8f71f7 (type: security_group_rules) to 0
2026-07-16 01:33:36.782 10 INFO neutron.db.ovn_revision_numbers_db [None req-e1ebe385-cb8a-41e5-86cf-8d2849b32ee4 d820dc69025e459489f1f963b7dcb981 6a2907b7dded4e32bb1f33dd1010ea75 - - default default] Successfully bumped revision number for resource c07ac334-d33c-4d45-8d50-a9858b9ac132 (type: security_group_rules) to 0
2026-07-16 01:33:36.799 9 INFO neutron.db.ovn_revision_numbers_db [None req-755d06bf-fd42-47c1-8392-911bc959cd3e b9116cb29c5e4cfb8255f2ccab6d69c5 9fbf2086b1714eb08bfcb23b3bd7b3a2 - - default default] Successfully bumped revision number for resource c487f45f-15f0-4031-bcd7-f61f03c5ed48 (type: ports) to 1
2026-07-16 01:33:36.820 9 INFO neutron.wsgi [None req-755d06bf-fd42-47c1-8392-911bc959cd3e b9116cb29c5e4cfb8255f2ccab6d69c5 9fbf2086b1714eb08bfcb23b3bd7b3a2 - - default default] 10.0.0.125 "POST /v2.0/networks HTTP/1.1" status: 201 len: 852 time: 0.4988697
2026-07-16 01:33:36.823 10 INFO neutron.wsgi [None req-e1ebe385-cb8a-41e5-86cf-8d2849b32ee4 d820dc69025e459489f1f963b7dcb981 6a2907b7dded4e32bb1f33dd1010ea75 - - default default] 10.0.0.125 "GET /v2.0/security-groups?tenant_id=e16499c437d342ce9ff0e25d9c1a9d27&name=default HTTP/1.1" status: 200 len: 2996 time: 0.3173282
2026-07-16 01:33:36.851 10 INFO neutron.wsgi [req-5adebb1f-aef0-4a0f-b726-120bca34978d req-684ba1f9-87d8-43c4-b6c4-53d8c6cf2080 afb5ed591b5d476ba9ace56456a62432 fb4ed22045ff4407bf15242eb9e9c359 - - default default] 199.204.45.53 "GET /v2.0/networks?id=e3bf99ff-76c8-40af-a487-d7ee2a6d047d HTTP/1.1" status: 200 len: 878 time: 0.0839040
2026-07-16 01:33:36.912 9 INFO neutron.db.segments_db [None req-5a910a87-0d69-4036-8f8e-316962528aec b9116cb29c5e4cfb8255f2ccab6d69c5 9fbf2086b1714eb08bfcb23b3bd7b3a2 - - default default] Added segment 04b1fe52-3d4d-45c3-a690-db5687fdd2bf of type geneve for network 170e975e-8a64-467b-8b83-7321c7c7acb0
2026-07-16 01:33:36.914 10 INFO neutron.wsgi [req-5adebb1f-aef0-4a0f-b726-120bca34978d req-f53128a7-9d4d-417a-a128-4df658ff9a2a afb5ed591b5d476ba9ace56456a62432 fb4ed22045ff4407bf15242eb9e9c359 - - default default] 199.204.45.53 "GET /v2.0/security-groups?fields=id&fields=name&tenant_id=fb4ed22045ff4407bf15242eb9e9c359 HTTP/1.1" status: 200 len: 379 time: 0.0561628
2026-07-16 01:33:37.064 9 INFO neutron.db.ovn_revision_numbers_db [None req-5a910a87-0d69-4036-8f8e-316962528aec b9116cb29c5e4cfb8255f2ccab6d69c5 9fbf2086b1714eb08bfcb23b3bd7b3a2 - - default default] Successfully bumped revision number for resource 170e975e-8a64-467b-8b83-7321c7c7acb0 (type: networks) to 1
2026-07-16 01:33:37.064 10 INFO neutron.wsgi [None req-4e00f310-ae1c-4a5a-920b-bb8888a25c4e d820dc69025e459489f1f963b7dcb981 6a2907b7dded4e32bb1f33dd1010ea75 - - default default] 10.0.0.125 "DELETE /v2.0/security-groups/5aa147a0-4a48-468a-8264-31c9be424067 HTTP/1.1" status: 204 len: 168 time: 0.2369688
2026-07-16 01:33:37.210 9 WARNING neutron.scheduler.dhcp_agent_scheduler [None req-5a910a87-0d69-4036-8f8e-316962528aec b9116cb29c5e4cfb8255f2ccab6d69c5 9fbf2086b1714eb08bfcb23b3bd7b3a2 - - default default] No more DHCP agents
2026-07-16 01:33:37.211 10 WARNING neutron.scheduler.dhcp_agent_scheduler [req-5adebb1f-aef0-4a0f-b726-120bca34978d req-0d6a6df2-f0f3-487a-a1c4-f9f1e515d945 afb5ed591b5d476ba9ace56456a62432 fb4ed22045ff4407bf15242eb9e9c359 - - default default] No more DHCP agents
2026-07-16 01:33:37.212 9 WARNING neutron.api.rpc.agentnotifiers.dhcp_rpc_agent_api [None req-5a910a87-0d69-4036-8f8e-316962528aec b9116cb29c5e4cfb8255f2ccab6d69c5 9fbf2086b1714eb08bfcb23b3bd7b3a2 - - default default] Unable to schedule network 170e975e-8a64-467b-8b83-7321c7c7acb0: no agents available; will retry on subsequent port and subnet creation events.
2026-07-16 01:33:37.212 10 WARNING neutron.api.rpc.agentnotifiers.dhcp_rpc_agent_api [req-5adebb1f-aef0-4a0f-b726-120bca34978d req-0d6a6df2-f0f3-487a-a1c4-f9f1e515d945 afb5ed591b5d476ba9ace56456a62432 fb4ed22045ff4407bf15242eb9e9c359 - - default default] Unable to schedule network e3bf99ff-76c8-40af-a487-d7ee2a6d047d: no agents available; will retry on subsequent port and subnet creation events.
2026-07-16 01:33:37.314 9 INFO neutron.wsgi [req-5523103d-9f86-484a-8ecb-b735f6e847b8 req-d6a00627-3a60-46fd-98cf-2500a0bd1d22 afb5ed591b5d476ba9ace56456a62432 fb4ed22045ff4407bf15242eb9e9c359 - - default default] 10.0.0.253 "GET /v2.0/ports?device_id=2b9fd530-5068-4679-bd77-f433b239f023 HTTP/1.1" status: 200 len: 1156 time: 0.0390990
2026-07-16 01:33:37.317 9 INFO neutron.db.ovn_revision_numbers_db [None req-5a910a87-0d69-4036-8f8e-316962528aec b9116cb29c5e4cfb8255f2ccab6d69c5 9fbf2086b1714eb08bfcb23b3bd7b3a2 - - default default] Successfully bumped revision number for resource e9c240b0-f286-4374-8fed-bcefebed32ad (type: ports) to 1
2026-07-16 01:33:37.344 9 INFO neutron.wsgi [None req-5a910a87-0d69-4036-8f8e-316962528aec b9116cb29c5e4cfb8255f2ccab6d69c5 9fbf2086b1714eb08bfcb23b3bd7b3a2 - - default default] 10.0.0.125 "POST /v2.0/networks HTTP/1.1" status: 201 len: 850 time: 0.5186234 /var/lib/openstack/lib/python3.10/site-packages/pycadf/identifier.py:71: UserWarning: Invalid uuid: neutron. To ensure interoperability, identifiers should be a valid uuid. warnings.warn(('Invalid uuid: %s. To ensure interoperability, '
2026-07-16 01:33:37.361 10 INFO neutron.db.ovn_revision_numbers_db [req-5adebb1f-aef0-4a0f-b726-120bca34978d req-0d6a6df2-f0f3-487a-a1c4-f9f1e515d945 afb5ed591b5d476ba9ace56456a62432 fb4ed22045ff4407bf15242eb9e9c359 - - default default] Successfully bumped revision number for resource ff9a1cda-01aa-482c-aea0-7c46ebd2c265 (type: ports) to 1
2026-07-16 01:33:37.363 9 INFO neutron.wsgi [req-5523103d-9f86-484a-8ecb-b735f6e847b8 req-728f5900-5558-4655-8ffb-f64174dfbaad afb5ed591b5d476ba9ace56456a62432 fb4ed22045ff4407bf15242eb9e9c359 - - default default] 10.0.0.253 "GET /v2.0/security-groups?id=62abd735-8793-4953-840f-a49a141f03a5&fields=id&fields=name HTTP/1.1" status: 200 len: 312 time: 0.0391252
2026-07-16 01:33:37.401 10 INFO neutron.wsgi [req-5adebb1f-aef0-4a0f-b726-120bca34978d req-0d6a6df2-f0f3-487a-a1c4-f9f1e515d945 afb5ed591b5d476ba9ace56456a62432 fb4ed22045ff4407bf15242eb9e9c359 - - default default] 199.204.45.53 "POST /v2.0/ports HTTP/1.1" status: 201 len: 1158 time: 0.4834368
2026-07-16 01:33:37.907 10 INFO neutron.db.ovn_revision_numbers_db [req-5adebb1f-aef0-4a0f-b726-120bca34978d req-39fbcd1c-9ddd-4805-a7f5-8fa0095f09d6 f2009d61f05c4ebfa692b82a4d8d0e5d bddf8de969774b3bbb48bd698541de3e - - 77a314461d9143cd92d4acfd3cd81ae8 77a314461d9143cd92d4acfd3cd81ae8] Successfully bumped revision number for resource ff9a1cda-01aa-482c-aea0-7c46ebd2c265 (type: ports) to 2
2026-07-16 01:33:37.946 10 WARNING neutron.scheduler.dhcp_agent_scheduler [None req-8300b420-aac6-45ff-afb3-4af3bbbf4f8f b9116cb29c5e4cfb8255f2ccab6d69c5 9fbf2086b1714eb08bfcb23b3bd7b3a2 - - default default] No more DHCP agents
2026-07-16 01:33:37.949 10 WARNING neutron.api.rpc.agentnotifiers.dhcp_rpc_agent_api [None req-8300b420-aac6-45ff-afb3-4af3bbbf4f8f b9116cb29c5e4cfb8255f2ccab6d69c5 9fbf2086b1714eb08bfcb23b3bd7b3a2 - - default default] Unable to schedule network 974dccbf-d068-4ace-a63d-bd4b92ae79d1: no agents available; will retry on subsequent port and subnet creation events.
2026-07-16 01:33:38.040 10 INFO neutron.db.ovn_revision_numbers_db [None req-8300b420-aac6-45ff-afb3-4af3bbbf4f8f b9116cb29c5e4cfb8255f2ccab6d69c5 9fbf2086b1714eb08bfcb23b3bd7b3a2 - - default default] Successfully bumped revision number for resource 4fe43b7f-060a-452e-a6ff-6361f1cca7e7 (type: ports) to 1
2026-07-16 01:33:38.112 10 WARNING neutron.scheduler.dhcp_agent_scheduler [None req-8300b420-aac6-45ff-afb3-4af3bbbf4f8f b9116cb29c5e4cfb8255f2ccab6d69c5 9fbf2086b1714eb08bfcb23b3bd7b3a2 - - default default] No more DHCP agents
2026-07-16 01:33:38.118 10 WARNING neutron.api.rpc.agentnotifiers.dhcp_rpc_agent_api [None req-8300b420-aac6-45ff-afb3-4af3bbbf4f8f b9116cb29c5e4cfb8255f2ccab6d69c5 9fbf2086b1714eb08bfcb23b3bd7b3a2 - - default default] Unable to schedule network 170e975e-8a64-467b-8b83-7321c7c7acb0: no agents available; will retry on subsequent port and subnet creation events.
2026-07-16 01:33:38.154 9 INFO neutron.wsgi [-] 10.0.0.220 "GET / HTTP/1.1" status: 200 len: 247 time: 0.0025203
2026-07-16 01:33:38.157 9 INFO neutron.wsgi [-] 10.0.0.220 "GET / HTTP/1.1" status: 200 len: 247 time: 0.0022409
2026-07-16 01:33:38.189 10 INFO neutron.db.ovn_revision_numbers_db [req-5adebb1f-aef0-4a0f-b726-120bca34978d req-39fbcd1c-9ddd-4805-a7f5-8fa0095f09d6 f2009d61f05c4ebfa692b82a4d8d0e5d bddf8de969774b3bbb48bd698541de3e - - 77a314461d9143cd92d4acfd3cd81ae8 77a314461d9143cd92d4acfd3cd81ae8] Successfully bumped revision number for resource ff9a1cda-01aa-482c-aea0-7c46ebd2c265 (type: ports) to 2
2026-07-16 01:33:38.206 10 INFO neutron.wsgi [req-5adebb1f-aef0-4a0f-b726-120bca34978d req-39fbcd1c-9ddd-4805-a7f5-8fa0095f09d6 f2009d61f05c4ebfa692b82a4d8d0e5d bddf8de969774b3bbb48bd698541de3e - - 77a314461d9143cd92d4acfd3cd81ae8 77a314461d9143cd92d4acfd3cd81ae8] 199.204.45.53 "PUT /v2.0/ports/ff9a1cda-01aa-482c-aea0-7c46ebd2c265 HTTP/1.1" status: 200 len: 1376 time: 0.7982795
2026-07-16 01:33:38.213 10 INFO neutron.db.ovn_revision_numbers_db [None req-8300b420-aac6-45ff-afb3-4af3bbbf4f8f b9116cb29c5e4cfb8255f2ccab6d69c5 9fbf2086b1714eb08bfcb23b3bd7b3a2 - - default default] Successfully bumped revision number for resource 3417a6cb-b625-47f3-bf91-226e3b3d00dc (type: ports) to 1
2026-07-16 01:33:38.241 10 INFO neutron.notifiers.nova [-] Nova event matching ['req-8801578e-e9e2-4154-a519-87f5acdf82b9'] response: {'name': 'network-changed', 'server_uuid': '2b9fd530-5068-4679-bd77-f433b239f023', 'tag': 'ff9a1cda-01aa-482c-aea0-7c46ebd2c265', 'status': 'completed', 'code': 200} /var/lib/openstack/lib/python3.10/site-packages/pycadf/identifier.py:71: UserWarning: Invalid uuid: neutron. To ensure interoperability, identifiers should be a valid uuid. warnings.warn(('Invalid uuid: %s. To ensure interoperability, '
2026-07-16 01:33:38.255 10 INFO neutron.wsgi [None req-8300b420-aac6-45ff-afb3-4af3bbbf4f8f b9116cb29c5e4cfb8255f2ccab6d69c5 9fbf2086b1714eb08bfcb23b3bd7b3a2 - - default default] 10.0.0.125 "POST /v2.0/ports HTTP/1.1" status: 201 len: 1705 time: 0.9055104
2026-07-16 01:33:38.278 10 INFO neutron.wsgi [req-5adebb1f-aef0-4a0f-b726-120bca34978d req-70d57399-4456-457d-973f-1df0d5358534 f2009d61f05c4ebfa692b82a4d8d0e5d bddf8de969774b3bbb48bd698541de3e - - 77a314461d9143cd92d4acfd3cd81ae8 77a314461d9143cd92d4acfd3cd81ae8] 199.204.45.53 "GET /v2.0/ports?tenant_id=fb4ed22045ff4407bf15242eb9e9c359&device_id=2b9fd530-5068-4679-bd77-f433b239f023 HTTP/1.1" status: 200 len: 1407 time: 0.0347369
2026-07-16 01:33:38.307 10 INFO neutron.wsgi [req-5adebb1f-aef0-4a0f-b726-120bca34978d req-f0b97d5f-6b61-4cb8-9a46-a1ca416fb596 f2009d61f05c4ebfa692b82a4d8d0e5d bddf8de969774b3bbb48bd698541de3e - - 77a314461d9143cd92d4acfd3cd81ae8 77a314461d9143cd92d4acfd3cd81ae8] 199.204.45.53 "GET /v2.0/floatingips?fixed_ip_address=10.100.0.5&port_id=ff9a1cda-01aa-482c-aea0-7c46ebd2c265 HTTP/1.1" status: 200 len: 217 time: 0.0242484
2026-07-16 01:33:38.345 10 INFO neutron.wsgi [req-5adebb1f-aef0-4a0f-b726-120bca34978d req-1f745ce4-4849-49d0-9599-1f59cca3f8cf f2009d61f05c4ebfa692b82a4d8d0e5d bddf8de969774b3bbb48bd698541de3e - - 77a314461d9143cd92d4acfd3cd81ae8 77a314461d9143cd92d4acfd3cd81ae8] 199.204.45.53 "GET /v2.0/subnets?id=84fba117-b709-4b28-8cc3-374aa9b7c22b HTTP/1.1" status: 200 len: 872 time: 0.0294762
2026-07-16 01:33:38.367 10 INFO neutron.wsgi [req-5adebb1f-aef0-4a0f-b726-120bca34978d req-34706c5e-b48f-4e5a-a89d-66f9366cbac1 f2009d61f05c4ebfa692b82a4d8d0e5d bddf8de969774b3bbb48bd698541de3e - - 77a314461d9143cd92d4acfd3cd81ae8 77a314461d9143cd92d4acfd3cd81ae8] 199.204.45.53 "GET /v2.0/ports?network_id=e3bf99ff-76c8-40af-a487-d7ee2a6d047d&device_owner=network%3Adhcp HTTP/1.1" status: 200 len: 210 time: 0.0166531
2026-07-16 01:33:38.393 9 INFO neutron.wsgi [None req-bd628c35-b3be-4403-8a33-5f58729fee98 b9116cb29c5e4cfb8255f2ccab6d69c5 9fbf2086b1714eb08bfcb23b3bd7b3a2 - - default default] 10.0.0.125 "GET /v2.0/ports HTTP/1.1" status: 200 len: 3212 time: 0.1294494
2026-07-16 01:33:38.427 10 INFO neutron.wsgi [req-5adebb1f-aef0-4a0f-b726-120bca34978d req-720924c1-610d-415c-be06-d9fb91626312 f2009d61f05c4ebfa692b82a4d8d0e5d bddf8de969774b3bbb48bd698541de3e - - 77a314461d9143cd92d4acfd3cd81ae8 77a314461d9143cd92d4acfd3cd81ae8] 199.204.45.53 "GET /v2.0/networks/e3bf99ff-76c8-40af-a487-d7ee2a6d047d?fields=segments HTTP/1.1" status: 200 len: 212 time: 0.0527728
2026-07-16 01:33:38.467 9 INFO neutron.wsgi [None req-510968dd-ca47-4aac-9b20-4c4149035afc 028fa6818f4e41dba0a01b2170971746 82bfba97cc4c47deb2caec79db6c1fde - - default default] 10.0.0.125 "GET /v2.0/extensions HTTP/1.1" status: 200 len: 16520 time: 0.1907351
2026-07-16 01:33:38.472 9 INFO neutron.wsgi [req-cd63bb2e-ed36-478a-8a73-aea2911cbc7c req-6295aaac-b4f8-4ca3-b80b-9342b8a76fb2 afb5ed591b5d476ba9ace56456a62432 fb4ed22045ff4407bf15242eb9e9c359 - - default default] 10.0.0.253 "GET /v2.0/ports?device_id=2b9fd530-5068-4679-bd77-f433b239f023 HTTP/1.1" status: 200 len: 1168 time: 0.0465772
2026-07-16 01:33:38.478 9 INFO neutron.wsgi [None req-9cbe60f0-8911-4349-84d0-cedacd09a9ca 028fa6818f4e41dba0a01b2170971746 82bfba97cc4c47deb2caec79db6c1fde - - default default] 10.0.0.125 "GET /v2.0/extensions/address-group HTTP/1.1" status: 200 len: 353 time: 0.0045910
2026-07-16 01:33:38.488 10 INFO neutron.wsgi [None req-9c3da91f-0ad4-46b0-acf3-cc555478b825 028fa6818f4e41dba0a01b2170971746 82bfba97cc4c47deb2caec79db6c1fde - - default default] 10.0.0.125 "GET /v2.0/extensions/address-scope HTTP/1.1" status: 200 len: 357 time: 0.0045774
2026-07-16 01:33:38.490 10 INFO neutron.wsgi [req-5adebb1f-aef0-4a0f-b726-120bca34978d req-447732aa-4ded-47b4-b603-42bcfeabcf64 f2009d61f05c4ebfa692b82a4d8d0e5d bddf8de969774b3bbb48bd698541de3e - - 77a314461d9143cd92d4acfd3cd81ae8 77a314461d9143cd92d4acfd3cd81ae8] 199.204.45.53 "GET /v2.0/networks/e3bf99ff-76c8-40af-a487-d7ee2a6d047d?fields=provider%3Aphysical_network&fields=provider%3Anetwork_type HTTP/1.1" status: 200 len: 277 time: 0.0571980
2026-07-16 01:33:38.493 10 INFO neutron.wsgi [None req-a903950c-97e7-4b14-89c0-7769cb3a2d9d 028fa6818f4e41dba0a01b2170971746 82bfba97cc4c47deb2caec79db6c1fde - - default default] 10.0.0.125 "GET /v2.0/extensions/agent HTTP/1.1" status: 200 len: 347 time: 0.0027776
2026-07-16 01:33:38.500 10 INFO neutron.wsgi [None req-7c664104-66a7-4c17-b442-67e04bb07206 028fa6818f4e41dba0a01b2170971746 82bfba97cc4c47deb2caec79db6c1fde - - default default] 10.0.0.125 "GET /v2.0/extensions/allowed-address-pairs HTTP/1.1" status: 200 len: 378 time: 0.0029426
2026-07-16 01:33:38.507 10 INFO neutron.wsgi [None req-39147e6e-95ad-49d0-98b8-77113ad7cbd8 028fa6818f4e41dba0a01b2170971746 82bfba97cc4c47deb2caec79db6c1fde - - default default] 10.0.0.125 "GET /v2.0/extensions/auto-allocated-topology HTTP/1.1" status: 200 len: 394 time: 0.0036776
2026-07-16 01:33:38.515 10 INFO neutron.wsgi [None req-fd77b434-c1d5-4f39-bd34-abe41f45fe13 028fa6818f4e41dba0a01b2170971746 82bfba97cc4c47deb2caec79db6c1fde - - default default] 10.0.0.125 "GET /v2.0/extensions/availability_zone HTTP/1.1" status: 200 len: 372 time: 0.0046301
