2026-07-16 01:35:14.854 10 WARNING neutron.api.rpc.agentnotifiers.dhcp_rpc_agent_api [None req-f081d0cb-6dab-479e-82df-7b02e883e93a c1b734781bef426eae4390b05ff8e686 a320a1db97794ad3a8dc38916b0f49f6 - - default default] Unable to schedule network 72e479af-dd34-4cb3-bac8-fe587aaa59e0: no agents available; will retry on subsequent port and subnet creation events.
2026-07-16 01:35:14.862 10 INFO neutron.db.ovn_revision_numbers_db [None req-e6433069-caa9-4caf-bfc1-9b171e6289da 80c3397ec61845198d2af97d5aafa1fe b9ae60e759f8441a812d0f1812975277 - - default default] Successfully bumped revision number for resource 88ac5d1c-d287-40c5-a37c-a0db693e3e0d (type: security_group_rules) to 0
2026-07-16 01:35:14.893 10 INFO neutron.db.ovn_revision_numbers_db [None req-e6433069-caa9-4caf-bfc1-9b171e6289da 80c3397ec61845198d2af97d5aafa1fe b9ae60e759f8441a812d0f1812975277 - - default default] Successfully bumped revision number for resource b8b620ce-41a2-4087-962e-420180d0efb0 (type: security_group_rules) to 0
2026-07-16 01:35:14.937 9 INFO neutron.db.segments_db [None req-abbcb03a-84fb-46f3-86ee-91c6ffca686a e0a716ff27804643bfba2ece5512f35e 4645b63e9f2d4188aee81c038b9962da - - default default] Added segment a7109c06-e1cf-4f15-b09f-8698668e02ce of type geneve for network 1c101680-eaae-40d1-b6ae-64837f00ca6c
2026-07-16 01:35:14.955 10 INFO neutron.db.ovn_revision_numbers_db [None req-f081d0cb-6dab-479e-82df-7b02e883e93a c1b734781bef426eae4390b05ff8e686 a320a1db97794ad3a8dc38916b0f49f6 - - default default] Successfully bumped revision number for resource c82cdb31-443c-41f6-ba88-31c030ca6e8e (type: ports) to 1
2026-07-16 01:35:14.965 10 INFO neutron.db.segments_db [None req-e6433069-caa9-4caf-bfc1-9b171e6289da 80c3397ec61845198d2af97d5aafa1fe b9ae60e759f8441a812d0f1812975277 - - default default] Added segment 69e4e831-2369-4da8-9b2d-37114a9cb192 of type geneve for network 15336e98-3497-48bb-808a-a889cc248844
2026-07-16 01:35:14.980 10 INFO neutron.wsgi [None req-f081d0cb-6dab-479e-82df-7b02e883e93a c1b734781bef426eae4390b05ff8e686 a320a1db97794ad3a8dc38916b0f49f6 - - default default] 10.0.0.125 "POST /v2.0/ports HTTP/1.1" status: 201 len: 977 time: 0.4882479 /var/lib/openstack/lib/python3.10/site-packages/pycadf/identifier.py:71: UserWarning: Invalid uuid: neutron. To ensure interoperability, identifiers should be a valid uuid. warnings.warn(('Invalid uuid: %s. To ensure interoperability, '
2026-07-16 01:35:15.059 9 INFO neutron.db.ovn_revision_numbers_db [None req-abbcb03a-84fb-46f3-86ee-91c6ffca686a e0a716ff27804643bfba2ece5512f35e 4645b63e9f2d4188aee81c038b9962da - - default default] Successfully bumped revision number for resource 1c101680-eaae-40d1-b6ae-64837f00ca6c (type: networks) to 1
2026-07-16 01:35:15.111 10 INFO neutron.db.segments_db [None req-68408861-6809-47fc-a87e-298f619902a9 c1b734781bef426eae4390b05ff8e686 a320a1db97794ad3a8dc38916b0f49f6 - - default default] Added segment caca712d-f445-4049-846f-f48896f12636 of type geneve for network abe5dbb9-157e-4f5b-bbf3-c4ea73cc7f38
2026-07-16 01:35:15.124 10 INFO neutron.db.ovn_revision_numbers_db [None req-e6433069-caa9-4caf-bfc1-9b171e6289da 80c3397ec61845198d2af97d5aafa1fe b9ae60e759f8441a812d0f1812975277 - - default default] Successfully bumped revision number for resource 15336e98-3497-48bb-808a-a889cc248844 (type: networks) to 1
2026-07-16 01:35:15.240 9 WARNING neutron.scheduler.dhcp_agent_scheduler [None req-abbcb03a-84fb-46f3-86ee-91c6ffca686a e0a716ff27804643bfba2ece5512f35e 4645b63e9f2d4188aee81c038b9962da - - default default] No more DHCP agents
2026-07-16 01:35:15.242 9 WARNING neutron.api.rpc.agentnotifiers.dhcp_rpc_agent_api [None req-abbcb03a-84fb-46f3-86ee-91c6ffca686a e0a716ff27804643bfba2ece5512f35e 4645b63e9f2d4188aee81c038b9962da - - default default] Unable to schedule network 1c101680-eaae-40d1-b6ae-64837f00ca6c: no agents available; will retry on subsequent port and subnet creation events.
2026-07-16 01:35:15.351 10 INFO neutron.db.ovn_revision_numbers_db [None req-68408861-6809-47fc-a87e-298f619902a9 c1b734781bef426eae4390b05ff8e686 a320a1db97794ad3a8dc38916b0f49f6 - - default default] Successfully bumped revision number for resource abe5dbb9-157e-4f5b-bbf3-c4ea73cc7f38 (type: networks) to 1
2026-07-16 01:35:15.360 9 INFO neutron.db.ovn_revision_numbers_db [None req-abbcb03a-84fb-46f3-86ee-91c6ffca686a e0a716ff27804643bfba2ece5512f35e 4645b63e9f2d4188aee81c038b9962da - - default default] Successfully bumped revision number for resource 2ab93561-a292-4988-9698-c8e7fbf692b0 (type: ports) to 1
2026-07-16 01:35:15.380 9 INFO neutron.wsgi [None req-abbcb03a-84fb-46f3-86ee-91c6ffca686a e0a716ff27804643bfba2ece5512f35e 4645b63e9f2d4188aee81c038b9962da - - default default] 10.0.0.125 "POST /v2.0/networks HTTP/1.1" status: 201 len: 831 time: 0.5527329
2026-07-16 01:35:15.409 10 WARNING neutron.scheduler.dhcp_agent_scheduler [None req-e6433069-caa9-4caf-bfc1-9b171e6289da 80c3397ec61845198d2af97d5aafa1fe b9ae60e759f8441a812d0f1812975277 - - default default] No more DHCP agents
2026-07-16 01:35:15.412 10 WARNING neutron.api.rpc.agentnotifiers.dhcp_rpc_agent_api [None req-e6433069-caa9-4caf-bfc1-9b171e6289da 80c3397ec61845198d2af97d5aafa1fe b9ae60e759f8441a812d0f1812975277 - - default default] Unable to schedule network 15336e98-3497-48bb-808a-a889cc248844: no agents available; will retry on subsequent port and subnet creation events.
2026-07-16 01:35:15.545 10 INFO neutron.db.ovn_revision_numbers_db [None req-e6433069-caa9-4caf-bfc1-9b171e6289da 80c3397ec61845198d2af97d5aafa1fe b9ae60e759f8441a812d0f1812975277 - - default default] Successfully bumped revision number for resource 0b730638-f377-44a2-9cc8-ce07a755005a (type: ports) to 1
2026-07-16 01:35:15.572 10 WARNING neutron.scheduler.dhcp_agent_scheduler [None req-68408861-6809-47fc-a87e-298f619902a9 c1b734781bef426eae4390b05ff8e686 a320a1db97794ad3a8dc38916b0f49f6 - - default default] No more DHCP agents
2026-07-16 01:35:15.575 10 INFO neutron.wsgi [None req-e6433069-caa9-4caf-bfc1-9b171e6289da 80c3397ec61845198d2af97d5aafa1fe b9ae60e759f8441a812d0f1812975277 - - default default] 10.0.0.125 "POST /v2.0/networks HTTP/1.1" status: 201 len: 831 time: 1.1462719
2026-07-16 01:35:15.577 10 WARNING neutron.api.rpc.agentnotifiers.dhcp_rpc_agent_api [None req-68408861-6809-47fc-a87e-298f619902a9 c1b734781bef426eae4390b05ff8e686 a320a1db97794ad3a8dc38916b0f49f6 - - default default] Unable to schedule network abe5dbb9-157e-4f5b-bbf3-c4ea73cc7f38: no agents available; will retry on subsequent port and subnet creation events.
2026-07-16 01:35:15.659 10 INFO neutron.db.ovn_revision_numbers_db [None req-68408861-6809-47fc-a87e-298f619902a9 c1b734781bef426eae4390b05ff8e686 a320a1db97794ad3a8dc38916b0f49f6 - - default default] Successfully bumped revision number for resource 5db61dc5-d5a4-455a-ae2d-931d4a74109a (type: ports) to 1
2026-07-16 01:35:15.675 10 INFO neutron.wsgi [None req-68408861-6809-47fc-a87e-298f619902a9 c1b734781bef426eae4390b05ff8e686 a320a1db97794ad3a8dc38916b0f49f6 - - default default] 10.0.0.125 "POST /v2.0/networks HTTP/1.1" status: 201 len: 834 time: 0.6889954
2026-07-16 01:35:15.676 9 WARNING neutron.scheduler.dhcp_agent_scheduler [None req-9a07c420-8e2c-4f86-8050-22a068a76552 e0a716ff27804643bfba2ece5512f35e 4645b63e9f2d4188aee81c038b9962da - - default default] No more DHCP agents
2026-07-16 01:35:15.681 9 WARNING neutron.api.rpc.agentnotifiers.dhcp_rpc_agent_api [None req-9a07c420-8e2c-4f86-8050-22a068a76552 e0a716ff27804643bfba2ece5512f35e 4645b63e9f2d4188aee81c038b9962da - - default default] Unable to schedule network 1c101680-eaae-40d1-b6ae-64837f00ca6c: no agents available; will retry on subsequent port and subnet creation events.
2026-07-16 01:35:15.754 9 INFO neutron.db.segments_db [None req-ae4275b2-6bf4-4842-8215-1667bcb743ae 80c3397ec61845198d2af97d5aafa1fe b9ae60e759f8441a812d0f1812975277 - - default default] Added segment f6d0f996-273f-4dac-9249-f78fc57c6f10 of type geneve for network 38903a71-b66c-4407-a993-21c60824be8b
2026-07-16 01:35:15.832 9 INFO neutron.db.ovn_revision_numbers_db [None req-9a07c420-8e2c-4f86-8050-22a068a76552 e0a716ff27804643bfba2ece5512f35e 4645b63e9f2d4188aee81c038b9962da - - default default] Successfully bumped revision number for resource d688b583-3e62-48fa-9a32-910dc672df84 (type: ports) to 1
2026-07-16 01:35:15.858 9 INFO neutron.wsgi [None req-9a07c420-8e2c-4f86-8050-22a068a76552 e0a716ff27804643bfba2ece5512f35e 4645b63e9f2d4188aee81c038b9962da - - default default] 10.0.0.125 "POST /v2.0/ports HTTP/1.1" status: 201 len: 942 time: 0.4703586
2026-07-16 01:35:15.918 9 INFO neutron.db.ovn_revision_numbers_db [None req-ae4275b2-6bf4-4842-8215-1667bcb743ae 80c3397ec61845198d2af97d5aafa1fe b9ae60e759f8441a812d0f1812975277 - - default default] Successfully bumped revision number for resource 38903a71-b66c-4407-a993-21c60824be8b (type: networks) to 1
2026-07-16 01:35:15.935 10 WARNING neutron.scheduler.dhcp_agent_scheduler [None req-0b36ad38-fead-4c5a-8cac-ed48b15aaca3 c1b734781bef426eae4390b05ff8e686 a320a1db97794ad3a8dc38916b0f49f6 - - default default] No more DHCP agents
2026-07-16 01:35:15.938 10 WARNING neutron.api.rpc.agentnotifiers.dhcp_rpc_agent_api [None req-0b36ad38-fead-4c5a-8cac-ed48b15aaca3 c1b734781bef426eae4390b05ff8e686 a320a1db97794ad3a8dc38916b0f49f6 - - default default] Unable to schedule network abe5dbb9-157e-4f5b-bbf3-c4ea73cc7f38: no agents available; will retry on subsequent port and subnet creation events.
2026-07-16 01:35:15.966 10 INFO neutron.db.ovn_revision_numbers_db [None req-0b36ad38-fead-4c5a-8cac-ed48b15aaca3 c1b734781bef426eae4390b05ff8e686 a320a1db97794ad3a8dc38916b0f49f6 - - default default] Successfully bumped revision number for resource 419c33e9-dd43-4bd6-aa43-f3313dfe15b6 (type: subnets) to 0
2026-07-16 01:35:15.972 10 INFO neutron.db.segments_db [None req-d1d22d76-d96c-46e4-a6fa-c00045682f47 e0a716ff27804643bfba2ece5512f35e 4645b63e9f2d4188aee81c038b9962da - - default default] Added segment 466ec5db-b00f-45e7-ac69-fe2c6c463a32 of type geneve for network 3e17b4ef-3b61-4b4d-a933-86aece139b16
2026-07-16 01:35:15.984 10 INFO neutron.wsgi [None req-0b36ad38-fead-4c5a-8cac-ed48b15aaca3 c1b734781bef426eae4390b05ff8e686 a320a1db97794ad3a8dc38916b0f49f6 - - default default] 10.0.0.125 "POST /v2.0/subnets HTTP/1.1" status: 201 len: 821 time: 0.3004243 /var/lib/openstack/lib/python3.10/site-packages/pycadf/identifier.py:71: UserWarning: Invalid uuid: neutron. To ensure interoperability, identifiers should be a valid uuid. warnings.warn(('Invalid uuid: %s. To ensure interoperability, '
2026-07-16 01:35:16.093 10 INFO neutron.db.ovn_revision_numbers_db [None req-d1d22d76-d96c-46e4-a6fa-c00045682f47 e0a716ff27804643bfba2ece5512f35e 4645b63e9f2d4188aee81c038b9962da - - default default] Successfully bumped revision number for resource 3e17b4ef-3b61-4b4d-a933-86aece139b16 (type: networks) to 1
2026-07-16 01:35:16.237 10 WARNING neutron.scheduler.dhcp_agent_scheduler [None req-d1d22d76-d96c-46e4-a6fa-c00045682f47 e0a716ff27804643bfba2ece5512f35e 4645b63e9f2d4188aee81c038b9962da - - default default] No more DHCP agents
2026-07-16 01:35:16.240 10 WARNING neutron.api.rpc.agentnotifiers.dhcp_rpc_agent_api [None req-d1d22d76-d96c-46e4-a6fa-c00045682f47 e0a716ff27804643bfba2ece5512f35e 4645b63e9f2d4188aee81c038b9962da - - default default] Unable to schedule network 3e17b4ef-3b61-4b4d-a933-86aece139b16: no agents available; will retry on subsequent port and subnet creation events.
2026-07-16 01:35:16.286 9 WARNING neutron.scheduler.dhcp_agent_scheduler [None req-ae4275b2-6bf4-4842-8215-1667bcb743ae 80c3397ec61845198d2af97d5aafa1fe b9ae60e759f8441a812d0f1812975277 - - default default] No more DHCP agents
2026-07-16 01:35:16.290 9 WARNING neutron.api.rpc.agentnotifiers.dhcp_rpc_agent_api [None req-ae4275b2-6bf4-4842-8215-1667bcb743ae 80c3397ec61845198d2af97d5aafa1fe b9ae60e759f8441a812d0f1812975277 - - default default] Unable to schedule network 38903a71-b66c-4407-a993-21c60824be8b: no agents available; will retry on subsequent port and subnet creation events.
2026-07-16 01:35:16.328 10 INFO neutron.db.ovn_revision_numbers_db [None req-d1d22d76-d96c-46e4-a6fa-c00045682f47 e0a716ff27804643bfba2ece5512f35e 4645b63e9f2d4188aee81c038b9962da - - default default] Successfully bumped revision number for resource 8488ec38-5f8a-4c46-af90-2a94647ec474 (type: ports) to 1
2026-07-16 01:35:16.351 10 INFO neutron.wsgi [None req-d1d22d76-d96c-46e4-a6fa-c00045682f47 e0a716ff27804643bfba2ece5512f35e 4645b63e9f2d4188aee81c038b9962da - - default default] 10.0.0.125 "POST /v2.0/networks HTTP/1.1" status: 201 len: 831 time: 0.4812415
2026-07-16 01:35:16.461 9 INFO neutron.db.ovn_revision_numbers_db [None req-ae4275b2-6bf4-4842-8215-1667bcb743ae 80c3397ec61845198d2af97d5aafa1fe b9ae60e759f8441a812d0f1812975277 - - default default] Successfully bumped revision number for resource b50b6e47-bead-4b8b-9cc8-f66a030bc2b9 (type: ports) to 1
2026-07-16 01:35:16.504 9 INFO neutron.wsgi [None req-ae4275b2-6bf4-4842-8215-1667bcb743ae 80c3397ec61845198d2af97d5aafa1fe b9ae60e759f8441a812d0f1812975277 - - default default] 10.0.0.125 "POST /v2.0/networks HTTP/1.1" status: 201 len: 831 time: 0.9236434
2026-07-16 01:35:16.554 10 INFO neutron.wsgi [None req-797907c1-f410-49bc-9627-c5d563a3be86 80c3397ec61845198d2af97d5aafa1fe b9ae60e759f8441a812d0f1812975277 - - default default] 10.0.0.125 "PUT /v2.0/networks/15336e98-3497-48bb-808a-a889cc248844/tags HTTP/1.1" status: 200 len: 218 time: 0.0457513
2026-07-16 01:35:16.595 10 INFO neutron.wsgi [None req-86edef5b-33bb-4960-b001-6e1355e06a88 80c3397ec61845198d2af97d5aafa1fe b9ae60e759f8441a812d0f1812975277 - - default default] 10.0.0.125 "GET /v2.0/networks/15336e98-3497-48bb-808a-a889cc248844/tags HTTP/1.1" status: 200 len: 218 time: 0.0376287
2026-07-16 01:35:16.647 9 WARNING neutron.scheduler.dhcp_agent_scheduler [None req-d3dc566a-7e1e-4f9a-b046-221c93743a92 c1b734781bef426eae4390b05ff8e686 a320a1db97794ad3a8dc38916b0f49f6 - - default default] No more DHCP agents
2026-07-16 01:35:16.654 9 WARNING neutron.api.rpc.agentnotifiers.dhcp_rpc_agent_api [None req-d3dc566a-7e1e-4f9a-b046-221c93743a92 c1b734781bef426eae4390b05ff8e686 a320a1db97794ad3a8dc38916b0f49f6 - - default default] Unable to schedule network abe5dbb9-157e-4f5b-bbf3-c4ea73cc7f38: no agents available; will retry on subsequent port and subnet creation events.
2026-07-16 01:35:16.658 10 INFO neutron.wsgi [None req-72f2b0c3-2aef-4019-b04b-1aad9b5b70de 80c3397ec61845198d2af97d5aafa1fe b9ae60e759f8441a812d0f1812975277 - - default default] 10.0.0.125 "PUT /v2.0/networks/38903a71-b66c-4407-a993-21c60824be8b/tags HTTP/1.1" status: 200 len: 210 time: 0.0595133
2026-07-16 01:35:16.694 9 WARNING neutron.scheduler.dhcp_agent_scheduler [None req-89000863-47ae-4890-b222-133e5ef55913 e0a716ff27804643bfba2ece5512f35e 4645b63e9f2d4188aee81c038b9962da - - default default] No more DHCP agents
2026-07-16 01:35:16.699 9 WARNING neutron.api.rpc.agentnotifiers.dhcp_rpc_agent_api [None req-89000863-47ae-4890-b222-133e5ef55913 e0a716ff27804643bfba2ece5512f35e 4645b63e9f2d4188aee81c038b9962da - - default default] Unable to schedule network 3e17b4ef-3b61-4b4d-a933-86aece139b16: no agents available; will retry on subsequent port and subnet creation events.
2026-07-16 01:35:16.717 10 INFO neutron.wsgi [None req-14486320-0ac3-4861-bb98-f8f19bec70c0 80c3397ec61845198d2af97d5aafa1fe b9ae60e759f8441a812d0f1812975277 - - default default] 10.0.0.125 "GET /v2.0/networks/38903a71-b66c-4407-a993-21c60824be8b/tags HTTP/1.1" status: 200 len: 210 time: 0.0481284
2026-07-16 01:35:16.784 10 INFO neutron.wsgi [None req-b7ef9fdf-505f-4700-a9fd-e36d1153bb26 80c3397ec61845198d2af97d5aafa1fe b9ae60e759f8441a812d0f1812975277 - - default default] 10.0.0.125 "PUT /v2.0/networks/38903a71-b66c-4407-a993-21c60824be8b/tags HTTP/1.1" status: 200 len: 205 time: 0.0573642
2026-07-16 01:35:16.817 9 INFO neutron.db.ovn_revision_numbers_db [None req-89000863-47ae-4890-b222-133e5ef55913 e0a716ff27804643bfba2ece5512f35e 4645b63e9f2d4188aee81c038b9962da - - default default] Successfully bumped revision number for resource 7d0581a4-6113-4eec-80cc-4381ee766ebf (type: ports) to 1
2026-07-16 01:35:16.834 9 INFO neutron.db.ovn_revision_numbers_db [None req-d3dc566a-7e1e-4f9a-b046-221c93743a92 c1b734781bef426eae4390b05ff8e686 a320a1db97794ad3a8dc38916b0f49f6 - - default default] Successfully bumped revision number for resource fd91589d-ce9d-4acd-9061-6b3369707fc4 (type: ports) to 1
2026-07-16 01:35:16.839 9 INFO neutron.wsgi [None req-89000863-47ae-4890-b222-133e5ef55913 e0a716ff27804643bfba2ece5512f35e 4645b63e9f2d4188aee81c038b9962da - - default default] 10.0.0.125 "POST /v2.0/ports HTTP/1.1" status: 201 len: 942 time: 0.4838870 /var/lib/openstack/lib/python3.10/site-packages/pycadf/identifier.py:71: UserWarning: Invalid uuid: neutron. To ensure interoperability, identifiers should be a valid uuid. warnings.warn(('Invalid uuid: %s. To ensure interoperability, '
2026-07-16 01:35:16.865 9 INFO neutron.wsgi [None req-d3dc566a-7e1e-4f9a-b046-221c93743a92 c1b734781bef426eae4390b05ff8e686 a320a1db97794ad3a8dc38916b0f49f6 - - default default] 10.0.0.125 "POST /v2.0/ports HTTP/1.1" status: 201 len: 1165 time: 0.8773687
2026-07-16 01:35:16.971 9 INFO neutron.db.segments_db [None req-d6254b77-0fc5-4993-96dd-6e453695615c e0a716ff27804643bfba2ece5512f35e 4645b63e9f2d4188aee81c038b9962da - - default default] Added segment 1a50345c-d579-410a-ae12-4a7ee5ec9c38 of type geneve for network 5c659e05-9b8a-41f0-afb2-611e1a03d934
2026-07-16 01:35:17.048 10 INFO neutron.wsgi [None req-207f9330-9ad7-42c0-acf1-e449387bbf65 80c3397ec61845198d2af97d5aafa1fe b9ae60e759f8441a812d0f1812975277 - - default default] 10.0.0.125 "GET /v2.0/networks/38903a71-b66c-4407-a993-21c60824be8b/tags HTTP/1.1" status: 200 len: 205 time: 0.2607458
2026-07-16 01:35:17.089 10 INFO neutron.wsgi [None req-07d7d79d-d811-4da6-bf2a-9f2e7fd48d31 80c3397ec61845198d2af97d5aafa1fe b9ae60e759f8441a812d0f1812975277 - - default default] 10.0.0.125 "GET /v2.0/networks/15336e98-3497-48bb-808a-a889cc248844/tags HTTP/1.1" status: 200 len: 218 time: 0.0363052
2026-07-16 01:35:17.139 9 INFO neutron.db.ovn_revision_numbers_db [None req-d6254b77-0fc5-4993-96dd-6e453695615c e0a716ff27804643bfba2ece5512f35e 4645b63e9f2d4188aee81c038b9962da - - default default] Successfully bumped revision number for resource 5c659e05-9b8a-41f0-afb2-611e1a03d934 (type: networks) to 1
2026-07-16 01:35:17.255 9 INFO neutron.wsgi [None req-1a04e974-b7ee-4eac-bc25-46a6d60f4af5 c1b734781bef426eae4390b05ff8e686 a320a1db97794ad3a8dc38916b0f49f6 - - default default] 10.0.0.125 "DELETE /v2.0/ports/fd91589d-ce9d-4acd-9061-6b3369707fc4 HTTP/1.1" status: 204 len: 168 time: 0.3851259
2026-07-16 01:35:17.278 9 INFO neutron.pecan_wsgi.hooks.translation [None req-19263fa5-2cb0-42c3-87e8-cb634857fe98 c1b734781bef426eae4390b05ff8e686 a320a1db97794ad3a8dc38916b0f49f6 - - default default] DELETE failed (client error): The resource could not be found.
2026-07-16 01:35:17.280 9 INFO neutron.wsgi [None req-19263fa5-2cb0-42c3-87e8-cb634857fe98 c1b734781bef426eae4390b05ff8e686 a320a1db97794ad3a8dc38916b0f49f6 - - default default] 10.0.0.125 "DELETE /v2.0/ports/fd91589d-ce9d-4acd-9061-6b3369707fc4 HTTP/1.1" status: 404 len: 333 time: 0.0201032
2026-07-16 01:35:17.303 10 INFO neutron.pecan_wsgi.hooks.translation [None req-84e25612-6868-42c7-a0ee-6e4893e3d933 c1b734781bef426eae4390b05ff8e686 a320a1db97794ad3a8dc38916b0f49f6 - - default default] GET failed (client error): The resource could not be found.
2026-07-16 01:35:17.305 10 INFO neutron.wsgi [None req-84e25612-6868-42c7-a0ee-6e4893e3d933 c1b734781bef426eae4390b05ff8e686 a320a1db97794ad3a8dc38916b0f49f6 - - default default] 10.0.0.125 "GET /v2.0/ports/fd91589d-ce9d-4acd-9061-6b3369707fc4 HTTP/1.1" status: 404 len: 333 time: 0.0198886
2026-07-16 01:35:17.316 9 WARNING neutron.scheduler.dhcp_agent_scheduler [None req-d6254b77-0fc5-4993-96dd-6e453695615c e0a716ff27804643bfba2ece5512f35e 4645b63e9f2d4188aee81c038b9962da - - default default] No more DHCP agents
2026-07-16 01:35:17.319 9 WARNING neutron.api.rpc.agentnotifiers.dhcp_rpc_agent_api [None req-d6254b77-0fc5-4993-96dd-6e453695615c e0a716ff27804643bfba2ece5512f35e 4645b63e9f2d4188aee81c038b9962da - - default default] Unable to schedule network 5c659e05-9b8a-41f0-afb2-611e1a03d934: no agents available; will retry on subsequent port and subnet creation events.
2026-07-16 01:35:17.395 9 INFO neutron.db.ovn_revision_numbers_db [None req-d6254b77-0fc5-4993-96dd-6e453695615c e0a716ff27804643bfba2ece5512f35e 4645b63e9f2d4188aee81c038b9962da - - default default] Successfully bumped revision number for resource 9a2fd446-b760-44cd-8cb6-43395a8ab45e (type: ports) to 1
2026-07-16 01:35:17.415 9 INFO neutron.wsgi [None req-d6254b77-0fc5-4993-96dd-6e453695615c e0a716ff27804643bfba2ece5512f35e 4645b63e9f2d4188aee81c038b9962da - - default default] 10.0.0.125 "POST /v2.0/networks HTTP/1.1" status: 201 len: 831 time: 0.5717757
2026-07-16 01:35:17.505 10 INFO neutron.services.segments.plugin [-] Segment 69e4e831-2369-4da8-9b2d-37114a9cb192 resource provider aggregate not found
2026-07-16 01:35:17.519 10 INFO neutron.services.segments.plugin [-] Segment 69e4e831-2369-4da8-9b2d-37114a9cb192 resource provider aggregate not found
2026-07-16 01:35:17.528 10 INFO neutron.services.segments.plugin [-] Segment 69e4e831-2369-4da8-9b2d-37114a9cb192 resource provider not found; error: Placement Client Error (4xx): {"errors": [{"status": 404, "title": "Not Found", "detail": "The resource could not be found.\n\n No resource provider with uuid 69e4e831-2369-4da8-9b2d-37114a9cb192 found for delete ", "request_id": "req-d9dd4781-4a91-47ca-a86f-751d0673c88f"}]}
2026-07-16 01:35:17.545 10 INFO neutron.services.segments.plugin [-] Segment 69e4e831-2369-4da8-9b2d-37114a9cb192 resource provider not found; error: Placement Client Error (4xx): {"errors": [{"status": 404, "title": "Not Found", "detail": "The resource could not be found.\n\n No resource provider with uuid 69e4e831-2369-4da8-9b2d-37114a9cb192 found for delete ", "request_id": "req-ed555285-6a69-452d-ab3c-489a61656647"}]}
2026-07-16 01:35:17.566 10 INFO neutron.wsgi [None req-0c3ed912-a5bd-4706-bcb7-86a906ba9d39 c1b734781bef426eae4390b05ff8e686 a320a1db97794ad3a8dc38916b0f49f6 - - default default] 10.0.0.125 "DELETE /v2.0/subnets/419c33e9-dd43-4bd6-aa43-f3313dfe15b6 HTTP/1.1" status: 204 len: 168 time: 0.2575169
2026-07-16 01:35:17.572 10 INFO neutron.wsgi [None req-d20bef6c-7f6c-4fdc-ae4a-c65a5bfb1290 80c3397ec61845198d2af97d5aafa1fe b9ae60e759f8441a812d0f1812975277 - - default default] 10.0.0.125 "DELETE /v2.0/networks/15336e98-3497-48bb-808a-a889cc248844 HTTP/1.1" status: 204 len: 168 time: 0.4693048
2026-07-16 01:35:17.714 9 WARNING neutron.scheduler.dhcp_agent_scheduler [None req-6811a0c7-7d98-4c42-839e-2e34955ac71a e0a716ff27804643bfba2ece5512f35e 4645b63e9f2d4188aee81c038b9962da - - default default] No more DHCP agents
2026-07-16 01:35:17.716 9 WARNING neutron.api.rpc.agentnotifiers.dhcp_rpc_agent_api [None req-6811a0c7-7d98-4c42-839e-2e34955ac71a e0a716ff27804643bfba2ece5512f35e 4645b63e9f2d4188aee81c038b9962da - - default default] Unable to schedule network 5c659e05-9b8a-41f0-afb2-611e1a03d934: no agents available; will retry on subsequent port and subnet creation events.
2026-07-16 01:35:17.830 9 INFO neutron.db.ovn_revision_numbers_db [None req-6811a0c7-7d98-4c42-839e-2e34955ac71a e0a716ff27804643bfba2ece5512f35e 4645b63e9f2d4188aee81c038b9962da - - default default] Successfully bumped revision number for resource 8dea8e37-8a05-4acf-95d8-d7377a803534 (type: ports) to 1
2026-07-16 01:35:17.864 9 INFO neutron.wsgi [None req-6811a0c7-7d98-4c42-839e-2e34955ac71a e0a716ff27804643bfba2ece5512f35e 4645b63e9f2d4188aee81c038b9962da - - default default] 10.0.0.125 "POST /v2.0/ports HTTP/1.1" status: 201 len: 942 time: 0.4434388
2026-07-16 01:35:17.923 10 INFO neutron.wsgi [None req-44022563-d9e4-4266-aab7-04a1df37894a e0a716ff27804643bfba2ece5512f35e 4645b63e9f2d4188aee81c038b9962da - - default default] 10.0.0.125 "PUT /v2.0/ports/11e62aa9-a3e0-46c0-9672-ae107a8fd237/tags HTTP/1.1" status: 200 len: 210 time: 0.0506005
2026-07-16 01:35:17.970 10 INFO neutron.wsgi [None req-ccb56aad-d565-4601-b3cf-0f4839b3e375 e0a716ff27804643bfba2ece5512f35e 4645b63e9f2d4188aee81c038b9962da - - default default] 10.0.0.125 "PUT /v2.0/ports/be1e2b8f-65da-4d71-a411-29dc7c0edc22/tags HTTP/1.1" status: 200 len: 218 time: 0.0414560
2026-07-16 01:35:17.995 9 INFO neutron.services.segments.plugin [-] Segment caca712d-f445-4049-846f-f48896f12636 resource provider aggregate not found
2026-07-16 01:35:18.009 9 INFO neutron.services.segments.plugin [-] Segment caca712d-f445-4049-846f-f48896f12636 resource provider aggregate not found
2026-07-16 01:35:18.021 9 INFO neutron.services.segments.plugin [-] Segment caca712d-f445-4049-846f-f48896f12636 resource provider not found; error: Placement Client Error (4xx): {"errors": [{"status": 404, "title": "Not Found", "detail": "The resource could not be found.\n\n No resource provider with uuid caca712d-f445-4049-846f-f48896f12636 found for delete ", "request_id": "req-82574854-460e-48da-ae1f-87edf456729c"}]}
2026-07-16 01:35:18.024 9 INFO neutron.services.segments.plugin [-] Segment caca712d-f445-4049-846f-f48896f12636 resource provider not found; error: Placement Client Error (4xx): {"errors": [{"status": 404, "title": "Not Found", "detail": "The resource could not be found.\n\n No resource provider with uuid caca712d-f445-4049-846f-f48896f12636 found for delete ", "request_id": "req-8795580a-327c-48df-a69f-cbfbc20f6ea4"}]}
2026-07-16 01:35:18.043 10 INFO neutron.wsgi [None req-0629152a-10a1-4923-9758-1d7280a35ad1 e0a716ff27804643bfba2ece5512f35e 4645b63e9f2d4188aee81c038b9962da - - default default] 10.0.0.125 "PUT /v2.0/ports/d688b583-3e62-48fa-9a32-910dc672df84/tags HTTP/1.1" status: 200 len: 227 time: 0.0653789
2026-07-16 01:35:18.049 10 INFO neutron.wsgi [None req-0a482d02-580d-49f6-83e1-e805f6ffe893 80c3397ec61845198d2af97d5aafa1fe b9ae60e759f8441a812d0f1812975277 - - default default] 10.0.0.125 "DELETE /v2.0/networks/38903a71-b66c-4407-a993-21c60824be8b HTTP/1.1" status: 204 len: 168 time: 0.4701297
2026-07-16 01:35:18.057 9 INFO neutron.wsgi [None req-80a83cee-6cc6-42c7-a662-158bcda3a9e9 c1b734781bef426eae4390b05ff8e686 a320a1db97794ad3a8dc38916b0f49f6 - - default default] 10.0.0.125 "DELETE /v2.0/networks/abe5dbb9-157e-4f5b-bbf3-c4ea73cc7f38 HTTP/1.1" status: 204 len: 168 time: 0.4857392 /var/lib/openstack/lib/python3.10/site-packages/pycadf/identifier.py:71: UserWarning: Invalid uuid: neutron. To ensure interoperability, identifiers should be a valid uuid. warnings.warn(('Invalid uuid: %s. To ensure interoperability, '
2026-07-16 01:35:18.096 9 INFO neutron.wsgi [None req-58b2e09b-53fd-40ba-8764-550a04df0dda e0a716ff27804643bfba2ece5512f35e 4645b63e9f2d4188aee81c038b9962da - - default default] 10.0.0.125 "PUT /v2.0/ports/7d0581a4-6113-4eec-80cc-4381ee766ebf/tags HTTP/1.1" status: 200 len: 212 time: 0.0466561
2026-07-16 01:35:18.157 10 INFO neutron.db.segments_db [None req-3294c7f7-2861-4f2d-b54e-3458e384f534 c1b734781bef426eae4390b05ff8e686 a320a1db97794ad3a8dc38916b0f49f6 - - default default] Added segment 502ba023-d4d9-476e-b8f9-9ee77bc99a59 of type geneve for network b49657dc-e3e3-45a9-9381-927025a12f66
2026-07-16 01:35:18.279 9 INFO neutron.wsgi [None req-04ececbc-cc2e-436d-bcd9-609c173b1fc9 e0a716ff27804643bfba2ece5512f35e 4645b63e9f2d4188aee81c038b9962da - - default default] 10.0.0.125 "GET /v2.0/ports?tags=red HTTP/1.1" status: 200 len: 2448 time: 0.1760857
2026-07-16 01:35:18.292 10 INFO neutron.db.ovn_revision_numbers_db [None req-3294c7f7-2861-4f2d-b54e-3458e384f534 c1b734781bef426eae4390b05ff8e686 a320a1db97794ad3a8dc38916b0f49f6 - - default default] Successfully bumped revision number for resource b49657dc-e3e3-45a9-9381-927025a12f66 (type: networks) to 1
2026-07-16 01:35:18.333 9 INFO neutron.wsgi [None req-9c150880-1d22-4b60-b114-3542e3ae5549 e0a716ff27804643bfba2ece5512f35e 4645b63e9f2d4188aee81c038b9962da - - default default] 10.0.0.125 "GET /v2.0/ports?tags=red%2Cblue HTTP/1.1" status: 200 len: 1708 time: 0.0504503
2026-07-16 01:35:18.385 9 INFO neutron.wsgi [None req-2a66f9e6-217c-42e2-b94b-b72070060a77 e0a716ff27804643bfba2ece5512f35e 4645b63e9f2d4188aee81c038b9962da - - default default] 10.0.0.125 "GET /v2.0/ports?tags-any=blue HTTP/1.1" status: 200 len: 1708 time: 0.0460286
2026-07-16 01:35:18.439 9 INFO neutron.wsgi [None req-92d4cfe4-2c46-4e5b-9a81-5830b78608cd e0a716ff27804643bfba2ece5512f35e 4645b63e9f2d4188aee81c038b9962da - - default default] 10.0.0.125 "GET /v2.0/ports?tags-any=red%2Cblue HTTP/1.1" status: 200 len: 2448 time: 0.0502281
2026-07-16 01:35:18.451 10 WARNING neutron.scheduler.dhcp_agent_scheduler [None req-3294c7f7-2861-4f2d-b54e-3458e384f534 c1b734781bef426eae4390b05ff8e686 a320a1db97794ad3a8dc38916b0f49f6 - - default default] No more DHCP agents
2026-07-16 01:35:18.453 10 WARNING neutron.api.rpc.agentnotifiers.dhcp_rpc_agent_api [None req-3294c7f7-2861-4f2d-b54e-3458e384f534 c1b734781bef426eae4390b05ff8e686 a320a1db97794ad3a8dc38916b0f49f6 - - default default] Unable to schedule network b49657dc-e3e3-45a9-9381-927025a12f66: no agents available; will retry on subsequent port and subnet creation events.
2026-07-16 01:35:18.540 10 INFO neutron.db.ovn_revision_numbers_db [None req-3294c7f7-2861-4f2d-b54e-3458e384f534 c1b734781bef426eae4390b05ff8e686 a320a1db97794ad3a8dc38916b0f49f6 - - default default] Successfully bumped revision number for resource 9a3078b9-0c50-482e-9ad5-bc03fba5c333 (type: ports) to 1
2026-07-16 01:35:18.558 10 INFO neutron.wsgi [None req-3294c7f7-2861-4f2d-b54e-3458e384f534 c1b734781bef426eae4390b05ff8e686 a320a1db97794ad3a8dc38916b0f49f6 - - default default] 10.0.0.125 "POST /v2.0/networks HTTP/1.1" status: 201 len: 835 time: 0.4971132
2026-07-16 01:35:18.607 9 INFO neutron.wsgi [None req-fc7b7045-b06b-4f1b-a849-02baf3a3be8e e0a716ff27804643bfba2ece5512f35e 4645b63e9f2d4188aee81c038b9962da - - default default] 10.0.0.125 "GET /v2.0/ports?not-tags=red HTTP/1.1" status: 200 len: 5463 time: 0.1629045
2026-07-16 01:35:18.926 10 INFO neutron.wsgi [None req-8f1c52dd-a101-478c-a5bd-3bab3030a699 e0a716ff27804643bfba2ece5512f35e 4645b63e9f2d4188aee81c038b9962da - - default default] 10.0.0.125 "GET /v2.0/ports?not-tags=red%2Cblue HTTP/1.1" status: 200 len: 6203 time: 0.3127291
2026-07-16 01:35:19.002 10 INFO neutron.wsgi [None req-4f48a22f-5593-4870-b30d-fedbe5eb8712 e0a716ff27804643bfba2ece5512f35e 4645b63e9f2d4188aee81c038b9962da - - default default] 10.0.0.125 "GET /v2.0/ports?not-tags-any=blue HTTP/1.1" status: 200 len: 6203 time: 0.0711300
2026-07-16 01:35:19.074 10 INFO neutron.wsgi [None req-f781a539-b6b1-4beb-b7c9-f992739225ac e0a716ff27804643bfba2ece5512f35e 4645b63e9f2d4188aee81c038b9962da - - default default] 10.0.0.125 "GET /v2.0/ports?not-tags-any=red%2Cblue HTTP/1.1" status: 200 len: 5463 time: 0.0678911
2026-07-16 01:35:19.196 9 WARNING neutron.scheduler.dhcp_agent_scheduler [None req-24f11893-84ea-4c8f-b27a-a42d1ed6117a c1b734781bef426eae4390b05ff8e686 a320a1db97794ad3a8dc38916b0f49f6 - - default default] No more DHCP agents
2026-07-16 01:35:19.201 9 WARNING neutron.api.rpc.agentnotifiers.dhcp_rpc_agent_api [None req-24f11893-84ea-4c8f-b27a-a42d1ed6117a c1b734781bef426eae4390b05ff8e686 a320a1db97794ad3a8dc38916b0f49f6 - - default default] Unable to schedule network b49657dc-e3e3-45a9-9381-927025a12f66: no agents available; will retry on subsequent port and subnet creation events.
2026-07-16 01:35:19.222 9 INFO neutron.db.ovn_revision_numbers_db [None req-773112e5-1ba6-4226-8ad9-212028268624 d820dc69025e459489f1f963b7dcb981 6a2907b7dded4e32bb1f33dd1010ea75 - - default default] Successfully bumped revision number for resource af644773-2619-4ca7-9ab5-050d034de1b0 (type: security_groups) to 1
2026-07-16 01:35:19.237 9 INFO neutron.db.ovn_revision_numbers_db [None req-24f11893-84ea-4c8f-b27a-a42d1ed6117a c1b734781bef426eae4390b05ff8e686 a320a1db97794ad3a8dc38916b0f49f6 - - default default] Successfully bumped revision number for resource 9768f795-d5bb-4fd9-a845-3e3de100f188 (type: subnets) to 0
2026-07-16 01:35:19.241 9 INFO neutron.db.ovn_revision_numbers_db [None req-773112e5-1ba6-4226-8ad9-212028268624 d820dc69025e459489f1f963b7dcb981 6a2907b7dded4e32bb1f33dd1010ea75 - - default default] Successfully bumped revision number for resource 3b6d2d57-4854-4b2f-af26-acc9c0e1d5c6 (type: security_group_rules) to 0
2026-07-16 01:35:19.253 9 INFO neutron.wsgi [None req-24f11893-84ea-4c8f-b27a-a42d1ed6117a c1b734781bef426eae4390b05ff8e686 a320a1db97794ad3a8dc38916b0f49f6 - - default default] 10.0.0.125 "POST /v2.0/subnets HTTP/1.1" status: 201 len: 821 time: 0.6887579
2026-07-16 01:35:19.266 9 INFO neutron.db.ovn_revision_numbers_db [None req-773112e5-1ba6-4226-8ad9-212028268624 d820dc69025e459489f1f963b7dcb981 6a2907b7dded4e32bb1f33dd1010ea75 - - default default] Successfully bumped revision number for resource c204ba9c-94aa-4a2a-809e-32a1ba48cb64 (type: security_group_rules) to 0
2026-07-16 01:35:19.273 10 INFO neutron.wsgi [None req-eb97e28d-443b-4edc-9be8-5d40c269dce7 8016f7f8422b4734b01775ffb4376a54 114ae8a235d84abbb78feb52b85832ae - - default default] 10.0.0.125 "POST /v2.0/qos/policies HTTP/1.1" status: 201 len: 558 time: 0.0974653
2026-07-16 01:35:19.290 9 INFO neutron.db.ovn_revision_numbers_db [None req-773112e5-1ba6-4226-8ad9-212028268624 d820dc69025e459489f1f963b7dcb981 6a2907b7dded4e32bb1f33dd1010ea75 - - default default] Successfully bumped revision number for resource ce272ed4-0c19-4ea0-8996-619f6a19a491 (type: security_group_rules) to 0
2026-07-16 01:35:19.307 9 INFO neutron.db.ovn_revision_numbers_db [None req-773112e5-1ba6-4226-8ad9-212028268624 d820dc69025e459489f1f963b7dcb981 6a2907b7dded4e32bb1f33dd1010ea75 - - default default] Successfully bumped revision number for resource d2add955-7b8e-4289-8b1c-fd06896c276a (type: security_group_rules) to 0
2026-07-16 01:35:19.326 10 INFO neutron.wsgi [None req-7c02716e-4cff-41da-a746-f1a27dfdde5c 8016f7f8422b4734b01775ffb4376a54 114ae8a235d84abbb78feb52b85832ae - - default default] 10.0.0.125 "POST /v2.0/qos/policies HTTP/1.1" status: 201 len: 558 time: 0.0477092
2026-07-16 01:35:19.339 10 INFO neutron.wsgi [None req-14667f11-cc9b-4479-a755-75200c5eda01 e0a716ff27804643bfba2ece5512f35e 4645b63e9f2d4188aee81c038b9962da - - default default] 10.0.0.125 "DELETE /v2.0/ports/11e62aa9-a3e0-46c0-9672-ae107a8fd237 HTTP/1.1" status: 204 len: 168 time: 0.2580683
2026-07-16 01:35:19.340 9 INFO neutron.wsgi [None req-773112e5-1ba6-4226-8ad9-212028268624 d820dc69025e459489f1f963b7dcb981 6a2907b7dded4e32bb1f33dd1010ea75 - - default default] 10.0.0.125 "GET /v2.0/security-groups?tenant_id=8a1eceedf3bc4583864e865b01d6e6bb&name=default HTTP/1.1" status: 200 len: 2996 time: 0.6841214
2026-07-16 01:35:19.375 10 INFO neutron.wsgi [None req-f950fdea-0fbb-42fc-941e-44714fd9dc38 8016f7f8422b4734b01775ffb4376a54 114ae8a235d84abbb78feb52b85832ae - - default default] 10.0.0.125 "POST /v2.0/qos/policies HTTP/1.1" status: 201 len: 558 time: 0.0437641
2026-07-16 01:35:19.475 9 INFO neutron.wsgi [None req-351bf536-09cc-4246-91da-401b77bbe366 8016f7f8422b4734b01775ffb4376a54 114ae8a235d84abbb78feb52b85832ae - - default default] 10.0.0.125 "POST /v2.0/qos/policies HTTP/1.1" status: 201 len: 558 time: 0.0949383
2026-07-16 01:35:19.508 10 INFO neutron.wsgi [None req-519d7581-6177-45cb-ac20-7efe0a6233f6 d820dc69025e459489f1f963b7dcb981 6a2907b7dded4e32bb1f33dd1010ea75 - - default default] 10.0.0.125 "DELETE /v2.0/security-groups/af644773-2619-4ca7-9ab5-050d034de1b0 HTTP/1.1" status: 204 len: 168 time: 0.1627002
2026-07-16 01:35:19.551 10 INFO neutron.services.segments.plugin [-] Segment f6d0f996-273f-4dac-9249-f78fc57c6f10 resource provider aggregate not found
2026-07-16 01:35:19.562 10 INFO neutron.services.segments.plugin [-] Segment f6d0f996-273f-4dac-9249-f78fc57c6f10 resource provider not found; error: Placement Client Error (4xx): {"errors": [{"status": 404, "title": "Not Found", "detail": "The resource could not be found.\n\n No resource provider with uuid f6d0f996-273f-4dac-9249-f78fc57c6f10 found for delete ", "request_id": "req-02665896-c7e7-426f-8469-c4ac6cc8b1cc"}]}
2026-07-16 01:35:19.567 10 INFO neutron.services.segments.plugin [-] Segment f6d0f996-273f-4dac-9249-f78fc57c6f10 resource provider aggregate not found
2026-07-16 01:35:19.579 10 INFO neutron.services.segments.plugin [-] Segment f6d0f996-273f-4dac-9249-f78fc57c6f10 resource provider not found; error: Placement Client Error (4xx): {"errors": [{"status": 404, "title": "Not Found", "detail": "The resource could not be found.\n\n No resource provider with uuid f6d0f996-273f-4dac-9249-f78fc57c6f10 found for delete ", "request_id": "req-e705e1ca-0026-4b29-9ecd-b83835e86d7e"}]}
2026-07-16 01:35:19.580 9 INFO neutron.wsgi [None req-0c03193b-97c1-491e-9f6a-c5a77b96170b 8016f7f8422b4734b01775ffb4376a54 114ae8a235d84abbb78feb52b85832ae - - default default] 10.0.0.125 "POST /v2.0/qos/policies HTTP/1.1" status: 201 len: 558 time: 0.1001077
2026-07-16 01:35:19.607 10 INFO neutron.wsgi [None req-14d448ff-d4fb-4bff-a0d3-5c68b8707876 8016f7f8422b4734b01775ffb4376a54 114ae8a235d84abbb78feb52b85832ae - - default default] 10.0.0.125 "PUT /v2.0/policies/761b3ae2-0e4b-4b63-bc6a-31ab7573831a/tags HTTP/1.1" status: 200 len: 210 time: 0.0221000
2026-07-16 01:35:19.635 10 INFO neutron.wsgi [None req-33983b91-1ef4-4ae8-93b4-ff3166b5460a 8016f7f8422b4734b01775ffb4376a54 114ae8a235d84abbb78feb52b85832ae - - default default] 10.0.0.125 "PUT /v2.0/policies/19353aca-cbae-4ba7-9d4f-156152567b5a/tags HTTP/1.1" status: 200 len: 218 time: 0.0236216
2026-07-16 01:35:19.659 10 INFO neutron.wsgi [None req-ca6cdcd4-05fe-4f76-9ca1-eef5a9b7bede d820dc69025e459489f1f963b7dcb981 6a2907b7dded4e32bb1f33dd1010ea75 - - default default] 10.0.0.125 "GET /v2.0/security-groups?tenant_id=b9ae60e759f8441a812d0f1812975277&name=default HTTP/1.1" status: 200 len: 2996 time: 0.0305324
2026-07-16 01:35:19.687 9 INFO neutron.wsgi [None req-0579a470-b974-4dd6-ac1c-37b9c79f1bd0 8016f7f8422b4734b01775ffb4376a54 114ae8a235d84abbb78feb52b85832ae - - default default] 10.0.0.125 "PUT /v2.0/policies/d089006f-e9fe-4afc-88d9-009053257f5b/tags HTTP/1.1" status: 200 len: 227 time: 0.0452588
2026-07-16 01:35:19.700 9 INFO neutron.wsgi [None req-133bcc0a-a4f7-4cb7-a962-c3080322b93b e0a716ff27804643bfba2ece5512f35e 4645b63e9f2d4188aee81c038b9962da - - default default] 10.0.0.125 "DELETE /v2.0/ports/be1e2b8f-65da-4d71-a411-29dc7c0edc22 HTTP/1.1" status: 204 len: 168 time: 0.3575082
2026-07-16 01:35:19.720 9 WARNING neutron.scheduler.dhcp_agent_scheduler [None req-0fba21c6-5768-4d84-b8cc-e8c20bf1dbd9 c1b734781bef426eae4390b05ff8e686 a320a1db97794ad3a8dc38916b0f49f6 - - default default] No more DHCP agents
2026-07-16 01:35:19.728 9 WARNING neutron.api.rpc.agentnotifiers.dhcp_rpc_agent_api [None req-0fba21c6-5768-4d84-b8cc-e8c20bf1dbd9 c1b734781bef426eae4390b05ff8e686 a320a1db97794ad3a8dc38916b0f49f6 - - default default] Unable to schedule network b49657dc-e3e3-45a9-9381-927025a12f66: no agents available; will retry on subsequent port and subnet creation events.
2026-07-16 01:35:19.733 10 INFO neutron.wsgi [None req-0c2f441e-4300-42e9-aadc-854b64b41502 8016f7f8422b4734b01775ffb4376a54 114ae8a235d84abbb78feb52b85832ae - - default default] 10.0.0.125 "PUT /v2.0/policies/12d595c1-2289-4b15-aaa9-51fd49c401cd/tags HTTP/1.1" status: 200 len: 212 time: 0.0311925
2026-07-16 01:35:19.901 9 INFO neutron.db.ovn_revision_numbers_db [None req-0fba21c6-5768-4d84-b8cc-e8c20bf1dbd9 c1b734781bef426eae4390b05ff8e686 a320a1db97794ad3a8dc38916b0f49f6 - - default default] Successfully bumped revision number for resource 5a4ab163-3708-4120-93df-272b4f8232a7 (type: ports) to 1
2026-07-16 01:35:19.903 10 INFO neutron.wsgi [None req-d6218692-a21d-4485-be0e-4ba67f00f181 d820dc69025e459489f1f963b7dcb981 6a2907b7dded4e32bb1f33dd1010ea75 - - default default] 10.0.0.125 "DELETE /v2.0/security-groups/7ac5b58b-99a2-4287-b0d5-7d13da1c99be HTTP/1.1" status: 204 len: 168 time: 0.2373359
2026-07-16 01:35:19.939 9 INFO neutron.wsgi [None req-0fba21c6-5768-4d84-b8cc-e8c20bf1dbd9 c1b734781bef426eae4390b05ff8e686 a320a1db97794ad3a8dc38916b0f49f6 - - default default] 10.0.0.125 "POST /v2.0/ports HTTP/1.1" status: 201 len: 1122 time: 0.6795900
2026-07-16 01:35:20.000 9 INFO neutron.wsgi [None req-cb05437c-e525-416f-8334-cbeb44e80d10 e0a716ff27804643bfba2ece5512f35e 4645b63e9f2d4188aee81c038b9962da - - default default] 10.0.0.125 "DELETE /v2.0/ports/d688b583-3e62-48fa-9a32-910dc672df84 HTTP/1.1" status: 204 len: 168 time: 0.2917862
2026-07-16 01:35:20.204 10 INFO neutron.wsgi [None req-062122ce-9753-4446-9ec6-3dba89956d7f c1b734781bef426eae4390b05ff8e686 a320a1db97794ad3a8dc38916b0f49f6 - - default default] 10.0.0.125 "DELETE /v2.0/ports/5a4ab163-3708-4120-93df-272b4f8232a7 HTTP/1.1" status: 204 len: 168 time: 0.2589386
2026-07-16 01:35:20.236 9 INFO neutron.pecan_wsgi.hooks.translation [None req-a8c73a1a-76df-4ffb-8c57-0dbab9d4c893 c1b734781bef426eae4390b05ff8e686 a320a1db97794ad3a8dc38916b0f49f6 - - default default] GET failed (client error): The resource could not be found.
2026-07-16 01:35:20.238 9 INFO neutron.wsgi [None req-a8c73a1a-76df-4ffb-8c57-0dbab9d4c893 c1b734781bef426eae4390b05ff8e686 a320a1db97794ad3a8dc38916b0f49f6 - - default default] 10.0.0.125 "GET /v2.0/ports/5a4ab163-3708-4120-93df-272b4f8232a7 HTTP/1.1" status: 404 len: 333 time: 0.0266979
2026-07-16 01:35:20.257 9 INFO neutron.wsgi [None req-5e5871fa-6676-4260-97d3-a3fc17ca535e e0a716ff27804643bfba2ece5512f35e 4645b63e9f2d4188aee81c038b9962da - - default default] 10.0.0.125 "DELETE /v2.0/ports/7d0581a4-6113-4eec-80cc-4381ee766ebf HTTP/1.1" status: 204 len: 168 time: 0.2511499
2026-07-16 01:35:20.387 9 INFO neutron.wsgi [None req-a6cff8fe-a8b9-4e6b-a6bb-562dc0eb709d ec458c23badf4fee8f218a43c060af85 084c8dda62d74dff853004a7033d3c18 - - default default] 10.0.0.125 "GET /v2.0/qos/policies?tags=red HTTP/1.1" status: 200 len: 1296 time: 0.2878704
2026-07-16 01:35:20.458 10 INFO neutron.wsgi [None req-0b11c208-698f-4631-8e71-8089ab591bb8 c1b734781bef426eae4390b05ff8e686 a320a1db97794ad3a8dc38916b0f49f6 - - default default] 10.0.0.125 "DELETE /v2.0/subnets/9768f795-d5bb-4fd9-a845-3e3de100f188 HTTP/1.1" status: 204 len: 168 time: 0.2162073
2026-07-16 01:35:20.464 9 INFO neutron.wsgi [None req-d46ee79c-f16c-4b06-9780-3c95e48269fd ec458c23badf4fee8f218a43c060af85 084c8dda62d74dff853004a7033d3c18 - - default default] 10.0.0.125 "GET /v2.0/qos/policies?tags=red%2Cblue HTTP/1.1" status: 200 len: 941 time: 0.0725667
2026-07-16 01:35:20.518 9 INFO neutron.wsgi [None req-7795d841-6c11-41d5-8739-a64c7b12a971 e0a716ff27804643bfba2ece5512f35e 4645b63e9f2d4188aee81c038b9962da - - default default] 10.0.0.125 "DELETE /v2.0/ports/8dea8e37-8a05-4acf-95d8-d7377a803534 HTTP/1.1" status: 204 len: 168 time: 0.2498240
2026-07-16 01:35:20.559 9 INFO neutron.wsgi [None req-31650be1-7e8a-4705-9e5b-5a5d08102158 ec458c23badf4fee8f218a43c060af85 084c8dda62d74dff853004a7033d3c18 - - default default] 10.0.0.125 "GET /v2.0/qos/policies?tags-any=blue HTTP/1.1" status: 200 len: 941 time: 0.0914931
2026-07-16 01:35:20.694 10 INFO neutron.wsgi [None req-2a21577c-9334-48ec-91c7-eec798c92935 ec458c23badf4fee8f218a43c060af85 084c8dda62d74dff853004a7033d3c18 - - default default] 10.0.0.125 "GET /v2.0/qos/policies?tags-any=red%2Cblue HTTP/1.1" status: 200 len: 1296 time: 0.1302793
2026-07-16 01:35:20.805 10 INFO neutron.wsgi [None req-255301de-ceef-43b5-bf43-72bba4bc7894 ec458c23badf4fee8f218a43c060af85 084c8dda62d74dff853004a7033d3c18 - - default default] 10.0.0.125 "GET /v2.0/qos/policies?not-tags=red HTTP/1.1" status: 200 len: 913 time: 0.1016805
2026-07-16 01:35:20.896 10 INFO neutron.wsgi [None req-a3a839e5-bd6f-4891-85d9-e9ed8f129593 c1b734781bef426eae4390b05ff8e686 a320a1db97794ad3a8dc38916b0f49f6 - - default default] 10.0.0.125 "DELETE /v2.0/networks/b49657dc-e3e3-45a9-9381-927025a12f66 HTTP/1.1" status: 204 len: 168 time: 0.4342620
2026-07-16 01:35:20.942 9 INFO neutron.services.segments.plugin [-] Segment 19e82581-4065-447a-ab09-5c93245d78cc resource provider aggregate not found
2026-07-16 01:35:20.946 9 INFO neutron.services.segments.plugin [-] Segment 19e82581-4065-447a-ab09-5c93245d78cc resource provider aggregate not found
2026-07-16 01:35:20.961 9 INFO neutron.services.segments.plugin [-] Segment 19e82581-4065-447a-ab09-5c93245d78cc resource provider not found; error: Placement Client Error (4xx): {"errors": [{"status": 404, "title": "Not Found", "detail": "The resource could not be found.\n\n No resource provider with uuid 19e82581-4065-447a-ab09-5c93245d78cc found for delete ", "request_id": "req-98642f53-abea-4503-b1fa-a5fe9e2eaefa"}]}
2026-07-16 01:35:20.967 9 INFO neutron.services.segments.plugin [-] Segment 19e82581-4065-447a-ab09-5c93245d78cc resource provider not found; error: Placement Client Error (4xx): {"errors": [{"status": 404, "title": "Not Found", "detail": "The resource could not be found.\n\n No resource provider with uuid 19e82581-4065-447a-ab09-5c93245d78cc found for delete ", "request_id": "req-dbdeade0-f728-4873-bb10-ad3ee33c47d2"}]}
2026-07-16 01:35:20.978 9 INFO neutron.wsgi [None req-cf3c3863-405a-4338-82d3-337b712c4f31 ec458c23badf4fee8f218a43c060af85 084c8dda62d74dff853004a7033d3c18 - - default default] 10.0.0.125 "GET /v2.0/qos/policies?not-tags=red%2Cblue HTTP/1.1" status: 200 len: 1268 time: 0.1690664
2026-07-16 01:35:21.001 9 INFO neutron.wsgi [None req-77942d0b-7142-4de6-ab56-9638c05dee56 e0a716ff27804643bfba2ece5512f35e 4645b63e9f2d4188aee81c038b9962da - - default default] 10.0.0.125 "DELETE /v2.0/networks/befc4055-4098-4533-b122-200400adcdd8 HTTP/1.1" status: 204 len: 168 time: 0.4777834
2026-07-16 01:35:21.058 9 INFO neutron.wsgi [None req-b0f474d7-42ba-4b20-858c-d95f85ca8afd ec458c23badf4fee8f218a43c060af85 084c8dda62d74dff853004a7033d3c18 - - default default] 10.0.0.125 "GET /v2.0/qos/policies?not-tags-any=blue HTTP/1.1" status: 200 len: 1268 time: 0.0753343
2026-07-16 01:35:21.123 9 INFO neutron.wsgi [None req-8ad64987-c52f-4ddc-ac99-80a662e4cb53 ec458c23badf4fee8f218a43c060af85 084c8dda62d74dff853004a7033d3c18 - - default default] 10.0.0.125 "GET /v2.0/qos/policies?not-tags-any=red%2Cblue HTTP/1.1" status: 200 len: 913 time: 0.0607331
2026-07-16 01:35:21.191 9 INFO neutron.wsgi [None req-def9501d-95a2-40c9-937c-e7083aec3abd 8016f7f8422b4734b01775ffb4376a54 114ae8a235d84abbb78feb52b85832ae - - default default] 10.0.0.125 "DELETE /v2.0/qos/policies/761b3ae2-0e4b-4b63-bc6a-31ab7573831a HTTP/1.1" status: 204 len: 168 time: 0.0603471
2026-07-16 01:35:21.235 10 WARNING neutron.scheduler.dhcp_agent_scheduler [None req-abe0d8f0-7f94-4fb7-9ecc-cfb7230b0d45 c1b734781bef426eae4390b05ff8e686 a320a1db97794ad3a8dc38916b0f49f6 - - default default] No more DHCP agents
2026-07-16 01:35:21.250 10 WARNING neutron.api.rpc.agentnotifiers.dhcp_rpc_agent_api [None req-abe0d8f0-7f94-4fb7-9ecc-cfb7230b0d45 c1b734781bef426eae4390b05ff8e686 a320a1db97794ad3a8dc38916b0f49f6 - - default default] Unable to schedule network 72e479af-dd34-4cb3-bac8-fe587aaa59e0: no agents available; will retry on subsequent port and subnet creation events.
2026-07-16 01:35:21.257 9 INFO neutron.wsgi [None req-0b128e8c-b364-44a8-a724-68f1918d0624 8016f7f8422b4734b01775ffb4376a54 114ae8a235d84abbb78feb52b85832ae - - default default] 10.0.0.125 "DELETE /v2.0/qos/policies/19353aca-cbae-4ba7-9d4f-156152567b5a HTTP/1.1" status: 204 len: 168 time: 0.0621545
2026-07-16 01:35:21.343 9 INFO neutron.wsgi [None req-e4476cbe-102b-44f1-97b4-349aa285ac23 8016f7f8422b4734b01775ffb4376a54 114ae8a235d84abbb78feb52b85832ae - - default default] 10.0.0.125 "DELETE /v2.0/qos/policies/d089006f-e9fe-4afc-88d9-009053257f5b HTTP/1.1" status: 204 len: 168 time: 0.0809727
2026-07-16 01:35:21.346 10 INFO neutron.db.ovn_revision_numbers_db [None req-abe0d8f0-7f94-4fb7-9ecc-cfb7230b0d45 c1b734781bef426eae4390b05ff8e686 a320a1db97794ad3a8dc38916b0f49f6 - - default default] Successfully bumped revision number for resource 5a4e157e-8486-4b06-bc31-4a7b3eadd788 (type: ports) to 1
2026-07-16 01:35:21.390 10 INFO neutron.wsgi [None req-abe0d8f0-7f94-4fb7-9ecc-cfb7230b0d45 c1b734781bef426eae4390b05ff8e686 a320a1db97794ad3a8dc38916b0f49f6 - - default default] 10.0.0.125 "POST /v2.0/ports HTTP/1.1" status: 201 len: 977 time: 0.4898474
2026-07-16 01:35:21.414 9 INFO neutron.wsgi [None req-1c5992d1-c35a-4bc7-bbd4-5908774138ab 8016f7f8422b4734b01775ffb4376a54 114ae8a235d84abbb78feb52b85832ae - - default default] 10.0.0.125 "DELETE /v2.0/qos/policies/12d595c1-2289-4b15-aaa9-51fd49c401cd HTTP/1.1" status: 204 len: 168 time: 0.0668683
2026-07-16 01:35:21.541 9 INFO neutron.wsgi [None req-5abbf1b5-f89b-40e6-9ec5-0f5434a51485 8016f7f8422b4734b01775ffb4376a54 114ae8a235d84abbb78feb52b85832ae - - default default] 10.0.0.125 "DELETE /v2.0/qos/policies/b394a372-a487-4e33-9c35-3eacc7cddcc0 HTTP/1.1" status: 204 len: 168 time: 0.1202080
2026-07-16 01:35:21.550 10 INFO neutron.wsgi [None req-c33ee194-ff1d-4ec5-abba-8224f6135c58 e0a716ff27804643bfba2ece5512f35e 4645b63e9f2d4188aee81c038b9962da - - default default] 10.0.0.125 "DELETE /v2.0/networks/89a30d6d-6a8e-4bd5-a6cc-92ac7b980ed8 HTTP/1.1" status: 204 len: 168 time: 0.5383754 /var/lib/openstack/lib/python3.10/site-packages/pycadf/identifier.py:71: UserWarning: Invalid uuid: neutron. To ensure interoperability, identifiers should be a valid uuid. warnings.warn(('Invalid uuid: %s. To ensure interoperability, '
2026-07-16 01:35:21.585 10 INFO neutron.services.segments.plugin [-] Segment 502ba023-d4d9-476e-b8f9-9ee77bc99a59 resource provider aggregate not found
