2026-07-16 01:33:57.214 10 INFO neutron.db.ovn_revision_numbers_db [None req-00477b35-af87-4ebf-9213-ca9708f1971e d820dc69025e459489f1f963b7dcb981 6a2907b7dded4e32bb1f33dd1010ea75 - - default default] Successfully bumped revision number for resource 651196a6-5918-4b08-99a5-23f22d51cc50 (type: ports) to 1
2026-07-16 01:33:57.308 10 INFO neutron.db.ovn_revision_numbers_db [None req-2cedb3c7-3902-4764-b49f-a2548b67fd66 - - - - - -] Successfully bumped revision number for resource bab55fb9-9ce7-40aa-8e51-8dca01ef4276 (type: router_ports) to 3
2026-07-16 01:33:57.370 9 INFO neutron.db.ovn_revision_numbers_db [None req-8a4bb317-1a05-426c-808f-b18b07258b4c 29d14dd939754b85979cfe1d34dd13de 274dee4bc0da41bc83d38e3111c0f076 - - default default] Successfully bumped revision number for resource 4669da48-8938-4636-a986-4f966a7bad5a (type: routers) to 1
2026-07-16 01:33:57.387 9 INFO neutron.wsgi [None req-8a4bb317-1a05-426c-808f-b18b07258b4c 29d14dd939754b85979cfe1d34dd13de 274dee4bc0da41bc83d38e3111c0f076 - - default default] 10.0.0.125 "POST /v2.0/routers HTTP/1.1" status: 201 len: 690 time: 0.1967993
2026-07-16 01:33:57.539 10 INFO neutron.db.ovn_revision_numbers_db [None req-2cedb3c7-3902-4764-b49f-a2548b67fd66 - - - - - -] Successfully bumped revision number for resource bab55fb9-9ce7-40aa-8e51-8dca01ef4276 (type: ports) to 2
2026-07-16 01:33:57.766 9 INFO neutron.plugins.ml2.drivers.ovn.mech_driver.mech_driver [None req-6c2ac208-0920-445d-b3fb-a8ba9fc3c2ef - - - - - -] OVN reports status up for port: 651196a6-5918-4b08-99a5-23f22d51cc50
2026-07-16 01:33:57.781 9 INFO neutron.plugins.ml2.plugin [None req-6c2ac208-0920-445d-b3fb-a8ba9fc3c2ef - - - - - -] Attempt 1 to provision port 651196a6-5918-4b08-99a5-23f22d51cc50
2026-07-16 01:33:57.822 10 INFO neutron.db.ovn_revision_numbers_db [None req-00477b35-af87-4ebf-9213-ca9708f1971e d820dc69025e459489f1f963b7dcb981 6a2907b7dded4e32bb1f33dd1010ea75 - - default default] Successfully bumped revision number for resource 651196a6-5918-4b08-99a5-23f22d51cc50 (type: router_ports) to 1
2026-07-16 01:33:57.822 9 WARNING neutron.scheduler.dhcp_agent_scheduler [None req-923a10b1-c0a3-4339-9548-dba91fddbede 29d14dd939754b85979cfe1d34dd13de 274dee4bc0da41bc83d38e3111c0f076 - - default default] No more DHCP agents
2026-07-16 01:33:57.830 9 WARNING neutron.api.rpc.agentnotifiers.dhcp_rpc_agent_api [None req-923a10b1-c0a3-4339-9548-dba91fddbede 29d14dd939754b85979cfe1d34dd13de 274dee4bc0da41bc83d38e3111c0f076 - - default default] Unable to schedule network 3b3e7845-06b6-4141-9cca-08b82c76bec5: no agents available; will retry on subsequent port and subnet creation events.
2026-07-16 01:33:57.900 10 INFO neutron.db.ovn_revision_numbers_db [None req-2cedb3c7-3902-4764-b49f-a2548b67fd66 - - - - - -] Successfully bumped revision number for resource bab55fb9-9ce7-40aa-8e51-8dca01ef4276 (type: ports) to 4
2026-07-16 01:33:57.968 9 INFO neutron.db.ovn_revision_numbers_db [None req-923a10b1-c0a3-4339-9548-dba91fddbede 29d14dd939754b85979cfe1d34dd13de 274dee4bc0da41bc83d38e3111c0f076 - - default default] Successfully bumped revision number for resource 2f7a48ac-ef97-4d62-b7bc-b7cdd97437e0 (type: ports) to 1
2026-07-16 01:33:58.029 10 INFO neutron.db.ovn_revision_numbers_db [None req-00477b35-af87-4ebf-9213-ca9708f1971e d820dc69025e459489f1f963b7dcb981 6a2907b7dded4e32bb1f33dd1010ea75 - - default default] Successfully bumped revision number for resource 651196a6-5918-4b08-99a5-23f22d51cc50 (type: ports) to 1
2026-07-16 01:33:58.124 10 WARNING neutron.scheduler.dhcp_agent_scheduler [None req-00477b35-af87-4ebf-9213-ca9708f1971e d820dc69025e459489f1f963b7dcb981 6a2907b7dded4e32bb1f33dd1010ea75 - - default default] No more DHCP agents
2026-07-16 01:33:58.126 10 WARNING neutron.api.rpc.agentnotifiers.dhcp_rpc_agent_api [None req-00477b35-af87-4ebf-9213-ca9708f1971e d820dc69025e459489f1f963b7dcb981 6a2907b7dded4e32bb1f33dd1010ea75 - - default default] Unable to schedule network 24a0cb41-a695-4ebf-8518-ecdccb760df1: no agents available; will retry on subsequent port and subnet creation events.
2026-07-16 01:33:58.265 10 INFO neutron.db.ovn_revision_numbers_db [None req-2cedb3c7-3902-4764-b49f-a2548b67fd66 - - - - - -] Successfully bumped revision number for resource bab55fb9-9ce7-40aa-8e51-8dca01ef4276 (type: router_ports) to 4
2026-07-16 01:33:58.424 9 INFO neutron.db.ovn_revision_numbers_db [None req-6c2ac208-0920-445d-b3fb-a8ba9fc3c2ef - - - - - -] Successfully bumped revision number for resource 651196a6-5918-4b08-99a5-23f22d51cc50 (type: ports) to 2
2026-07-16 01:33:58.454 10 INFO neutron.db.ovn_revision_numbers_db [None req-32b6ab62-d6dc-408f-b8fe-01b944ac0442 1051ff34c4dd49aba52e47a0b2eaa6dc 6e303698ed934995a197ded478f1fe8a - - default default] Successfully bumped revision number for resource 0c6dba1e-5a93-4fb0-9848-c8acc969502a (type: security_groups) to 1
2026-07-16 01:33:58.477 10 INFO neutron.db.ovn_revision_numbers_db [None req-32b6ab62-d6dc-408f-b8fe-01b944ac0442 1051ff34c4dd49aba52e47a0b2eaa6dc 6e303698ed934995a197ded478f1fe8a - - default default] Successfully bumped revision number for resource 33ffe9d3-8e62-4a11-8932-6a1e6da7b8eb (type: security_group_rules) to 0
2026-07-16 01:33:58.508 10 INFO neutron.db.ovn_revision_numbers_db [None req-32b6ab62-d6dc-408f-b8fe-01b944ac0442 1051ff34c4dd49aba52e47a0b2eaa6dc 6e303698ed934995a197ded478f1fe8a - - default default] Successfully bumped revision number for resource 8075ffd6-066d-4166-9dec-dd6cd0acda8c (type: security_group_rules) to 0
2026-07-16 01:33:58.533 10 INFO neutron.db.ovn_revision_numbers_db [None req-32b6ab62-d6dc-408f-b8fe-01b944ac0442 1051ff34c4dd49aba52e47a0b2eaa6dc 6e303698ed934995a197ded478f1fe8a - - default default] Successfully bumped revision number for resource 87d5422f-587f-45ac-bb52-3025be84dbae (type: security_group_rules) to 0
2026-07-16 01:33:58.559 10 INFO neutron.db.ovn_revision_numbers_db [None req-32b6ab62-d6dc-408f-b8fe-01b944ac0442 1051ff34c4dd49aba52e47a0b2eaa6dc 6e303698ed934995a197ded478f1fe8a - - default default] Successfully bumped revision number for resource d7333acd-8df7-474c-970c-e8070bde9bf4 (type: security_group_rules) to 0
2026-07-16 01:33:58.590 9 INFO neutron.db.ovn_revision_numbers_db [None req-6c2ac208-0920-445d-b3fb-a8ba9fc3c2ef - - - - - -] Successfully bumped revision number for resource 651196a6-5918-4b08-99a5-23f22d51cc50 (type: router_ports) to 2
2026-07-16 01:33:58.624 10 INFO neutron.db.ovn_revision_numbers_db [None req-cbb76d2a-ddcd-4d94-a249-9760b94b3549 f8197a1329fe4fcda9e2482107614ccd 3abbbbb4cb0b4489ae72e12de6e43013 - - default default] Successfully bumped revision number for resource 4b702495-66a2-40b5-af60-db21eb61ca8d (type: security_groups) to 1
2026-07-16 01:33:58.653 10 INFO neutron.db.ovn_revision_numbers_db [None req-cbb76d2a-ddcd-4d94-a249-9760b94b3549 f8197a1329fe4fcda9e2482107614ccd 3abbbbb4cb0b4489ae72e12de6e43013 - - default default] Successfully bumped revision number for resource 3d685469-5362-463f-b070-c059cad40166 (type: security_group_rules) to 0
2026-07-16 01:33:58.687 10 INFO neutron.db.ovn_revision_numbers_db [None req-cbb76d2a-ddcd-4d94-a249-9760b94b3549 f8197a1329fe4fcda9e2482107614ccd 3abbbbb4cb0b4489ae72e12de6e43013 - - default default] Successfully bumped revision number for resource 60a12624-5d96-47d5-9b87-bb0cb064c21e (type: security_group_rules) to 0
2026-07-16 01:33:58.702 9 INFO neutron.db.ovn_revision_numbers_db [None req-923a10b1-c0a3-4339-9548-dba91fddbede 29d14dd939754b85979cfe1d34dd13de 274dee4bc0da41bc83d38e3111c0f076 - - default default] Successfully bumped revision number for resource 2f7a48ac-ef97-4d62-b7bc-b7cdd97437e0 (type: router_ports) to 1
2026-07-16 01:33:58.705 10 INFO neutron.db.ovn_revision_numbers_db [None req-32b6ab62-d6dc-408f-b8fe-01b944ac0442 1051ff34c4dd49aba52e47a0b2eaa6dc 6e303698ed934995a197ded478f1fe8a - - default default] Successfully bumped revision number for resource 644ee7b3-f004-4bfc-9585-7ad40bf788a8 (type: security_groups) to 1
2026-07-16 01:33:58.707 10 INFO neutron.db.ovn_revision_numbers_db [None req-cbb76d2a-ddcd-4d94-a249-9760b94b3549 f8197a1329fe4fcda9e2482107614ccd 3abbbbb4cb0b4489ae72e12de6e43013 - - default default] Successfully bumped revision number for resource 929bff53-f645-4508-a19c-d718a89f86ae (type: security_group_rules) to 0
2026-07-16 01:33:58.733 10 INFO neutron.db.ovn_revision_numbers_db [None req-cbb76d2a-ddcd-4d94-a249-9760b94b3549 f8197a1329fe4fcda9e2482107614ccd 3abbbbb4cb0b4489ae72e12de6e43013 - - default default] Successfully bumped revision number for resource 93cf8ef0-7a61-47d3-81c5-51d119779e05 (type: security_group_rules) to 0
2026-07-16 01:33:58.737 10 INFO neutron.db.ovn_revision_numbers_db [None req-32b6ab62-d6dc-408f-b8fe-01b944ac0442 1051ff34c4dd49aba52e47a0b2eaa6dc 6e303698ed934995a197ded478f1fe8a - - default default] Successfully bumped revision number for resource 4b521741-9721-4805-80b7-2cac265257a0 (type: security_group_rules) to 0
2026-07-16 01:33:58.768 10 INFO neutron.db.ovn_revision_numbers_db [None req-32b6ab62-d6dc-408f-b8fe-01b944ac0442 1051ff34c4dd49aba52e47a0b2eaa6dc 6e303698ed934995a197ded478f1fe8a - - default default] Successfully bumped revision number for resource 7d12a965-0e24-436e-93f1-3be398b8f6e6 (type: security_group_rules) to 0
2026-07-16 01:33:58.844 9 INFO neutron.db.ovn_revision_numbers_db [None req-923a10b1-c0a3-4339-9548-dba91fddbede 29d14dd939754b85979cfe1d34dd13de 274dee4bc0da41bc83d38e3111c0f076 - - default default] Successfully bumped revision number for resource 2f7a48ac-ef97-4d62-b7bc-b7cdd97437e0 (type: ports) to 1
2026-07-16 01:33:58.899 9 WARNING neutron.scheduler.dhcp_agent_scheduler [None req-923a10b1-c0a3-4339-9548-dba91fddbede 29d14dd939754b85979cfe1d34dd13de 274dee4bc0da41bc83d38e3111c0f076 - - default default] No more DHCP agents
2026-07-16 01:33:58.900 9 WARNING neutron.api.rpc.agentnotifiers.dhcp_rpc_agent_api [None req-923a10b1-c0a3-4339-9548-dba91fddbede 29d14dd939754b85979cfe1d34dd13de 274dee4bc0da41bc83d38e3111c0f076 - - default default] Unable to schedule network 3b3e7845-06b6-4141-9cca-08b82c76bec5: no agents available; will retry on subsequent port and subnet creation events.
2026-07-16 01:33:59.036 10 INFO neutron.wsgi [None req-32b6ab62-d6dc-408f-b8fe-01b944ac0442 1051ff34c4dd49aba52e47a0b2eaa6dc 6e303698ed934995a197ded478f1fe8a - - default default] 10.0.0.125 "POST /v2.0/security-groups HTTP/1.1" status: 201 len: 1760 time: 1.0296109
2026-07-16 01:33:59.072 10 INFO neutron.db.ovn_revision_numbers_db [None req-00477b35-af87-4ebf-9213-ca9708f1971e d820dc69025e459489f1f963b7dcb981 6a2907b7dded4e32bb1f33dd1010ea75 - - default default] Successfully bumped revision number for resource 651196a6-5918-4b08-99a5-23f22d51cc50 (type: router_ports) to 2
2026-07-16 01:33:59.074 9 INFO neutron.db.ovn_revision_numbers_db [None req-923a10b1-c0a3-4339-9548-dba91fddbede 29d14dd939754b85979cfe1d34dd13de 274dee4bc0da41bc83d38e3111c0f076 - - default default] Successfully bumped revision number for resource 2f7a48ac-ef97-4d62-b7bc-b7cdd97437e0 (type: router_ports) to 1
2026-07-16 01:33:59.074 10 INFO neutron.wsgi [None req-00477b35-af87-4ebf-9213-ca9708f1971e d820dc69025e459489f1f963b7dcb981 6a2907b7dded4e32bb1f33dd1010ea75 - - default default] 10.0.0.125 "PUT /v2.0/routers/086c0304-3e48-4f2a-b90a-f1afa42523b9/add_router_interface HTTP/1.1" status: 200 len: 503 time: 2.6366591
2026-07-16 01:33:59.076 9 INFO neutron.wsgi [None req-923a10b1-c0a3-4339-9548-dba91fddbede 29d14dd939754b85979cfe1d34dd13de 274dee4bc0da41bc83d38e3111c0f076 - - default default] 10.0.0.125 "PUT /v2.0/routers/4669da48-8938-4636-a986-4f966a7bad5a/add_router_interface HTTP/1.1" status: 200 len: 503 time: 1.6840477
2026-07-16 01:33:59.101 10 INFO neutron.plugins.ml2.drivers.ovn.mech_driver.mech_driver [None req-06b30248-a1f7-4ba9-98df-5168947f8074 - - - - - -] OVN reports status up for port: 2f7a48ac-ef97-4d62-b7bc-b7cdd97437e0
2026-07-16 01:33:59.113 10 INFO neutron.wsgi [None req-5aeee66c-838c-4edc-8237-64ffef06c24e 1051ff34c4dd49aba52e47a0b2eaa6dc 6e303698ed934995a197ded478f1fe8a - - default default] 10.0.0.125 "GET /v2.0/security-groups HTTP/1.1" status: 200 len: 4538 time: 0.0710673
2026-07-16 01:33:59.116 10 INFO neutron.plugins.ml2.plugin [None req-06b30248-a1f7-4ba9-98df-5168947f8074 - - - - - -] Attempt 1 to provision port 2f7a48ac-ef97-4d62-b7bc-b7cdd97437e0
2026-07-16 01:33:59.118 9 INFO neutron.wsgi [None req-7965dc1f-bbb2-45c8-897e-61089be0519a 29d14dd939754b85979cfe1d34dd13de 274dee4bc0da41bc83d38e3111c0f076 - - default default] 10.0.0.125 "GET /v2.0/ports/2f7a48ac-ef97-4d62-b7bc-b7cdd97437e0 HTTP/1.1" status: 200 len: 1139 time: 0.0368354
2026-07-16 01:33:59.127 10 INFO neutron.db.ovn_revision_numbers_db [None req-cbb76d2a-ddcd-4d94-a249-9760b94b3549 f8197a1329fe4fcda9e2482107614ccd 3abbbbb4cb0b4489ae72e12de6e43013 - - default default] Successfully bumped revision number for resource 69e03119-42d3-4012-baea-de7eda228aee (type: security_groups) to 1
2026-07-16 01:33:59.173 10 INFO neutron.db.ovn_revision_numbers_db [None req-cbb76d2a-ddcd-4d94-a249-9760b94b3549 f8197a1329fe4fcda9e2482107614ccd 3abbbbb4cb0b4489ae72e12de6e43013 - - default default] Successfully bumped revision number for resource 6f1891f4-bab8-48dc-9db8-f337d67cc3bc (type: security_group_rules) to 0
2026-07-16 01:33:59.191 9 INFO neutron.db.ovn_revision_numbers_db [None req-14f3e759-80bf-4680-a278-03979615b13d 1051ff34c4dd49aba52e47a0b2eaa6dc 6e303698ed934995a197ded478f1fe8a - - default default] Successfully bumped revision number for resource 644ee7b3-f004-4bfc-9585-7ad40bf788a8 (type: security_groups) to 2
2026-07-16 01:33:59.193 9 INFO neutron.wsgi [None req-14f3e759-80bf-4680-a278-03979615b13d 1051ff34c4dd49aba52e47a0b2eaa6dc 6e303698ed934995a197ded478f1fe8a - - default default] 10.0.0.125 "PUT /v2.0/security-groups/644ee7b3-f004-4bfc-9585-7ad40bf788a8 HTTP/1.1" status: 200 len: 1793 time: 0.0676551
2026-07-16 01:33:59.196 10 INFO neutron.db.ovn_revision_numbers_db [None req-cbb76d2a-ddcd-4d94-a249-9760b94b3549 f8197a1329fe4fcda9e2482107614ccd 3abbbbb4cb0b4489ae72e12de6e43013 - - default default] Successfully bumped revision number for resource 7e2f8633-08d0-4b70-8454-f344b64e7333 (type: security_group_rules) to 0
2026-07-16 01:33:59.224 9 INFO neutron.wsgi [None req-9b3fdf22-8e9e-46b1-af9d-77d9b33f8312 1051ff34c4dd49aba52e47a0b2eaa6dc 6e303698ed934995a197ded478f1fe8a - - default default] 10.0.0.125 "GET /v2.0/security-groups/644ee7b3-f004-4bfc-9585-7ad40bf788a8 HTTP/1.1" status: 200 len: 1793 time: 0.0244541
2026-07-16 01:33:59.245 10 INFO neutron.wsgi [None req-cbb76d2a-ddcd-4d94-a249-9760b94b3549 f8197a1329fe4fcda9e2482107614ccd 3abbbbb4cb0b4489ae72e12de6e43013 - - default default] 10.0.0.125 "POST /v2.0/security-groups HTTP/1.1" status: 201 len: 1761 time: 0.9186873
2026-07-16 01:33:59.291 9 INFO neutron.wsgi [None req-4e3cc350-9c67-4c5a-a82c-6f1903868a77 f8197a1329fe4fcda9e2482107614ccd 3abbbbb4cb0b4489ae72e12de6e43013 - - default default] 10.0.0.125 "GET /v2.0/security-groups HTTP/1.1" status: 200 len: 4539 time: 0.0422161
2026-07-16 01:33:59.355 9 INFO neutron.wsgi [None req-c4a892f3-6296-4cfb-a4d7-2160ffb8ff58 1051ff34c4dd49aba52e47a0b2eaa6dc 6e303698ed934995a197ded478f1fe8a - - default default] 10.0.0.125 "DELETE /v2.0/security-groups/644ee7b3-f004-4bfc-9585-7ad40bf788a8 HTTP/1.1" status: 204 len: 168 time: 0.1272283
2026-07-16 01:33:59.379 9 INFO neutron.db.ovn_revision_numbers_db [None req-cb397862-eded-41d2-a1ff-a4eeeef3833e f8197a1329fe4fcda9e2482107614ccd 3abbbbb4cb0b4489ae72e12de6e43013 - - default default] Successfully bumped revision number for resource 69e03119-42d3-4012-baea-de7eda228aee (type: security_groups) to 2
2026-07-16 01:33:59.381 9 INFO neutron.wsgi [None req-cb397862-eded-41d2-a1ff-a4eeeef3833e f8197a1329fe4fcda9e2482107614ccd 3abbbbb4cb0b4489ae72e12de6e43013 - - default default] 10.0.0.125 "PUT /v2.0/security-groups/69e03119-42d3-4012-baea-de7eda228aee HTTP/1.1" status: 200 len: 1794 time: 0.0836725
2026-07-16 01:33:59.406 9 INFO neutron.wsgi [None req-dd1ec1ad-457b-459b-a1b9-4e367ee79748 1051ff34c4dd49aba52e47a0b2eaa6dc 6e303698ed934995a197ded478f1fe8a - - default default] 10.0.0.125 "GET /v2.0/security-groups HTTP/1.1" status: 200 len: 2996 time: 0.0461397
2026-07-16 01:33:59.422 9 INFO neutron.wsgi [None req-6ec7bc58-1ec6-41e5-a3d6-67c3c956d5a4 f8197a1329fe4fcda9e2482107614ccd 3abbbbb4cb0b4489ae72e12de6e43013 - - default default] 10.0.0.125 "GET /v2.0/security-groups/69e03119-42d3-4012-baea-de7eda228aee HTTP/1.1" status: 200 len: 1794 time: 0.0355349
2026-07-16 01:33:59.423 9 INFO neutron.api.v2.resource [None req-c18ba830-14e2-4a09-82ce-25ac6a17f480 1051ff34c4dd49aba52e47a0b2eaa6dc 6e303698ed934995a197ded478f1fe8a - - default default] delete failed (client error): The resource could not be found.
2026-07-16 01:33:59.424 9 INFO neutron.wsgi [None req-c18ba830-14e2-4a09-82ce-25ac6a17f480 1051ff34c4dd49aba52e47a0b2eaa6dc 6e303698ed934995a197ded478f1fe8a - - default default] 10.0.0.125 "DELETE /v2.0/security-groups/644ee7b3-f004-4bfc-9585-7ad40bf788a8 HTTP/1.1" status: 404 len: 347 time: 0.0122507
2026-07-16 01:33:59.541 9 INFO neutron.db.ovn_revision_numbers_db [None req-8c6a4189-236c-47c4-9ec9-fa4d05f0ac02 1051ff34c4dd49aba52e47a0b2eaa6dc 6e303698ed934995a197ded478f1fe8a - - default default] Successfully bumped revision number for resource 98156cd0-9db5-48b9-bff6-233d50662769 (type: security_groups) to 1
2026-07-16 01:33:59.542 10 INFO neutron.db.ovn_revision_numbers_db [None req-06b30248-a1f7-4ba9-98df-5168947f8074 - - - - - -] Successfully bumped revision number for resource 2f7a48ac-ef97-4d62-b7bc-b7cdd97437e0 (type: ports) to 2
2026-07-16 01:33:59.555 9 INFO neutron.wsgi [None req-4002d2df-55e6-4951-8255-02df543db1bc f8197a1329fe4fcda9e2482107614ccd 3abbbbb4cb0b4489ae72e12de6e43013 - - default default] 10.0.0.125 "DELETE /v2.0/security-groups/69e03119-42d3-4012-baea-de7eda228aee HTTP/1.1" status: 204 len: 168 time: 0.1293595
2026-07-16 01:33:59.557 9 INFO neutron.db.ovn_revision_numbers_db [None req-8c6a4189-236c-47c4-9ec9-fa4d05f0ac02 1051ff34c4dd49aba52e47a0b2eaa6dc 6e303698ed934995a197ded478f1fe8a - - default default] Successfully bumped revision number for resource a4cc3922-3d7f-4f37-97bc-0efa29b92be9 (type: security_group_rules) to 0
2026-07-16 01:33:59.574 9 INFO neutron.db.ovn_revision_numbers_db [None req-8c6a4189-236c-47c4-9ec9-fa4d05f0ac02 1051ff34c4dd49aba52e47a0b2eaa6dc 6e303698ed934995a197ded478f1fe8a - - default default] Successfully bumped revision number for resource ffb0916b-325c-476e-b8eb-f221a5c58266 (type: security_group_rules) to 0
2026-07-16 01:33:59.592 9 INFO neutron.wsgi [None req-8c6a4189-236c-47c4-9ec9-fa4d05f0ac02 1051ff34c4dd49aba52e47a0b2eaa6dc 6e303698ed934995a197ded478f1fe8a - - default default] 10.0.0.125 "POST /v2.0/security-groups HTTP/1.1" status: 201 len: 1761 time: 0.1623137
2026-07-16 01:33:59.605 9 INFO neutron.wsgi [None req-8c205c5f-f002-4f83-af4d-977c5e809338 f8197a1329fe4fcda9e2482107614ccd 3abbbbb4cb0b4489ae72e12de6e43013 - - default default] 10.0.0.125 "GET /v2.0/security-groups HTTP/1.1" status: 200 len: 2996 time: 0.0466545
2026-07-16 01:33:59.621 9 INFO neutron.api.v2.resource [None req-b31945b3-5b68-4204-9753-d8f3d672faa7 f8197a1329fe4fcda9e2482107614ccd 3abbbbb4cb0b4489ae72e12de6e43013 - - default default] delete failed (client error): The resource could not be found.
2026-07-16 01:33:59.622 9 INFO neutron.wsgi [None req-b31945b3-5b68-4204-9753-d8f3d672faa7 f8197a1329fe4fcda9e2482107614ccd 3abbbbb4cb0b4489ae72e12de6e43013 - - default default] 10.0.0.125 "DELETE /v2.0/security-groups/69e03119-42d3-4012-baea-de7eda228aee HTTP/1.1" status: 404 len: 347 time: 0.0085447
2026-07-16 01:33:59.720 10 INFO neutron.db.ovn_revision_numbers_db [None req-06b30248-a1f7-4ba9-98df-5168947f8074 - - - - - -] Successfully bumped revision number for resource 2f7a48ac-ef97-4d62-b7bc-b7cdd97437e0 (type: router_ports) to 2
2026-07-16 01:33:59.727 9 INFO neutron.db.ovn_revision_numbers_db [None req-1be300a0-ea1a-4800-9355-69e18bb6a724 1051ff34c4dd49aba52e47a0b2eaa6dc 6e303698ed934995a197ded478f1fe8a - - default default] Successfully bumped revision number for resource f2da832f-df15-41fd-b0ca-7b9723ab5cae (type: security_group_rules) to 0
2026-07-16 01:33:59.739 10 WARNING neutron.scheduler.dhcp_agent_scheduler [None req-ee94b5a6-a5fa-45aa-bf9f-5c61a93fe21a 29d14dd939754b85979cfe1d34dd13de 274dee4bc0da41bc83d38e3111c0f076 - - default default] No more DHCP agents
2026-07-16 01:33:59.753 10 WARNING neutron.api.rpc.agentnotifiers.dhcp_rpc_agent_api [None req-ee94b5a6-a5fa-45aa-bf9f-5c61a93fe21a 29d14dd939754b85979cfe1d34dd13de 274dee4bc0da41bc83d38e3111c0f076 - - default default] Unable to schedule network a6367ae2-aa57-4c15-b6dd-dcbd87130de6: no agents available; will retry on subsequent port and subnet creation events.
2026-07-16 01:33:59.756 9 INFO neutron.wsgi [None req-1be300a0-ea1a-4800-9355-69e18bb6a724 1051ff34c4dd49aba52e47a0b2eaa6dc 6e303698ed934995a197ded478f1fe8a - - default default] 10.0.0.125 "POST /v2.0/security-group-rules HTTP/1.1" status: 201 len: 768 time: 0.1585453
2026-07-16 01:33:59.757 9 INFO neutron.db.ovn_revision_numbers_db [None req-d39dabcb-d4a0-48e5-aab4-bfff91b6fcf3 f8197a1329fe4fcda9e2482107614ccd 3abbbbb4cb0b4489ae72e12de6e43013 - - default default] Successfully bumped revision number for resource f57951ef-36bf-47ca-b712-0e42847a09ea (type: security_groups) to 1
2026-07-16 01:33:59.779 9 INFO neutron.wsgi [None req-b24efc11-4ff2-4a0c-a593-5fa0ec8f2922 1051ff34c4dd49aba52e47a0b2eaa6dc 6e303698ed934995a197ded478f1fe8a - - default default] 10.0.0.125 "GET /v2.0/security-group-rules/f2da832f-df15-41fd-b0ca-7b9723ab5cae HTTP/1.1" status: 200 len: 763 time: 0.0148408
2026-07-16 01:33:59.783 9 INFO neutron.db.ovn_revision_numbers_db [None req-d39dabcb-d4a0-48e5-aab4-bfff91b6fcf3 f8197a1329fe4fcda9e2482107614ccd 3abbbbb4cb0b4489ae72e12de6e43013 - - default default] Successfully bumped revision number for resource 425ea73c-c241-41cf-adf5-aa4935030e99 (type: security_group_rules) to 0
2026-07-16 01:33:59.805 9 INFO neutron.db.ovn_revision_numbers_db [None req-d39dabcb-d4a0-48e5-aab4-bfff91b6fcf3 f8197a1329fe4fcda9e2482107614ccd 3abbbbb4cb0b4489ae72e12de6e43013 - - default default] Successfully bumped revision number for resource 4c181e94-8856-421e-8821-2c9f76f3dadc (type: security_group_rules) to 0
2026-07-16 01:33:59.830 9 INFO neutron.wsgi [None req-d39dabcb-d4a0-48e5-aab4-bfff91b6fcf3 f8197a1329fe4fcda9e2482107614ccd 3abbbbb4cb0b4489ae72e12de6e43013 - - default default] 10.0.0.125 "POST /v2.0/security-groups HTTP/1.1" status: 201 len: 1761 time: 0.2023959
2026-07-16 01:33:59.853 10 INFO neutron.wsgi [None req-201587d0-4991-4974-8631-db04f28b43e3 1051ff34c4dd49aba52e47a0b2eaa6dc 6e303698ed934995a197ded478f1fe8a - - default default] 10.0.0.125 "GET /v2.0/security-group-rules HTTP/1.1" status: 200 len: 4113 time: 0.0683944
2026-07-16 01:33:59.916 10 INFO neutron.db.ovn_revision_numbers_db [None req-ee94b5a6-a5fa-45aa-bf9f-5c61a93fe21a 29d14dd939754b85979cfe1d34dd13de 274dee4bc0da41bc83d38e3111c0f076 - - default default] Successfully bumped revision number for resource 2661ea1b-8625-4e11-9c92-f70a4c24da67 (type: ports) to 1
2026-07-16 01:33:59.925 10 INFO neutron.db.ovn_revision_numbers_db [None req-d74e01a7-1b5a-4e7d-8492-56e1716a806b aebcedcff20c457291440065da7345cd 9b85c30888df47f6a1ec67dd7aab8cb1 - - default default] Successfully bumped revision number for resource 023ad3a2-775b-42c1-a246-dced7fa81737 (type: security_groups) to 1
2026-07-16 01:33:59.953 9 INFO neutron.db.ovn_revision_numbers_db [None req-d8b99ac3-1fa5-4aeb-99ac-91646b1f1f35 f8197a1329fe4fcda9e2482107614ccd 3abbbbb4cb0b4489ae72e12de6e43013 - - default default] Successfully bumped revision number for resource b645105a-15d5-4276-b12a-b57932e998b4 (type: security_group_rules) to 0
2026-07-16 01:33:59.958 10 INFO neutron.db.ovn_revision_numbers_db [None req-d74e01a7-1b5a-4e7d-8492-56e1716a806b aebcedcff20c457291440065da7345cd 9b85c30888df47f6a1ec67dd7aab8cb1 - - default default] Successfully bumped revision number for resource 24c1bc86-3be9-40f4-932a-899e6458a95d (type: security_group_rules) to 0
2026-07-16 01:33:59.973 9 INFO neutron.wsgi [None req-d8b99ac3-1fa5-4aeb-99ac-91646b1f1f35 f8197a1329fe4fcda9e2482107614ccd 3abbbbb4cb0b4489ae72e12de6e43013 - - default default] 10.0.0.125 "POST /v2.0/security-group-rules HTTP/1.1" status: 201 len: 768 time: 0.1377873
2026-07-16 01:33:59.975 10 INFO neutron.db.ovn_revision_numbers_db [None req-d74e01a7-1b5a-4e7d-8492-56e1716a806b aebcedcff20c457291440065da7345cd 9b85c30888df47f6a1ec67dd7aab8cb1 - - default default] Successfully bumped revision number for resource 7f38484c-146a-45a9-9603-5f0b14b1761b (type: security_group_rules) to 0
2026-07-16 01:33:59.993 9 INFO neutron.wsgi [None req-c8ab0e60-a216-42e8-a915-41eb1a7ec6a1 1051ff34c4dd49aba52e47a0b2eaa6dc 6e303698ed934995a197ded478f1fe8a - - default default] 10.0.0.125 "DELETE /v2.0/security-group-rules/f2da832f-df15-41fd-b0ca-7b9723ab5cae HTTP/1.1" status: 204 len: 168 time: 0.1316686
2026-07-16 01:33:59.995 9 INFO neutron.wsgi [None req-1ea52706-8823-413d-b9b6-ab7f2eafd243 f8197a1329fe4fcda9e2482107614ccd 3abbbbb4cb0b4489ae72e12de6e43013 - - default default] 10.0.0.125 "GET /v2.0/security-group-rules/b645105a-15d5-4276-b12a-b57932e998b4 HTTP/1.1" status: 200 len: 763 time: 0.0159857
2026-07-16 01:34:00.002 10 INFO neutron.wsgi [None req-d74e01a7-1b5a-4e7d-8492-56e1716a806b aebcedcff20c457291440065da7345cd 9b85c30888df47f6a1ec67dd7aab8cb1 - - default default] 10.0.0.125 "POST /v2.0/security-groups HTTP/1.1" status: 201 len: 1795 time: 0.2655327
2026-07-16 01:34:00.034 9 INFO neutron.wsgi [None req-dca7f6b8-57c8-4686-8442-d9e7924ffc5a f8197a1329fe4fcda9e2482107614ccd 3abbbbb4cb0b4489ae72e12de6e43013 - - default default] 10.0.0.125 "GET /v2.0/security-group-rules HTTP/1.1" status: 200 len: 4113 time: 0.0352638
2026-07-16 01:34:00.045 10 INFO neutron.wsgi [None req-fbe06c60-9fc0-48c1-8122-d59afc825d2a 1051ff34c4dd49aba52e47a0b2eaa6dc 6e303698ed934995a197ded478f1fe8a - - default default] 10.0.0.125 "GET /v2.0/security-group-rules HTTP/1.1" status: 200 len: 3567 time: 0.0456517
2026-07-16 01:34:00.150 9 INFO neutron.db.ovn_revision_numbers_db [None req-24acbbc1-b9b1-4190-a4e1-e168c9e01b7d aebcedcff20c457291440065da7345cd 9b85c30888df47f6a1ec67dd7aab8cb1 - - default default] Successfully bumped revision number for resource c37e96c8-4c83-41a1-bdb6-9cba68bc5a7d (type: security_group_rules) to 0
2026-07-16 01:34:00.168 9 INFO neutron.wsgi [None req-b154f7d2-1341-49da-8243-adb36705d581 f8197a1329fe4fcda9e2482107614ccd 3abbbbb4cb0b4489ae72e12de6e43013 - - default default] 10.0.0.125 "DELETE /v2.0/security-group-rules/b645105a-15d5-4276-b12a-b57932e998b4 HTTP/1.1" status: 204 len: 168 time: 0.1278820
2026-07-16 01:34:00.174 9 INFO neutron.wsgi [None req-24acbbc1-b9b1-4190-a4e1-e168c9e01b7d aebcedcff20c457291440065da7345cd 9b85c30888df47f6a1ec67dd7aab8cb1 - - default default] 10.0.0.125 "POST /v2.0/security-group-rules HTTP/1.1" status: 201 len: 764 time: 0.1682861
2026-07-16 01:34:00.242 10 INFO neutron.wsgi [None req-bd72c5db-51f8-47fd-b749-e2d07d7856e9 f8197a1329fe4fcda9e2482107614ccd 3abbbbb4cb0b4489ae72e12de6e43013 - - default default] 10.0.0.125 "GET /v2.0/security-group-rules HTTP/1.1" status: 200 len: 3567 time: 0.0685022
2026-07-16 01:34:00.243 10 INFO neutron.db.ovn_revision_numbers_db [None req-d9dcadd4-f53c-4014-ad67-0a02e6576ca7 1051ff34c4dd49aba52e47a0b2eaa6dc 6e303698ed934995a197ded478f1fe8a - - default default] Successfully bumped revision number for resource 9a626b99-ed0a-4529-8935-52290bd4137c (type: security_group_rules) to 0
2026-07-16 01:34:00.275 10 INFO neutron.wsgi [None req-d9dcadd4-f53c-4014-ad67-0a02e6576ca7 1051ff34c4dd49aba52e47a0b2eaa6dc 6e303698ed934995a197ded478f1fe8a - - default default] 10.0.0.125 "POST /v2.0/security-group-rules HTTP/1.1" status: 201 len: 768 time: 0.2253377
2026-07-16 01:34:00.301 9 INFO neutron.wsgi [None req-d162f949-d73d-45f9-863b-8d573570a2f5 1051ff34c4dd49aba52e47a0b2eaa6dc 6e303698ed934995a197ded478f1fe8a - - default default] 10.0.0.125 "GET /v2.0/security-group-rules/9a626b99-ed0a-4529-8935-52290bd4137c HTTP/1.1" status: 200 len: 763 time: 0.0197589
2026-07-16 01:34:00.315 9 INFO neutron.db.ovn_revision_numbers_db [None req-fe101583-ed6f-4963-abbc-bee663c61c9f aebcedcff20c457291440065da7345cd 9b85c30888df47f6a1ec67dd7aab8cb1 - - default default] Successfully bumped revision number for resource f40354d0-d217-41d3-bca5-bed0d1f86a08 (type: security_group_rules) to 0
2026-07-16 01:34:00.352 9 INFO neutron.wsgi [None req-fe101583-ed6f-4963-abbc-bee663c61c9f aebcedcff20c457291440065da7345cd 9b85c30888df47f6a1ec67dd7aab8cb1 - - default default] 10.0.0.125 "POST /v2.0/security-group-rules HTTP/1.1" status: 201 len: 769 time: 0.1743004
2026-07-16 01:34:00.360 9 INFO neutron.wsgi [None req-145fb58c-461c-4a14-8576-535e69729022 1051ff34c4dd49aba52e47a0b2eaa6dc 6e303698ed934995a197ded478f1fe8a - - default default] 10.0.0.125 "GET /v2.0/security-group-rules HTTP/1.1" status: 200 len: 4113 time: 0.0543554
2026-07-16 01:34:00.417 9 INFO neutron.db.ovn_revision_numbers_db [None req-6bf6346a-b0a9-4299-9b0e-7f9cbdb3fdc8 f8197a1329fe4fcda9e2482107614ccd 3abbbbb4cb0b4489ae72e12de6e43013 - - default default] Successfully bumped revision number for resource 245e865b-78ff-4435-ac08-9ee355b305d7 (type: security_group_rules) to 0
2026-07-16 01:34:00.456 9 INFO neutron.wsgi [None req-6bf6346a-b0a9-4299-9b0e-7f9cbdb3fdc8 f8197a1329fe4fcda9e2482107614ccd 3abbbbb4cb0b4489ae72e12de6e43013 - - default default] 10.0.0.125 "POST /v2.0/security-group-rules HTTP/1.1" status: 201 len: 768 time: 0.2083697
2026-07-16 01:34:00.476 9 INFO neutron.wsgi [None req-cb790e46-835e-453e-823a-b70b0db5874d f8197a1329fe4fcda9e2482107614ccd 3abbbbb4cb0b4489ae72e12de6e43013 - - default default] 10.0.0.125 "GET /v2.0/security-group-rules/245e865b-78ff-4435-ac08-9ee355b305d7 HTTP/1.1" status: 200 len: 763 time: 0.0140018
2026-07-16 01:34:00.490 10 INFO neutron.db.ovn_revision_numbers_db [None req-ee94b5a6-a5fa-45aa-bf9f-5c61a93fe21a 29d14dd939754b85979cfe1d34dd13de 274dee4bc0da41bc83d38e3111c0f076 - - default default] Successfully bumped revision number for resource 2661ea1b-8625-4e11-9c92-f70a4c24da67 (type: router_ports) to 1
2026-07-16 01:34:00.499 9 INFO neutron.wsgi [None req-039ba598-05fd-47db-8363-9f14ff42d1ee 1051ff34c4dd49aba52e47a0b2eaa6dc 6e303698ed934995a197ded478f1fe8a - - default default] 10.0.0.125 "DELETE /v2.0/security-group-rules/9a626b99-ed0a-4529-8935-52290bd4137c HTTP/1.1" status: 204 len: 168 time: 0.1336455
2026-07-16 01:34:00.520 9 INFO neutron.wsgi [None req-42e8df1b-9195-46b2-8f68-37ad24dec53b f8197a1329fe4fcda9e2482107614ccd 3abbbbb4cb0b4489ae72e12de6e43013 - - default default] 10.0.0.125 "GET /v2.0/security-group-rules HTTP/1.1" status: 200 len: 4113 time: 0.0394676
2026-07-16 01:34:00.549 9 INFO neutron.wsgi [None req-3d44d026-d888-407f-a33a-3d2405ddebea 1051ff34c4dd49aba52e47a0b2eaa6dc 6e303698ed934995a197ded478f1fe8a - - default default] 10.0.0.125 "GET /v2.0/security-group-rules HTTP/1.1" status: 200 len: 3567 time: 0.0446596
2026-07-16 01:34:00.576 9 INFO neutron.db.securitygroups_db [None req-1762fae2-1545-4d8f-86f6-936825af5b0b 1051ff34c4dd49aba52e47a0b2eaa6dc 6e303698ed934995a197ded478f1fe8a - - default default] Project 6e303698ed934995a197ded478f1fe8a added a security group rule with legacy IPv6 ICMP protocol name icmp, ipv6-icmp should be used instead. It was automatically converted.
2026-07-16 01:34:00.635 10 INFO neutron.db.ovn_revision_numbers_db [None req-ee94b5a6-a5fa-45aa-bf9f-5c61a93fe21a 29d14dd939754b85979cfe1d34dd13de 274dee4bc0da41bc83d38e3111c0f076 - - default default] Successfully bumped revision number for resource 2661ea1b-8625-4e11-9c92-f70a4c24da67 (type: ports) to 1
2026-07-16 01:34:00.639 9 INFO neutron.wsgi [None req-65b46fdf-7ca0-43c2-b78f-5cf064db7479 f8197a1329fe4fcda9e2482107614ccd 3abbbbb4cb0b4489ae72e12de6e43013 - - default default] 10.0.0.125 "DELETE /v2.0/security-group-rules/245e865b-78ff-4435-ac08-9ee355b305d7 HTTP/1.1" status: 204 len: 168 time: 0.1141875
2026-07-16 01:34:00.668 9 INFO neutron.db.ovn_revision_numbers_db [None req-1762fae2-1545-4d8f-86f6-936825af5b0b 1051ff34c4dd49aba52e47a0b2eaa6dc 6e303698ed934995a197ded478f1fe8a - - default default] Successfully bumped revision number for resource fad3c28c-6957-40ea-b3f7-5f7a1521a789 (type: security_group_rules) to 0
2026-07-16 01:34:00.678 10 WARNING neutron.scheduler.dhcp_agent_scheduler [None req-fd4ce3c2-690f-4f24-b394-10ca4bf5ba6b aebcedcff20c457291440065da7345cd 9b85c30888df47f6a1ec67dd7aab8cb1 - - default default] No more DHCP agents
2026-07-16 01:34:00.683 10 WARNING neutron.api.rpc.agentnotifiers.dhcp_rpc_agent_api [None req-fd4ce3c2-690f-4f24-b394-10ca4bf5ba6b aebcedcff20c457291440065da7345cd 9b85c30888df47f6a1ec67dd7aab8cb1 - - default default] Unable to schedule network 41e2105a-107e-4de7-ab90-5ea035ee11ee: no agents available; will retry on subsequent port and subnet creation events.
2026-07-16 01:34:00.696 9 INFO neutron.wsgi [None req-94df2c92-551c-46e3-a25b-6e2f6eae9a3c f8197a1329fe4fcda9e2482107614ccd 3abbbbb4cb0b4489ae72e12de6e43013 - - default default] 10.0.0.125 "GET /v2.0/security-group-rules HTTP/1.1" status: 200 len: 3567 time: 0.0500247
2026-07-16 01:34:00.702 9 INFO neutron.wsgi [None req-1762fae2-1545-4d8f-86f6-936825af5b0b 1051ff34c4dd49aba52e47a0b2eaa6dc 6e303698ed934995a197ded478f1fe8a - - default default] 10.0.0.125 "POST /v2.0/security-group-rules HTTP/1.1" status: 201 len: 774 time: 0.1479125
2026-07-16 01:34:00.725 9 INFO neutron.wsgi [None req-b63dbaf4-31da-4390-9b06-2c089bc50609 1051ff34c4dd49aba52e47a0b2eaa6dc 6e303698ed934995a197ded478f1fe8a - - default default] 10.0.0.125 "GET /v2.0/security-group-rules/fad3c28c-6957-40ea-b3f7-5f7a1521a789 HTTP/1.1" status: 200 len: 769 time: 0.0161340
2026-07-16 01:34:00.749 10 WARNING neutron.scheduler.dhcp_agent_scheduler [None req-ee94b5a6-a5fa-45aa-bf9f-5c61a93fe21a 29d14dd939754b85979cfe1d34dd13de 274dee4bc0da41bc83d38e3111c0f076 - - default default] No more DHCP agents
2026-07-16 01:34:00.752 10 WARNING neutron.api.rpc.agentnotifiers.dhcp_rpc_agent_api [None req-ee94b5a6-a5fa-45aa-bf9f-5c61a93fe21a 29d14dd939754b85979cfe1d34dd13de 274dee4bc0da41bc83d38e3111c0f076 - - default default] Unable to schedule network a6367ae2-aa57-4c15-b6dd-dcbd87130de6: no agents available; will retry on subsequent port and subnet creation events.
2026-07-16 01:34:00.798 9 INFO neutron.wsgi [None req-bc871d06-7269-448c-accb-b0a7055c237c 1051ff34c4dd49aba52e47a0b2eaa6dc 6e303698ed934995a197ded478f1fe8a - - default default] 10.0.0.125 "GET /v2.0/security-group-rules HTTP/1.1" status: 200 len: 4119 time: 0.0663929
2026-07-16 01:34:00.908 9 INFO neutron.wsgi [None req-5de5675c-6d5d-4171-80e0-4009b8abe781 1051ff34c4dd49aba52e47a0b2eaa6dc 6e303698ed934995a197ded478f1fe8a - - default default] 10.0.0.125 "DELETE /v2.0/security-group-rules/fad3c28c-6957-40ea-b3f7-5f7a1521a789 HTTP/1.1" status: 204 len: 168 time: 0.1028640
2026-07-16 01:34:00.950 9 INFO neutron.wsgi [None req-e5da52e4-7bc9-4cb1-95dd-a3e0b6f73bb1 1051ff34c4dd49aba52e47a0b2eaa6dc 6e303698ed934995a197ded478f1fe8a - - default default] 10.0.0.125 "GET /v2.0/security-group-rules HTTP/1.1" status: 200 len: 3567 time: 0.0379224
2026-07-16 01:34:01.072 9 INFO neutron.wsgi [None req-158a85d5-f3ca-4db6-8ee8-b7e563cf99bd 1051ff34c4dd49aba52e47a0b2eaa6dc 6e303698ed934995a197ded478f1fe8a - - default default] 10.0.0.125 "DELETE /v2.0/security-groups/98156cd0-9db5-48b9-bff6-233d50662769 HTTP/1.1" status: 204 len: 168 time: 0.1170590
2026-07-16 01:34:01.122 9 INFO neutron.wsgi [None req-8b201412-5737-44ed-b7b1-5c1d72bd26a6 1051ff34c4dd49aba52e47a0b2eaa6dc 6e303698ed934995a197ded478f1fe8a - - default default] 10.0.0.125 "GET /v2.0/security-groups HTTP/1.1" status: 200 len: 2996 time: 0.0439956
2026-07-16 01:34:01.163 10 INFO neutron.db.ovn_revision_numbers_db [None req-0d32e3fe-3c8a-413e-97eb-580ee15e008f f8197a1329fe4fcda9e2482107614ccd 3abbbbb4cb0b4489ae72e12de6e43013 - - default default] Successfully bumped revision number for resource 70b517f3-de7a-4405-bd11-aa368015c8ba (type: security_group_rules) to 0
2026-07-16 01:34:01.183 9 INFO neutron.wsgi [None req-c18888c3-5e17-4101-98cd-99c70c8df232 1051ff34c4dd49aba52e47a0b2eaa6dc 6e303698ed934995a197ded478f1fe8a - - default default] 10.0.0.125 "GET /v2.0/security-groups HTTP/1.1" status: 200 len: 2996 time: 0.0454645
2026-07-16 01:34:01.203 10 INFO neutron.wsgi [None req-0d32e3fe-3c8a-413e-97eb-580ee15e008f f8197a1329fe4fcda9e2482107614ccd 3abbbbb4cb0b4489ae72e12de6e43013 - - default default] 10.0.0.125 "POST /v2.0/security-group-rules HTTP/1.1" status: 201 len: 769 time: 0.5027506
2026-07-16 01:34:01.223 9 INFO neutron.wsgi [None req-10853b4e-9730-4c7d-a9d3-29727ede5300 f8197a1329fe4fcda9e2482107614ccd 3abbbbb4cb0b4489ae72e12de6e43013 - - default default] 10.0.0.125 "GET /v2.0/security-group-rules/70b517f3-de7a-4405-bd11-aa368015c8ba HTTP/1.1" status: 200 len: 764 time: 0.0116827
2026-07-16 01:34:01.235 10 INFO neutron.db.ovn_revision_numbers_db [None req-ee94b5a6-a5fa-45aa-bf9f-5c61a93fe21a 29d14dd939754b85979cfe1d34dd13de 274dee4bc0da41bc83d38e3111c0f076 - - default default] Successfully bumped revision number for resource 2661ea1b-8625-4e11-9c92-f70a4c24da67 (type: router_ports) to 1
2026-07-16 01:34:01.237 10 INFO neutron.wsgi [None req-ee94b5a6-a5fa-45aa-bf9f-5c61a93fe21a 29d14dd939754b85979cfe1d34dd13de 274dee4bc0da41bc83d38e3111c0f076 - - default default] 10.0.0.125 "PUT /v2.0/routers/4669da48-8938-4636-a986-4f966a7bad5a/add_router_interface HTTP/1.1" status: 200 len: 503 time: 2.1113801
2026-07-16 01:34:01.274 9 INFO neutron.wsgi [None req-0c9d72f0-e908-4c37-b392-f2689a7f99b9 29d14dd939754b85979cfe1d34dd13de 274dee4bc0da41bc83d38e3111c0f076 - - default default] 10.0.0.125 "GET /v2.0/ports/2661ea1b-8625-4e11-9c92-f70a4c24da67 HTTP/1.1" status: 200 len: 1147 time: 0.0313246
2026-07-16 01:34:01.280 9 INFO neutron.wsgi [None req-7466703c-e215-4ea4-9269-f428ef4b2692 f8197a1329fe4fcda9e2482107614ccd 3abbbbb4cb0b4489ae72e12de6e43013 - - default default] 10.0.0.125 "GET /v2.0/security-group-rules HTTP/1.1" status: 200 len: 4114 time: 0.0526998
2026-07-16 01:34:01.361 10 INFO neutron.db.ovn_revision_numbers_db [None req-fd4ce3c2-690f-4f24-b394-10ca4bf5ba6b aebcedcff20c457291440065da7345cd 9b85c30888df47f6a1ec67dd7aab8cb1 - - default default] Successfully bumped revision number for resource 1996703c-15d7-4518-ad4e-3a45b12ce883 (type: floatingips) to 0
2026-07-16 01:34:01.376 10 INFO neutron.wsgi [None req-267e9514-dabb-4c78-b4bf-54a1e8e25007 29d14dd939754b85979cfe1d34dd13de 274dee4bc0da41bc83d38e3111c0f076 - - default default] 10.0.0.125 "GET /v2.0/ports/2661ea1b-8625-4e11-9c92-f70a4c24da67 HTTP/1.1" status: 200 len: 1147 time: 0.0924976
2026-07-16 01:34:01.379 10 INFO neutron.wsgi [None req-fd4ce3c2-690f-4f24-b394-10ca4bf5ba6b aebcedcff20c457291440065da7345cd 9b85c30888df47f6a1ec67dd7aab8cb1 - - default default] 10.0.0.125 "POST /v2.0/floatingips HTTP/1.1" status: 201 len: 751 time: 1.0209510
2026-07-16 01:34:01.394 9 INFO neutron.wsgi [None req-2d837a04-aff5-4d4f-8b86-a1e3a6caf457 f8197a1329fe4fcda9e2482107614ccd 3abbbbb4cb0b4489ae72e12de6e43013 - - default default] 10.0.0.125 "DELETE /v2.0/security-group-rules/70b517f3-de7a-4405-bd11-aa368015c8ba HTTP/1.1" status: 204 len: 168 time: 0.1097071
2026-07-16 01:34:01.427 9 INFO neutron.wsgi [None req-858b02e4-4bb7-4c0f-8af5-7bdcfb6ba9af f8197a1329fe4fcda9e2482107614ccd 3abbbbb4cb0b4489ae72e12de6e43013 - - default default] 10.0.0.125 "GET /v2.0/security-group-rules HTTP/1.1" status: 200 len: 3567 time: 0.0292447
2026-07-16 01:34:01.543 10 INFO neutron.wsgi [None req-9383a657-6411-4d7f-af91-6ea171fddb06 f8197a1329fe4fcda9e2482107614ccd 3abbbbb4cb0b4489ae72e12de6e43013 - - default default] 10.0.0.125 "DELETE /v2.0/security-groups/f57951ef-36bf-47ca-b712-0e42847a09ea HTTP/1.1" status: 204 len: 168 time: 0.1102879
2026-07-16 01:34:01.575 10 INFO neutron.wsgi [None req-08b48eb7-489a-4d7e-9b39-6f75725a6852 f8197a1329fe4fcda9e2482107614ccd 3abbbbb4cb0b4489ae72e12de6e43013 - - default default] 10.0.0.125 "GET /v2.0/security-groups HTTP/1.1" status: 200 len: 2996 time: 0.0270054
2026-07-16 01:34:01.607 10 INFO neutron.wsgi [None req-09a797bd-18fd-446f-bd60-e33674b79ac3 f8197a1329fe4fcda9e2482107614ccd 3abbbbb4cb0b4489ae72e12de6e43013 - - default default] 10.0.0.125 "GET /v2.0/security-groups HTTP/1.1" status: 200 len: 2996 time: 0.0269942
2026-07-16 01:34:01.857 9 INFO neutron.wsgi [req-9b58e81d-0072-4ce1-9edd-a9bc00dcc729 req-bb67df00-f6c9-4ff0-a72a-dbbbd0d1f255 aebcedcff20c457291440065da7345cd 9b85c30888df47f6a1ec67dd7aab8cb1 - - default default] 10.0.0.253 "GET /v2.0/security-groups?name=tempest-securitygroup--1030321760&fields=id&tenant_id=9b85c30888df47f6a1ec67dd7aab8cb1 HTTP/1.1" status: 200 len: 267 time: 0.0432007
2026-07-16 01:34:01.925 9 INFO neutron.wsgi [req-9b58e81d-0072-4ce1-9edd-a9bc00dcc729 req-186aca12-29c5-47aa-b116-87d758c348ab aebcedcff20c457291440065da7345cd 9b85c30888df47f6a1ec67dd7aab8cb1 - - default default] 10.0.0.253 "GET /v2.0/networks?id=24a0cb41-a695-4ebf-8518-ecdccb760df1 HTTP/1.1" status: 200 len: 874 time: 0.0600374
2026-07-16 01:34:01.944 9 INFO neutron.wsgi [req-9b58e81d-0072-4ce1-9edd-a9bc00dcc729 req-a523e413-6c78-43db-b2ea-d6d782b87f1e aebcedcff20c457291440065da7345cd 9b85c30888df47f6a1ec67dd7aab8cb1 - - default default] 10.0.0.253 "GET /v2.0/quotas/9b85c30888df47f6a1ec67dd7aab8cb1 HTTP/1.1" status: 200 len: 386 time: 0.0119348
2026-07-16 01:34:01.997 9 INFO neutron.wsgi [None req-2a37af61-8836-4607-83d2-6f4e716146e3 d820dc69025e459489f1f963b7dcb981 6a2907b7dded4e32bb1f33dd1010ea75 - - default default] 10.0.0.125 "GET /v2.0/security-groups?tenant_id=6e303698ed934995a197ded478f1fe8a&name=default HTTP/1.1" status: 200 len: 2996 time: 0.2728364
2026-07-16 01:34:02.051 9 INFO neutron.wsgi [req-9b58e81d-0072-4ce1-9edd-a9bc00dcc729 req-5bc54a27-9f2c-4b6c-be0f-02cf76e83b13 aebcedcff20c457291440065da7345cd 9b85c30888df47f6a1ec67dd7aab8cb1 - - default default] 10.0.0.253 "GET /v2.0/ports?tenant_id=9b85c30888df47f6a1ec67dd7aab8cb1&fields=id HTTP/1.1" status: 200 len: 302 time: 0.0991805
2026-07-16 01:34:02.071 9 WARNING keystonemiddleware.audit [req-9b58e81d-0072-4ce1-9edd-a9bc00dcc729 req-5bc54a27-9f2c-4b6c-be0f-02cf76e83b13 aebcedcff20c457291440065da7345cd 9b85c30888df47f6a1ec67dd7aab8cb1 - - default default] Skipping service tempest-service-2137609174 as it have no endpoints.
2026-07-16 01:34:02.139 9 INFO neutron.wsgi [req-9b58e81d-0072-4ce1-9edd-a9bc00dcc729 req-9e961fda-399d-434a-9e2c-7965d68e1180 f2009d61f05c4ebfa692b82a4d8d0e5d bddf8de969774b3bbb48bd698541de3e - - 77a314461d9143cd92d4acfd3cd81ae8 77a314461d9143cd92d4acfd3cd81ae8] 10.0.0.253 "GET /v2.0/networks/24a0cb41-a695-4ebf-8518-ecdccb760df1?fields=segments HTTP/1.1" status: 200 len: 212 time: 0.0713112
2026-07-16 01:34:02.151 10 INFO neutron.wsgi [None req-c67918ef-a874-4ff7-9d43-0a2cefa6c236 d820dc69025e459489f1f963b7dcb981 6a2907b7dded4e32bb1f33dd1010ea75 - - default default] 10.0.0.125 "GET /v2.0/security-groups?tenant_id=3abbbbb4cb0b4489ae72e12de6e43013&name=default HTTP/1.1" status: 200 len: 2996 time: 0.0765884
2026-07-16 01:34:02.151 9 WARNING keystonemiddleware.audit [req-9b58e81d-0072-4ce1-9edd-a9bc00dcc729 req-9e961fda-399d-434a-9e2c-7965d68e1180 f2009d61f05c4ebfa692b82a4d8d0e5d bddf8de969774b3bbb48bd698541de3e - - 77a314461d9143cd92d4acfd3cd81ae8 77a314461d9143cd92d4acfd3cd81ae8] Skipping service tempest-service-2137609174 as it have no endpoints.
2026-07-16 01:34:02.195 10 INFO neutron.wsgi [None req-e42bbc07-508f-4e3d-944b-073341d4cae8 d820dc69025e459489f1f963b7dcb981 6a2907b7dded4e32bb1f33dd1010ea75 - - default default] 10.0.0.125 "DELETE /v2.0/security-groups/0c6dba1e-5a93-4fb0-9848-c8acc969502a HTTP/1.1" status: 204 len: 168 time: 0.1901753
2026-07-16 01:34:02.222 9 INFO neutron.wsgi [req-9b58e81d-0072-4ce1-9edd-a9bc00dcc729 req-7d4ec03d-e9b3-460f-9173-83bbba40d204 f2009d61f05c4ebfa692b82a4d8d0e5d bddf8de969774b3bbb48bd698541de3e - - 77a314461d9143cd92d4acfd3cd81ae8 77a314461d9143cd92d4acfd3cd81ae8] 10.0.0.253 "GET /v2.0/networks/24a0cb41-a695-4ebf-8518-ecdccb760df1?fields=provider%3Aphysical_network&fields=provider%3Anetwork_type HTTP/1.1" status: 200 len: 277 time: 0.0750954
2026-07-16 01:34:02.358 9 INFO neutron.wsgi [None req-442c8d80-40ef-495f-9b35-41742be07d9a d820dc69025e459489f1f963b7dcb981 6a2907b7dded4e32bb1f33dd1010ea75 - - default default] 10.0.0.125 "DELETE /v2.0/security-groups/4b702495-66a2-40b5-af60-db21eb61ca8d HTTP/1.1" status: 204 len: 168 time: 0.2000554
2026-07-16 01:34:02.366 9 INFO neutron.wsgi [req-c95b5919-00e9-4f57-bf90-196b96efad28 req-77584178-cea7-4956-932d-fbc46d123034 aebcedcff20c457291440065da7345cd 9b85c30888df47f6a1ec67dd7aab8cb1 - - default default] 10.0.0.253 "GET /v2.0/ports?device_id=10217458-a04b-4ff7-9f51-67a008a9e92c HTTP/1.1" status: 200 len: 210 time: 0.0200899
2026-07-16 01:34:02.491 9 INFO neutron.wsgi [None req-e7b4aea5-7ed9-4d3f-866f-dc9996fc10b3 29d14dd939754b85979cfe1d34dd13de 274dee4bc0da41bc83d38e3111c0f076 - - default default] 10.0.0.125 "GET /v2.0/ports/2661ea1b-8625-4e11-9c92-f70a4c24da67 HTTP/1.1" status: 200 len: 1147 time: 0.1097691
2026-07-16 01:34:03.114 10 INFO neutron.wsgi [req-9b58e81d-0072-4ce1-9edd-a9bc00dcc729 req-795f0ee6-bb10-4c81-a6db-fb8eb57bd9fe aebcedcff20c457291440065da7345cd 9b85c30888df47f6a1ec67dd7aab8cb1 - - default default] 199.204.45.53 "GET /v2.0/networks?id=24a0cb41-a695-4ebf-8518-ecdccb760df1 HTTP/1.1" status: 200 len: 874 time: 0.0636637
2026-07-16 01:34:03.164 10 INFO neutron.wsgi [req-9b58e81d-0072-4ce1-9edd-a9bc00dcc729 req-118c2813-973b-4fd7-a2f5-7f1dbd6f4cc3 aebcedcff20c457291440065da7345cd 9b85c30888df47f6a1ec67dd7aab8cb1 - - default default] 199.204.45.53 "GET /v2.0/security-groups?fields=id&fields=name&tenant_id=9b85c30888df47f6a1ec67dd7aab8cb1 HTTP/1.1" status: 200 len: 380 time: 0.0414555
2026-07-16 01:34:03.179 9 WARNING neutron.plugins.ml2.drivers.ovn.mech_driver.ovsdb.ovn_client [None req-6c2ac208-0920-445d-b3fb-a8ba9fc3c2ef - - - - - -] No hosting information found for port 651196a6-5918-4b08-99a5-23f22d51cc50: RuntimeError: No hosting information found for port 651196a6-5918-4b08-99a5-23f22d51cc50
2026-07-16 01:34:03.179 9 INFO neutron.plugins.ml2.drivers.ovn.mech_driver.mech_driver [None req-6c2ac208-0920-445d-b3fb-a8ba9fc3c2ef - - - - - -] OVN reports status up for port: 2661ea1b-8625-4e11-9c92-f70a4c24da67
2026-07-16 01:34:03.188 9 INFO neutron.plugins.ml2.plugin [None req-6c2ac208-0920-445d-b3fb-a8ba9fc3c2ef - - - - - -] Attempt 1 to provision port 2661ea1b-8625-4e11-9c92-f70a4c24da67
2026-07-16 01:34:03.460 9 INFO neutron.wsgi [req-eae2b8c1-aa41-42ec-8e49-cbd10eb9ab72 req-272419d8-82c0-4280-aa97-3d454dff9527 aebcedcff20c457291440065da7345cd 9b85c30888df47f6a1ec67dd7aab8cb1 - - default default] 10.0.0.253 "GET /v2.0/ports?device_id=10217458-a04b-4ff7-9f51-67a008a9e92c HTTP/1.1" status: 200 len: 210 time: 0.0449963
2026-07-16 01:34:03.498 10 WARNING neutron.scheduler.dhcp_agent_scheduler [req-9b58e81d-0072-4ce1-9edd-a9bc00dcc729 req-15f8fba0-6197-4434-952b-72373ff7f20f aebcedcff20c457291440065da7345cd 9b85c30888df47f6a1ec67dd7aab8cb1 - - default default] No more DHCP agents
2026-07-16 01:34:03.500 10 WARNING neutron.api.rpc.agentnotifiers.dhcp_rpc_agent_api [req-9b58e81d-0072-4ce1-9edd-a9bc00dcc729 req-15f8fba0-6197-4434-952b-72373ff7f20f aebcedcff20c457291440065da7345cd 9b85c30888df47f6a1ec67dd7aab8cb1 - - default default] Unable to schedule network 24a0cb41-a695-4ebf-8518-ecdccb760df1: no agents available; will retry on subsequent port and subnet creation events.
2026-07-16 01:34:03.548 9 INFO neutron.wsgi [None req-d9905a1d-0db4-4139-bf68-b82373682a03 29d14dd939754b85979cfe1d34dd13de 274dee4bc0da41bc83d38e3111c0f076 - - default default] 10.0.0.125 "GET /v2.0/ports/2661ea1b-8625-4e11-9c92-f70a4c24da67 HTTP/1.1" status: 200 len: 1149 time: 0.0509906
2026-07-16 01:34:03.558 9 INFO neutron.db.ovn_revision_numbers_db [None req-6c2ac208-0920-445d-b3fb-a8ba9fc3c2ef - - - - - -] Successfully bumped revision number for resource 2661ea1b-8625-4e11-9c92-f70a4c24da67 (type: ports) to 2
2026-07-16 01:34:03.708 10 INFO neutron.db.ovn_revision_numbers_db [req-9b58e81d-0072-4ce1-9edd-a9bc00dcc729 req-15f8fba0-6197-4434-952b-72373ff7f20f aebcedcff20c457291440065da7345cd 9b85c30888df47f6a1ec67dd7aab8cb1 - - default default] Successfully bumped revision number for resource 55f952b1-5318-4a54-aa6f-7f20577b58f4 (type: ports) to 1
2026-07-16 01:34:03.730 10 INFO neutron.wsgi [req-9b58e81d-0072-4ce1-9edd-a9bc00dcc729 req-15f8fba0-6197-4434-952b-72373ff7f20f aebcedcff20c457291440065da7345cd 9b85c30888df47f6a1ec67dd7aab8cb1 - - default default] 199.204.45.53 "POST /v2.0/ports HTTP/1.1" status: 201 len: 1162 time: 0.5513716 /var/lib/openstack/lib/python3.10/site-packages/pycadf/identifier.py:71: UserWarning: Invalid uuid: neutron. To ensure interoperability, identifiers should be a valid uuid. warnings.warn(('Invalid uuid: %s. To ensure interoperability, '
2026-07-16 01:34:03.765 9 INFO neutron.db.ovn_revision_numbers_db [None req-6c2ac208-0920-445d-b3fb-a8ba9fc3c2ef - - - - - -] Successfully bumped revision number for resource 2661ea1b-8625-4e11-9c92-f70a4c24da67 (type: router_ports) to 2
2026-07-16 01:34:03.928 10 INFO neutron.wsgi [-] 10.0.0.125 "GET / HTTP/1.1" status: 200 len: 279 time: 0.0012388 /var/lib/openstack/lib/python3.10/site-packages/pycadf/identifier.py:71: UserWarning: Invalid uuid: neutron. To ensure interoperability, identifiers should be a valid uuid. warnings.warn(('Invalid uuid: %s. To ensure interoperability, '
2026-07-16 01:34:04.149 10 INFO neutron.wsgi [None req-9a47b334-3f13-4efe-8b81-6fec72265574 1c296262254643bcb708d3a7be49f3fc 9033f49616e545dc8f81fb5a75e9bf73 - - default default] 10.0.0.125 "GET /v2.0/ HTTP/1.1" status: 200 len: 826 time: 0.2150776
