2026-07-16 01:32:45.344 10 INFO neutron.wsgi [req-6582ac08-bf57-4596-82ba-cd5859e47230 req-db2996d0-cdd0-4067-823b-fde13df51adb 7a3805bb28254a6c81a2a67947c8a2e1 6ff21e2e17104e408321db8d67912cc5 - - default default] 199.204.45.53 "POST /v2.0/ports HTTP/1.1" status: 201 len: 1158 time: 0.9170218
2026-07-16 01:32:45.377 9 INFO neutron.wsgi [req-9c493822-2ff0-4930-b5c5-9cc1b9366be3 req-994c5787-fd6f-45c3-9bbc-0a8cbc55454b 51a9a856dcd940f99dc51972d11a9c24 3df178c925df4a9a9c6f03c745bc7a4e - - default default] 10.0.0.253 "GET /v2.0/security-groups/3396634c-94bf-442a-81d4-4a2ac2deb00f HTTP/1.1" status: 200 len: 2414 time: 0.0303714
2026-07-16 01:32:45.445 9 INFO neutron.wsgi [req-50f916d4-2b6a-49f2-bd88-70c71bfe9164 req-f0f38784-3285-4abb-b8d4-fc6745232517 7a3805bb28254a6c81a2a67947c8a2e1 6ff21e2e17104e408321db8d67912cc5 - - default default] 10.0.0.253 "GET /v2.0/ports?device_id=8ac5fc36-15ba-4b18-b76f-151df00679ba HTTP/1.1" status: 200 len: 1156 time: 0.0554535
2026-07-16 01:32:45.500 9 INFO neutron.wsgi [req-50f916d4-2b6a-49f2-bd88-70c71bfe9164 req-d9067b08-c2ca-40dc-bbd1-44bd9aec9671 7a3805bb28254a6c81a2a67947c8a2e1 6ff21e2e17104e408321db8d67912cc5 - - default default] 10.0.0.253 "GET /v2.0/security-groups?id=82434cfb-2e5b-4f37-b542-c652c5bae051&fields=id&fields=name HTTP/1.1" status: 200 len: 313 time: 0.0472608
2026-07-16 01:32:45.502 10 INFO neutron.db.ovn_revision_numbers_db [None req-06b30248-a1f7-4ba9-98df-5168947f8074 - - - - - -] Successfully bumped revision number for resource 6b7675c4-3219-4dcc-ba1c-1a70b79fd2fa (type: ports) to 2
2026-07-16 01:32:45.554 9 INFO neutron.db.ovn_revision_numbers_db [req-9c493822-2ff0-4930-b5c5-9cc1b9366be3 req-4eb0c800-6a32-4ac6-95a5-2083af323be8 51a9a856dcd940f99dc51972d11a9c24 3df178c925df4a9a9c6f03c745bc7a4e - - default default] Successfully bumped revision number for resource f091b8ef-9a36-47de-8343-95f9865fb496 (type: security_group_rules) to 0
2026-07-16 01:32:45.584 9 INFO neutron.wsgi [req-8e0ff6b0-e885-4139-abeb-8db989a1121b req-eb929be2-e824-424e-9ac0-9d683fa721ac cc8bba5644e649c897b989b7670b34ec bdfc825a00914f74af27ef50bc2da99f - - default default] 10.0.0.253 "GET /v2.0/ports?device_id=739df107-771d-408e-a610-6f34c465c649 HTTP/1.1" status: 200 len: 1156 time: 0.0400672
2026-07-16 01:32:45.587 9 INFO neutron.wsgi [req-9c493822-2ff0-4930-b5c5-9cc1b9366be3 req-4eb0c800-6a32-4ac6-95a5-2083af323be8 51a9a856dcd940f99dc51972d11a9c24 3df178c925df4a9a9c6f03c745bc7a4e - - default default] 10.0.0.253 "POST /v2.0/security-group-rules HTTP/1.1" status: 201 len: 791 time: 0.2045503 /var/lib/openstack/lib/python3.10/site-packages/pycadf/identifier.py:71: UserWarning: Invalid uuid: neutron. To ensure interoperability, identifiers should be a valid uuid. warnings.warn(('Invalid uuid: %s. To ensure interoperability, '
2026-07-16 01:32:45.638 9 INFO neutron.wsgi [req-8e0ff6b0-e885-4139-abeb-8db989a1121b req-68a0ce0c-24f9-474b-bb59-5f4c2b39c9df cc8bba5644e649c897b989b7670b34ec bdfc825a00914f74af27ef50bc2da99f - - default default] 10.0.0.253 "GET /v2.0/security-groups?id=aab103b5-d419-451c-aab8-e9adfe57b4f9&fields=id&fields=name HTTP/1.1" status: 200 len: 313 time: 0.0488107
2026-07-16 01:32:45.647 9 INFO neutron.wsgi [req-0f450be9-c855-4bdd-a830-3bc26b9d2dde req-3524bad0-128b-4cae-8e5f-63dd62c539e7 51a9a856dcd940f99dc51972d11a9c24 3df178c925df4a9a9c6f03c745bc7a4e - - default default] 10.0.0.253 "GET /v2.0/security-groups/3396634c-94bf-442a-81d4-4a2ac2deb00f HTTP/1.1" status: 200 len: 3012 time: 0.0368519
2026-07-16 01:32:45.647 10 INFO neutron.db.ovn_revision_numbers_db [None req-06b30248-a1f7-4ba9-98df-5168947f8074 - - - - - -] Successfully bumped revision number for resource 6b7675c4-3219-4dcc-ba1c-1a70b79fd2fa (type: router_ports) to 2
2026-07-16 01:32:45.693 9 INFO neutron.wsgi [req-0a271f61-36c9-4b0e-bbc0-2ed4a6974006 req-e91a390a-5579-499a-a334-a4868252224c 51a9a856dcd940f99dc51972d11a9c24 3df178c925df4a9a9c6f03c745bc7a4e - - default default] 10.0.0.253 "GET /v2.0/security-group-rules/f091b8ef-9a36-47de-8343-95f9865fb496 HTTP/1.1" status: 200 len: 783 time: 0.0198059
2026-07-16 01:32:45.739 9 INFO neutron.wsgi [req-0a271f61-36c9-4b0e-bbc0-2ed4a6974006 req-086b44af-0424-4241-ade5-8aa44fcbd248 51a9a856dcd940f99dc51972d11a9c24 3df178c925df4a9a9c6f03c745bc7a4e - - default default] 10.0.0.253 "GET /v2.0/security-groups/3396634c-94bf-442a-81d4-4a2ac2deb00f HTTP/1.1" status: 200 len: 3012 time: 0.0373709
2026-07-16 01:32:45.922 9 INFO neutron.wsgi [req-0a271f61-36c9-4b0e-bbc0-2ed4a6974006 req-10c6db71-5692-4f6d-8886-156ea732255c 51a9a856dcd940f99dc51972d11a9c24 3df178c925df4a9a9c6f03c745bc7a4e - - default default] 10.0.0.253 "DELETE /v2.0/security-group-rules/f091b8ef-9a36-47de-8343-95f9865fb496 HTTP/1.1" status: 204 len: 173 time: 0.1728039
2026-07-16 01:32:45.994 9 INFO neutron.wsgi [req-4f39fbb1-68ad-475f-bbdb-34f6f8846f27 req-4b9b8753-3811-461b-9ec7-71bb30442d32 51a9a856dcd940f99dc51972d11a9c24 3df178c925df4a9a9c6f03c745bc7a4e - - default default] 10.0.0.253 "GET /v2.0/security-groups/3396634c-94bf-442a-81d4-4a2ac2deb00f HTTP/1.1" status: 200 len: 2414 time: 0.0514069
2026-07-16 01:32:46.027 10 INFO neutron.db.ovn_revision_numbers_db [req-9cb74cb9-76e1-414e-b900-34e83b5370eb req-662619bb-3c9f-45da-8e98-f36ccc4587d8 f2009d61f05c4ebfa692b82a4d8d0e5d bddf8de969774b3bbb48bd698541de3e - - 77a314461d9143cd92d4acfd3cd81ae8 77a314461d9143cd92d4acfd3cd81ae8] Successfully bumped revision number for resource b533ddf6-e39e-45b1-9128-f01f73bb162c (type: ports) to 2
2026-07-16 01:32:46.174 9 INFO neutron.wsgi [req-4f39fbb1-68ad-475f-bbdb-34f6f8846f27 req-1b1ab3b2-f832-471f-a6c9-561150ae44c4 51a9a856dcd940f99dc51972d11a9c24 3df178c925df4a9a9c6f03c745bc7a4e - - default default] 10.0.0.253 "DELETE /v2.0/security-groups/3396634c-94bf-442a-81d4-4a2ac2deb00f HTTP/1.1" status: 204 len: 173 time: 0.1772544
2026-07-16 01:32:46.189 9 INFO neutron.db.ovn_revision_numbers_db [req-6582ac08-bf57-4596-82ba-cd5859e47230 req-1f80c3db-7163-46f3-8bec-43e0e0e82a03 f2009d61f05c4ebfa692b82a4d8d0e5d bddf8de969774b3bbb48bd698541de3e - - 77a314461d9143cd92d4acfd3cd81ae8 77a314461d9143cd92d4acfd3cd81ae8] Successfully bumped revision number for resource cf852c20-f8ef-4a44-b854-b65539c420b8 (type: ports) to 2 /var/lib/openstack/lib/python3.10/site-packages/pycadf/identifier.py:71: UserWarning: Invalid uuid: neutron. To ensure interoperability, identifiers should be a valid uuid. warnings.warn(('Invalid uuid: %s. To ensure interoperability, '
2026-07-16 01:32:46.223 10 INFO neutron.db.ovn_revision_numbers_db [req-9cb74cb9-76e1-414e-b900-34e83b5370eb req-662619bb-3c9f-45da-8e98-f36ccc4587d8 f2009d61f05c4ebfa692b82a4d8d0e5d bddf8de969774b3bbb48bd698541de3e - - 77a314461d9143cd92d4acfd3cd81ae8 77a314461d9143cd92d4acfd3cd81ae8] Successfully bumped revision number for resource b533ddf6-e39e-45b1-9128-f01f73bb162c (type: ports) to 2
2026-07-16 01:32:46.232 9 INFO neutron.wsgi [req-6ebadfd3-8df7-4125-ad4c-8d5f63495e5a req-d4fbdd7b-6b9d-465c-8aa6-1a5356bf444a 51a9a856dcd940f99dc51972d11a9c24 3df178c925df4a9a9c6f03c745bc7a4e - - default default] 10.0.0.253 "GET /v2.0/security-groups/84b51e47-ce0b-408e-8c9f-1d3480aec4e2 HTTP/1.1" status: 200 len: 2414 time: 0.0355208
2026-07-16 01:32:46.235 10 INFO neutron.wsgi [req-9cb74cb9-76e1-414e-b900-34e83b5370eb req-662619bb-3c9f-45da-8e98-f36ccc4587d8 f2009d61f05c4ebfa692b82a4d8d0e5d bddf8de969774b3bbb48bd698541de3e - - 77a314461d9143cd92d4acfd3cd81ae8 77a314461d9143cd92d4acfd3cd81ae8] 199.204.45.53 "PUT /v2.0/ports/b533ddf6-e39e-45b1-9128-f01f73bb162c HTTP/1.1" status: 200 len: 1376 time: 0.6656218 /var/lib/openstack/lib/python3.10/site-packages/pycadf/identifier.py:71: UserWarning: Invalid uuid: neutron. To ensure interoperability, identifiers should be a valid uuid. warnings.warn(('Invalid uuid: %s. To ensure interoperability, '
2026-07-16 01:32:46.326 10 INFO neutron.wsgi [req-9cb74cb9-76e1-414e-b900-34e83b5370eb req-562c1279-d16f-4db9-a92c-57c397c7459e f2009d61f05c4ebfa692b82a4d8d0e5d bddf8de969774b3bbb48bd698541de3e - - 77a314461d9143cd92d4acfd3cd81ae8 77a314461d9143cd92d4acfd3cd81ae8] 199.204.45.53 "GET /v2.0/ports?tenant_id=bdfc825a00914f74af27ef50bc2da99f&device_id=739df107-771d-408e-a610-6f34c465c649 HTTP/1.1" status: 200 len: 1407 time: 0.0430431
2026-07-16 01:32:46.357 10 INFO neutron.wsgi [req-9cb74cb9-76e1-414e-b900-34e83b5370eb req-1d733e1b-2024-44d8-9570-278abae0fbd2 f2009d61f05c4ebfa692b82a4d8d0e5d bddf8de969774b3bbb48bd698541de3e - - 77a314461d9143cd92d4acfd3cd81ae8 77a314461d9143cd92d4acfd3cd81ae8] 199.204.45.53 "GET /v2.0/floatingips?fixed_ip_address=10.100.0.6&port_id=b533ddf6-e39e-45b1-9128-f01f73bb162c HTTP/1.1" status: 200 len: 217 time: 0.0253017
2026-07-16 01:32:46.390 9 INFO neutron.wsgi [req-6ebadfd3-8df7-4125-ad4c-8d5f63495e5a req-82019a6e-6260-487f-92e4-06377bfba4d4 51a9a856dcd940f99dc51972d11a9c24 3df178c925df4a9a9c6f03c745bc7a4e - - default default] 10.0.0.253 "DELETE /v2.0/security-groups/84b51e47-ce0b-408e-8c9f-1d3480aec4e2 HTTP/1.1" status: 204 len: 173 time: 0.1475406
2026-07-16 01:32:46.394 10 INFO neutron.wsgi [req-9cb74cb9-76e1-414e-b900-34e83b5370eb req-13a6d204-a8a9-407a-b5f0-84e777df2746 f2009d61f05c4ebfa692b82a4d8d0e5d bddf8de969774b3bbb48bd698541de3e - - 77a314461d9143cd92d4acfd3cd81ae8 77a314461d9143cd92d4acfd3cd81ae8] 199.204.45.53 "GET /v2.0/subnets?id=6f73473a-fe3b-4c93-9094-b75246efd9ca HTTP/1.1" status: 200 len: 876 time: 0.0310125
2026-07-16 01:32:46.424 9 INFO neutron.db.ovn_revision_numbers_db [req-6582ac08-bf57-4596-82ba-cd5859e47230 req-1f80c3db-7163-46f3-8bec-43e0e0e82a03 f2009d61f05c4ebfa692b82a4d8d0e5d bddf8de969774b3bbb48bd698541de3e - - 77a314461d9143cd92d4acfd3cd81ae8 77a314461d9143cd92d4acfd3cd81ae8] Successfully bumped revision number for resource cf852c20-f8ef-4a44-b854-b65539c420b8 (type: ports) to 2
2026-07-16 01:32:46.436 9 INFO neutron.wsgi [req-6582ac08-bf57-4596-82ba-cd5859e47230 req-1f80c3db-7163-46f3-8bec-43e0e0e82a03 f2009d61f05c4ebfa692b82a4d8d0e5d bddf8de969774b3bbb48bd698541de3e - - 77a314461d9143cd92d4acfd3cd81ae8 77a314461d9143cd92d4acfd3cd81ae8] 199.204.45.53 "PUT /v2.0/ports/cf852c20-f8ef-4a44-b854-b65539c420b8 HTTP/1.1" status: 200 len: 1376 time: 0.8660395
2026-07-16 01:32:46.447 10 INFO neutron.wsgi [req-9cb74cb9-76e1-414e-b900-34e83b5370eb req-6babf28a-1ad3-4d37-afe2-717adfc59752 f2009d61f05c4ebfa692b82a4d8d0e5d bddf8de969774b3bbb48bd698541de3e - - 77a314461d9143cd92d4acfd3cd81ae8 77a314461d9143cd92d4acfd3cd81ae8] 199.204.45.53 "GET /v2.0/ports?network_id=bec5bd83-da86-4b05-a12e-164e469e9bb3&device_owner=network%3Adhcp HTTP/1.1" status: 200 len: 210 time: 0.0448673 /var/lib/openstack/lib/python3.10/site-packages/pycadf/identifier.py:71: UserWarning: Invalid uuid: neutron. To ensure interoperability, identifiers should be a valid uuid. warnings.warn(('Invalid uuid: %s. To ensure interoperability, '
2026-07-16 01:32:46.513 10 INFO neutron.wsgi [req-9cb74cb9-76e1-414e-b900-34e83b5370eb req-829c29ea-2623-4d57-84a0-8dc23073cb22 f2009d61f05c4ebfa692b82a4d8d0e5d bddf8de969774b3bbb48bd698541de3e - - 77a314461d9143cd92d4acfd3cd81ae8 77a314461d9143cd92d4acfd3cd81ae8] 199.204.45.53 "GET /v2.0/networks/bec5bd83-da86-4b05-a12e-164e469e9bb3?fields=segments HTTP/1.1" status: 200 len: 212 time: 0.0613368
2026-07-16 01:32:46.520 9 INFO neutron.wsgi [req-6582ac08-bf57-4596-82ba-cd5859e47230 req-861ee3b8-f7f6-4afe-9ba1-58459d23cf2d f2009d61f05c4ebfa692b82a4d8d0e5d bddf8de969774b3bbb48bd698541de3e - - 77a314461d9143cd92d4acfd3cd81ae8 77a314461d9143cd92d4acfd3cd81ae8] 199.204.45.53 "GET /v2.0/ports?tenant_id=6ff21e2e17104e408321db8d67912cc5&device_id=8ac5fc36-15ba-4b18-b76f-151df00679ba HTTP/1.1" status: 200 len: 1407 time: 0.0402098
2026-07-16 01:32:46.627 10 INFO neutron.wsgi [req-9cb74cb9-76e1-414e-b900-34e83b5370eb req-6c843f2d-1259-4921-b819-352a72cc629d f2009d61f05c4ebfa692b82a4d8d0e5d bddf8de969774b3bbb48bd698541de3e - - 77a314461d9143cd92d4acfd3cd81ae8 77a314461d9143cd92d4acfd3cd81ae8] 199.204.45.53 "GET /v2.0/networks/bec5bd83-da86-4b05-a12e-164e469e9bb3?fields=provider%3Aphysical_network&fields=provider%3Anetwork_type HTTP/1.1" status: 200 len: 277 time: 0.1060889
2026-07-16 01:32:46.672 9 INFO neutron.wsgi [req-6582ac08-bf57-4596-82ba-cd5859e47230 req-aa1a8d6f-86cb-405a-ae97-06a1355b996e f2009d61f05c4ebfa692b82a4d8d0e5d bddf8de969774b3bbb48bd698541de3e - - 77a314461d9143cd92d4acfd3cd81ae8 77a314461d9143cd92d4acfd3cd81ae8] 199.204.45.53 "GET /v2.0/floatingips?fixed_ip_address=10.100.0.3&port_id=cf852c20-f8ef-4a44-b854-b65539c420b8 HTTP/1.1" status: 200 len: 217 time: 0.1472065
2026-07-16 01:32:46.709 9 INFO neutron.wsgi [req-34ba7019-11f2-4bf5-9f95-7ef3f577edd0 req-8ed72d8d-cf57-4ecb-82b4-26e6a4ed630e 7a3805bb28254a6c81a2a67947c8a2e1 6ff21e2e17104e408321db8d67912cc5 - - default default] 10.0.0.253 "GET /v2.0/ports?device_id=8ac5fc36-15ba-4b18-b76f-151df00679ba HTTP/1.1" status: 200 len: 1168 time: 0.0532846
2026-07-16 01:32:46.719 9 INFO neutron.wsgi [req-6582ac08-bf57-4596-82ba-cd5859e47230 req-4222e890-d6b1-42bc-9026-769679cdb002 f2009d61f05c4ebfa692b82a4d8d0e5d bddf8de969774b3bbb48bd698541de3e - - 77a314461d9143cd92d4acfd3cd81ae8 77a314461d9143cd92d4acfd3cd81ae8] 199.204.45.53 "GET /v2.0/subnets?id=7619a150-08ba-455e-8a7c-4431899751c2 HTTP/1.1" status: 200 len: 869 time: 0.0389850
2026-07-16 01:32:46.756 9 INFO neutron.wsgi [req-6582ac08-bf57-4596-82ba-cd5859e47230 req-be87b375-b7c5-4903-86a4-e4b637399ac6 f2009d61f05c4ebfa692b82a4d8d0e5d bddf8de969774b3bbb48bd698541de3e - - 77a314461d9143cd92d4acfd3cd81ae8 77a314461d9143cd92d4acfd3cd81ae8] 199.204.45.53 "GET /v2.0/ports?network_id=4fc85cca-4d1f-48b3-9494-b943e0d91f55&device_owner=network%3Adhcp HTTP/1.1" status: 200 len: 210 time: 0.0292325
2026-07-16 01:32:46.792 10 INFO neutron.notifiers.nova [-] Nova event matching ['req-6578743e-a527-4cb4-9044-10e8154057ca'] response: {'name': 'network-changed', 'server_uuid': '739df107-771d-408e-a610-6f34c465c649', 'tag': 'b533ddf6-e39e-45b1-9128-f01f73bb162c', 'status': 'completed', 'code': 200}
2026-07-16 01:32:46.805 9 INFO neutron.wsgi [req-34ba7019-11f2-4bf5-9f95-7ef3f577edd0 req-726d6827-9eaa-4e1d-b53c-80072dacfedd 7a3805bb28254a6c81a2a67947c8a2e1 6ff21e2e17104e408321db8d67912cc5 - - default default] 10.0.0.253 "GET /v2.0/security-groups?id=82434cfb-2e5b-4f37-b542-c652c5bae051&fields=id&fields=name HTTP/1.1" status: 200 len: 313 time: 0.0855479
2026-07-16 01:32:46.865 9 INFO neutron.wsgi [req-6582ac08-bf57-4596-82ba-cd5859e47230 req-5e211a0e-efde-415f-a971-fdb968abf7a3 f2009d61f05c4ebfa692b82a4d8d0e5d bddf8de969774b3bbb48bd698541de3e - - 77a314461d9143cd92d4acfd3cd81ae8 77a314461d9143cd92d4acfd3cd81ae8] 199.204.45.53 "GET /v2.0/networks/4fc85cca-4d1f-48b3-9494-b943e0d91f55?fields=segments HTTP/1.1" status: 200 len: 212 time: 0.0987842
2026-07-16 01:32:46.885 9 INFO neutron.wsgi [req-de6f65d2-a6cd-44b7-b5fa-f1ad1ff8c460 req-c1a74b61-598b-4231-bd03-9c1a835cd6d6 cc8bba5644e649c897b989b7670b34ec bdfc825a00914f74af27ef50bc2da99f - - default default] 10.0.0.253 "GET /v2.0/ports?device_id=739df107-771d-408e-a610-6f34c465c649 HTTP/1.1" status: 200 len: 1168 time: 0.0500491
2026-07-16 01:32:46.925 9 INFO neutron.notifiers.nova [-] Nova event matching ['req-f9ef0448-7e32-471e-a510-75c22a8c1889'] response: {'name': 'network-changed', 'server_uuid': '8ac5fc36-15ba-4b18-b76f-151df00679ba', 'tag': 'cf852c20-f8ef-4a44-b854-b65539c420b8', 'status': 'completed', 'code': 200}
2026-07-16 01:32:46.943 9 INFO neutron.wsgi [req-de6f65d2-a6cd-44b7-b5fa-f1ad1ff8c460 req-ccaa411d-e6f8-4d00-85ed-6fbd6def42d6 cc8bba5644e649c897b989b7670b34ec bdfc825a00914f74af27ef50bc2da99f - - default default] 10.0.0.253 "GET /v2.0/security-groups?id=aab103b5-d419-451c-aab8-e9adfe57b4f9&fields=id&fields=name HTTP/1.1" status: 200 len: 313 time: 0.0512242
2026-07-16 01:32:46.950 9 INFO neutron.wsgi [req-6582ac08-bf57-4596-82ba-cd5859e47230 req-a8c403a2-3c0f-4ff9-ae58-e3362cde96f7 f2009d61f05c4ebfa692b82a4d8d0e5d bddf8de969774b3bbb48bd698541de3e - - 77a314461d9143cd92d4acfd3cd81ae8 77a314461d9143cd92d4acfd3cd81ae8] 199.204.45.53 "GET /v2.0/networks/4fc85cca-4d1f-48b3-9494-b943e0d91f55?fields=provider%3Aphysical_network&fields=provider%3Anetwork_type HTTP/1.1" status: 200 len: 277 time: 0.0762622
2026-07-16 01:32:46.967 10 INFO neutron.wsgi [req-40797a73-9c38-4d77-b329-d5e5466c8da0 req-b5e4df6b-944f-4ec8-af80-80c99d3a2a67 f2009d61f05c4ebfa692b82a4d8d0e5d bddf8de969774b3bbb48bd698541de3e - - 77a314461d9143cd92d4acfd3cd81ae8 77a314461d9143cd92d4acfd3cd81ae8] 199.204.45.53 "GET /v2.0/ports?tenant_id=bdfc825a00914f74af27ef50bc2da99f&device_id=739df107-771d-408e-a610-6f34c465c649 HTTP/1.1" status: 200 len: 1407 time: 0.1643484
2026-07-16 01:32:47.018 9 INFO neutron.wsgi [req-7e752ab3-e591-4c09-8d17-dc58b83f459d req-d9bdd10c-98d6-4307-a958-cca8ee6add1a f2009d61f05c4ebfa692b82a4d8d0e5d bddf8de969774b3bbb48bd698541de3e - - 77a314461d9143cd92d4acfd3cd81ae8 77a314461d9143cd92d4acfd3cd81ae8] 199.204.45.53 "GET /v2.0/ports?tenant_id=6ff21e2e17104e408321db8d67912cc5&device_id=8ac5fc36-15ba-4b18-b76f-151df00679ba HTTP/1.1" status: 200 len: 1407 time: 0.0288966
2026-07-16 01:32:47.043 10 INFO neutron.wsgi [req-40797a73-9c38-4d77-b329-d5e5466c8da0 req-ff3c840a-54bc-4a46-a40a-54065fb6f51e f2009d61f05c4ebfa692b82a4d8d0e5d bddf8de969774b3bbb48bd698541de3e - - 77a314461d9143cd92d4acfd3cd81ae8 77a314461d9143cd92d4acfd3cd81ae8] 199.204.45.53 "GET /v2.0/networks?id=bec5bd83-da86-4b05-a12e-164e469e9bb3 HTTP/1.1" status: 200 len: 981 time: 0.0704641
2026-07-16 01:32:47.068 10 INFO neutron.wsgi [req-40797a73-9c38-4d77-b329-d5e5466c8da0 req-2f5074c7-4272-4397-8fbd-4d8a99ad9843 f2009d61f05c4ebfa692b82a4d8d0e5d bddf8de969774b3bbb48bd698541de3e - - 77a314461d9143cd92d4acfd3cd81ae8 77a314461d9143cd92d4acfd3cd81ae8] 199.204.45.53 "GET /v2.0/floatingips?fixed_ip_address=10.100.0.6&port_id=b533ddf6-e39e-45b1-9128-f01f73bb162c HTTP/1.1" status: 200 len: 217 time: 0.0173945
2026-07-16 01:32:47.081 9 INFO neutron.wsgi [req-7e752ab3-e591-4c09-8d17-dc58b83f459d req-302f1f11-5de4-4052-9e5b-ccb5a7cb5d69 f2009d61f05c4ebfa692b82a4d8d0e5d bddf8de969774b3bbb48bd698541de3e - - 77a314461d9143cd92d4acfd3cd81ae8 77a314461d9143cd92d4acfd3cd81ae8] 199.204.45.53 "GET /v2.0/networks?id=4fc85cca-4d1f-48b3-9494-b943e0d91f55 HTTP/1.1" status: 200 len: 974 time: 0.0522141
2026-07-16 01:32:47.108 9 INFO neutron.wsgi [req-7e752ab3-e591-4c09-8d17-dc58b83f459d req-27f44ba3-5cd2-4e39-9552-e19a9146343e f2009d61f05c4ebfa692b82a4d8d0e5d bddf8de969774b3bbb48bd698541de3e - - 77a314461d9143cd92d4acfd3cd81ae8 77a314461d9143cd92d4acfd3cd81ae8] 199.204.45.53 "GET /v2.0/floatingips?fixed_ip_address=10.100.0.3&port_id=cf852c20-f8ef-4a44-b854-b65539c420b8 HTTP/1.1" status: 200 len: 217 time: 0.0223660
2026-07-16 01:32:47.113 10 INFO neutron.wsgi [req-40797a73-9c38-4d77-b329-d5e5466c8da0 req-716bf67a-e8a0-4d3a-91d1-da08cba0fbba f2009d61f05c4ebfa692b82a4d8d0e5d bddf8de969774b3bbb48bd698541de3e - - 77a314461d9143cd92d4acfd3cd81ae8 77a314461d9143cd92d4acfd3cd81ae8] 199.204.45.53 "GET /v2.0/subnets?id=6f73473a-fe3b-4c93-9094-b75246efd9ca HTTP/1.1" status: 200 len: 876 time: 0.0330250
2026-07-16 01:32:47.143 10 INFO neutron.wsgi [req-40797a73-9c38-4d77-b329-d5e5466c8da0 req-7fb75b44-c5a4-404e-b872-aaef9e4e5e05 f2009d61f05c4ebfa692b82a4d8d0e5d bddf8de969774b3bbb48bd698541de3e - - 77a314461d9143cd92d4acfd3cd81ae8 77a314461d9143cd92d4acfd3cd81ae8] 199.204.45.53 "GET /v2.0/ports?network_id=bec5bd83-da86-4b05-a12e-164e469e9bb3&device_owner=network%3Adhcp HTTP/1.1" status: 200 len: 210 time: 0.0222571
2026-07-16 01:32:47.150 9 INFO neutron.wsgi [req-7e752ab3-e591-4c09-8d17-dc58b83f459d req-df08b864-a7b3-4d93-b746-326a6aa9a70d f2009d61f05c4ebfa692b82a4d8d0e5d bddf8de969774b3bbb48bd698541de3e - - 77a314461d9143cd92d4acfd3cd81ae8 77a314461d9143cd92d4acfd3cd81ae8] 199.204.45.53 "GET /v2.0/subnets?id=7619a150-08ba-455e-8a7c-4431899751c2 HTTP/1.1" status: 200 len: 869 time: 0.0310102
2026-07-16 01:32:47.174 9 INFO neutron.wsgi [req-7e752ab3-e591-4c09-8d17-dc58b83f459d req-b6c44b76-45f9-4dfa-a143-bf919736c6fe f2009d61f05c4ebfa692b82a4d8d0e5d bddf8de969774b3bbb48bd698541de3e - - 77a314461d9143cd92d4acfd3cd81ae8 77a314461d9143cd92d4acfd3cd81ae8] 199.204.45.53 "GET /v2.0/ports?network_id=4fc85cca-4d1f-48b3-9494-b943e0d91f55&device_owner=network%3Adhcp HTTP/1.1" status: 200 len: 210 time: 0.0198994
2026-07-16 01:32:47.216 10 INFO neutron.wsgi [req-40797a73-9c38-4d77-b329-d5e5466c8da0 req-7334189c-1b8e-4035-a926-a327dbe53197 f2009d61f05c4ebfa692b82a4d8d0e5d bddf8de969774b3bbb48bd698541de3e - - 77a314461d9143cd92d4acfd3cd81ae8 77a314461d9143cd92d4acfd3cd81ae8] 199.204.45.53 "GET /v2.0/networks/bec5bd83-da86-4b05-a12e-164e469e9bb3?fields=segments HTTP/1.1" status: 200 len: 212 time: 0.0659847
2026-07-16 01:32:47.246 9 INFO neutron.wsgi [req-7e752ab3-e591-4c09-8d17-dc58b83f459d req-3050e050-9ad6-42ca-bf25-4fb04adc3e40 f2009d61f05c4ebfa692b82a4d8d0e5d bddf8de969774b3bbb48bd698541de3e - - 77a314461d9143cd92d4acfd3cd81ae8 77a314461d9143cd92d4acfd3cd81ae8] 199.204.45.53 "GET /v2.0/networks/4fc85cca-4d1f-48b3-9494-b943e0d91f55?fields=segments HTTP/1.1" status: 200 len: 212 time: 0.0641801
2026-07-16 01:32:47.285 10 INFO neutron.wsgi [req-40797a73-9c38-4d77-b329-d5e5466c8da0 req-e4b4348e-e5fa-4e4d-b1e7-3382e4ed5417 f2009d61f05c4ebfa692b82a4d8d0e5d bddf8de969774b3bbb48bd698541de3e - - 77a314461d9143cd92d4acfd3cd81ae8 77a314461d9143cd92d4acfd3cd81ae8] 199.204.45.53 "GET /v2.0/networks/bec5bd83-da86-4b05-a12e-164e469e9bb3?fields=provider%3Aphysical_network&fields=provider%3Anetwork_type HTTP/1.1" status: 200 len: 277 time: 0.0548675
2026-07-16 01:32:47.341 9 INFO neutron.wsgi [req-7e752ab3-e591-4c09-8d17-dc58b83f459d req-43c1a3ba-40f9-4493-884c-8c5eba983113 f2009d61f05c4ebfa692b82a4d8d0e5d bddf8de969774b3bbb48bd698541de3e - - 77a314461d9143cd92d4acfd3cd81ae8 77a314461d9143cd92d4acfd3cd81ae8] 199.204.45.53 "GET /v2.0/networks/4fc85cca-4d1f-48b3-9494-b943e0d91f55?fields=provider%3Aphysical_network&fields=provider%3Anetwork_type HTTP/1.1" status: 200 len: 277 time: 0.0738838
2026-07-16 01:32:47.800 10 INFO neutron.wsgi [None req-6a04b449-c21d-4bef-9e45-a44b339f01c1 d820dc69025e459489f1f963b7dcb981 6a2907b7dded4e32bb1f33dd1010ea75 - - default default] 10.0.0.125 "PUT /v2.0/routers/0fb10e57-e22c-48be-8686-057709a2050d/remove_router_interface HTTP/1.1" status: 200 len: 503 time: 1.4022062 /var/lib/openstack/lib/python3.10/site-packages/pycadf/identifier.py:71: UserWarning: Invalid uuid: neutron. To ensure interoperability, identifiers should be a valid uuid. warnings.warn(('Invalid uuid: %s. To ensure interoperability, '
2026-07-16 01:32:47.982 9 INFO neutron.wsgi [req-206bdab5-53e9-4da3-9a93-94ee6ba18dc1 req-2091534d-e2b4-4c44-9305-57c372cb176f 7a3805bb28254a6c81a2a67947c8a2e1 6ff21e2e17104e408321db8d67912cc5 - - default default] 10.0.0.253 "GET /v2.0/ports?device_id=8ac5fc36-15ba-4b18-b76f-151df00679ba HTTP/1.1" status: 200 len: 1168 time: 0.1151743
2026-07-16 01:32:48.025 9 INFO neutron.wsgi [req-206bdab5-53e9-4da3-9a93-94ee6ba18dc1 req-67ba48da-83e9-4bff-a38a-f41361ad46f6 7a3805bb28254a6c81a2a67947c8a2e1 6ff21e2e17104e408321db8d67912cc5 - - default default] 10.0.0.253 "GET /v2.0/security-groups?id=82434cfb-2e5b-4f37-b542-c652c5bae051&fields=id&fields=name HTTP/1.1" status: 200 len: 313 time: 0.0397785
2026-07-16 01:32:48.094 9 INFO neutron.wsgi [req-3f6714a7-da98-478d-bb6f-4d9954b2ae05 req-9198b306-01d6-4ba4-803e-7276417892ed cc8bba5644e649c897b989b7670b34ec bdfc825a00914f74af27ef50bc2da99f - - default default] 10.0.0.253 "GET /v2.0/ports?device_id=739df107-771d-408e-a610-6f34c465c649 HTTP/1.1" status: 200 len: 1168 time: 0.0956745
2026-07-16 01:32:48.146 9 INFO neutron.wsgi [req-3f6714a7-da98-478d-bb6f-4d9954b2ae05 req-d55dec79-5ad0-4de2-b8d2-48a9f1302aeb cc8bba5644e649c897b989b7670b34ec bdfc825a00914f74af27ef50bc2da99f - - default default] 10.0.0.253 "GET /v2.0/security-groups?id=aab103b5-d419-451c-aab8-e9adfe57b4f9&fields=id&fields=name HTTP/1.1" status: 200 len: 313 time: 0.0431271
2026-07-16 01:32:48.346 10 INFO neutron.wsgi [None req-921a661b-42ab-4ce4-a514-baf7a1c73f40 d820dc69025e459489f1f963b7dcb981 6a2907b7dded4e32bb1f33dd1010ea75 - - default default] 10.0.0.125 "DELETE /v2.0/routers/0fb10e57-e22c-48be-8686-057709a2050d HTTP/1.1" status: 204 len: 168 time: 0.5402439
2026-07-16 01:32:48.535 10 INFO neutron.wsgi [None req-ce4489bc-accc-4122-b52c-9c8a5ff90a7a d820dc69025e459489f1f963b7dcb981 6a2907b7dded4e32bb1f33dd1010ea75 - - default default] 10.0.0.125 "DELETE /v2.0/subnets/e8f00605-ba52-4c0d-abc7-c211f8e9da8b HTTP/1.1" status: 204 len: 168 time: 0.1785264
2026-07-16 01:32:49.060 10 INFO neutron.wsgi [None req-8bd9a16e-ed8a-4b07-a2dd-b627c0698f66 d820dc69025e459489f1f963b7dcb981 6a2907b7dded4e32bb1f33dd1010ea75 - - default default] 10.0.0.125 "DELETE /v2.0/networks/25d3131c-6d6a-42db-99b1-0d93e13b745e HTTP/1.1" status: 204 len: 168 time: 0.5178709
2026-07-16 01:32:49.147 9 INFO neutron.wsgi [req-e124664a-6c52-4740-a8b2-a5141de13948 req-23bc2f78-67f2-4d94-a82a-4077babfab36 7a3805bb28254a6c81a2a67947c8a2e1 6ff21e2e17104e408321db8d67912cc5 - - default default] 10.0.0.253 "GET /v2.0/ports?device_id=8ac5fc36-15ba-4b18-b76f-151df00679ba HTTP/1.1" status: 200 len: 1168 time: 0.0451820
2026-07-16 01:32:49.201 9 INFO neutron.wsgi [req-e124664a-6c52-4740-a8b2-a5141de13948 req-2856dfd6-ecfb-4e4c-b442-6ad86eb12c0a 7a3805bb28254a6c81a2a67947c8a2e1 6ff21e2e17104e408321db8d67912cc5 - - default default] 10.0.0.253 "GET /v2.0/security-groups?id=82434cfb-2e5b-4f37-b542-c652c5bae051&fields=id&fields=name HTTP/1.1" status: 200 len: 313 time: 0.0482543
2026-07-16 01:32:49.251 10 INFO neutron.wsgi [None req-5fcf74e7-d93a-4b25-810b-833de4d2d0a4 d820dc69025e459489f1f963b7dcb981 6a2907b7dded4e32bb1f33dd1010ea75 - - default default] 10.0.0.125 "GET /v2.0/security-groups?tenant_id=3df178c925df4a9a9c6f03c745bc7a4e&name=default HTTP/1.1" status: 200 len: 2992 time: 0.0437698
2026-07-16 01:32:49.253 9 INFO neutron.wsgi [req-987c9685-4370-4a1d-975d-2389e20b5ee7 req-693b727d-1996-45d7-bff5-8e5b28d75964 cc8bba5644e649c897b989b7670b34ec bdfc825a00914f74af27ef50bc2da99f - - default default] 10.0.0.253 "GET /v2.0/ports?device_id=739df107-771d-408e-a610-6f34c465c649 HTTP/1.1" status: 200 len: 1168 time: 0.0345678
2026-07-16 01:32:49.305 9 INFO neutron.wsgi [req-987c9685-4370-4a1d-975d-2389e20b5ee7 req-1648a4e8-71f9-4768-8f19-c4ee68e5d072 cc8bba5644e649c897b989b7670b34ec bdfc825a00914f74af27ef50bc2da99f - - default default] 10.0.0.253 "GET /v2.0/security-groups?id=aab103b5-d419-451c-aab8-e9adfe57b4f9&fields=id&fields=name HTTP/1.1" status: 200 len: 313 time: 0.0480015
2026-07-16 01:32:49.407 10 INFO neutron.wsgi [None req-a4c032a3-6b57-4dfa-844f-e53b286a76a9 d820dc69025e459489f1f963b7dcb981 6a2907b7dded4e32bb1f33dd1010ea75 - - default default] 10.0.0.198 "GET /v2.0/security-groups HTTP/1.1" status: 200 len: 30610 time: 0.2684424
2026-07-16 01:32:49.435 10 INFO neutron.services.segments.plugin [-] Segment facb2d08-148f-4042-8d12-148374cfc928 resource provider aggregate not found
2026-07-16 01:32:49.444 10 INFO neutron.wsgi [None req-7033a0ac-c87e-4b48-b41a-1c7a90c5949b d820dc69025e459489f1f963b7dcb981 6a2907b7dded4e32bb1f33dd1010ea75 - - default default] 10.0.0.198 "GET /v2.0/agents HTTP/1.1" status: 200 len: 997 time: 0.0204022
2026-07-16 01:32:49.452 10 INFO neutron.services.segments.plugin [-] Segment facb2d08-148f-4042-8d12-148374cfc928 resource provider aggregate not found
2026-07-16 01:32:49.456 10 INFO neutron.services.segments.plugin [-] Segment facb2d08-148f-4042-8d12-148374cfc928 resource provider not found; error: Placement Client Error (4xx): {"errors": [{"status": 404, "title": "Not Found", "detail": "The resource could not be found.\n\n No resource provider with uuid facb2d08-148f-4042-8d12-148374cfc928 found for delete ", "request_id": "req-4f82dfe8-bb90-4f34-a19c-0a884001f7e1"}]}
2026-07-16 01:32:49.471 10 INFO neutron.services.segments.plugin [-] Segment facb2d08-148f-4042-8d12-148374cfc928 resource provider not found; error: Placement Client Error (4xx): {"errors": [{"status": 404, "title": "Not Found", "detail": "The resource could not be found.\n\n No resource provider with uuid facb2d08-148f-4042-8d12-148374cfc928 found for delete ", "request_id": "req-c8e922a8-0d31-4371-bfd4-cc15c6527417"}]}
2026-07-16 01:32:49.494 10 INFO neutron.wsgi [None req-3e1fe8e6-ca4a-4792-b0aa-5795bbf7a84a d820dc69025e459489f1f963b7dcb981 6a2907b7dded4e32bb1f33dd1010ea75 - - default default] 10.0.0.198 "GET /v2.0/ports HTTP/1.1" status: 200 len: 16182 time: 0.0479424
2026-07-16 01:32:49.590 10 INFO neutron.wsgi [None req-e2bdd775-b489-426f-a849-560abf2882ae d820dc69025e459489f1f963b7dcb981 6a2907b7dded4e32bb1f33dd1010ea75 - - default default] 10.0.0.198 "GET /v2.0/routers HTTP/1.1" status: 200 len: 1544 time: 0.0870678
2026-07-16 01:32:49.595 10 INFO neutron.wsgi [None req-045c4510-9db9-4bca-a126-bba44c118984 d820dc69025e459489f1f963b7dcb981 6a2907b7dded4e32bb1f33dd1010ea75 - - default default] 10.0.0.125 "DELETE /v2.0/security-groups/8f22d941-47bb-4d43-a4ea-bc762760c826 HTTP/1.1" status: 204 len: 168 time: 0.3378906
2026-07-16 01:32:49.608 10 INFO neutron.wsgi [None req-31290983-86cc-4cf1-bd92-dd9c5dbee1d3 d820dc69025e459489f1f963b7dcb981 6a2907b7dded4e32bb1f33dd1010ea75 - - default default] 10.0.0.198 "GET /v2.0/agents?binary=ovn-controller HTTP/1.1" status: 200 len: 591 time: 0.0164173
2026-07-16 01:32:49.677 10 INFO neutron.wsgi [None req-f32c3fd8-a4ac-4888-abe2-59d3f6dbeaee d820dc69025e459489f1f963b7dcb981 6a2907b7dded4e32bb1f33dd1010ea75 - - default default] 10.0.0.198 "GET /v2.0/networks HTTP/1.1" status: 200 len: 3879 time: 0.0665781
2026-07-16 01:32:49.688 10 INFO neutron.wsgi [None req-6d0fa473-36ca-4f75-b7b4-854610c574d3 d820dc69025e459489f1f963b7dcb981 6a2907b7dded4e32bb1f33dd1010ea75 - - default default] 10.0.0.198 "GET /v2.0/network-ip-availabilities HTTP/1.1" status: 200 len: 2250 time: 0.0083201
2026-07-16 01:32:49.717 10 INFO neutron.wsgi [None req-d6b10ffe-4171-4f56-bf5d-89cda75321ab d820dc69025e459489f1f963b7dcb981 6a2907b7dded4e32bb1f33dd1010ea75 - - default default] 10.0.0.198 "GET /v2.0/floatingips HTTP/1.1" status: 200 len: 1269 time: 0.0270743
2026-07-16 01:32:49.752 10 INFO neutron.wsgi [None req-4b7e0db1-8d80-4d38-9de6-d3e2abe9fa6c d820dc69025e459489f1f963b7dcb981 6a2907b7dded4e32bb1f33dd1010ea75 - - default default] 10.0.0.198 "GET /v2.0/subnets HTTP/1.1" status: 200 len: 2758 time: 0.0295081
2026-07-16 01:32:49.786 10 INFO neutron.wsgi [None req-cc3b94ce-b332-45e8-acf8-23307feceaab d820dc69025e459489f1f963b7dcb981 6a2907b7dded4e32bb1f33dd1010ea75 - - default default] 10.0.0.198 "GET /v2.0/subnets HTTP/1.1" status: 200 len: 2758 time: 0.0331254
2026-07-16 01:32:49.801 10 INFO neutron.wsgi [None req-ecd08b41-0f8c-4f1b-ac44-c76298606fbb d820dc69025e459489f1f963b7dcb981 6a2907b7dded4e32bb1f33dd1010ea75 - - default default] 10.0.0.198 "GET /v2.0/subnetpools HTTP/1.1" status: 200 len: 193 time: 0.0083916
2026-07-16 01:32:50.104 9 INFO neutron.plugins.ml2.drivers.ovn.mech_driver.mech_driver [None req-6c2ac208-0920-445d-b3fb-a8ba9fc3c2ef - - - - - -] OVN reports status up for port: cf852c20-f8ef-4a44-b854-b65539c420b8
2026-07-16 01:32:50.126 9 INFO neutron.plugins.ml2.plugin [None req-6c2ac208-0920-445d-b3fb-a8ba9fc3c2ef - - - - - -] Attempt 1 to provision port cf852c20-f8ef-4a44-b854-b65539c420b8
2026-07-16 01:32:50.159 10 WARNING neutron.plugins.ml2.drivers.ovn.mech_driver.ovsdb.ovn_client [None req-06b30248-a1f7-4ba9-98df-5168947f8074 - - - - - -] No port found with ID 6b7675c4-3219-4dcc-ba1c-1a70b79fd2fa: RuntimeError: No port found with ID 6b7675c4-3219-4dcc-ba1c-1a70b79fd2fa
2026-07-16 01:32:50.258 9 INFO neutron.notifiers.nova [-] Nova event matching ['req-8e71fae6-d2c4-4ec6-a6f2-c74470b3027a'] response: {'server_uuid': '8ac5fc36-15ba-4b18-b76f-151df00679ba', 'name': 'network-vif-plugged', 'status': 'completed', 'tag': 'cf852c20-f8ef-4a44-b854-b65539c420b8', 'code': 200}
2026-07-16 01:32:50.317 9 INFO neutron.wsgi [req-4035bc14-2e7e-4f16-aa4b-a279457e33b2 req-d143c51a-6ff9-4494-a141-8d5daee674a8 7a3805bb28254a6c81a2a67947c8a2e1 6ff21e2e17104e408321db8d67912cc5 - - default default] 10.0.0.253 "GET /v2.0/ports?device_id=8ac5fc36-15ba-4b18-b76f-151df00679ba HTTP/1.1" status: 200 len: 1170 time: 0.0470598
2026-07-16 01:32:50.380 9 INFO neutron.wsgi [req-4035bc14-2e7e-4f16-aa4b-a279457e33b2 req-6b2158a2-c7a2-486b-8605-aa02bceb69e0 7a3805bb28254a6c81a2a67947c8a2e1 6ff21e2e17104e408321db8d67912cc5 - - default default] 10.0.0.253 "GET /v2.0/security-groups?id=82434cfb-2e5b-4f37-b542-c652c5bae051&fields=id&fields=name HTTP/1.1" status: 200 len: 313 time: 0.0577025
2026-07-16 01:32:50.440 9 INFO neutron.wsgi [req-b5bb2f1c-5414-4d42-8a58-c610925bbe13 req-e402d730-0114-4e50-8655-a423409f92d0 cc8bba5644e649c897b989b7670b34ec bdfc825a00914f74af27ef50bc2da99f - - default default] 10.0.0.253 "GET /v2.0/ports?device_id=739df107-771d-408e-a610-6f34c465c649 HTTP/1.1" status: 200 len: 1168 time: 0.0477662
2026-07-16 01:32:50.471 9 INFO neutron.db.ovn_revision_numbers_db [None req-6c2ac208-0920-445d-b3fb-a8ba9fc3c2ef - - - - - -] Successfully bumped revision number for resource cf852c20-f8ef-4a44-b854-b65539c420b8 (type: ports) to 4
2026-07-16 01:32:50.523 9 INFO neutron.wsgi [req-b5bb2f1c-5414-4d42-8a58-c610925bbe13 req-f466b0f3-e4cc-4487-999d-ccd77a805b8c cc8bba5644e649c897b989b7670b34ec bdfc825a00914f74af27ef50bc2da99f - - default default] 10.0.0.253 "GET /v2.0/security-groups?id=aab103b5-d419-451c-aab8-e9adfe57b4f9&fields=id&fields=name HTTP/1.1" status: 200 len: 313 time: 0.0770049
2026-07-16 01:32:50.529 9 INFO neutron.plugins.ml2.drivers.ovn.mech_driver.mech_driver [None req-6c2ac208-0920-445d-b3fb-a8ba9fc3c2ef - - - - - -] OVN reports status up for port: b533ddf6-e39e-45b1-9128-f01f73bb162c
2026-07-16 01:32:50.545 9 INFO neutron.plugins.ml2.plugin [None req-6c2ac208-0920-445d-b3fb-a8ba9fc3c2ef - - - - - -] Attempt 1 to provision port b533ddf6-e39e-45b1-9128-f01f73bb162c
2026-07-16 01:32:50.872 9 INFO neutron.db.ovn_revision_numbers_db [None req-6c2ac208-0920-445d-b3fb-a8ba9fc3c2ef - - - - - -] Successfully bumped revision number for resource b533ddf6-e39e-45b1-9128-f01f73bb162c (type: ports) to 4 /var/lib/openstack/lib/python3.10/site-packages/pycadf/identifier.py:71: UserWarning: Invalid uuid: neutron. To ensure interoperability, identifiers should be a valid uuid. warnings.warn(('Invalid uuid: %s. To ensure interoperability, '
2026-07-16 01:32:51.531 9 INFO neutron.wsgi [req-827c0aa4-2b53-47cf-ad99-71a5f0f0f30c req-239d17a4-ae69-4adf-828f-ffb5494a62a5 7a3805bb28254a6c81a2a67947c8a2e1 6ff21e2e17104e408321db8d67912cc5 - - default default] 10.0.0.253 "GET /v2.0/ports?device_id=8ac5fc36-15ba-4b18-b76f-151df00679ba HTTP/1.1" status: 200 len: 1170 time: 0.0382020
2026-07-16 01:32:51.596 9 INFO neutron.wsgi [req-827c0aa4-2b53-47cf-ad99-71a5f0f0f30c req-dc39ac14-1a10-4444-a9fd-d5232b825583 7a3805bb28254a6c81a2a67947c8a2e1 6ff21e2e17104e408321db8d67912cc5 - - default default] 10.0.0.253 "GET /v2.0/security-groups?id=82434cfb-2e5b-4f37-b542-c652c5bae051&fields=id&fields=name HTTP/1.1" status: 200 len: 313 time: 0.0547242
2026-07-16 01:32:51.652 9 INFO neutron.wsgi [req-e0ecc693-d562-4219-8fdf-cf58e6568cab req-7bd0e16a-75c5-4888-85b1-646c0f1d5b39 cc8bba5644e649c897b989b7670b34ec bdfc825a00914f74af27ef50bc2da99f - - default default] 10.0.0.253 "GET /v2.0/ports?device_id=739df107-771d-408e-a610-6f34c465c649 HTTP/1.1" status: 200 len: 1170 time: 0.0473506
2026-07-16 01:32:51.721 9 INFO neutron.wsgi [req-e0ecc693-d562-4219-8fdf-cf58e6568cab req-33eef8af-a96b-4a2f-80fb-9e099e886b0c cc8bba5644e649c897b989b7670b34ec bdfc825a00914f74af27ef50bc2da99f - - default default] 10.0.0.253 "GET /v2.0/security-groups?id=aab103b5-d419-451c-aab8-e9adfe57b4f9&fields=id&fields=name HTTP/1.1" status: 200 len: 313 time: 0.0586321
2026-07-16 01:32:51.743 9 INFO neutron.wsgi [req-755a97a2-8e1d-4f6f-8899-07424a350401 req-4ac1379a-5996-4fa7-b3b1-3fcdc0834bc9 7a3805bb28254a6c81a2a67947c8a2e1 6ff21e2e17104e408321db8d67912cc5 - - default default] 10.0.0.253 "GET /v2.0/ports?device_id=8ac5fc36-15ba-4b18-b76f-151df00679ba HTTP/1.1" status: 200 len: 1170 time: 0.0494230
2026-07-16 01:32:52.090 10 INFO neutron.db.l3_db [None req-0258d83c-5b1a-4975-a3e7-f3a85daf9064 7a3805bb28254a6c81a2a67947c8a2e1 6ff21e2e17104e408321db8d67912cc5 - - default default] Floating IP 7f0b246c-0df3-42db-80be-bdbcf93cb406 associated. External IP: 10.96.250.213, port: cf852c20-f8ef-4a44-b854-b65539c420b8.
2026-07-16 01:32:52.307 9 INFO neutron.notifiers.nova [-] Nova event matching ['req-674d5e51-7d7d-4cef-9a04-dd4dceebca79'] response: {'server_uuid': '8ac5fc36-15ba-4b18-b76f-151df00679ba', 'name': 'network-vif-plugged', 'status': 'completed', 'tag': 'cf852c20-f8ef-4a44-b854-b65539c420b8', 'code': 200}
2026-07-16 01:32:52.308 9 INFO neutron.notifiers.nova [-] Nova event matching ['req-674d5e51-7d7d-4cef-9a04-dd4dceebca79'] response: {'server_uuid': '739df107-771d-408e-a610-6f34c465c649', 'name': 'network-vif-plugged', 'status': 'completed', 'tag': 'b533ddf6-e39e-45b1-9128-f01f73bb162c', 'code': 200}
2026-07-16 01:32:52.310 9 INFO neutron.notifiers.nova [-] Nova event matching ['req-674d5e51-7d7d-4cef-9a04-dd4dceebca79'] response: {'server_uuid': '739df107-771d-408e-a610-6f34c465c649', 'name': 'network-vif-plugged', 'status': 'completed', 'tag': 'b533ddf6-e39e-45b1-9128-f01f73bb162c', 'code': 200}
2026-07-16 01:32:52.364 10 INFO neutron.db.ovn_revision_numbers_db [None req-daf46b0e-af35-4e4d-ab37-45e4e2f6009a d820dc69025e459489f1f963b7dcb981 6a2907b7dded4e32bb1f33dd1010ea75 - - default default] Successfully bumped revision number for resource be546b41-9673-4a2c-b9c8-afce49e470a4 (type: security_groups) to 1
2026-07-16 01:32:52.389 10 INFO neutron.db.ovn_revision_numbers_db [None req-daf46b0e-af35-4e4d-ab37-45e4e2f6009a d820dc69025e459489f1f963b7dcb981 6a2907b7dded4e32bb1f33dd1010ea75 - - default default] Successfully bumped revision number for resource 9cc5c086-ae57-44af-9a4e-40af85f67260 (type: security_group_rules) to 0
2026-07-16 01:32:52.407 10 INFO neutron.db.ovn_revision_numbers_db [None req-daf46b0e-af35-4e4d-ab37-45e4e2f6009a d820dc69025e459489f1f963b7dcb981 6a2907b7dded4e32bb1f33dd1010ea75 - - default default] Successfully bumped revision number for resource 9ecef820-68b0-487f-bbdb-2fbfb86ab7b3 (type: security_group_rules) to 0
2026-07-16 01:32:52.431 10 INFO neutron.db.ovn_revision_numbers_db [None req-daf46b0e-af35-4e4d-ab37-45e4e2f6009a d820dc69025e459489f1f963b7dcb981 6a2907b7dded4e32bb1f33dd1010ea75 - - default default] Successfully bumped revision number for resource c3da034a-b191-4f3a-9653-4409b2dac4ee (type: security_group_rules) to 0
2026-07-16 01:32:52.484 10 INFO neutron.db.ovn_revision_numbers_db [None req-daf46b0e-af35-4e4d-ab37-45e4e2f6009a d820dc69025e459489f1f963b7dcb981 6a2907b7dded4e32bb1f33dd1010ea75 - - default default] Successfully bumped revision number for resource d816f4f2-890c-4918-b04a-fb148b010d35 (type: security_group_rules) to 0
2026-07-16 01:32:52.512 10 INFO neutron.db.ovn_revision_numbers_db [None req-0258d83c-5b1a-4975-a3e7-f3a85daf9064 7a3805bb28254a6c81a2a67947c8a2e1 6ff21e2e17104e408321db8d67912cc5 - - default default] Successfully bumped revision number for resource 7f0b246c-0df3-42db-80be-bdbcf93cb406 (type: floatingips) to 1
2026-07-16 01:32:52.544 10 INFO neutron.db.segments_db [None req-daf46b0e-af35-4e4d-ab37-45e4e2f6009a d820dc69025e459489f1f963b7dcb981 6a2907b7dded4e32bb1f33dd1010ea75 - - default default] Added segment dad7527a-2e05-4a92-aaa3-5fa281b35720 of type geneve for network f5696006-70ec-47b5-88ba-11f23ffd8683
2026-07-16 01:32:52.708 10 INFO neutron.db.ovn_revision_numbers_db [None req-0258d83c-5b1a-4975-a3e7-f3a85daf9064 7a3805bb28254a6c81a2a67947c8a2e1 6ff21e2e17104e408321db8d67912cc5 - - default default] Successfully bumped revision number for resource 7f0b246c-0df3-42db-80be-bdbcf93cb406 (type: floatingips) to 2
2026-07-16 01:32:52.762 10 INFO neutron.wsgi [None req-0258d83c-5b1a-4975-a3e7-f3a85daf9064 7a3805bb28254a6c81a2a67947c8a2e1 6ff21e2e17104e408321db8d67912cc5 - - default default] 10.0.0.125 "PUT /v2.0/floatingips/7f0b246c-0df3-42db-80be-bdbcf93cb406 HTTP/1.1" status: 200 len: 1049 time: 1.0075378
2026-07-16 01:32:52.811 10 INFO neutron.db.ovn_revision_numbers_db [None req-daf46b0e-af35-4e4d-ab37-45e4e2f6009a d820dc69025e459489f1f963b7dcb981 6a2907b7dded4e32bb1f33dd1010ea75 - - default default] Successfully bumped revision number for resource f5696006-70ec-47b5-88ba-11f23ffd8683 (type: networks) to 1 /var/lib/openstack/lib/python3.10/site-packages/pycadf/identifier.py:71: UserWarning: Invalid uuid: neutron. To ensure interoperability, identifiers should be a valid uuid. warnings.warn(('Invalid uuid: %s. To ensure interoperability, '
2026-07-16 01:32:52.862 9 INFO neutron.wsgi [req-92f8a84b-be83-48ca-bc41-ab7928b62c42 req-062a85b1-7d65-4eb3-a56a-6d4eebe8e822 cc8bba5644e649c897b989b7670b34ec bdfc825a00914f74af27ef50bc2da99f - - default default] 10.0.0.253 "GET /v2.0/ports?device_id=739df107-771d-408e-a610-6f34c465c649 HTTP/1.1" status: 200 len: 1170 time: 0.0603280
2026-07-16 01:32:52.863 10 INFO neutron.db.ovn_revision_numbers_db [None req-15e68f08-ab0c-476f-be3f-f479115ba8e7 d820dc69025e459489f1f963b7dcb981 6a2907b7dded4e32bb1f33dd1010ea75 - - default default] Successfully bumped revision number for resource 8a825b0e-8d51-4738-a1f7-72ce46bfb815 (type: security_groups) to 1
2026-07-16 01:32:52.876 9 INFO neutron.wsgi [req-7937a1f3-682c-47d3-a3e9-a15aa0ebb14b req-e8dbc8a4-50cc-4315-95c9-039a0b4dd084 7a3805bb28254a6c81a2a67947c8a2e1 6ff21e2e17104e408321db8d67912cc5 - - default default] 10.0.0.253 "GET /v2.0/ports?device_id=8ac5fc36-15ba-4b18-b76f-151df00679ba HTTP/1.1" status: 200 len: 1170 time: 0.0720508
2026-07-16 01:32:52.883 10 INFO neutron.db.ovn_revision_numbers_db [None req-15e68f08-ab0c-476f-be3f-f479115ba8e7 d820dc69025e459489f1f963b7dcb981 6a2907b7dded4e32bb1f33dd1010ea75 - - default default] Successfully bumped revision number for resource 42f28c37-7ccd-4424-86cc-fc19d4024ce4 (type: security_group_rules) to 0
2026-07-16 01:32:52.904 10 INFO neutron.db.ovn_revision_numbers_db [None req-15e68f08-ab0c-476f-be3f-f479115ba8e7 d820dc69025e459489f1f963b7dcb981 6a2907b7dded4e32bb1f33dd1010ea75 - - default default] Successfully bumped revision number for resource 8f430f7b-a6cf-4368-aeaf-c1dd4dfcc43c (type: security_group_rules) to 0
2026-07-16 01:32:52.912 9 INFO neutron.wsgi [req-92f8a84b-be83-48ca-bc41-ab7928b62c42 req-9a7fa0f4-cb7b-4962-ae94-cbd6b5efd125 cc8bba5644e649c897b989b7670b34ec bdfc825a00914f74af27ef50bc2da99f - - default default] 10.0.0.253 "GET /v2.0/security-groups?id=aab103b5-d419-451c-aab8-e9adfe57b4f9&fields=id&fields=name HTTP/1.1" status: 200 len: 313 time: 0.0405788
2026-07-16 01:32:52.932 10 INFO neutron.db.ovn_revision_numbers_db [None req-15e68f08-ab0c-476f-be3f-f479115ba8e7 d820dc69025e459489f1f963b7dcb981 6a2907b7dded4e32bb1f33dd1010ea75 - - default default] Successfully bumped revision number for resource e5c9af99-3112-4434-9bad-54808ee979f8 (type: security_group_rules) to 0
2026-07-16 01:32:52.933 9 INFO neutron.wsgi [req-7937a1f3-682c-47d3-a3e9-a15aa0ebb14b req-6311cef4-489b-48bf-92c5-4a91059c3c72 7a3805bb28254a6c81a2a67947c8a2e1 6ff21e2e17104e408321db8d67912cc5 - - default default] 10.0.0.253 "GET /v2.0/security-groups?id=82434cfb-2e5b-4f37-b542-c652c5bae051&fields=id&fields=name HTTP/1.1" status: 200 len: 313 time: 0.0475378
2026-07-16 01:32:52.952 10 INFO neutron.notifiers.nova [-] Nova event matching ['req-372862a3-fa88-49d8-be2f-e572e480ce10'] response: {'name': 'network-changed', 'server_uuid': '8ac5fc36-15ba-4b18-b76f-151df00679ba', 'tag': 'cf852c20-f8ef-4a44-b854-b65539c420b8', 'status': 'completed', 'code': 200}
2026-07-16 01:32:52.954 10 INFO neutron.db.ovn_revision_numbers_db [None req-15e68f08-ab0c-476f-be3f-f479115ba8e7 d820dc69025e459489f1f963b7dcb981 6a2907b7dded4e32bb1f33dd1010ea75 - - default default] Successfully bumped revision number for resource f48aed01-cb60-4cfa-b621-9f744fab8965 (type: security_group_rules) to 0
2026-07-16 01:32:52.988 10 INFO neutron.wsgi [None req-15e68f08-ab0c-476f-be3f-f479115ba8e7 d820dc69025e459489f1f963b7dcb981 6a2907b7dded4e32bb1f33dd1010ea75 - - default default] 10.0.0.125 "GET /v2.0/security-groups?tenant_id=c91771071eb2459baa44c4e0b7b50b88&name=default HTTP/1.1" status: 200 len: 2996 time: 0.5064638
2026-07-16 01:32:53.012 10 WARNING neutron.scheduler.dhcp_agent_scheduler [None req-daf46b0e-af35-4e4d-ab37-45e4e2f6009a d820dc69025e459489f1f963b7dcb981 6a2907b7dded4e32bb1f33dd1010ea75 - - default default] No more DHCP agents
2026-07-16 01:32:53.014 10 WARNING neutron.api.rpc.agentnotifiers.dhcp_rpc_agent_api [None req-daf46b0e-af35-4e4d-ab37-45e4e2f6009a d820dc69025e459489f1f963b7dcb981 6a2907b7dded4e32bb1f33dd1010ea75 - - default default] Unable to schedule network f5696006-70ec-47b5-88ba-11f23ffd8683: no agents available; will retry on subsequent port and subnet creation events.
2026-07-16 01:32:53.039 9 INFO neutron.wsgi [req-aa64cf1c-21fe-4926-a5ff-d36d64a32788 req-e4bf1ee1-f7b6-466d-8083-386afc5de791 f2009d61f05c4ebfa692b82a4d8d0e5d bddf8de969774b3bbb48bd698541de3e - - 77a314461d9143cd92d4acfd3cd81ae8 77a314461d9143cd92d4acfd3cd81ae8] 199.204.45.53 "GET /v2.0/ports?tenant_id=6ff21e2e17104e408321db8d67912cc5&device_id=8ac5fc36-15ba-4b18-b76f-151df00679ba HTTP/1.1" status: 200 len: 1409 time: 0.0539057
2026-07-16 01:32:53.045 9 INFO neutron.wsgi [req-17683635-1860-4346-8621-2d4df10fdc89 req-bf4b8b3b-ad18-49aa-a9e0-05577a8787d9 cc8bba5644e649c897b989b7670b34ec bdfc825a00914f74af27ef50bc2da99f - - default default] 10.0.0.253 "GET /v2.0/ports?device_id=739df107-771d-408e-a610-6f34c465c649 HTTP/1.1" status: 200 len: 1170 time: 0.0485413
2026-07-16 01:32:53.109 9 INFO neutron.wsgi [req-aa64cf1c-21fe-4926-a5ff-d36d64a32788 req-f79744ab-9e34-48b1-a2b1-942b759bbcd4 f2009d61f05c4ebfa692b82a4d8d0e5d bddf8de969774b3bbb48bd698541de3e - - 77a314461d9143cd92d4acfd3cd81ae8 77a314461d9143cd92d4acfd3cd81ae8] 199.204.45.53 "GET /v2.0/networks?id=4fc85cca-4d1f-48b3-9494-b943e0d91f55 HTTP/1.1" status: 200 len: 974 time: 0.0613673
2026-07-16 01:32:53.128 10 INFO neutron.db.ovn_revision_numbers_db [None req-daf46b0e-af35-4e4d-ab37-45e4e2f6009a d820dc69025e459489f1f963b7dcb981 6a2907b7dded4e32bb1f33dd1010ea75 - - default default] Successfully bumped revision number for resource 380bdaed-1242-486a-8f48-839cf4bda16f (type: ports) to 1
2026-07-16 01:32:53.155 10 INFO neutron.wsgi [-] 10.0.0.220 "GET / HTTP/1.1" status: 200 len: 247 time: 0.0013366
2026-07-16 01:32:53.156 10 INFO neutron.wsgi [-] 10.0.0.220 "GET / HTTP/1.1" status: 200 len: 247 time: 0.0008893
2026-07-16 01:32:53.164 10 INFO neutron.wsgi [None req-daf46b0e-af35-4e4d-ab37-45e4e2f6009a d820dc69025e459489f1f963b7dcb981 6a2907b7dded4e32bb1f33dd1010ea75 - - default default] 10.0.0.125 "POST /v2.0/networks HTTP/1.1" status: 201 len: 946 time: 1.4833720
2026-07-16 01:32:53.284 9 INFO neutron.plugins.ml2.drivers.ovn.mech_driver.mech_driver [None req-6c2ac208-0920-445d-b3fb-a8ba9fc3c2ef - - - - - -] OVN reports status down for port: cf852c20-f8ef-4a44-b854-b65539c420b8
2026-07-16 01:32:53.331 9 INFO neutron.wsgi [req-aa64cf1c-21fe-4926-a5ff-d36d64a32788 req-b8c6efe7-c7fe-4cd4-8ca9-cef6dea42b02 f2009d61f05c4ebfa692b82a4d8d0e5d bddf8de969774b3bbb48bd698541de3e - - 77a314461d9143cd92d4acfd3cd81ae8 77a314461d9143cd92d4acfd3cd81ae8] 199.204.45.53 "GET /v2.0/floatingips?fixed_ip_address=10.100.0.3&port_id=cf852c20-f8ef-4a44-b854-b65539c420b8 HTTP/1.1" status: 200 len: 1059 time: 0.2175646
2026-07-16 01:32:53.355 10 INFO neutron.db.l3_db [None req-22087e4c-e4b5-4373-b1ad-ba3246225b02 cc8bba5644e649c897b989b7670b34ec bdfc825a00914f74af27ef50bc2da99f - - default default] Floating IP 4a472e2f-d3ba-4a3e-ac33-1e4f82dca464 associated. External IP: 10.96.250.212, port: b533ddf6-e39e-45b1-9128-f01f73bb162c.
2026-07-16 01:32:53.397 9 INFO neutron.wsgi [req-aa64cf1c-21fe-4926-a5ff-d36d64a32788 req-90011012-27a2-454e-ba7d-4dbd7cea2e34 f2009d61f05c4ebfa692b82a4d8d0e5d bddf8de969774b3bbb48bd698541de3e - - 77a314461d9143cd92d4acfd3cd81ae8 77a314461d9143cd92d4acfd3cd81ae8] 199.204.45.53 "GET /v2.0/subnets?id=7619a150-08ba-455e-8a7c-4431899751c2 HTTP/1.1" status: 200 len: 869 time: 0.0567384
2026-07-16 01:32:53.412 10 WARNING neutron.scheduler.dhcp_agent_scheduler [None req-ec820f89-d857-4a45-aadd-a1f1ae6aa222 d820dc69025e459489f1f963b7dcb981 6a2907b7dded4e32bb1f33dd1010ea75 - - default default] No more DHCP agents
2026-07-16 01:32:53.415 10 WARNING neutron.api.rpc.agentnotifiers.dhcp_rpc_agent_api [None req-ec820f89-d857-4a45-aadd-a1f1ae6aa222 d820dc69025e459489f1f963b7dcb981 6a2907b7dded4e32bb1f33dd1010ea75 - - default default] Unable to schedule network f5696006-70ec-47b5-88ba-11f23ffd8683: no agents available; will retry on subsequent port and subnet creation events.
2026-07-16 01:32:53.428 9 INFO neutron.wsgi [req-aa64cf1c-21fe-4926-a5ff-d36d64a32788 req-fc54aad6-a133-45ae-a67f-83468cd490e1 f2009d61f05c4ebfa692b82a4d8d0e5d bddf8de969774b3bbb48bd698541de3e - - 77a314461d9143cd92d4acfd3cd81ae8 77a314461d9143cd92d4acfd3cd81ae8] 199.204.45.53 "GET /v2.0/ports?network_id=4fc85cca-4d1f-48b3-9494-b943e0d91f55&device_owner=network%3Adhcp HTTP/1.1" status: 200 len: 210 time: 0.0232031
2026-07-16 01:32:53.470 9 INFO neutron.wsgi [req-3d2e17a3-a217-412e-8372-8e9ffc39e684 req-f9bac9b1-1152-4d61-8ba7-b9ae2d9e3d0f 7a3805bb28254a6c81a2a67947c8a2e1 6ff21e2e17104e408321db8d67912cc5 - - default default] 10.0.0.253 "GET /v2.0/ports?device_id=8ac5fc36-15ba-4b18-b76f-151df00679ba HTTP/1.1" status: 200 len: 1170 time: 0.2079928
2026-07-16 01:32:53.550 9 INFO neutron.wsgi [req-3d2e17a3-a217-412e-8372-8e9ffc39e684 req-cc38cfa5-3b63-462d-ac17-3a78b4cfc811 7a3805bb28254a6c81a2a67947c8a2e1 6ff21e2e17104e408321db8d67912cc5 - - default default] 10.0.0.253 "GET /v2.0/security-groups?id=82434cfb-2e5b-4f37-b542-c652c5bae051&fields=id&fields=name HTTP/1.1" status: 200 len: 313 time: 0.0745165
