2026-07-16 01:34:29.862 10 INFO neutron.wsgi [req-024066c1-f51e-48a2-bb26-7dac3a3a5de3 req-403f1a63-d283-4a38-a5b3-504b63dab447 f2009d61f05c4ebfa692b82a4d8d0e5d bddf8de969774b3bbb48bd698541de3e - - 77a314461d9143cd92d4acfd3cd81ae8 77a314461d9143cd92d4acfd3cd81ae8] 199.204.45.53 "GET /v2.0/subnets?id=92a3c5ec-e026-4c0b-85aa-9b18fa33d81c HTTP/1.1" status: 200 len: 865 time: 0.0301478
2026-07-16 01:34:29.893 10 INFO neutron.wsgi [req-024066c1-f51e-48a2-bb26-7dac3a3a5de3 req-fe2d9060-23fd-4d84-9c22-61964dc1a338 f2009d61f05c4ebfa692b82a4d8d0e5d bddf8de969774b3bbb48bd698541de3e - - 77a314461d9143cd92d4acfd3cd81ae8 77a314461d9143cd92d4acfd3cd81ae8] 199.204.45.53 "GET /v2.0/ports?network_id=58015ae7-2822-4cbf-8766-ebfd8aca63d0&device_owner=network%3Adhcp HTTP/1.1" status: 200 len: 210 time: 0.0229084
2026-07-16 01:34:29.912 9 INFO neutron.wsgi [req-8c13016c-d34d-4f1a-8404-5c2dabcb2858 req-50b8240e-5c35-460a-b8b8-ef55d2d0f69d 55af7944c325447882a35486e0500ad6 213260d080aa4f738e9c2fc49525d12f - - default default] 10.0.0.253 "GET /v2.0/ports?device_id=975c5b10-1687-4b33-bde4-0e3647fb7fc7 HTTP/1.1" status: 200 len: 1208 time: 0.0599170
2026-07-16 01:34:29.966 9 INFO neutron.wsgi [req-8c13016c-d34d-4f1a-8404-5c2dabcb2858 req-a27405a2-5b6b-4d86-8966-27149a87a31e 55af7944c325447882a35486e0500ad6 213260d080aa4f738e9c2fc49525d12f - - default default] 10.0.0.253 "GET /v2.0/security-groups?id=1e6fc421-6535-4beb-b15d-614c2b32aae7&id=41192d3b-fc19-4057-becc-c96cf3c35a69&fields=id&fields=name HTTP/1.1" status: 200 len: 406 time: 0.0499983
2026-07-16 01:34:29.968 10 INFO neutron.wsgi [req-024066c1-f51e-48a2-bb26-7dac3a3a5de3 req-f9f96303-9087-4b7e-84ed-50c99efa8c1c f2009d61f05c4ebfa692b82a4d8d0e5d bddf8de969774b3bbb48bd698541de3e - - 77a314461d9143cd92d4acfd3cd81ae8 77a314461d9143cd92d4acfd3cd81ae8] 199.204.45.53 "GET /v2.0/networks/58015ae7-2822-4cbf-8766-ebfd8aca63d0?fields=segments HTTP/1.1" status: 200 len: 212 time: 0.0687079
2026-07-16 01:34:30.029 10 INFO neutron.wsgi [req-024066c1-f51e-48a2-bb26-7dac3a3a5de3 req-ac126ae6-3e0b-43dd-a6d8-908d1a5f16de f2009d61f05c4ebfa692b82a4d8d0e5d bddf8de969774b3bbb48bd698541de3e - - 77a314461d9143cd92d4acfd3cd81ae8 77a314461d9143cd92d4acfd3cd81ae8] 199.204.45.53 "GET /v2.0/networks/58015ae7-2822-4cbf-8766-ebfd8aca63d0?fields=provider%3Aphysical_network&fields=provider%3Anetwork_type HTTP/1.1" status: 200 len: 277 time: 0.0548046
2026-07-16 01:34:30.177 10 INFO neutron.wsgi [req-7f1daf87-ac6f-442d-81ed-8d8513aa5207 req-d2d459db-e1ea-4cce-90b5-6c31812ceffe f2009d61f05c4ebfa692b82a4d8d0e5d bddf8de969774b3bbb48bd698541de3e - - 77a314461d9143cd92d4acfd3cd81ae8 77a314461d9143cd92d4acfd3cd81ae8] 199.204.45.53 "GET /v2.0/ports?device_id=975c5b10-1687-4b33-bde4-0e3647fb7fc7 HTTP/1.1" status: 200 len: 1446 time: 0.0311816
2026-07-16 01:34:30.214 10 INFO neutron.wsgi [req-7f1daf87-ac6f-442d-81ed-8d8513aa5207 req-979290f7-eaf2-4a81-b1ae-7b227d46aec8 f2009d61f05c4ebfa692b82a4d8d0e5d bddf8de969774b3bbb48bd698541de3e - - 77a314461d9143cd92d4acfd3cd81ae8 77a314461d9143cd92d4acfd3cd81ae8] 199.204.45.53 "GET /v2.0/security-groups?id=1e6fc421-6535-4beb-b15d-614c2b32aae7&id=41192d3b-fc19-4057-becc-c96cf3c35a69&fields=id&fields=name HTTP/1.1" status: 200 len: 406 time: 0.0337484
2026-07-16 01:34:30.385 9 INFO neutron.wsgi [None req-c7259bb3-3a2d-4880-9c05-91d508b7cd02 d820dc69025e459489f1f963b7dcb981 6a2907b7dded4e32bb1f33dd1010ea75 - - default default] 10.0.0.125 "PUT /v2.0/routers/ee46af34-e186-4c84-bb3d-97d7f17f1492/remove_router_interface HTTP/1.1" status: 200 len: 503 time: 1.2256827 /var/lib/openstack/lib/python3.10/site-packages/pycadf/identifier.py:71: UserWarning: Invalid uuid: neutron. To ensure interoperability, identifiers should be a valid uuid. warnings.warn(('Invalid uuid: %s. To ensure interoperability, '
2026-07-16 01:34:31.074 9 INFO neutron.wsgi [req-2359388a-7a58-4787-9929-07d931d01c4f req-f4cae444-0cf1-4ece-b8d4-3a5dc78196b9 55af7944c325447882a35486e0500ad6 213260d080aa4f738e9c2fc49525d12f - - default default] 10.0.0.253 "GET /v2.0/ports?device_id=975c5b10-1687-4b33-bde4-0e3647fb7fc7 HTTP/1.1" status: 200 len: 1208 time: 0.0390551
2026-07-16 01:34:31.077 9 INFO neutron.wsgi [None req-23de1395-6e52-4f99-9031-33355a6f9685 d820dc69025e459489f1f963b7dcb981 6a2907b7dded4e32bb1f33dd1010ea75 - - default default] 10.0.0.125 "DELETE /v2.0/routers/ee46af34-e186-4c84-bb3d-97d7f17f1492 HTTP/1.1" status: 204 len: 168 time: 0.6858695
2026-07-16 01:34:31.148 9 INFO neutron.wsgi [req-2359388a-7a58-4787-9929-07d931d01c4f req-f174b1ae-51e5-4e53-9243-a2a88d3db99e 55af7944c325447882a35486e0500ad6 213260d080aa4f738e9c2fc49525d12f - - default default] 10.0.0.253 "GET /v2.0/security-groups?id=1e6fc421-6535-4beb-b15d-614c2b32aae7&id=41192d3b-fc19-4057-becc-c96cf3c35a69&fields=id&fields=name HTTP/1.1" status: 200 len: 406 time: 0.0657277
2026-07-16 01:34:31.275 9 INFO neutron.wsgi [None req-cf095019-a1d7-4e0b-abfa-ad727cd79a14 d820dc69025e459489f1f963b7dcb981 6a2907b7dded4e32bb1f33dd1010ea75 - - default default] 10.0.0.125 "DELETE /v2.0/subnets/c2be216f-8491-43f2-86a5-da32024a9f7d HTTP/1.1" status: 204 len: 168 time: 0.1928339
2026-07-16 01:34:31.300 10 INFO neutron.notifiers.nova [-] Nova event matching ['req-1e951abf-039b-468d-a40d-b6ed34c41c15'] response: {'name': 'network-changed', 'server_uuid': '975c5b10-1687-4b33-bde4-0e3647fb7fc7', 'tag': '0c3f79c1-abae-4bcf-a1e8-320931b1c137', 'status': 'completed', 'code': 200}
2026-07-16 01:34:31.607 10 INFO neutron.wsgi [req-06715f0b-5381-4523-a935-83f0fbbb349f req-85c0614c-e66e-44eb-a5f7-c407fac154df f2009d61f05c4ebfa692b82a4d8d0e5d bddf8de969774b3bbb48bd698541de3e - - 77a314461d9143cd92d4acfd3cd81ae8 77a314461d9143cd92d4acfd3cd81ae8] 199.204.45.53 "GET /v2.0/ports?tenant_id=213260d080aa4f738e9c2fc49525d12f&device_id=975c5b10-1687-4b33-bde4-0e3647fb7fc7 HTTP/1.1" status: 200 len: 1446 time: 0.2882497
2026-07-16 01:34:31.628 9 INFO neutron.services.segments.plugin [-] Segment 06ce9873-9b8f-4f9a-b744-5f422347df40 resource provider aggregate not found
2026-07-16 01:34:31.633 9 INFO neutron.services.segments.plugin [-] Segment 06ce9873-9b8f-4f9a-b744-5f422347df40 resource provider aggregate not found
2026-07-16 01:34:31.656 9 INFO neutron.services.segments.plugin [-] Segment 06ce9873-9b8f-4f9a-b744-5f422347df40 resource provider not found; error: Placement Client Error (4xx): {"errors": [{"status": 404, "title": "Not Found", "detail": "The resource could not be found.\n\n No resource provider with uuid 06ce9873-9b8f-4f9a-b744-5f422347df40 found for delete ", "request_id": "req-51299dab-1d72-4573-b0ee-d0068058ae19"}]}
2026-07-16 01:34:31.665 9 INFO neutron.services.segments.plugin [-] Segment 06ce9873-9b8f-4f9a-b744-5f422347df40 resource provider not found; error: Placement Client Error (4xx): {"errors": [{"status": 404, "title": "Not Found", "detail": "The resource could not be found.\n\n No resource provider with uuid 06ce9873-9b8f-4f9a-b744-5f422347df40 found for delete ", "request_id": "req-9534893b-e376-4a95-bb54-e3ac74dcf0c6"}]}
2026-07-16 01:34:31.678 9 INFO neutron.wsgi [None req-d98142a2-8198-4d60-b046-d84a36e4bddd d820dc69025e459489f1f963b7dcb981 6a2907b7dded4e32bb1f33dd1010ea75 - - default default] 10.0.0.125 "DELETE /v2.0/networks/a9994aa2-05a2-4122-abaa-902e13c3cee4 HTTP/1.1" status: 204 len: 168 time: 0.3992689
2026-07-16 01:34:31.690 10 INFO neutron.wsgi [req-06715f0b-5381-4523-a935-83f0fbbb349f req-a8b4cd5c-f468-4840-8112-2dcf19a80fe1 f2009d61f05c4ebfa692b82a4d8d0e5d bddf8de969774b3bbb48bd698541de3e - - 77a314461d9143cd92d4acfd3cd81ae8 77a314461d9143cd92d4acfd3cd81ae8] 199.204.45.53 "GET /v2.0/networks?id=58015ae7-2822-4cbf-8766-ebfd8aca63d0 HTTP/1.1" status: 200 len: 969 time: 0.0750787
2026-07-16 01:34:31.727 10 INFO neutron.wsgi [req-06715f0b-5381-4523-a935-83f0fbbb349f req-3fdefef1-3d58-4bf4-8bd5-c12dcca28dda f2009d61f05c4ebfa692b82a4d8d0e5d bddf8de969774b3bbb48bd698541de3e - - 77a314461d9143cd92d4acfd3cd81ae8 77a314461d9143cd92d4acfd3cd81ae8] 199.204.45.53 "GET /v2.0/floatingips?fixed_ip_address=10.100.0.9&port_id=0c3f79c1-abae-4bcf-a1e8-320931b1c137 HTTP/1.1" status: 200 len: 217 time: 0.0288675
2026-07-16 01:34:31.765 10 INFO neutron.wsgi [req-06715f0b-5381-4523-a935-83f0fbbb349f req-8d6bc313-a25c-41e2-b03c-fa784e92797c f2009d61f05c4ebfa692b82a4d8d0e5d bddf8de969774b3bbb48bd698541de3e - - 77a314461d9143cd92d4acfd3cd81ae8 77a314461d9143cd92d4acfd3cd81ae8] 199.204.45.53 "GET /v2.0/subnets?id=92a3c5ec-e026-4c0b-85aa-9b18fa33d81c HTTP/1.1" status: 200 len: 865 time: 0.0322883
2026-07-16 01:34:31.793 10 INFO neutron.wsgi [req-06715f0b-5381-4523-a935-83f0fbbb349f req-d12d3e7d-f426-4335-8fa6-b70529b8560c f2009d61f05c4ebfa692b82a4d8d0e5d bddf8de969774b3bbb48bd698541de3e - - 77a314461d9143cd92d4acfd3cd81ae8 77a314461d9143cd92d4acfd3cd81ae8] 199.204.45.53 "GET /v2.0/ports?network_id=58015ae7-2822-4cbf-8766-ebfd8aca63d0&device_owner=network%3Adhcp HTTP/1.1" status: 200 len: 210 time: 0.0222545
2026-07-16 01:34:31.845 9 INFO neutron.db.ovn_revision_numbers_db [None req-aaa7338c-eaae-4041-9394-20e5b45b8f13 d820dc69025e459489f1f963b7dcb981 6a2907b7dded4e32bb1f33dd1010ea75 - - default default] Successfully bumped revision number for resource 040340ed-94fb-4203-a336-1bc1223dbc63 (type: security_groups) to 1
2026-07-16 01:34:31.860 9 INFO neutron.db.ovn_revision_numbers_db [None req-aaa7338c-eaae-4041-9394-20e5b45b8f13 d820dc69025e459489f1f963b7dcb981 6a2907b7dded4e32bb1f33dd1010ea75 - - default default] Successfully bumped revision number for resource 0b35ec66-4b58-41a1-9e96-74ac5ca897e5 (type: security_group_rules) to 0
2026-07-16 01:34:31.865 10 INFO neutron.wsgi [None req-d2473e2d-0b4a-4c36-9e1a-f9709fd3e59d d820dc69025e459489f1f963b7dcb981 6a2907b7dded4e32bb1f33dd1010ea75 - - default default] 10.0.0.125 "GET /v2.0/security-groups?tenant_id=fdfe6ea13a2c4e108b169a848ff100b4&name=default HTTP/1.1" status: 200 len: 2996 time: 0.0446537
2026-07-16 01:34:31.867 10 INFO neutron.wsgi [req-06715f0b-5381-4523-a935-83f0fbbb349f req-6aa2e347-6579-4b92-8dc3-f95c7f04d9a1 f2009d61f05c4ebfa692b82a4d8d0e5d bddf8de969774b3bbb48bd698541de3e - - 77a314461d9143cd92d4acfd3cd81ae8 77a314461d9143cd92d4acfd3cd81ae8] 199.204.45.53 "GET /v2.0/networks/58015ae7-2822-4cbf-8766-ebfd8aca63d0?fields=segments HTTP/1.1" status: 200 len: 212 time: 0.0684750
2026-07-16 01:34:31.873 9 INFO neutron.db.ovn_revision_numbers_db [None req-aaa7338c-eaae-4041-9394-20e5b45b8f13 d820dc69025e459489f1f963b7dcb981 6a2907b7dded4e32bb1f33dd1010ea75 - - default default] Successfully bumped revision number for resource 50fdfa16-2e10-418a-bce2-66bab6d67958 (type: security_group_rules) to 0
2026-07-16 01:34:31.887 9 INFO neutron.db.ovn_revision_numbers_db [None req-aaa7338c-eaae-4041-9394-20e5b45b8f13 d820dc69025e459489f1f963b7dcb981 6a2907b7dded4e32bb1f33dd1010ea75 - - default default] Successfully bumped revision number for resource d17583eb-d73c-4828-afa1-4809c2623f12 (type: security_group_rules) to 0
2026-07-16 01:34:31.900 9 INFO neutron.db.ovn_revision_numbers_db [None req-aaa7338c-eaae-4041-9394-20e5b45b8f13 d820dc69025e459489f1f963b7dcb981 6a2907b7dded4e32bb1f33dd1010ea75 - - default default] Successfully bumped revision number for resource de3b26a3-b38d-4cb6-94ce-72a07b4bb28a (type: security_group_rules) to 0
2026-07-16 01:34:31.924 9 INFO neutron.wsgi [None req-aaa7338c-eaae-4041-9394-20e5b45b8f13 d820dc69025e459489f1f963b7dcb981 6a2907b7dded4e32bb1f33dd1010ea75 - - default default] 10.0.0.125 "GET /v2.0/security-groups?tenant_id=3a1863665ea3434280eb706991de974d&name=default HTTP/1.1" status: 200 len: 2996 time: 0.3804455
2026-07-16 01:34:31.933 10 INFO neutron.wsgi [req-06715f0b-5381-4523-a935-83f0fbbb349f req-94c979d3-8eed-44b2-9b4b-031c50f84247 f2009d61f05c4ebfa692b82a4d8d0e5d bddf8de969774b3bbb48bd698541de3e - - 77a314461d9143cd92d4acfd3cd81ae8 77a314461d9143cd92d4acfd3cd81ae8] 199.204.45.53 "GET /v2.0/networks/58015ae7-2822-4cbf-8766-ebfd8aca63d0?fields=provider%3Aphysical_network&fields=provider%3Anetwork_type HTTP/1.1" status: 200 len: 277 time: 0.0587773
2026-07-16 01:34:32.071 10 INFO neutron.wsgi [None req-78e59fc6-d2b3-4b66-908e-85555041e67c d820dc69025e459489f1f963b7dcb981 6a2907b7dded4e32bb1f33dd1010ea75 - - default default] 10.0.0.125 "DELETE /v2.0/security-groups/fcb2003c-a356-4129-8299-064b52d7b37b HTTP/1.1" status: 204 len: 168 time: 0.2006392
2026-07-16 01:34:32.111 9 INFO neutron.wsgi [None req-7350bfd4-0952-4c56-993e-deeb25f858c5 d820dc69025e459489f1f963b7dcb981 6a2907b7dded4e32bb1f33dd1010ea75 - - default default] 10.0.0.125 "DELETE /v2.0/security-groups/040340ed-94fb-4203-a336-1bc1223dbc63 HTTP/1.1" status: 204 len: 168 time: 0.1829901
2026-07-16 01:34:32.249 9 INFO neutron.wsgi [req-4be273ca-4cee-40bf-8e7a-b1bc12330af3 req-d1d81105-23f5-4347-a2cd-cdfddc7d2285 55af7944c325447882a35486e0500ad6 213260d080aa4f738e9c2fc49525d12f - - default default] 10.0.0.253 "GET /v2.0/ports?device_id=975c5b10-1687-4b33-bde4-0e3647fb7fc7 HTTP/1.1" status: 200 len: 1208 time: 0.0368335
2026-07-16 01:34:32.301 9 INFO neutron.wsgi [req-4be273ca-4cee-40bf-8e7a-b1bc12330af3 req-b2dfd765-1795-4eb3-b566-044c823b3629 55af7944c325447882a35486e0500ad6 213260d080aa4f738e9c2fc49525d12f - - default default] 10.0.0.253 "GET /v2.0/security-groups?id=1e6fc421-6535-4beb-b15d-614c2b32aae7&id=41192d3b-fc19-4057-becc-c96cf3c35a69&fields=id&fields=name HTTP/1.1" status: 200 len: 406 time: 0.0431962
2026-07-16 01:34:32.372 10 INFO neutron.db.ovn_revision_numbers_db [None req-e9804172-a60f-4707-85f3-749edc0ab3ea d820dc69025e459489f1f963b7dcb981 6a2907b7dded4e32bb1f33dd1010ea75 - - default default] Successfully bumped revision number for resource 352d6aa3-f714-45a3-ba39-7b75ed6d98e4 (type: security_groups) to 1
2026-07-16 01:34:32.385 10 INFO neutron.db.ovn_revision_numbers_db [None req-e9804172-a60f-4707-85f3-749edc0ab3ea d820dc69025e459489f1f963b7dcb981 6a2907b7dded4e32bb1f33dd1010ea75 - - default default] Successfully bumped revision number for resource 1f4c0698-9258-47ed-a0bb-3374f136531f (type: security_group_rules) to 0
2026-07-16 01:34:32.397 10 INFO neutron.db.ovn_revision_numbers_db [None req-e9804172-a60f-4707-85f3-749edc0ab3ea d820dc69025e459489f1f963b7dcb981 6a2907b7dded4e32bb1f33dd1010ea75 - - default default] Successfully bumped revision number for resource 236ca123-4ce3-463d-b55f-5c43a607bd0b (type: security_group_rules) to 0
2026-07-16 01:34:32.411 10 INFO neutron.db.ovn_revision_numbers_db [None req-e9804172-a60f-4707-85f3-749edc0ab3ea d820dc69025e459489f1f963b7dcb981 6a2907b7dded4e32bb1f33dd1010ea75 - - default default] Successfully bumped revision number for resource 78915078-f34f-4dfb-8e8a-ef122d46ed75 (type: security_group_rules) to 0
2026-07-16 01:34:32.425 10 INFO neutron.db.ovn_revision_numbers_db [None req-e9804172-a60f-4707-85f3-749edc0ab3ea d820dc69025e459489f1f963b7dcb981 6a2907b7dded4e32bb1f33dd1010ea75 - - default default] Successfully bumped revision number for resource 94a344ea-3555-4836-8ed2-cb6a4917dce5 (type: security_group_rules) to 0
2026-07-16 01:34:32.450 10 INFO neutron.wsgi [None req-e9804172-a60f-4707-85f3-749edc0ab3ea d820dc69025e459489f1f963b7dcb981 6a2907b7dded4e32bb1f33dd1010ea75 - - default default] 10.0.0.125 "GET /v2.0/security-groups?tenant_id=39a983b7e8a749e791adf1fe0e408ada&name=default HTTP/1.1" status: 200 len: 2996 time: 0.2052588
2026-07-16 01:34:32.471 9 WARNING neutron.plugins.ml2.drivers.ovn.mech_driver.ovsdb.ovn_client [None req-6c2ac208-0920-445d-b3fb-a8ba9fc3c2ef - - - - - -] No port found with ID 44aa00ae-013c-4c86-8da1-6f9d948e9d5e: RuntimeError: No port found with ID 44aa00ae-013c-4c86-8da1-6f9d948e9d5e
2026-07-16 01:34:32.471 9 INFO neutron.plugins.ml2.drivers.ovn.mech_driver.mech_driver [None req-6c2ac208-0920-445d-b3fb-a8ba9fc3c2ef - - - - - -] OVN reports status up for port: 34e89ee3-aeb6-4c86-97b9-5de1665966ef
2026-07-16 01:34:32.627 10 INFO neutron.wsgi [None req-9432c7e3-ffbe-4377-9c0e-efa5bc372f45 d820dc69025e459489f1f963b7dcb981 6a2907b7dded4e32bb1f33dd1010ea75 - - default default] 10.0.0.125 "DELETE /v2.0/security-groups/352d6aa3-f714-45a3-ba39-7b75ed6d98e4 HTTP/1.1" status: 204 len: 168 time: 0.1718991
2026-07-16 01:34:32.726 9 INFO neutron.plugins.ml2.drivers.ovn.mech_driver.mech_driver [None req-6c2ac208-0920-445d-b3fb-a8ba9fc3c2ef - - - - - -] OVN reports status up for port: 2ddd8e6d-a68d-4cbd-adc4-12144dd01423
2026-07-16 01:34:32.731 9 INFO neutron.plugins.ml2.plugin [None req-6c2ac208-0920-445d-b3fb-a8ba9fc3c2ef - - - - - -] Attempt 1 to provision port 2ddd8e6d-a68d-4cbd-adc4-12144dd01423
2026-07-16 01:34:33.004 9 INFO neutron.db.ovn_revision_numbers_db [None req-6c2ac208-0920-445d-b3fb-a8ba9fc3c2ef - - - - - -] Successfully bumped revision number for resource 2ddd8e6d-a68d-4cbd-adc4-12144dd01423 (type: ports) to 2
2026-07-16 01:34:33.133 9 INFO neutron.db.ovn_revision_numbers_db [None req-6c2ac208-0920-445d-b3fb-a8ba9fc3c2ef - - - - - -] Successfully bumped revision number for resource 2ddd8e6d-a68d-4cbd-adc4-12144dd01423 (type: router_ports) to 2
2026-07-16 01:34:33.448 9 INFO neutron.wsgi [req-1b454d95-1bc5-47ee-88eb-1d35e2f3ee1c req-df8f614a-edfa-412f-8efc-5dc6ac6a7dd6 55af7944c325447882a35486e0500ad6 213260d080aa4f738e9c2fc49525d12f - - default default] 10.0.0.253 "GET /v2.0/ports?device_id=975c5b10-1687-4b33-bde4-0e3647fb7fc7 HTTP/1.1" status: 200 len: 1208 time: 0.0882993
2026-07-16 01:34:33.498 9 INFO neutron.wsgi [req-1b454d95-1bc5-47ee-88eb-1d35e2f3ee1c req-da592eec-0713-471d-be1f-88b8fff85af7 55af7944c325447882a35486e0500ad6 213260d080aa4f738e9c2fc49525d12f - - default default] 10.0.0.253 "GET /v2.0/security-groups?id=1e6fc421-6535-4beb-b15d-614c2b32aae7&id=41192d3b-fc19-4057-becc-c96cf3c35a69&fields=id&fields=name HTTP/1.1" status: 200 len: 406 time: 0.0428529
2026-07-16 01:34:34.599 9 INFO neutron.wsgi [req-3728dca9-98fb-453e-84b3-65f97da247a6 req-2b24b229-3137-49b0-92a8-084be558477c 55af7944c325447882a35486e0500ad6 213260d080aa4f738e9c2fc49525d12f - - default default] 10.0.0.253 "GET /v2.0/ports?device_id=975c5b10-1687-4b33-bde4-0e3647fb7fc7 HTTP/1.1" status: 200 len: 1208 time: 0.0341413
2026-07-16 01:34:34.647 9 INFO neutron.wsgi [req-3728dca9-98fb-453e-84b3-65f97da247a6 req-43cfa134-054e-4610-88b0-9d8831e64bd4 55af7944c325447882a35486e0500ad6 213260d080aa4f738e9c2fc49525d12f - - default default] 10.0.0.253 "GET /v2.0/security-groups?id=1e6fc421-6535-4beb-b15d-614c2b32aae7&id=41192d3b-fc19-4057-becc-c96cf3c35a69&fields=id&fields=name HTTP/1.1" status: 200 len: 406 time: 0.0388417
2026-07-16 01:34:35.760 9 INFO neutron.wsgi [req-53971058-936e-4998-8123-8ce92b6ce76b req-2d95092d-d9ea-4340-a2b4-afa4cd180be0 55af7944c325447882a35486e0500ad6 213260d080aa4f738e9c2fc49525d12f - - default default] 10.0.0.253 "GET /v2.0/ports?device_id=975c5b10-1687-4b33-bde4-0e3647fb7fc7 HTTP/1.1" status: 200 len: 1208 time: 0.0404832
2026-07-16 01:34:35.813 9 INFO neutron.wsgi [req-53971058-936e-4998-8123-8ce92b6ce76b req-98ed4189-c922-413d-b4ce-265bca0c3b58 55af7944c325447882a35486e0500ad6 213260d080aa4f738e9c2fc49525d12f - - default default] 10.0.0.253 "GET /v2.0/security-groups?id=1e6fc421-6535-4beb-b15d-614c2b32aae7&id=41192d3b-fc19-4057-becc-c96cf3c35a69&fields=id&fields=name HTTP/1.1" status: 200 len: 406 time: 0.0462527
2026-07-16 01:34:36.913 9 INFO neutron.wsgi [req-ccfd3b02-0da7-43dd-9fb3-b37b376ef969 req-4424f147-6b19-400c-b763-13f849a84456 55af7944c325447882a35486e0500ad6 213260d080aa4f738e9c2fc49525d12f - - default default] 10.0.0.253 "GET /v2.0/ports?device_id=975c5b10-1687-4b33-bde4-0e3647fb7fc7 HTTP/1.1" status: 200 len: 1208 time: 0.0346663
2026-07-16 01:34:36.960 9 INFO neutron.wsgi [req-ccfd3b02-0da7-43dd-9fb3-b37b376ef969 req-d3355660-188f-489a-96e2-ff053c9fc60a 55af7944c325447882a35486e0500ad6 213260d080aa4f738e9c2fc49525d12f - - default default] 10.0.0.253 "GET /v2.0/security-groups?id=1e6fc421-6535-4beb-b15d-614c2b32aae7&id=41192d3b-fc19-4057-becc-c96cf3c35a69&fields=id&fields=name HTTP/1.1" status: 200 len: 406 time: 0.0408955
2026-07-16 01:34:37.528 10 INFO neutron.db.ovn_revision_numbers_db [None req-d7b7b51d-dcd1-4133-8c17-e78852590359 d820dc69025e459489f1f963b7dcb981 6a2907b7dded4e32bb1f33dd1010ea75 - - default default] Successfully bumped revision number for resource 8a05b74d-ef4e-47ef-b00a-fe622f08fa14 (type: security_groups) to 1
2026-07-16 01:34:37.543 10 INFO neutron.db.ovn_revision_numbers_db [None req-d7b7b51d-dcd1-4133-8c17-e78852590359 d820dc69025e459489f1f963b7dcb981 6a2907b7dded4e32bb1f33dd1010ea75 - - default default] Successfully bumped revision number for resource 1b35ed64-8192-4b0d-8ff6-8dca0e106d44 (type: security_group_rules) to 0
2026-07-16 01:34:37.557 10 INFO neutron.db.ovn_revision_numbers_db [None req-d7b7b51d-dcd1-4133-8c17-e78852590359 d820dc69025e459489f1f963b7dcb981 6a2907b7dded4e32bb1f33dd1010ea75 - - default default] Successfully bumped revision number for resource 247627c6-b97c-4661-9fed-c5cf3fc707fd (type: security_group_rules) to 0
2026-07-16 01:34:37.570 10 INFO neutron.db.ovn_revision_numbers_db [None req-d7b7b51d-dcd1-4133-8c17-e78852590359 d820dc69025e459489f1f963b7dcb981 6a2907b7dded4e32bb1f33dd1010ea75 - - default default] Successfully bumped revision number for resource cb91521e-a073-4446-a625-f87d34b4ff0b (type: security_group_rules) to 0
2026-07-16 01:34:37.583 10 INFO neutron.db.ovn_revision_numbers_db [None req-d7b7b51d-dcd1-4133-8c17-e78852590359 d820dc69025e459489f1f963b7dcb981 6a2907b7dded4e32bb1f33dd1010ea75 - - default default] Successfully bumped revision number for resource fc293d72-91d6-4396-ac2b-b9dabf50741c (type: security_group_rules) to 0
2026-07-16 01:34:37.604 10 INFO neutron.wsgi [None req-d7b7b51d-dcd1-4133-8c17-e78852590359 d820dc69025e459489f1f963b7dcb981 6a2907b7dded4e32bb1f33dd1010ea75 - - default default] 10.0.0.125 "GET /v2.0/security-groups?tenant_id=d55256a49813424c8f49f4049a29f2a4&name=default HTTP/1.1" status: 200 len: 2996 time: 0.3511188
2026-07-16 01:34:37.799 9 INFO neutron.wsgi [None req-c2f629a1-2ea3-4dba-bc6e-0400e63a3c53 d820dc69025e459489f1f963b7dcb981 6a2907b7dded4e32bb1f33dd1010ea75 - - default default] 10.0.0.125 "DELETE /v2.0/security-groups/8a05b74d-ef4e-47ef-b00a-fe622f08fa14 HTTP/1.1" status: 204 len: 168 time: 0.1832545
2026-07-16 01:34:38.014 9 INFO neutron.wsgi [req-bd49e0eb-d79a-4fae-b2fd-f35b969570fb req-0304f2b9-9575-44cc-852d-bcba8c9e5169 f2009d61f05c4ebfa692b82a4d8d0e5d bddf8de969774b3bbb48bd698541de3e - - 77a314461d9143cd92d4acfd3cd81ae8 77a314461d9143cd92d4acfd3cd81ae8] 10.0.0.143 "GET /v2.0/ports?device_id=10217458-a04b-4ff7-9f51-67a008a9e92c HTTP/1.1" status: 200 len: 1413 time: 0.0317314
2026-07-16 01:34:38.018 9 INFO neutron.db.ovn_revision_numbers_db [None req-9810896c-2b6e-4e53-9027-4e14acf08fe3 d820dc69025e459489f1f963b7dcb981 6a2907b7dded4e32bb1f33dd1010ea75 - - default default] Successfully bumped revision number for resource e35947fe-6de1-4af8-9819-52da736641f6 (type: security_groups) to 1
2026-07-16 01:34:38.057 9 INFO neutron.db.ovn_revision_numbers_db [None req-9810896c-2b6e-4e53-9027-4e14acf08fe3 d820dc69025e459489f1f963b7dcb981 6a2907b7dded4e32bb1f33dd1010ea75 - - default default] Successfully bumped revision number for resource 222dde5d-5309-4375-a4bb-c4af975d4d74 (type: security_group_rules) to 0
2026-07-16 01:34:38.080 9 INFO neutron.wsgi [req-75dc7917-e143-48dc-9a73-97ce1ee2a9ca req-584b20d5-5c19-4694-98b1-6708e9dc723a 55af7944c325447882a35486e0500ad6 213260d080aa4f738e9c2fc49525d12f - - default default] 10.0.0.253 "GET /v2.0/ports?device_id=975c5b10-1687-4b33-bde4-0e3647fb7fc7 HTTP/1.1" status: 200 len: 1208 time: 0.0514321
2026-07-16 01:34:38.084 9 INFO neutron.db.ovn_revision_numbers_db [None req-9810896c-2b6e-4e53-9027-4e14acf08fe3 d820dc69025e459489f1f963b7dcb981 6a2907b7dded4e32bb1f33dd1010ea75 - - default default] Successfully bumped revision number for resource 3e82b21d-17cf-4258-89dc-f1ddfd505428 (type: security_group_rules) to 0
2026-07-16 01:34:38.087 9 INFO neutron.wsgi [req-bd49e0eb-d79a-4fae-b2fd-f35b969570fb req-ad03c4a4-353c-4dfa-bbe9-f826378600c3 f2009d61f05c4ebfa692b82a4d8d0e5d bddf8de969774b3bbb48bd698541de3e - - 77a314461d9143cd92d4acfd3cd81ae8 77a314461d9143cd92d4acfd3cd81ae8] 10.0.0.143 "GET /v2.0/security-groups?id=023ad3a2-775b-42c1-a246-dced7fa81737&fields=id&fields=name HTTP/1.1" status: 200 len: 313 time: 0.0678322
2026-07-16 01:34:38.107 9 INFO neutron.db.ovn_revision_numbers_db [None req-9810896c-2b6e-4e53-9027-4e14acf08fe3 d820dc69025e459489f1f963b7dcb981 6a2907b7dded4e32bb1f33dd1010ea75 - - default default] Successfully bumped revision number for resource 47d80e7e-e1a9-497d-9882-19bdfb239402 (type: security_group_rules) to 0
2026-07-16 01:34:38.128 9 INFO neutron.db.ovn_revision_numbers_db [None req-9810896c-2b6e-4e53-9027-4e14acf08fe3 d820dc69025e459489f1f963b7dcb981 6a2907b7dded4e32bb1f33dd1010ea75 - - default default] Successfully bumped revision number for resource f4ef367d-66eb-446e-a061-0216dd2e77d1 (type: security_group_rules) to 0
2026-07-16 01:34:38.136 9 INFO neutron.wsgi [req-75dc7917-e143-48dc-9a73-97ce1ee2a9ca req-d0597ff4-1929-49d8-95ff-69a3f0abcb39 55af7944c325447882a35486e0500ad6 213260d080aa4f738e9c2fc49525d12f - - default default] 10.0.0.253 "GET /v2.0/security-groups?id=1e6fc421-6535-4beb-b15d-614c2b32aae7&id=41192d3b-fc19-4057-becc-c96cf3c35a69&fields=id&fields=name HTTP/1.1" status: 200 len: 406 time: 0.0454299
2026-07-16 01:34:38.152 9 INFO neutron.wsgi [-] 10.0.0.220 "GET / HTTP/1.1" status: 200 len: 247 time: 0.0013511
2026-07-16 01:34:38.154 10 INFO neutron.wsgi [-] 10.0.0.220 "GET / HTTP/1.1" status: 200 len: 247 time: 0.0026746
2026-07-16 01:34:38.156 9 INFO neutron.wsgi [None req-9810896c-2b6e-4e53-9027-4e14acf08fe3 d820dc69025e459489f1f963b7dcb981 6a2907b7dded4e32bb1f33dd1010ea75 - - default default] 10.0.0.125 "GET /v2.0/security-groups?tenant_id=2318e2e3312b40b99ed0ed1e43b8cd69&name=default HTTP/1.1" status: 200 len: 2996 time: 0.2486496
2026-07-16 01:34:38.351 10 INFO neutron.wsgi [None req-2fab8075-0a00-44cb-af8e-9c57077d1cea d820dc69025e459489f1f963b7dcb981 6a2907b7dded4e32bb1f33dd1010ea75 - - default default] 10.0.0.125 "DELETE /v2.0/security-groups/e35947fe-6de1-4af8-9819-52da736641f6 HTTP/1.1" status: 204 len: 168 time: 0.1885819
2026-07-16 01:34:38.465 9 WARNING neutron.plugins.ml2.drivers.ovn.mech_driver.ovsdb.ovn_client [None req-6c2ac208-0920-445d-b3fb-a8ba9fc3c2ef - - - - - -] No hosting information found for port 2ddd8e6d-a68d-4cbd-adc4-12144dd01423: RuntimeError: No hosting information found for port 2ddd8e6d-a68d-4cbd-adc4-12144dd01423
2026-07-16 01:34:38.466 9 INFO neutron.plugins.ml2.drivers.ovn.mech_driver.mech_driver [None req-6c2ac208-0920-445d-b3fb-a8ba9fc3c2ef - - - - - -] OVN reports status up for port: 0c3f79c1-abae-4bcf-a1e8-320931b1c137
2026-07-16 01:34:38.476 9 INFO neutron.plugins.ml2.plugin [None req-6c2ac208-0920-445d-b3fb-a8ba9fc3c2ef - - - - - -] Attempt 1 to provision port 0c3f79c1-abae-4bcf-a1e8-320931b1c137
2026-07-16 01:34:38.591 9 INFO neutron.notifiers.nova [-] Nova event matching ['req-ba96186e-32fd-4544-8bd7-7afe27ffec87'] response: {'server_uuid': '975c5b10-1687-4b33-bde4-0e3647fb7fc7', 'name': 'network-vif-plugged', 'status': 'completed', 'tag': '0c3f79c1-abae-4bcf-a1e8-320931b1c137', 'code': 200}
2026-07-16 01:34:38.782 9 INFO neutron.db.ovn_revision_numbers_db [None req-6c2ac208-0920-445d-b3fb-a8ba9fc3c2ef - - - - - -] Successfully bumped revision number for resource 0c3f79c1-abae-4bcf-a1e8-320931b1c137 (type: ports) to 4 /var/lib/openstack/lib/python3.10/site-packages/pycadf/identifier.py:71: UserWarning: Invalid uuid: neutron. To ensure interoperability, identifiers should be a valid uuid. warnings.warn(('Invalid uuid: %s. To ensure interoperability, '
2026-07-16 01:34:39.306 9 INFO neutron.wsgi [req-0a42b3af-13f0-45e5-be30-c033eff043e3 req-586f394b-8a06-4365-b5d9-8f7d34b53761 55af7944c325447882a35486e0500ad6 213260d080aa4f738e9c2fc49525d12f - - default default] 10.0.0.253 "GET /v2.0/ports?device_id=975c5b10-1687-4b33-bde4-0e3647fb7fc7 HTTP/1.1" status: 200 len: 1210 time: 0.0778515
2026-07-16 01:34:39.354 9 INFO neutron.wsgi [req-0a42b3af-13f0-45e5-be30-c033eff043e3 req-e4c7823a-247a-4e89-abb3-e00476e8ceb9 55af7944c325447882a35486e0500ad6 213260d080aa4f738e9c2fc49525d12f - - default default] 10.0.0.253 "GET /v2.0/security-groups?id=1e6fc421-6535-4beb-b15d-614c2b32aae7&id=41192d3b-fc19-4057-becc-c96cf3c35a69&fields=id&fields=name HTTP/1.1" status: 200 len: 406 time: 0.0442283
2026-07-16 01:34:39.472 9 INFO neutron.wsgi [req-3f947053-da7c-4ba8-8a00-7a821ea434ea req-fd82bdba-f5ca-40ef-8c51-c267eda2765d 55af7944c325447882a35486e0500ad6 213260d080aa4f738e9c2fc49525d12f - - default default] 10.0.0.253 "GET /v2.0/ports?device_id=975c5b10-1687-4b33-bde4-0e3647fb7fc7 HTTP/1.1" status: 200 len: 1210 time: 0.0383222
2026-07-16 01:34:39.725 9 INFO neutron.db.l3_db [None req-f6b16f10-721f-40ee-9240-a343f696682e 55af7944c325447882a35486e0500ad6 213260d080aa4f738e9c2fc49525d12f - - default default] Floating IP e66fe2c8-3235-4649-994b-9131968b0cad associated. External IP: 10.96.250.208, port: 0c3f79c1-abae-4bcf-a1e8-320931b1c137.
2026-07-16 01:34:39.947 9 INFO neutron.db.ovn_revision_numbers_db [None req-f6b16f10-721f-40ee-9240-a343f696682e 55af7944c325447882a35486e0500ad6 213260d080aa4f738e9c2fc49525d12f - - default default] Successfully bumped revision number for resource e66fe2c8-3235-4649-994b-9131968b0cad (type: floatingips) to 1
2026-07-16 01:34:40.108 9 INFO neutron.db.ovn_revision_numbers_db [None req-f6b16f10-721f-40ee-9240-a343f696682e 55af7944c325447882a35486e0500ad6 213260d080aa4f738e9c2fc49525d12f - - default default] Successfully bumped revision number for resource e66fe2c8-3235-4649-994b-9131968b0cad (type: floatingips) to 2
2026-07-16 01:34:40.132 9 INFO neutron.wsgi [None req-f6b16f10-721f-40ee-9240-a343f696682e 55af7944c325447882a35486e0500ad6 213260d080aa4f738e9c2fc49525d12f - - default default] 10.0.0.125 "PUT /v2.0/floatingips/e66fe2c8-3235-4649-994b-9131968b0cad HTTP/1.1" status: 200 len: 1049 time: 0.6503408
2026-07-16 01:34:40.638 9 INFO neutron.notifiers.nova [-] Nova event matching ['req-1c4b11ea-bd40-4263-9369-a4b4ba92f814'] response: {'server_uuid': '975c5b10-1687-4b33-bde4-0e3647fb7fc7', 'name': 'network-vif-plugged', 'status': 'completed', 'tag': '0c3f79c1-abae-4bcf-a1e8-320931b1c137', 'code': 200}
2026-07-16 01:34:40.638 9 INFO neutron.notifiers.nova [-] Nova event matching ['req-1c4b11ea-bd40-4263-9369-a4b4ba92f814'] response: {'name': 'network-changed', 'server_uuid': '975c5b10-1687-4b33-bde4-0e3647fb7fc7', 'tag': '0c3f79c1-abae-4bcf-a1e8-320931b1c137', 'status': 'completed', 'code': 200}
2026-07-16 01:34:40.703 10 INFO neutron.wsgi [req-49680c13-7066-4ff1-95b6-0963f9be79f6 req-a757029e-9c7c-48fd-8c93-bef0cabfe287 f2009d61f05c4ebfa692b82a4d8d0e5d bddf8de969774b3bbb48bd698541de3e - - 77a314461d9143cd92d4acfd3cd81ae8 77a314461d9143cd92d4acfd3cd81ae8] 199.204.45.53 "GET /v2.0/ports?tenant_id=213260d080aa4f738e9c2fc49525d12f&device_id=975c5b10-1687-4b33-bde4-0e3647fb7fc7 HTTP/1.1" status: 200 len: 1448 time: 0.0438356
2026-07-16 01:34:40.789 10 INFO neutron.wsgi [req-49680c13-7066-4ff1-95b6-0963f9be79f6 req-58b8584a-799f-46a3-923b-e23bf7766f13 f2009d61f05c4ebfa692b82a4d8d0e5d bddf8de969774b3bbb48bd698541de3e - - 77a314461d9143cd92d4acfd3cd81ae8 77a314461d9143cd92d4acfd3cd81ae8] 199.204.45.53 "GET /v2.0/networks?id=58015ae7-2822-4cbf-8766-ebfd8aca63d0 HTTP/1.1" status: 200 len: 969 time: 0.0770853
2026-07-16 01:34:40.843 10 INFO neutron.wsgi [req-49680c13-7066-4ff1-95b6-0963f9be79f6 req-ca1db51b-dd88-44d2-94f9-d21f7217c1d1 f2009d61f05c4ebfa692b82a4d8d0e5d bddf8de969774b3bbb48bd698541de3e - - 77a314461d9143cd92d4acfd3cd81ae8 77a314461d9143cd92d4acfd3cd81ae8] 199.204.45.53 "GET /v2.0/floatingips?fixed_ip_address=10.100.0.9&port_id=0c3f79c1-abae-4bcf-a1e8-320931b1c137 HTTP/1.1" status: 200 len: 1059 time: 0.0461769
2026-07-16 01:34:40.875 10 INFO neutron.wsgi [req-49680c13-7066-4ff1-95b6-0963f9be79f6 req-deac9b69-34d5-43ad-89f7-714dcefa691f f2009d61f05c4ebfa692b82a4d8d0e5d bddf8de969774b3bbb48bd698541de3e - - 77a314461d9143cd92d4acfd3cd81ae8 77a314461d9143cd92d4acfd3cd81ae8] 199.204.45.53 "GET /v2.0/subnets?id=92a3c5ec-e026-4c0b-85aa-9b18fa33d81c HTTP/1.1" status: 200 len: 865 time: 0.0265448
2026-07-16 01:34:40.910 10 INFO neutron.wsgi [req-49680c13-7066-4ff1-95b6-0963f9be79f6 req-63c73780-a5e2-4d18-b291-927b90c12ad9 f2009d61f05c4ebfa692b82a4d8d0e5d bddf8de969774b3bbb48bd698541de3e - - 77a314461d9143cd92d4acfd3cd81ae8 77a314461d9143cd92d4acfd3cd81ae8] 199.204.45.53 "GET /v2.0/ports?network_id=58015ae7-2822-4cbf-8766-ebfd8aca63d0&device_owner=network%3Adhcp HTTP/1.1" status: 200 len: 210 time: 0.0276902
2026-07-16 01:34:40.979 10 INFO neutron.wsgi [req-49680c13-7066-4ff1-95b6-0963f9be79f6 req-d4912aa4-8344-421b-b4bc-775710fa36e3 f2009d61f05c4ebfa692b82a4d8d0e5d bddf8de969774b3bbb48bd698541de3e - - 77a314461d9143cd92d4acfd3cd81ae8 77a314461d9143cd92d4acfd3cd81ae8] 199.204.45.53 "GET /v2.0/networks/58015ae7-2822-4cbf-8766-ebfd8aca63d0?fields=segments HTTP/1.1" status: 200 len: 212 time: 0.0622480
2026-07-16 01:34:41.037 10 INFO neutron.wsgi [req-49680c13-7066-4ff1-95b6-0963f9be79f6 req-03a9f269-1265-4af5-acb8-e9ef3b011e35 f2009d61f05c4ebfa692b82a4d8d0e5d bddf8de969774b3bbb48bd698541de3e - - 77a314461d9143cd92d4acfd3cd81ae8 77a314461d9143cd92d4acfd3cd81ae8] 199.204.45.53 "GET /v2.0/networks/58015ae7-2822-4cbf-8766-ebfd8aca63d0?fields=provider%3Aphysical_network&fields=provider%3Anetwork_type HTTP/1.1" status: 200 len: 277 time: 0.0531242 /var/lib/openstack/lib/python3.10/site-packages/pycadf/identifier.py:71: UserWarning: Invalid uuid: neutron. To ensure interoperability, identifiers should be a valid uuid. warnings.warn(('Invalid uuid: %s. To ensure interoperability, '
2026-07-16 01:34:41.963 9 INFO neutron.db.ovn_revision_numbers_db [None req-a909f72c-b605-49bb-b66d-59b92f2fb36b d820dc69025e459489f1f963b7dcb981 6a2907b7dded4e32bb1f33dd1010ea75 - - default default] Successfully bumped revision number for resource 555c275c-4249-4b0d-b2d2-68f724bbc3ff (type: security_groups) to 1
2026-07-16 01:34:41.987 9 INFO neutron.db.ovn_revision_numbers_db [None req-a909f72c-b605-49bb-b66d-59b92f2fb36b d820dc69025e459489f1f963b7dcb981 6a2907b7dded4e32bb1f33dd1010ea75 - - default default] Successfully bumped revision number for resource 20e80a14-d66b-4cf2-a029-ea4ab122581f (type: security_group_rules) to 0
2026-07-16 01:34:42.007 9 INFO neutron.wsgi [req-f4a85376-2be9-46ba-bd65-4cddd591387d req-c870ef01-7324-4f0d-bf81-1cc1b3e3f7b5 aebcedcff20c457291440065da7345cd 9b85c30888df47f6a1ec67dd7aab8cb1 - - default default] 10.0.0.253 "GET /v2.0/ports?device_id=10217458-a04b-4ff7-9f51-67a008a9e92c HTTP/1.1" status: 200 len: 1174 time: 0.1054785
2026-07-16 01:34:42.009 9 INFO neutron.db.ovn_revision_numbers_db [None req-a909f72c-b605-49bb-b66d-59b92f2fb36b d820dc69025e459489f1f963b7dcb981 6a2907b7dded4e32bb1f33dd1010ea75 - - default default] Successfully bumped revision number for resource 56fa352e-bae7-43b3-a9f9-c27feb068200 (type: security_group_rules) to 0
2026-07-16 01:34:42.030 9 INFO neutron.db.ovn_revision_numbers_db [None req-a909f72c-b605-49bb-b66d-59b92f2fb36b d820dc69025e459489f1f963b7dcb981 6a2907b7dded4e32bb1f33dd1010ea75 - - default default] Successfully bumped revision number for resource 79752556-0625-4f46-a3ac-d22f10596cbe (type: security_group_rules) to 0
2026-07-16 01:34:42.049 9 INFO neutron.wsgi [req-f4a85376-2be9-46ba-bd65-4cddd591387d req-7a2cb2e1-1720-4a1e-8bff-1b4ec2dc3e86 aebcedcff20c457291440065da7345cd 9b85c30888df47f6a1ec67dd7aab8cb1 - - default default] 10.0.0.253 "GET /v2.0/security-groups?id=023ad3a2-775b-42c1-a246-dced7fa81737&fields=id&fields=name HTTP/1.1" status: 200 len: 313 time: 0.0358579
2026-07-16 01:34:42.050 9 INFO neutron.db.ovn_revision_numbers_db [None req-a909f72c-b605-49bb-b66d-59b92f2fb36b d820dc69025e459489f1f963b7dcb981 6a2907b7dded4e32bb1f33dd1010ea75 - - default default] Successfully bumped revision number for resource a4df86d1-abf0-4f93-8078-f7576767a062 (type: security_group_rules) to 0
2026-07-16 01:34:42.087 9 INFO neutron.wsgi [None req-a909f72c-b605-49bb-b66d-59b92f2fb36b d820dc69025e459489f1f963b7dcb981 6a2907b7dded4e32bb1f33dd1010ea75 - - default default] 10.0.0.125 "GET /v2.0/security-groups?tenant_id=5cee5a1cdb4b49e5afa12aceedf554c0&name=default HTTP/1.1" status: 200 len: 2996 time: 0.4823782
2026-07-16 01:34:42.263 9 INFO neutron.wsgi [req-259bbcaf-e9a4-452b-a036-d068b383a909 req-9f956734-4339-4836-ac8e-9f6edbc627fc aebcedcff20c457291440065da7345cd 9b85c30888df47f6a1ec67dd7aab8cb1 - - default default] 10.0.0.253 "GET /v2.0/ports?device_id=10217458-a04b-4ff7-9f51-67a008a9e92c HTTP/1.1" status: 200 len: 1174 time: 0.0505776
2026-07-16 01:34:42.309 10 INFO neutron.plugins.ml2.drivers.ovn.mech_driver.mech_driver [None req-06b30248-a1f7-4ba9-98df-5168947f8074 - - - - - -] OVN reports status down for port: 55f952b1-5318-4a54-aa6f-7f20577b58f4
2026-07-16 01:34:42.323 9 INFO neutron.wsgi [req-259bbcaf-e9a4-452b-a036-d068b383a909 req-c7b4c42b-3690-46e2-9172-9bb87e723b91 aebcedcff20c457291440065da7345cd 9b85c30888df47f6a1ec67dd7aab8cb1 - - default default] 10.0.0.253 "GET /v2.0/security-groups?id=023ad3a2-775b-42c1-a246-dced7fa81737&fields=id&fields=name HTTP/1.1" status: 200 len: 313 time: 0.0528169
2026-07-16 01:34:42.329 9 INFO neutron.wsgi [None req-1ed9ef96-1f6c-4af6-9628-cc38bb9d6819 d820dc69025e459489f1f963b7dcb981 6a2907b7dded4e32bb1f33dd1010ea75 - - default default] 10.0.0.125 "DELETE /v2.0/security-groups/555c275c-4249-4b0d-b2d2-68f724bbc3ff HTTP/1.1" status: 204 len: 168 time: 0.2374985
2026-07-16 01:34:42.470 10 INFO neutron.notifiers.nova [-] Nova event matching ['req-a7a053f0-e2e0-431e-a758-5fa6b05c9ca0'] response: {'server_uuid': '10217458-a04b-4ff7-9f51-67a008a9e92c', 'name': 'network-vif-unplugged', 'status': 'completed', 'tag': '55f952b1-5318-4a54-aa6f-7f20577b58f4', 'code': 200}
2026-07-16 01:34:42.714 10 INFO neutron.wsgi [req-f9d9aaee-cb42-4d91-b745-948a4ecbd72b req-ea7fb47b-003f-43c8-8724-9fc9bff145a5 aebcedcff20c457291440065da7345cd 9b85c30888df47f6a1ec67dd7aab8cb1 - - default default] 199.204.45.53 "GET /v2.0/ports?device_id=10217458-a04b-4ff7-9f51-67a008a9e92c HTTP/1.1" status: 200 len: 1172 time: 0.1415694
2026-07-16 01:34:42.734 10 INFO neutron.db.ovn_revision_numbers_db [None req-06b30248-a1f7-4ba9-98df-5168947f8074 - - - - - -] Successfully bumped revision number for resource 55f952b1-5318-4a54-aa6f-7f20577b58f4 (type: ports) to 7
2026-07-16 01:34:43.048 10 INFO neutron.db.l3_db [req-f9d9aaee-cb42-4d91-b745-948a4ecbd72b req-9492bca9-d906-4fc8-b437-c1425285da92 aebcedcff20c457291440065da7345cd 9b85c30888df47f6a1ec67dd7aab8cb1 - - default default] Floating IP 1996703c-15d7-4518-ad4e-3a45b12ce883 disassociated. External IP: 10.96.250.215, port: 55f952b1-5318-4a54-aa6f-7f20577b58f4.
2026-07-16 01:34:43.271 10 INFO neutron.wsgi [req-f9d9aaee-cb42-4d91-b745-948a4ecbd72b req-9492bca9-d906-4fc8-b437-c1425285da92 aebcedcff20c457291440065da7345cd 9b85c30888df47f6a1ec67dd7aab8cb1 - - default default] 199.204.45.53 "DELETE /v2.0/ports/55f952b1-5318-4a54-aa6f-7f20577b58f4 HTTP/1.1" status: 204 len: 173 time: 0.5506458
2026-07-16 01:34:43.427 9 INFO neutron.wsgi [req-fd73f540-0781-4449-a6da-7d0da0462468 req-f225cb62-cb10-408c-8529-4d6fe57b4ef6 aebcedcff20c457291440065da7345cd 9b85c30888df47f6a1ec67dd7aab8cb1 - - default default] 10.0.0.253 "GET /v2.0/ports?device_id=10217458-a04b-4ff7-9f51-67a008a9e92c HTTP/1.1" status: 200 len: 210 time: 0.0233674
2026-07-16 01:34:44.505 10 INFO neutron.notifiers.nova [-] Nova event matching ['req-1e1a865d-8a06-4f15-95bd-bb96b2e39a14'] response: {'server_uuid': '10217458-a04b-4ff7-9f51-67a008a9e92c', 'name': 'network-vif-plugged', 'status': 'completed', 'tag': '55f952b1-5318-4a54-aa6f-7f20577b58f4', 'code': 200}
2026-07-16 01:34:44.506 10 INFO neutron.notifiers.nova [-] Nova event matching ['req-1e1a865d-8a06-4f15-95bd-bb96b2e39a14'] response: {'server_uuid': '10217458-a04b-4ff7-9f51-67a008a9e92c', 'name': 'network-vif-deleted', 'tag': '55f952b1-5318-4a54-aa6f-7f20577b58f4', 'status': 'completed', 'code': 200}
2026-07-16 01:34:44.614 9 INFO neutron.wsgi [None req-29270c3c-234f-47a6-8d0e-ef748a5b523e aebcedcff20c457291440065da7345cd 9b85c30888df47f6a1ec67dd7aab8cb1 - - default default] 10.0.0.125 "DELETE /v2.0/security-groups/023ad3a2-775b-42c1-a246-dced7fa81737 HTTP/1.1" status: 204 len: 168 time: 0.1088250
2026-07-16 01:34:44.627 9 INFO neutron.api.v2.resource [None req-ad3d590b-d163-49d2-b525-aa12bbb958f2 aebcedcff20c457291440065da7345cd 9b85c30888df47f6a1ec67dd7aab8cb1 - - default default] show failed (client error): The resource could not be found.
2026-07-16 01:34:44.628 9 INFO neutron.wsgi [None req-ad3d590b-d163-49d2-b525-aa12bbb958f2 aebcedcff20c457291440065da7345cd 9b85c30888df47f6a1ec67dd7aab8cb1 - - default default] 10.0.0.125 "GET /v2.0/security-groups/023ad3a2-775b-42c1-a246-dced7fa81737 HTTP/1.1" status: 404 len: 347 time: 0.0098267
2026-07-16 01:34:44.960 9 INFO neutron.wsgi [None req-4f54fbcc-e1aa-4b53-ab8e-bc8d553a6ca0 aebcedcff20c457291440065da7345cd 9b85c30888df47f6a1ec67dd7aab8cb1 - - default default] 10.0.0.125 "DELETE /v2.0/floatingips/1996703c-15d7-4518-ad4e-3a45b12ce883 HTTP/1.1" status: 204 len: 168 time: 0.3276083 /var/lib/openstack/lib/python3.10/site-packages/pycadf/identifier.py:71: UserWarning: Invalid uuid: neutron. To ensure interoperability, identifiers should be a valid uuid. warnings.warn(('Invalid uuid: %s. To ensure interoperability, '
2026-07-16 01:34:45.754 10 INFO neutron.db.ovn_revision_numbers_db [None req-cde8adee-6bdb-489d-82e1-6a37a95fc0df d820dc69025e459489f1f963b7dcb981 6a2907b7dded4e32bb1f33dd1010ea75 - - default default] Successfully bumped revision number for resource c84c1019-3deb-45cb-8665-f2f967d7dbb7 (type: security_groups) to 1
2026-07-16 01:34:45.777 10 INFO neutron.db.ovn_revision_numbers_db [None req-cde8adee-6bdb-489d-82e1-6a37a95fc0df d820dc69025e459489f1f963b7dcb981 6a2907b7dded4e32bb1f33dd1010ea75 - - default default] Successfully bumped revision number for resource 157af035-8cd6-4462-bf85-1f005ac24765 (type: security_group_rules) to 0
2026-07-16 01:34:45.779 10 WARNING neutron.scheduler.dhcp_agent_scheduler [None req-54e2db6b-a55b-47d1-8d51-a76ca6e32f04 2648c0d611d14792926eefaf5efefad8 21a0fec100a14b1a9f55d14c81ab77b7 - - default default] No more DHCP agents
2026-07-16 01:34:45.782 10 WARNING neutron.api.rpc.agentnotifiers.dhcp_rpc_agent_api [None req-54e2db6b-a55b-47d1-8d51-a76ca6e32f04 2648c0d611d14792926eefaf5efefad8 21a0fec100a14b1a9f55d14c81ab77b7 - - default default] Unable to schedule network 41e2105a-107e-4de7-ab90-5ea035ee11ee: no agents available; will retry on subsequent port and subnet creation events.
2026-07-16 01:34:45.803 10 INFO neutron.db.ovn_revision_numbers_db [None req-cde8adee-6bdb-489d-82e1-6a37a95fc0df d820dc69025e459489f1f963b7dcb981 6a2907b7dded4e32bb1f33dd1010ea75 - - default default] Successfully bumped revision number for resource 7ecb1309-ae86-4939-91e4-f6f07c53c359 (type: security_group_rules) to 0
2026-07-16 01:34:45.824 10 INFO neutron.db.ovn_revision_numbers_db [None req-cde8adee-6bdb-489d-82e1-6a37a95fc0df d820dc69025e459489f1f963b7dcb981 6a2907b7dded4e32bb1f33dd1010ea75 - - default default] Successfully bumped revision number for resource bb6750c2-2f3a-472c-ac81-ea36824240ab (type: security_group_rules) to 0
2026-07-16 01:34:45.840 10 INFO neutron.db.ovn_revision_numbers_db [None req-cde8adee-6bdb-489d-82e1-6a37a95fc0df d820dc69025e459489f1f963b7dcb981 6a2907b7dded4e32bb1f33dd1010ea75 - - default default] Successfully bumped revision number for resource e179351e-56c6-4652-b9b7-ab3f6d9a143c (type: security_group_rules) to 0
2026-07-16 01:34:45.869 10 INFO neutron.wsgi [None req-cde8adee-6bdb-489d-82e1-6a37a95fc0df d820dc69025e459489f1f963b7dcb981 6a2907b7dded4e32bb1f33dd1010ea75 - - default default] 10.0.0.125 "GET /v2.0/security-groups?tenant_id=21f2bc8995e74b0cbc1d4936ead2cf82&name=default HTTP/1.1" status: 200 len: 2996 time: 0.2998984
2026-07-16 01:34:46.016 9 INFO neutron.wsgi [None req-6e4f74d2-9a53-4368-9401-1e267d381c13 d820dc69025e459489f1f963b7dcb981 6a2907b7dded4e32bb1f33dd1010ea75 - - default default] 10.0.0.125 "PUT /v2.0/routers/086c0304-3e48-4f2a-b90a-f1afa42523b9/remove_router_interface HTTP/1.1" status: 200 len: 503 time: 1.0514414 /var/lib/openstack/lib/python3.10/site-packages/pycadf/identifier.py:71: UserWarning: Invalid uuid: neutron. To ensure interoperability, identifiers should be a valid uuid. warnings.warn(('Invalid uuid: %s. To ensure interoperability, '
2026-07-16 01:34:46.092 10 INFO neutron.db.ovn_revision_numbers_db [None req-54e2db6b-a55b-47d1-8d51-a76ca6e32f04 2648c0d611d14792926eefaf5efefad8 21a0fec100a14b1a9f55d14c81ab77b7 - - default default] Successfully bumped revision number for resource f5e1baf0-fbea-4775-a18a-dea3498d3215 (type: floatingips) to 0
2026-07-16 01:34:46.108 10 INFO neutron.wsgi [None req-54e2db6b-a55b-47d1-8d51-a76ca6e32f04 2648c0d611d14792926eefaf5efefad8 21a0fec100a14b1a9f55d14c81ab77b7 - - default default] 10.0.0.125 "POST /v2.0/floatingips HTTP/1.1" status: 201 len: 751 time: 0.7301247
2026-07-16 01:34:46.158 10 INFO neutron.wsgi [None req-0d2a461c-6f2f-4e60-8d76-9962a6022fab 2648c0d611d14792926eefaf5efefad8 21a0fec100a14b1a9f55d14c81ab77b7 - - default default] 10.0.0.125 "PUT /v2.0/floatingips/f5e1baf0-fbea-4775-a18a-dea3498d3215/tags HTTP/1.1" status: 200 len: 218 time: 0.0453393
2026-07-16 01:34:46.184 10 INFO neutron.wsgi [None req-2f29fd1f-a5f1-4920-9a15-ee751f36d9f1 2648c0d611d14792926eefaf5efefad8 21a0fec100a14b1a9f55d14c81ab77b7 - - default default] 10.0.0.125 "GET /v2.0/floatingips/f5e1baf0-fbea-4775-a18a-dea3498d3215/tags HTTP/1.1" status: 200 len: 218 time: 0.0228000
2026-07-16 01:34:46.224 10 INFO neutron.wsgi [None req-27c6e897-8419-4ebe-92fc-d4cd410b3fdd 2648c0d611d14792926eefaf5efefad8 21a0fec100a14b1a9f55d14c81ab77b7 - - default default] 10.0.0.125 "PUT /v2.0/floatingips/f5e1baf0-fbea-4775-a18a-dea3498d3215/tags/green HTTP/1.1" status: 201 len: 201 time: 0.0355911
2026-07-16 01:34:46.257 10 INFO neutron.wsgi [None req-b5c2bcd9-ab33-438f-bac1-e7e455acef8c 2648c0d611d14792926eefaf5efefad8 21a0fec100a14b1a9f55d14c81ab77b7 - - default default] 10.0.0.125 "GET /v2.0/floatingips/f5e1baf0-fbea-4775-a18a-dea3498d3215/tags HTTP/1.1" status: 200 len: 227 time: 0.0293424
2026-07-16 01:34:46.288 10 INFO neutron.wsgi [None req-ad07df1f-8d79-4a91-9ef3-0d9cd08ced5a 2648c0d611d14792926eefaf5efefad8 21a0fec100a14b1a9f55d14c81ab77b7 - - default default] 10.0.0.125 "PUT /v2.0/floatingips/f5e1baf0-fbea-4775-a18a-dea3498d3215/tags/red HTTP/1.1" status: 201 len: 201 time: 0.0280297
2026-07-16 01:34:46.318 10 INFO neutron.wsgi [None req-a1cf6f60-c5e1-4ab6-8b6d-db8550d8b0f0 2648c0d611d14792926eefaf5efefad8 21a0fec100a14b1a9f55d14c81ab77b7 - - default default] 10.0.0.125 "GET /v2.0/floatingips/f5e1baf0-fbea-4775-a18a-dea3498d3215/tags HTTP/1.1" status: 200 len: 227 time: 0.0258698
2026-07-16 01:34:46.356 10 INFO neutron.wsgi [None req-fdec2e24-25b4-4fdb-8439-1db12f3131a9 2648c0d611d14792926eefaf5efefad8 21a0fec100a14b1a9f55d14c81ab77b7 - - default default] 10.0.0.125 "PUT /v2.0/floatingips/f5e1baf0-fbea-4775-a18a-dea3498d3215/tags/black.or.white HTTP/1.1" status: 201 len: 201 time: 0.0345221
2026-07-16 01:34:46.379 10 INFO neutron.wsgi [None req-97a91d07-d809-463f-96e8-6b5277dab1c3 2648c0d611d14792926eefaf5efefad8 21a0fec100a14b1a9f55d14c81ab77b7 - - default default] 10.0.0.125 "GET /v2.0/floatingips/f5e1baf0-fbea-4775-a18a-dea3498d3215/tags HTTP/1.1" status: 200 len: 245 time: 0.0188618
2026-07-16 01:34:46.383 9 INFO neutron.wsgi [None req-95e4c15d-a99e-4388-b3e2-4b469267d37b d820dc69025e459489f1f963b7dcb981 6a2907b7dded4e32bb1f33dd1010ea75 - - default default] 10.0.0.125 "DELETE /v2.0/security-groups/c84c1019-3deb-45cb-8665-f2f967d7dbb7 HTTP/1.1" status: 204 len: 168 time: 0.5072680
2026-07-16 01:34:46.415 10 INFO neutron.wsgi [None req-e578c6a7-319e-4c10-ab1b-84d6dc2f7603 2648c0d611d14792926eefaf5efefad8 21a0fec100a14b1a9f55d14c81ab77b7 - - default default] 10.0.0.125 "PUT /v2.0/floatingips/f5e1baf0-fbea-4775-a18a-dea3498d3215/tags HTTP/1.1" status: 200 len: 230 time: 0.0317242
2026-07-16 01:34:46.445 10 INFO neutron.wsgi [None req-747f5777-b17e-4090-ab60-546f17236f81 2648c0d611d14792926eefaf5efefad8 21a0fec100a14b1a9f55d14c81ab77b7 - - default default] 10.0.0.125 "GET /v2.0/floatingips/f5e1baf0-fbea-4775-a18a-dea3498d3215/tags HTTP/1.1" status: 200 len: 230 time: 0.0257258
2026-07-16 01:34:46.470 10 INFO neutron.wsgi [None req-5be4b81a-230a-4d46-8e0d-2d92d6f9134b 2648c0d611d14792926eefaf5efefad8 21a0fec100a14b1a9f55d14c81ab77b7 - - default default] 10.0.0.125 "GET /v2.0/floatingips/f5e1baf0-fbea-4775-a18a-dea3498d3215/tags/red HTTP/1.1" status: 204 len: 168 time: 0.0210662
2026-07-16 01:34:46.494 10 INFO neutron.api.v2.resource [None req-2a98c879-2a5e-4eb0-ba99-e302b6a7cb96 2648c0d611d14792926eefaf5efefad8 21a0fec100a14b1a9f55d14c81ab77b7 - - default default] show failed (client error): The resource could not be found.
2026-07-16 01:34:46.495 10 INFO neutron.wsgi [None req-2a98c879-2a5e-4eb0-ba99-e302b6a7cb96 2648c0d611d14792926eefaf5efefad8 21a0fec100a14b1a9f55d14c81ab77b7 - - default default] 10.0.0.125 "GET /v2.0/floatingips/f5e1baf0-fbea-4775-a18a-dea3498d3215/tags/green HTTP/1.1" status: 404 len: 299 time: 0.0206039
2026-07-16 01:34:46.542 10 INFO neutron.wsgi [None req-09d2decc-1324-4be6-a4ba-f75583ecf4d3 2648c0d611d14792926eefaf5efefad8 21a0fec100a14b1a9f55d14c81ab77b7 - - default default] 10.0.0.125 "DELETE /v2.0/floatingips/f5e1baf0-fbea-4775-a18a-dea3498d3215/tags/red HTTP/1.1" status: 204 len: 168 time: 0.0428402
2026-07-16 01:34:46.566 10 INFO neutron.wsgi [None req-f87a5df3-4b61-48a6-a483-e47e97cddea2 2648c0d611d14792926eefaf5efefad8 21a0fec100a14b1a9f55d14c81ab77b7 - - default default] 10.0.0.125 "GET /v2.0/floatingips/f5e1baf0-fbea-4775-a18a-dea3498d3215/tags HTTP/1.1" status: 200 len: 223 time: 0.0196679
