2026-07-16 01:35:49.388 10 INFO neutron.wsgi [None req-0090ccd7-14d5-4748-b018-331baad675ec d820dc69025e459489f1f963b7dcb981 6a2907b7dded4e32bb1f33dd1010ea75 - - default default] 10.0.0.198 "GET /v2.0/routers HTTP/1.1" status: 200 len: 847 time: 0.1993303
2026-07-16 01:35:49.402 10 INFO neutron.wsgi [None req-c47552bb-1e46-4827-9325-4801cf530138 d820dc69025e459489f1f963b7dcb981 6a2907b7dded4e32bb1f33dd1010ea75 - - default default] 10.0.0.198 "GET /v2.0/agents?binary=ovn-controller HTTP/1.1" status: 200 len: 591 time: 0.0127692
2026-07-16 01:35:49.416 9 INFO neutron.wsgi [None req-d7aecc20-a344-4a3f-9072-5a114b72a4d8 ed78605cb68d4747a6f872ffb508587c b38c52a8cf8d4868bf4f2959dc685e39 - - default default] 10.0.0.125 "PUT /v2.0/networks/763552eb-84a4-4429-b5ab-d3cde8e5b80b/tags/black.or.white HTTP/1.1" status: 201 len: 201 time: 0.0561275
2026-07-16 01:35:49.453 9 INFO neutron.wsgi [None req-255ba66c-82af-4cc0-8466-47ccfc618ea1 ed78605cb68d4747a6f872ffb508587c b38c52a8cf8d4868bf4f2959dc685e39 - - default default] 10.0.0.125 "GET /v2.0/networks/763552eb-84a4-4429-b5ab-d3cde8e5b80b/tags HTTP/1.1" status: 200 len: 245 time: 0.0323424
2026-07-16 01:35:49.509 10 INFO neutron.wsgi [None req-7010cea4-585a-46ba-b709-63159d251cbe d820dc69025e459489f1f963b7dcb981 6a2907b7dded4e32bb1f33dd1010ea75 - - default default] 10.0.0.198 "GET /v2.0/networks HTTP/1.1" status: 200 len: 3093 time: 0.1055677
2026-07-16 01:35:49.517 9 INFO neutron.wsgi [None req-6c43cc59-21a2-4953-aa2d-271ffccdd25e ed78605cb68d4747a6f872ffb508587c b38c52a8cf8d4868bf4f2959dc685e39 - - default default] 10.0.0.125 "PUT /v2.0/networks/763552eb-84a4-4429-b5ab-d3cde8e5b80b/tags HTTP/1.1" status: 200 len: 230 time: 0.0552297
2026-07-16 01:35:49.527 10 INFO neutron.wsgi [None req-00c1aa81-1ff4-40dc-9a6a-3fd2255f141b d820dc69025e459489f1f963b7dcb981 6a2907b7dded4e32bb1f33dd1010ea75 - - default default] 10.0.0.198 "GET /v2.0/agents HTTP/1.1" status: 200 len: 997 time: 0.0146718
2026-07-16 01:35:49.571 9 INFO neutron.wsgi [None req-0f6b3d7b-f0ba-44c9-829e-ec55750b7349 ed78605cb68d4747a6f872ffb508587c b38c52a8cf8d4868bf4f2959dc685e39 - - default default] 10.0.0.125 "GET /v2.0/networks/763552eb-84a4-4429-b5ab-d3cde8e5b80b/tags HTTP/1.1" status: 200 len: 230 time: 0.0490744
2026-07-16 01:35:49.628 9 INFO neutron.wsgi [None req-cd35d043-c6e6-4f08-84ea-a3714cffc7c7 ed78605cb68d4747a6f872ffb508587c b38c52a8cf8d4868bf4f2959dc685e39 - - default default] 10.0.0.125 "GET /v2.0/networks/763552eb-84a4-4429-b5ab-d3cde8e5b80b/tags/red HTTP/1.1" status: 204 len: 168 time: 0.0539372
2026-07-16 01:35:49.686 9 INFO neutron.api.v2.resource [None req-2ba5ebcf-31fb-4c73-a5eb-da636951fbf8 ed78605cb68d4747a6f872ffb508587c b38c52a8cf8d4868bf4f2959dc685e39 - - default default] show failed (client error): The resource could not be found.
2026-07-16 01:35:49.688 9 INFO neutron.wsgi [None req-2ba5ebcf-31fb-4c73-a5eb-da636951fbf8 ed78605cb68d4747a6f872ffb508587c b38c52a8cf8d4868bf4f2959dc685e39 - - default default] 10.0.0.125 "GET /v2.0/networks/763552eb-84a4-4429-b5ab-d3cde8e5b80b/tags/green HTTP/1.1" status: 404 len: 299 time: 0.0503545
2026-07-16 01:35:49.771 10 INFO neutron.wsgi [None req-2188c0aa-67f8-41f4-89e8-c1b91e91b907 d820dc69025e459489f1f963b7dcb981 6a2907b7dded4e32bb1f33dd1010ea75 - - default default] 10.0.0.198 "GET /v2.0/floatingips HTTP/1.1" status: 200 len: 193 time: 0.2428296
2026-07-16 01:35:49.773 9 INFO neutron.wsgi [None req-0fec7f99-9b39-4029-8a2a-6467753d4775 ed78605cb68d4747a6f872ffb508587c b38c52a8cf8d4868bf4f2959dc685e39 - - default default] 10.0.0.125 "DELETE /v2.0/networks/763552eb-84a4-4429-b5ab-d3cde8e5b80b/tags/red HTTP/1.1" status: 204 len: 168 time: 0.0784395
2026-07-16 01:35:49.818 9 INFO neutron.db.ovn_revision_numbers_db [None req-5d57b28e-c011-4845-8b9c-13732c4f3893 57401ac5dab145dc8a7ee3aa6ff1957d 8cf17dd9a2804106bd54484c68db213b - - default default] Successfully bumped revision number for resource bb80c67c-e87f-45fa-9de4-44f42fb197b9 (type: security_groups) to 1
2026-07-16 01:35:49.830 9 INFO neutron.db.ovn_revision_numbers_db [None req-5d57b28e-c011-4845-8b9c-13732c4f3893 57401ac5dab145dc8a7ee3aa6ff1957d 8cf17dd9a2804106bd54484c68db213b - - default default] Successfully bumped revision number for resource 495d238e-abf3-47ce-8f08-198be233b3cd (type: security_group_rules) to 0
2026-07-16 01:35:49.841 9 INFO neutron.db.ovn_revision_numbers_db [None req-5d57b28e-c011-4845-8b9c-13732c4f3893 57401ac5dab145dc8a7ee3aa6ff1957d 8cf17dd9a2804106bd54484c68db213b - - default default] Successfully bumped revision number for resource a75733b8-1beb-438f-83bc-bbe922ce967d (type: security_group_rules) to 0
2026-07-16 01:35:49.853 9 INFO neutron.db.ovn_revision_numbers_db [None req-5d57b28e-c011-4845-8b9c-13732c4f3893 57401ac5dab145dc8a7ee3aa6ff1957d 8cf17dd9a2804106bd54484c68db213b - - default default] Successfully bumped revision number for resource cb9abd16-ce98-42e0-86ce-e23d254d01ad (type: security_group_rules) to 0
2026-07-16 01:35:49.860 10 INFO neutron.wsgi [None req-4dee89cf-9004-4641-9ca0-df859584acf8 ed78605cb68d4747a6f872ffb508587c b38c52a8cf8d4868bf4f2959dc685e39 - - default default] 10.0.0.125 "GET /v2.0/networks/763552eb-84a4-4429-b5ab-d3cde8e5b80b/tags HTTP/1.1" status: 200 len: 223 time: 0.0821626
2026-07-16 01:35:49.867 9 INFO neutron.db.ovn_revision_numbers_db [None req-5d57b28e-c011-4845-8b9c-13732c4f3893 57401ac5dab145dc8a7ee3aa6ff1957d 8cf17dd9a2804106bd54484c68db213b - - default default] Successfully bumped revision number for resource d0784a4e-af39-4f9b-9554-07bd29b0eff5 (type: security_group_rules) to 0
2026-07-16 01:35:49.881 10 INFO neutron.wsgi [None req-0a1f3f5b-c620-49d6-bf64-682fb59dde2c d820dc69025e459489f1f963b7dcb981 6a2907b7dded4e32bb1f33dd1010ea75 - - default default] 10.0.0.198 "GET /v2.0/security-groups HTTP/1.1" status: 200 len: 25143 time: 0.1095507
2026-07-16 01:35:49.920 9 INFO neutron.db.segments_db [None req-5d57b28e-c011-4845-8b9c-13732c4f3893 57401ac5dab145dc8a7ee3aa6ff1957d 8cf17dd9a2804106bd54484c68db213b - - default default] Added segment 3e493806-6639-4bfa-ae42-9206a8dbea98 of type geneve for network 13196832-720e-400a-beea-3f1ac6d4b7d4
2026-07-16 01:35:49.924 9 INFO neutron.api.v2.resource [None req-1e534729-76b0-4928-b253-90fada4602b2 ed78605cb68d4747a6f872ffb508587c b38c52a8cf8d4868bf4f2959dc685e39 - - default default] delete failed (client error): The resource could not be found.
2026-07-16 01:35:49.925 9 INFO neutron.wsgi [None req-1e534729-76b0-4928-b253-90fada4602b2 ed78605cb68d4747a6f872ffb508587c b38c52a8cf8d4868bf4f2959dc685e39 - - default default] 10.0.0.125 "DELETE /v2.0/networks/763552eb-84a4-4429-b5ab-d3cde8e5b80b/tags/green HTTP/1.1" status: 404 len: 299 time: 0.0458634
2026-07-16 01:35:49.942 10 INFO neutron.wsgi [None req-fbf82763-c07e-47f1-b6ae-9077d8abb2bb d820dc69025e459489f1f963b7dcb981 6a2907b7dded4e32bb1f33dd1010ea75 - - default default] 10.0.0.198 "GET /v2.0/subnets HTTP/1.1" status: 200 len: 1437 time: 0.0505974
2026-07-16 01:35:49.987 10 INFO neutron.wsgi [None req-6c68895e-059a-45b2-983a-88f6d0c90c47 d820dc69025e459489f1f963b7dcb981 6a2907b7dded4e32bb1f33dd1010ea75 - - default default] 10.0.0.198 "GET /v2.0/ports HTTP/1.1" status: 200 len: 7226 time: 0.0445249
2026-07-16 01:35:50.011 9 INFO neutron.wsgi [None req-03a8e25a-e1d4-457e-992d-11b301d95dba ed78605cb68d4747a6f872ffb508587c b38c52a8cf8d4868bf4f2959dc685e39 - - default default] 10.0.0.125 "DELETE /v2.0/networks/763552eb-84a4-4429-b5ab-d3cde8e5b80b/tags HTTP/1.1" status: 204 len: 168 time: 0.0797369
2026-07-16 01:35:50.015 10 INFO neutron.wsgi [None req-3b99aee6-179e-4081-888d-a17e4ddbc507 d820dc69025e459489f1f963b7dcb981 6a2907b7dded4e32bb1f33dd1010ea75 - - default default] 10.0.0.198 "GET /v2.0/network-ip-availabilities HTTP/1.1" status: 200 len: 1547 time: 0.0143111
2026-07-16 01:35:50.035 10 INFO neutron.db.ovn_revision_numbers_db [None req-aa9023de-c243-4ed3-b28e-a88e01c2467f db3b304dad3e4a0aa612aa32a0346bbc 496df187dc3e4c01adccf1fc0fb95693 - - default default] Successfully bumped revision number for resource fbd2aed6-d265-44d3-aa6a-6f8b7bdd6fb4 (type: router_ports) to 1
2026-07-16 01:35:50.061 10 INFO neutron.wsgi [None req-d5023b77-da41-4737-b2df-e206047750a0 d820dc69025e459489f1f963b7dcb981 6a2907b7dded4e32bb1f33dd1010ea75 - - default default] 10.0.0.198 "GET /v2.0/subnets HTTP/1.1" status: 200 len: 1437 time: 0.0445161
2026-07-16 01:35:50.071 9 INFO neutron.wsgi [None req-37046072-5467-4be5-b1ab-2ef822106372 ed78605cb68d4747a6f872ffb508587c b38c52a8cf8d4868bf4f2959dc685e39 - - default default] 10.0.0.125 "GET /v2.0/networks/763552eb-84a4-4429-b5ab-d3cde8e5b80b/tags HTTP/1.1" status: 200 len: 205 time: 0.0542457
2026-07-16 01:35:50.075 10 INFO neutron.wsgi [None req-b8d30550-f22a-4946-afbc-da36bad52614 d820dc69025e459489f1f963b7dcb981 6a2907b7dded4e32bb1f33dd1010ea75 - - default default] 10.0.0.198 "GET /v2.0/subnetpools HTTP/1.1" status: 200 len: 193 time: 0.0126810
2026-07-16 01:35:50.099 10 INFO neutron.db.ovn_revision_numbers_db [None req-aa9023de-c243-4ed3-b28e-a88e01c2467f db3b304dad3e4a0aa612aa32a0346bbc 496df187dc3e4c01adccf1fc0fb95693 - - default default] Successfully bumped revision number for resource 24a70c13-f6a2-4e11-b96a-a58110e1d8cd (type: routers) to 2
2026-07-16 01:35:50.120 9 INFO neutron.db.ovn_revision_numbers_db [None req-5d57b28e-c011-4845-8b9c-13732c4f3893 57401ac5dab145dc8a7ee3aa6ff1957d 8cf17dd9a2804106bd54484c68db213b - - default default] Successfully bumped revision number for resource 13196832-720e-400a-beea-3f1ac6d4b7d4 (type: networks) to 1
2026-07-16 01:35:50.122 10 INFO neutron.wsgi [None req-aa9023de-c243-4ed3-b28e-a88e01c2467f db3b304dad3e4a0aa612aa32a0346bbc 496df187dc3e4c01adccf1fc0fb95693 - - default default] 10.0.0.125 "POST /v2.0/routers HTTP/1.1" status: 201 len: 868 time: 1.7615166
2026-07-16 01:35:50.200 10 INFO neutron.wsgi [None req-8d79a243-4e0b-49e0-8e1b-4db5d930e8c3 db3b304dad3e4a0aa612aa32a0346bbc 496df187dc3e4c01adccf1fc0fb95693 - - default default] 10.0.0.125 "GET /v2.0/routers/24a70c13-f6a2-4e11-b96a-a58110e1d8cd HTTP/1.1" status: 200 len: 869 time: 0.0720909
2026-07-16 01:35:50.280 9 WARNING neutron.scheduler.dhcp_agent_scheduler [None req-5d57b28e-c011-4845-8b9c-13732c4f3893 57401ac5dab145dc8a7ee3aa6ff1957d 8cf17dd9a2804106bd54484c68db213b - - default default] No more DHCP agents
2026-07-16 01:35:50.281 9 WARNING neutron.api.rpc.agentnotifiers.dhcp_rpc_agent_api [None req-5d57b28e-c011-4845-8b9c-13732c4f3893 57401ac5dab145dc8a7ee3aa6ff1957d 8cf17dd9a2804106bd54484c68db213b - - default default] Unable to schedule network 13196832-720e-400a-beea-3f1ac6d4b7d4: no agents available; will retry on subsequent port and subnet creation events.
2026-07-16 01:35:50.323 10 INFO neutron.wsgi [None req-37068e1d-51a9-4c92-9a37-c1f2df5c1c69 db3b304dad3e4a0aa612aa32a0346bbc 496df187dc3e4c01adccf1fc0fb95693 - - default default] 10.0.0.125 "GET /v2.0/routers HTTP/1.1" status: 200 len: 872 time: 0.1172831
2026-07-16 01:35:50.376 9 INFO neutron.db.ovn_revision_numbers_db [None req-5d57b28e-c011-4845-8b9c-13732c4f3893 57401ac5dab145dc8a7ee3aa6ff1957d 8cf17dd9a2804106bd54484c68db213b - - default default] Successfully bumped revision number for resource 3635f691-7ee3-491c-8d36-7f15d0e15a1f (type: ports) to 1
2026-07-16 01:35:50.397 9 INFO neutron.wsgi [None req-5d57b28e-c011-4845-8b9c-13732c4f3893 57401ac5dab145dc8a7ee3aa6ff1957d 8cf17dd9a2804106bd54484c68db213b - - default default] 10.0.0.125 "POST /v2.0/networks HTTP/1.1" status: 201 len: 831 time: 0.8368418
2026-07-16 01:35:50.515 10 INFO neutron.services.segments.plugin [-] Segment 0be1de49-03b7-4418-8234-2d6827e3b8f0 resource provider aggregate not found
2026-07-16 01:35:50.521 10 INFO neutron.services.segments.plugin [-] Segment 0be1de49-03b7-4418-8234-2d6827e3b8f0 resource provider aggregate not found
2026-07-16 01:35:50.533 10 INFO neutron.services.segments.plugin [-] Segment 0be1de49-03b7-4418-8234-2d6827e3b8f0 resource provider not found; error: Placement Client Error (4xx): {"errors": [{"status": 404, "title": "Not Found", "detail": "The resource could not be found.\n\n No resource provider with uuid 0be1de49-03b7-4418-8234-2d6827e3b8f0 found for delete ", "request_id": "req-e6be0673-f9bd-499a-862b-d6b4e21961c5"}]}
2026-07-16 01:35:50.535 10 INFO neutron.services.segments.plugin [-] Segment 0be1de49-03b7-4418-8234-2d6827e3b8f0 resource provider not found; error: Placement Client Error (4xx): {"errors": [{"status": 404, "title": "Not Found", "detail": "The resource could not be found.\n\n No resource provider with uuid 0be1de49-03b7-4418-8234-2d6827e3b8f0 found for delete ", "request_id": "req-f0eec632-1561-4dec-9593-46d06c70ece4"}]}
2026-07-16 01:35:50.558 10 INFO neutron.wsgi [None req-b7182072-6cb5-4bb6-92a6-c8f0bf37a7f7 ed78605cb68d4747a6f872ffb508587c b38c52a8cf8d4868bf4f2959dc685e39 - - default default] 10.0.0.125 "DELETE /v2.0/networks/763552eb-84a4-4429-b5ab-d3cde8e5b80b HTTP/1.1" status: 204 len: 168 time: 0.4579298
2026-07-16 01:35:50.684 10 WARNING neutron.scheduler.dhcp_agent_scheduler [None req-fa11d75c-45c5-41ea-8a7e-3fcedf1650c1 57401ac5dab145dc8a7ee3aa6ff1957d 8cf17dd9a2804106bd54484c68db213b - - default default] No more DHCP agents
2026-07-16 01:35:50.687 10 WARNING neutron.api.rpc.agentnotifiers.dhcp_rpc_agent_api [None req-fa11d75c-45c5-41ea-8a7e-3fcedf1650c1 57401ac5dab145dc8a7ee3aa6ff1957d 8cf17dd9a2804106bd54484c68db213b - - default default] Unable to schedule network 13196832-720e-400a-beea-3f1ac6d4b7d4: no agents available; will retry on subsequent port and subnet creation events.
2026-07-16 01:35:50.711 9 INFO neutron.db.ovn_revision_numbers_db [None req-f5ce28da-9249-4f6c-ab59-5db4312efdf6 db3b304dad3e4a0aa612aa32a0346bbc 496df187dc3e4c01adccf1fc0fb95693 - - default default] Successfully bumped revision number for resource 24a70c13-f6a2-4e11-b96a-a58110e1d8cd (type: routers) to 3
2026-07-16 01:35:50.716 9 INFO neutron.wsgi [None req-f5ce28da-9249-4f6c-ab59-5db4312efdf6 db3b304dad3e4a0aa612aa32a0346bbc 496df187dc3e4c01adccf1fc0fb95693 - - default default] 10.0.0.125 "PUT /v2.0/routers/24a70c13-f6a2-4e11-b96a-a58110e1d8cd HTTP/1.1" status: 200 len: 876 time: 0.3840621
2026-07-16 01:35:50.764 10 INFO neutron.db.ovn_revision_numbers_db [None req-fa11d75c-45c5-41ea-8a7e-3fcedf1650c1 57401ac5dab145dc8a7ee3aa6ff1957d 8cf17dd9a2804106bd54484c68db213b - - default default] Successfully bumped revision number for resource 958871de-236f-40c1-b184-5f78e19b3e7a (type: ports) to 1
2026-07-16 01:35:50.790 9 INFO neutron.wsgi [None req-7a37f536-a21d-48f9-945c-2513f045a448 db3b304dad3e4a0aa612aa32a0346bbc 496df187dc3e4c01adccf1fc0fb95693 - - default default] 10.0.0.125 "GET /v2.0/routers/24a70c13-f6a2-4e11-b96a-a58110e1d8cd HTTP/1.1" status: 200 len: 876 time: 0.0685494
2026-07-16 01:35:50.795 10 INFO neutron.wsgi [None req-fa11d75c-45c5-41ea-8a7e-3fcedf1650c1 57401ac5dab145dc8a7ee3aa6ff1957d 8cf17dd9a2804106bd54484c68db213b - - default default] 10.0.0.125 "POST /v2.0/ports HTTP/1.1" status: 201 len: 942 time: 0.3945165 /var/lib/openstack/lib/python3.10/site-packages/pycadf/identifier.py:71: UserWarning: Invalid uuid: neutron. To ensure interoperability, identifiers should be a valid uuid. warnings.warn(('Invalid uuid: %s. To ensure interoperability, '
2026-07-16 01:35:50.817 9 WARNING neutron.plugins.ml2.drivers.ovn.mech_driver.ovsdb.ovn_client [None req-6c2ac208-0920-445d-b3fb-a8ba9fc3c2ef - - - - - -] No port found with ID 370cf43d-db4f-4fbb-9808-c2f3815c2d1c: RuntimeError: No port found with ID 370cf43d-db4f-4fbb-9808-c2f3815c2d1c
2026-07-16 01:35:50.817 9 INFO neutron.plugins.ml2.drivers.ovn.mech_driver.mech_driver [None req-6c2ac208-0920-445d-b3fb-a8ba9fc3c2ef - - - - - -] OVN reports status up for port: fbd2aed6-d265-44d3-aa6a-6f8b7bdd6fb4
2026-07-16 01:35:50.820 9 INFO neutron.wsgi [None req-645a165e-04b8-471a-b157-6c5b09163390 db3b304dad3e4a0aa612aa32a0346bbc 496df187dc3e4c01adccf1fc0fb95693 - - default default] 10.0.0.125 "GET /v2.0/ports?device_id=24a70c13-f6a2-4e11-b96a-a58110e1d8cd HTTP/1.1" status: 200 len: 205 time: 0.0242884
2026-07-16 01:35:50.830 9 INFO neutron.plugins.ml2.plugin [None req-6c2ac208-0920-445d-b3fb-a8ba9fc3c2ef - - - - - -] Attempt 1 to provision port fbd2aed6-d265-44d3-aa6a-6f8b7bdd6fb4
2026-07-16 01:35:51.021 10 INFO neutron.wsgi [None req-ef983a23-8125-49b7-a19a-ed6fe310c520 57401ac5dab145dc8a7ee3aa6ff1957d 8cf17dd9a2804106bd54484c68db213b - - default default] 10.0.0.125 "POST /v2.0/trunks HTTP/1.1" status: 201 len: 608 time: 0.2213738
2026-07-16 01:35:51.106 10 INFO neutron.db.segments_db [None req-a79cc482-d30d-457a-8bf0-df9418aa5c62 57401ac5dab145dc8a7ee3aa6ff1957d 8cf17dd9a2804106bd54484c68db213b - - default default] Added segment b1785648-a85f-4904-821d-db0fe126299c of type geneve for network d79b8a83-ddf2-4c56-a430-d5c75ec2a8fb
2026-07-16 01:35:51.247 10 INFO neutron.db.ovn_revision_numbers_db [None req-a79cc482-d30d-457a-8bf0-df9418aa5c62 57401ac5dab145dc8a7ee3aa6ff1957d 8cf17dd9a2804106bd54484c68db213b - - default default] Successfully bumped revision number for resource d79b8a83-ddf2-4c56-a430-d5c75ec2a8fb (type: networks) to 1
2026-07-16 01:35:51.450 10 WARNING neutron.scheduler.dhcp_agent_scheduler [None req-a79cc482-d30d-457a-8bf0-df9418aa5c62 57401ac5dab145dc8a7ee3aa6ff1957d 8cf17dd9a2804106bd54484c68db213b - - default default] No more DHCP agents
2026-07-16 01:35:51.452 10 WARNING neutron.api.rpc.agentnotifiers.dhcp_rpc_agent_api [None req-a79cc482-d30d-457a-8bf0-df9418aa5c62 57401ac5dab145dc8a7ee3aa6ff1957d 8cf17dd9a2804106bd54484c68db213b - - default default] Unable to schedule network d79b8a83-ddf2-4c56-a430-d5c75ec2a8fb: no agents available; will retry on subsequent port and subnet creation events.
2026-07-16 01:35:51.479 9 INFO neutron.wsgi [None req-e61a036f-4c26-4420-b28f-f17e724fa8fb db3b304dad3e4a0aa612aa32a0346bbc 496df187dc3e4c01adccf1fc0fb95693 - - default default] 10.0.0.125 "DELETE /v2.0/routers/24a70c13-f6a2-4e11-b96a-a58110e1d8cd HTTP/1.1" status: 204 len: 168 time: 0.6569059
2026-07-16 01:35:51.497 9 INFO neutron.db.ovn_revision_numbers_db [None req-7671e210-f589-4f95-a0c9-4d29f554e204 d820dc69025e459489f1f963b7dcb981 6a2907b7dded4e32bb1f33dd1010ea75 - - default default] Successfully bumped revision number for resource 0c973b76-94d6-4324-8ded-5b7bf24b1f52 (type: security_groups) to 1
2026-07-16 01:35:51.506 10 INFO neutron.wsgi [None req-5cf37845-a562-4c38-9a08-7a591f09e46f db3b304dad3e4a0aa612aa32a0346bbc 496df187dc3e4c01adccf1fc0fb95693 - - default default] 10.0.0.125 "GET /v2.0/ports?device_id=24a70c13-f6a2-4e11-b96a-a58110e1d8cd HTTP/1.1" status: 200 len: 205 time: 0.0174916
2026-07-16 01:35:51.528 9 INFO neutron.db.ovn_revision_numbers_db [None req-7671e210-f589-4f95-a0c9-4d29f554e204 d820dc69025e459489f1f963b7dcb981 6a2907b7dded4e32bb1f33dd1010ea75 - - default default] Successfully bumped revision number for resource 1ed9ee88-f5a3-4691-9ebf-d08ce0543d16 (type: security_group_rules) to 0
2026-07-16 01:35:51.530 10 INFO neutron.api.v2.resource [None req-7def2b91-3d18-4d06-8c19-468f5d3e6a97 db3b304dad3e4a0aa612aa32a0346bbc 496df187dc3e4c01adccf1fc0fb95693 - - default default] delete failed (client error): The resource could not be found.
2026-07-16 01:35:51.531 10 INFO neutron.wsgi [None req-7def2b91-3d18-4d06-8c19-468f5d3e6a97 db3b304dad3e4a0aa612aa32a0346bbc 496df187dc3e4c01adccf1fc0fb95693 - - default default] 10.0.0.125 "DELETE /v2.0/routers/24a70c13-f6a2-4e11-b96a-a58110e1d8cd HTTP/1.1" status: 404 len: 336 time: 0.0210137
2026-07-16 01:35:51.554 9 INFO neutron.db.ovn_revision_numbers_db [None req-7671e210-f589-4f95-a0c9-4d29f554e204 d820dc69025e459489f1f963b7dcb981 6a2907b7dded4e32bb1f33dd1010ea75 - - default default] Successfully bumped revision number for resource 81a6902d-ba96-47b1-b42e-162fae4d1a3b (type: security_group_rules) to 0
2026-07-16 01:35:51.556 9 INFO neutron.wsgi [None req-c0263ac8-cf6f-4231-a700-58273565d5c1 db3b304dad3e4a0aa612aa32a0346bbc 496df187dc3e4c01adccf1fc0fb95693 - - default default] 10.0.0.125 "GET /v2.0/ports?device_id=ea458b89-5bb8-493f-9b86-b95fa7feef7f HTTP/1.1" status: 200 len: 205 time: 0.0206351
2026-07-16 01:35:51.558 10 INFO neutron.db.ovn_revision_numbers_db [None req-a79cc482-d30d-457a-8bf0-df9418aa5c62 57401ac5dab145dc8a7ee3aa6ff1957d 8cf17dd9a2804106bd54484c68db213b - - default default] Successfully bumped revision number for resource 000d30ab-bc5d-49d5-8923-ffb39a160951 (type: ports) to 1
2026-07-16 01:35:51.570 9 INFO neutron.db.ovn_revision_numbers_db [None req-7671e210-f589-4f95-a0c9-4d29f554e204 d820dc69025e459489f1f963b7dcb981 6a2907b7dded4e32bb1f33dd1010ea75 - - default default] Successfully bumped revision number for resource a4fde756-ddb9-47d2-aba0-713332dd482a (type: security_group_rules) to 0
2026-07-16 01:35:51.579 10 INFO neutron.api.v2.resource [None req-2240abeb-2451-4de6-8b0a-9dff3fb9df0a db3b304dad3e4a0aa612aa32a0346bbc 496df187dc3e4c01adccf1fc0fb95693 - - default default] delete failed (client error): The resource could not be found.
2026-07-16 01:35:51.580 10 INFO neutron.wsgi [None req-2240abeb-2451-4de6-8b0a-9dff3fb9df0a db3b304dad3e4a0aa612aa32a0346bbc 496df187dc3e4c01adccf1fc0fb95693 - - default default] 10.0.0.125 "DELETE /v2.0/routers/ea458b89-5bb8-493f-9b86-b95fa7feef7f HTTP/1.1" status: 404 len: 336 time: 0.0201430
2026-07-16 01:35:51.582 9 INFO neutron.db.ovn_revision_numbers_db [None req-7671e210-f589-4f95-a0c9-4d29f554e204 d820dc69025e459489f1f963b7dcb981 6a2907b7dded4e32bb1f33dd1010ea75 - - default default] Successfully bumped revision number for resource f24dddfa-0665-4703-9fcc-0b166e6a0f04 (type: security_group_rules) to 0
2026-07-16 01:35:51.600 10 INFO neutron.pecan_wsgi.hooks.translation [None req-d40c1f42-5b8e-439e-89f8-fd053560f392 db3b304dad3e4a0aa612aa32a0346bbc 496df187dc3e4c01adccf1fc0fb95693 - - default default] DELETE failed (client error): The resource could not be found.
2026-07-16 01:35:51.602 10 INFO neutron.wsgi [None req-d40c1f42-5b8e-439e-89f8-fd053560f392 db3b304dad3e4a0aa612aa32a0346bbc 496df187dc3e4c01adccf1fc0fb95693 - - default default] 10.0.0.125 "DELETE /v2.0/subnets/3a9dc389-26dd-4bf9-9c2b-2658ed38858e HTTP/1.1" status: 404 len: 337 time: 0.0175486
2026-07-16 01:35:51.604 9 INFO neutron.wsgi [None req-7671e210-f589-4f95-a0c9-4d29f554e204 d820dc69025e459489f1f963b7dcb981 6a2907b7dded4e32bb1f33dd1010ea75 - - default default] 10.0.0.125 "GET /v2.0/security-groups?tenant_id=1dfbbf342ce74b7593b80c63cdd5c833&name=default HTTP/1.1" status: 200 len: 2996 time: 0.4058309
2026-07-16 01:35:51.607 10 INFO neutron.wsgi [None req-a79cc482-d30d-457a-8bf0-df9418aa5c62 57401ac5dab145dc8a7ee3aa6ff1957d 8cf17dd9a2804106bd54484c68db213b - - default default] 10.0.0.125 "POST /v2.0/networks HTTP/1.1" status: 201 len: 830 time: 0.5783401
2026-07-16 01:35:51.625 9 INFO neutron.wsgi [None req-ade42830-eb6e-4699-8ff9-36c4eff49c8a db3b304dad3e4a0aa612aa32a0346bbc 496df187dc3e4c01adccf1fc0fb95693 - - default default] 10.0.0.125 "GET /v2.0/ports?device_id=b6cf4c4c-ab0f-4cfe-ba78-36e91c5348e9 HTTP/1.1" status: 200 len: 205 time: 0.0181668
2026-07-16 01:35:51.651 9 INFO neutron.api.v2.resource [None req-c02ce6b1-3cd2-4a5a-a96a-ce22c400f11a db3b304dad3e4a0aa612aa32a0346bbc 496df187dc3e4c01adccf1fc0fb95693 - - default default] delete failed (client error): The resource could not be found.
2026-07-16 01:35:51.653 9 INFO neutron.wsgi [None req-c02ce6b1-3cd2-4a5a-a96a-ce22c400f11a db3b304dad3e4a0aa612aa32a0346bbc 496df187dc3e4c01adccf1fc0fb95693 - - default default] 10.0.0.125 "DELETE /v2.0/routers/b6cf4c4c-ab0f-4cfe-ba78-36e91c5348e9 HTTP/1.1" status: 404 len: 336 time: 0.0229931
2026-07-16 01:35:51.671 9 INFO neutron.pecan_wsgi.hooks.translation [None req-3748bf4b-293a-4b50-9a4a-5addb74b294c db3b304dad3e4a0aa612aa32a0346bbc 496df187dc3e4c01adccf1fc0fb95693 - - default default] DELETE failed (client error): The resource could not be found.
2026-07-16 01:35:51.673 9 INFO neutron.wsgi [None req-3748bf4b-293a-4b50-9a4a-5addb74b294c db3b304dad3e4a0aa612aa32a0346bbc 496df187dc3e4c01adccf1fc0fb95693 - - default default] 10.0.0.125 "DELETE /v2.0/subnets/83586cd4-75a9-4466-b0e6-bf60be3c1db1 HTTP/1.1" status: 404 len: 337 time: 0.0161955
2026-07-16 01:35:51.699 9 INFO neutron.wsgi [None req-45db28e9-37d7-4c5c-ace4-42edc8f95ada db3b304dad3e4a0aa612aa32a0346bbc 496df187dc3e4c01adccf1fc0fb95693 - - default default] 10.0.0.125 "GET /v2.0/ports?device_id=4f8a6a9c-4afb-44cf-9050-2935506aceee HTTP/1.1" status: 200 len: 205 time: 0.0200350
2026-07-16 01:35:51.730 9 INFO neutron.api.v2.resource [None req-3ab49784-31be-4b0f-a008-851e9d9e53f1 db3b304dad3e4a0aa612aa32a0346bbc 496df187dc3e4c01adccf1fc0fb95693 - - default default] delete failed (client error): The resource could not be found.
2026-07-16 01:35:51.731 9 INFO neutron.wsgi [None req-3ab49784-31be-4b0f-a008-851e9d9e53f1 db3b304dad3e4a0aa612aa32a0346bbc 496df187dc3e4c01adccf1fc0fb95693 - - default default] 10.0.0.125 "DELETE /v2.0/routers/4f8a6a9c-4afb-44cf-9050-2935506aceee HTTP/1.1" status: 404 len: 336 time: 0.0272341
2026-07-16 01:35:51.753 9 INFO neutron.pecan_wsgi.hooks.translation [None req-541173e4-f71e-4d87-b841-2b8427b96bbe db3b304dad3e4a0aa612aa32a0346bbc 496df187dc3e4c01adccf1fc0fb95693 - - default default] DELETE failed (client error): The resource could not be found.
2026-07-16 01:35:51.756 9 INFO neutron.wsgi [None req-541173e4-f71e-4d87-b841-2b8427b96bbe db3b304dad3e4a0aa612aa32a0346bbc 496df187dc3e4c01adccf1fc0fb95693 - - default default] 10.0.0.125 "DELETE /v2.0/subnets/e4aaa895-ae57-42c1-85df-9615e34f66df HTTP/1.1" status: 404 len: 337 time: 0.0188413
2026-07-16 01:35:51.787 9 INFO neutron.pecan_wsgi.hooks.translation [None req-eaa42521-44c7-4fd9-aae2-4acabb1a5b3a db3b304dad3e4a0aa612aa32a0346bbc 496df187dc3e4c01adccf1fc0fb95693 - - default default] DELETE failed (client error): The resource could not be found.
2026-07-16 01:35:51.789 9 INFO neutron.wsgi [None req-eaa42521-44c7-4fd9-aae2-4acabb1a5b3a db3b304dad3e4a0aa612aa32a0346bbc 496df187dc3e4c01adccf1fc0fb95693 - - default default] 10.0.0.125 "DELETE /v2.0/subnets/38ddf476-a532-4e8a-b9f8-c38e5a96e8d7 HTTP/1.1" status: 404 len: 337 time: 0.0261357
2026-07-16 01:35:51.856 10 WARNING neutron.scheduler.dhcp_agent_scheduler [None req-d8bf5dbc-d7b5-47a9-a1e9-aab52ff136c5 57401ac5dab145dc8a7ee3aa6ff1957d 8cf17dd9a2804106bd54484c68db213b - - default default] No more DHCP agents
2026-07-16 01:35:51.860 10 WARNING neutron.api.rpc.agentnotifiers.dhcp_rpc_agent_api [None req-d8bf5dbc-d7b5-47a9-a1e9-aab52ff136c5 57401ac5dab145dc8a7ee3aa6ff1957d 8cf17dd9a2804106bd54484c68db213b - - default default] Unable to schedule network d79b8a83-ddf2-4c56-a430-d5c75ec2a8fb: no agents available; will retry on subsequent port and subnet creation events.
2026-07-16 01:35:51.875 10 INFO neutron.wsgi [None req-f75116a9-034e-40d1-81fc-3762d28b5c61 d820dc69025e459489f1f963b7dcb981 6a2907b7dded4e32bb1f33dd1010ea75 - - default default] 10.0.0.125 "DELETE /v2.0/security-groups/0c973b76-94d6-4324-8ded-5b7bf24b1f52 HTTP/1.1" status: 204 len: 168 time: 0.2671163
2026-07-16 01:35:51.944 10 INFO neutron.db.ovn_revision_numbers_db [None req-d8bf5dbc-d7b5-47a9-a1e9-aab52ff136c5 57401ac5dab145dc8a7ee3aa6ff1957d 8cf17dd9a2804106bd54484c68db213b - - default default] Successfully bumped revision number for resource 13f2cd56-f395-4f1e-8648-2f2b0288e957 (type: ports) to 1
2026-07-16 01:35:51.965 10 INFO neutron.wsgi [None req-d8bf5dbc-d7b5-47a9-a1e9-aab52ff136c5 57401ac5dab145dc8a7ee3aa6ff1957d 8cf17dd9a2804106bd54484c68db213b - - default default] 10.0.0.125 "POST /v2.0/ports HTTP/1.1" status: 201 len: 942 time: 0.3530128 /var/lib/openstack/lib/python3.10/site-packages/pycadf/identifier.py:71: UserWarning: Invalid uuid: neutron. To ensure interoperability, identifiers should be a valid uuid. warnings.warn(('Invalid uuid: %s. To ensure interoperability, '
2026-07-16 01:35:52.061 9 INFO neutron.wsgi [None req-7e950b6f-b7b7-45c3-9651-b078c9f324c4 d820dc69025e459489f1f963b7dcb981 6a2907b7dded4e32bb1f33dd1010ea75 - - default default] 10.0.0.125 "GET /v2.0/security-groups?tenant_id=b38c52a8cf8d4868bf4f2959dc685e39&name=default HTTP/1.1" status: 200 len: 2996 time: 0.0460575
2026-07-16 01:35:52.141 10 INFO neutron.wsgi [None req-97b374ef-b052-4714-b4f3-2d5fc41696f2 57401ac5dab145dc8a7ee3aa6ff1957d 8cf17dd9a2804106bd54484c68db213b - - default default] 10.0.0.125 "POST /v2.0/trunks HTTP/1.1" status: 201 len: 608 time: 0.1699769
2026-07-16 01:35:52.229 9 INFO neutron.db.segments_db [None req-bb28e39f-885a-48bf-8742-6265cb040a14 57401ac5dab145dc8a7ee3aa6ff1957d 8cf17dd9a2804106bd54484c68db213b - - default default] Added segment 2be26c97-1bb6-44c9-8a2f-1676d5b6bde3 of type geneve for network e1d1d94b-8982-4b72-9159-cde506379063
2026-07-16 01:35:52.284 9 INFO neutron.wsgi [None req-f4f9bf18-de6b-4f9c-a028-6916137c8ee6 d820dc69025e459489f1f963b7dcb981 6a2907b7dded4e32bb1f33dd1010ea75 - - default default] 10.0.0.125 "DELETE /v2.0/security-groups/c78f0579-c5bf-4365-92c8-789e05580fbb HTTP/1.1" status: 204 len: 168 time: 0.2167697
2026-07-16 01:35:52.366 9 INFO neutron.db.ovn_revision_numbers_db [None req-bb28e39f-885a-48bf-8742-6265cb040a14 57401ac5dab145dc8a7ee3aa6ff1957d 8cf17dd9a2804106bd54484c68db213b - - default default] Successfully bumped revision number for resource e1d1d94b-8982-4b72-9159-cde506379063 (type: networks) to 1
2026-07-16 01:35:52.385 10 INFO neutron.wsgi [None req-96698e26-cae0-4bd2-ab2e-cb420019de0a d820dc69025e459489f1f963b7dcb981 6a2907b7dded4e32bb1f33dd1010ea75 - - default default] 10.0.0.125 "GET /v2.0/security-groups?tenant_id=496df187dc3e4c01adccf1fc0fb95693&name=default HTTP/1.1" status: 200 len: 2996 time: 0.1322989
2026-07-16 01:35:52.508 9 WARNING neutron.scheduler.dhcp_agent_scheduler [None req-bb28e39f-885a-48bf-8742-6265cb040a14 57401ac5dab145dc8a7ee3aa6ff1957d 8cf17dd9a2804106bd54484c68db213b - - default default] No more DHCP agents
2026-07-16 01:35:52.510 9 WARNING neutron.api.rpc.agentnotifiers.dhcp_rpc_agent_api [None req-bb28e39f-885a-48bf-8742-6265cb040a14 57401ac5dab145dc8a7ee3aa6ff1957d 8cf17dd9a2804106bd54484c68db213b - - default default] Unable to schedule network e1d1d94b-8982-4b72-9159-cde506379063: no agents available; will retry on subsequent port and subnet creation events.
2026-07-16 01:35:52.531 10 INFO neutron.wsgi [None req-c499c841-cd97-4c23-a26d-8d0315dce2b0 d820dc69025e459489f1f963b7dcb981 6a2907b7dded4e32bb1f33dd1010ea75 - - default default] 10.0.0.125 "DELETE /v2.0/security-groups/54243b2c-d6d7-4e9c-8c54-d5ea1a0ac2c1 HTTP/1.1" status: 204 len: 168 time: 0.1403184
2026-07-16 01:35:52.585 9 INFO neutron.db.ovn_revision_numbers_db [None req-bb28e39f-885a-48bf-8742-6265cb040a14 57401ac5dab145dc8a7ee3aa6ff1957d 8cf17dd9a2804106bd54484c68db213b - - default default] Successfully bumped revision number for resource 8e43e002-f52a-4760-ac18-50dc034a662a (type: ports) to 1
2026-07-16 01:35:52.606 9 INFO neutron.wsgi [None req-bb28e39f-885a-48bf-8742-6265cb040a14 57401ac5dab145dc8a7ee3aa6ff1957d 8cf17dd9a2804106bd54484c68db213b - - default default] 10.0.0.125 "POST /v2.0/networks HTTP/1.1" status: 201 len: 830 time: 0.4598150
2026-07-16 01:35:52.859 10 WARNING neutron.scheduler.dhcp_agent_scheduler [None req-e3182c4b-043f-48a2-9bbe-919e710ec05d 57401ac5dab145dc8a7ee3aa6ff1957d 8cf17dd9a2804106bd54484c68db213b - - default default] No more DHCP agents
2026-07-16 01:35:52.861 10 WARNING neutron.api.rpc.agentnotifiers.dhcp_rpc_agent_api [None req-e3182c4b-043f-48a2-9bbe-919e710ec05d 57401ac5dab145dc8a7ee3aa6ff1957d 8cf17dd9a2804106bd54484c68db213b - - default default] Unable to schedule network e1d1d94b-8982-4b72-9159-cde506379063: no agents available; will retry on subsequent port and subnet creation events.
2026-07-16 01:35:53.153 10 INFO neutron.wsgi [-] 10.0.0.220 "GET / HTTP/1.1" status: 200 len: 247 time: 0.0016277
2026-07-16 01:35:53.155 10 INFO neutron.wsgi [-] 10.0.0.220 "GET / HTTP/1.1" status: 200 len: 247 time: 0.0013871
2026-07-16 01:35:53.214 10 INFO neutron.db.ovn_revision_numbers_db [None req-e3182c4b-043f-48a2-9bbe-919e710ec05d 57401ac5dab145dc8a7ee3aa6ff1957d 8cf17dd9a2804106bd54484c68db213b - - default default] Successfully bumped revision number for resource ea6986e6-0f16-45a5-832c-09ba4bdce92c (type: ports) to 1
2026-07-16 01:35:53.234 10 INFO neutron.wsgi [None req-e3182c4b-043f-48a2-9bbe-919e710ec05d 57401ac5dab145dc8a7ee3aa6ff1957d 8cf17dd9a2804106bd54484c68db213b - - default default] 10.0.0.125 "POST /v2.0/ports HTTP/1.1" status: 201 len: 942 time: 0.6226075 /var/lib/openstack/lib/python3.10/site-packages/pycadf/identifier.py:71: UserWarning: Invalid uuid: neutron. To ensure interoperability, identifiers should be a valid uuid. warnings.warn(('Invalid uuid: %s. To ensure interoperability, '
2026-07-16 01:35:53.456 10 INFO neutron.wsgi [None req-c99cc22c-ef3b-4076-a965-9dd5bdd0bbcf 57401ac5dab145dc8a7ee3aa6ff1957d 8cf17dd9a2804106bd54484c68db213b - - default default] 10.0.0.125 "POST /v2.0/trunks HTTP/1.1" status: 201 len: 608 time: 0.2176414
2026-07-16 01:35:53.544 10 INFO neutron.db.segments_db [None req-da25014a-8f03-4770-8f2f-260c14aff7f9 57401ac5dab145dc8a7ee3aa6ff1957d 8cf17dd9a2804106bd54484c68db213b - - default default] Added segment 421761bf-a82c-4b9a-b5bd-162c56b8a3f6 of type geneve for network ca7311b5-5397-413e-a5e6-2b7c144c2dd3
2026-07-16 01:35:53.688 10 INFO neutron.db.ovn_revision_numbers_db [None req-da25014a-8f03-4770-8f2f-260c14aff7f9 57401ac5dab145dc8a7ee3aa6ff1957d 8cf17dd9a2804106bd54484c68db213b - - default default] Successfully bumped revision number for resource ca7311b5-5397-413e-a5e6-2b7c144c2dd3 (type: networks) to 1
2026-07-16 01:35:53.878 10 WARNING neutron.scheduler.dhcp_agent_scheduler [None req-da25014a-8f03-4770-8f2f-260c14aff7f9 57401ac5dab145dc8a7ee3aa6ff1957d 8cf17dd9a2804106bd54484c68db213b - - default default] No more DHCP agents
2026-07-16 01:35:53.882 10 WARNING neutron.api.rpc.agentnotifiers.dhcp_rpc_agent_api [None req-da25014a-8f03-4770-8f2f-260c14aff7f9 57401ac5dab145dc8a7ee3aa6ff1957d 8cf17dd9a2804106bd54484c68db213b - - default default] Unable to schedule network ca7311b5-5397-413e-a5e6-2b7c144c2dd3: no agents available; will retry on subsequent port and subnet creation events.
2026-07-16 01:35:53.985 10 INFO neutron.db.ovn_revision_numbers_db [None req-da25014a-8f03-4770-8f2f-260c14aff7f9 57401ac5dab145dc8a7ee3aa6ff1957d 8cf17dd9a2804106bd54484c68db213b - - default default] Successfully bumped revision number for resource 359280f5-e3b3-4fe6-b774-ce8d5bafd57b (type: ports) to 1
2026-07-16 01:35:54.008 10 INFO neutron.wsgi [None req-da25014a-8f03-4770-8f2f-260c14aff7f9 57401ac5dab145dc8a7ee3aa6ff1957d 8cf17dd9a2804106bd54484c68db213b - - default default] 10.0.0.125 "POST /v2.0/networks HTTP/1.1" status: 201 len: 830 time: 0.5467856
2026-07-16 01:35:54.236 10 WARNING neutron.scheduler.dhcp_agent_scheduler [None req-e0255bf2-3a5f-443e-b79a-f6c73194ec49 57401ac5dab145dc8a7ee3aa6ff1957d 8cf17dd9a2804106bd54484c68db213b - - default default] No more DHCP agents
2026-07-16 01:35:54.238 10 WARNING neutron.api.rpc.agentnotifiers.dhcp_rpc_agent_api [None req-e0255bf2-3a5f-443e-b79a-f6c73194ec49 57401ac5dab145dc8a7ee3aa6ff1957d 8cf17dd9a2804106bd54484c68db213b - - default default] Unable to schedule network ca7311b5-5397-413e-a5e6-2b7c144c2dd3: no agents available; will retry on subsequent port and subnet creation events.
2026-07-16 01:35:54.324 10 INFO neutron.db.ovn_revision_numbers_db [None req-e0255bf2-3a5f-443e-b79a-f6c73194ec49 57401ac5dab145dc8a7ee3aa6ff1957d 8cf17dd9a2804106bd54484c68db213b - - default default] Successfully bumped revision number for resource fbd72a93-4b72-4125-8374-e26e26e1846b (type: ports) to 1
2026-07-16 01:35:54.346 10 INFO neutron.wsgi [None req-e0255bf2-3a5f-443e-b79a-f6c73194ec49 57401ac5dab145dc8a7ee3aa6ff1957d 8cf17dd9a2804106bd54484c68db213b - - default default] 10.0.0.125 "POST /v2.0/ports HTTP/1.1" status: 201 len: 942 time: 0.3309824 /var/lib/openstack/lib/python3.10/site-packages/pycadf/identifier.py:71: UserWarning: Invalid uuid: neutron. To ensure interoperability, identifiers should be a valid uuid. warnings.warn(('Invalid uuid: %s. To ensure interoperability, '
2026-07-16 01:35:54.531 10 INFO neutron.wsgi [None req-9fc00342-b31b-4421-be5f-b7dbc4cbdb3d 57401ac5dab145dc8a7ee3aa6ff1957d 8cf17dd9a2804106bd54484c68db213b - - default default] 10.0.0.125 "POST /v2.0/trunks HTTP/1.1" status: 201 len: 608 time: 0.1795809
2026-07-16 01:35:54.627 10 INFO neutron.db.segments_db [None req-df77fc50-bc27-4c11-86a1-b6bb97298971 57401ac5dab145dc8a7ee3aa6ff1957d 8cf17dd9a2804106bd54484c68db213b - - default default] Added segment 75a00d0d-adaf-4681-9823-bd75b70765bf of type geneve for network 12ebde1c-874a-4e3c-86a2-c24fb52e672e
2026-07-16 01:35:54.780 10 INFO neutron.db.ovn_revision_numbers_db [None req-df77fc50-bc27-4c11-86a1-b6bb97298971 57401ac5dab145dc8a7ee3aa6ff1957d 8cf17dd9a2804106bd54484c68db213b - - default default] Successfully bumped revision number for resource 12ebde1c-874a-4e3c-86a2-c24fb52e672e (type: networks) to 1
2026-07-16 01:35:54.936 10 WARNING neutron.scheduler.dhcp_agent_scheduler [None req-df77fc50-bc27-4c11-86a1-b6bb97298971 57401ac5dab145dc8a7ee3aa6ff1957d 8cf17dd9a2804106bd54484c68db213b - - default default] No more DHCP agents
2026-07-16 01:35:54.939 10 WARNING neutron.api.rpc.agentnotifiers.dhcp_rpc_agent_api [None req-df77fc50-bc27-4c11-86a1-b6bb97298971 57401ac5dab145dc8a7ee3aa6ff1957d 8cf17dd9a2804106bd54484c68db213b - - default default] Unable to schedule network 12ebde1c-874a-4e3c-86a2-c24fb52e672e: no agents available; will retry on subsequent port and subnet creation events.
2026-07-16 01:35:55.003 9 INFO neutron.db.ovn_revision_numbers_db [None req-ad047d68-6b44-4ec3-a833-c646949d16e9 d820dc69025e459489f1f963b7dcb981 6a2907b7dded4e32bb1f33dd1010ea75 - - default default] Successfully bumped revision number for resource 524320e5-01e8-4666-bbfa-41860abb8516 (type: security_groups) to 1
2026-07-16 01:35:55.008 10 INFO neutron.db.ovn_revision_numbers_db [None req-df77fc50-bc27-4c11-86a1-b6bb97298971 57401ac5dab145dc8a7ee3aa6ff1957d 8cf17dd9a2804106bd54484c68db213b - - default default] Successfully bumped revision number for resource 40c7f1b7-805e-4551-9fde-be575c8c1f2f (type: ports) to 1
2026-07-16 01:35:55.013 9 INFO neutron.db.ovn_revision_numbers_db [None req-ad047d68-6b44-4ec3-a833-c646949d16e9 d820dc69025e459489f1f963b7dcb981 6a2907b7dded4e32bb1f33dd1010ea75 - - default default] Successfully bumped revision number for resource 01732559-751b-4a4b-809d-744b76c51b32 (type: security_group_rules) to 0
2026-07-16 01:35:55.023 9 INFO neutron.db.ovn_revision_numbers_db [None req-ad047d68-6b44-4ec3-a833-c646949d16e9 d820dc69025e459489f1f963b7dcb981 6a2907b7dded4e32bb1f33dd1010ea75 - - default default] Successfully bumped revision number for resource 524cd0d7-6ec2-41ae-b7c4-ffe6c251bbc6 (type: security_group_rules) to 0
2026-07-16 01:35:55.029 10 INFO neutron.wsgi [None req-df77fc50-bc27-4c11-86a1-b6bb97298971 57401ac5dab145dc8a7ee3aa6ff1957d 8cf17dd9a2804106bd54484c68db213b - - default default] 10.0.0.125 "POST /v2.0/networks HTTP/1.1" status: 201 len: 831 time: 0.4943662
2026-07-16 01:35:55.040 9 INFO neutron.db.ovn_revision_numbers_db [None req-ad047d68-6b44-4ec3-a833-c646949d16e9 d820dc69025e459489f1f963b7dcb981 6a2907b7dded4e32bb1f33dd1010ea75 - - default default] Successfully bumped revision number for resource d31f5226-f9d0-435f-bdb2-26bfec9a1653 (type: security_group_rules) to 0
2026-07-16 01:35:55.065 9 INFO neutron.db.ovn_revision_numbers_db [None req-ad047d68-6b44-4ec3-a833-c646949d16e9 d820dc69025e459489f1f963b7dcb981 6a2907b7dded4e32bb1f33dd1010ea75 - - default default] Successfully bumped revision number for resource e009d745-bd46-494c-944f-ac503519d738 (type: security_group_rules) to 0
2026-07-16 01:35:55.090 9 INFO neutron.wsgi [None req-ad047d68-6b44-4ec3-a833-c646949d16e9 d820dc69025e459489f1f963b7dcb981 6a2907b7dded4e32bb1f33dd1010ea75 - - default default] 10.0.0.125 "GET /v2.0/security-groups?tenant_id=b7f315c18b7e42c3a41b5c9d58717d78&name=default HTTP/1.1" status: 200 len: 2996 time: 0.3248100
2026-07-16 01:35:55.268 9 WARNING neutron.scheduler.dhcp_agent_scheduler [None req-01fe27c9-47f1-4c0c-b918-e76dfe9f6a36 57401ac5dab145dc8a7ee3aa6ff1957d 8cf17dd9a2804106bd54484c68db213b - - default default] No more DHCP agents
2026-07-16 01:35:55.272 9 WARNING neutron.api.rpc.agentnotifiers.dhcp_rpc_agent_api [None req-01fe27c9-47f1-4c0c-b918-e76dfe9f6a36 57401ac5dab145dc8a7ee3aa6ff1957d 8cf17dd9a2804106bd54484c68db213b - - default default] Unable to schedule network 12ebde1c-874a-4e3c-86a2-c24fb52e672e: no agents available; will retry on subsequent port and subnet creation events.
2026-07-16 01:35:55.346 9 INFO neutron.wsgi [None req-00ae4284-8ee4-43c9-8d10-d514a62bb2f8 d820dc69025e459489f1f963b7dcb981 6a2907b7dded4e32bb1f33dd1010ea75 - - default default] 10.0.0.125 "DELETE /v2.0/security-groups/524320e5-01e8-4666-bbfa-41860abb8516 HTTP/1.1" status: 204 len: 168 time: 0.2501211
2026-07-16 01:35:55.348 9 INFO neutron.db.ovn_revision_numbers_db [None req-01fe27c9-47f1-4c0c-b918-e76dfe9f6a36 57401ac5dab145dc8a7ee3aa6ff1957d 8cf17dd9a2804106bd54484c68db213b - - default default] Successfully bumped revision number for resource a4646d37-8eaa-459f-b392-de28d2c7e570 (type: ports) to 1
2026-07-16 01:35:55.370 9 INFO neutron.wsgi [None req-01fe27c9-47f1-4c0c-b918-e76dfe9f6a36 57401ac5dab145dc8a7ee3aa6ff1957d 8cf17dd9a2804106bd54484c68db213b - - default default] 10.0.0.125 "POST /v2.0/ports HTTP/1.1" status: 201 len: 942 time: 0.3352196 /var/lib/openstack/lib/python3.10/site-packages/pycadf/identifier.py:71: UserWarning: Invalid uuid: neutron. To ensure interoperability, identifiers should be a valid uuid. warnings.warn(('Invalid uuid: %s. To ensure interoperability, '
2026-07-16 01:35:55.830 9 INFO neutron.wsgi [None req-72669fad-5a6b-4a40-a1dd-149f38f12d82 57401ac5dab145dc8a7ee3aa6ff1957d 8cf17dd9a2804106bd54484c68db213b - - default default] 10.0.0.125 "POST /v2.0/trunks HTTP/1.1" status: 201 len: 608 time: 0.4554696
2026-07-16 01:35:55.859 9 INFO neutron.wsgi [None req-4f5148fb-09d7-4d73-b240-0eb4cd660193 57401ac5dab145dc8a7ee3aa6ff1957d 8cf17dd9a2804106bd54484c68db213b - - default default] 10.0.0.125 "PUT /v2.0/trunks/92ea980b-b7dc-438b-a04a-0953dc8870d5/tags HTTP/1.1" status: 200 len: 210 time: 0.0238972
2026-07-16 01:35:55.886 9 INFO neutron.wsgi [None req-c7a99e1b-fe67-4712-808d-7ca236570ad9 57401ac5dab145dc8a7ee3aa6ff1957d 8cf17dd9a2804106bd54484c68db213b - - default default] 10.0.0.125 "PUT /v2.0/trunks/09f4e0b8-18a9-4ef2-915a-e1d22fb0ef15/tags HTTP/1.1" status: 200 len: 218 time: 0.0217943
2026-07-16 01:35:55.912 10 INFO neutron.wsgi [None req-f027ca2f-6138-4f8c-a9e6-73762c149cc5 57401ac5dab145dc8a7ee3aa6ff1957d 8cf17dd9a2804106bd54484c68db213b - - default default] 10.0.0.125 "PUT /v2.0/trunks/c0938dd9-1311-46db-a586-a61e7fee0fb4/tags HTTP/1.1" status: 200 len: 227 time: 0.0224328
2026-07-16 01:35:55.935 10 INFO neutron.wsgi [None req-cabbcda5-b186-4915-8fcd-9095fabc0615 57401ac5dab145dc8a7ee3aa6ff1957d 8cf17dd9a2804106bd54484c68db213b - - default default] 10.0.0.125 "PUT /v2.0/trunks/4e8cc6e3-ef05-4c6d-9d94-b4beff2d0f32/tags HTTP/1.1" status: 200 len: 212 time: 0.0186591
2026-07-16 01:35:55.960 10 INFO neutron.wsgi [None req-59489bb2-9c1e-4df5-8c6e-adfa3ef579bf 57401ac5dab145dc8a7ee3aa6ff1957d 8cf17dd9a2804106bd54484c68db213b - - default default] 10.0.0.125 "GET /v2.0/trunks?tags=red HTTP/1.1" status: 200 len: 1447 time: 0.0203242
2026-07-16 01:35:55.984 10 INFO neutron.wsgi [None req-f38a5b5f-c15f-4fa9-baae-b7b7d420bed9 57401ac5dab145dc8a7ee3aa6ff1957d 8cf17dd9a2804106bd54484c68db213b - - default default] 10.0.0.125 "GET /v2.0/trunks?tags=red%2Cblue HTTP/1.1" status: 200 len: 1041 time: 0.0199807
2026-07-16 01:35:56.008 10 INFO neutron.wsgi [None req-6cc1c486-651f-43e6-b52a-f1c81cd60935 57401ac5dab145dc8a7ee3aa6ff1957d 8cf17dd9a2804106bd54484c68db213b - - default default] 10.0.0.125 "GET /v2.0/trunks?tags-any=blue HTTP/1.1" status: 200 len: 1041 time: 0.0207162
2026-07-16 01:35:56.031 10 INFO neutron.wsgi [None req-0b33cadf-de0a-4763-a77d-d1b7b97c2ba3 57401ac5dab145dc8a7ee3aa6ff1957d 8cf17dd9a2804106bd54484c68db213b - - default default] 10.0.0.125 "GET /v2.0/trunks?tags-any=red%2Cblue HTTP/1.1" status: 200 len: 1447 time: 0.0204682
2026-07-16 01:35:56.057 10 INFO neutron.wsgi [None req-518bfb48-5cf5-46e7-ac73-77ce6554c7e7 57401ac5dab145dc8a7ee3aa6ff1957d 8cf17dd9a2804106bd54484c68db213b - - default default] 10.0.0.125 "GET /v2.0/trunks?not-tags=red HTTP/1.1" status: 200 len: 1013 time: 0.0222511
2026-07-16 01:35:56.084 10 INFO neutron.wsgi [None req-fa20b8a3-585f-4b5d-a031-bde01a0e4d27 57401ac5dab145dc8a7ee3aa6ff1957d 8cf17dd9a2804106bd54484c68db213b - - default default] 10.0.0.125 "GET /v2.0/trunks?not-tags=red%2Cblue HTTP/1.1" status: 200 len: 1419 time: 0.0228410
2026-07-16 01:35:56.111 9 INFO neutron.wsgi [None req-4c7dc13e-7ed2-4aa1-a50b-ade945cc133d 57401ac5dab145dc8a7ee3aa6ff1957d 8cf17dd9a2804106bd54484c68db213b - - default default] 10.0.0.125 "GET /v2.0/trunks?not-tags-any=blue HTTP/1.1" status: 200 len: 1419 time: 0.0233834
2026-07-16 01:35:56.132 9 INFO neutron.wsgi [None req-4929d9b0-aad0-45e2-a204-f10daec17d57 57401ac5dab145dc8a7ee3aa6ff1957d 8cf17dd9a2804106bd54484c68db213b - - default default] 10.0.0.125 "GET /v2.0/trunks?not-tags-any=red%2Cblue HTTP/1.1" status: 200 len: 1013 time: 0.0162151
2026-07-16 01:35:56.152 9 INFO neutron.wsgi [None req-d47873e9-cb3c-40c7-ab4e-b70c101bbd8d 57401ac5dab145dc8a7ee3aa6ff1957d 8cf17dd9a2804106bd54484c68db213b - - default default] 10.0.0.125 "GET /v2.0/trunks/92ea980b-b7dc-438b-a04a-0953dc8870d5 HTTP/1.1" status: 200 len: 608 time: 0.0152898
2026-07-16 01:35:56.160 9 WARNING neutron.plugins.ml2.drivers.ovn.mech_driver.ovsdb.ovn_client [None req-6c2ac208-0920-445d-b3fb-a8ba9fc3c2ef - - - - - -] No port found with ID fbd2aed6-d265-44d3-aa6a-6f8b7bdd6fb4: RuntimeError: No port found with ID fbd2aed6-d265-44d3-aa6a-6f8b7bdd6fb4
2026-07-16 01:35:56.247 10 INFO neutron.wsgi [None req-bc384142-bf96-4dba-94e9-51dd1421e650 57401ac5dab145dc8a7ee3aa6ff1957d 8cf17dd9a2804106bd54484c68db213b - - default default] 10.0.0.125 "GET /v2.0/ports/958871de-236f-40c1-b184-5f78e19b3e7a HTTP/1.1" status: 200 len: 1020 time: 0.0906844
2026-07-16 01:35:56.349 10 INFO neutron.wsgi [None req-beb6e5a0-d9d3-4f5b-8c26-968180cad024 57401ac5dab145dc8a7ee3aa6ff1957d 8cf17dd9a2804106bd54484c68db213b - - default default] 10.0.0.125 "DELETE /v2.0/trunks/92ea980b-b7dc-438b-a04a-0953dc8870d5 HTTP/1.1" status: 204 len: 168 time: 0.0968328
2026-07-16 01:35:56.371 10 INFO neutron.wsgi [None req-6aa58f73-865a-4dc6-910d-a2503cf280e7 57401ac5dab145dc8a7ee3aa6ff1957d 8cf17dd9a2804106bd54484c68db213b - - default default] 10.0.0.125 "GET /v2.0/trunks/09f4e0b8-18a9-4ef2-915a-e1d22fb0ef15 HTTP/1.1" status: 200 len: 616 time: 0.0149310
2026-07-16 01:35:56.460 10 INFO neutron.wsgi [None req-5f07bbab-543d-45f2-9c1f-ae10ad40715f 57401ac5dab145dc8a7ee3aa6ff1957d 8cf17dd9a2804106bd54484c68db213b - - default default] 10.0.0.125 "GET /v2.0/ports/13f2cd56-f395-4f1e-8648-2f2b0288e957 HTTP/1.1" status: 200 len: 1020 time: 0.0838485
2026-07-16 01:35:56.544 10 INFO neutron.wsgi [None req-643a13aa-1a59-4c9c-bdd5-75a50654cdd8 57401ac5dab145dc8a7ee3aa6ff1957d 8cf17dd9a2804106bd54484c68db213b - - default default] 10.0.0.125 "DELETE /v2.0/trunks/09f4e0b8-18a9-4ef2-915a-e1d22fb0ef15 HTTP/1.1" status: 204 len: 168 time: 0.0795169
2026-07-16 01:35:56.567 10 INFO neutron.wsgi [None req-dc3899cb-12a4-402b-8d9c-29b82d43a398 57401ac5dab145dc8a7ee3aa6ff1957d 8cf17dd9a2804106bd54484c68db213b - - default default] 10.0.0.125 "GET /v2.0/trunks/c0938dd9-1311-46db-a586-a61e7fee0fb4 HTTP/1.1" status: 200 len: 625 time: 0.0185695
2026-07-16 01:35:56.658 10 INFO neutron.wsgi [None req-f2fcef54-8079-4dcd-a7a7-bb2004ff185e 57401ac5dab145dc8a7ee3aa6ff1957d 8cf17dd9a2804106bd54484c68db213b - - default default] 10.0.0.125 "GET /v2.0/ports/ea6986e6-0f16-45a5-832c-09ba4bdce92c HTTP/1.1" status: 200 len: 1020 time: 0.0863039
2026-07-16 01:35:56.768 10 INFO neutron.wsgi [None req-c9c86b97-517b-4517-b02c-cde5bcbd6bd4 57401ac5dab145dc8a7ee3aa6ff1957d 8cf17dd9a2804106bd54484c68db213b - - default default] 10.0.0.125 "DELETE /v2.0/trunks/c0938dd9-1311-46db-a586-a61e7fee0fb4 HTTP/1.1" status: 204 len: 168 time: 0.1035571
2026-07-16 01:35:56.792 9 INFO neutron.wsgi [None req-e7de503d-c80b-4b6f-abd6-26abf3091989 57401ac5dab145dc8a7ee3aa6ff1957d 8cf17dd9a2804106bd54484c68db213b - - default default] 10.0.0.125 "GET /v2.0/trunks/4e8cc6e3-ef05-4c6d-9d94-b4beff2d0f32 HTTP/1.1" status: 200 len: 610 time: 0.0190952
2026-07-16 01:35:56.891 9 INFO neutron.wsgi [None req-3b2ff7c3-976c-4fe0-a2f0-3a17debebc5c 57401ac5dab145dc8a7ee3aa6ff1957d 8cf17dd9a2804106bd54484c68db213b - - default default] 10.0.0.125 "GET /v2.0/ports/fbd72a93-4b72-4125-8374-e26e26e1846b HTTP/1.1" status: 200 len: 1020 time: 0.0939608
2026-07-16 01:35:56.964 9 INFO neutron.wsgi [None req-f20c048f-1d8a-447b-93a1-41602bad083b 57401ac5dab145dc8a7ee3aa6ff1957d 8cf17dd9a2804106bd54484c68db213b - - default default] 10.0.0.125 "DELETE /v2.0/trunks/4e8cc6e3-ef05-4c6d-9d94-b4beff2d0f32 HTTP/1.1" status: 204 len: 168 time: 0.0657253
2026-07-16 01:35:56.980 9 INFO neutron.wsgi [None req-2d9cea11-3347-4acf-90f9-32a9503b0bf3 57401ac5dab145dc8a7ee3aa6ff1957d 8cf17dd9a2804106bd54484c68db213b - - default default] 10.0.0.125 "GET /v2.0/trunks/3ca33d4d-a77f-42bf-b53e-5c183554795f HTTP/1.1" status: 200 len: 603 time: 0.0127409
2026-07-16 01:35:57.057 9 INFO neutron.wsgi [None req-f5ed71e1-ac5a-40ae-9995-e35475771f12 57401ac5dab145dc8a7ee3aa6ff1957d 8cf17dd9a2804106bd54484c68db213b - - default default] 10.0.0.125 "GET /v2.0/ports/a4646d37-8eaa-459f-b392-de28d2c7e570 HTTP/1.1" status: 200 len: 1020 time: 0.0741932
2026-07-16 01:35:57.129 9 INFO neutron.wsgi [None req-f3e757ee-08b6-4293-b121-e9b77e05120f 57401ac5dab145dc8a7ee3aa6ff1957d 8cf17dd9a2804106bd54484c68db213b - - default default] 10.0.0.125 "DELETE /v2.0/trunks/3ca33d4d-a77f-42bf-b53e-5c183554795f HTTP/1.1" status: 204 len: 168 time: 0.0673110
