2026-07-16 01:34:22.300 9 WARNING neutron.scheduler.dhcp_agent_scheduler [None req-a4a2a7ab-ae84-466f-98b3-e7718d71408c d820dc69025e459489f1f963b7dcb981 6a2907b7dded4e32bb1f33dd1010ea75 - - default default] No more DHCP agents
2026-07-16 01:34:22.302 9 WARNING neutron.api.rpc.agentnotifiers.dhcp_rpc_agent_api [None req-a4a2a7ab-ae84-466f-98b3-e7718d71408c d820dc69025e459489f1f963b7dcb981 6a2907b7dded4e32bb1f33dd1010ea75 - - default default] Unable to schedule network 8b93859c-c43e-4639-a36b-eb1934944222: no agents available; will retry on subsequent port and subnet creation events.
2026-07-16 01:34:22.383 10 INFO neutron.db.ovn_revision_numbers_db [None req-2cedb3c7-3902-4764-b49f-a2548b67fd66 - - - - - -] Successfully bumped revision number for resource eb08314b-140b-47ad-a21c-052dc6e2feac (type: ports) to 2
2026-07-16 01:34:22.663 9 INFO neutron.wsgi [req-964a0f4b-b9be-41fc-81a6-2f3e925074dd req-70fb3886-06e0-4cf3-995b-61ee5dcca356 a4e3d46715864eceb793253b9116f28f fdfe6ea13a2c4e108b169a848ff100b4 - - default default] 10.0.0.253 "GET /v2.0/ports?device_id=ecc3a92c-a82d-47ef-832b-77c29be7cdde HTTP/1.1" status: 200 len: 1168 time: 0.0408173
2026-07-16 01:34:22.731 9 INFO neutron.wsgi [req-964a0f4b-b9be-41fc-81a6-2f3e925074dd req-772844fe-760d-49fa-9fdd-bbc6ffe50d6b a4e3d46715864eceb793253b9116f28f fdfe6ea13a2c4e108b169a848ff100b4 - - default default] 10.0.0.253 "GET /v2.0/security-groups?id=fcb2003c-a356-4129-8299-064b52d7b37b&fields=id&fields=name HTTP/1.1" status: 200 len: 286 time: 0.0560546
2026-07-16 01:34:22.749 10 INFO neutron.db.ovn_revision_numbers_db [None req-2cedb3c7-3902-4764-b49f-a2548b67fd66 - - - - - -] Successfully bumped revision number for resource eb08314b-140b-47ad-a21c-052dc6e2feac (type: ports) to 4
2026-07-16 01:34:22.764 10 INFO neutron.db.ovn_revision_numbers_db [req-219ecfde-9d74-4159-8cc9-724db8938fd1 req-11e4336d-b68c-41e0-8861-c5fefcbd04fa f2009d61f05c4ebfa692b82a4d8d0e5d bddf8de969774b3bbb48bd698541de3e - - 77a314461d9143cd92d4acfd3cd81ae8 77a314461d9143cd92d4acfd3cd81ae8] Successfully bumped revision number for resource 915ea554-eea9-434d-9e02-28bc9d787b83 (type: ports) to 2 /var/lib/openstack/lib/python3.10/site-packages/pycadf/identifier.py:71: UserWarning: Invalid uuid: neutron. To ensure interoperability, identifiers should be a valid uuid. warnings.warn(('Invalid uuid: %s. To ensure interoperability, '
2026-07-16 01:34:22.915 10 INFO neutron.wsgi [None req-b094e998-4b0c-4325-b616-b8f10eb5064a d820dc69025e459489f1f963b7dcb981 6a2907b7dded4e32bb1f33dd1010ea75 - - default default] 10.0.0.125 "GET /v2.0/security-groups?tenant_id=274dee4bc0da41bc83d38e3111c0f076&name=default HTTP/1.1" status: 200 len: 2996 time: 0.1886685
2026-07-16 01:34:23.074 10 INFO neutron.db.ovn_revision_numbers_db [req-219ecfde-9d74-4159-8cc9-724db8938fd1 req-11e4336d-b68c-41e0-8861-c5fefcbd04fa f2009d61f05c4ebfa692b82a4d8d0e5d bddf8de969774b3bbb48bd698541de3e - - 77a314461d9143cd92d4acfd3cd81ae8 77a314461d9143cd92d4acfd3cd81ae8] Successfully bumped revision number for resource 915ea554-eea9-434d-9e02-28bc9d787b83 (type: ports) to 2
2026-07-16 01:34:23.098 10 INFO neutron.wsgi [req-219ecfde-9d74-4159-8cc9-724db8938fd1 req-11e4336d-b68c-41e0-8861-c5fefcbd04fa f2009d61f05c4ebfa692b82a4d8d0e5d bddf8de969774b3bbb48bd698541de3e - - 77a314461d9143cd92d4acfd3cd81ae8 77a314461d9143cd92d4acfd3cd81ae8] 199.204.45.53 "PUT /v2.0/ports/915ea554-eea9-434d-9e02-28bc9d787b83 HTTP/1.1" status: 200 len: 1376 time: 0.7922802
2026-07-16 01:34:23.110 10 INFO neutron.db.ovn_revision_numbers_db [None req-2cedb3c7-3902-4764-b49f-a2548b67fd66 - - - - - -] Successfully bumped revision number for resource eb08314b-140b-47ad-a21c-052dc6e2feac (type: router_ports) to 4
2026-07-16 01:34:23.132 10 INFO neutron.notifiers.nova [-] Nova event matching ['req-1fd022be-9ea7-49ec-9cdc-e3f1868e7974'] response: {'name': 'network-changed', 'server_uuid': 'ecc3a92c-a82d-47ef-832b-77c29be7cdde', 'tag': '915ea554-eea9-434d-9e02-28bc9d787b83', 'status': 'completed', 'code': 200} /var/lib/openstack/lib/python3.10/site-packages/pycadf/identifier.py:71: UserWarning: Invalid uuid: neutron. To ensure interoperability, identifiers should be a valid uuid. warnings.warn(('Invalid uuid: %s. To ensure interoperability, '
2026-07-16 01:34:23.165 10 INFO neutron.wsgi [-] 10.0.0.220 "GET / HTTP/1.1" status: 200 len: 247 time: 0.0014338
2026-07-16 01:34:23.167 10 INFO neutron.wsgi [-] 10.0.0.220 "GET / HTTP/1.1" status: 200 len: 247 time: 0.0010974
2026-07-16 01:34:23.205 10 INFO neutron.wsgi [req-219ecfde-9d74-4159-8cc9-724db8938fd1 req-fb8545cf-8698-4d8f-9bfa-cdaad10fce50 f2009d61f05c4ebfa692b82a4d8d0e5d bddf8de969774b3bbb48bd698541de3e - - 77a314461d9143cd92d4acfd3cd81ae8 77a314461d9143cd92d4acfd3cd81ae8] 199.204.45.53 "GET /v2.0/ports?tenant_id=fdfe6ea13a2c4e108b169a848ff100b4&device_id=ecc3a92c-a82d-47ef-832b-77c29be7cdde HTTP/1.1" status: 200 len: 1407 time: 0.0645592
2026-07-16 01:34:23.241 10 INFO neutron.wsgi [req-219ecfde-9d74-4159-8cc9-724db8938fd1 req-1bc34402-71c7-4466-a655-eaf6ba1ff423 f2009d61f05c4ebfa692b82a4d8d0e5d bddf8de969774b3bbb48bd698541de3e - - 77a314461d9143cd92d4acfd3cd81ae8 77a314461d9143cd92d4acfd3cd81ae8] 199.204.45.53 "GET /v2.0/floatingips?fixed_ip_address=10.100.0.3&port_id=915ea554-eea9-434d-9e02-28bc9d787b83 HTTP/1.1" status: 200 len: 217 time: 0.0275254
2026-07-16 01:34:23.282 10 INFO neutron.wsgi [req-219ecfde-9d74-4159-8cc9-724db8938fd1 req-fbb83eae-0779-4f40-9cd0-de4f540e13dd f2009d61f05c4ebfa692b82a4d8d0e5d bddf8de969774b3bbb48bd698541de3e - - 77a314461d9143cd92d4acfd3cd81ae8 77a314461d9143cd92d4acfd3cd81ae8] 199.204.45.53 "GET /v2.0/subnets?id=c2be216f-8491-43f2-86a5-da32024a9f7d HTTP/1.1" status: 200 len: 866 time: 0.0335979
2026-07-16 01:34:23.321 10 INFO neutron.wsgi [req-219ecfde-9d74-4159-8cc9-724db8938fd1 req-0e0b382a-bcfd-41f6-8c32-9b7ef95cc561 f2009d61f05c4ebfa692b82a4d8d0e5d bddf8de969774b3bbb48bd698541de3e - - 77a314461d9143cd92d4acfd3cd81ae8 77a314461d9143cd92d4acfd3cd81ae8] 199.204.45.53 "GET /v2.0/ports?network_id=a9994aa2-05a2-4122-abaa-902e13c3cee4&device_owner=network%3Adhcp HTTP/1.1" status: 200 len: 210 time: 0.0337472
2026-07-16 01:34:23.395 10 INFO neutron.wsgi [req-219ecfde-9d74-4159-8cc9-724db8938fd1 req-a0644c1e-f008-49c9-b10f-95efdb0555ea f2009d61f05c4ebfa692b82a4d8d0e5d bddf8de969774b3bbb48bd698541de3e - - 77a314461d9143cd92d4acfd3cd81ae8 77a314461d9143cd92d4acfd3cd81ae8] 199.204.45.53 "GET /v2.0/networks/a9994aa2-05a2-4122-abaa-902e13c3cee4?fields=segments HTTP/1.1" status: 200 len: 212 time: 0.0641418
2026-07-16 01:34:23.399 9 INFO neutron.wsgi [req-02cecaa1-4072-43b9-8c02-db26924c2aa5 req-acc2d444-6562-4245-8074-11f887d94378 aebcedcff20c457291440065da7345cd 9b85c30888df47f6a1ec67dd7aab8cb1 - - default default] 10.0.0.253 "GET /v2.0/ports?device_id=10217458-a04b-4ff7-9f51-67a008a9e92c HTTP/1.1" status: 200 len: 1174 time: 0.1337163
2026-07-16 01:34:23.409 9 INFO neutron.db.ovn_revision_numbers_db [None req-a4a2a7ab-ae84-466f-98b3-e7718d71408c d820dc69025e459489f1f963b7dcb981 6a2907b7dded4e32bb1f33dd1010ea75 - - default default] Successfully bumped revision number for resource 2ddd8e6d-a68d-4cbd-adc4-12144dd01423 (type: router_ports) to 1
2026-07-16 01:34:23.411 9 INFO neutron.wsgi [None req-a4a2a7ab-ae84-466f-98b3-e7718d71408c d820dc69025e459489f1f963b7dcb981 6a2907b7dded4e32bb1f33dd1010ea75 - - default default] 10.0.0.125 "PUT /v2.0/routers/3466c7da-df72-4ea1-a7b6-52d07b8b3be0/add_router_interface HTTP/1.1" status: 200 len: 503 time: 2.5572414
2026-07-16 01:34:23.448 9 INFO neutron.wsgi [req-02cecaa1-4072-43b9-8c02-db26924c2aa5 req-3efee477-93cb-42c6-902d-ba8d4a41eb5e aebcedcff20c457291440065da7345cd 9b85c30888df47f6a1ec67dd7aab8cb1 - - default default] 10.0.0.253 "GET /v2.0/security-groups?id=023ad3a2-775b-42c1-a246-dced7fa81737&fields=id&fields=name HTTP/1.1" status: 200 len: 313 time: 0.0366495
2026-07-16 01:34:23.484 10 INFO neutron.wsgi [req-219ecfde-9d74-4159-8cc9-724db8938fd1 req-3919e1d2-7ac7-462c-bc91-5e5959a3f3ff f2009d61f05c4ebfa692b82a4d8d0e5d bddf8de969774b3bbb48bd698541de3e - - 77a314461d9143cd92d4acfd3cd81ae8 77a314461d9143cd92d4acfd3cd81ae8] 199.204.45.53 "GET /v2.0/networks/a9994aa2-05a2-4122-abaa-902e13c3cee4?fields=provider%3Aphysical_network&fields=provider%3Anetwork_type HTTP/1.1" status: 200 len: 277 time: 0.0791080
2026-07-16 01:34:23.487 9 INFO neutron.wsgi [None req-c3804c0e-7f60-45d1-af93-ad18f328d60c d820dc69025e459489f1f963b7dcb981 6a2907b7dded4e32bb1f33dd1010ea75 - - default default] 10.0.0.125 "DELETE /v2.0/security-groups/0ba5de68-28a0-4b72-a0f0-a09f321169fb HTTP/1.1" status: 204 len: 168 time: 0.5650096
2026-07-16 01:34:23.550 9 INFO neutron.wsgi [req-b917d4fe-f64f-4ace-a6a9-58428276be6a req-e5dec731-5d65-4029-a669-e15a870df36f aebcedcff20c457291440065da7345cd 9b85c30888df47f6a1ec67dd7aab8cb1 - - default default] 10.0.0.253 "GET /v2.0/ports?device_id=10217458-a04b-4ff7-9f51-67a008a9e92c HTTP/1.1" status: 200 len: 1174 time: 0.0302980
2026-07-16 01:34:23.560 10 INFO neutron.wsgi [req-eaf47cb9-af84-4c3d-916f-5b449c218a0a req-597e7c99-dd38-4ce0-8cf1-8b5934672668 f2009d61f05c4ebfa692b82a4d8d0e5d bddf8de969774b3bbb48bd698541de3e - - 77a314461d9143cd92d4acfd3cd81ae8 77a314461d9143cd92d4acfd3cd81ae8] 199.204.45.53 "GET /v2.0/ports?tenant_id=fdfe6ea13a2c4e108b169a848ff100b4&device_id=ecc3a92c-a82d-47ef-832b-77c29be7cdde HTTP/1.1" status: 200 len: 1407 time: 0.0363331
2026-07-16 01:34:23.588 9 INFO neutron.wsgi [req-b917d4fe-f64f-4ace-a6a9-58428276be6a req-bbd1c12c-1323-4a29-8a59-c55fe4f1f008 aebcedcff20c457291440065da7345cd 9b85c30888df47f6a1ec67dd7aab8cb1 - - default default] 10.0.0.253 "GET /v2.0/security-groups?id=023ad3a2-775b-42c1-a246-dced7fa81737&fields=id&fields=name HTTP/1.1" status: 200 len: 313 time: 0.0325489
2026-07-16 01:34:23.640 10 INFO neutron.wsgi [req-eaf47cb9-af84-4c3d-916f-5b449c218a0a req-d88769b6-4197-4c97-a6cf-c7c82d334a82 f2009d61f05c4ebfa692b82a4d8d0e5d bddf8de969774b3bbb48bd698541de3e - - 77a314461d9143cd92d4acfd3cd81ae8 77a314461d9143cd92d4acfd3cd81ae8] 199.204.45.53 "GET /v2.0/networks?id=a9994aa2-05a2-4122-abaa-902e13c3cee4 HTTP/1.1" status: 200 len: 971 time: 0.0748503
2026-07-16 01:34:23.664 10 INFO neutron.plugins.ml2.drivers.ovn.mech_driver.mech_driver [None req-06b30248-a1f7-4ba9-98df-5168947f8074 - - - - - -] OVN reports status up for port: 915ea554-eea9-434d-9e02-28bc9d787b83
2026-07-16 01:34:23.680 10 INFO neutron.wsgi [req-eaf47cb9-af84-4c3d-916f-5b449c218a0a req-9768170c-e840-4616-a004-82e8c5051118 f2009d61f05c4ebfa692b82a4d8d0e5d bddf8de969774b3bbb48bd698541de3e - - 77a314461d9143cd92d4acfd3cd81ae8 77a314461d9143cd92d4acfd3cd81ae8] 199.204.45.53 "GET /v2.0/floatingips?fixed_ip_address=10.100.0.3&port_id=915ea554-eea9-434d-9e02-28bc9d787b83 HTTP/1.1" status: 200 len: 217 time: 0.0354295
2026-07-16 01:34:23.688 10 INFO neutron.plugins.ml2.plugin [None req-06b30248-a1f7-4ba9-98df-5168947f8074 - - - - - -] Attempt 1 to provision port 915ea554-eea9-434d-9e02-28bc9d787b83
2026-07-16 01:34:23.723 10 INFO neutron.wsgi [req-eaf47cb9-af84-4c3d-916f-5b449c218a0a req-e136a34a-abf4-4e73-9122-ad87720e1aab f2009d61f05c4ebfa692b82a4d8d0e5d bddf8de969774b3bbb48bd698541de3e - - 77a314461d9143cd92d4acfd3cd81ae8 77a314461d9143cd92d4acfd3cd81ae8] 199.204.45.53 "GET /v2.0/subnets?id=c2be216f-8491-43f2-86a5-da32024a9f7d HTTP/1.1" status: 200 len: 866 time: 0.0371408
2026-07-16 01:34:23.748 10 INFO neutron.wsgi [req-eaf47cb9-af84-4c3d-916f-5b449c218a0a req-d86dd083-3196-4be6-93bb-643b2549e05a f2009d61f05c4ebfa692b82a4d8d0e5d bddf8de969774b3bbb48bd698541de3e - - 77a314461d9143cd92d4acfd3cd81ae8 77a314461d9143cd92d4acfd3cd81ae8] 199.204.45.53 "GET /v2.0/ports?network_id=a9994aa2-05a2-4122-abaa-902e13c3cee4&device_owner=network%3Adhcp HTTP/1.1" status: 200 len: 210 time: 0.0198166
2026-07-16 01:34:23.825 10 INFO neutron.wsgi [req-eaf47cb9-af84-4c3d-916f-5b449c218a0a req-a3c5c7f2-3485-46b7-aaf4-030dc325fa16 f2009d61f05c4ebfa692b82a4d8d0e5d bddf8de969774b3bbb48bd698541de3e - - 77a314461d9143cd92d4acfd3cd81ae8 77a314461d9143cd92d4acfd3cd81ae8] 199.204.45.53 "GET /v2.0/networks/a9994aa2-05a2-4122-abaa-902e13c3cee4?fields=segments HTTP/1.1" status: 200 len: 212 time: 0.0718386
2026-07-16 01:34:23.848 9 INFO neutron.wsgi [req-a720323e-4f36-4e2f-859d-b1632612d06c req-f077b7cc-aed0-4e4f-8b85-9d1e41b4f6a9 a4e3d46715864eceb793253b9116f28f fdfe6ea13a2c4e108b169a848ff100b4 - - default default] 10.0.0.253 "GET /v2.0/ports?device_id=ecc3a92c-a82d-47ef-832b-77c29be7cdde HTTP/1.1" status: 200 len: 1168 time: 0.0334988
2026-07-16 01:34:23.897 9 INFO neutron.wsgi [req-a720323e-4f36-4e2f-859d-b1632612d06c req-6766d19b-517d-42af-8b4a-4a0a98563197 a4e3d46715864eceb793253b9116f28f fdfe6ea13a2c4e108b169a848ff100b4 - - default default] 10.0.0.253 "GET /v2.0/security-groups?id=fcb2003c-a356-4129-8299-064b52d7b37b&fields=id&fields=name HTTP/1.1" status: 200 len: 286 time: 0.0433369
2026-07-16 01:34:23.910 10 INFO neutron.wsgi [req-eaf47cb9-af84-4c3d-916f-5b449c218a0a req-73801397-3777-41bb-81ef-07c2611c38a5 f2009d61f05c4ebfa692b82a4d8d0e5d bddf8de969774b3bbb48bd698541de3e - - 77a314461d9143cd92d4acfd3cd81ae8 77a314461d9143cd92d4acfd3cd81ae8] 199.204.45.53 "GET /v2.0/networks/a9994aa2-05a2-4122-abaa-902e13c3cee4?fields=provider%3Aphysical_network&fields=provider%3Anetwork_type HTTP/1.1" status: 200 len: 277 time: 0.0786159
2026-07-16 01:34:23.973 10 INFO neutron.wsgi [req-0f6b8973-74f1-43f3-a1e1-e30b379a3e88 req-9eee367e-4722-43a3-89a8-07436ff47d96 f2009d61f05c4ebfa692b82a4d8d0e5d bddf8de969774b3bbb48bd698541de3e - - 77a314461d9143cd92d4acfd3cd81ae8 77a314461d9143cd92d4acfd3cd81ae8] 199.204.45.53 "GET /v2.0/ports?tenant_id=9b85c30888df47f6a1ec67dd7aab8cb1&device_id=10217458-a04b-4ff7-9f51-67a008a9e92c HTTP/1.1" status: 200 len: 1413 time: 0.0339010
2026-07-16 01:34:23.981 9 INFO neutron.wsgi [req-7c57ef9c-67ec-4505-a015-6569b51d5751 req-98a7ff86-679c-458d-b3d6-3a95c30327ca aebcedcff20c457291440065da7345cd 9b85c30888df47f6a1ec67dd7aab8cb1 - - default default] 10.0.0.253 "GET /v2.0/ports?device_id=10217458-a04b-4ff7-9f51-67a008a9e92c HTTP/1.1" status: 200 len: 1174 time: 0.0338800
2026-07-16 01:34:24.017 9 INFO neutron.wsgi [req-7c57ef9c-67ec-4505-a015-6569b51d5751 req-9c66ce52-ece5-4268-877e-b32955ce219f aebcedcff20c457291440065da7345cd 9b85c30888df47f6a1ec67dd7aab8cb1 - - default default] 10.0.0.253 "GET /v2.0/security-groups?id=023ad3a2-775b-42c1-a246-dced7fa81737&fields=id&fields=name HTTP/1.1" status: 200 len: 313 time: 0.0309372
2026-07-16 01:34:24.260 10 INFO neutron.wsgi [req-0f6b8973-74f1-43f3-a1e1-e30b379a3e88 req-cc0e7411-502c-42ab-9f15-20238e9d9e8a f2009d61f05c4ebfa692b82a4d8d0e5d bddf8de969774b3bbb48bd698541de3e - - 77a314461d9143cd92d4acfd3cd81ae8 77a314461d9143cd92d4acfd3cd81ae8] 199.204.45.53 "GET /v2.0/networks?id=24a0cb41-a695-4ebf-8518-ecdccb760df1 HTTP/1.1" status: 200 len: 973 time: 0.2746270
2026-07-16 01:34:24.268 9 INFO neutron.db.ovn_revision_numbers_db [None req-156e919e-65d1-406c-b6f0-d7ad14e5fa52 55af7944c325447882a35486e0500ad6 213260d080aa4f738e9c2fc49525d12f - - default default] Successfully bumped revision number for resource 1e6fc421-6535-4beb-b15d-614c2b32aae7 (type: security_groups) to 1
2026-07-16 01:34:24.271 10 INFO neutron.db.ovn_revision_numbers_db [None req-06b30248-a1f7-4ba9-98df-5168947f8074 - - - - - -] Successfully bumped revision number for resource 915ea554-eea9-434d-9e02-28bc9d787b83 (type: ports) to 4
2026-07-16 01:34:24.279 9 INFO neutron.db.ovn_revision_numbers_db [None req-156e919e-65d1-406c-b6f0-d7ad14e5fa52 55af7944c325447882a35486e0500ad6 213260d080aa4f738e9c2fc49525d12f - - default default] Successfully bumped revision number for resource 24be7751-8d55-4186-a513-018d0d27eafe (type: security_group_rules) to 0
2026-07-16 01:34:24.290 9 INFO neutron.db.ovn_revision_numbers_db [None req-156e919e-65d1-406c-b6f0-d7ad14e5fa52 55af7944c325447882a35486e0500ad6 213260d080aa4f738e9c2fc49525d12f - - default default] Successfully bumped revision number for resource f9f94b08-9ab6-4346-a5ca-f4371a53b4e3 (type: security_group_rules) to 0
2026-07-16 01:34:24.309 9 INFO neutron.wsgi [None req-156e919e-65d1-406c-b6f0-d7ad14e5fa52 55af7944c325447882a35486e0500ad6 213260d080aa4f738e9c2fc49525d12f - - default default] 10.0.0.125 "POST /v2.0/security-groups HTTP/1.1" status: 201 len: 1811 time: 0.1317019
2026-07-16 01:34:24.318 10 INFO neutron.wsgi [req-0f6b8973-74f1-43f3-a1e1-e30b379a3e88 req-beb0c4e2-c7e0-4496-8bd6-26e1e677bec6 f2009d61f05c4ebfa692b82a4d8d0e5d bddf8de969774b3bbb48bd698541de3e - - 77a314461d9143cd92d4acfd3cd81ae8 77a314461d9143cd92d4acfd3cd81ae8] 199.204.45.53 "GET /v2.0/floatingips?fixed_ip_address=10.100.0.10&port_id=55f952b1-5318-4a54-aa6f-7f20577b58f4 HTTP/1.1" status: 200 len: 1060 time: 0.0514157
2026-07-16 01:34:24.361 10 INFO neutron.wsgi [req-0f6b8973-74f1-43f3-a1e1-e30b379a3e88 req-575a958b-00f9-4459-8cfb-72c5063d844c f2009d61f05c4ebfa692b82a4d8d0e5d bddf8de969774b3bbb48bd698541de3e - - 77a314461d9143cd92d4acfd3cd81ae8 77a314461d9143cd92d4acfd3cd81ae8] 199.204.45.53 "GET /v2.0/subnets?id=26513bc8-133b-4509-b4a4-1c4b58fa0558 HTTP/1.1" status: 200 len: 868 time: 0.0364869 /var/lib/openstack/lib/python3.10/site-packages/pycadf/identifier.py:71: UserWarning: Invalid uuid: neutron. To ensure interoperability, identifiers should be a valid uuid. warnings.warn(('Invalid uuid: %s. To ensure interoperability, '
2026-07-16 01:34:24.393 10 INFO neutron.wsgi [req-0f6b8973-74f1-43f3-a1e1-e30b379a3e88 req-e8a5c771-9c59-444a-ba8a-fae0960da40a f2009d61f05c4ebfa692b82a4d8d0e5d bddf8de969774b3bbb48bd698541de3e - - 77a314461d9143cd92d4acfd3cd81ae8 77a314461d9143cd92d4acfd3cd81ae8] 199.204.45.53 "GET /v2.0/ports?network_id=24a0cb41-a695-4ebf-8518-ecdccb760df1&device_owner=network%3Adhcp HTTP/1.1" status: 200 len: 210 time: 0.0249512
2026-07-16 01:34:24.404 9 INFO neutron.db.ovn_revision_numbers_db [None req-dd5a1893-ab16-4a4f-887c-ffbbc5a4f9a5 55af7944c325447882a35486e0500ad6 213260d080aa4f738e9c2fc49525d12f - - default default] Successfully bumped revision number for resource aca7c282-af3d-448c-b012-124546cb0afd (type: security_group_rules) to 0
2026-07-16 01:34:24.422 9 INFO neutron.wsgi [None req-dd5a1893-ab16-4a4f-887c-ffbbc5a4f9a5 55af7944c325447882a35486e0500ad6 213260d080aa4f738e9c2fc49525d12f - - default default] 10.0.0.125 "POST /v2.0/security-group-rules HTTP/1.1" status: 201 len: 764 time: 0.1064427
2026-07-16 01:34:24.464 10 INFO neutron.wsgi [req-0f6b8973-74f1-43f3-a1e1-e30b379a3e88 req-4d278bc8-e171-4c90-9706-7b86ee753f66 f2009d61f05c4ebfa692b82a4d8d0e5d bddf8de969774b3bbb48bd698541de3e - - 77a314461d9143cd92d4acfd3cd81ae8 77a314461d9143cd92d4acfd3cd81ae8] 199.204.45.53 "GET /v2.0/networks/24a0cb41-a695-4ebf-8518-ecdccb760df1?fields=segments HTTP/1.1" status: 200 len: 212 time: 0.0664685
2026-07-16 01:34:24.525 9 INFO neutron.db.ovn_revision_numbers_db [None req-9bde06f1-de89-4f2a-b19d-b3b0a687de3a 55af7944c325447882a35486e0500ad6 213260d080aa4f738e9c2fc49525d12f - - default default] Successfully bumped revision number for resource 0c1d9e01-7736-44de-84db-6b0c6537e464 (type: security_group_rules) to 0
2026-07-16 01:34:24.529 10 INFO neutron.wsgi [req-0f6b8973-74f1-43f3-a1e1-e30b379a3e88 req-3e6dd665-1232-43be-840a-be4f26d68bbc f2009d61f05c4ebfa692b82a4d8d0e5d bddf8de969774b3bbb48bd698541de3e - - 77a314461d9143cd92d4acfd3cd81ae8 77a314461d9143cd92d4acfd3cd81ae8] 199.204.45.53 "GET /v2.0/networks/24a0cb41-a695-4ebf-8518-ecdccb760df1?fields=provider%3Aphysical_network&fields=provider%3Anetwork_type HTTP/1.1" status: 200 len: 277 time: 0.0590653
2026-07-16 01:34:24.549 9 INFO neutron.wsgi [None req-9bde06f1-de89-4f2a-b19d-b3b0a687de3a 55af7944c325447882a35486e0500ad6 213260d080aa4f738e9c2fc49525d12f - - default default] 10.0.0.125 "POST /v2.0/security-group-rules HTTP/1.1" status: 201 len: 763 time: 0.1213088
2026-07-16 01:34:24.677 9 INFO neutron.db.ovn_revision_numbers_db [None req-e030a557-18ee-44db-bb3b-623c0e37a747 55af7944c325447882a35486e0500ad6 213260d080aa4f738e9c2fc49525d12f - - default default] Successfully bumped revision number for resource ef2a2930-60c1-4359-b952-e468b69575c8 (type: security_group_rules) to 0
2026-07-16 01:34:24.708 9 INFO neutron.wsgi [None req-e030a557-18ee-44db-bb3b-623c0e37a747 55af7944c325447882a35486e0500ad6 213260d080aa4f738e9c2fc49525d12f - - default default] 10.0.0.125 "POST /v2.0/security-group-rules HTTP/1.1" status: 201 len: 769 time: 0.1560473
2026-07-16 01:34:24.737 10 INFO neutron.plugins.ml2.drivers.ovn.mech_driver.mech_driver [None req-06b30248-a1f7-4ba9-98df-5168947f8074 - - - - - -] OVN reports status down for port: 55f952b1-5318-4a54-aa6f-7f20577b58f4
2026-07-16 01:34:24.843 9 INFO neutron.db.ovn_revision_numbers_db [None req-e62499ab-1e39-47be-b135-88786547a73c 55af7944c325447882a35486e0500ad6 213260d080aa4f738e9c2fc49525d12f - - default default] Successfully bumped revision number for resource d88dbac8-d88a-4425-ac4a-af877348c917 (type: security_group_rules) to 0
2026-07-16 01:34:24.875 9 INFO neutron.wsgi [None req-e62499ab-1e39-47be-b135-88786547a73c 55af7944c325447882a35486e0500ad6 213260d080aa4f738e9c2fc49525d12f - - default default] 10.0.0.125 "POST /v2.0/security-group-rules HTTP/1.1" status: 201 len: 768 time: 0.1491244
2026-07-16 01:34:24.902 9 INFO neutron.db.securitygroups_db [None req-b3a2059c-4cab-4433-9761-0ae6d7366c66 55af7944c325447882a35486e0500ad6 213260d080aa4f738e9c2fc49525d12f - - default default] Project 213260d080aa4f738e9c2fc49525d12f added a security group rule with legacy IPv6 ICMP protocol name icmp, ipv6-icmp should be used instead. It was automatically converted.
2026-07-16 01:34:25.000 10 INFO neutron.db.ovn_revision_numbers_db [None req-06b30248-a1f7-4ba9-98df-5168947f8074 - - - - - -] Successfully bumped revision number for resource 55f952b1-5318-4a54-aa6f-7f20577b58f4 (type: ports) to 5
2026-07-16 01:34:25.003 9 INFO neutron.wsgi [req-af6beb49-17c1-4140-8515-472ed32331d2 req-4d5364db-89ac-4ae9-88a0-ac30f699a5e1 a4e3d46715864eceb793253b9116f28f fdfe6ea13a2c4e108b169a848ff100b4 - - default default] 10.0.0.253 "GET /v2.0/ports?device_id=ecc3a92c-a82d-47ef-832b-77c29be7cdde HTTP/1.1" status: 200 len: 1170 time: 0.0387397
2026-07-16 01:34:25.036 9 INFO neutron.db.ovn_revision_numbers_db [None req-b3a2059c-4cab-4433-9761-0ae6d7366c66 55af7944c325447882a35486e0500ad6 213260d080aa4f738e9c2fc49525d12f - - default default] Successfully bumped revision number for resource ca9dd933-4bde-4f11-af12-5a27b188cd0d (type: security_group_rules) to 0
2026-07-16 01:34:25.053 9 INFO neutron.wsgi [req-af6beb49-17c1-4140-8515-472ed32331d2 req-47e50875-3329-4d5f-9e82-4a4918e18229 a4e3d46715864eceb793253b9116f28f fdfe6ea13a2c4e108b169a848ff100b4 - - default default] 10.0.0.253 "GET /v2.0/security-groups?id=fcb2003c-a356-4129-8299-064b52d7b37b&fields=id&fields=name HTTP/1.1" status: 200 len: 286 time: 0.0444715
2026-07-16 01:34:25.061 9 INFO neutron.wsgi [None req-b3a2059c-4cab-4433-9761-0ae6d7366c66 55af7944c325447882a35486e0500ad6 213260d080aa4f738e9c2fc49525d12f - - default default] 10.0.0.125 "POST /v2.0/security-group-rules HTTP/1.1" status: 201 len: 774 time: 0.1824083 /var/lib/openstack/lib/python3.10/site-packages/pycadf/identifier.py:71: UserWarning: Invalid uuid: neutron. To ensure interoperability, identifiers should be a valid uuid. warnings.warn(('Invalid uuid: %s. To ensure interoperability, '
2026-07-16 01:34:25.104 9 INFO neutron.wsgi [req-28b91e18-d390-450b-9dfd-69e9c6a0b631 req-52db1545-b763-495c-9ece-276cfd24aa50 aebcedcff20c457291440065da7345cd 9b85c30888df47f6a1ec67dd7aab8cb1 - - default default] 10.0.0.253 "GET /v2.0/ports?device_id=10217458-a04b-4ff7-9f51-67a008a9e92c HTTP/1.1" status: 200 len: 1172 time: 0.0285244
2026-07-16 01:34:25.115 10 INFO neutron.db.securitygroups_db [None req-794f3b95-8c72-4002-8755-ad2d7a169281 55af7944c325447882a35486e0500ad6 213260d080aa4f738e9c2fc49525d12f - - default default] Project 213260d080aa4f738e9c2fc49525d12f added a security group rule with legacy IPv6 ICMP protocol name icmp, ipv6-icmp should be used instead. It was automatically converted.
2026-07-16 01:34:25.138 9 INFO neutron.wsgi [req-28b91e18-d390-450b-9dfd-69e9c6a0b631 req-919c8b6e-f87c-49e9-aa47-3100ecffed2e aebcedcff20c457291440065da7345cd 9b85c30888df47f6a1ec67dd7aab8cb1 - - default default] 10.0.0.253 "GET /v2.0/security-groups?id=023ad3a2-775b-42c1-a246-dced7fa81737&fields=id&fields=name HTTP/1.1" status: 200 len: 313 time: 0.0285912
2026-07-16 01:34:25.174 10 INFO neutron.notifiers.nova [-] Nova event matching ['req-ae02ab99-2459-4b87-9663-dff13b1c58aa'] response: {'server_uuid': 'ecc3a92c-a82d-47ef-832b-77c29be7cdde', 'name': 'network-vif-plugged', 'status': 'completed', 'tag': '915ea554-eea9-434d-9e02-28bc9d787b83', 'code': 200}
2026-07-16 01:34:25.174 10 INFO neutron.notifiers.nova [-] Nova event matching ['req-ae02ab99-2459-4b87-9663-dff13b1c58aa'] response: {'server_uuid': 'ecc3a92c-a82d-47ef-832b-77c29be7cdde', 'name': 'network-vif-plugged', 'status': 'completed', 'tag': '915ea554-eea9-434d-9e02-28bc9d787b83', 'code': 200}
2026-07-16 01:34:25.174 10 INFO neutron.notifiers.nova [-] Nova event matching ['req-ae02ab99-2459-4b87-9663-dff13b1c58aa'] response: {'server_uuid': '10217458-a04b-4ff7-9f51-67a008a9e92c', 'name': 'network-vif-unplugged', 'status': 'completed', 'tag': '55f952b1-5318-4a54-aa6f-7f20577b58f4', 'code': 200}
2026-07-16 01:34:25.174 10 INFO neutron.notifiers.nova [-] Nova event matching ['req-ae02ab99-2459-4b87-9663-dff13b1c58aa'] response: {'server_uuid': '10217458-a04b-4ff7-9f51-67a008a9e92c', 'name': 'network-vif-plugged', 'status': 'completed', 'tag': '55f952b1-5318-4a54-aa6f-7f20577b58f4', 'code': 200}
2026-07-16 01:34:25.248 10 INFO neutron.db.ovn_revision_numbers_db [None req-794f3b95-8c72-4002-8755-ad2d7a169281 55af7944c325447882a35486e0500ad6 213260d080aa4f738e9c2fc49525d12f - - default default] Successfully bumped revision number for resource f667dc4b-b54e-497f-b194-5c9af965e2d1 (type: security_group_rules) to 0
2026-07-16 01:34:25.295 10 INFO neutron.wsgi [None req-794f3b95-8c72-4002-8755-ad2d7a169281 55af7944c325447882a35486e0500ad6 213260d080aa4f738e9c2fc49525d12f - - default default] 10.0.0.125 "POST /v2.0/security-group-rules HTTP/1.1" status: 201 len: 773 time: 0.2065554
2026-07-16 01:34:25.321 10 INFO neutron.plugins.ml2.drivers.ovn.mech_driver.mech_driver [None req-06b30248-a1f7-4ba9-98df-5168947f8074 - - - - - -] OVN reports status up for port: 55f952b1-5318-4a54-aa6f-7f20577b58f4
2026-07-16 01:34:25.334 10 INFO neutron.plugins.ml2.plugin [None req-06b30248-a1f7-4ba9-98df-5168947f8074 - - - - - -] Attempt 1 to provision port 55f952b1-5318-4a54-aa6f-7f20577b58f4
2026-07-16 01:34:25.587 10 INFO neutron.db.ovn_revision_numbers_db [None req-06b30248-a1f7-4ba9-98df-5168947f8074 - - - - - -] Successfully bumped revision number for resource 55f952b1-5318-4a54-aa6f-7f20577b58f4 (type: ports) to 6
2026-07-16 01:34:25.639 9 INFO neutron.wsgi [None req-99a7a573-a7f8-4ac9-b263-05aff358e227 c20882e3734840ecb3a9bb2185d7a48f 02549e57eade4149bf306c292af9b66e - - default default] 10.0.0.125 "POST /v2.0/subnetpools HTTP/1.1" status: 201 len: 747 time: 0.3345373 /var/lib/openstack/lib/python3.10/site-packages/pycadf/identifier.py:71: UserWarning: Invalid uuid: neutron. To ensure interoperability, identifiers should be a valid uuid. warnings.warn(('Invalid uuid: %s. To ensure interoperability, '
2026-07-16 01:34:25.668 10 INFO neutron.wsgi [None req-a2637f75-df57-4274-8d0c-3099bc5b156f c20882e3734840ecb3a9bb2185d7a48f 02549e57eade4149bf306c292af9b66e - - default default] 10.0.0.125 "GET /v2.0/subnetpools/a338ac3a-c3b8-43da-a189-b98eafcc104b HTTP/1.1" status: 200 len: 742 time: 0.0248113
2026-07-16 01:34:25.748 10 INFO neutron.wsgi [None req-39fb1ca2-66b8-43d5-b33c-c93dee96390f c20882e3734840ecb3a9bb2185d7a48f 02549e57eade4149bf306c292af9b66e - - default default] 10.0.0.125 "PUT /v2.0/subnetpools/a338ac3a-c3b8-43da-a189-b98eafcc104b HTTP/1.1" status: 200 len: 695 time: 0.0752325
2026-07-16 01:34:25.833 9 INFO neutron.wsgi [None req-5c1d5513-67e2-41fd-b6d6-41f76b173b8a c20882e3734840ecb3a9bb2185d7a48f 02549e57eade4149bf306c292af9b66e - - default default] 10.0.0.125 "DELETE /v2.0/subnetpools/a338ac3a-c3b8-43da-a189-b98eafcc104b HTTP/1.1" status: 204 len: 168 time: 0.0778863
2026-07-16 01:34:25.857 10 INFO neutron.api.v2.resource [None req-eead27ea-e193-4193-b68f-608666cafe7a c20882e3734840ecb3a9bb2185d7a48f 02549e57eade4149bf306c292af9b66e - - default default] show failed (client error): The resource could not be found.
2026-07-16 01:34:25.859 10 INFO neutron.wsgi [None req-eead27ea-e193-4193-b68f-608666cafe7a c20882e3734840ecb3a9bb2185d7a48f 02549e57eade4149bf306c292af9b66e - - default default] 10.0.0.125 "GET /v2.0/subnetpools/a338ac3a-c3b8-43da-a189-b98eafcc104b HTTP/1.1" status: 404 len: 346 time: 0.0153220
2026-07-16 01:34:25.861 10 INFO neutron.db.ovn_revision_numbers_db [None req-c345b626-ed2d-4ce6-8f70-b0f21364558d 55af7944c325447882a35486e0500ad6 213260d080aa4f738e9c2fc49525d12f - - default default] Successfully bumped revision number for resource 41192d3b-fc19-4057-becc-c96cf3c35a69 (type: security_groups) to 1
2026-07-16 01:34:25.875 10 INFO neutron.db.ovn_revision_numbers_db [None req-c345b626-ed2d-4ce6-8f70-b0f21364558d 55af7944c325447882a35486e0500ad6 213260d080aa4f738e9c2fc49525d12f - - default default] Successfully bumped revision number for resource 658e5b5d-db76-4e11-83e6-8d63efc27249 (type: security_group_rules) to 0
2026-07-16 01:34:25.879 9 INFO neutron.api.v2.resource [None req-49e022eb-59e9-4f08-9ae8-377e3247436a c20882e3734840ecb3a9bb2185d7a48f 02549e57eade4149bf306c292af9b66e - - default default] delete failed (client error): The resource could not be found.
2026-07-16 01:34:25.880 9 INFO neutron.wsgi [None req-49e022eb-59e9-4f08-9ae8-377e3247436a c20882e3734840ecb3a9bb2185d7a48f 02549e57eade4149bf306c292af9b66e - - default default] 10.0.0.125 "DELETE /v2.0/subnetpools/a338ac3a-c3b8-43da-a189-b98eafcc104b HTTP/1.1" status: 404 len: 346 time: 0.0153811
2026-07-16 01:34:25.896 10 INFO neutron.db.ovn_revision_numbers_db [None req-c345b626-ed2d-4ce6-8f70-b0f21364558d 55af7944c325447882a35486e0500ad6 213260d080aa4f738e9c2fc49525d12f - - default default] Successfully bumped revision number for resource c2ac5785-ddd1-44e1-b96e-af87f53795e1 (type: security_group_rules) to 0
2026-07-16 01:34:25.919 10 INFO neutron.wsgi [None req-c345b626-ed2d-4ce6-8f70-b0f21364558d 55af7944c325447882a35486e0500ad6 213260d080aa4f738e9c2fc49525d12f - - default default] 10.0.0.125 "POST /v2.0/security-groups HTTP/1.1" status: 201 len: 1795 time: 0.1832640
2026-07-16 01:34:26.056 10 INFO neutron.db.ovn_revision_numbers_db [None req-1b4ef5c0-3b51-4c38-9a26-36fa6a511c6b 55af7944c325447882a35486e0500ad6 213260d080aa4f738e9c2fc49525d12f - - default default] Successfully bumped revision number for resource 9409cf9f-c519-4894-b759-77b012c9b59e (type: security_group_rules) to 0
2026-07-16 01:34:26.088 10 INFO neutron.wsgi [None req-1b4ef5c0-3b51-4c38-9a26-36fa6a511c6b 55af7944c325447882a35486e0500ad6 213260d080aa4f738e9c2fc49525d12f - - default default] 10.0.0.125 "POST /v2.0/security-group-rules HTTP/1.1" status: 201 len: 764 time: 0.1630991
2026-07-16 01:34:26.188 9 WARNING neutron.plugins.ml2.drivers.ovn.mech_driver.ovsdb.ovn_client [None req-6c2ac208-0920-445d-b3fb-a8ba9fc3c2ef - - - - - -] No hosting information found for port aa37d57d-6adc-460e-ba4c-b2f2761d57d5: RuntimeError: No hosting information found for port aa37d57d-6adc-460e-ba4c-b2f2761d57d5
2026-07-16 01:34:26.188 9 INFO neutron.plugins.ml2.drivers.ovn.mech_driver.mech_driver [None req-6c2ac208-0920-445d-b3fb-a8ba9fc3c2ef - - - - - -] OVN reports status up for port: 44aa00ae-013c-4c86-8da1-6f9d948e9d5e
2026-07-16 01:34:26.206 10 INFO neutron.db.ovn_revision_numbers_db [None req-11345396-9c2b-418e-b33b-ddd4bbea03ed 55af7944c325447882a35486e0500ad6 213260d080aa4f738e9c2fc49525d12f - - default default] Successfully bumped revision number for resource 4bc82933-ec3b-4dbe-98df-1f509a5ea668 (type: security_group_rules) to 0
2026-07-16 01:34:26.220 9 INFO neutron.plugins.ml2.plugin [None req-6c2ac208-0920-445d-b3fb-a8ba9fc3c2ef - - - - - -] Attempt 1 to provision port 44aa00ae-013c-4c86-8da1-6f9d948e9d5e
2026-07-16 01:34:26.232 10 INFO neutron.wsgi [None req-11345396-9c2b-418e-b33b-ddd4bbea03ed 55af7944c325447882a35486e0500ad6 213260d080aa4f738e9c2fc49525d12f - - default default] 10.0.0.125 "POST /v2.0/security-group-rules HTTP/1.1" status: 201 len: 769 time: 0.1380386
2026-07-16 01:34:26.263 9 INFO neutron.wsgi [req-5566af31-4cd0-4206-8d0c-aca1ba266597 req-b19f0f01-36c0-4313-b776-d196e24a5c61 aebcedcff20c457291440065da7345cd 9b85c30888df47f6a1ec67dd7aab8cb1 - - default default] 10.0.0.253 "GET /v2.0/ports?device_id=10217458-a04b-4ff7-9f51-67a008a9e92c HTTP/1.1" status: 200 len: 1174 time: 0.0600157
2026-07-16 01:34:26.274 9 INFO neutron.wsgi [req-ca3e169a-2bfe-4606-9725-01e2b8ed39a6 req-163a79ca-dcde-4bab-8a90-578a07cc4a68 a4e3d46715864eceb793253b9116f28f fdfe6ea13a2c4e108b169a848ff100b4 - - default default] 10.0.0.253 "GET /v2.0/ports?device_id=ecc3a92c-a82d-47ef-832b-77c29be7cdde HTTP/1.1" status: 200 len: 1170 time: 0.1620946
2026-07-16 01:34:26.338 9 INFO neutron.wsgi [req-ca3e169a-2bfe-4606-9725-01e2b8ed39a6 req-dc514219-b535-49fe-beed-9c18f1134f26 a4e3d46715864eceb793253b9116f28f fdfe6ea13a2c4e108b169a848ff100b4 - - default default] 10.0.0.253 "GET /v2.0/security-groups?id=fcb2003c-a356-4129-8299-064b52d7b37b&fields=id&fields=name HTTP/1.1" status: 200 len: 286 time: 0.0558348
2026-07-16 01:34:26.342 9 INFO neutron.wsgi [req-5566af31-4cd0-4206-8d0c-aca1ba266597 req-4aed0300-8d8f-4195-93f5-f9a6c021e3e0 aebcedcff20c457291440065da7345cd 9b85c30888df47f6a1ec67dd7aab8cb1 - - default default] 10.0.0.253 "GET /v2.0/security-groups?id=023ad3a2-775b-42c1-a246-dced7fa81737&fields=id&fields=name HTTP/1.1" status: 200 len: 313 time: 0.0608587
2026-07-16 01:34:26.524 10 WARNING neutron.scheduler.dhcp_agent_scheduler [None req-fb724e8e-fa09-46db-8bad-bb6c25c06a5b 55af7944c325447882a35486e0500ad6 213260d080aa4f738e9c2fc49525d12f - - default default] No more DHCP agents
2026-07-16 01:34:26.527 10 WARNING neutron.api.rpc.agentnotifiers.dhcp_rpc_agent_api [None req-fb724e8e-fa09-46db-8bad-bb6c25c06a5b 55af7944c325447882a35486e0500ad6 213260d080aa4f738e9c2fc49525d12f - - default default] Unable to schedule network 41e2105a-107e-4de7-ab90-5ea035ee11ee: no agents available; will retry on subsequent port and subnet creation events.
2026-07-16 01:34:26.595 9 INFO neutron.db.ovn_revision_numbers_db [None req-6c2ac208-0920-445d-b3fb-a8ba9fc3c2ef - - - - - -] Successfully bumped revision number for resource 44aa00ae-013c-4c86-8da1-6f9d948e9d5e (type: ports) to 2
2026-07-16 01:34:26.766 9 INFO neutron.db.ovn_revision_numbers_db [None req-6c2ac208-0920-445d-b3fb-a8ba9fc3c2ef - - - - - -] Successfully bumped revision number for resource 44aa00ae-013c-4c86-8da1-6f9d948e9d5e (type: router_ports) to 2
2026-07-16 01:34:26.772 10 INFO neutron.db.ovn_revision_numbers_db [None req-d3238db4-11f7-4422-bc76-4dc8b02c634c d820dc69025e459489f1f963b7dcb981 6a2907b7dded4e32bb1f33dd1010ea75 - - default default] Successfully bumped revision number for resource 10a7596b-b715-40a9-9821-211951c21176 (type: security_groups) to 1
2026-07-16 01:34:26.797 10 INFO neutron.db.ovn_revision_numbers_db [None req-d3238db4-11f7-4422-bc76-4dc8b02c634c d820dc69025e459489f1f963b7dcb981 6a2907b7dded4e32bb1f33dd1010ea75 - - default default] Successfully bumped revision number for resource 1aaa9136-681a-417a-8c8e-1f88262fdf0b (type: security_group_rules) to 0
2026-07-16 01:34:26.822 10 INFO neutron.db.ovn_revision_numbers_db [None req-d3238db4-11f7-4422-bc76-4dc8b02c634c d820dc69025e459489f1f963b7dcb981 6a2907b7dded4e32bb1f33dd1010ea75 - - default default] Successfully bumped revision number for resource 402e8870-9754-4fff-bba3-6043bb2c50b5 (type: security_group_rules) to 0
2026-07-16 01:34:26.844 10 INFO neutron.db.ovn_revision_numbers_db [None req-d3238db4-11f7-4422-bc76-4dc8b02c634c d820dc69025e459489f1f963b7dcb981 6a2907b7dded4e32bb1f33dd1010ea75 - - default default] Successfully bumped revision number for resource 80e03121-b3c6-453c-b71c-ecbfdd99f5fc (type: security_group_rules) to 0
2026-07-16 01:34:26.879 10 INFO neutron.db.ovn_revision_numbers_db [None req-d3238db4-11f7-4422-bc76-4dc8b02c634c d820dc69025e459489f1f963b7dcb981 6a2907b7dded4e32bb1f33dd1010ea75 - - default default] Successfully bumped revision number for resource aacc55e0-5ba0-4a47-8431-dbeae8438619 (type: security_group_rules) to 0
2026-07-16 01:34:26.882 9 INFO neutron.wsgi [req-be55fe2a-1455-487c-841c-6c8114f982ab req-5aafe760-04d8-4f73-8b73-ebc4427182bc a4e3d46715864eceb793253b9116f28f fdfe6ea13a2c4e108b169a848ff100b4 - - default default] 10.0.0.253 "GET /v2.0/ports?device_id=ecc3a92c-a82d-47ef-832b-77c29be7cdde HTTP/1.1" status: 200 len: 1170 time: 0.0272141
2026-07-16 01:34:26.923 10 INFO neutron.plugins.ml2.drivers.ovn.mech_driver.mech_driver [None req-06b30248-a1f7-4ba9-98df-5168947f8074 - - - - - -] OVN reports status down for port: 915ea554-eea9-434d-9e02-28bc9d787b83
2026-07-16 01:34:26.924 9 INFO neutron.wsgi [req-be55fe2a-1455-487c-841c-6c8114f982ab req-a5718475-d867-4293-88b2-b289cfbbbcd7 a4e3d46715864eceb793253b9116f28f fdfe6ea13a2c4e108b169a848ff100b4 - - default default] 10.0.0.253 "GET /v2.0/security-groups?id=fcb2003c-a356-4129-8299-064b52d7b37b&fields=id&fields=name HTTP/1.1" status: 200 len: 286 time: 0.0337989
2026-07-16 01:34:26.930 10 INFO neutron.wsgi [None req-d3238db4-11f7-4422-bc76-4dc8b02c634c d820dc69025e459489f1f963b7dcb981 6a2907b7dded4e32bb1f33dd1010ea75 - - default default] 10.0.0.125 "GET /v2.0/security-groups?tenant_id=02549e57eade4149bf306c292af9b66e&name=default HTTP/1.1" status: 200 len: 2996 time: 0.5068891
2026-07-16 01:34:27.020 10 INFO neutron.db.ovn_revision_numbers_db [None req-fb724e8e-fa09-46db-8bad-bb6c25c06a5b 55af7944c325447882a35486e0500ad6 213260d080aa4f738e9c2fc49525d12f - - default default] Successfully bumped revision number for resource e66fe2c8-3235-4649-994b-9131968b0cad (type: floatingips) to 0
2026-07-16 01:34:27.040 10 INFO neutron.wsgi [None req-fb724e8e-fa09-46db-8bad-bb6c25c06a5b 55af7944c325447882a35486e0500ad6 213260d080aa4f738e9c2fc49525d12f - - default default] 10.0.0.125 "POST /v2.0/floatingips HTTP/1.1" status: 201 len: 751 time: 0.8024108
2026-07-16 01:34:27.176 9 INFO neutron.wsgi [req-024066c1-f51e-48a2-bb26-7dac3a3a5de3 req-52f95744-b580-401f-9cf0-b997cccecff2 55af7944c325447882a35486e0500ad6 213260d080aa4f738e9c2fc49525d12f - - default default] 10.0.0.253 "GET /v2.0/security-groups?name=tempest-securitygroup--1561883995&fields=id&tenant_id=213260d080aa4f738e9c2fc49525d12f HTTP/1.1" status: 200 len: 267 time: 0.0507965
2026-07-16 01:34:27.212 10 INFO neutron.notifiers.nova [-] Nova event matching ['req-ce70c7ed-3998-47da-a773-b5b27b988247'] response: {'server_uuid': '10217458-a04b-4ff7-9f51-67a008a9e92c', 'name': 'network-vif-plugged', 'status': 'completed', 'tag': '55f952b1-5318-4a54-aa6f-7f20577b58f4', 'code': 200}
2026-07-16 01:34:27.212 10 INFO neutron.notifiers.nova [-] Nova event matching ['req-ce70c7ed-3998-47da-a773-b5b27b988247'] response: {'server_uuid': '10217458-a04b-4ff7-9f51-67a008a9e92c', 'name': 'network-vif-plugged', 'status': 'completed', 'tag': '55f952b1-5318-4a54-aa6f-7f20577b58f4', 'code': 200}
2026-07-16 01:34:27.212 10 INFO neutron.notifiers.nova [-] Nova event matching ['req-ce70c7ed-3998-47da-a773-b5b27b988247'] response: {'server_uuid': 'ecc3a92c-a82d-47ef-832b-77c29be7cdde', 'name': 'network-vif-unplugged', 'status': 'completed', 'tag': '915ea554-eea9-434d-9e02-28bc9d787b83', 'code': 200}
2026-07-16 01:34:27.218 9 INFO neutron.wsgi [req-024066c1-f51e-48a2-bb26-7dac3a3a5de3 req-6061f60b-01cb-4602-9944-c024d94b338e 55af7944c325447882a35486e0500ad6 213260d080aa4f738e9c2fc49525d12f - - default default] 10.0.0.253 "GET /v2.0/security-groups?name=tempest-secgroup-smoke-1951701776&fields=id&tenant_id=213260d080aa4f738e9c2fc49525d12f HTTP/1.1" status: 200 len: 267 time: 0.0362246
2026-07-16 01:34:27.266 10 INFO neutron.wsgi [None req-57fa896f-ef2a-479b-99e3-1bc0d72cd5c7 d820dc69025e459489f1f963b7dcb981 6a2907b7dded4e32bb1f33dd1010ea75 - - default default] 10.0.0.125 "DELETE /v2.0/security-groups/10a7596b-b715-40a9-9821-211951c21176 HTTP/1.1" status: 204 len: 168 time: 0.3260677
2026-07-16 01:34:27.286 9 INFO neutron.wsgi [req-024066c1-f51e-48a2-bb26-7dac3a3a5de3 req-74937f1f-9bc6-44df-a25d-c9bcecf80fa8 55af7944c325447882a35486e0500ad6 213260d080aa4f738e9c2fc49525d12f - - default default] 10.0.0.253 "GET /v2.0/networks?id=58015ae7-2822-4cbf-8766-ebfd8aca63d0 HTTP/1.1" status: 200 len: 871 time: 0.0621870
2026-07-16 01:34:27.306 9 INFO neutron.wsgi [req-024066c1-f51e-48a2-bb26-7dac3a3a5de3 req-3cb0c0f2-945d-4b89-ba85-ef730fa328dc 55af7944c325447882a35486e0500ad6 213260d080aa4f738e9c2fc49525d12f - - default default] 10.0.0.253 "GET /v2.0/quotas/213260d080aa4f738e9c2fc49525d12f HTTP/1.1" status: 200 len: 386 time: 0.0098593
2026-07-16 01:34:27.319 10 INFO neutron.wsgi [req-954e6014-40e0-4af4-a493-df7641203ffb req-8a9bea63-048c-49fb-a58a-e00fc3d6b535 a4e3d46715864eceb793253b9116f28f fdfe6ea13a2c4e108b169a848ff100b4 - - default default] 199.204.45.53 "GET /v2.0/ports?device_id=ecc3a92c-a82d-47ef-832b-77c29be7cdde HTTP/1.1" status: 200 len: 1168 time: 0.1254587
2026-07-16 01:34:27.321 10 INFO neutron.db.ovn_revision_numbers_db [None req-06b30248-a1f7-4ba9-98df-5168947f8074 - - - - - -] Successfully bumped revision number for resource 915ea554-eea9-434d-9e02-28bc9d787b83 (type: ports) to 5
2026-07-16 01:34:27.390 9 INFO neutron.wsgi [req-024066c1-f51e-48a2-bb26-7dac3a3a5de3 req-5e81450e-5a76-47e4-802d-0133c5de49d7 55af7944c325447882a35486e0500ad6 213260d080aa4f738e9c2fc49525d12f - - default default] 10.0.0.253 "GET /v2.0/ports?tenant_id=213260d080aa4f738e9c2fc49525d12f&fields=id HTTP/1.1" status: 200 len: 302 time: 0.0802300
2026-07-16 01:34:27.402 9 WARNING keystonemiddleware.audit [req-024066c1-f51e-48a2-bb26-7dac3a3a5de3 req-5e81450e-5a76-47e4-802d-0133c5de49d7 55af7944c325447882a35486e0500ad6 213260d080aa4f738e9c2fc49525d12f - - default default] Skipping service tempest-service-2137609174 as it have no endpoints.
2026-07-16 01:34:27.458 9 INFO neutron.wsgi [req-024066c1-f51e-48a2-bb26-7dac3a3a5de3 req-51dd83ce-0926-45cb-af65-04cd7c07c247 f2009d61f05c4ebfa692b82a4d8d0e5d bddf8de969774b3bbb48bd698541de3e - - 77a314461d9143cd92d4acfd3cd81ae8 77a314461d9143cd92d4acfd3cd81ae8] 10.0.0.253 "GET /v2.0/networks/58015ae7-2822-4cbf-8766-ebfd8aca63d0?fields=segments HTTP/1.1" status: 200 len: 212 time: 0.0596046
2026-07-16 01:34:27.464 9 WARNING keystonemiddleware.audit [req-024066c1-f51e-48a2-bb26-7dac3a3a5de3 req-51dd83ce-0926-45cb-af65-04cd7c07c247 f2009d61f05c4ebfa692b82a4d8d0e5d bddf8de969774b3bbb48bd698541de3e - - 77a314461d9143cd92d4acfd3cd81ae8 77a314461d9143cd92d4acfd3cd81ae8] Skipping service tempest-service-2137609174 as it have no endpoints.
2026-07-16 01:34:27.531 9 INFO neutron.wsgi [req-024066c1-f51e-48a2-bb26-7dac3a3a5de3 req-6089780f-fdea-4508-8ade-d8e6617501a3 f2009d61f05c4ebfa692b82a4d8d0e5d bddf8de969774b3bbb48bd698541de3e - - 77a314461d9143cd92d4acfd3cd81ae8 77a314461d9143cd92d4acfd3cd81ae8] 10.0.0.253 "GET /v2.0/networks/58015ae7-2822-4cbf-8766-ebfd8aca63d0?fields=provider%3Aphysical_network&fields=provider%3Anetwork_type HTTP/1.1" status: 200 len: 277 time: 0.0697403
2026-07-16 01:34:27.582 10 INFO neutron.wsgi [req-954e6014-40e0-4af4-a493-df7641203ffb req-08ae1b8b-949a-482a-bf0c-0a5b7ede3fc8 a4e3d46715864eceb793253b9116f28f fdfe6ea13a2c4e108b169a848ff100b4 - - default default] 199.204.45.53 "DELETE /v2.0/ports/915ea554-eea9-434d-9e02-28bc9d787b83 HTTP/1.1" status: 204 len: 173 time: 0.2567706
2026-07-16 01:34:27.669 9 INFO neutron.wsgi [req-de637cf3-05cd-49db-8324-7f2c18b1f224 req-1b25307d-95ea-42cc-b8e6-9c90c3276a89 55af7944c325447882a35486e0500ad6 213260d080aa4f738e9c2fc49525d12f - - default default] 10.0.0.253 "GET /v2.0/ports?device_id=975c5b10-1687-4b33-bde4-0e3647fb7fc7 HTTP/1.1" status: 200 len: 210 time: 0.0274401 /var/lib/openstack/lib/python3.10/site-packages/pycadf/identifier.py:71: UserWarning: Invalid uuid: neutron. To ensure interoperability, identifiers should be a valid uuid. warnings.warn(('Invalid uuid: %s. To ensure interoperability, '
2026-07-16 01:34:28.503 10 INFO neutron.wsgi [req-024066c1-f51e-48a2-bb26-7dac3a3a5de3 req-f80719f8-f88b-4268-9c34-56f17d341a1f 55af7944c325447882a35486e0500ad6 213260d080aa4f738e9c2fc49525d12f - - default default] 199.204.45.53 "GET /v2.0/networks?id=58015ae7-2822-4cbf-8766-ebfd8aca63d0 HTTP/1.1" status: 200 len: 871 time: 0.0992823
2026-07-16 01:34:28.577 10 INFO neutron.wsgi [req-024066c1-f51e-48a2-bb26-7dac3a3a5de3 req-04fc579f-3285-4279-82ef-0bef580c3990 55af7944c325447882a35486e0500ad6 213260d080aa4f738e9c2fc49525d12f - - default default] 199.204.45.53 "GET /v2.0/security-groups?fields=id&fields=name&tenant_id=213260d080aa4f738e9c2fc49525d12f HTTP/1.1" status: 200 len: 473 time: 0.0470219
2026-07-16 01:34:28.768 9 INFO neutron.wsgi [req-2b1d27b0-943e-4d1b-86f8-8c2eb413fcc8 req-797325c1-d56d-4b18-ab10-f2d499feaac5 55af7944c325447882a35486e0500ad6 213260d080aa4f738e9c2fc49525d12f - - default default] 10.0.0.253 "GET /v2.0/ports?device_id=975c5b10-1687-4b33-bde4-0e3647fb7fc7 HTTP/1.1" status: 200 len: 210 time: 0.0243127
2026-07-16 01:34:28.943 10 WARNING neutron.scheduler.dhcp_agent_scheduler [req-024066c1-f51e-48a2-bb26-7dac3a3a5de3 req-5a4f5644-733c-40da-b0a5-12ff095166e4 55af7944c325447882a35486e0500ad6 213260d080aa4f738e9c2fc49525d12f - - default default] No more DHCP agents
2026-07-16 01:34:28.945 10 WARNING neutron.api.rpc.agentnotifiers.dhcp_rpc_agent_api [req-024066c1-f51e-48a2-bb26-7dac3a3a5de3 req-5a4f5644-733c-40da-b0a5-12ff095166e4 55af7944c325447882a35486e0500ad6 213260d080aa4f738e9c2fc49525d12f - - default default] Unable to schedule network 58015ae7-2822-4cbf-8766-ebfd8aca63d0: no agents available; will retry on subsequent port and subnet creation events.
2026-07-16 01:34:29.099 10 INFO neutron.db.ovn_revision_numbers_db [req-024066c1-f51e-48a2-bb26-7dac3a3a5de3 req-5a4f5644-733c-40da-b0a5-12ff095166e4 55af7944c325447882a35486e0500ad6 213260d080aa4f738e9c2fc49525d12f - - default default] Successfully bumped revision number for resource 0c3f79c1-abae-4bcf-a1e8-320931b1c137 (type: ports) to 1
2026-07-16 01:34:29.120 10 INFO neutron.wsgi [req-024066c1-f51e-48a2-bb26-7dac3a3a5de3 req-5a4f5644-733c-40da-b0a5-12ff095166e4 55af7944c325447882a35486e0500ad6 213260d080aa4f738e9c2fc49525d12f - - default default] 199.204.45.53 "POST /v2.0/ports HTTP/1.1" status: 201 len: 1197 time: 0.5349214 /var/lib/openstack/lib/python3.10/site-packages/pycadf/identifier.py:71: UserWarning: Invalid uuid: neutron. To ensure interoperability, identifiers should be a valid uuid. warnings.warn(('Invalid uuid: %s. To ensure interoperability, '
2026-07-16 01:34:29.263 10 INFO neutron.notifiers.nova [-] Nova event matching ['req-48b8d717-ef8d-4fc7-b45f-36394efe95f4'] response: {'server_uuid': 'ecc3a92c-a82d-47ef-832b-77c29be7cdde', 'name': 'network-vif-plugged', 'status': 'completed', 'tag': '915ea554-eea9-434d-9e02-28bc9d787b83', 'code': 200}
2026-07-16 01:34:29.263 10 INFO neutron.notifiers.nova [-] Nova event matching ['req-48b8d717-ef8d-4fc7-b45f-36394efe95f4'] response: {'server_uuid': 'ecc3a92c-a82d-47ef-832b-77c29be7cdde', 'name': 'network-vif-deleted', 'tag': '915ea554-eea9-434d-9e02-28bc9d787b83', 'status': 'completed', 'code': 200}
2026-07-16 01:34:29.521 10 INFO neutron.db.ovn_revision_numbers_db [req-024066c1-f51e-48a2-bb26-7dac3a3a5de3 req-afa91b43-c5f2-4841-b9f2-881c88595ed8 f2009d61f05c4ebfa692b82a4d8d0e5d bddf8de969774b3bbb48bd698541de3e - - 77a314461d9143cd92d4acfd3cd81ae8 77a314461d9143cd92d4acfd3cd81ae8] Successfully bumped revision number for resource 0c3f79c1-abae-4bcf-a1e8-320931b1c137 (type: ports) to 2
2026-07-16 01:34:29.699 10 INFO neutron.db.ovn_revision_numbers_db [req-024066c1-f51e-48a2-bb26-7dac3a3a5de3 req-afa91b43-c5f2-4841-b9f2-881c88595ed8 f2009d61f05c4ebfa692b82a4d8d0e5d bddf8de969774b3bbb48bd698541de3e - - 77a314461d9143cd92d4acfd3cd81ae8 77a314461d9143cd92d4acfd3cd81ae8] Successfully bumped revision number for resource 0c3f79c1-abae-4bcf-a1e8-320931b1c137 (type: ports) to 2
2026-07-16 01:34:29.714 10 INFO neutron.wsgi [req-024066c1-f51e-48a2-bb26-7dac3a3a5de3 req-afa91b43-c5f2-4841-b9f2-881c88595ed8 f2009d61f05c4ebfa692b82a4d8d0e5d bddf8de969774b3bbb48bd698541de3e - - 77a314461d9143cd92d4acfd3cd81ae8 77a314461d9143cd92d4acfd3cd81ae8] 199.204.45.53 "PUT /v2.0/ports/0c3f79c1-abae-4bcf-a1e8-320931b1c137 HTTP/1.1" status: 200 len: 1415 time: 0.5870364 /var/lib/openstack/lib/python3.10/site-packages/pycadf/identifier.py:71: UserWarning: Invalid uuid: neutron. To ensure interoperability, identifiers should be a valid uuid. warnings.warn(('Invalid uuid: %s. To ensure interoperability, '
2026-07-16 01:34:29.794 10 INFO neutron.wsgi [req-024066c1-f51e-48a2-bb26-7dac3a3a5de3 req-5be845f1-a4b2-4f7d-8bb0-d543fe31f7bf f2009d61f05c4ebfa692b82a4d8d0e5d bddf8de969774b3bbb48bd698541de3e - - 77a314461d9143cd92d4acfd3cd81ae8 77a314461d9143cd92d4acfd3cd81ae8] 199.204.45.53 "GET /v2.0/ports?tenant_id=213260d080aa4f738e9c2fc49525d12f&device_id=975c5b10-1687-4b33-bde4-0e3647fb7fc7 HTTP/1.1" status: 200 len: 1446 time: 0.0342536
2026-07-16 01:34:29.825 10 INFO neutron.wsgi [req-024066c1-f51e-48a2-bb26-7dac3a3a5de3 req-416772e5-14b9-43f3-9606-7e68d2fb6e91 f2009d61f05c4ebfa692b82a4d8d0e5d bddf8de969774b3bbb48bd698541de3e - - 77a314461d9143cd92d4acfd3cd81ae8 77a314461d9143cd92d4acfd3cd81ae8] 199.204.45.53 "GET /v2.0/floatingips?fixed_ip_address=10.100.0.9&port_id=0c3f79c1-abae-4bcf-a1e8-320931b1c137 HTTP/1.1" status: 200 len: 217 time: 0.0238392
