2026-07-16 01:34:57.993 9 INFO neutron.wsgi [None req-262e5349-cf39-40e0-ba16-1400743a7148 b80e22559556452589e4952ff0a6a828 a88e6e12e04249e8a0d1908979f2ea04 - - default default] 10.0.0.125 "DELETE /v2.0/networks/cb475ee9-5cdd-4a7c-a77d-72b020cdb16a HTTP/1.1" status: 204 len: 168 time: 0.5860453
2026-07-16 01:34:58.016 10 INFO neutron.pecan_wsgi.hooks.translation [None req-34e7d49e-ad2c-4cc7-8ac8-91ab817f7b5d b80e22559556452589e4952ff0a6a828 a88e6e12e04249e8a0d1908979f2ea04 - - default default] DELETE failed (client error): The resource could not be found.
2026-07-16 01:34:58.018 10 INFO neutron.wsgi [None req-34e7d49e-ad2c-4cc7-8ac8-91ab817f7b5d b80e22559556452589e4952ff0a6a828 a88e6e12e04249e8a0d1908979f2ea04 - - default default] 10.0.0.125 "DELETE /v2.0/subnets/281932aa-0b61-494b-9cda-ce1d809786bc HTTP/1.1" status: 404 len: 337 time: 0.0190091
2026-07-16 01:34:58.041 10 INFO neutron.pecan_wsgi.hooks.translation [None req-d4cb34a7-accf-4dab-9a0c-9930485daac9 b80e22559556452589e4952ff0a6a828 a88e6e12e04249e8a0d1908979f2ea04 - - default default] DELETE failed (client error): The resource could not be found.
2026-07-16 01:34:58.044 10 INFO neutron.wsgi [None req-d4cb34a7-accf-4dab-9a0c-9930485daac9 b80e22559556452589e4952ff0a6a828 a88e6e12e04249e8a0d1908979f2ea04 - - default default] 10.0.0.125 "DELETE /v2.0/subnets/ae8196fa-9525-49ff-86b8-447ff2b5dcbf HTTP/1.1" status: 404 len: 337 time: 0.0177681
2026-07-16 01:34:58.058 10 INFO neutron.pecan_wsgi.hooks.translation [None req-b2f0f233-da09-4e13-b7f2-e5cfcf62cb3a b80e22559556452589e4952ff0a6a828 a88e6e12e04249e8a0d1908979f2ea04 - - default default] DELETE failed (client error): The resource could not be found.
2026-07-16 01:34:58.060 10 INFO neutron.wsgi [None req-b2f0f233-da09-4e13-b7f2-e5cfcf62cb3a b80e22559556452589e4952ff0a6a828 a88e6e12e04249e8a0d1908979f2ea04 - - default default] 10.0.0.125 "DELETE /v2.0/subnets/4d3bc640-912e-4b67-9b53-fa8056192c2b HTTP/1.1" status: 404 len: 337 time: 0.0129616
2026-07-16 01:34:58.336 9 INFO neutron.wsgi [None req-c59d58e2-cae7-400a-b5d6-c0fac55f4442 db285d4f1780467d858557bcc3c98e93 4c1cf75cf3274c9b9819de1009257ee1 - - default default] 10.0.0.125 "POST /v2.0/subnetpools HTTP/1.1" status: 201 len: 715 time: 0.2560294
2026-07-16 01:34:58.386 9 INFO neutron.wsgi [None req-c338bb2c-645c-4beb-8300-983d12272cc1 db285d4f1780467d858557bcc3c98e93 4c1cf75cf3274c9b9819de1009257ee1 - - default default] 10.0.0.125 "PUT /v2.0/subnetpools/248a2bc1-99bc-4eab-9810-fcf640f91602/tags HTTP/1.1" status: 200 len: 218 time: 0.0433211
2026-07-16 01:34:58.413 9 INFO neutron.wsgi [None req-53d99da9-30ea-47aa-97d7-0bc44025577b db285d4f1780467d858557bcc3c98e93 4c1cf75cf3274c9b9819de1009257ee1 - - default default] 10.0.0.125 "GET /v2.0/subnetpools/248a2bc1-99bc-4eab-9810-fcf640f91602/tags HTTP/1.1" status: 200 len: 218 time: 0.0207624
2026-07-16 01:34:58.466 9 INFO neutron.wsgi [req-7b01d3a5-9925-4102-bbfd-efe398065711 req-12c5cf7d-e100-4fd7-ab76-1766d934b5e5 55af7944c325447882a35486e0500ad6 213260d080aa4f738e9c2fc49525d12f - - default default] 10.0.0.253 "GET /v2.0/ports?device_id=975c5b10-1687-4b33-bde4-0e3647fb7fc7 HTTP/1.1" status: 200 len: 1210 time: 0.0396447
2026-07-16 01:34:58.488 9 INFO neutron.plugins.ml2.drivers.ovn.mech_driver.mech_driver [None req-6c2ac208-0920-445d-b3fb-a8ba9fc3c2ef - - - - - -] OVN reports status down for port: 0c3f79c1-abae-4bcf-a1e8-320931b1c137
2026-07-16 01:34:58.494 9 INFO neutron.wsgi [None req-8fe6243c-5e84-4af7-aa13-28e5d60ae3da db285d4f1780467d858557bcc3c98e93 4c1cf75cf3274c9b9819de1009257ee1 - - default default] 10.0.0.125 "PUT /v2.0/subnetpools/248a2bc1-99bc-4eab-9810-fcf640f91602/tags/green HTTP/1.1" status: 201 len: 201 time: 0.0750291
2026-07-16 01:34:58.537 10 INFO neutron.wsgi [None req-88ecb8d3-eeb5-4a22-864b-afaa69b02c8a db285d4f1780467d858557bcc3c98e93 4c1cf75cf3274c9b9819de1009257ee1 - - default default] 10.0.0.125 "GET /v2.0/subnetpools/248a2bc1-99bc-4eab-9810-fcf640f91602/tags HTTP/1.1" status: 200 len: 227 time: 0.0351045
2026-07-16 01:34:58.541 9 INFO neutron.wsgi [req-7b01d3a5-9925-4102-bbfd-efe398065711 req-f5abcefe-f480-4ee7-a774-fcd8d5414639 55af7944c325447882a35486e0500ad6 213260d080aa4f738e9c2fc49525d12f - - default default] 10.0.0.253 "GET /v2.0/security-groups?id=1e6fc421-6535-4beb-b15d-614c2b32aae7&id=41192d3b-fc19-4057-becc-c96cf3c35a69&fields=id&fields=name HTTP/1.1" status: 200 len: 406 time: 0.0695369
2026-07-16 01:34:58.577 10 INFO neutron.wsgi [None req-fe0409cd-66da-4bb7-b2e0-73bf9b961ed8 db285d4f1780467d858557bcc3c98e93 4c1cf75cf3274c9b9819de1009257ee1 - - default default] 10.0.0.125 "PUT /v2.0/subnetpools/248a2bc1-99bc-4eab-9810-fcf640f91602/tags/red HTTP/1.1" status: 201 len: 201 time: 0.0263119
2026-07-16 01:34:58.619 10 INFO neutron.wsgi [None req-f9cda98f-e404-4864-b6b2-8786165a0907 db285d4f1780467d858557bcc3c98e93 4c1cf75cf3274c9b9819de1009257ee1 - - default default] 10.0.0.125 "GET /v2.0/subnetpools/248a2bc1-99bc-4eab-9810-fcf640f91602/tags HTTP/1.1" status: 200 len: 227 time: 0.0365717
2026-07-16 01:34:58.642 9 INFO neutron.notifiers.nova [-] Nova event matching ['req-fb4dae73-0b82-4371-92d2-5503d4bafc16'] response: {'server_uuid': '975c5b10-1687-4b33-bde4-0e3647fb7fc7', 'name': 'network-vif-unplugged', 'status': 'completed', 'tag': '0c3f79c1-abae-4bcf-a1e8-320931b1c137', 'code': 200}
2026-07-16 01:34:58.665 10 INFO neutron.wsgi [None req-25b9ebb6-c918-4438-acd6-d94f9ef267b3 db285d4f1780467d858557bcc3c98e93 4c1cf75cf3274c9b9819de1009257ee1 - - default default] 10.0.0.125 "PUT /v2.0/subnetpools/248a2bc1-99bc-4eab-9810-fcf640f91602/tags/black.or.white HTTP/1.1" status: 201 len: 201 time: 0.0331428
2026-07-16 01:34:58.690 10 INFO neutron.wsgi [None req-357ce343-d03a-427e-84a4-88d16113d924 db285d4f1780467d858557bcc3c98e93 4c1cf75cf3274c9b9819de1009257ee1 - - default default] 10.0.0.125 "GET /v2.0/subnetpools/248a2bc1-99bc-4eab-9810-fcf640f91602/tags HTTP/1.1" status: 200 len: 245 time: 0.0202498
2026-07-16 01:34:58.721 10 INFO neutron.wsgi [None req-4ef86fb1-e4e8-4ff7-8fb2-8fa3ca7e5a08 db285d4f1780467d858557bcc3c98e93 4c1cf75cf3274c9b9819de1009257ee1 - - default default] 10.0.0.125 "PUT /v2.0/subnetpools/248a2bc1-99bc-4eab-9810-fcf640f91602/tags HTTP/1.1" status: 200 len: 230 time: 0.0264716
2026-07-16 01:34:58.753 10 INFO neutron.wsgi [None req-8e2904ba-c59a-4f82-8b03-0d3b6083f58b db285d4f1780467d858557bcc3c98e93 4c1cf75cf3274c9b9819de1009257ee1 - - default default] 10.0.0.125 "GET /v2.0/subnetpools/248a2bc1-99bc-4eab-9810-fcf640f91602/tags HTTP/1.1" status: 200 len: 230 time: 0.0201879
2026-07-16 01:34:58.780 10 INFO neutron.wsgi [None req-68e12b09-caae-4297-a512-50e6bad0b501 db285d4f1780467d858557bcc3c98e93 4c1cf75cf3274c9b9819de1009257ee1 - - default default] 10.0.0.125 "GET /v2.0/subnetpools/248a2bc1-99bc-4eab-9810-fcf640f91602/tags/red HTTP/1.1" status: 204 len: 168 time: 0.0219836
2026-07-16 01:34:58.809 10 INFO neutron.api.v2.resource [None req-90350958-a27d-422f-8192-510de5426cb6 db285d4f1780467d858557bcc3c98e93 4c1cf75cf3274c9b9819de1009257ee1 - - default default] show failed (client error): The resource could not be found.
2026-07-16 01:34:58.810 10 INFO neutron.wsgi [None req-90350958-a27d-422f-8192-510de5426cb6 db285d4f1780467d858557bcc3c98e93 4c1cf75cf3274c9b9819de1009257ee1 - - default default] 10.0.0.125 "GET /v2.0/subnetpools/248a2bc1-99bc-4eab-9810-fcf640f91602/tags/green HTTP/1.1" status: 404 len: 299 time: 0.0219917
2026-07-16 01:34:58.821 9 INFO neutron.db.ovn_revision_numbers_db [None req-6c2ac208-0920-445d-b3fb-a8ba9fc3c2ef - - - - - -] Successfully bumped revision number for resource 0c3f79c1-abae-4bcf-a1e8-320931b1c137 (type: ports) to 5
2026-07-16 01:34:58.861 10 INFO neutron.wsgi [req-1464fcb2-fb5f-4103-bd43-4d1aff26781d req-b8ea9150-8032-4ef7-baee-fdd8614c6b17 55af7944c325447882a35486e0500ad6 213260d080aa4f738e9c2fc49525d12f - - default default] 199.204.45.53 "GET /v2.0/ports?device_id=975c5b10-1687-4b33-bde4-0e3647fb7fc7 HTTP/1.1" status: 200 len: 1208 time: 0.0918050
2026-07-16 01:34:58.877 9 INFO neutron.wsgi [None req-9f4e9f11-281d-42ac-a0e4-a6de86af40d0 db285d4f1780467d858557bcc3c98e93 4c1cf75cf3274c9b9819de1009257ee1 - - default default] 10.0.0.125 "DELETE /v2.0/subnetpools/248a2bc1-99bc-4eab-9810-fcf640f91602/tags/red HTTP/1.1" status: 204 len: 168 time: 0.0623939 /var/lib/openstack/lib/python3.10/site-packages/pycadf/identifier.py:71: UserWarning: Invalid uuid: neutron. To ensure interoperability, identifiers should be a valid uuid. warnings.warn(('Invalid uuid: %s. To ensure interoperability, '
2026-07-16 01:34:58.899 9 INFO neutron.wsgi [None req-2fa895e5-8862-4f4e-bcdf-cd9ee9850c5c db285d4f1780467d858557bcc3c98e93 4c1cf75cf3274c9b9819de1009257ee1 - - default default] 10.0.0.125 "GET /v2.0/subnetpools/248a2bc1-99bc-4eab-9810-fcf640f91602/tags HTTP/1.1" status: 200 len: 223 time: 0.0164623
2026-07-16 01:34:58.924 9 INFO neutron.api.v2.resource [None req-9c0be443-80fb-43bc-a34b-de376c8a8207 db285d4f1780467d858557bcc3c98e93 4c1cf75cf3274c9b9819de1009257ee1 - - default default] delete failed (client error): The resource could not be found.
2026-07-16 01:34:58.925 9 INFO neutron.wsgi [None req-9c0be443-80fb-43bc-a34b-de376c8a8207 db285d4f1780467d858557bcc3c98e93 4c1cf75cf3274c9b9819de1009257ee1 - - default default] 10.0.0.125 "DELETE /v2.0/subnetpools/248a2bc1-99bc-4eab-9810-fcf640f91602/tags/green HTTP/1.1" status: 404 len: 299 time: 0.0217769
2026-07-16 01:34:58.962 9 INFO neutron.wsgi [None req-66bcccc4-1fb7-4f4e-9765-24413fb142a5 db285d4f1780467d858557bcc3c98e93 4c1cf75cf3274c9b9819de1009257ee1 - - default default] 10.0.0.125 "DELETE /v2.0/subnetpools/248a2bc1-99bc-4eab-9810-fcf640f91602/tags HTTP/1.1" status: 204 len: 168 time: 0.0296586
2026-07-16 01:34:58.984 9 INFO neutron.wsgi [None req-a6465d6e-d88b-4f5d-8dd5-e97eb5688f78 db285d4f1780467d858557bcc3c98e93 4c1cf75cf3274c9b9819de1009257ee1 - - default default] 10.0.0.125 "GET /v2.0/subnetpools/248a2bc1-99bc-4eab-9810-fcf640f91602/tags HTTP/1.1" status: 200 len: 205 time: 0.0164793
2026-07-16 01:34:59.042 9 INFO neutron.wsgi [None req-58045f65-28aa-47cf-86a5-f67fe2534255 db285d4f1780467d858557bcc3c98e93 4c1cf75cf3274c9b9819de1009257ee1 - - default default] 10.0.0.125 "DELETE /v2.0/subnetpools/248a2bc1-99bc-4eab-9810-fcf640f91602 HTTP/1.1" status: 204 len: 168 time: 0.0509014
2026-07-16 01:34:59.051 10 INFO neutron.db.ovn_revision_numbers_db [None req-3bd32751-0750-4153-a212-184fdd36d5c4 d820dc69025e459489f1f963b7dcb981 6a2907b7dded4e32bb1f33dd1010ea75 - - default default] Successfully bumped revision number for resource 1f4feb13-733d-4f42-b64c-7d5f55df5081 (type: security_groups) to 1
2026-07-16 01:34:59.065 10 INFO neutron.db.ovn_revision_numbers_db [None req-3bd32751-0750-4153-a212-184fdd36d5c4 d820dc69025e459489f1f963b7dcb981 6a2907b7dded4e32bb1f33dd1010ea75 - - default default] Successfully bumped revision number for resource 5deaea51-e1cd-43ff-8ef6-33d3bebfeead (type: security_group_rules) to 0
2026-07-16 01:34:59.091 10 INFO neutron.db.ovn_revision_numbers_db [None req-3bd32751-0750-4153-a212-184fdd36d5c4 d820dc69025e459489f1f963b7dcb981 6a2907b7dded4e32bb1f33dd1010ea75 - - default default] Successfully bumped revision number for resource 77d5f256-aeba-4053-a408-f346e5d9d554 (type: security_group_rules) to 0
2026-07-16 01:34:59.114 10 INFO neutron.db.ovn_revision_numbers_db [None req-3bd32751-0750-4153-a212-184fdd36d5c4 d820dc69025e459489f1f963b7dcb981 6a2907b7dded4e32bb1f33dd1010ea75 - - default default] Successfully bumped revision number for resource ce796ae9-7aeb-48f5-b464-0b08f824044b (type: security_group_rules) to 0
2026-07-16 01:34:59.140 10 INFO neutron.db.ovn_revision_numbers_db [None req-3bd32751-0750-4153-a212-184fdd36d5c4 d820dc69025e459489f1f963b7dcb981 6a2907b7dded4e32bb1f33dd1010ea75 - - default default] Successfully bumped revision number for resource da5663db-4d88-44f3-94a1-2f1a73e02883 (type: security_group_rules) to 0
2026-07-16 01:34:59.157 10 INFO neutron.db.l3_db [req-1464fcb2-fb5f-4103-bd43-4d1aff26781d req-cf1b4514-ecbf-4fd6-8a09-7df012829900 55af7944c325447882a35486e0500ad6 213260d080aa4f738e9c2fc49525d12f - - default default] Floating IP e66fe2c8-3235-4649-994b-9131968b0cad disassociated. External IP: 10.96.250.208, port: 0c3f79c1-abae-4bcf-a1e8-320931b1c137.
2026-07-16 01:34:59.171 10 INFO neutron.wsgi [None req-3bd32751-0750-4153-a212-184fdd36d5c4 d820dc69025e459489f1f963b7dcb981 6a2907b7dded4e32bb1f33dd1010ea75 - - default default] 10.0.0.125 "GET /v2.0/security-groups?tenant_id=1ba9df82c4e6430cb9f8c9cbf29b469a&name=default HTTP/1.1" status: 200 len: 2996 time: 0.5107706
2026-07-16 01:34:59.231 9 INFO neutron.db.ovn_revision_numbers_db [None req-412ce7d5-e304-43f7-bac3-b12583b66abf d820dc69025e459489f1f963b7dcb981 6a2907b7dded4e32bb1f33dd1010ea75 - - default default] Successfully bumped revision number for resource ebb740de-1143-48cd-b40c-8ed380a7debe (type: security_groups) to 1
2026-07-16 01:34:59.247 9 INFO neutron.db.ovn_revision_numbers_db [None req-412ce7d5-e304-43f7-bac3-b12583b66abf d820dc69025e459489f1f963b7dcb981 6a2907b7dded4e32bb1f33dd1010ea75 - - default default] Successfully bumped revision number for resource 43c408a0-8e0a-4223-af39-ad9336a2e8dd (type: security_group_rules) to 0
2026-07-16 01:34:59.274 9 INFO neutron.db.ovn_revision_numbers_db [None req-412ce7d5-e304-43f7-bac3-b12583b66abf d820dc69025e459489f1f963b7dcb981 6a2907b7dded4e32bb1f33dd1010ea75 - - default default] Successfully bumped revision number for resource 4f06a1e4-bf1a-48a8-a7c0-7129b8a9baf8 (type: security_group_rules) to 0
2026-07-16 01:34:59.288 9 INFO neutron.db.ovn_revision_numbers_db [None req-412ce7d5-e304-43f7-bac3-b12583b66abf d820dc69025e459489f1f963b7dcb981 6a2907b7dded4e32bb1f33dd1010ea75 - - default default] Successfully bumped revision number for resource b8f591d7-1945-4ad5-834e-b5aa7518b201 (type: security_group_rules) to 0
2026-07-16 01:34:59.300 9 INFO neutron.db.ovn_revision_numbers_db [None req-412ce7d5-e304-43f7-bac3-b12583b66abf d820dc69025e459489f1f963b7dcb981 6a2907b7dded4e32bb1f33dd1010ea75 - - default default] Successfully bumped revision number for resource b9e69cd7-667d-40cc-8b01-377a4b30d2ab (type: security_group_rules) to 0
2026-07-16 01:34:59.326 9 INFO neutron.wsgi [None req-412ce7d5-e304-43f7-bac3-b12583b66abf d820dc69025e459489f1f963b7dcb981 6a2907b7dded4e32bb1f33dd1010ea75 - - default default] 10.0.0.125 "GET /v2.0/security-groups?tenant_id=6745d893c9384d5ebdfe10515dc2b46d&name=default HTTP/1.1" status: 200 len: 2996 time: 0.2801507 /var/lib/openstack/lib/python3.10/site-packages/pycadf/identifier.py:71: UserWarning: Invalid uuid: neutron. To ensure interoperability, identifiers should be a valid uuid. warnings.warn(('Invalid uuid: %s. To ensure interoperability, '
2026-07-16 01:34:59.347 10 INFO neutron.wsgi [req-1464fcb2-fb5f-4103-bd43-4d1aff26781d req-cf1b4514-ecbf-4fd6-8a09-7df012829900 55af7944c325447882a35486e0500ad6 213260d080aa4f738e9c2fc49525d12f - - default default] 199.204.45.53 "DELETE /v2.0/ports/0c3f79c1-abae-4bcf-a1e8-320931b1c137 HTTP/1.1" status: 204 len: 173 time: 0.4821734
2026-07-16 01:34:59.380 10 INFO neutron.notifiers.nova [-] Nova event matching ['req-75c16fe1-67e8-40df-903e-e79f57a53bb2'] response: {'server_uuid': '975c5b10-1687-4b33-bde4-0e3647fb7fc7', 'name': 'network-vif-deleted', 'tag': '0c3f79c1-abae-4bcf-a1e8-320931b1c137', 'status': 'completed', 'code': 200}
2026-07-16 01:34:59.412 10 INFO neutron.wsgi [None req-54724534-0c2c-4a5d-a02c-fa23b5ffe71d d820dc69025e459489f1f963b7dcb981 6a2907b7dded4e32bb1f33dd1010ea75 - - default default] 10.0.0.125 "DELETE /v2.0/security-groups/1f4feb13-733d-4f42-b64c-7d5f55df5081 HTTP/1.1" status: 204 len: 168 time: 0.2306230
2026-07-16 01:34:59.546 9 INFO neutron.wsgi [None req-c24525ba-0bad-4632-9011-6c3c2cdb8055 d820dc69025e459489f1f963b7dcb981 6a2907b7dded4e32bb1f33dd1010ea75 - - default default] 10.0.0.125 "DELETE /v2.0/security-groups/ebb740de-1143-48cd-b40c-8ed380a7debe HTTP/1.1" status: 204 len: 168 time: 0.2142019
2026-07-16 01:34:59.627 9 INFO neutron.wsgi [req-0f67c68b-f129-40a1-8269-03279b57545e req-1a0d68a3-3f2a-4f26-a810-7ed5d1feb227 55af7944c325447882a35486e0500ad6 213260d080aa4f738e9c2fc49525d12f - - default default] 10.0.0.253 "GET /v2.0/ports?device_id=975c5b10-1687-4b33-bde4-0e3647fb7fc7 HTTP/1.1" status: 200 len: 210 time: 0.0184834
2026-07-16 01:34:59.722 9 INFO neutron.db.ovn_revision_numbers_db [None req-1f532c28-74e2-4cd0-a5cc-e788424810eb d820dc69025e459489f1f963b7dcb981 6a2907b7dded4e32bb1f33dd1010ea75 - - default default] Successfully bumped revision number for resource c0a6b96f-38e0-445e-9521-845b39cdb5e6 (type: security_groups) to 1
2026-07-16 01:34:59.737 9 INFO neutron.db.ovn_revision_numbers_db [None req-1f532c28-74e2-4cd0-a5cc-e788424810eb d820dc69025e459489f1f963b7dcb981 6a2907b7dded4e32bb1f33dd1010ea75 - - default default] Successfully bumped revision number for resource 12bccdba-43a9-46d8-996a-3760643e894c (type: security_group_rules) to 0
2026-07-16 01:34:59.749 9 INFO neutron.db.ovn_revision_numbers_db [None req-1f532c28-74e2-4cd0-a5cc-e788424810eb d820dc69025e459489f1f963b7dcb981 6a2907b7dded4e32bb1f33dd1010ea75 - - default default] Successfully bumped revision number for resource 2b5d178f-28c4-4ec5-9fc7-7c354dc6dd0a (type: security_group_rules) to 0
2026-07-16 01:34:59.763 9 INFO neutron.db.ovn_revision_numbers_db [None req-1f532c28-74e2-4cd0-a5cc-e788424810eb d820dc69025e459489f1f963b7dcb981 6a2907b7dded4e32bb1f33dd1010ea75 - - default default] Successfully bumped revision number for resource 5dcfd31c-55f4-44d8-a23e-7844a7c7cb5a (type: security_group_rules) to 0
2026-07-16 01:34:59.781 9 INFO neutron.db.ovn_revision_numbers_db [None req-1f532c28-74e2-4cd0-a5cc-e788424810eb d820dc69025e459489f1f963b7dcb981 6a2907b7dded4e32bb1f33dd1010ea75 - - default default] Successfully bumped revision number for resource 97f8c28f-6ef4-46a4-8dc2-c1186ca3d9fd (type: security_group_rules) to 0
2026-07-16 01:34:59.813 9 INFO neutron.wsgi [None req-1f532c28-74e2-4cd0-a5cc-e788424810eb d820dc69025e459489f1f963b7dcb981 6a2907b7dded4e32bb1f33dd1010ea75 - - default default] 10.0.0.125 "GET /v2.0/security-groups?tenant_id=9731d2dbd3a94e9999c338b5cd7af9b3&name=default HTTP/1.1" status: 200 len: 2996 time: 0.2178752
2026-07-16 01:34:59.824 10 INFO neutron.db.ovn_revision_numbers_db [None req-c77b0fcb-54a4-4af5-ac40-0592e82be5d9 d820dc69025e459489f1f963b7dcb981 6a2907b7dded4e32bb1f33dd1010ea75 - - default default] Successfully bumped revision number for resource 01fdf1fe-b3e4-498b-92bd-c365f3894d03 (type: security_groups) to 1
2026-07-16 01:34:59.836 10 INFO neutron.db.ovn_revision_numbers_db [None req-c77b0fcb-54a4-4af5-ac40-0592e82be5d9 d820dc69025e459489f1f963b7dcb981 6a2907b7dded4e32bb1f33dd1010ea75 - - default default] Successfully bumped revision number for resource 085c3425-0146-4945-934e-6a67e88ca590 (type: security_group_rules) to 0
2026-07-16 01:34:59.849 10 INFO neutron.db.ovn_revision_numbers_db [None req-c77b0fcb-54a4-4af5-ac40-0592e82be5d9 d820dc69025e459489f1f963b7dcb981 6a2907b7dded4e32bb1f33dd1010ea75 - - default default] Successfully bumped revision number for resource 724d0964-bf6e-44f4-9671-640c9c4ebcdc (type: security_group_rules) to 0
2026-07-16 01:34:59.865 10 INFO neutron.db.ovn_revision_numbers_db [None req-c77b0fcb-54a4-4af5-ac40-0592e82be5d9 d820dc69025e459489f1f963b7dcb981 6a2907b7dded4e32bb1f33dd1010ea75 - - default default] Successfully bumped revision number for resource a7c57f24-a187-4289-b798-569fa9a34e78 (type: security_group_rules) to 0
2026-07-16 01:34:59.890 10 INFO neutron.db.ovn_revision_numbers_db [None req-c77b0fcb-54a4-4af5-ac40-0592e82be5d9 d820dc69025e459489f1f963b7dcb981 6a2907b7dded4e32bb1f33dd1010ea75 - - default default] Successfully bumped revision number for resource afb0fea0-bbb6-433b-8b0d-06393cf8f7b4 (type: security_group_rules) to 0
2026-07-16 01:34:59.936 10 INFO neutron.wsgi [None req-c77b0fcb-54a4-4af5-ac40-0592e82be5d9 d820dc69025e459489f1f963b7dcb981 6a2907b7dded4e32bb1f33dd1010ea75 - - default default] 10.0.0.125 "GET /v2.0/security-groups?tenant_id=d662a0a583884f769a3f827dfa48102f&name=default HTTP/1.1" status: 200 len: 2996 time: 0.2325571
2026-07-16 01:34:59.945 10 INFO neutron.wsgi [req-0affd320-8ad4-46e6-b689-2e0e6fb916cd req-3ea1615e-7b96-40e8-9dc3-2e8eba1488ad f2009d61f05c4ebfa692b82a4d8d0e5d bddf8de969774b3bbb48bd698541de3e - - 77a314461d9143cd92d4acfd3cd81ae8 77a314461d9143cd92d4acfd3cd81ae8] 199.204.45.53 "GET /v2.0/ports?device_id=975c5b10-1687-4b33-bde4-0e3647fb7fc7&fields=binding%3Ahost_id&fields=binding%3Avif_type HTTP/1.1" status: 200 len: 210 time: 0.0269098
2026-07-16 01:35:00.008 10 INFO neutron.wsgi [req-0affd320-8ad4-46e6-b689-2e0e6fb916cd req-0ac5d565-2ed0-400c-bcbb-03bf3c0d95b5 f2009d61f05c4ebfa692b82a4d8d0e5d bddf8de969774b3bbb48bd698541de3e - - 77a314461d9143cd92d4acfd3cd81ae8 77a314461d9143cd92d4acfd3cd81ae8] 199.204.45.53 "GET /v2.0/ports?tenant_id=213260d080aa4f738e9c2fc49525d12f&device_id=975c5b10-1687-4b33-bde4-0e3647fb7fc7 HTTP/1.1" status: 200 len: 210 time: 0.0208819
2026-07-16 01:35:00.019 10 INFO neutron.db.ovn_revision_numbers_db [None req-a443bc7e-e44c-41ac-96cb-998ab3185cd3 d820dc69025e459489f1f963b7dcb981 6a2907b7dded4e32bb1f33dd1010ea75 - - default default] Successfully bumped revision number for resource b921e570-a3fc-4f5f-bd25-58e2e93e7131 (type: security_groups) to 1
2026-07-16 01:35:00.047 9 INFO neutron.wsgi [None req-4455f356-cb6a-44ce-87d0-a440a12ada46 d820dc69025e459489f1f963b7dcb981 6a2907b7dded4e32bb1f33dd1010ea75 - - default default] 10.0.0.125 "DELETE /v2.0/security-groups/c0a6b96f-38e0-445e-9521-845b39cdb5e6 HTTP/1.1" status: 204 len: 168 time: 0.2300293
2026-07-16 01:35:00.047 10 INFO neutron.db.ovn_revision_numbers_db [None req-a443bc7e-e44c-41ac-96cb-998ab3185cd3 d820dc69025e459489f1f963b7dcb981 6a2907b7dded4e32bb1f33dd1010ea75 - - default default] Successfully bumped revision number for resource 1ac4bcac-4747-4b52-9e0a-7d6ab6a303bf (type: security_group_rules) to 0
2026-07-16 01:35:00.083 10 INFO neutron.db.ovn_revision_numbers_db [None req-a443bc7e-e44c-41ac-96cb-998ab3185cd3 d820dc69025e459489f1f963b7dcb981 6a2907b7dded4e32bb1f33dd1010ea75 - - default default] Successfully bumped revision number for resource 24561252-1e90-4319-8f36-7dc9ad8481ee (type: security_group_rules) to 0
2026-07-16 01:35:00.104 10 INFO neutron.db.ovn_revision_numbers_db [None req-a443bc7e-e44c-41ac-96cb-998ab3185cd3 d820dc69025e459489f1f963b7dcb981 6a2907b7dded4e32bb1f33dd1010ea75 - - default default] Successfully bumped revision number for resource 78381f34-50fd-470e-a717-c16326cffa6f (type: security_group_rules) to 0
2026-07-16 01:35:00.122 10 INFO neutron.wsgi [req-0affd320-8ad4-46e6-b689-2e0e6fb916cd req-9ad5eb0b-f7c9-4818-9c0b-ceed2efa78a2 f2009d61f05c4ebfa692b82a4d8d0e5d bddf8de969774b3bbb48bd698541de3e - - 77a314461d9143cd92d4acfd3cd81ae8 77a314461d9143cd92d4acfd3cd81ae8] 199.204.45.53 "GET /v2.0/networks?tenant_id=213260d080aa4f738e9c2fc49525d12f&shared=False HTTP/1.1" status: 200 len: 969 time: 0.0915804
2026-07-16 01:35:00.124 10 INFO neutron.db.ovn_revision_numbers_db [None req-a443bc7e-e44c-41ac-96cb-998ab3185cd3 d820dc69025e459489f1f963b7dcb981 6a2907b7dded4e32bb1f33dd1010ea75 - - default default] Successfully bumped revision number for resource 8634deda-45a7-4625-ac7e-2b35d7fe860d (type: security_group_rules) to 0
2026-07-16 01:35:00.146 9 INFO neutron.wsgi [None req-0a74bc6a-200c-46fb-8620-0f0f97358616 d820dc69025e459489f1f963b7dcb981 6a2907b7dded4e32bb1f33dd1010ea75 - - default default] 10.0.0.125 "DELETE /v2.0/security-groups/01fdf1fe-b3e4-498b-92bd-c365f3894d03 HTTP/1.1" status: 204 len: 168 time: 0.2035377
2026-07-16 01:35:00.167 10 INFO neutron.wsgi [None req-a443bc7e-e44c-41ac-96cb-998ab3185cd3 d820dc69025e459489f1f963b7dcb981 6a2907b7dded4e32bb1f33dd1010ea75 - - default default] 10.0.0.125 "GET /v2.0/security-groups?tenant_id=6e694ee5853b4cb99fe199cf14fa78ac&name=default HTTP/1.1" status: 200 len: 2996 time: 0.5230238
2026-07-16 01:35:00.228 10 INFO neutron.wsgi [req-0affd320-8ad4-46e6-b689-2e0e6fb916cd req-eed7255b-f593-4c83-b1ca-7f21ce6afe13 f2009d61f05c4ebfa692b82a4d8d0e5d bddf8de969774b3bbb48bd698541de3e - - 77a314461d9143cd92d4acfd3cd81ae8 77a314461d9143cd92d4acfd3cd81ae8] 199.204.45.53 "GET /v2.0/networks?shared=True HTTP/1.1" status: 200 len: 952 time: 0.0986404
2026-07-16 01:35:00.324 10 INFO neutron.wsgi [None req-1e5a196c-6e4d-4bcc-a14b-c9d565698eb8 d820dc69025e459489f1f963b7dcb981 6a2907b7dded4e32bb1f33dd1010ea75 - - default default] 10.0.0.125 "GET /v2.0/security-groups?tenant_id=a88e6e12e04249e8a0d1908979f2ea04&name=default HTTP/1.1" status: 200 len: 2996 time: 0.0412767
2026-07-16 01:35:00.425 9 INFO neutron.wsgi [None req-82eb2957-a4c9-40f3-93b5-c7a17f1d9eda d820dc69025e459489f1f963b7dcb981 6a2907b7dded4e32bb1f33dd1010ea75 - - default default] 10.0.0.125 "DELETE /v2.0/security-groups/b921e570-a3fc-4f5f-bd25-58e2e93e7131 HTTP/1.1" status: 204 len: 168 time: 0.2518020
2026-07-16 01:35:00.602 10 INFO neutron.wsgi [None req-02386daf-5a80-4686-bff4-224ad1dcd7ae d820dc69025e459489f1f963b7dcb981 6a2907b7dded4e32bb1f33dd1010ea75 - - default default] 10.0.0.125 "DELETE /v2.0/security-groups/c9ad862f-adfa-4a1a-a82e-824941fce9e6 HTTP/1.1" status: 204 len: 168 time: 0.2734640
2026-07-16 01:35:00.687 9 INFO neutron.notifiers.nova [-] Nova event matching ['req-c71a5016-4c22-4fa2-a877-2f0cb60b6d83'] response: {'server_uuid': '975c5b10-1687-4b33-bde4-0e3647fb7fc7', 'name': 'network-vif-plugged', 'status': 'completed', 'tag': '0c3f79c1-abae-4bcf-a1e8-320931b1c137', 'code': 200}
2026-07-16 01:35:00.802 10 INFO neutron.db.ovn_revision_numbers_db [None req-6bf039e6-2f33-472a-b374-dc601f651ab0 d820dc69025e459489f1f963b7dcb981 6a2907b7dded4e32bb1f33dd1010ea75 - - default default] Successfully bumped revision number for resource f58ee9f2-b88a-4578-b420-625a3b7d7f97 (type: security_groups) to 1
2026-07-16 01:35:00.823 10 INFO neutron.db.ovn_revision_numbers_db [None req-6bf039e6-2f33-472a-b374-dc601f651ab0 d820dc69025e459489f1f963b7dcb981 6a2907b7dded4e32bb1f33dd1010ea75 - - default default] Successfully bumped revision number for resource 985fc447-9577-4b07-9a51-104ca676faaa (type: security_group_rules) to 0
2026-07-16 01:35:00.848 10 INFO neutron.db.ovn_revision_numbers_db [None req-6bf039e6-2f33-472a-b374-dc601f651ab0 d820dc69025e459489f1f963b7dcb981 6a2907b7dded4e32bb1f33dd1010ea75 - - default default] Successfully bumped revision number for resource c09a40ae-1428-422c-984d-e4503f159146 (type: security_group_rules) to 0
2026-07-16 01:35:00.869 10 INFO neutron.db.ovn_revision_numbers_db [None req-6bf039e6-2f33-472a-b374-dc601f651ab0 d820dc69025e459489f1f963b7dcb981 6a2907b7dded4e32bb1f33dd1010ea75 - - default default] Successfully bumped revision number for resource cbfa1138-6f97-4b09-99cd-4b8a691469d5 (type: security_group_rules) to 0
2026-07-16 01:35:00.889 10 INFO neutron.db.ovn_revision_numbers_db [None req-6bf039e6-2f33-472a-b374-dc601f651ab0 d820dc69025e459489f1f963b7dcb981 6a2907b7dded4e32bb1f33dd1010ea75 - - default default] Successfully bumped revision number for resource fd4fa883-e3f2-43c5-bc74-7555903ba8f0 (type: security_group_rules) to 0
2026-07-16 01:35:00.932 10 INFO neutron.wsgi [None req-6bf039e6-2f33-472a-b374-dc601f651ab0 d820dc69025e459489f1f963b7dcb981 6a2907b7dded4e32bb1f33dd1010ea75 - - default default] 10.0.0.125 "GET /v2.0/security-groups?tenant_id=4c1cf75cf3274c9b9819de1009257ee1&name=default HTTP/1.1" status: 200 len: 2996 time: 0.2609730
2026-07-16 01:35:00.963 9 INFO neutron.wsgi [None req-1905d726-768b-4017-876a-323173e4b4d4 55af7944c325447882a35486e0500ad6 213260d080aa4f738e9c2fc49525d12f - - default default] 10.0.0.125 "DELETE /v2.0/security-groups/41192d3b-fc19-4057-becc-c96cf3c35a69 HTTP/1.1" status: 204 len: 168 time: 0.1738672
2026-07-16 01:35:00.993 9 INFO neutron.api.v2.resource [None req-9079679a-bf02-451f-81bd-ac4286a07d52 55af7944c325447882a35486e0500ad6 213260d080aa4f738e9c2fc49525d12f - - default default] show failed (client error): The resource could not be found.
2026-07-16 01:35:00.994 9 INFO neutron.wsgi [None req-9079679a-bf02-451f-81bd-ac4286a07d52 55af7944c325447882a35486e0500ad6 213260d080aa4f738e9c2fc49525d12f - - default default] 10.0.0.125 "GET /v2.0/security-groups/41192d3b-fc19-4057-becc-c96cf3c35a69 HTTP/1.1" status: 404 len: 347 time: 0.0223851
2026-07-16 01:35:01.271 9 INFO neutron.wsgi [None req-9bff1a7a-7dc1-4b8e-885d-e2905c4def28 d820dc69025e459489f1f963b7dcb981 6a2907b7dded4e32bb1f33dd1010ea75 - - default default] 10.0.0.125 "DELETE /v2.0/security-groups/f58ee9f2-b88a-4578-b420-625a3b7d7f97 HTTP/1.1" status: 204 len: 168 time: 0.3319159
2026-07-16 01:35:01.405 9 INFO neutron.wsgi [None req-4cfbebf5-fe4e-4169-a88b-b8641ab98da6 55af7944c325447882a35486e0500ad6 213260d080aa4f738e9c2fc49525d12f - - default default] 10.0.0.125 "DELETE /v2.0/floatingips/e66fe2c8-3235-4649-994b-9131968b0cad HTTP/1.1" status: 204 len: 168 time: 0.4042876
2026-07-16 01:35:01.532 9 INFO neutron.wsgi [None req-00382990-9134-40d2-8f87-49274390af67 55af7944c325447882a35486e0500ad6 213260d080aa4f738e9c2fc49525d12f - - default default] 10.0.0.125 "DELETE /v2.0/security-groups/1e6fc421-6535-4beb-b15d-614c2b32aae7 HTTP/1.1" status: 204 len: 168 time: 0.1222997
2026-07-16 01:35:02.631 10 INFO neutron.db.ovn_revision_numbers_db [None req-c46aa4ae-958b-4456-bde5-b89ec6e9842e d820dc69025e459489f1f963b7dcb981 6a2907b7dded4e32bb1f33dd1010ea75 - - default default] Successfully bumped revision number for resource fcd65d98-973a-49b3-a3e1-96fdc66a2a44 (type: security_groups) to 1
2026-07-16 01:35:02.668 10 INFO neutron.wsgi [None req-ed0618b8-5599-46d9-99f3-177aaa7ebff8 d820dc69025e459489f1f963b7dcb981 6a2907b7dded4e32bb1f33dd1010ea75 - - default default] 10.0.0.125 "PUT /v2.0/routers/17b4504a-edc7-45a1-9a82-0fb0aaf043e0/remove_router_interface HTTP/1.1" status: 200 len: 503 time: 1.0736117
2026-07-16 01:35:02.672 10 INFO neutron.db.ovn_revision_numbers_db [None req-c46aa4ae-958b-4456-bde5-b89ec6e9842e d820dc69025e459489f1f963b7dcb981 6a2907b7dded4e32bb1f33dd1010ea75 - - default default] Successfully bumped revision number for resource 7e0f209c-00f4-4c9b-87e3-11b2d8e0b55b (type: security_group_rules) to 0
2026-07-16 01:35:02.688 10 INFO neutron.db.ovn_revision_numbers_db [None req-c46aa4ae-958b-4456-bde5-b89ec6e9842e d820dc69025e459489f1f963b7dcb981 6a2907b7dded4e32bb1f33dd1010ea75 - - default default] Successfully bumped revision number for resource a1649c9b-03cf-415b-8b7c-c5c82a314b9d (type: security_group_rules) to 0
2026-07-16 01:35:02.701 10 INFO neutron.db.ovn_revision_numbers_db [None req-c46aa4ae-958b-4456-bde5-b89ec6e9842e d820dc69025e459489f1f963b7dcb981 6a2907b7dded4e32bb1f33dd1010ea75 - - default default] Successfully bumped revision number for resource bc7ab5fe-6164-420a-997a-216ce7970f84 (type: security_group_rules) to 0
2026-07-16 01:35:02.720 10 INFO neutron.db.ovn_revision_numbers_db [None req-c46aa4ae-958b-4456-bde5-b89ec6e9842e d820dc69025e459489f1f963b7dcb981 6a2907b7dded4e32bb1f33dd1010ea75 - - default default] Successfully bumped revision number for resource ff7bce32-8d8e-4a52-aa4f-4b8887961a28 (type: security_group_rules) to 0
2026-07-16 01:35:02.746 10 INFO neutron.wsgi [None req-c46aa4ae-958b-4456-bde5-b89ec6e9842e d820dc69025e459489f1f963b7dcb981 6a2907b7dded4e32bb1f33dd1010ea75 - - default default] 10.0.0.125 "GET /v2.0/security-groups?tenant_id=ac1625e675b94acb9d671f2fd0d3a761&name=default HTTP/1.1" status: 200 len: 2996 time: 0.3307593 /var/lib/openstack/lib/python3.10/site-packages/pycadf/identifier.py:71: UserWarning: Invalid uuid: neutron. To ensure interoperability, identifiers should be a valid uuid. warnings.warn(('Invalid uuid: %s. To ensure interoperability, '
2026-07-16 01:35:02.922 10 INFO neutron.wsgi [None req-7cc274ea-ee99-4a8f-819a-34455eb2c54b d820dc69025e459489f1f963b7dcb981 6a2907b7dded4e32bb1f33dd1010ea75 - - default default] 10.0.0.125 "DELETE /v2.0/security-groups/fcd65d98-973a-49b3-a3e1-96fdc66a2a44 HTTP/1.1" status: 204 len: 168 time: 0.1690142
2026-07-16 01:35:03.252 9 INFO neutron.wsgi [None req-a2f73f97-0ff7-41e6-a4e5-1792a9120c53 d820dc69025e459489f1f963b7dcb981 6a2907b7dded4e32bb1f33dd1010ea75 - - default default] 10.0.0.125 "DELETE /v2.0/routers/17b4504a-edc7-45a1-9a82-0fb0aaf043e0 HTTP/1.1" status: 204 len: 168 time: 0.5790982
2026-07-16 01:35:03.496 9 INFO neutron.wsgi [None req-feea67f4-a09b-47a5-96fc-9e7aca1f31df d820dc69025e459489f1f963b7dcb981 6a2907b7dded4e32bb1f33dd1010ea75 - - default default] 10.0.0.125 "DELETE /v2.0/subnets/92a3c5ec-e026-4c0b-85aa-9b18fa33d81c HTTP/1.1" status: 204 len: 168 time: 0.2267525
2026-07-16 01:35:03.869 9 INFO neutron.services.segments.plugin [-] Segment 862435f0-33d2-40ba-85a1-05fac0fb68ac resource provider aggregate not found
2026-07-16 01:35:03.874 9 INFO neutron.services.segments.plugin [-] Segment 862435f0-33d2-40ba-85a1-05fac0fb68ac resource provider aggregate not found
2026-07-16 01:35:03.890 9 INFO neutron.services.segments.plugin [-] Segment 862435f0-33d2-40ba-85a1-05fac0fb68ac resource provider not found; error: Placement Client Error (4xx): {"errors": [{"status": 404, "title": "Not Found", "detail": "The resource could not be found.\n\n No resource provider with uuid 862435f0-33d2-40ba-85a1-05fac0fb68ac found for delete ", "request_id": "req-93aa3ad9-0514-4b13-933a-4ab0719feb20"}]}
2026-07-16 01:35:03.892 9 INFO neutron.services.segments.plugin [-] Segment 862435f0-33d2-40ba-85a1-05fac0fb68ac resource provider not found; error: Placement Client Error (4xx): {"errors": [{"status": 404, "title": "Not Found", "detail": "The resource could not be found.\n\n No resource provider with uuid 862435f0-33d2-40ba-85a1-05fac0fb68ac found for delete ", "request_id": "req-2a825d96-e970-45a9-b08f-472191518976"}]}
2026-07-16 01:35:03.913 9 INFO neutron.wsgi [None req-829c4f60-0bc4-4dcb-8d3c-c95f41300dc9 d820dc69025e459489f1f963b7dcb981 6a2907b7dded4e32bb1f33dd1010ea75 - - default default] 10.0.0.125 "DELETE /v2.0/networks/58015ae7-2822-4cbf-8766-ebfd8aca63d0 HTTP/1.1" status: 204 len: 168 time: 0.4112148
2026-07-16 01:35:04.949 9 INFO neutron.db.ovn_revision_numbers_db [None req-6d3c66e0-c25c-489f-841e-1ea058cb1a64 85f4d8bff5ed4c0a9bf6f206c88f0244 9c48f3076ec94bbfbcc25773060f2628 - - default default] Successfully bumped revision number for resource dbeab243-ea2f-46e5-9cf1-f713b63fa055 (type: security_groups) to 1
2026-07-16 01:35:04.956 10 INFO neutron.db.ovn_revision_numbers_db [None req-909d825e-ffda-4bfc-971f-fdd775115cc9 78cdee3560364ecabe97f7ba39ed180a 2ac45a89b4c64f3eae2844ae4f7409e0 - - default default] Successfully bumped revision number for resource 7a31f0d3-a491-48ae-b5aa-b93b902fddc3 (type: security_groups) to 1
2026-07-16 01:35:04.963 9 INFO neutron.db.ovn_revision_numbers_db [None req-6d3c66e0-c25c-489f-841e-1ea058cb1a64 85f4d8bff5ed4c0a9bf6f206c88f0244 9c48f3076ec94bbfbcc25773060f2628 - - default default] Successfully bumped revision number for resource 299ade09-3bbc-44f2-9c1b-b1ad7acbfd71 (type: security_group_rules) to 0
2026-07-16 01:35:04.972 10 INFO neutron.db.ovn_revision_numbers_db [None req-909d825e-ffda-4bfc-971f-fdd775115cc9 78cdee3560364ecabe97f7ba39ed180a 2ac45a89b4c64f3eae2844ae4f7409e0 - - default default] Successfully bumped revision number for resource 37d0b29e-2f00-47c6-b422-24d8697da67c (type: security_group_rules) to 0
2026-07-16 01:35:04.978 9 INFO neutron.db.ovn_revision_numbers_db [None req-6d3c66e0-c25c-489f-841e-1ea058cb1a64 85f4d8bff5ed4c0a9bf6f206c88f0244 9c48f3076ec94bbfbcc25773060f2628 - - default default] Successfully bumped revision number for resource 96b0f9bd-86fc-4405-bbf2-846f231f8c3e (type: security_group_rules) to 0
2026-07-16 01:35:04.997 9 INFO neutron.db.ovn_revision_numbers_db [None req-6d3c66e0-c25c-489f-841e-1ea058cb1a64 85f4d8bff5ed4c0a9bf6f206c88f0244 9c48f3076ec94bbfbcc25773060f2628 - - default default] Successfully bumped revision number for resource f30b3277-340a-4b12-af7d-6527bf6bc2c0 (type: security_group_rules) to 0
2026-07-16 01:35:04.997 10 INFO neutron.db.ovn_revision_numbers_db [None req-909d825e-ffda-4bfc-971f-fdd775115cc9 78cdee3560364ecabe97f7ba39ed180a 2ac45a89b4c64f3eae2844ae4f7409e0 - - default default] Successfully bumped revision number for resource 6eeaae61-0c27-494a-896a-cf7218b2edea (type: security_group_rules) to 0
2026-07-16 01:35:05.022 10 INFO neutron.db.ovn_revision_numbers_db [None req-909d825e-ffda-4bfc-971f-fdd775115cc9 78cdee3560364ecabe97f7ba39ed180a 2ac45a89b4c64f3eae2844ae4f7409e0 - - default default] Successfully bumped revision number for resource c560b66a-c893-4180-9f51-5e93f014d117 (type: security_group_rules) to 0
2026-07-16 01:35:05.028 9 INFO neutron.db.ovn_revision_numbers_db [None req-6d3c66e0-c25c-489f-841e-1ea058cb1a64 85f4d8bff5ed4c0a9bf6f206c88f0244 9c48f3076ec94bbfbcc25773060f2628 - - default default] Successfully bumped revision number for resource f54d44ed-5e15-4ab2-a36e-142d0c68ffd6 (type: security_group_rules) to 0
2026-07-16 01:35:05.041 10 INFO neutron.db.ovn_revision_numbers_db [None req-909d825e-ffda-4bfc-971f-fdd775115cc9 78cdee3560364ecabe97f7ba39ed180a 2ac45a89b4c64f3eae2844ae4f7409e0 - - default default] Successfully bumped revision number for resource dfc90ec5-9f24-401e-8650-f3fae061ae81 (type: security_group_rules) to 0
2026-07-16 01:35:05.086 10 INFO neutron.wsgi [None req-95de0c8a-88a1-433b-b275-84f15913352c d820dc69025e459489f1f963b7dcb981 6a2907b7dded4e32bb1f33dd1010ea75 - - default default] 10.0.0.125 "PUT /v2.0/routers/3466c7da-df72-4ea1-a7b6-52d07b8b3be0/remove_router_interface HTTP/1.1" status: 200 len: 503 time: 1.1685321
2026-07-16 01:35:05.093 9 INFO neutron.db.segments_db [None req-6d3c66e0-c25c-489f-841e-1ea058cb1a64 85f4d8bff5ed4c0a9bf6f206c88f0244 9c48f3076ec94bbfbcc25773060f2628 - - default default] Added segment 6de0d3f6-7727-4097-b9f7-392cef067a49 of type geneve for network d4f5b986-d7d4-4365-9685-5379bac3f7f9 /var/lib/openstack/lib/python3.10/site-packages/pycadf/identifier.py:71: UserWarning: Invalid uuid: neutron. To ensure interoperability, identifiers should be a valid uuid. warnings.warn(('Invalid uuid: %s. To ensure interoperability, '
2026-07-16 01:35:05.160 10 INFO neutron.db.segments_db [None req-909d825e-ffda-4bfc-971f-fdd775115cc9 78cdee3560364ecabe97f7ba39ed180a 2ac45a89b4c64f3eae2844ae4f7409e0 - - default default] Added segment 561b4c4c-93cb-443e-81e6-ccb7b1e22e63 of type geneve for network 561e81ae-f8ab-400a-a5e3-29a909e94abb
2026-07-16 01:35:05.247 9 INFO neutron.db.ovn_revision_numbers_db [None req-6d3c66e0-c25c-489f-841e-1ea058cb1a64 85f4d8bff5ed4c0a9bf6f206c88f0244 9c48f3076ec94bbfbcc25773060f2628 - - default default] Successfully bumped revision number for resource d4f5b986-d7d4-4365-9685-5379bac3f7f9 (type: networks) to 1
2026-07-16 01:35:05.425 10 INFO neutron.db.ovn_revision_numbers_db [None req-909d825e-ffda-4bfc-971f-fdd775115cc9 78cdee3560364ecabe97f7ba39ed180a 2ac45a89b4c64f3eae2844ae4f7409e0 - - default default] Successfully bumped revision number for resource 561e81ae-f8ab-400a-a5e3-29a909e94abb (type: networks) to 1
2026-07-16 01:35:05.458 9 WARNING neutron.scheduler.dhcp_agent_scheduler [None req-6d3c66e0-c25c-489f-841e-1ea058cb1a64 85f4d8bff5ed4c0a9bf6f206c88f0244 9c48f3076ec94bbfbcc25773060f2628 - - default default] No more DHCP agents
2026-07-16 01:35:05.460 9 WARNING neutron.api.rpc.agentnotifiers.dhcp_rpc_agent_api [None req-6d3c66e0-c25c-489f-841e-1ea058cb1a64 85f4d8bff5ed4c0a9bf6f206c88f0244 9c48f3076ec94bbfbcc25773060f2628 - - default default] Unable to schedule network d4f5b986-d7d4-4365-9685-5379bac3f7f9: no agents available; will retry on subsequent port and subnet creation events.
2026-07-16 01:35:05.545 9 INFO neutron.db.ovn_revision_numbers_db [None req-6d3c66e0-c25c-489f-841e-1ea058cb1a64 85f4d8bff5ed4c0a9bf6f206c88f0244 9c48f3076ec94bbfbcc25773060f2628 - - default default] Successfully bumped revision number for resource cc7b1268-cae1-470e-950a-6025db3a8a66 (type: ports) to 1
2026-07-16 01:35:05.551 10 WARNING neutron.scheduler.dhcp_agent_scheduler [None req-8f693973-e966-47e1-8822-aaafdfb1af17 2bec5b4337c347b4af3bf71fa56c0a47 834fd3a6964c49dea79b830014683c75 - - default default] No more DHCP agents
2026-07-16 01:35:05.557 10 WARNING neutron.api.rpc.agentnotifiers.dhcp_rpc_agent_api [None req-8f693973-e966-47e1-8822-aaafdfb1af17 2bec5b4337c347b4af3bf71fa56c0a47 834fd3a6964c49dea79b830014683c75 - - default default] Unable to schedule network 41e2105a-107e-4de7-ab90-5ea035ee11ee: no agents available; will retry on subsequent port and subnet creation events.
2026-07-16 01:35:05.566 9 INFO neutron.wsgi [None req-6d3c66e0-c25c-489f-841e-1ea058cb1a64 85f4d8bff5ed4c0a9bf6f206c88f0244 9c48f3076ec94bbfbcc25773060f2628 - - default default] 10.0.0.125 "POST /v2.0/networks HTTP/1.1" status: 201 len: 842 time: 0.7727876
2026-07-16 01:35:05.742 10 WARNING neutron.scheduler.dhcp_agent_scheduler [None req-909d825e-ffda-4bfc-971f-fdd775115cc9 78cdee3560364ecabe97f7ba39ed180a 2ac45a89b4c64f3eae2844ae4f7409e0 - - default default] No more DHCP agents
2026-07-16 01:35:05.748 10 WARNING neutron.api.rpc.agentnotifiers.dhcp_rpc_agent_api [None req-909d825e-ffda-4bfc-971f-fdd775115cc9 78cdee3560364ecabe97f7ba39ed180a 2ac45a89b4c64f3eae2844ae4f7409e0 - - default default] Unable to schedule network 561e81ae-f8ab-400a-a5e3-29a909e94abb: no agents available; will retry on subsequent port and subnet creation events.
2026-07-16 01:35:05.859 9 WARNING neutron.scheduler.dhcp_agent_scheduler [None req-0d708b61-c46c-4145-93f8-957c062fb790 85f4d8bff5ed4c0a9bf6f206c88f0244 9c48f3076ec94bbfbcc25773060f2628 - - default default] No more DHCP agents
2026-07-16 01:35:05.861 9 WARNING neutron.api.rpc.agentnotifiers.dhcp_rpc_agent_api [None req-0d708b61-c46c-4145-93f8-957c062fb790 85f4d8bff5ed4c0a9bf6f206c88f0244 9c48f3076ec94bbfbcc25773060f2628 - - default default] Unable to schedule network d4f5b986-d7d4-4365-9685-5379bac3f7f9: no agents available; will retry on subsequent port and subnet creation events.
2026-07-16 01:35:05.907 10 INFO neutron.db.ovn_revision_numbers_db [None req-909d825e-ffda-4bfc-971f-fdd775115cc9 78cdee3560364ecabe97f7ba39ed180a 2ac45a89b4c64f3eae2844ae4f7409e0 - - default default] Successfully bumped revision number for resource d54100f8-8ed9-4fb7-9864-75ac28b94a82 (type: ports) to 1
2026-07-16 01:35:05.943 10 INFO neutron.wsgi [None req-909d825e-ffda-4bfc-971f-fdd775115cc9 78cdee3560364ecabe97f7ba39ed180a 2ac45a89b4c64f3eae2844ae4f7409e0 - - default default] 10.0.0.125 "POST /v2.0/networks HTTP/1.1" status: 201 len: 831 time: 1.3396180
2026-07-16 01:35:06.161 10 INFO neutron.wsgi [None req-9c6312f0-c481-474f-a3f0-9ef4c25c347c d820dc69025e459489f1f963b7dcb981 6a2907b7dded4e32bb1f33dd1010ea75 - - default default] 10.0.0.125 "DELETE /v2.0/routers/3466c7da-df72-4ea1-a7b6-52d07b8b3be0 HTTP/1.1" status: 204 len: 168 time: 1.0686948
2026-07-16 01:35:06.195 10 INFO neutron.db.ovn_revision_numbers_db [None req-8f693973-e966-47e1-8822-aaafdfb1af17 2bec5b4337c347b4af3bf71fa56c0a47 834fd3a6964c49dea79b830014683c75 - - default default] Successfully bumped revision number for resource 12cbe1ed-2a6c-49b1-a006-ff00975877c7 (type: floatingips) to 0
2026-07-16 01:35:06.212 10 INFO neutron.wsgi [None req-8f693973-e966-47e1-8822-aaafdfb1af17 2bec5b4337c347b4af3bf71fa56c0a47 834fd3a6964c49dea79b830014683c75 - - default default] 10.0.0.125 "POST /v2.0/floatingips HTTP/1.1" status: 201 len: 751 time: 1.2287741
2026-07-16 01:35:06.261 9 INFO neutron.db.ovn_revision_numbers_db [None req-0d708b61-c46c-4145-93f8-957c062fb790 85f4d8bff5ed4c0a9bf6f206c88f0244 9c48f3076ec94bbfbcc25773060f2628 - - default default] Successfully bumped revision number for resource cc7b1268-cae1-470e-950a-6025db3a8a66 (type: ports) to 2
2026-07-16 01:35:06.296 9 INFO neutron.db.ovn_revision_numbers_db [None req-0d708b61-c46c-4145-93f8-957c062fb790 85f4d8bff5ed4c0a9bf6f206c88f0244 9c48f3076ec94bbfbcc25773060f2628 - - default default] Successfully bumped revision number for resource 3f4a6c0f-8b4a-40f3-b1c5-931853278283 (type: subnets) to 0
2026-07-16 01:35:06.311 9 INFO neutron.wsgi [None req-0d708b61-c46c-4145-93f8-957c062fb790 85f4d8bff5ed4c0a9bf6f206c88f0244 9c48f3076ec94bbfbcc25773060f2628 - - default default] 10.0.0.125 "POST /v2.0/subnets HTTP/1.1" status: 201 len: 816 time: 0.7139790
2026-07-16 01:35:06.398 10 WARNING neutron.scheduler.dhcp_agent_scheduler [None req-a5b9e664-7280-48c2-8f26-51d3b54d3a7d 78cdee3560364ecabe97f7ba39ed180a 2ac45a89b4c64f3eae2844ae4f7409e0 - - default default] No more DHCP agents
2026-07-16 01:35:06.405 10 WARNING neutron.api.rpc.agentnotifiers.dhcp_rpc_agent_api [None req-a5b9e664-7280-48c2-8f26-51d3b54d3a7d 78cdee3560364ecabe97f7ba39ed180a 2ac45a89b4c64f3eae2844ae4f7409e0 - - default default] Unable to schedule network 561e81ae-f8ab-400a-a5e3-29a909e94abb: no agents available; will retry on subsequent port and subnet creation events.
2026-07-16 01:35:06.414 9 INFO neutron.db.segments_db [None req-d55c558a-d65a-4ce3-848f-f5de9f1a3f22 85f4d8bff5ed4c0a9bf6f206c88f0244 9c48f3076ec94bbfbcc25773060f2628 - - default default] Added segment fd172316-fa62-41ac-8c29-745ed8a5a80b of type geneve for network 8520aee2-94b3-4fad-aff8-09140c964b6a
2026-07-16 01:35:06.748 10 INFO neutron.wsgi [None req-e084430c-9e0b-4468-b73b-018b383cd0a2 d820dc69025e459489f1f963b7dcb981 6a2907b7dded4e32bb1f33dd1010ea75 - - default default] 10.0.0.125 "DELETE /v2.0/subnets/dbc857fe-42db-4413-af0d-fd9f98d4f8b5 HTTP/1.1" status: 204 len: 168 time: 0.5820823
2026-07-16 01:35:06.837 9 INFO neutron.db.ovn_revision_numbers_db [None req-d55c558a-d65a-4ce3-848f-f5de9f1a3f22 85f4d8bff5ed4c0a9bf6f206c88f0244 9c48f3076ec94bbfbcc25773060f2628 - - default default] Successfully bumped revision number for resource 8520aee2-94b3-4fad-aff8-09140c964b6a (type: networks) to 1
2026-07-16 01:35:06.871 10 WARNING neutron.scheduler.dhcp_agent_scheduler [None req-c686c44d-62b2-439e-87ad-6d7b367278b1 2bec5b4337c347b4af3bf71fa56c0a47 834fd3a6964c49dea79b830014683c75 - - default default] No more DHCP agents
2026-07-16 01:35:06.874 10 WARNING neutron.api.rpc.agentnotifiers.dhcp_rpc_agent_api [None req-c686c44d-62b2-439e-87ad-6d7b367278b1 2bec5b4337c347b4af3bf71fa56c0a47 834fd3a6964c49dea79b830014683c75 - - default default] Unable to schedule network 41e2105a-107e-4de7-ab90-5ea035ee11ee: no agents available; will retry on subsequent port and subnet creation events.
2026-07-16 01:35:07.035 9 WARNING neutron.scheduler.dhcp_agent_scheduler [None req-d55c558a-d65a-4ce3-848f-f5de9f1a3f22 85f4d8bff5ed4c0a9bf6f206c88f0244 9c48f3076ec94bbfbcc25773060f2628 - - default default] No more DHCP agents
2026-07-16 01:35:07.039 9 WARNING neutron.api.rpc.agentnotifiers.dhcp_rpc_agent_api [None req-d55c558a-d65a-4ce3-848f-f5de9f1a3f22 85f4d8bff5ed4c0a9bf6f206c88f0244 9c48f3076ec94bbfbcc25773060f2628 - - default default] Unable to schedule network 8520aee2-94b3-4fad-aff8-09140c964b6a: no agents available; will retry on subsequent port and subnet creation events.
2026-07-16 01:35:07.182 9 INFO neutron.db.ovn_revision_numbers_db [None req-d55c558a-d65a-4ce3-848f-f5de9f1a3f22 85f4d8bff5ed4c0a9bf6f206c88f0244 9c48f3076ec94bbfbcc25773060f2628 - - default default] Successfully bumped revision number for resource eaf5b68e-cd6c-48ae-82cb-543f4b620bc6 (type: ports) to 1
2026-07-16 01:35:07.190 9 INFO neutron.services.segments.plugin [-] Segment 6d5e0d97-e34d-4dcf-be5d-436b9530394d resource provider aggregate not found
2026-07-16 01:35:07.195 9 INFO neutron.services.segments.plugin [-] Segment 6d5e0d97-e34d-4dcf-be5d-436b9530394d resource provider aggregate not found
2026-07-16 01:35:07.210 9 INFO neutron.services.segments.plugin [-] Segment 6d5e0d97-e34d-4dcf-be5d-436b9530394d resource provider not found; error: Placement Client Error (4xx): {"errors": [{"status": 404, "title": "Not Found", "detail": "The resource could not be found.\n\n No resource provider with uuid 6d5e0d97-e34d-4dcf-be5d-436b9530394d found for delete ", "request_id": "req-854a5dbb-5bfc-44e5-a90c-627cbb9a3ea9"}]}
2026-07-16 01:35:07.212 9 INFO neutron.services.segments.plugin [-] Segment 6d5e0d97-e34d-4dcf-be5d-436b9530394d resource provider not found; error: Placement Client Error (4xx): {"errors": [{"status": 404, "title": "Not Found", "detail": "The resource could not be found.\n\n No resource provider with uuid 6d5e0d97-e34d-4dcf-be5d-436b9530394d found for delete ", "request_id": "req-1b0a868d-f651-478c-9d45-7c1399385e05"}]}
2026-07-16 01:35:07.224 9 INFO neutron.wsgi [None req-d55c558a-d65a-4ce3-848f-f5de9f1a3f22 85f4d8bff5ed4c0a9bf6f206c88f0244 9c48f3076ec94bbfbcc25773060f2628 - - default default] 10.0.0.125 "POST /v2.0/networks HTTP/1.1" status: 201 len: 842 time: 0.9029469
2026-07-16 01:35:07.245 9 INFO neutron.wsgi [None req-b257a6fa-667a-49dd-82ef-82d33741f714 d820dc69025e459489f1f963b7dcb981 6a2907b7dded4e32bb1f33dd1010ea75 - - default default] 10.0.0.125 "DELETE /v2.0/networks/8b93859c-c43e-4639-a36b-eb1934944222 HTTP/1.1" status: 204 len: 168 time: 0.4895904
2026-07-16 01:35:07.290 10 INFO neutron.db.ovn_revision_numbers_db [None req-a5b9e664-7280-48c2-8f26-51d3b54d3a7d 78cdee3560364ecabe97f7ba39ed180a 2ac45a89b4c64f3eae2844ae4f7409e0 - - default default] Successfully bumped revision number for resource d54100f8-8ed9-4fb7-9864-75ac28b94a82 (type: ports) to 2
2026-07-16 01:35:07.312 10 INFO neutron.db.ovn_revision_numbers_db [None req-c686c44d-62b2-439e-87ad-6d7b367278b1 2bec5b4337c347b4af3bf71fa56c0a47 834fd3a6964c49dea79b830014683c75 - - default default] Successfully bumped revision number for resource 4a350acc-3cbb-4bf7-a9dd-c4b735bd3ddf (type: floatingips) to 0
2026-07-16 01:35:07.321 10 INFO neutron.db.ovn_revision_numbers_db [None req-a5b9e664-7280-48c2-8f26-51d3b54d3a7d 78cdee3560364ecabe97f7ba39ed180a 2ac45a89b4c64f3eae2844ae4f7409e0 - - default default] Successfully bumped revision number for resource 5f1bd64c-25eb-446b-b109-c3ade4de15c0 (type: subnets) to 0
