2026-07-16 01:36:56.883 9 INFO neutron.wsgi [None req-dc3e6cc1-bcb9-4abc-9976-b7f2bf6990bc 71a02ede1aa64963b0d1293036233448 b0de8229e0344c1a89ed044dd4eeba52 - - default default] 10.0.0.125 "PUT /v2.0/floatingips/46ba6b35-e2d3-4172-a28e-82d7e5c85594 HTTP/1.1" status: 200 len: 1049 time: 0.5734427 /var/lib/openstack/lib/python3.10/site-packages/pycadf/identifier.py:71: UserWarning: Invalid uuid: neutron. To ensure interoperability, identifiers should be a valid uuid. warnings.warn(('Invalid uuid: %s. To ensure interoperability, '
2026-07-16 01:36:56.918 9 INFO neutron.notifiers.nova [-] Nova event matching ['req-5823f19e-7192-453f-b29f-c04e77d632a8'] response: {'name': 'network-changed', 'server_uuid': '68217570-087f-4b04-90ec-e30b7b0c4569', 'tag': '634f2a6b-5012-41ba-bbd4-8badc4a98781', 'status': 'completed', 'code': 200}
2026-07-16 01:36:56.939 10 INFO neutron.wsgi [None req-a38a2924-7883-49a5-bbc0-5688407428c3 71a02ede1aa64963b0d1293036233448 b0de8229e0344c1a89ed044dd4eeba52 - - default default] 10.0.0.125 "GET /v2.0/floatingips/46ba6b35-e2d3-4172-a28e-82d7e5c85594 HTTP/1.1" status: 200 len: 1051 time: 0.0505347
2026-07-16 01:36:56.970 10 INFO neutron.wsgi [req-0cfa3c3c-278a-40f2-8244-6ec7839b377d req-ab136842-ade8-48f6-ab8b-47b67bfbac45 f2009d61f05c4ebfa692b82a4d8d0e5d bddf8de969774b3bbb48bd698541de3e - - 77a314461d9143cd92d4acfd3cd81ae8 77a314461d9143cd92d4acfd3cd81ae8] 199.204.45.53 "GET /v2.0/ports?tenant_id=b0de8229e0344c1a89ed044dd4eeba52&device_id=68217570-087f-4b04-90ec-e30b7b0c4569 HTTP/1.1" status: 200 len: 1409 time: 0.0296822
2026-07-16 01:36:57.035 10 INFO neutron.wsgi [req-0cfa3c3c-278a-40f2-8244-6ec7839b377d req-1c29aa35-7cac-4787-b911-ca8ca3f74250 f2009d61f05c4ebfa692b82a4d8d0e5d bddf8de969774b3bbb48bd698541de3e - - 77a314461d9143cd92d4acfd3cd81ae8 77a314461d9143cd92d4acfd3cd81ae8] 199.204.45.53 "GET /v2.0/networks?id=0b8d3861-debf-445f-8700-e4fae7d54a4d HTTP/1.1" status: 200 len: 959 time: 0.0598357
2026-07-16 01:36:57.083 10 INFO neutron.wsgi [req-0cfa3c3c-278a-40f2-8244-6ec7839b377d req-73842fd7-aec9-44b9-88aa-41c4cc30ab5d f2009d61f05c4ebfa692b82a4d8d0e5d bddf8de969774b3bbb48bd698541de3e - - 77a314461d9143cd92d4acfd3cd81ae8 77a314461d9143cd92d4acfd3cd81ae8] 199.204.45.53 "GET /v2.0/floatingips?fixed_ip_address=10.100.0.7&port_id=634f2a6b-5012-41ba-bbd4-8badc4a98781 HTTP/1.1" status: 200 len: 1059 time: 0.0427094
2026-07-16 01:36:57.118 10 INFO neutron.wsgi [req-0cfa3c3c-278a-40f2-8244-6ec7839b377d req-9865b8ed-ae7b-4309-a221-de1c798f4186 f2009d61f05c4ebfa692b82a4d8d0e5d bddf8de969774b3bbb48bd698541de3e - - 77a314461d9143cd92d4acfd3cd81ae8 77a314461d9143cd92d4acfd3cd81ae8] 199.204.45.53 "GET /v2.0/subnets?id=d125dfcc-4f4b-4e4b-bb1a-e8bdef2ec751 HTTP/1.1" status: 200 len: 852 time: 0.0289178
2026-07-16 01:36:57.148 10 INFO neutron.wsgi [req-0cfa3c3c-278a-40f2-8244-6ec7839b377d req-880dc039-70c8-41b2-b45a-2d9dc4d59997 f2009d61f05c4ebfa692b82a4d8d0e5d bddf8de969774b3bbb48bd698541de3e - - 77a314461d9143cd92d4acfd3cd81ae8 77a314461d9143cd92d4acfd3cd81ae8] 199.204.45.53 "GET /v2.0/ports?network_id=0b8d3861-debf-445f-8700-e4fae7d54a4d&device_owner=network%3Adhcp HTTP/1.1" status: 200 len: 210 time: 0.0219560
2026-07-16 01:36:57.212 10 INFO neutron.wsgi [req-0cfa3c3c-278a-40f2-8244-6ec7839b377d req-8dba8bf6-db6c-45e7-aab4-befc3cecd00b f2009d61f05c4ebfa692b82a4d8d0e5d bddf8de969774b3bbb48bd698541de3e - - 77a314461d9143cd92d4acfd3cd81ae8 77a314461d9143cd92d4acfd3cd81ae8] 199.204.45.53 "GET /v2.0/networks/0b8d3861-debf-445f-8700-e4fae7d54a4d?fields=segments HTTP/1.1" status: 200 len: 212 time: 0.0565207
2026-07-16 01:36:57.271 10 INFO neutron.wsgi [req-0cfa3c3c-278a-40f2-8244-6ec7839b377d req-8d017f11-fa63-4cd8-bb52-2b4cda994672 f2009d61f05c4ebfa692b82a4d8d0e5d bddf8de969774b3bbb48bd698541de3e - - 77a314461d9143cd92d4acfd3cd81ae8 77a314461d9143cd92d4acfd3cd81ae8] 199.204.45.53 "GET /v2.0/networks/0b8d3861-debf-445f-8700-e4fae7d54a4d?fields=provider%3Aphysical_network&fields=provider%3Anetwork_type HTTP/1.1" status: 200 len: 277 time: 0.0537815 /var/lib/openstack/lib/python3.10/site-packages/pycadf/identifier.py:71: UserWarning: Invalid uuid: neutron. To ensure interoperability, identifiers should be a valid uuid. warnings.warn(('Invalid uuid: %s. To ensure interoperability, '
2026-07-16 01:36:59.313 9 INFO neutron.wsgi [req-1afc1368-5750-4deb-b090-8623b6914400 req-55cbc1de-6e69-4103-8810-bb343ac6c727 f2009d61f05c4ebfa692b82a4d8d0e5d bddf8de969774b3bbb48bd698541de3e - - 77a314461d9143cd92d4acfd3cd81ae8 77a314461d9143cd92d4acfd3cd81ae8] 10.0.0.143 "GET /v2.0/ports?device_id=4b177d21-0adc-47a5-a861-ed1bbfa61893 HTTP/1.1" status: 200 len: 1638 time: 0.0336814
2026-07-16 01:36:59.356 9 INFO neutron.wsgi [req-1afc1368-5750-4deb-b090-8623b6914400 req-8a19c207-4c27-4440-a277-0278079e4ba7 f2009d61f05c4ebfa692b82a4d8d0e5d bddf8de969774b3bbb48bd698541de3e - - 77a314461d9143cd92d4acfd3cd81ae8 77a314461d9143cd92d4acfd3cd81ae8] 10.0.0.143 "GET /v2.0/security-groups?id=730bbe63-7ee7-4552-800d-4acabd7a5e78&fields=id&fields=name HTTP/1.1" status: 200 len: 311 time: 0.0374172
2026-07-16 01:37:03.177 10 INFO neutron.wsgi [req-a6653324-2a13-4411-81bd-c999281206ca req-9194a491-f42a-4f1b-89c2-0c7a07ad2fbd f2009d61f05c4ebfa692b82a4d8d0e5d bddf8de969774b3bbb48bd698541de3e - - 77a314461d9143cd92d4acfd3cd81ae8 77a314461d9143cd92d4acfd3cd81ae8] 199.204.45.53 "GET /v2.0/ports?device_id=ef8fc06a-1138-458c-a5d4-88760b0aad1e&fields=binding%3Ahost_id&fields=binding%3Avif_type HTTP/1.1" status: 200 len: 265 time: 0.2675710
2026-07-16 01:37:03.252 10 INFO neutron.wsgi [req-a6653324-2a13-4411-81bd-c999281206ca req-3b61067e-5068-4ec8-b33a-3a4eaca2a4a8 f2009d61f05c4ebfa692b82a4d8d0e5d bddf8de969774b3bbb48bd698541de3e - - 77a314461d9143cd92d4acfd3cd81ae8 77a314461d9143cd92d4acfd3cd81ae8] 199.204.45.53 "GET /v2.0/ports?tenant_id=b0de8229e0344c1a89ed044dd4eeba52&device_id=ef8fc06a-1138-458c-a5d4-88760b0aad1e HTTP/1.1" status: 200 len: 1409 time: 0.0379465
2026-07-16 01:37:03.344 10 INFO neutron.wsgi [req-a6653324-2a13-4411-81bd-c999281206ca req-0f4af6ed-08c6-449b-bdd2-f5318bdcd511 f2009d61f05c4ebfa692b82a4d8d0e5d bddf8de969774b3bbb48bd698541de3e - - 77a314461d9143cd92d4acfd3cd81ae8 77a314461d9143cd92d4acfd3cd81ae8] 199.204.45.53 "GET /v2.0/networks?id=0b8d3861-debf-445f-8700-e4fae7d54a4d HTTP/1.1" status: 200 len: 959 time: 0.0718615
2026-07-16 01:37:03.378 10 INFO neutron.wsgi [req-a6653324-2a13-4411-81bd-c999281206ca req-bb2bbe78-83fc-4625-9c11-da8c64d80b7d f2009d61f05c4ebfa692b82a4d8d0e5d bddf8de969774b3bbb48bd698541de3e - - 77a314461d9143cd92d4acfd3cd81ae8 77a314461d9143cd92d4acfd3cd81ae8] 199.204.45.53 "GET /v2.0/floatingips?fixed_ip_address=10.100.0.3&port_id=62a1fd5e-101a-426d-b5fe-bdb815effbad HTTP/1.1" status: 200 len: 217 time: 0.0298483
2026-07-16 01:37:03.416 10 INFO neutron.wsgi [req-a6653324-2a13-4411-81bd-c999281206ca req-1623e434-a827-42a2-b9e5-ee9ab75d0042 f2009d61f05c4ebfa692b82a4d8d0e5d bddf8de969774b3bbb48bd698541de3e - - 77a314461d9143cd92d4acfd3cd81ae8 77a314461d9143cd92d4acfd3cd81ae8] 199.204.45.53 "GET /v2.0/subnets?id=d125dfcc-4f4b-4e4b-bb1a-e8bdef2ec751 HTTP/1.1" status: 200 len: 852 time: 0.0300713
2026-07-16 01:37:03.444 10 INFO neutron.wsgi [req-a6653324-2a13-4411-81bd-c999281206ca req-19455012-d989-4b09-b528-cafdc81d5758 f2009d61f05c4ebfa692b82a4d8d0e5d bddf8de969774b3bbb48bd698541de3e - - 77a314461d9143cd92d4acfd3cd81ae8 77a314461d9143cd92d4acfd3cd81ae8] 199.204.45.53 "GET /v2.0/ports?network_id=0b8d3861-debf-445f-8700-e4fae7d54a4d&device_owner=network%3Adhcp HTTP/1.1" status: 200 len: 210 time: 0.0202956
2026-07-16 01:37:03.502 10 INFO neutron.wsgi [req-a6653324-2a13-4411-81bd-c999281206ca req-92f6deab-aa93-4af5-bd79-4c495b5556c8 f2009d61f05c4ebfa692b82a4d8d0e5d bddf8de969774b3bbb48bd698541de3e - - 77a314461d9143cd92d4acfd3cd81ae8 77a314461d9143cd92d4acfd3cd81ae8] 199.204.45.53 "GET /v2.0/networks/0b8d3861-debf-445f-8700-e4fae7d54a4d?fields=segments HTTP/1.1" status: 200 len: 212 time: 0.0531831
2026-07-16 01:37:03.569 10 INFO neutron.wsgi [req-a6653324-2a13-4411-81bd-c999281206ca req-a265a2d8-0904-4ab2-b7a8-26be5c48e618 f2009d61f05c4ebfa692b82a4d8d0e5d bddf8de969774b3bbb48bd698541de3e - - 77a314461d9143cd92d4acfd3cd81ae8 77a314461d9143cd92d4acfd3cd81ae8] 199.204.45.53 "GET /v2.0/networks/0b8d3861-debf-445f-8700-e4fae7d54a4d?fields=provider%3Aphysical_network&fields=provider%3Anetwork_type HTTP/1.1" status: 200 len: 277 time: 0.0613101
2026-07-16 01:37:03.914 10 INFO neutron.wsgi [None req-36fe73f6-e113-4a61-81e7-d04c46195829 adee74d39c23449ea9beeecc3b7c7782 a3fbab6865fa4b2484296171ba35ac2b - - default default] 10.0.0.125 "GET /v2.0/subnets/1611223e-2752-4d34-9d4d-7227377e4655 HTTP/1.1" status: 200 len: 846 time: 0.0303588
2026-07-16 01:37:04.437 9 INFO neutron.wsgi [None req-bf2328c0-4e64-4427-bc6f-25a758c9f977 d820dc69025e459489f1f963b7dcb981 6a2907b7dded4e32bb1f33dd1010ea75 - - default default] 10.0.0.98 "GET /v2.0/extensions/security-group HTTP/1.1" status: 200 len: 369 time: 0.0551322
2026-07-16 01:37:04.450 9 INFO neutron.wsgi [None req-d4564075-863d-4b01-92b2-8972316cb0d6 d820dc69025e459489f1f963b7dcb981 6a2907b7dded4e32bb1f33dd1010ea75 - - default default] 10.0.0.98 "GET /v2.0/extensions/dns-integration HTTP/1.1" status: 200 len: 371 time: 0.0046437
2026-07-16 01:37:04.460 9 INFO neutron.wsgi [None req-c9b9f8eb-bfd0-43bc-95d4-2c4b0c70c104 d820dc69025e459489f1f963b7dcb981 6a2907b7dded4e32bb1f33dd1010ea75 - - default default] 10.0.0.98 "GET /v2.0/extensions/qos HTTP/1.1" status: 200 len: 365 time: 0.0044239
2026-07-16 01:37:04.471 9 INFO neutron.wsgi [None req-885b5f5b-d8c1-4965-92cd-0e7107005f46 d820dc69025e459489f1f963b7dcb981 6a2907b7dded4e32bb1f33dd1010ea75 - - default default] 10.0.0.98 "GET /v2.0/extensions/allowed-address-pairs HTTP/1.1" status: 200 len: 383 time: 0.0058017
2026-07-16 01:37:04.993 10 INFO neutron.wsgi [-] 10.0.0.98 "GET / HTTP/1.1" status: 200 len: 284 time: 0.0013301
2026-07-16 01:37:05.058 10 INFO neutron.wsgi [None req-5867d45c-c425-417a-b387-21fb01d3e843 66a288d9a0de4ae3878e3cb190988df0 80b3cbf551f74233afb70fd3dc27f2e2 - - default default] 10.0.0.98 "GET /v2.0/subnets/1611223e-2752-4d34-9d4d-7227377e4655 HTTP/1.1" status: 200 len: 833 time: 0.0550399
2026-07-16 01:37:05.071 9 INFO neutron.wsgi [None req-cf0feb67-603e-46e2-a94b-b05ced1cb0f6 d820dc69025e459489f1f963b7dcb981 6a2907b7dded4e32bb1f33dd1010ea75 - - default default] 10.0.0.98 "GET /v2.0/extensions/security-group HTTP/1.1" status: 200 len: 369 time: 0.0054629
2026-07-16 01:37:05.082 9 INFO neutron.wsgi [None req-465ab62b-ce85-4cd4-afe1-6c5aefacc636 d820dc69025e459489f1f963b7dcb981 6a2907b7dded4e32bb1f33dd1010ea75 - - default default] 10.0.0.98 "GET /v2.0/extensions/dns-integration HTTP/1.1" status: 200 len: 371 time: 0.0047352
2026-07-16 01:37:05.090 9 INFO neutron.wsgi [None req-16d3b9b3-54a2-4290-86e1-944883f58e9f d820dc69025e459489f1f963b7dcb981 6a2907b7dded4e32bb1f33dd1010ea75 - - default default] 10.0.0.98 "GET /v2.0/extensions/qos HTTP/1.1" status: 200 len: 365 time: 0.0041454
2026-07-16 01:37:05.100 9 INFO neutron.wsgi [None req-594d0942-eaf1-4fcb-bb0b-1c7c3c6be8b5 d820dc69025e459489f1f963b7dcb981 6a2907b7dded4e32bb1f33dd1010ea75 - - default default] 10.0.0.98 "GET /v2.0/extensions/allowed-address-pairs HTTP/1.1" status: 200 len: 383 time: 0.0043964
2026-07-16 01:37:05.144 9 INFO neutron.wsgi [None req-05b2b063-5860-4449-8f67-48c5b46a8a74 d820dc69025e459489f1f963b7dcb981 6a2907b7dded4e32bb1f33dd1010ea75 - - default default] 10.0.0.98 "GET /v2.0/subnets/1611223e-2752-4d34-9d4d-7227377e4655 HTTP/1.1" status: 200 len: 851 time: 0.0348969
2026-07-16 01:37:05.345 9 INFO neutron.wsgi [None req-9d83d6e1-15ed-40b1-89b3-a196d31deebe d820dc69025e459489f1f963b7dcb981 6a2907b7dded4e32bb1f33dd1010ea75 - - default default] 10.0.0.98 "GET /v2.0/extensions/security-group HTTP/1.1" status: 200 len: 369 time: 0.0077031
2026-07-16 01:37:05.353 9 INFO neutron.wsgi [None req-13a0cbfc-eada-49f4-a2d3-93493d78eb46 d820dc69025e459489f1f963b7dcb981 6a2907b7dded4e32bb1f33dd1010ea75 - - default default] 10.0.0.98 "GET /v2.0/extensions/dns-integration HTTP/1.1" status: 200 len: 371 time: 0.0042195
2026-07-16 01:37:05.361 9 INFO neutron.wsgi [None req-55e03749-fa9a-493e-b890-83de2e895288 d820dc69025e459489f1f963b7dcb981 6a2907b7dded4e32bb1f33dd1010ea75 - - default default] 10.0.0.98 "GET /v2.0/extensions/qos HTTP/1.1" status: 200 len: 365 time: 0.0041969
2026-07-16 01:37:05.369 9 INFO neutron.wsgi [None req-69fdc1c6-f9cf-42da-bc66-2cc95299fd6d d820dc69025e459489f1f963b7dcb981 6a2907b7dded4e32bb1f33dd1010ea75 - - default default] 10.0.0.98 "GET /v2.0/extensions/allowed-address-pairs HTTP/1.1" status: 200 len: 383 time: 0.0045216
2026-07-16 01:37:05.426 9 INFO neutron.wsgi [None req-18ce1aed-8738-4dc5-9a0c-8ff73c587823 d820dc69025e459489f1f963b7dcb981 6a2907b7dded4e32bb1f33dd1010ea75 - - default default] 10.0.0.98 "GET /v2.0/networks/01ba2485-e681-4234-bb87-6613515b62a1 HTTP/1.1" status: 200 len: 1002 time: 0.0521328
2026-07-16 01:37:05.433 9 INFO neutron.wsgi [None req-688a7380-c91d-4642-9da8-c36d4314bff7 d820dc69025e459489f1f963b7dcb981 6a2907b7dded4e32bb1f33dd1010ea75 - - default default] 10.0.0.98 "GET /v2.0/extensions/project-id HTTP/1.1" status: 200 len: 403 time: 0.0038431
2026-07-16 01:37:05.728 9 WARNING neutron.scheduler.dhcp_agent_scheduler [None req-3c2d9d08-e3f3-4424-ad48-3c4f3aec522a d820dc69025e459489f1f963b7dcb981 6a2907b7dded4e32bb1f33dd1010ea75 - - default default] No more DHCP agents
2026-07-16 01:37:05.731 9 WARNING neutron.api.rpc.agentnotifiers.dhcp_rpc_agent_api [None req-3c2d9d08-e3f3-4424-ad48-3c4f3aec522a d820dc69025e459489f1f963b7dcb981 6a2907b7dded4e32bb1f33dd1010ea75 - - default default] Unable to schedule network 01ba2485-e681-4234-bb87-6613515b62a1: no agents available; will retry on subsequent port and subnet creation events.
2026-07-16 01:37:05.903 9 INFO neutron.db.ovn_revision_numbers_db [None req-3c2d9d08-e3f3-4424-ad48-3c4f3aec522a d820dc69025e459489f1f963b7dcb981 6a2907b7dded4e32bb1f33dd1010ea75 - - default default] Successfully bumped revision number for resource 589e7eb4-6f2c-428b-b4d2-cc428a8957ea (type: ports) to 1
2026-07-16 01:37:05.926 9 INFO neutron.wsgi [None req-3c2d9d08-e3f3-4424-ad48-3c4f3aec522a d820dc69025e459489f1f963b7dcb981 6a2907b7dded4e32bb1f33dd1010ea75 - - default default] 10.0.0.98 "POST /v2.0/ports HTTP/1.1" status: 201 len: 1333 time: 0.4896188
2026-07-16 01:37:07.347 10 INFO neutron.wsgi [None req-c7daf35c-d827-4ee6-8358-a13fb7cea5bc d820dc69025e459489f1f963b7dcb981 6a2907b7dded4e32bb1f33dd1010ea75 - - default default] 199.204.45.53 "GET /v2.0/extensions/security-group HTTP/1.1" status: 200 len: 369 time: 0.0489309
2026-07-16 01:37:07.356 10 INFO neutron.wsgi [None req-cc013169-d54b-430b-a860-1710e36774db d820dc69025e459489f1f963b7dcb981 6a2907b7dded4e32bb1f33dd1010ea75 - - default default] 199.204.45.53 "GET /v2.0/extensions/dns-integration HTTP/1.1" status: 200 len: 371 time: 0.0037658
2026-07-16 01:37:07.366 10 INFO neutron.wsgi [None req-bdc2064e-a931-4d4b-9459-24ae35a01d15 d820dc69025e459489f1f963b7dcb981 6a2907b7dded4e32bb1f33dd1010ea75 - - default default] 199.204.45.53 "GET /v2.0/extensions/qos HTTP/1.1" status: 200 len: 365 time: 0.0065243
2026-07-16 01:37:07.376 10 INFO neutron.wsgi [None req-d7d24660-00d9-45b9-9329-1b62f56eb316 d820dc69025e459489f1f963b7dcb981 6a2907b7dded4e32bb1f33dd1010ea75 - - default default] 199.204.45.53 "GET /v2.0/extensions/allowed-address-pairs HTTP/1.1" status: 200 len: 383 time: 0.0055037
2026-07-16 01:37:07.415 10 INFO neutron.wsgi [None req-221ea9b7-c86a-4366-9142-4a2dcbcf4814 d820dc69025e459489f1f963b7dcb981 6a2907b7dded4e32bb1f33dd1010ea75 - - default default] 199.204.45.53 "GET /v2.0/ports/589e7eb4-6f2c-428b-b4d2-cc428a8957ea HTTP/1.1" status: 200 len: 1328 time: 0.0307770 /var/lib/openstack/lib/python3.10/site-packages/pycadf/identifier.py:71: UserWarning: Invalid uuid: neutron. To ensure interoperability, identifiers should be a valid uuid. warnings.warn(('Invalid uuid: %s. To ensure interoperability, '
2026-07-16 01:37:07.453 9 INFO neutron.wsgi [req-647bd7cb-086d-4e6c-8458-006c33e1458b req-b06602b8-9f59-4604-a902-a28b8f55fad4 f2009d61f05c4ebfa692b82a4d8d0e5d bddf8de969774b3bbb48bd698541de3e - - 77a314461d9143cd92d4acfd3cd81ae8 77a314461d9143cd92d4acfd3cd81ae8] 10.0.0.143 "GET /v2.0/ports?device_id=68217570-087f-4b04-90ec-e30b7b0c4569 HTTP/1.1" status: 200 len: 1409 time: 0.0363002
2026-07-16 01:37:07.495 9 INFO neutron.wsgi [req-647bd7cb-086d-4e6c-8458-006c33e1458b req-47540c81-52f5-4fec-a16b-29b7aa5288c6 f2009d61f05c4ebfa692b82a4d8d0e5d bddf8de969774b3bbb48bd698541de3e - - 77a314461d9143cd92d4acfd3cd81ae8 77a314461d9143cd92d4acfd3cd81ae8] 10.0.0.143 "GET /v2.0/security-groups?id=4e0d3cff-48a4-41ac-9021-cd416e220af1&fields=id&fields=name HTTP/1.1" status: 200 len: 313 time: 0.0353835
2026-07-16 01:37:07.514 10 INFO neutron.wsgi [None req-8fc02267-d4aa-4322-befa-ef0628457957 d820dc69025e459489f1f963b7dcb981 6a2907b7dded4e32bb1f33dd1010ea75 - - default default] 199.204.45.53 "GET /v2.0/extensions/security-group HTTP/1.1" status: 200 len: 369 time: 0.0100317
2026-07-16 01:37:07.525 10 INFO neutron.wsgi [None req-0888166a-338c-4043-b0ed-c48e3ffc2e66 d820dc69025e459489f1f963b7dcb981 6a2907b7dded4e32bb1f33dd1010ea75 - - default default] 199.204.45.53 "GET /v2.0/extensions/dns-integration HTTP/1.1" status: 200 len: 371 time: 0.0050602
2026-07-16 01:37:07.533 10 INFO neutron.wsgi [None req-7bbf46e2-b82f-409d-b93b-6aeebfbf8dc2 d820dc69025e459489f1f963b7dcb981 6a2907b7dded4e32bb1f33dd1010ea75 - - default default] 199.204.45.53 "GET /v2.0/extensions/qos HTTP/1.1" status: 200 len: 365 time: 0.0049412
2026-07-16 01:37:07.543 10 INFO neutron.wsgi [None req-6ec12be4-8a39-4bcd-a9f6-d15e404a1a4d d820dc69025e459489f1f963b7dcb981 6a2907b7dded4e32bb1f33dd1010ea75 - - default default] 199.204.45.53 "GET /v2.0/extensions/allowed-address-pairs HTTP/1.1" status: 200 len: 383 time: 0.0053635
2026-07-16 01:37:07.577 10 INFO neutron.wsgi [None req-954f6a75-77f5-42c0-b465-513399facb54 d820dc69025e459489f1f963b7dcb981 6a2907b7dded4e32bb1f33dd1010ea75 - - default default] 199.204.45.53 "GET /v2.0/security-groups?name=lb-ceecdbb8-fa87-49ea-af9c-65dad09c3938 HTTP/1.1" status: 200 len: 221 time: 0.0286152
2026-07-16 01:37:07.702 10 INFO neutron.db.ovn_revision_numbers_db [None req-68c5d9fb-1f35-4ade-8992-860f151674e7 d820dc69025e459489f1f963b7dcb981 6a2907b7dded4e32bb1f33dd1010ea75 - - default default] Successfully bumped revision number for resource 1bb9968c-b96b-46f8-87bc-102f2701e130 (type: security_groups) to 1
2026-07-16 01:37:07.724 10 INFO neutron.db.ovn_revision_numbers_db [None req-68c5d9fb-1f35-4ade-8992-860f151674e7 d820dc69025e459489f1f963b7dcb981 6a2907b7dded4e32bb1f33dd1010ea75 - - default default] Successfully bumped revision number for resource 0a6d1aad-4dfd-4888-b747-78ac49ea490a (type: security_group_rules) to 0
2026-07-16 01:37:07.749 10 INFO neutron.db.ovn_revision_numbers_db [None req-68c5d9fb-1f35-4ade-8992-860f151674e7 d820dc69025e459489f1f963b7dcb981 6a2907b7dded4e32bb1f33dd1010ea75 - - default default] Successfully bumped revision number for resource da20bed5-2ee5-4003-88cd-34b01e600583 (type: security_group_rules) to 0
2026-07-16 01:37:07.788 10 INFO neutron.wsgi [None req-68c5d9fb-1f35-4ade-8992-860f151674e7 d820dc69025e459489f1f963b7dcb981 6a2907b7dded4e32bb1f33dd1010ea75 - - default default] 199.204.45.53 "POST /v2.0/security-groups HTTP/1.1" status: 201 len: 1779 time: 0.2059336
2026-07-16 01:37:07.831 10 INFO neutron.wsgi [None req-94256cf0-38cd-4d92-a98b-4c2ffcb2e4ba d820dc69025e459489f1f963b7dcb981 6a2907b7dded4e32bb1f33dd1010ea75 - - default default] 199.204.45.53 "GET /v2.0/security-group-rules?security_group_id=1bb9968c-b96b-46f8-87bc-102f2701e130 HTTP/1.1" status: 200 len: 1318 time: 0.0388069
2026-07-16 01:37:08.154 9 INFO neutron.wsgi [-] 10.0.0.220 "GET / HTTP/1.1" status: 200 len: 247 time: 0.0023050
2026-07-16 01:37:08.157 9 INFO neutron.wsgi [-] 10.0.0.220 "GET / HTTP/1.1" status: 200 len: 247 time: 0.0018473
2026-07-16 01:37:08.198 10 INFO neutron.db.ovn_revision_numbers_db [None req-0600043f-eb12-4270-84ef-78199acc1fbb d820dc69025e459489f1f963b7dcb981 6a2907b7dded4e32bb1f33dd1010ea75 - - default default] Successfully bumped revision number for resource 589e7eb4-6f2c-428b-b4d2-cc428a8957ea (type: ports) to 2
2026-07-16 01:37:08.206 10 INFO neutron.wsgi [None req-0600043f-eb12-4270-84ef-78199acc1fbb d820dc69025e459489f1f963b7dcb981 6a2907b7dded4e32bb1f33dd1010ea75 - - default default] 199.204.45.53 "PUT /v2.0/ports/589e7eb4-6f2c-428b-b4d2-cc428a8957ea HTTP/1.1" status: 200 len: 1328 time: 0.3707368 /var/lib/openstack/lib/python3.10/site-packages/pycadf/identifier.py:71: UserWarning: Invalid uuid: neutron. To ensure interoperability, identifiers should be a valid uuid. warnings.warn(('Invalid uuid: %s. To ensure interoperability, '
2026-07-16 01:37:08.225 10 INFO neutron.wsgi [None req-2f8f959a-d731-4e36-8a02-a3f6c9ede5b5 d820dc69025e459489f1f963b7dcb981 6a2907b7dded4e32bb1f33dd1010ea75 - - default default] 199.204.45.53 "GET /v2.0/extensions/security-group HTTP/1.1" status: 200 len: 369 time: 0.0071774
2026-07-16 01:37:08.235 10 INFO neutron.wsgi [None req-434e7659-0397-460e-8601-da32ae950b61 d820dc69025e459489f1f963b7dcb981 6a2907b7dded4e32bb1f33dd1010ea75 - - default default] 199.204.45.53 "GET /v2.0/extensions/dns-integration HTTP/1.1" status: 200 len: 371 time: 0.0031264
2026-07-16 01:37:08.242 10 INFO neutron.wsgi [None req-9f8bf91d-64f3-460d-a8bd-d660d7495728 d820dc69025e459489f1f963b7dcb981 6a2907b7dded4e32bb1f33dd1010ea75 - - default default] 199.204.45.53 "GET /v2.0/extensions/qos HTTP/1.1" status: 200 len: 365 time: 0.0038576
2026-07-16 01:37:08.252 10 INFO neutron.wsgi [None req-144e35c7-c51e-41cc-a879-d0717c5530c4 d820dc69025e459489f1f963b7dcb981 6a2907b7dded4e32bb1f33dd1010ea75 - - default default] 199.204.45.53 "GET /v2.0/extensions/allowed-address-pairs HTTP/1.1" status: 200 len: 383 time: 0.0045104
2026-07-16 01:37:08.287 10 INFO neutron.wsgi [None req-fb3d925c-3804-46e4-bc6a-4c01251cbdaf d820dc69025e459489f1f963b7dcb981 6a2907b7dded4e32bb1f33dd1010ea75 - - default default] 199.204.45.53 "GET /v2.0/subnets/1611223e-2752-4d34-9d4d-7227377e4655 HTTP/1.1" status: 200 len: 851 time: 0.0286758
2026-07-16 01:37:09.345 10 INFO neutron.plugins.ml2.drivers.ovn.mech_driver.mech_driver [None req-06b30248-a1f7-4ba9-98df-5168947f8074 - - - - - -] OVN reports status down for port: 634f2a6b-5012-41ba-bbd4-8badc4a98781
2026-07-16 01:37:09.391 9 INFO neutron.wsgi [req-755ef5d6-53cd-46c1-abe8-569913c27adb req-b611ec00-b5a0-40c2-b9d1-3a829b0c1d40 71a02ede1aa64963b0d1293036233448 b0de8229e0344c1a89ed044dd4eeba52 - - default default] 10.0.0.253 "GET /v2.0/ports?device_id=68217570-087f-4b04-90ec-e30b7b0c4569 HTTP/1.1" status: 200 len: 1170 time: 0.0942261
2026-07-16 01:37:09.441 9 INFO neutron.wsgi [req-755ef5d6-53cd-46c1-abe8-569913c27adb req-9aaeb429-38f8-4371-986d-4af148ddd60b 71a02ede1aa64963b0d1293036233448 b0de8229e0344c1a89ed044dd4eeba52 - - default default] 10.0.0.253 "GET /v2.0/security-groups?id=4e0d3cff-48a4-41ac-9021-cd416e220af1&fields=id&fields=name HTTP/1.1" status: 200 len: 313 time: 0.0436363
2026-07-16 01:37:09.476 10 INFO neutron.notifiers.nova [-] Nova event matching ['req-14f0d7cf-2c45-4068-a567-acd0b3ac4de1'] response: {'server_uuid': '68217570-087f-4b04-90ec-e30b7b0c4569', 'name': 'network-vif-unplugged', 'status': 'completed', 'tag': '634f2a6b-5012-41ba-bbd4-8badc4a98781', 'code': 200}
2026-07-16 01:37:09.668 10 INFO neutron.db.ovn_revision_numbers_db [None req-06b30248-a1f7-4ba9-98df-5168947f8074 - - - - - -] Successfully bumped revision number for resource 634f2a6b-5012-41ba-bbd4-8badc4a98781 (type: ports) to 5
2026-07-16 01:37:09.754 10 INFO neutron.wsgi [req-edfb0e07-3de1-4e4a-8647-16b9c1f1b2d8 req-9b1a4a9c-c9a0-49f5-a982-8378a464a368 71a02ede1aa64963b0d1293036233448 b0de8229e0344c1a89ed044dd4eeba52 - - default default] 199.204.45.53 "GET /v2.0/ports?device_id=68217570-087f-4b04-90ec-e30b7b0c4569 HTTP/1.1" status: 200 len: 1168 time: 0.1257174 /var/lib/openstack/lib/python3.10/site-packages/pycadf/identifier.py:71: UserWarning: Invalid uuid: neutron. To ensure interoperability, identifiers should be a valid uuid. warnings.warn(('Invalid uuid: %s. To ensure interoperability, '
2026-07-16 01:37:10.122 10 INFO neutron.db.l3_db [req-edfb0e07-3de1-4e4a-8647-16b9c1f1b2d8 req-9ca6e6d9-554f-4980-a645-02da02e7cfcf 71a02ede1aa64963b0d1293036233448 b0de8229e0344c1a89ed044dd4eeba52 - - default default] Floating IP 46ba6b35-e2d3-4172-a28e-82d7e5c85594 disassociated. External IP: 10.96.250.201, port: 634f2a6b-5012-41ba-bbd4-8badc4a98781.
2026-07-16 01:37:10.271 10 INFO neutron.wsgi [req-edfb0e07-3de1-4e4a-8647-16b9c1f1b2d8 req-9ca6e6d9-554f-4980-a645-02da02e7cfcf 71a02ede1aa64963b0d1293036233448 b0de8229e0344c1a89ed044dd4eeba52 - - default default] 199.204.45.53 "DELETE /v2.0/ports/634f2a6b-5012-41ba-bbd4-8badc4a98781 HTTP/1.1" status: 204 len: 173 time: 0.5116055 /var/lib/openstack/lib/python3.10/site-packages/pycadf/identifier.py:71: UserWarning: Invalid uuid: neutron. To ensure interoperability, identifiers should be a valid uuid. warnings.warn(('Invalid uuid: %s. To ensure interoperability, '
2026-07-16 01:37:10.549 9 INFO neutron.wsgi [req-6cd0904f-a6ef-41d5-93fc-03ff348b7efe req-f39698b2-fe00-4384-994e-571409e63e5f 71a02ede1aa64963b0d1293036233448 b0de8229e0344c1a89ed044dd4eeba52 - - default default] 10.0.0.253 "GET /v2.0/ports?device_id=68217570-087f-4b04-90ec-e30b7b0c4569 HTTP/1.1" status: 200 len: 210 time: 0.0331357
2026-07-16 01:37:11.524 10 INFO neutron.notifiers.nova [-] Nova event matching ['req-b0b7fff7-0b6f-48e4-91c7-4ec2e5dd074c'] response: {'server_uuid': '68217570-087f-4b04-90ec-e30b7b0c4569', 'name': 'network-vif-plugged', 'status': 'completed', 'tag': '634f2a6b-5012-41ba-bbd4-8badc4a98781', 'code': 200}
2026-07-16 01:37:11.525 10 INFO neutron.notifiers.nova [-] Nova event matching ['req-b0b7fff7-0b6f-48e4-91c7-4ec2e5dd074c'] response: {'server_uuid': '68217570-087f-4b04-90ec-e30b7b0c4569', 'name': 'network-vif-deleted', 'tag': '634f2a6b-5012-41ba-bbd4-8badc4a98781', 'status': 'completed', 'code': 200}
2026-07-16 01:37:11.750 10 INFO neutron.wsgi [None req-26518a31-8b15-4ede-8694-9d8013429816 71a02ede1aa64963b0d1293036233448 b0de8229e0344c1a89ed044dd4eeba52 - - default default] 10.0.0.125 "DELETE /v2.0/security-groups/4e0d3cff-48a4-41ac-9021-cd416e220af1 HTTP/1.1" status: 204 len: 168 time: 0.1426201
2026-07-16 01:37:12.125 9 INFO neutron.wsgi [None req-a1a61ee7-a86c-4d80-8e04-4f14fb51b398 71a02ede1aa64963b0d1293036233448 b0de8229e0344c1a89ed044dd4eeba52 - - default default] 10.0.0.125 "DELETE /v2.0/floatingips/46ba6b35-e2d3-4172-a28e-82d7e5c85594 HTTP/1.1" status: 204 len: 168 time: 0.3308651
2026-07-16 01:37:12.304 9 INFO neutron.plugins.ml2.drivers.ovn.mech_driver.mech_driver [None req-6c2ac208-0920-445d-b3fb-a8ba9fc3c2ef - - - - - -] OVN reports status down for port: 62a1fd5e-101a-426d-b5fe-bdb815effbad
2026-07-16 01:37:12.329 9 INFO neutron.wsgi [req-12d2b282-b51b-474d-b0d9-aa2aee68ecca req-773b604e-cfbb-4244-81ca-20979f62bfd4 71a02ede1aa64963b0d1293036233448 b0de8229e0344c1a89ed044dd4eeba52 - - default default] 10.0.0.253 "GET /v2.0/ports?device_id=ef8fc06a-1138-458c-a5d4-88760b0aad1e HTTP/1.1" status: 200 len: 1170 time: 0.0638378
2026-07-16 01:37:12.383 9 INFO neutron.wsgi [req-12d2b282-b51b-474d-b0d9-aa2aee68ecca req-f93cf921-ffa2-4053-8176-77afd2debe6f 71a02ede1aa64963b0d1293036233448 b0de8229e0344c1a89ed044dd4eeba52 - - default default] 10.0.0.253 "GET /v2.0/security-groups?id=1525e1c5-ec90-4ca4-9037-cf89dc401f96&fields=id&fields=name HTTP/1.1" status: 200 len: 312 time: 0.0482757
2026-07-16 01:37:12.460 9 INFO neutron.notifiers.nova [-] Nova event matching ['req-b510baf1-e196-4349-a31d-6c751d5b97ac'] response: {'server_uuid': 'ef8fc06a-1138-458c-a5d4-88760b0aad1e', 'name': 'network-vif-unplugged', 'status': 'completed', 'tag': '62a1fd5e-101a-426d-b5fe-bdb815effbad', 'code': 200}
2026-07-16 01:37:12.619 9 INFO neutron.db.ovn_revision_numbers_db [None req-6c2ac208-0920-445d-b3fb-a8ba9fc3c2ef - - - - - -] Successfully bumped revision number for resource 62a1fd5e-101a-426d-b5fe-bdb815effbad (type: ports) to 5
2026-07-16 01:37:12.636 10 INFO neutron.wsgi [req-698602bc-a058-4c8a-967f-fda065da6ed1 req-d2aaadc6-5c17-4e0e-a88a-1675dfbe9a83 71a02ede1aa64963b0d1293036233448 b0de8229e0344c1a89ed044dd4eeba52 - - default default] 199.204.45.53 "GET /v2.0/ports?device_id=ef8fc06a-1138-458c-a5d4-88760b0aad1e HTTP/1.1" status: 200 len: 1168 time: 0.0381556
2026-07-16 01:37:12.928 10 INFO neutron.wsgi [req-698602bc-a058-4c8a-967f-fda065da6ed1 req-6c4fc9d9-feb3-4809-871c-d0612690da44 71a02ede1aa64963b0d1293036233448 b0de8229e0344c1a89ed044dd4eeba52 - - default default] 199.204.45.53 "DELETE /v2.0/ports/62a1fd5e-101a-426d-b5fe-bdb815effbad HTTP/1.1" status: 204 len: 173 time: 0.2853556 /var/lib/openstack/lib/python3.10/site-packages/pycadf/identifier.py:71: UserWarning: Invalid uuid: neutron. To ensure interoperability, identifiers should be a valid uuid. warnings.warn(('Invalid uuid: %s. To ensure interoperability, '
2026-07-16 01:37:13.568 10 INFO neutron.notifiers.nova [-] Nova event matching ['req-d1390c76-0a8b-4cba-adf4-701c375c021b'] response: {'server_uuid': 'ef8fc06a-1138-458c-a5d4-88760b0aad1e', 'name': 'network-vif-deleted', 'tag': '62a1fd5e-101a-426d-b5fe-bdb815effbad', 'status': 'completed', 'code': 200}
2026-07-16 01:37:13.577 9 INFO neutron.wsgi [None req-75a84e6e-0250-46a6-a4c9-34f47de708eb 71a02ede1aa64963b0d1293036233448 b0de8229e0344c1a89ed044dd4eeba52 - - default default] 10.0.0.125 "DELETE /v2.0/security-groups/1525e1c5-ec90-4ca4-9037-cf89dc401f96 HTTP/1.1" status: 204 len: 168 time: 0.1403713
2026-07-16 01:37:14.431 9 INFO neutron.wsgi [None req-bf051910-f94c-4b56-95dd-1ac4743642df 71a02ede1aa64963b0d1293036233448 b0de8229e0344c1a89ed044dd4eeba52 - - default default] 10.0.0.125 "PUT /v2.0/routers/9511ae6c-0970-4ab7-8c96-3005d0a1212e/remove_router_interface HTTP/1.1" status: 200 len: 503 time: 0.8241191 /var/lib/openstack/lib/python3.10/site-packages/pycadf/identifier.py:71: UserWarning: Invalid uuid: neutron. To ensure interoperability, identifiers should be a valid uuid. warnings.warn(('Invalid uuid: %s. To ensure interoperability, '
2026-07-16 01:37:14.499 9 INFO neutron.notifiers.nova [-] Nova event matching ['req-6f367b45-9a66-4aab-8070-53f79b80d298'] response: {'server_uuid': 'ef8fc06a-1138-458c-a5d4-88760b0aad1e', 'name': 'network-vif-plugged', 'status': 'completed', 'tag': '62a1fd5e-101a-426d-b5fe-bdb815effbad', 'code': 200}
2026-07-16 01:37:14.620 9 INFO neutron.wsgi [None req-9494fc47-f15c-46f1-8abb-730d6ea49712 71a02ede1aa64963b0d1293036233448 b0de8229e0344c1a89ed044dd4eeba52 - - default default] 10.0.0.125 "DELETE /v2.0/subnets/d125dfcc-4f4b-4e4b-bb1a-e8bdef2ec751 HTTP/1.1" status: 204 len: 168 time: 0.1832793
2026-07-16 01:37:15.262 9 INFO neutron.wsgi [None req-bef238de-17ff-4f37-9a23-3fa84b620781 71a02ede1aa64963b0d1293036233448 b0de8229e0344c1a89ed044dd4eeba52 - - default default] 10.0.0.125 "DELETE /v2.0/routers/9511ae6c-0970-4ab7-8c96-3005d0a1212e HTTP/1.1" status: 204 len: 168 time: 0.6347740
2026-07-16 01:37:15.636 9 INFO neutron.services.segments.plugin [-] Segment 25076a99-23db-424c-a1ae-f8face4730cd resource provider aggregate not found
2026-07-16 01:37:15.658 9 INFO neutron.services.segments.plugin [-] Segment 25076a99-23db-424c-a1ae-f8face4730cd resource provider aggregate not found
2026-07-16 01:37:15.666 9 INFO neutron.services.segments.plugin [-] Segment 25076a99-23db-424c-a1ae-f8face4730cd resource provider not found; error: Placement Client Error (4xx): {"errors": [{"status": 404, "title": "Not Found", "detail": "The resource could not be found.\n\n No resource provider with uuid 25076a99-23db-424c-a1ae-f8face4730cd found for delete ", "request_id": "req-04bd5d58-03c9-4fbe-8d2c-4c85a016aff5"}]}
2026-07-16 01:37:15.674 9 INFO neutron.services.segments.plugin [-] Segment 25076a99-23db-424c-a1ae-f8face4730cd resource provider not found; error: Placement Client Error (4xx): {"errors": [{"status": 404, "title": "Not Found", "detail": "The resource could not be found.\n\n No resource provider with uuid 25076a99-23db-424c-a1ae-f8face4730cd found for delete ", "request_id": "req-8c9c530e-3cca-4396-bc00-f900b458cfb8"}]}
2026-07-16 01:37:15.687 9 INFO neutron.wsgi [req-ec157fdd-fd2c-4927-a394-e97bad5b5a47 req-44ed766c-ba2f-4583-a140-2f34b1e10d5a d820dc69025e459489f1f963b7dcb981 6a2907b7dded4e32bb1f33dd1010ea75 - - default default] 10.0.0.253 "GET /v2.0/security-groups?id=2ee35ab0-c76a-479f-9f6b-a72b694e572e&fields=id HTTP/1.1" status: 200 len: 267 time: 0.0826514
2026-07-16 01:37:15.722 9 INFO neutron.wsgi [None req-fc274f8f-404e-4052-b565-a68ff28e3a81 71a02ede1aa64963b0d1293036233448 b0de8229e0344c1a89ed044dd4eeba52 - - default default] 10.0.0.125 "DELETE /v2.0/networks/0b8d3861-debf-445f-8700-e4fae7d54a4d HTTP/1.1" status: 204 len: 168 time: 0.4557891
2026-07-16 01:37:15.775 9 INFO neutron.wsgi [req-ec157fdd-fd2c-4927-a394-e97bad5b5a47 req-07c645d8-26a5-4802-96d3-390829f3f2a8 d820dc69025e459489f1f963b7dcb981 6a2907b7dded4e32bb1f33dd1010ea75 - - default default] 10.0.0.253 "GET /v2.0/networks?id=3403b914-6ac2-47b0-a8ee-e5653b39b88e HTTP/1.1" status: 200 len: 937 time: 0.0810759
2026-07-16 01:37:15.794 9 INFO neutron.wsgi [req-ec157fdd-fd2c-4927-a394-e97bad5b5a47 req-0b6caf00-fb17-445e-a491-c7c33fe7ab63 d820dc69025e459489f1f963b7dcb981 6a2907b7dded4e32bb1f33dd1010ea75 - - default default] 10.0.0.253 "GET /v2.0/quotas/6a2907b7dded4e32bb1f33dd1010ea75 HTTP/1.1" status: 200 len: 385 time: 0.0111215
2026-07-16 01:37:15.851 9 INFO neutron.wsgi [req-ec157fdd-fd2c-4927-a394-e97bad5b5a47 req-fcadc354-0e01-4128-9df8-8671cce781c6 d820dc69025e459489f1f963b7dcb981 6a2907b7dded4e32bb1f33dd1010ea75 - - default default] 10.0.0.253 "GET /v2.0/ports?tenant_id=6a2907b7dded4e32bb1f33dd1010ea75&fields=id HTTP/1.1" status: 200 len: 348 time: 0.0521154
2026-07-16 01:37:15.865 9 WARNING keystonemiddleware.audit [req-ec157fdd-fd2c-4927-a394-e97bad5b5a47 req-fcadc354-0e01-4128-9df8-8671cce781c6 d820dc69025e459489f1f963b7dcb981 6a2907b7dded4e32bb1f33dd1010ea75 - - default default] Skipping service tempest-service-2137609174 as it have no endpoints.
2026-07-16 01:37:15.913 9 INFO neutron.wsgi [req-ec157fdd-fd2c-4927-a394-e97bad5b5a47 req-28694757-1fc5-4879-b613-b4719084981b f2009d61f05c4ebfa692b82a4d8d0e5d bddf8de969774b3bbb48bd698541de3e - - 77a314461d9143cd92d4acfd3cd81ae8 77a314461d9143cd92d4acfd3cd81ae8] 10.0.0.253 "GET /v2.0/networks/3403b914-6ac2-47b0-a8ee-e5653b39b88e?fields=segments HTTP/1.1" status: 200 len: 212 time: 0.0516043
2026-07-16 01:37:15.924 9 WARNING keystonemiddleware.audit [req-ec157fdd-fd2c-4927-a394-e97bad5b5a47 req-28694757-1fc5-4879-b613-b4719084981b f2009d61f05c4ebfa692b82a4d8d0e5d bddf8de969774b3bbb48bd698541de3e - - 77a314461d9143cd92d4acfd3cd81ae8 77a314461d9143cd92d4acfd3cd81ae8] Skipping service tempest-service-2137609174 as it have no endpoints.
2026-07-16 01:37:15.972 9 INFO neutron.wsgi [req-ec157fdd-fd2c-4927-a394-e97bad5b5a47 req-b0a13da5-0931-4214-9e09-e2d39079d010 f2009d61f05c4ebfa692b82a4d8d0e5d bddf8de969774b3bbb48bd698541de3e - - 77a314461d9143cd92d4acfd3cd81ae8 77a314461d9143cd92d4acfd3cd81ae8] 10.0.0.253 "GET /v2.0/networks/3403b914-6ac2-47b0-a8ee-e5653b39b88e?fields=provider%3Aphysical_network&fields=provider%3Anetwork_type HTTP/1.1" status: 200 len: 277 time: 0.0506289
2026-07-16 01:37:16.271 9 INFO neutron.wsgi [req-271bea2e-c142-47e7-b2fc-97aca8c5c31e req-c12ae042-77e0-414d-b76d-6ba99d850f3a d820dc69025e459489f1f963b7dcb981 6a2907b7dded4e32bb1f33dd1010ea75 - - default default] 10.0.0.253 "GET /v2.0/ports?device_id=c97163fb-9211-4943-8d5d-2340f71cde3a HTTP/1.1" status: 200 len: 210 time: 0.0209317
2026-07-16 01:37:16.337 9 INFO neutron.wsgi [req-cd9956b1-c0fb-4e79-bec0-025eeb9f50dc req-f4911b1f-13e5-42b6-a0a3-077bcb7af6a6 d820dc69025e459489f1f963b7dcb981 6a2907b7dded4e32bb1f33dd1010ea75 - - default default] 10.0.0.253 "GET /v2.0/ports?device_id=c97163fb-9211-4943-8d5d-2340f71cde3a HTTP/1.1" status: 200 len: 210 time: 0.0183697
2026-07-16 01:37:16.492 9 INFO neutron.wsgi [None req-36af66ec-1d32-417f-bc44-8d5a8eb41757 d820dc69025e459489f1f963b7dcb981 6a2907b7dded4e32bb1f33dd1010ea75 - - default default] 10.0.0.125 "GET /v2.0/security-groups?tenant_id=b0de8229e0344c1a89ed044dd4eeba52&name=default HTTP/1.1" status: 200 len: 2997 time: 0.1348000
2026-07-16 01:37:16.697 9 INFO neutron.wsgi [None req-0188fd64-6b9a-4d30-bdb4-459a64cb07a2 d820dc69025e459489f1f963b7dcb981 6a2907b7dded4e32bb1f33dd1010ea75 - - default default] 10.0.0.125 "DELETE /v2.0/security-groups/22403249-8354-41a6-898b-793a2b793a12 HTTP/1.1" status: 204 len: 168 time: 0.1992359
2026-07-16 01:37:16.927 10 INFO neutron.db.ovn_revision_numbers_db [None req-4c55dc59-7931-49db-be4e-ba3e60014013 d820dc69025e459489f1f963b7dcb981 6a2907b7dded4e32bb1f33dd1010ea75 - - default default] Successfully bumped revision number for resource d1bd7906-1a45-4ffa-ae6e-d4359d9c529b (type: security_groups) to 1
2026-07-16 01:37:16.940 10 INFO neutron.db.ovn_revision_numbers_db [None req-4c55dc59-7931-49db-be4e-ba3e60014013 d820dc69025e459489f1f963b7dcb981 6a2907b7dded4e32bb1f33dd1010ea75 - - default default] Successfully bumped revision number for resource 3f1faf97-172b-426c-b278-be87bc0de1f7 (type: security_group_rules) to 0
2026-07-16 01:37:16.960 10 INFO neutron.db.ovn_revision_numbers_db [None req-4c55dc59-7931-49db-be4e-ba3e60014013 d820dc69025e459489f1f963b7dcb981 6a2907b7dded4e32bb1f33dd1010ea75 - - default default] Successfully bumped revision number for resource 73cf9877-7ce1-4ab5-a780-cbd79bcf479e (type: security_group_rules) to 0
2026-07-16 01:37:16.984 10 INFO neutron.db.ovn_revision_numbers_db [None req-4c55dc59-7931-49db-be4e-ba3e60014013 d820dc69025e459489f1f963b7dcb981 6a2907b7dded4e32bb1f33dd1010ea75 - - default default] Successfully bumped revision number for resource 9e1f32b5-5893-4343-906b-e2b2fa45aaf7 (type: security_group_rules) to 0
2026-07-16 01:37:17.012 10 INFO neutron.db.ovn_revision_numbers_db [None req-4c55dc59-7931-49db-be4e-ba3e60014013 d820dc69025e459489f1f963b7dcb981 6a2907b7dded4e32bb1f33dd1010ea75 - - default default] Successfully bumped revision number for resource aa9d5a87-ba69-4fe8-92d2-845a6ff21bca (type: security_group_rules) to 0
2026-07-16 01:37:17.048 10 INFO neutron.wsgi [None req-4c55dc59-7931-49db-be4e-ba3e60014013 d820dc69025e459489f1f963b7dcb981 6a2907b7dded4e32bb1f33dd1010ea75 - - default default] 10.0.0.125 "GET /v2.0/security-groups?tenant_id=f1abca7f872a4837898ad22c8fd44622&name=default HTTP/1.1" status: 200 len: 3000 time: 0.2344711
2026-07-16 01:37:17.051 10 INFO neutron.wsgi [req-ec157fdd-fd2c-4927-a394-e97bad5b5a47 req-0c8f5073-098d-4e86-b02f-9627c5b99186 d820dc69025e459489f1f963b7dcb981 6a2907b7dded4e32bb1f33dd1010ea75 - - default default] 199.204.45.53 "GET /v2.0/networks?id=3403b914-6ac2-47b0-a8ee-e5653b39b88e HTTP/1.1" status: 200 len: 937 time: 0.0777478
2026-07-16 01:37:17.118 10 INFO neutron.wsgi [req-ec157fdd-fd2c-4927-a394-e97bad5b5a47 req-7fde4118-7f20-4796-8052-ee9379ff7db5 d820dc69025e459489f1f963b7dcb981 6a2907b7dded4e32bb1f33dd1010ea75 - - default default] 199.204.45.53 "GET /v2.0/security-groups?fields=id&fields=name&tenant_id=6a2907b7dded4e32bb1f33dd1010ea75 HTTP/1.1" status: 200 len: 542 time: 0.0592804
2026-07-16 01:37:17.310 10 INFO neutron.wsgi [None req-c008f19d-eec4-4f59-9f43-7657850a119f d820dc69025e459489f1f963b7dcb981 6a2907b7dded4e32bb1f33dd1010ea75 - - default default] 10.0.0.125 "DELETE /v2.0/security-groups/d1bd7906-1a45-4ffa-ae6e-d4359d9c529b HTTP/1.1" status: 204 len: 168 time: 0.2569084
2026-07-16 01:37:17.383 10 WARNING neutron.scheduler.dhcp_agent_scheduler [req-ec157fdd-fd2c-4927-a394-e97bad5b5a47 req-0651e536-c745-45c9-9c26-cd19fe46ecd9 d820dc69025e459489f1f963b7dcb981 6a2907b7dded4e32bb1f33dd1010ea75 - - default default] No more DHCP agents
2026-07-16 01:37:17.384 10 WARNING neutron.api.rpc.agentnotifiers.dhcp_rpc_agent_api [req-ec157fdd-fd2c-4927-a394-e97bad5b5a47 req-0651e536-c745-45c9-9c26-cd19fe46ecd9 d820dc69025e459489f1f963b7dcb981 6a2907b7dded4e32bb1f33dd1010ea75 - - default default] Unable to schedule network 3403b914-6ac2-47b0-a8ee-e5653b39b88e: no agents available; will retry on subsequent port and subnet creation events.
2026-07-16 01:37:17.528 10 INFO neutron.db.ovn_revision_numbers_db [req-ec157fdd-fd2c-4927-a394-e97bad5b5a47 req-0651e536-c745-45c9-9c26-cd19fe46ecd9 d820dc69025e459489f1f963b7dcb981 6a2907b7dded4e32bb1f33dd1010ea75 - - default default] Successfully bumped revision number for resource c5602ebd-d2c4-4d19-9865-fc99ffcd5999 (type: ports) to 1
2026-07-16 01:37:17.551 10 INFO neutron.wsgi [req-ec157fdd-fd2c-4927-a394-e97bad5b5a47 req-0651e536-c745-45c9-9c26-cd19fe46ecd9 d820dc69025e459489f1f963b7dcb981 6a2907b7dded4e32bb1f33dd1010ea75 - - default default] 199.204.45.53 "POST /v2.0/ports HTTP/1.1" status: 201 len: 1287 time: 0.4261670 /var/lib/openstack/lib/python3.10/site-packages/pycadf/identifier.py:71: UserWarning: Invalid uuid: neutron. To ensure interoperability, identifiers should be a valid uuid. warnings.warn(('Invalid uuid: %s. To ensure interoperability, '
2026-07-16 01:37:17.970 10 INFO neutron.db.ovn_revision_numbers_db [req-ec157fdd-fd2c-4927-a394-e97bad5b5a47 req-24cc9cc5-3698-4ed3-83cf-b913d9a8ff01 f2009d61f05c4ebfa692b82a4d8d0e5d bddf8de969774b3bbb48bd698541de3e - - 77a314461d9143cd92d4acfd3cd81ae8 77a314461d9143cd92d4acfd3cd81ae8] Successfully bumped revision number for resource c5602ebd-d2c4-4d19-9865-fc99ffcd5999 (type: ports) to 2
2026-07-16 01:37:18.163 10 INFO neutron.db.ovn_revision_numbers_db [req-ec157fdd-fd2c-4927-a394-e97bad5b5a47 req-24cc9cc5-3698-4ed3-83cf-b913d9a8ff01 f2009d61f05c4ebfa692b82a4d8d0e5d bddf8de969774b3bbb48bd698541de3e - - 77a314461d9143cd92d4acfd3cd81ae8 77a314461d9143cd92d4acfd3cd81ae8] Successfully bumped revision number for resource c5602ebd-d2c4-4d19-9865-fc99ffcd5999 (type: ports) to 2
2026-07-16 01:37:18.179 10 INFO neutron.wsgi [req-ec157fdd-fd2c-4927-a394-e97bad5b5a47 req-24cc9cc5-3698-4ed3-83cf-b913d9a8ff01 f2009d61f05c4ebfa692b82a4d8d0e5d bddf8de969774b3bbb48bd698541de3e - - 77a314461d9143cd92d4acfd3cd81ae8 77a314461d9143cd92d4acfd3cd81ae8] 199.204.45.53 "PUT /v2.0/ports/c5602ebd-d2c4-4d19-9865-fc99ffcd5999 HTTP/1.1" status: 200 len: 1384 time: 0.6198297
2026-07-16 01:37:18.215 10 INFO neutron.notifiers.nova [-] Nova event matching ['req-f4e413db-b624-4dc5-b276-e49ce65522b4'] response: {'name': 'network-changed', 'server_uuid': 'c97163fb-9211-4943-8d5d-2340f71cde3a', 'tag': 'c5602ebd-d2c4-4d19-9865-fc99ffcd5999', 'status': 'completed', 'code': 200} /var/lib/openstack/lib/python3.10/site-packages/pycadf/identifier.py:71: UserWarning: Invalid uuid: neutron. To ensure interoperability, identifiers should be a valid uuid. warnings.warn(('Invalid uuid: %s. To ensure interoperability, '
2026-07-16 01:37:18.256 10 INFO neutron.wsgi [req-ec157fdd-fd2c-4927-a394-e97bad5b5a47 req-0bdfe289-c74c-4769-a0b8-80115b4d9647 f2009d61f05c4ebfa692b82a4d8d0e5d bddf8de969774b3bbb48bd698541de3e - - 77a314461d9143cd92d4acfd3cd81ae8 77a314461d9143cd92d4acfd3cd81ae8] 199.204.45.53 "GET /v2.0/ports?tenant_id=6a2907b7dded4e32bb1f33dd1010ea75&device_id=c97163fb-9211-4943-8d5d-2340f71cde3a HTTP/1.1" status: 200 len: 1415 time: 0.0382683
2026-07-16 01:37:18.286 10 INFO neutron.wsgi [req-ec157fdd-fd2c-4927-a394-e97bad5b5a47 req-c2139138-52e2-4285-9929-0dec03a2badd f2009d61f05c4ebfa692b82a4d8d0e5d bddf8de969774b3bbb48bd698541de3e - - 77a314461d9143cd92d4acfd3cd81ae8 77a314461d9143cd92d4acfd3cd81ae8] 199.204.45.53 "GET /v2.0/floatingips?fixed_ip_address=172.24.0.139&port_id=c5602ebd-d2c4-4d19-9865-fc99ffcd5999 HTTP/1.1" status: 200 len: 217 time: 0.0227845
2026-07-16 01:37:18.331 10 INFO neutron.wsgi [req-ec157fdd-fd2c-4927-a394-e97bad5b5a47 req-7069bda6-e273-4d18-8731-50058cf5093b f2009d61f05c4ebfa692b82a4d8d0e5d bddf8de969774b3bbb48bd698541de3e - - 77a314461d9143cd92d4acfd3cd81ae8 77a314461d9143cd92d4acfd3cd81ae8] 199.204.45.53 "GET /v2.0/subnets?id=a3b32ce1-aa55-48f4-a42d-dca95a6da44d HTTP/1.1" status: 200 len: 829 time: 0.0390737
2026-07-16 01:37:18.355 10 INFO neutron.wsgi [req-ec157fdd-fd2c-4927-a394-e97bad5b5a47 req-5b1b6977-4750-42e6-9650-548978a5342f f2009d61f05c4ebfa692b82a4d8d0e5d bddf8de969774b3bbb48bd698541de3e - - 77a314461d9143cd92d4acfd3cd81ae8 77a314461d9143cd92d4acfd3cd81ae8] 199.204.45.53 "GET /v2.0/ports?network_id=3403b914-6ac2-47b0-a8ee-e5653b39b88e&device_owner=network%3Adhcp HTTP/1.1" status: 200 len: 210 time: 0.0179896
2026-07-16 01:37:18.419 10 INFO neutron.wsgi [req-ec157fdd-fd2c-4927-a394-e97bad5b5a47 req-a45816d3-15d7-41e0-9f6d-679e89c028c5 f2009d61f05c4ebfa692b82a4d8d0e5d bddf8de969774b3bbb48bd698541de3e - - 77a314461d9143cd92d4acfd3cd81ae8 77a314461d9143cd92d4acfd3cd81ae8] 199.204.45.53 "GET /v2.0/networks/3403b914-6ac2-47b0-a8ee-e5653b39b88e?fields=segments HTTP/1.1" status: 200 len: 212 time: 0.0570459
2026-07-16 01:37:18.485 10 INFO neutron.wsgi [req-ec157fdd-fd2c-4927-a394-e97bad5b5a47 req-0c49fbe7-da6d-49c4-8129-7d9a5cad7265 f2009d61f05c4ebfa692b82a4d8d0e5d bddf8de969774b3bbb48bd698541de3e - - 77a314461d9143cd92d4acfd3cd81ae8 77a314461d9143cd92d4acfd3cd81ae8] 199.204.45.53 "GET /v2.0/networks/3403b914-6ac2-47b0-a8ee-e5653b39b88e?fields=provider%3Aphysical_network&fields=provider%3Anetwork_type HTTP/1.1" status: 200 len: 277 time: 0.0594609
2026-07-16 01:37:18.518 9 INFO neutron.wsgi [req-5934effb-c06b-4784-847e-731059521c19 req-d3dfc098-ade2-49b6-b3be-0856880a1166 d820dc69025e459489f1f963b7dcb981 6a2907b7dded4e32bb1f33dd1010ea75 - - default default] 10.0.0.253 "GET /v2.0/ports?device_id=c97163fb-9211-4943-8d5d-2340f71cde3a HTTP/1.1" status: 200 len: 1415 time: 0.0396779
2026-07-16 01:37:18.577 9 INFO neutron.wsgi [req-5934effb-c06b-4784-847e-731059521c19 req-09f76065-6645-4567-bc4c-6a359d614741 d820dc69025e459489f1f963b7dcb981 6a2907b7dded4e32bb1f33dd1010ea75 - - default default] 10.0.0.253 "GET /v2.0/security-groups?id=2ee35ab0-c76a-479f-9f6b-a72b694e572e&fields=id&fields=name HTTP/1.1" status: 200 len: 294 time: 0.0457275
2026-07-16 01:37:18.585 10 INFO neutron.wsgi [req-6a4495b8-f7a7-4fe4-a73f-0c400d7c011d req-65c7ed5f-e567-44d5-bd55-deeabceb29c2 f2009d61f05c4ebfa692b82a4d8d0e5d bddf8de969774b3bbb48bd698541de3e - - 77a314461d9143cd92d4acfd3cd81ae8 77a314461d9143cd92d4acfd3cd81ae8] 199.204.45.53 "GET /v2.0/ports?tenant_id=6a2907b7dded4e32bb1f33dd1010ea75&device_id=c97163fb-9211-4943-8d5d-2340f71cde3a HTTP/1.1" status: 200 len: 1415 time: 0.0415728
2026-07-16 01:37:18.658 10 INFO neutron.wsgi [req-6a4495b8-f7a7-4fe4-a73f-0c400d7c011d req-f887b1bc-34c7-4f93-a9fc-800b16c58dc9 f2009d61f05c4ebfa692b82a4d8d0e5d bddf8de969774b3bbb48bd698541de3e - - 77a314461d9143cd92d4acfd3cd81ae8 77a314461d9143cd92d4acfd3cd81ae8] 199.204.45.53 "GET /v2.0/networks?id=3403b914-6ac2-47b0-a8ee-e5653b39b88e HTTP/1.1" status: 200 len: 937 time: 0.0673654
2026-07-16 01:37:18.691 10 INFO neutron.wsgi [req-6a4495b8-f7a7-4fe4-a73f-0c400d7c011d req-7cc02757-78a1-4363-b260-7e7b0c7e2ea9 f2009d61f05c4ebfa692b82a4d8d0e5d bddf8de969774b3bbb48bd698541de3e - - 77a314461d9143cd92d4acfd3cd81ae8 77a314461d9143cd92d4acfd3cd81ae8] 199.204.45.53 "GET /v2.0/floatingips?fixed_ip_address=172.24.0.139&port_id=c5602ebd-d2c4-4d19-9865-fc99ffcd5999 HTTP/1.1" status: 200 len: 217 time: 0.0262318
2026-07-16 01:37:18.717 9 INFO neutron.wsgi [req-08210b9e-92ee-42f9-b98e-caa6dafb964d req-74faabb8-8b64-4a07-90c1-0af2d4ba4997 d820dc69025e459489f1f963b7dcb981 6a2907b7dded4e32bb1f33dd1010ea75 - - default default] 10.0.0.253 "GET /v2.0/ports?device_id=c97163fb-9211-4943-8d5d-2340f71cde3a HTTP/1.1" status: 200 len: 1415 time: 0.0499005
2026-07-16 01:37:18.725 9 INFO neutron.wsgi [req-ebba1fc6-676c-49c6-bb96-de5b2681bdf4 req-a311f3aa-dae0-43bf-8870-e7cb5e8fb121 f2009d61f05c4ebfa692b82a4d8d0e5d bddf8de969774b3bbb48bd698541de3e - - 77a314461d9143cd92d4acfd3cd81ae8 77a314461d9143cd92d4acfd3cd81ae8] 199.204.45.53 "GET /v2.0/ports?device_id=c97163fb-9211-4943-8d5d-2340f71cde3a HTTP/1.1" status: 200 len: 1415 time: 0.0428228
2026-07-16 01:37:18.736 10 INFO neutron.wsgi [req-6a4495b8-f7a7-4fe4-a73f-0c400d7c011d req-8daa0bd3-5757-4f7e-b07a-3ea97ae54c0d f2009d61f05c4ebfa692b82a4d8d0e5d bddf8de969774b3bbb48bd698541de3e - - 77a314461d9143cd92d4acfd3cd81ae8 77a314461d9143cd92d4acfd3cd81ae8] 199.204.45.53 "GET /v2.0/subnets?id=a3b32ce1-aa55-48f4-a42d-dca95a6da44d HTTP/1.1" status: 200 len: 829 time: 0.0419571
2026-07-16 01:37:18.765 10 INFO neutron.wsgi [req-6a4495b8-f7a7-4fe4-a73f-0c400d7c011d req-70cd4cc5-b5de-4bea-8599-7d6e66b459ff f2009d61f05c4ebfa692b82a4d8d0e5d bddf8de969774b3bbb48bd698541de3e - - 77a314461d9143cd92d4acfd3cd81ae8 77a314461d9143cd92d4acfd3cd81ae8] 199.204.45.53 "GET /v2.0/ports?network_id=3403b914-6ac2-47b0-a8ee-e5653b39b88e&device_owner=network%3Adhcp HTTP/1.1" status: 200 len: 210 time: 0.0240839
2026-07-16 01:37:18.781 9 INFO neutron.wsgi [req-ebba1fc6-676c-49c6-bb96-de5b2681bdf4 req-45f50298-e8b4-4829-9091-88984da67f11 f2009d61f05c4ebfa692b82a4d8d0e5d bddf8de969774b3bbb48bd698541de3e - - 77a314461d9143cd92d4acfd3cd81ae8 77a314461d9143cd92d4acfd3cd81ae8] 199.204.45.53 "GET /v2.0/security-groups?id=2ee35ab0-c76a-479f-9f6b-a72b694e572e&fields=id&fields=name HTTP/1.1" status: 200 len: 294 time: 0.0482719
2026-07-16 01:37:18.828 10 INFO neutron.wsgi [req-6a4495b8-f7a7-4fe4-a73f-0c400d7c011d req-48deed9e-64af-4d8f-802e-382fa3bc0df9 f2009d61f05c4ebfa692b82a4d8d0e5d bddf8de969774b3bbb48bd698541de3e - - 77a314461d9143cd92d4acfd3cd81ae8 77a314461d9143cd92d4acfd3cd81ae8] 199.204.45.53 "GET /v2.0/networks/3403b914-6ac2-47b0-a8ee-e5653b39b88e?fields=segments HTTP/1.1" status: 200 len: 212 time: 0.0575671
2026-07-16 01:37:18.886 10 INFO neutron.plugins.ml2.drivers.ovn.mech_driver.mech_driver [None req-06b30248-a1f7-4ba9-98df-5168947f8074 - - - - - -] OVN reports status up for port: c5602ebd-d2c4-4d19-9865-fc99ffcd5999
