2026-07-16 01:33:49.722 10 INFO neutron.wsgi [None req-30943ad9-cf58-47fc-a98b-0183267f874d 9e230949c7e44b65b8e395cf2733d598 57d78b81ecde4e369362514ec386414e - - default default] 10.0.0.125 "DELETE /v2.0/subnets/a8a42fbe-2c5d-44e5-bbb0-3bb600d1ffcd HTTP/1.1" status: 204 len: 168 time: 0.2650292
2026-07-16 01:33:49.756 9 WARNING neutron.scheduler.dhcp_agent_scheduler [None req-fd475d69-988c-4c7c-9ee8-f1859cfe581b d0e25351f29e49c2b4d3c084936904e4 ecc0ee3b84544273b3d328232c400107 - - default default] No more DHCP agents
2026-07-16 01:33:49.762 9 WARNING neutron.api.rpc.agentnotifiers.dhcp_rpc_agent_api [None req-fd475d69-988c-4c7c-9ee8-f1859cfe581b d0e25351f29e49c2b4d3c084936904e4 ecc0ee3b84544273b3d328232c400107 - - default default] Unable to schedule network 48de189e-11d0-4d69-8612-48bb5a66e598: no agents available; will retry on subsequent port and subnet creation events.
2026-07-16 01:33:49.768 10 INFO neutron.wsgi [None req-17d405cf-1246-4f56-a765-6c87535b0754 9e230949c7e44b65b8e395cf2733d598 57d78b81ecde4e369362514ec386414e - - default default] 10.0.0.125 "GET /v2.0/subnets HTTP/1.1" status: 200 len: 820 time: 0.0386968
2026-07-16 01:33:49.813 9 INFO neutron.db.ovn_revision_numbers_db [None req-df9504c3-5e93-4cf9-81e7-a4786eef40e0 8fc98909d55e4d6d876048fe2a4be061 1400a33d6bdf49c393e3b1ee98ae94d8 - - default default] Successfully bumped revision number for resource 5b9a3a17-9b9b-4147-8e99-7106a320b5fc (type: ports) to 1
2026-07-16 01:33:49.861 9 INFO neutron.wsgi [None req-df9504c3-5e93-4cf9-81e7-a4786eef40e0 8fc98909d55e4d6d876048fe2a4be061 1400a33d6bdf49c393e3b1ee98ae94d8 - - default default] 10.0.0.125 "POST /v2.0/networks HTTP/1.1" status: 201 len: 846 time: 1.2650740
2026-07-16 01:33:50.080 9 INFO neutron.wsgi [None req-d25e1fef-3df8-4d14-933e-fa4a4292a31c d820dc69025e459489f1f963b7dcb981 6a2907b7dded4e32bb1f33dd1010ea75 - - default default] 10.0.0.125 "DELETE /v2.0/security-groups/4f7094b8-310f-4c0b-8073-76d43c735191 HTTP/1.1" status: 204 len: 168 time: 0.4693241
2026-07-16 01:33:50.489 9 INFO neutron.wsgi [None req-f83a08d7-f3e6-4b23-b5bd-d70c560ff25b 9e230949c7e44b65b8e395cf2733d598 57d78b81ecde4e369362514ec386414e - - default default] 10.0.0.125 "DELETE /v2.0/networks/552a1993-1091-45f4-9fb7-ac1116d94b9c HTTP/1.1" status: 204 len: 168 time: 0.7042000
2026-07-16 01:33:50.581 10 WARNING neutron.scheduler.dhcp_agent_scheduler [None req-b44be910-a311-4152-a418-38709e79709b 8fc98909d55e4d6d876048fe2a4be061 1400a33d6bdf49c393e3b1ee98ae94d8 - - default default] No more DHCP agents
2026-07-16 01:33:50.583 10 WARNING neutron.api.rpc.agentnotifiers.dhcp_rpc_agent_api [None req-b44be910-a311-4152-a418-38709e79709b 8fc98909d55e4d6d876048fe2a4be061 1400a33d6bdf49c393e3b1ee98ae94d8 - - default default] Unable to schedule network 219ca6f1-6d7a-489f-a0ce-27ca9a1a2637: no agents available; will retry on subsequent port and subnet creation events.
2026-07-16 01:33:50.622 10 INFO neutron.db.ovn_revision_numbers_db [None req-b44be910-a311-4152-a418-38709e79709b 8fc98909d55e4d6d876048fe2a4be061 1400a33d6bdf49c393e3b1ee98ae94d8 - - default default] Successfully bumped revision number for resource 732a0981-367f-4d84-8079-da3294b68512 (type: subnets) to 0
2026-07-16 01:33:50.625 9 INFO neutron.db.ovn_revision_numbers_db [None req-fd475d69-988c-4c7c-9ee8-f1859cfe581b d0e25351f29e49c2b4d3c084936904e4 ecc0ee3b84544273b3d328232c400107 - - default default] Successfully bumped revision number for resource 1a47b051-60b2-4307-a4d8-091c00067127 (type: ports) to 2
2026-07-16 01:33:50.637 10 INFO neutron.wsgi [None req-b44be910-a311-4152-a418-38709e79709b 8fc98909d55e4d6d876048fe2a4be061 1400a33d6bdf49c393e3b1ee98ae94d8 - - default default] 10.0.0.125 "POST /v2.0/subnets HTTP/1.1" status: 201 len: 848 time: 0.3304796
2026-07-16 01:33:50.685 9 INFO neutron.db.ovn_revision_numbers_db [None req-fd475d69-988c-4c7c-9ee8-f1859cfe581b d0e25351f29e49c2b4d3c084936904e4 ecc0ee3b84544273b3d328232c400107 - - default default] Successfully bumped revision number for resource 7f3c613f-b868-4f27-9477-fda7d2b73fcb (type: subnets) to 0
2026-07-16 01:33:50.699 9 INFO neutron.wsgi [None req-fd475d69-988c-4c7c-9ee8-f1859cfe581b d0e25351f29e49c2b4d3c084936904e4 ecc0ee3b84544273b3d328232c400107 - - default default] 10.0.0.125 "POST /v2.0/subnets HTTP/1.1" status: 201 len: 801 time: 1.3676696
2026-07-16 01:33:50.737 10 INFO neutron.db.segments_db [None req-30af68f9-3c92-452b-b080-972b736bd17d 8fc98909d55e4d6d876048fe2a4be061 1400a33d6bdf49c393e3b1ee98ae94d8 - - default default] Added segment 7a188b8e-138e-4137-bff3-575dbd3ea66f of type geneve for network 9fa49c24-d746-4ef2-b1ee-2005a14fb2e2
2026-07-16 01:33:50.942 10 INFO neutron.db.ovn_revision_numbers_db [None req-30af68f9-3c92-452b-b080-972b736bd17d 8fc98909d55e4d6d876048fe2a4be061 1400a33d6bdf49c393e3b1ee98ae94d8 - - default default] Successfully bumped revision number for resource 9fa49c24-d746-4ef2-b1ee-2005a14fb2e2 (type: networks) to 1
2026-07-16 01:33:50.949 9 INFO neutron.wsgi [None req-db27ce4d-8006-4dc6-800f-663712e4e111 9e230949c7e44b65b8e395cf2733d598 57d78b81ecde4e369362514ec386414e - - default default] 10.0.0.125 "DELETE /v2.0/networks/283f9ca8-8178-4bcd-afe5-bc0294137327 HTTP/1.1" status: 204 len: 168 time: 0.4538445
2026-07-16 01:33:51.115 9 WARNING neutron.scheduler.dhcp_agent_scheduler [None req-3c215820-0b7b-4739-a867-0192a4a3e5ca d0e25351f29e49c2b4d3c084936904e4 ecc0ee3b84544273b3d328232c400107 - - default default] No more DHCP agents
2026-07-16 01:33:51.119 9 WARNING neutron.api.rpc.agentnotifiers.dhcp_rpc_agent_api [None req-3c215820-0b7b-4739-a867-0192a4a3e5ca d0e25351f29e49c2b4d3c084936904e4 ecc0ee3b84544273b3d328232c400107 - - default default] Unable to schedule network 48de189e-11d0-4d69-8612-48bb5a66e598: no agents available; will retry on subsequent port and subnet creation events.
2026-07-16 01:33:51.128 10 WARNING neutron.scheduler.dhcp_agent_scheduler [None req-30af68f9-3c92-452b-b080-972b736bd17d 8fc98909d55e4d6d876048fe2a4be061 1400a33d6bdf49c393e3b1ee98ae94d8 - - default default] No more DHCP agents
2026-07-16 01:33:51.129 10 WARNING neutron.api.rpc.agentnotifiers.dhcp_rpc_agent_api [None req-30af68f9-3c92-452b-b080-972b736bd17d 8fc98909d55e4d6d876048fe2a4be061 1400a33d6bdf49c393e3b1ee98ae94d8 - - default default] Unable to schedule network 9fa49c24-d746-4ef2-b1ee-2005a14fb2e2: no agents available; will retry on subsequent port and subnet creation events.
2026-07-16 01:33:51.240 10 INFO neutron.db.ovn_revision_numbers_db [None req-30af68f9-3c92-452b-b080-972b736bd17d 8fc98909d55e4d6d876048fe2a4be061 1400a33d6bdf49c393e3b1ee98ae94d8 - - default default] Successfully bumped revision number for resource e86e7d02-32e7-4233-9935-080174210019 (type: ports) to 1
2026-07-16 01:33:51.263 10 INFO neutron.wsgi [None req-30af68f9-3c92-452b-b080-972b736bd17d 8fc98909d55e4d6d876048fe2a4be061 1400a33d6bdf49c393e3b1ee98ae94d8 - - default default] 10.0.0.125 "POST /v2.0/networks HTTP/1.1" status: 201 len: 846 time: 0.6196644
2026-07-16 01:33:51.431 9 INFO neutron.services.segments.plugin [-] Segment 213a51ed-d8d5-4915-936c-fda136a6b2e9 resource provider aggregate not found
2026-07-16 01:33:51.444 9 INFO neutron.services.segments.plugin [-] Segment 213a51ed-d8d5-4915-936c-fda136a6b2e9 resource provider aggregate not found
2026-07-16 01:33:51.459 9 INFO neutron.services.segments.plugin [-] Segment 213a51ed-d8d5-4915-936c-fda136a6b2e9 resource provider not found; error: Placement Client Error (4xx): {"errors": [{"status": 404, "title": "Not Found", "detail": "The resource could not be found.\n\n No resource provider with uuid 213a51ed-d8d5-4915-936c-fda136a6b2e9 found for delete ", "request_id": "req-a29d36fb-855b-4035-9b30-c1840f736c2f"}]}
2026-07-16 01:33:51.471 9 INFO neutron.services.segments.plugin [-] Segment 213a51ed-d8d5-4915-936c-fda136a6b2e9 resource provider not found; error: Placement Client Error (4xx): {"errors": [{"status": 404, "title": "Not Found", "detail": "The resource could not be found.\n\n No resource provider with uuid 213a51ed-d8d5-4915-936c-fda136a6b2e9 found for delete ", "request_id": "req-af1f887a-894b-4507-93a5-2cf7e51ef39c"}]}
2026-07-16 01:33:51.498 9 INFO neutron.services.segments.plugin [-] Segment 9b0f4463-2754-4258-a0ca-f5ba6d52c8e4 resource provider aggregate not found
2026-07-16 01:33:51.509 9 INFO neutron.services.segments.plugin [-] Segment 9b0f4463-2754-4258-a0ca-f5ba6d52c8e4 resource provider aggregate not found
2026-07-16 01:33:51.517 9 INFO neutron.services.segments.plugin [-] Segment 9b0f4463-2754-4258-a0ca-f5ba6d52c8e4 resource provider not found; error: Placement Client Error (4xx): {"errors": [{"status": 404, "title": "Not Found", "detail": "The resource could not be found.\n\n No resource provider with uuid 9b0f4463-2754-4258-a0ca-f5ba6d52c8e4 found for delete ", "request_id": "req-17120dc1-0959-441a-a20f-a0e52064b798"}]}
2026-07-16 01:33:51.529 9 INFO neutron.services.segments.plugin [-] Segment 9b0f4463-2754-4258-a0ca-f5ba6d52c8e4 resource provider not found; error: Placement Client Error (4xx): {"errors": [{"status": 404, "title": "Not Found", "detail": "The resource could not be found.\n\n No resource provider with uuid 9b0f4463-2754-4258-a0ca-f5ba6d52c8e4 found for delete ", "request_id": "req-adab0313-b0fe-48c8-ae46-8ee787a9c5a9"}]}
2026-07-16 01:33:51.543 9 INFO neutron.db.ovn_revision_numbers_db [None req-3c215820-0b7b-4739-a867-0192a4a3e5ca d0e25351f29e49c2b4d3c084936904e4 ecc0ee3b84544273b3d328232c400107 - - default default] Successfully bumped revision number for resource 27d1b6d7-9d7e-4c26-a5ff-9570c5c4331c (type: ports) to 1
2026-07-16 01:33:51.601 9 INFO neutron.wsgi [None req-3c215820-0b7b-4739-a867-0192a4a3e5ca d0e25351f29e49c2b4d3c084936904e4 ecc0ee3b84544273b3d328232c400107 - - default default] 10.0.0.125 "POST /v2.0/ports HTTP/1.1" status: 201 len: 1111 time: 0.8957486
2026-07-16 01:33:51.655 9 INFO neutron.wsgi [None req-b36cdf64-bb6d-4010-8c29-fee588de8656 9e230949c7e44b65b8e395cf2733d598 57d78b81ecde4e369362514ec386414e - - default default] 10.0.0.125 "DELETE /v2.0/networks/83a1d5ee-6c96-4679-b77f-dda4ebbd3418 HTTP/1.1" status: 204 len: 168 time: 0.7017281
2026-07-16 01:33:51.680 9 INFO neutron.db.ovn_revision_numbers_db [None req-cb93098e-0dcc-4605-ba2d-19e84d51c0c0 8fc98909d55e4d6d876048fe2a4be061 1400a33d6bdf49c393e3b1ee98ae94d8 - - default default] Successfully bumped revision number for resource 9fa49c24-d746-4ef2-b1ee-2005a14fb2e2 (type: networks) to 2
2026-07-16 01:33:51.692 9 INFO neutron.wsgi [None req-cb93098e-0dcc-4605-ba2d-19e84d51c0c0 8fc98909d55e4d6d876048fe2a4be061 1400a33d6bdf49c393e3b1ee98ae94d8 - - default default] 10.0.0.125 "PUT /v2.0/networks/9fa49c24-d746-4ef2-b1ee-2005a14fb2e2 HTTP/1.1" status: 200 len: 792 time: 0.4229224
2026-07-16 01:33:51.997 9 WARNING neutron.scheduler.dhcp_agent_scheduler [None req-ef1be45e-6cfa-48fb-b45d-779c34e52e14 8fc98909d55e4d6d876048fe2a4be061 1400a33d6bdf49c393e3b1ee98ae94d8 - - default default] No more DHCP agents
2026-07-16 01:33:52.001 9 WARNING neutron.api.rpc.agentnotifiers.dhcp_rpc_agent_api [None req-ef1be45e-6cfa-48fb-b45d-779c34e52e14 8fc98909d55e4d6d876048fe2a4be061 1400a33d6bdf49c393e3b1ee98ae94d8 - - default default] Unable to schedule network 9fa49c24-d746-4ef2-b1ee-2005a14fb2e2: no agents available; will retry on subsequent port and subnet creation events.
2026-07-16 01:33:52.031 9 INFO neutron.db.ovn_revision_numbers_db [None req-ef1be45e-6cfa-48fb-b45d-779c34e52e14 8fc98909d55e4d6d876048fe2a4be061 1400a33d6bdf49c393e3b1ee98ae94d8 - - default default] Successfully bumped revision number for resource 74e3ce68-fb6f-4840-beee-7d0684bc0b40 (type: subnets) to 0
2026-07-16 01:33:52.047 9 INFO neutron.wsgi [None req-ef1be45e-6cfa-48fb-b45d-779c34e52e14 8fc98909d55e4d6d876048fe2a4be061 1400a33d6bdf49c393e3b1ee98ae94d8 - - default default] 10.0.0.125 "POST /v2.0/subnets HTTP/1.1" status: 201 len: 821 time: 0.3457754
2026-07-16 01:33:52.047 10 INFO neutron.wsgi [None req-bf59c484-8fdc-4b13-a756-0fd6f923caa8 d0e25351f29e49c2b4d3c084936904e4 ecc0ee3b84544273b3d328232c400107 - - default default] 10.0.0.125 "DELETE /v2.0/ports/27d1b6d7-9d7e-4c26-a5ff-9570c5c4331c HTTP/1.1" status: 204 len: 168 time: 0.4398589
2026-07-16 01:33:52.084 9 INFO neutron.pecan_wsgi.hooks.translation [None req-afb9e808-f028-45cc-b609-1be841541946 d0e25351f29e49c2b4d3c084936904e4 ecc0ee3b84544273b3d328232c400107 - - default default] GET failed (client error): The resource could not be found.
2026-07-16 01:33:52.086 9 INFO neutron.wsgi [None req-afb9e808-f028-45cc-b609-1be841541946 d0e25351f29e49c2b4d3c084936904e4 ecc0ee3b84544273b3d328232c400107 - - default default] 10.0.0.125 "GET /v2.0/ports/27d1b6d7-9d7e-4c26-a5ff-9570c5c4331c HTTP/1.1" status: 404 len: 333 time: 0.0332232
2026-07-16 01:33:52.100 10 INFO neutron.services.segments.plugin [-] Segment 7897e2ce-0299-4030-b1b0-d0e476f859c3 resource provider aggregate not found
2026-07-16 01:33:52.104 10 INFO neutron.services.segments.plugin [-] Segment 7897e2ce-0299-4030-b1b0-d0e476f859c3 resource provider aggregate not found
2026-07-16 01:33:52.121 10 INFO neutron.services.segments.plugin [-] Segment 7897e2ce-0299-4030-b1b0-d0e476f859c3 resource provider not found; error: Placement Client Error (4xx): {"errors": [{"status": 404, "title": "Not Found", "detail": "The resource could not be found.\n\n No resource provider with uuid 7897e2ce-0299-4030-b1b0-d0e476f859c3 found for delete ", "request_id": "req-9fea5635-f907-46eb-b30d-20efc4cb17cf"}]}
2026-07-16 01:33:52.124 10 INFO neutron.services.segments.plugin [-] Segment 7897e2ce-0299-4030-b1b0-d0e476f859c3 resource provider not found; error: Placement Client Error (4xx): {"errors": [{"status": 404, "title": "Not Found", "detail": "The resource could not be found.\n\n No resource provider with uuid 7897e2ce-0299-4030-b1b0-d0e476f859c3 found for delete ", "request_id": "req-5dedfc89-a24b-4076-8de1-7e2244f63426"}]}
2026-07-16 01:33:52.144 10 INFO neutron.wsgi [None req-78591145-14fe-49cf-9195-247b55c15b91 9e230949c7e44b65b8e395cf2733d598 57d78b81ecde4e369362514ec386414e - - default default] 10.0.0.125 "DELETE /v2.0/networks/801b4392-b0b3-41a8-9b1e-94d741026e8d HTTP/1.1" status: 204 len: 168 time: 0.4768751
2026-07-16 01:33:52.386 9 INFO neutron.db.ovn_revision_numbers_db [None req-ec90dcda-883d-4c66-b976-c4f407b5eaa8 d820dc69025e459489f1f963b7dcb981 6a2907b7dded4e32bb1f33dd1010ea75 - - default default] Successfully bumped revision number for resource 49f506e3-1868-4ac4-b04b-a3feb9aea08e (type: security_groups) to 1
2026-07-16 01:33:52.408 9 INFO neutron.db.ovn_revision_numbers_db [None req-ec90dcda-883d-4c66-b976-c4f407b5eaa8 d820dc69025e459489f1f963b7dcb981 6a2907b7dded4e32bb1f33dd1010ea75 - - default default] Successfully bumped revision number for resource 1498b449-d79c-4109-a48e-c369730905da (type: security_group_rules) to 0
2026-07-16 01:33:52.429 9 INFO neutron.db.ovn_revision_numbers_db [None req-ec90dcda-883d-4c66-b976-c4f407b5eaa8 d820dc69025e459489f1f963b7dcb981 6a2907b7dded4e32bb1f33dd1010ea75 - - default default] Successfully bumped revision number for resource 34036c63-26dc-4743-8983-0ba4bc9bcdc1 (type: security_group_rules) to 0
2026-07-16 01:33:52.459 9 INFO neutron.wsgi [None req-c3416952-86b0-40cd-8f1c-49aa75f7eb17 d0e25351f29e49c2b4d3c084936904e4 ecc0ee3b84544273b3d328232c400107 - - default default] 10.0.0.125 "DELETE /v2.0/subnets/7f3c613f-b868-4f27-9477-fda7d2b73fcb HTTP/1.1" status: 204 len: 168 time: 0.3658965
2026-07-16 01:33:52.467 9 INFO neutron.db.ovn_revision_numbers_db [None req-ec90dcda-883d-4c66-b976-c4f407b5eaa8 d820dc69025e459489f1f963b7dcb981 6a2907b7dded4e32bb1f33dd1010ea75 - - default default] Successfully bumped revision number for resource 7832743f-f26d-4082-8d57-80425117daec (type: security_group_rules) to 0
2026-07-16 01:33:52.488 9 INFO neutron.db.ovn_revision_numbers_db [None req-ec90dcda-883d-4c66-b976-c4f407b5eaa8 d820dc69025e459489f1f963b7dcb981 6a2907b7dded4e32bb1f33dd1010ea75 - - default default] Successfully bumped revision number for resource dbe6a46c-ab5a-42b9-9d28-f8300be55628 (type: security_group_rules) to 0
2026-07-16 01:33:52.548 9 INFO neutron.db.segments_db [None req-ec90dcda-883d-4c66-b976-c4f407b5eaa8 d820dc69025e459489f1f963b7dcb981 6a2907b7dded4e32bb1f33dd1010ea75 - - default default] Added segment 525afc46-9965-416e-b52d-f767bd31fa5d of type geneve for network 24a0cb41-a695-4ebf-8518-ecdccb760df1
2026-07-16 01:33:52.721 9 INFO neutron.db.ovn_revision_numbers_db [None req-ec90dcda-883d-4c66-b976-c4f407b5eaa8 d820dc69025e459489f1f963b7dcb981 6a2907b7dded4e32bb1f33dd1010ea75 - - default default] Successfully bumped revision number for resource 24a0cb41-a695-4ebf-8518-ecdccb760df1 (type: networks) to 1
2026-07-16 01:33:52.810 10 INFO neutron.wsgi [None req-0030393a-4984-4808-af8f-92222ab76d6a d820dc69025e459489f1f963b7dcb981 6a2907b7dded4e32bb1f33dd1010ea75 - - default default] 10.0.0.125 "GET /v2.0/security-groups?tenant_id=57d78b81ecde4e369362514ec386414e&name=default HTTP/1.1" status: 200 len: 2996 time: 0.1820016
2026-07-16 01:33:52.851 10 INFO neutron.wsgi [None req-1c8d867f-9fa2-48c4-a71e-617e4c9638a9 d0e25351f29e49c2b4d3c084936904e4 ecc0ee3b84544273b3d328232c400107 - - default default] 10.0.0.125 "DELETE /v2.0/networks/48de189e-11d0-4d69-8612-48bb5a66e598 HTTP/1.1" status: 204 len: 168 time: 0.3864737
2026-07-16 01:33:52.979 9 WARNING neutron.scheduler.dhcp_agent_scheduler [None req-ec90dcda-883d-4c66-b976-c4f407b5eaa8 d820dc69025e459489f1f963b7dcb981 6a2907b7dded4e32bb1f33dd1010ea75 - - default default] No more DHCP agents
2026-07-16 01:33:52.983 9 WARNING neutron.api.rpc.agentnotifiers.dhcp_rpc_agent_api [None req-ec90dcda-883d-4c66-b976-c4f407b5eaa8 d820dc69025e459489f1f963b7dcb981 6a2907b7dded4e32bb1f33dd1010ea75 - - default default] Unable to schedule network 24a0cb41-a695-4ebf-8518-ecdccb760df1: no agents available; will retry on subsequent port and subnet creation events.
2026-07-16 01:33:53.086 10 WARNING neutron.scheduler.dhcp_agent_scheduler [None req-19d5b222-4811-4136-8611-309283a2338f d0e25351f29e49c2b4d3c084936904e4 ecc0ee3b84544273b3d328232c400107 - - default default] No more DHCP agents
2026-07-16 01:33:53.088 10 WARNING neutron.api.rpc.agentnotifiers.dhcp_rpc_agent_api [None req-19d5b222-4811-4136-8611-309283a2338f d0e25351f29e49c2b4d3c084936904e4 ecc0ee3b84544273b3d328232c400107 - - default default] Unable to schedule network 8b22d2f1-dd02-4ae2-b9bd-53b447056f9e: no agents available; will retry on subsequent port and subnet creation events.
2026-07-16 01:33:53.152 10 INFO neutron.wsgi [-] 10.0.0.220 "GET / HTTP/1.1" status: 200 len: 247 time: 0.0013351
2026-07-16 01:33:53.154 10 INFO neutron.wsgi [-] 10.0.0.220 "GET / HTTP/1.1" status: 200 len: 247 time: 0.0010874
2026-07-16 01:33:53.165 10 INFO neutron.db.ovn_revision_numbers_db [None req-19d5b222-4811-4136-8611-309283a2338f d0e25351f29e49c2b4d3c084936904e4 ecc0ee3b84544273b3d328232c400107 - - default default] Successfully bumped revision number for resource 5683afd6-d2fd-44f3-a248-e99e03349b01 (type: ports) to 1
2026-07-16 01:33:53.186 10 INFO neutron.wsgi [None req-19d5b222-4811-4136-8611-309283a2338f d0e25351f29e49c2b4d3c084936904e4 ecc0ee3b84544273b3d328232c400107 - - default default] 10.0.0.125 "POST /v2.0/ports HTTP/1.1" status: 201 len: 974 time: 0.3244374 /var/lib/openstack/lib/python3.10/site-packages/pycadf/identifier.py:71: UserWarning: Invalid uuid: neutron. To ensure interoperability, identifiers should be a valid uuid. warnings.warn(('Invalid uuid: %s. To ensure interoperability, '
2026-07-16 01:33:53.344 9 INFO neutron.db.ovn_revision_numbers_db [None req-ec90dcda-883d-4c66-b976-c4f407b5eaa8 d820dc69025e459489f1f963b7dcb981 6a2907b7dded4e32bb1f33dd1010ea75 - - default default] Successfully bumped revision number for resource 50bd7409-bc2b-4057-8d64-17e105ce9ed4 (type: ports) to 1
2026-07-16 01:33:53.347 9 INFO neutron.db.ovn_revision_numbers_db [None req-bf428d74-b0e8-4d12-ac3e-9b1fb89e5575 8fc98909d55e4d6d876048fe2a4be061 1400a33d6bdf49c393e3b1ee98ae94d8 - - default default] Successfully bumped revision number for resource e86e7d02-32e7-4233-9935-080174210019 (type: ports) to 2
2026-07-16 01:33:53.386 9 INFO neutron.wsgi [None req-ec90dcda-883d-4c66-b976-c4f407b5eaa8 d820dc69025e459489f1f963b7dcb981 6a2907b7dded4e32bb1f33dd1010ea75 - - default default] 10.0.0.125 "POST /v2.0/networks HTTP/1.1" status: 201 len: 945 time: 1.5306931
2026-07-16 01:33:53.406 9 INFO neutron.db.ovn_revision_numbers_db [None req-bf428d74-b0e8-4d12-ac3e-9b1fb89e5575 8fc98909d55e4d6d876048fe2a4be061 1400a33d6bdf49c393e3b1ee98ae94d8 - - default default] Successfully bumped revision number for resource 74e3ce68-fb6f-4840-beee-7d0684bc0b40 (type: subnets) to 1
2026-07-16 01:33:53.409 9 INFO neutron.wsgi [None req-bf428d74-b0e8-4d12-ac3e-9b1fb89e5575 8fc98909d55e4d6d876048fe2a4be061 1400a33d6bdf49c393e3b1ee98ae94d8 - - default default] 10.0.0.125 "PUT /v2.0/subnets/74e3ce68-fb6f-4840-beee-7d0684bc0b40 HTTP/1.1" status: 200 len: 826 time: 1.3573513
2026-07-16 01:33:53.416 9 INFO neutron.wsgi [None req-3b4e8cb7-64d1-48a0-ad13-bc392ca21b3b d820dc69025e459489f1f963b7dcb981 6a2907b7dded4e32bb1f33dd1010ea75 - - default default] 10.0.0.125 "DELETE /v2.0/security-groups/d1bc2d80-5af8-4429-bf37-987a07025415 HTTP/1.1" status: 204 len: 168 time: 0.5985501
2026-07-16 01:33:53.438 9 INFO neutron.plugins.ml2.drivers.ovn.mech_driver.mech_driver [None req-6c2ac208-0920-445d-b3fb-a8ba9fc3c2ef - - - - - -] OVN reports status down for port: 5683afd6-d2fd-44f3-a248-e99e03349b01
2026-07-16 01:33:53.480 10 INFO neutron.db.ovn_revision_numbers_db [None req-d0c5ed71-5c8e-4d5b-8950-8028d1a09824 d0e25351f29e49c2b4d3c084936904e4 ecc0ee3b84544273b3d328232c400107 - - default default] Successfully bumped revision number for resource 5683afd6-d2fd-44f3-a248-e99e03349b01 (type: ports) to 2
2026-07-16 01:33:53.494 10 INFO neutron.wsgi [None req-d0c5ed71-5c8e-4d5b-8950-8028d1a09824 d0e25351f29e49c2b4d3c084936904e4 ecc0ee3b84544273b3d328232c400107 - - default default] 10.0.0.125 "PUT /v2.0/ports/5683afd6-d2fd-44f3-a248-e99e03349b01 HTTP/1.1" status: 200 len: 946 time: 0.3035972 /var/lib/openstack/lib/python3.10/site-packages/pycadf/identifier.py:71: UserWarning: Invalid uuid: neutron. To ensure interoperability, identifiers should be a valid uuid. warnings.warn(('Invalid uuid: %s. To ensure interoperability, '
2026-07-16 01:33:53.536 9 INFO neutron.services.segments.plugin [-] Segment 954eeae9-64f7-49b6-a6b1-f5b4997357b3 resource provider aggregate not found
2026-07-16 01:33:53.557 9 INFO neutron.services.segments.plugin [-] Segment 954eeae9-64f7-49b6-a6b1-f5b4997357b3 resource provider not found; error: Placement Client Error (4xx): {"errors": [{"status": 404, "title": "Not Found", "detail": "The resource could not be found.\n\n No resource provider with uuid 954eeae9-64f7-49b6-a6b1-f5b4997357b3 found for delete ", "request_id": "req-b30a0235-a6c4-4711-979f-5976422bb1aa"}]}
2026-07-16 01:33:53.558 9 INFO neutron.services.segments.plugin [-] Segment 954eeae9-64f7-49b6-a6b1-f5b4997357b3 resource provider aggregate not found
2026-07-16 01:33:53.574 9 INFO neutron.services.segments.plugin [-] Segment 954eeae9-64f7-49b6-a6b1-f5b4997357b3 resource provider not found; error: Placement Client Error (4xx): {"errors": [{"status": 404, "title": "Not Found", "detail": "The resource could not be found.\n\n No resource provider with uuid 954eeae9-64f7-49b6-a6b1-f5b4997357b3 found for delete ", "request_id": "req-5356f06f-0644-4dad-a72f-d6ca9f0a947e"}]}
2026-07-16 01:33:53.590 10 WARNING neutron.scheduler.dhcp_agent_scheduler [None req-a2f12ebc-7a63-4212-987f-9fb42b3e5b2b d820dc69025e459489f1f963b7dcb981 6a2907b7dded4e32bb1f33dd1010ea75 - - default default] No more DHCP agents
2026-07-16 01:33:53.593 10 WARNING neutron.api.rpc.agentnotifiers.dhcp_rpc_agent_api [None req-a2f12ebc-7a63-4212-987f-9fb42b3e5b2b d820dc69025e459489f1f963b7dcb981 6a2907b7dded4e32bb1f33dd1010ea75 - - default default] Unable to schedule network 24a0cb41-a695-4ebf-8518-ecdccb760df1: no agents available; will retry on subsequent port and subnet creation events.
2026-07-16 01:33:53.800 10 INFO neutron.wsgi [None req-892be9f8-0734-40d2-89ec-3640ae5cb948 d0e25351f29e49c2b4d3c084936904e4 ecc0ee3b84544273b3d328232c400107 - - default default] 10.0.0.125 "DELETE /v2.0/ports/5683afd6-d2fd-44f3-a248-e99e03349b01 HTTP/1.1" status: 204 len: 168 time: 0.2994854
2026-07-16 01:33:53.958 9 INFO neutron.wsgi [None req-471ec7f3-794a-4979-a4e6-8b3905577c1f 8fc98909d55e4d6d876048fe2a4be061 1400a33d6bdf49c393e3b1ee98ae94d8 - - default default] 10.0.0.125 "DELETE /v2.0/networks/9fa49c24-d746-4ef2-b1ee-2005a14fb2e2 HTTP/1.1" status: 204 len: 168 time: 0.5411625
2026-07-16 01:33:53.991 9 INFO neutron.pecan_wsgi.hooks.translation [None req-359aa42f-de87-4491-be88-f3486875d1b8 8fc98909d55e4d6d876048fe2a4be061 1400a33d6bdf49c393e3b1ee98ae94d8 - - default default] DELETE failed (client error): The resource could not be found.
2026-07-16 01:33:53.993 9 INFO neutron.wsgi [None req-359aa42f-de87-4491-be88-f3486875d1b8 8fc98909d55e4d6d876048fe2a4be061 1400a33d6bdf49c393e3b1ee98ae94d8 - - default default] 10.0.0.125 "DELETE /v2.0/networks/9fa49c24-d746-4ef2-b1ee-2005a14fb2e2 HTTP/1.1" status: 404 len: 339 time: 0.0289721
2026-07-16 01:33:54.115 9 INFO neutron.wsgi [None req-8f4a9336-7402-4760-a7ba-2c2914eb573a 8fc98909d55e4d6d876048fe2a4be061 1400a33d6bdf49c393e3b1ee98ae94d8 - - default default] 10.0.0.125 "GET /v2.0/networks?router%3Aexternal=True HTTP/1.1" status: 200 len: 845 time: 0.1148376
2026-07-16 01:33:54.121 10 INFO neutron.wsgi [None req-7697eb3a-9dff-4a5e-b5fd-ffd551a8c0eb d0e25351f29e49c2b4d3c084936904e4 ecc0ee3b84544273b3d328232c400107 - - default default] 10.0.0.125 "GET /v2.0/ports HTTP/1.1" status: 200 len: 1729 time: 0.3117609
2026-07-16 01:33:54.138 10 INFO neutron.services.segments.plugin [-] Segment bdefccb4-37f2-4acc-87ac-eb5d335a6d66 resource provider aggregate not found
2026-07-16 01:33:54.145 10 INFO neutron.services.segments.plugin [-] Segment bdefccb4-37f2-4acc-87ac-eb5d335a6d66 resource provider aggregate not found
2026-07-16 01:33:54.150 9 INFO neutron.pecan_wsgi.hooks.translation [None req-1c641677-9268-4f92-be4b-9d45a092f1c4 d0e25351f29e49c2b4d3c084936904e4 ecc0ee3b84544273b3d328232c400107 - - default default] GET failed (client error): The resource could not be found.
2026-07-16 01:33:54.152 9 INFO neutron.wsgi [None req-1c641677-9268-4f92-be4b-9d45a092f1c4 d0e25351f29e49c2b4d3c084936904e4 ecc0ee3b84544273b3d328232c400107 - - default default] 10.0.0.125 "GET /v2.0/ports/5683afd6-d2fd-44f3-a248-e99e03349b01 HTTP/1.1" status: 404 len: 333 time: 0.0260212
2026-07-16 01:33:54.155 10 INFO neutron.services.segments.plugin [-] Segment bdefccb4-37f2-4acc-87ac-eb5d335a6d66 resource provider not found; error: Placement Client Error (4xx): {"errors": [{"status": 404, "title": "Not Found", "detail": "The resource could not be found.\n\n No resource provider with uuid bdefccb4-37f2-4acc-87ac-eb5d335a6d66 found for delete ", "request_id": "req-06d0e4be-6aac-4e53-acf9-78dc606dd6b0"}]}
2026-07-16 01:33:54.165 9 INFO neutron.wsgi [None req-b4c41162-c4c9-4fda-8970-9bd97d9828d3 8fc98909d55e4d6d876048fe2a4be061 1400a33d6bdf49c393e3b1ee98ae94d8 - - default default] 10.0.0.125 "GET /v2.0/subnets?network_id=41e2105a-107e-4de7-ab90-5ea035ee11ee HTTP/1.1" status: 200 len: 820 time: 0.0450523
2026-07-16 01:33:54.169 10 INFO neutron.services.segments.plugin [-] Segment bdefccb4-37f2-4acc-87ac-eb5d335a6d66 resource provider not found; error: Placement Client Error (4xx): {"errors": [{"status": 404, "title": "Not Found", "detail": "The resource could not be found.\n\n No resource provider with uuid bdefccb4-37f2-4acc-87ac-eb5d335a6d66 found for delete ", "request_id": "req-599bfaf5-30d3-48d1-8077-450aeb360f99"}]}
2026-07-16 01:33:54.174 9 INFO neutron.wsgi [None req-f64ab524-a462-4d27-87a7-2b4595fd0638 8fc98909d55e4d6d876048fe2a4be061 1400a33d6bdf49c393e3b1ee98ae94d8 - - default default] 10.0.0.125 "GET /v2.0/extensions HTTP/1.1" status: 200 len: 16520 time: 0.0044892
2026-07-16 01:33:54.214 10 INFO neutron.wsgi [None req-1badc90d-147c-4576-bcac-8cf54304327a d0e25351f29e49c2b4d3c084936904e4 ecc0ee3b84544273b3d328232c400107 - - default default] 10.0.0.125 "GET /v2.0/ports HTTP/1.1" status: 200 len: 1729 time: 0.0560417
2026-07-16 01:33:54.256 10 INFO neutron.wsgi [None req-2c9ac83a-3e0b-461e-8000-adfa6620e1f8 d0e25351f29e49c2b4d3c084936904e4 ecc0ee3b84544273b3d328232c400107 - - default default] 10.0.0.125 "GET /v2.0/ports/3c511362-5aa7-4412-b59e-6322824c95a1 HTTP/1.1" status: 200 len: 969 time: 0.0330772
2026-07-16 01:33:54.259 9 INFO neutron.wsgi [None req-7a1e6611-f577-4ea2-8b9c-4f0177ee9b06 8fc98909d55e4d6d876048fe2a4be061 1400a33d6bdf49c393e3b1ee98ae94d8 - - default default] 10.0.0.125 "GET /v2.0/networks HTTP/1.1" status: 200 len: 1507 time: 0.0802572
2026-07-16 01:33:54.279 9 INFO neutron.pecan_wsgi.hooks.translation [None req-e95e2b0d-efae-4e1b-af18-445dea1c7218 d0e25351f29e49c2b4d3c084936904e4 ecc0ee3b84544273b3d328232c400107 - - default default] DELETE failed (client error): The resource could not be found.
2026-07-16 01:33:54.281 9 INFO neutron.wsgi [None req-e95e2b0d-efae-4e1b-af18-445dea1c7218 d0e25351f29e49c2b4d3c084936904e4 ecc0ee3b84544273b3d328232c400107 - - default default] 10.0.0.125 "DELETE /v2.0/ports/27d1b6d7-9d7e-4c26-a5ff-9570c5c4331c HTTP/1.1" status: 404 len: 333 time: 0.0159338
2026-07-16 01:33:54.300 9 INFO neutron.pecan_wsgi.hooks.translation [None req-df6bab2f-7e3a-438d-a5ce-62a060b2d146 d0e25351f29e49c2b4d3c084936904e4 ecc0ee3b84544273b3d328232c400107 - - default default] DELETE failed (client error): The resource could not be found.
2026-07-16 01:33:54.302 9 INFO neutron.wsgi [None req-df6bab2f-7e3a-438d-a5ce-62a060b2d146 d0e25351f29e49c2b4d3c084936904e4 ecc0ee3b84544273b3d328232c400107 - - default default] 10.0.0.125 "DELETE /v2.0/subnets/7f3c613f-b868-4f27-9477-fda7d2b73fcb HTTP/1.1" status: 404 len: 337 time: 0.0167582
2026-07-16 01:33:54.305 10 INFO neutron.wsgi [None req-f2edf134-ff3e-43e6-9cf4-9eb9002fc980 8fc98909d55e4d6d876048fe2a4be061 1400a33d6bdf49c393e3b1ee98ae94d8 - - default default] 10.0.0.125 "GET /v2.0/subnets HTTP/1.1" status: 200 len: 1460 time: 0.0382674
2026-07-16 01:33:54.325 9 INFO neutron.pecan_wsgi.hooks.translation [None req-4adaf27b-53ea-4613-8ca9-f476173ec798 d0e25351f29e49c2b4d3c084936904e4 ecc0ee3b84544273b3d328232c400107 - - default default] DELETE failed (client error): The resource could not be found.
2026-07-16 01:33:54.327 9 INFO neutron.wsgi [None req-4adaf27b-53ea-4613-8ca9-f476173ec798 d0e25351f29e49c2b4d3c084936904e4 ecc0ee3b84544273b3d328232c400107 - - default default] 10.0.0.125 "DELETE /v2.0/subnets/b2d730f7-e8f2-4aae-8329-20afff93ef17 HTTP/1.1" status: 404 len: 337 time: 0.0185204
2026-07-16 01:33:54.415 10 INFO neutron.wsgi [None req-97c8d56d-9791-4590-97a6-954b5f8aa153 8fc98909d55e4d6d876048fe2a4be061 1400a33d6bdf49c393e3b1ee98ae94d8 - - default default] 10.0.0.125 "GET /v2.0/networks/219ca6f1-6d7a-489f-a0ce-27ca9a1a2637 HTTP/1.1" status: 200 len: 866 time: 0.1005142
2026-07-16 01:33:54.458 9 INFO neutron.wsgi [None req-32eb4583-ba65-4e8f-8920-2c3032e86daf 8fc98909d55e4d6d876048fe2a4be061 1400a33d6bdf49c393e3b1ee98ae94d8 - - default default] 10.0.0.125 "GET /v2.0/subnets/732a0981-367f-4d84-8079-da3294b68512 HTTP/1.1" status: 200 len: 843 time: 0.0375464
2026-07-16 01:33:54.484 9 INFO neutron.pecan_wsgi.hooks.translation [None req-bf0c769a-8b08-493a-9c7d-4916c7ffc38d 8fc98909d55e4d6d876048fe2a4be061 1400a33d6bdf49c393e3b1ee98ae94d8 - - default default] DELETE failed (client error): The resource could not be found.
2026-07-16 01:33:54.487 9 INFO neutron.wsgi [None req-bf0c769a-8b08-493a-9c7d-4916c7ffc38d 8fc98909d55e4d6d876048fe2a4be061 1400a33d6bdf49c393e3b1ee98ae94d8 - - default default] 10.0.0.125 "DELETE /v2.0/subnets/74e3ce68-fb6f-4840-beee-7d0684bc0b40 HTTP/1.1" status: 404 len: 337 time: 0.0211349
2026-07-16 01:33:54.503 9 INFO neutron.pecan_wsgi.hooks.translation [None req-ca62f8c4-330e-4d2a-b41f-7327452c97d5 8fc98909d55e4d6d876048fe2a4be061 1400a33d6bdf49c393e3b1ee98ae94d8 - - default default] DELETE failed (client error): The resource could not be found.
2026-07-16 01:33:54.505 9 INFO neutron.wsgi [None req-ca62f8c4-330e-4d2a-b41f-7327452c97d5 8fc98909d55e4d6d876048fe2a4be061 1400a33d6bdf49c393e3b1ee98ae94d8 - - default default] 10.0.0.125 "DELETE /v2.0/networks/9fa49c24-d746-4ef2-b1ee-2005a14fb2e2 HTTP/1.1" status: 404 len: 339 time: 0.0146682
2026-07-16 01:33:54.514 10 INFO neutron.db.ovn_revision_numbers_db [None req-a2f12ebc-7a63-4212-987f-9fb42b3e5b2b d820dc69025e459489f1f963b7dcb981 6a2907b7dded4e32bb1f33dd1010ea75 - - default default] Successfully bumped revision number for resource 50bd7409-bc2b-4057-8d64-17e105ce9ed4 (type: ports) to 2
2026-07-16 01:33:54.555 10 INFO neutron.db.ovn_revision_numbers_db [None req-a2f12ebc-7a63-4212-987f-9fb42b3e5b2b d820dc69025e459489f1f963b7dcb981 6a2907b7dded4e32bb1f33dd1010ea75 - - default default] Successfully bumped revision number for resource 26513bc8-133b-4509-b4a4-1c4b58fa0558 (type: subnets) to 0
2026-07-16 01:33:54.571 10 INFO neutron.wsgi [None req-a2f12ebc-7a63-4212-987f-9fb42b3e5b2b d820dc69025e459489f1f963b7dcb981 6a2907b7dded4e32bb1f33dd1010ea75 - - default default] 10.0.0.125 "POST /v2.0/subnets HTTP/1.1" status: 201 len: 865 time: 1.1794453
2026-07-16 01:33:54.604 10 INFO neutron.wsgi [None req-51827029-9492-43df-b16e-07d2a9a5c767 d0e25351f29e49c2b4d3c084936904e4 ecc0ee3b84544273b3d328232c400107 - - default default] 10.0.0.125 "DELETE /v2.0/ports/3c511362-5aa7-4412-b59e-6322824c95a1 HTTP/1.1" status: 204 len: 168 time: 0.2723389
2026-07-16 01:33:54.704 9 INFO neutron.wsgi [None req-a3206390-5655-49cf-ad92-1828cc98500b 8fc98909d55e4d6d876048fe2a4be061 1400a33d6bdf49c393e3b1ee98ae94d8 - - default default] 10.0.0.125 "DELETE /v2.0/subnets/732a0981-367f-4d84-8079-da3294b68512 HTTP/1.1" status: 204 len: 168 time: 0.1950765
2026-07-16 01:33:55.043 9 INFO neutron.wsgi [None req-08bee5be-4005-4f55-8ee3-10ae29400692 8fc98909d55e4d6d876048fe2a4be061 1400a33d6bdf49c393e3b1ee98ae94d8 - - default default] 10.0.0.125 "DELETE /v2.0/networks/219ca6f1-6d7a-489f-a0ce-27ca9a1a2637 HTTP/1.1" status: 204 len: 168 time: 0.3318832
2026-07-16 01:33:55.141 10 INFO neutron.wsgi [None req-a631e8a1-351b-4988-bf38-ae8967e5b321 d0e25351f29e49c2b4d3c084936904e4 ecc0ee3b84544273b3d328232c400107 - - default default] 10.0.0.125 "DELETE /v2.0/networks/8b22d2f1-dd02-4ae2-b9bd-53b447056f9e HTTP/1.1" status: 204 len: 168 time: 0.5323093
2026-07-16 01:33:55.173 10 WARNING neutron.scheduler.dhcp_agent_scheduler [None req-eb6d296e-3d3c-4755-bcf7-cb6d6450c469 d820dc69025e459489f1f963b7dcb981 6a2907b7dded4e32bb1f33dd1010ea75 - - default default] No more DHCP agents
2026-07-16 01:33:55.175 10 WARNING neutron.api.rpc.agentnotifiers.dhcp_rpc_agent_api [None req-eb6d296e-3d3c-4755-bcf7-cb6d6450c469 d820dc69025e459489f1f963b7dcb981 6a2907b7dded4e32bb1f33dd1010ea75 - - default default] Unable to schedule network 41e2105a-107e-4de7-ab90-5ea035ee11ee: no agents available; will retry on subsequent port and subnet creation events.
2026-07-16 01:33:55.340 10 INFO neutron.db.ovn_revision_numbers_db [None req-eb6d296e-3d3c-4755-bcf7-cb6d6450c469 d820dc69025e459489f1f963b7dcb981 6a2907b7dded4e32bb1f33dd1010ea75 - - default default] Successfully bumped revision number for resource bab55fb9-9ce7-40aa-8e51-8dca01ef4276 (type: ports) to 1
2026-07-16 01:33:55.472 9 INFO neutron.db.ovn_revision_numbers_db [None req-b2d7c4dd-ba7f-4855-bec7-bcfe5312fa93 29d14dd939754b85979cfe1d34dd13de 274dee4bc0da41bc83d38e3111c0f076 - - default default] Successfully bumped revision number for resource 0ba5de68-28a0-4b72-a0f0-a09f321169fb (type: security_groups) to 1
2026-07-16 01:33:55.488 9 INFO neutron.db.ovn_revision_numbers_db [None req-b2d7c4dd-ba7f-4855-bec7-bcfe5312fa93 29d14dd939754b85979cfe1d34dd13de 274dee4bc0da41bc83d38e3111c0f076 - - default default] Successfully bumped revision number for resource 4448dc73-8460-43e3-87d1-fe3d418e0164 (type: security_group_rules) to 0
2026-07-16 01:33:55.504 9 INFO neutron.db.ovn_revision_numbers_db [None req-b2d7c4dd-ba7f-4855-bec7-bcfe5312fa93 29d14dd939754b85979cfe1d34dd13de 274dee4bc0da41bc83d38e3111c0f076 - - default default] Successfully bumped revision number for resource 75d676ce-7595-4ef6-8376-668c8f0e106a (type: security_group_rules) to 0
2026-07-16 01:33:55.519 9 INFO neutron.db.ovn_revision_numbers_db [None req-b2d7c4dd-ba7f-4855-bec7-bcfe5312fa93 29d14dd939754b85979cfe1d34dd13de 274dee4bc0da41bc83d38e3111c0f076 - - default default] Successfully bumped revision number for resource 849fa1a9-7403-4c04-98f7-9fb3c7336e47 (type: security_group_rules) to 0
2026-07-16 01:33:55.533 9 INFO neutron.db.ovn_revision_numbers_db [None req-b2d7c4dd-ba7f-4855-bec7-bcfe5312fa93 29d14dd939754b85979cfe1d34dd13de 274dee4bc0da41bc83d38e3111c0f076 - - default default] Successfully bumped revision number for resource bd68812d-01ae-47f8-a948-e0eb0d2bf5bf (type: security_group_rules) to 0
2026-07-16 01:33:55.580 9 INFO neutron.services.segments.plugin [-] Segment 7a188b8e-138e-4137-bff3-575dbd3ea66f resource provider aggregate not found
2026-07-16 01:33:55.597 9 INFO neutron.db.segments_db [None req-b2d7c4dd-ba7f-4855-bec7-bcfe5312fa93 29d14dd939754b85979cfe1d34dd13de 274dee4bc0da41bc83d38e3111c0f076 - - default default] Added segment f43dbf2d-ff13-495b-836d-5c5640976606 of type geneve for network 3b3e7845-06b6-4141-9cca-08b82c76bec5
2026-07-16 01:33:55.599 9 INFO neutron.services.segments.plugin [-] Segment 7a188b8e-138e-4137-bff3-575dbd3ea66f resource provider not found; error: Placement Client Error (4xx): {"errors": [{"status": 404, "title": "Not Found", "detail": "The resource could not be found.\n\n No resource provider with uuid 7a188b8e-138e-4137-bff3-575dbd3ea66f found for delete ", "request_id": "req-9266ef97-5392-462b-8063-6f43e63a62e4"}]}
2026-07-16 01:33:55.607 9 INFO neutron.services.segments.plugin [-] Segment 7a188b8e-138e-4137-bff3-575dbd3ea66f resource provider aggregate not found
2026-07-16 01:33:55.626 9 INFO neutron.services.segments.plugin [-] Segment c3abb654-ca83-440b-8109-1fae85476ab4 resource provider aggregate not found
2026-07-16 01:33:55.630 9 INFO neutron.services.segments.plugin [-] Segment 7a188b8e-138e-4137-bff3-575dbd3ea66f resource provider not found; error: Placement Client Error (4xx): {"errors": [{"status": 404, "title": "Not Found", "detail": "The resource could not be found.\n\n No resource provider with uuid 7a188b8e-138e-4137-bff3-575dbd3ea66f found for delete ", "request_id": "req-90a8e123-9063-40cd-9a06-d2e1313f4f48"}]}
2026-07-16 01:33:55.640 9 INFO neutron.services.segments.plugin [-] Segment c3abb654-ca83-440b-8109-1fae85476ab4 resource provider not found; error: Placement Client Error (4xx): {"errors": [{"status": 404, "title": "Not Found", "detail": "The resource could not be found.\n\n No resource provider with uuid c3abb654-ca83-440b-8109-1fae85476ab4 found for delete ", "request_id": "req-16cb1390-116d-41c1-b5c6-4e2d8a8ee052"}]}
2026-07-16 01:33:55.645 9 INFO neutron.services.segments.plugin [-] Segment c3abb654-ca83-440b-8109-1fae85476ab4 resource provider aggregate not found
2026-07-16 01:33:55.660 9 INFO neutron.services.segments.plugin [-] Segment c3abb654-ca83-440b-8109-1fae85476ab4 resource provider not found; error: Placement Client Error (4xx): {"errors": [{"status": 404, "title": "Not Found", "detail": "The resource could not be found.\n\n No resource provider with uuid c3abb654-ca83-440b-8109-1fae85476ab4 found for delete ", "request_id": "req-7af78f15-ade8-48bb-ad0a-f4cdfa67abab"}]}
2026-07-16 01:33:55.674 10 INFO neutron.wsgi [None req-82b9e29d-88ad-48f4-8ebf-70b45a2ccb26 d820dc69025e459489f1f963b7dcb981 6a2907b7dded4e32bb1f33dd1010ea75 - - default default] 10.0.0.125 "GET /v2.0/security-groups?tenant_id=ecc0ee3b84544273b3d328232c400107&name=default HTTP/1.1" status: 200 len: 2996 time: 0.0902808
2026-07-16 01:33:55.687 9 INFO neutron.wsgi [None req-b58342ee-4157-40d5-8b98-2ed8d8ae5f45 d820dc69025e459489f1f963b7dcb981 6a2907b7dded4e32bb1f33dd1010ea75 - - default default] 10.0.0.125 "GET /v2.0/security-groups?tenant_id=1400a33d6bdf49c393e3b1ee98ae94d8&name=default HTTP/1.1" status: 200 len: 2996 time: 0.1206999
2026-07-16 01:33:55.783 9 INFO neutron.db.ovn_revision_numbers_db [None req-b2d7c4dd-ba7f-4855-bec7-bcfe5312fa93 29d14dd939754b85979cfe1d34dd13de 274dee4bc0da41bc83d38e3111c0f076 - - default default] Successfully bumped revision number for resource 3b3e7845-06b6-4141-9cca-08b82c76bec5 (type: networks) to 1
2026-07-16 01:33:55.946 9 WARNING neutron.scheduler.dhcp_agent_scheduler [None req-b2d7c4dd-ba7f-4855-bec7-bcfe5312fa93 29d14dd939754b85979cfe1d34dd13de 274dee4bc0da41bc83d38e3111c0f076 - - default default] No more DHCP agents
2026-07-16 01:33:55.947 9 WARNING neutron.api.rpc.agentnotifiers.dhcp_rpc_agent_api [None req-b2d7c4dd-ba7f-4855-bec7-bcfe5312fa93 29d14dd939754b85979cfe1d34dd13de 274dee4bc0da41bc83d38e3111c0f076 - - default default] Unable to schedule network 3b3e7845-06b6-4141-9cca-08b82c76bec5: no agents available; will retry on subsequent port and subnet creation events.
2026-07-16 01:33:56.000 10 INFO neutron.plugins.ml2.drivers.ovn.mech_driver.mech_driver [None req-06b30248-a1f7-4ba9-98df-5168947f8074 - - - - - -] OVN reports status up for port: bab55fb9-9ce7-40aa-8e51-8dca01ef4276
2026-07-16 01:33:56.020 10 INFO neutron.plugins.ml2.drivers.ovn.mech_driver.ovsdb.ovsdb_monitor [None req-2cedb3c7-3902-4764-b49f-a2548b67fd66 - - - - - -] Router 086c0304-3e48-4f2a-b90a-f1afa42523b9 is bound to host instance
2026-07-16 01:33:56.038 10 INFO neutron.plugins.ml2.plugin [None req-06b30248-a1f7-4ba9-98df-5168947f8074 - - - - - -] Attempt 1 to provision port bab55fb9-9ce7-40aa-8e51-8dca01ef4276
2026-07-16 01:33:56.065 9 INFO neutron.db.ovn_revision_numbers_db [None req-b2d7c4dd-ba7f-4855-bec7-bcfe5312fa93 29d14dd939754b85979cfe1d34dd13de 274dee4bc0da41bc83d38e3111c0f076 - - default default] Successfully bumped revision number for resource bcf24c07-c5b0-46a1-88d3-d0068c103260 (type: ports) to 1
2026-07-16 01:33:56.072 10 INFO neutron.db.ovn_revision_numbers_db [None req-eb6d296e-3d3c-4755-bcf7-cb6d6450c469 d820dc69025e459489f1f963b7dcb981 6a2907b7dded4e32bb1f33dd1010ea75 - - default default] Successfully bumped revision number for resource bab55fb9-9ce7-40aa-8e51-8dca01ef4276 (type: router_ports) to 1
2026-07-16 01:33:56.090 9 INFO neutron.wsgi [None req-b2d7c4dd-ba7f-4855-bec7-bcfe5312fa93 29d14dd939754b85979cfe1d34dd13de 274dee4bc0da41bc83d38e3111c0f076 - - default default] 10.0.0.125 "POST /v2.0/networks HTTP/1.1" status: 201 len: 832 time: 0.9295299
2026-07-16 01:33:56.163 9 INFO neutron.db.segments_db [None req-6664a3aa-f5ed-4680-851c-9b71a2c9ff36 29d14dd939754b85979cfe1d34dd13de 274dee4bc0da41bc83d38e3111c0f076 - - default default] Added segment 9e37ea48-2756-44e7-8b8d-6133ee9d6daa of type geneve for network a6367ae2-aa57-4c15-b6dd-dcbd87130de6
2026-07-16 01:33:56.268 9 INFO neutron.db.ovn_revision_numbers_db [None req-6664a3aa-f5ed-4680-851c-9b71a2c9ff36 29d14dd939754b85979cfe1d34dd13de 274dee4bc0da41bc83d38e3111c0f076 - - default default] Successfully bumped revision number for resource a6367ae2-aa57-4c15-b6dd-dcbd87130de6 (type: networks) to 1
2026-07-16 01:33:56.345 10 INFO neutron.wsgi [None req-10e57e9d-1350-43b4-85ff-e40cfdb0150f d820dc69025e459489f1f963b7dcb981 6a2907b7dded4e32bb1f33dd1010ea75 - - default default] 10.0.0.125 "DELETE /v2.0/security-groups/a4a5fe37-ae72-4a0c-9c7a-02d8c396c9f1 HTTP/1.1" status: 204 len: 168 time: 0.6547136
2026-07-16 01:33:56.347 10 INFO neutron.services.segments.plugin [-] Segment dd0e3821-dfe1-4286-a9e4-e3b826d405a8 resource provider aggregate not found
2026-07-16 01:33:56.357 10 INFO neutron.services.segments.plugin [-] Segment dd0e3821-dfe1-4286-a9e4-e3b826d405a8 resource provider aggregate not found
2026-07-16 01:33:56.374 10 INFO neutron.services.segments.plugin [-] Segment dd0e3821-dfe1-4286-a9e4-e3b826d405a8 resource provider not found; error: Placement Client Error (4xx): {"errors": [{"status": 404, "title": "Not Found", "detail": "The resource could not be found.\n\n No resource provider with uuid dd0e3821-dfe1-4286-a9e4-e3b826d405a8 found for delete ", "request_id": "req-265a6400-953a-4c43-96a8-6d91acb5bcca"}]}
2026-07-16 01:33:56.378 10 INFO neutron.wsgi [None req-f4104634-f62c-47ea-9bb4-cdf20042b167 d820dc69025e459489f1f963b7dcb981 6a2907b7dded4e32bb1f33dd1010ea75 - - default default] 10.0.0.125 "DELETE /v2.0/security-groups/de625189-45cd-4590-94fc-6a0fea180a21 HTTP/1.1" status: 204 len: 168 time: 0.6850972
2026-07-16 01:33:56.379 10 INFO neutron.services.segments.plugin [-] Segment dd0e3821-dfe1-4286-a9e4-e3b826d405a8 resource provider not found; error: Placement Client Error (4xx): {"errors": [{"status": 404, "title": "Not Found", "detail": "The resource could not be found.\n\n No resource provider with uuid dd0e3821-dfe1-4286-a9e4-e3b826d405a8 found for delete ", "request_id": "req-e0c9aa11-fe83-49ea-b00b-44dc8d4cc4ec"}]}
2026-07-16 01:33:56.413 10 INFO neutron.db.ovn_revision_numbers_db [None req-eb6d296e-3d3c-4755-bcf7-cb6d6450c469 d820dc69025e459489f1f963b7dcb981 6a2907b7dded4e32bb1f33dd1010ea75 - - default default] Successfully bumped revision number for resource 086c0304-3e48-4f2a-b90a-f1afa42523b9 (type: routers) to 2
2026-07-16 01:33:56.433 10 INFO neutron.wsgi [None req-eb6d296e-3d3c-4755-bcf7-cb6d6450c469 d820dc69025e459489f1f963b7dcb981 6a2907b7dded4e32bb1f33dd1010ea75 - - default default] 10.0.0.125 "POST /v2.0/routers HTTP/1.1" status: 201 len: 876 time: 1.8557932
2026-07-16 01:33:56.450 9 WARNING neutron.scheduler.dhcp_agent_scheduler [None req-6664a3aa-f5ed-4680-851c-9b71a2c9ff36 29d14dd939754b85979cfe1d34dd13de 274dee4bc0da41bc83d38e3111c0f076 - - default default] No more DHCP agents
2026-07-16 01:33:56.451 9 WARNING neutron.api.rpc.agentnotifiers.dhcp_rpc_agent_api [None req-6664a3aa-f5ed-4680-851c-9b71a2c9ff36 29d14dd939754b85979cfe1d34dd13de 274dee4bc0da41bc83d38e3111c0f076 - - default default] Unable to schedule network a6367ae2-aa57-4c15-b6dd-dcbd87130de6: no agents available; will retry on subsequent port and subnet creation events.
2026-07-16 01:33:56.536 9 INFO neutron.db.ovn_revision_numbers_db [None req-6664a3aa-f5ed-4680-851c-9b71a2c9ff36 29d14dd939754b85979cfe1d34dd13de 274dee4bc0da41bc83d38e3111c0f076 - - default default] Successfully bumped revision number for resource 3e35945f-4707-45e2-ba8f-24d62a40edd9 (type: ports) to 1
2026-07-16 01:33:56.558 9 INFO neutron.wsgi [None req-6664a3aa-f5ed-4680-851c-9b71a2c9ff36 29d14dd939754b85979cfe1d34dd13de 274dee4bc0da41bc83d38e3111c0f076 - - default default] 10.0.0.125 "POST /v2.0/networks HTTP/1.1" status: 201 len: 832 time: 0.4632745
2026-07-16 01:33:56.813 9 WARNING neutron.scheduler.dhcp_agent_scheduler [None req-61c382c8-727e-4b3c-bee1-8e80ddd05890 29d14dd939754b85979cfe1d34dd13de 274dee4bc0da41bc83d38e3111c0f076 - - default default] No more DHCP agents
2026-07-16 01:33:56.816 9 WARNING neutron.api.rpc.agentnotifiers.dhcp_rpc_agent_api [None req-61c382c8-727e-4b3c-bee1-8e80ddd05890 29d14dd939754b85979cfe1d34dd13de 274dee4bc0da41bc83d38e3111c0f076 - - default default] Unable to schedule network 3b3e7845-06b6-4141-9cca-08b82c76bec5: no agents available; will retry on subsequent port and subnet creation events.
2026-07-16 01:33:56.844 9 INFO neutron.db.ovn_revision_numbers_db [None req-61c382c8-727e-4b3c-bee1-8e80ddd05890 29d14dd939754b85979cfe1d34dd13de 274dee4bc0da41bc83d38e3111c0f076 - - default default] Successfully bumped revision number for resource d3759624-4ef2-4ebe-a4e3-75aac676f520 (type: subnets) to 0
2026-07-16 01:33:56.858 9 INFO neutron.wsgi [None req-61c382c8-727e-4b3c-bee1-8e80ddd05890 29d14dd939754b85979cfe1d34dd13de 274dee4bc0da41bc83d38e3111c0f076 - - default default] 10.0.0.125 "POST /v2.0/subnets HTTP/1.1" status: 201 len: 821 time: 0.2951128
2026-07-16 01:33:56.937 10 INFO neutron.db.ovn_revision_numbers_db [None req-2cedb3c7-3902-4764-b49f-a2548b67fd66 - - - - - -] Successfully bumped revision number for resource bab55fb9-9ce7-40aa-8e51-8dca01ef4276 (type: ports) to 1
2026-07-16 01:33:56.979 10 WARNING neutron.scheduler.dhcp_agent_scheduler [None req-00477b35-af87-4ebf-9213-ca9708f1971e d820dc69025e459489f1f963b7dcb981 6a2907b7dded4e32bb1f33dd1010ea75 - - default default] No more DHCP agents
2026-07-16 01:33:56.983 10 WARNING neutron.api.rpc.agentnotifiers.dhcp_rpc_agent_api [None req-00477b35-af87-4ebf-9213-ca9708f1971e d820dc69025e459489f1f963b7dcb981 6a2907b7dded4e32bb1f33dd1010ea75 - - default default] Unable to schedule network 24a0cb41-a695-4ebf-8518-ecdccb760df1: no agents available; will retry on subsequent port and subnet creation events.
2026-07-16 01:33:57.138 9 WARNING neutron.scheduler.dhcp_agent_scheduler [None req-99a886d5-bcc8-4e0d-af4a-f6935e5b41e0 29d14dd939754b85979cfe1d34dd13de 274dee4bc0da41bc83d38e3111c0f076 - - default default] No more DHCP agents
2026-07-16 01:33:57.140 9 WARNING neutron.api.rpc.agentnotifiers.dhcp_rpc_agent_api [None req-99a886d5-bcc8-4e0d-af4a-f6935e5b41e0 29d14dd939754b85979cfe1d34dd13de 274dee4bc0da41bc83d38e3111c0f076 - - default default] Unable to schedule network a6367ae2-aa57-4c15-b6dd-dcbd87130de6: no agents available; will retry on subsequent port and subnet creation events.
2026-07-16 01:33:57.171 9 INFO neutron.db.ovn_revision_numbers_db [None req-99a886d5-bcc8-4e0d-af4a-f6935e5b41e0 29d14dd939754b85979cfe1d34dd13de 274dee4bc0da41bc83d38e3111c0f076 - - default default] Successfully bumped revision number for resource 7d866d38-b3b8-42d1-ab38-39382217e66f (type: subnets) to 0
2026-07-16 01:33:57.185 9 INFO neutron.wsgi [None req-99a886d5-bcc8-4e0d-af4a-f6935e5b41e0 29d14dd939754b85979cfe1d34dd13de 274dee4bc0da41bc83d38e3111c0f076 - - default default] 10.0.0.125 "POST /v2.0/subnets HTTP/1.1" status: 201 len: 830 time: 0.3235557
