2026-07-16 01:35:40.470 10 INFO neutron.db.ovn_revision_numbers_db [None req-a7b279d5-8805-4e7e-a6f7-0c2f51dc4d56 db3b304dad3e4a0aa612aa32a0346bbc 496df187dc3e4c01adccf1fc0fb95693 - - default default] Successfully bumped revision number for resource cd3e2479-2a2d-4294-85f4-dea2e4467d64 (type: router_ports) to 2
2026-07-16 01:35:40.497 9 INFO neutron.wsgi [None req-fa7dff2b-17ad-404d-aa94-7ce155ecdac2 a657024cace84230873880e12c4b1dbe 6ee18913d5e74b398bb6a0ad61c080c1 - - default default] 10.0.0.125 "DELETE /v2.0/subnets/7a3cfc0d-b227-4749-bf45-a977669a7228 HTTP/1.1" status: 204 len: 168 time: 0.1912854
2026-07-16 01:35:40.685 9 INFO neutron.wsgi [None req-437aec77-1c44-4855-8849-f21063b5b757 a657024cace84230873880e12c4b1dbe 6ee18913d5e74b398bb6a0ad61c080c1 - - default default] 10.0.0.125 "DELETE /v2.0/subnets/c5c5edb0-da67-4e90-8886-661b9a86c77d HTTP/1.1" status: 204 len: 168 time: 0.1837027
2026-07-16 01:35:40.884 9 INFO neutron.wsgi [None req-a2ce7848-b015-4a45-b67d-622f8bc4c52d a657024cace84230873880e12c4b1dbe 6ee18913d5e74b398bb6a0ad61c080c1 - - default default] 10.0.0.125 "DELETE /v2.0/subnets/85e22a1a-3584-4379-83d1-9967a0dab814 HTTP/1.1" status: 204 len: 168 time: 0.1951869
2026-07-16 01:35:40.901 10 INFO neutron.db.ovn_revision_numbers_db [None req-a7b279d5-8805-4e7e-a6f7-0c2f51dc4d56 db3b304dad3e4a0aa612aa32a0346bbc 496df187dc3e4c01adccf1fc0fb95693 - - default default] Successfully bumped revision number for resource cd3e2479-2a2d-4294-85f4-dea2e4467d64 (type: ports) to 2
2026-07-16 01:35:40.970 10 INFO neutron.db.ovn_revision_numbers_db [None req-06b30248-a1f7-4ba9-98df-5168947f8074 - - - - - -] Successfully bumped revision number for resource cd3e2479-2a2d-4294-85f4-dea2e4467d64 (type: ports) to 3
2026-07-16 01:35:41.149 10 INFO neutron.db.ovn_revision_numbers_db [None req-06b30248-a1f7-4ba9-98df-5168947f8074 - - - - - -] Successfully bumped revision number for resource cd3e2479-2a2d-4294-85f4-dea2e4467d64 (type: router_ports) to 3
2026-07-16 01:35:41.218 9 INFO neutron.services.segments.plugin [-] Segment 4745a7f3-bace-42ab-be24-429a82062be9 resource provider aggregate not found
2026-07-16 01:35:41.222 9 INFO neutron.services.segments.plugin [-] Segment 4745a7f3-bace-42ab-be24-429a82062be9 resource provider aggregate not found
2026-07-16 01:35:41.239 9 INFO neutron.services.segments.plugin [-] Segment 4745a7f3-bace-42ab-be24-429a82062be9 resource provider not found; error: Placement Client Error (4xx): {"errors": [{"status": 404, "title": "Not Found", "detail": "The resource could not be found.\n\n No resource provider with uuid 4745a7f3-bace-42ab-be24-429a82062be9 found for delete ", "request_id": "req-9c14c1f8-0c89-4999-b33b-06597f5ac68f"}]}
2026-07-16 01:35:41.241 9 INFO neutron.services.segments.plugin [-] Segment 4745a7f3-bace-42ab-be24-429a82062be9 resource provider not found; error: Placement Client Error (4xx): {"errors": [{"status": 404, "title": "Not Found", "detail": "The resource could not be found.\n\n No resource provider with uuid 4745a7f3-bace-42ab-be24-429a82062be9 found for delete ", "request_id": "req-c69a0dda-823a-4a25-b320-10cf7effa463"}]}
2026-07-16 01:35:41.248 9 INFO neutron.wsgi [None req-a1c7a60f-3889-4409-aa47-7abe2001d1ea a657024cace84230873880e12c4b1dbe 6ee18913d5e74b398bb6a0ad61c080c1 - - default default] 10.0.0.125 "DELETE /v2.0/networks/1d6cf082-5cf4-4b6f-9885-5e75f6947041 HTTP/1.1" status: 204 len: 168 time: 0.3595603
2026-07-16 01:35:41.377 9 INFO neutron.wsgi [None req-197a4906-278e-4b30-a187-be88987aa588 95dbbdc7f65f4a5e905f5e48b41a56d5 14b9ec5f94294695b39aaa6e8a82878e - - default default] 10.0.0.125 "POST /v2.0/subnetpools HTTP/1.1" status: 201 len: 715 time: 0.2726693
2026-07-16 01:35:41.453 9 INFO neutron.wsgi [None req-ac2b70d1-cc25-410b-8652-d110e8e54fba 95dbbdc7f65f4a5e905f5e48b41a56d5 14b9ec5f94294695b39aaa6e8a82878e - - default default] 10.0.0.125 "POST /v2.0/subnetpools HTTP/1.1" status: 201 len: 715 time: 0.0708559
2026-07-16 01:35:41.518 10 INFO neutron.db.ovn_revision_numbers_db [None req-a7b279d5-8805-4e7e-a6f7-0c2f51dc4d56 db3b304dad3e4a0aa612aa32a0346bbc 496df187dc3e4c01adccf1fc0fb95693 - - default default] Successfully bumped revision number for resource cd3e2479-2a2d-4294-85f4-dea2e4467d64 (type: ports) to 3
2026-07-16 01:35:41.520 9 INFO neutron.wsgi [None req-8691d1d9-59e9-45d8-abd2-ec734a98a700 95dbbdc7f65f4a5e905f5e48b41a56d5 14b9ec5f94294695b39aaa6e8a82878e - - default default] 10.0.0.125 "POST /v2.0/subnetpools HTTP/1.1" status: 201 len: 715 time: 0.0626013 /var/lib/openstack/lib/python3.10/site-packages/pycadf/identifier.py:71: UserWarning: Invalid uuid: neutron. To ensure interoperability, identifiers should be a valid uuid. warnings.warn(('Invalid uuid: %s. To ensure interoperability, '
2026-07-16 01:35:41.592 10 WARNING neutron.scheduler.dhcp_agent_scheduler [None req-a7b279d5-8805-4e7e-a6f7-0c2f51dc4d56 db3b304dad3e4a0aa612aa32a0346bbc 496df187dc3e4c01adccf1fc0fb95693 - - default default] No more DHCP agents
2026-07-16 01:35:41.595 10 INFO neutron.wsgi [None req-67b4d7f6-e110-4d4a-aa41-08aba0589798 95dbbdc7f65f4a5e905f5e48b41a56d5 14b9ec5f94294695b39aaa6e8a82878e - - default default] 10.0.0.125 "POST /v2.0/subnetpools HTTP/1.1" status: 201 len: 715 time: 0.0681005
2026-07-16 01:35:41.596 10 WARNING neutron.api.rpc.agentnotifiers.dhcp_rpc_agent_api [None req-a7b279d5-8805-4e7e-a6f7-0c2f51dc4d56 db3b304dad3e4a0aa612aa32a0346bbc 496df187dc3e4c01adccf1fc0fb95693 - - default default] Unable to schedule network 72b3a525-39d5-4c19-8b0f-90d62b7fb02c: no agents available; will retry on subsequent port and subnet creation events.
2026-07-16 01:35:41.616 9 INFO neutron.wsgi [None req-98d2d140-88c7-452c-a8dd-ab69c7680c44 a657024cace84230873880e12c4b1dbe 6ee18913d5e74b398bb6a0ad61c080c1 - - default default] 10.0.0.125 "DELETE /v2.0/networks/15f7776d-a94b-4afe-b667-e35b4a04e655 HTTP/1.1" status: 204 len: 168 time: 0.3613389
2026-07-16 01:35:41.649 9 INFO neutron.wsgi [None req-1d0ca717-1571-446e-a9d7-42815fc6f59e 95dbbdc7f65f4a5e905f5e48b41a56d5 14b9ec5f94294695b39aaa6e8a82878e - - default default] 10.0.0.125 "POST /v2.0/subnetpools HTTP/1.1" status: 201 len: 715 time: 0.0478189
2026-07-16 01:35:41.676 9 INFO neutron.wsgi [None req-fdb7fc12-2b29-4e30-b67a-cb9d13ba1e63 95dbbdc7f65f4a5e905f5e48b41a56d5 14b9ec5f94294695b39aaa6e8a82878e - - default default] 10.0.0.125 "PUT /v2.0/subnetpools/9e682d4a-563d-4b33-b18d-a09aad246368/tags HTTP/1.1" status: 200 len: 210 time: 0.0219984
2026-07-16 01:35:41.704 9 INFO neutron.wsgi [None req-8a11f005-0920-4257-9b10-44504c13740d 95dbbdc7f65f4a5e905f5e48b41a56d5 14b9ec5f94294695b39aaa6e8a82878e - - default default] 10.0.0.125 "PUT /v2.0/subnetpools/febb6d43-352c-4ef6-8fa1-5c87106240bf/tags HTTP/1.1" status: 200 len: 218 time: 0.0219178
2026-07-16 01:35:41.731 9 INFO neutron.wsgi [None req-74176222-4217-44c3-a63b-d78d48fe1b1a 95dbbdc7f65f4a5e905f5e48b41a56d5 14b9ec5f94294695b39aaa6e8a82878e - - default default] 10.0.0.125 "PUT /v2.0/subnetpools/040ee062-b184-4e30-a526-d1180d6b5093/tags HTTP/1.1" status: 200 len: 227 time: 0.0231247
2026-07-16 01:35:41.772 9 INFO neutron.wsgi [None req-76a38fe9-8afc-47ad-ac08-dd18044f11ff 95dbbdc7f65f4a5e905f5e48b41a56d5 14b9ec5f94294695b39aaa6e8a82878e - - default default] 10.0.0.125 "PUT /v2.0/subnetpools/494cfc2f-1ec6-4af5-a908-9c621c699ed3/tags HTTP/1.1" status: 200 len: 212 time: 0.0358672
2026-07-16 01:35:41.807 9 INFO neutron.wsgi [None req-91086fba-50ed-4090-a03e-7ccfbcc6640f 95dbbdc7f65f4a5e905f5e48b41a56d5 14b9ec5f94294695b39aaa6e8a82878e - - default default] 10.0.0.125 "GET /v2.0/subnetpools?tags=red HTTP/1.1" status: 200 len: 1758 time: 0.0302057
2026-07-16 01:35:41.808 10 INFO neutron.db.ovn_revision_numbers_db [None req-a7b279d5-8805-4e7e-a6f7-0c2f51dc4d56 db3b304dad3e4a0aa612aa32a0346bbc 496df187dc3e4c01adccf1fc0fb95693 - - default default] Successfully bumped revision number for resource cd3e2479-2a2d-4294-85f4-dea2e4467d64 (type: router_ports) to 3
2026-07-16 01:35:41.810 10 INFO neutron.wsgi [None req-a7b279d5-8805-4e7e-a6f7-0c2f51dc4d56 db3b304dad3e4a0aa612aa32a0346bbc 496df187dc3e4c01adccf1fc0fb95693 - - default default] 10.0.0.125 "PUT /v2.0/routers/b6cf4c4c-ab0f-4cfe-ba78-36e91c5348e9/add_router_interface HTTP/1.1" status: 200 len: 503 time: 1.7642546
2026-07-16 01:35:41.838 9 INFO neutron.wsgi [None req-9f363388-8d1e-4c34-aa4e-78b5ad9bb0e1 95dbbdc7f65f4a5e905f5e48b41a56d5 14b9ec5f94294695b39aaa6e8a82878e - - default default] 10.0.0.125 "GET /v2.0/subnetpools?tags=red%2Cblue HTTP/1.1" status: 200 len: 1251 time: 0.0240877
2026-07-16 01:35:41.849 10 INFO neutron.wsgi [None req-ea3992d0-290a-4275-bd6c-aed7addd4d0c db3b304dad3e4a0aa612aa32a0346bbc 496df187dc3e4c01adccf1fc0fb95693 - - default default] 10.0.0.125 "GET /v2.0/ports/cd3e2479-2a2d-4294-85f4-dea2e4467d64 HTTP/1.1" status: 200 len: 1205 time: 0.0276475
2026-07-16 01:35:41.866 9 INFO neutron.wsgi [None req-ae02fb9b-765b-4bcd-bb92-1d9c39471a7e 95dbbdc7f65f4a5e905f5e48b41a56d5 14b9ec5f94294695b39aaa6e8a82878e - - default default] 10.0.0.125 "GET /v2.0/subnetpools?tags-any=blue HTTP/1.1" status: 200 len: 1251 time: 0.0234973
2026-07-16 01:35:41.891 9 INFO neutron.wsgi [None req-3f3ebc9c-f7b3-4946-a783-dc419afc935b 95dbbdc7f65f4a5e905f5e48b41a56d5 14b9ec5f94294695b39aaa6e8a82878e - - default default] 10.0.0.125 "GET /v2.0/subnetpools?tags-any=red%2Cblue HTTP/1.1" status: 200 len: 1758 time: 0.0187542
2026-07-16 01:35:41.917 9 INFO neutron.wsgi [None req-8284efda-a649-487c-b684-4562120cc9cb 95dbbdc7f65f4a5e905f5e48b41a56d5 14b9ec5f94294695b39aaa6e8a82878e - - default default] 10.0.0.125 "GET /v2.0/subnetpools?not-tags=red HTTP/1.1" status: 200 len: 1223 time: 0.0230627
2026-07-16 01:35:41.948 9 INFO neutron.wsgi [None req-a8fe97ed-fd4c-42fe-a938-ce943ee6cb6e 95dbbdc7f65f4a5e905f5e48b41a56d5 14b9ec5f94294695b39aaa6e8a82878e - - default default] 10.0.0.125 "GET /v2.0/subnetpools?not-tags=red%2Cblue HTTP/1.1" status: 200 len: 1730 time: 0.0256159
2026-07-16 01:35:41.977 9 INFO neutron.wsgi [None req-ee281ecc-7bf3-4c64-b271-4fdb0a7acaf3 95dbbdc7f65f4a5e905f5e48b41a56d5 14b9ec5f94294695b39aaa6e8a82878e - - default default] 10.0.0.125 "GET /v2.0/subnetpools?not-tags-any=blue HTTP/1.1" status: 200 len: 1730 time: 0.0243227
2026-07-16 01:35:41.999 9 INFO neutron.wsgi [None req-075f5031-ac82-4da6-886e-3812c23214e2 95dbbdc7f65f4a5e905f5e48b41a56d5 14b9ec5f94294695b39aaa6e8a82878e - - default default] 10.0.0.125 "GET /v2.0/subnetpools?not-tags-any=red%2Cblue HTTP/1.1" status: 200 len: 1223 time: 0.0189321
2026-07-16 01:35:42.053 9 INFO neutron.wsgi [None req-153268ef-778f-42c2-a4af-5e1a9badbe23 95dbbdc7f65f4a5e905f5e48b41a56d5 14b9ec5f94294695b39aaa6e8a82878e - - default default] 10.0.0.125 "DELETE /v2.0/subnetpools/9e682d4a-563d-4b33-b18d-a09aad246368 HTTP/1.1" status: 204 len: 168 time: 0.0480201
2026-07-16 01:35:42.082 10 INFO neutron.services.segments.plugin [-] Segment 1f537691-d946-4573-a03d-ac3fbfa92fe8 resource provider aggregate not found
2026-07-16 01:35:42.088 10 INFO neutron.services.segments.plugin [-] Segment 1f537691-d946-4573-a03d-ac3fbfa92fe8 resource provider aggregate not found
2026-07-16 01:35:42.097 10 INFO neutron.services.segments.plugin [-] Segment 1f537691-d946-4573-a03d-ac3fbfa92fe8 resource provider not found; error: Placement Client Error (4xx): {"errors": [{"status": 404, "title": "Not Found", "detail": "The resource could not be found.\n\n No resource provider with uuid 1f537691-d946-4573-a03d-ac3fbfa92fe8 found for delete ", "request_id": "req-928bce5f-0088-4ca5-979d-8407d235edd8"}]}
2026-07-16 01:35:42.104 10 INFO neutron.services.segments.plugin [-] Segment 1f537691-d946-4573-a03d-ac3fbfa92fe8 resource provider not found; error: Placement Client Error (4xx): {"errors": [{"status": 404, "title": "Not Found", "detail": "The resource could not be found.\n\n No resource provider with uuid 1f537691-d946-4573-a03d-ac3fbfa92fe8 found for delete ", "request_id": "req-39569fcf-7c5a-4a45-a308-bac13532682a"}]}
2026-07-16 01:35:42.114 9 INFO neutron.wsgi [None req-b15e6f1c-4259-49e5-b0cc-70ff603d1023 95dbbdc7f65f4a5e905f5e48b41a56d5 14b9ec5f94294695b39aaa6e8a82878e - - default default] 10.0.0.125 "DELETE /v2.0/subnetpools/febb6d43-352c-4ef6-8fa1-5c87106240bf HTTP/1.1" status: 204 len: 168 time: 0.0558226
2026-07-16 01:35:42.143 10 INFO neutron.wsgi [None req-ab4c817e-07b5-4746-8b45-918f403eade9 a657024cace84230873880e12c4b1dbe 6ee18913d5e74b398bb6a0ad61c080c1 - - default default] 10.0.0.125 "DELETE /v2.0/networks/66835d74-155c-470c-b46a-8d91bf91dc40 HTTP/1.1" status: 204 len: 168 time: 0.5222204
2026-07-16 01:35:42.205 9 INFO neutron.wsgi [None req-f09d4009-aa65-47f4-bf3d-50a733bb2fa2 95dbbdc7f65f4a5e905f5e48b41a56d5 14b9ec5f94294695b39aaa6e8a82878e - - default default] 10.0.0.125 "DELETE /v2.0/subnetpools/040ee062-b184-4e30-a526-d1180d6b5093 HTTP/1.1" status: 204 len: 168 time: 0.0864840
2026-07-16 01:35:42.278 9 INFO neutron.wsgi [None req-c255d723-04b6-40a9-9166-5e6b6bcd3926 95dbbdc7f65f4a5e905f5e48b41a56d5 14b9ec5f94294695b39aaa6e8a82878e - - default default] 10.0.0.125 "DELETE /v2.0/subnetpools/494cfc2f-1ec6-4af5-a908-9c621c699ed3 HTTP/1.1" status: 204 len: 168 time: 0.0681348
2026-07-16 01:35:42.361 9 INFO neutron.wsgi [None req-2a68e250-31ac-47c8-b1d5-137a57ffd632 95dbbdc7f65f4a5e905f5e48b41a56d5 14b9ec5f94294695b39aaa6e8a82878e - - default default] 10.0.0.125 "DELETE /v2.0/subnetpools/1ede28f5-034f-43b1-8260-2767b345364e HTTP/1.1" status: 204 len: 168 time: 0.0741363
2026-07-16 01:35:42.535 9 INFO neutron.wsgi [None req-c0f707b4-a15d-4f93-87e8-86a91daf6e4b a657024cace84230873880e12c4b1dbe 6ee18913d5e74b398bb6a0ad61c080c1 - - default default] 10.0.0.125 "DELETE /v2.0/networks/141ef02a-19aa-4d2d-8d5c-6fa40775aa2e HTTP/1.1" status: 204 len: 168 time: 0.3861637
2026-07-16 01:35:42.768 10 INFO neutron.wsgi [None req-d5221625-213b-45c5-b256-607674e67cd5 db3b304dad3e4a0aa612aa32a0346bbc 496df187dc3e4c01adccf1fc0fb95693 - - default default] 10.0.0.125 "PUT /v2.0/routers/b6cf4c4c-ab0f-4cfe-ba78-36e91c5348e9/remove_router_interface HTTP/1.1" status: 200 len: 503 time: 0.9139693
2026-07-16 01:35:42.870 9 INFO neutron.api.v2.resource [None req-3f4091ca-3a58-4bbb-8297-51a48b702da1 db3b304dad3e4a0aa612aa32a0346bbc 496df187dc3e4c01adccf1fc0fb95693 - - default default] remove_router_interface failed (client error): The resource could not be found.
2026-07-16 01:35:42.871 9 INFO neutron.wsgi [None req-3f4091ca-3a58-4bbb-8297-51a48b702da1 db3b304dad3e4a0aa612aa32a0346bbc 496df187dc3e4c01adccf1fc0fb95693 - - default default] 10.0.0.125 "PUT /v2.0/routers/b6cf4c4c-ab0f-4cfe-ba78-36e91c5348e9/remove_router_interface HTTP/1.1" status: 404 len: 398 time: 0.0956566 /var/lib/openstack/lib/python3.10/site-packages/pycadf/identifier.py:71: UserWarning: Invalid uuid: neutron. To ensure interoperability, identifiers should be a valid uuid. warnings.warn(('Invalid uuid: %s. To ensure interoperability, '
2026-07-16 01:35:42.909 10 INFO neutron.wsgi [None req-b4de1bf9-4f9c-41be-b935-644d4c278332 db3b304dad3e4a0aa612aa32a0346bbc 496df187dc3e4c01adccf1fc0fb95693 - - default default] 10.0.0.125 "GET /v2.0/ports?device_id=b6cf4c4c-ab0f-4cfe-ba78-36e91c5348e9 HTTP/1.1" status: 200 len: 205 time: 0.0305252
2026-07-16 01:35:42.961 9 INFO neutron.wsgi [None req-d2f8e501-1a1e-4d9d-809e-6cdaca8bac50 a657024cace84230873880e12c4b1dbe 6ee18913d5e74b398bb6a0ad61c080c1 - - default default] 10.0.0.125 "DELETE /v2.0/networks/5726d338-f75b-4c31-ae2b-0fff576bc533 HTTP/1.1" status: 204 len: 168 time: 0.4207411
2026-07-16 01:35:43.127 10 INFO neutron.wsgi [None req-8807aefe-1034-4257-a292-44ffcd7e9478 db3b304dad3e4a0aa612aa32a0346bbc 496df187dc3e4c01adccf1fc0fb95693 - - default default] 10.0.0.125 "DELETE /v2.0/routers/b6cf4c4c-ab0f-4cfe-ba78-36e91c5348e9 HTTP/1.1" status: 204 len: 168 time: 0.2136173
2026-07-16 01:35:43.263 9 INFO neutron.services.segments.plugin [-] Segment 3cef6ad6-a6e5-4941-b1af-cfa370dfe504 resource provider aggregate not found
2026-07-16 01:35:43.269 9 INFO neutron.services.segments.plugin [-] Segment 3cef6ad6-a6e5-4941-b1af-cfa370dfe504 resource provider aggregate not found
2026-07-16 01:35:43.290 9 INFO neutron.services.segments.plugin [-] Segment 3cef6ad6-a6e5-4941-b1af-cfa370dfe504 resource provider not found; error: Placement Client Error (4xx): {"errors": [{"status": 404, "title": "Not Found", "detail": "The resource could not be found.\n\n No resource provider with uuid 3cef6ad6-a6e5-4941-b1af-cfa370dfe504 found for delete ", "request_id": "req-440c1f31-b9ec-4363-8db8-08a8a55fa4ce"}]}
2026-07-16 01:35:43.296 9 INFO neutron.services.segments.plugin [-] Segment 3cef6ad6-a6e5-4941-b1af-cfa370dfe504 resource provider not found; error: Placement Client Error (4xx): {"errors": [{"status": 404, "title": "Not Found", "detail": "The resource could not be found.\n\n No resource provider with uuid 3cef6ad6-a6e5-4941-b1af-cfa370dfe504 found for delete ", "request_id": "req-8f5c52cf-e312-4fc1-bc92-3e9f7cc278cc"}]}
2026-07-16 01:35:43.309 9 INFO neutron.services.segments.plugin [-] Segment 3163fae6-82a7-44cc-9db3-cb7db4715c80 resource provider aggregate not found
2026-07-16 01:35:43.314 9 INFO neutron.services.segments.plugin [-] Segment 3163fae6-82a7-44cc-9db3-cb7db4715c80 resource provider aggregate not found
2026-07-16 01:35:43.325 9 INFO neutron.services.segments.plugin [-] Segment 3163fae6-82a7-44cc-9db3-cb7db4715c80 resource provider not found; error: Placement Client Error (4xx): {"errors": [{"status": 404, "title": "Not Found", "detail": "The resource could not be found.\n\n No resource provider with uuid 3163fae6-82a7-44cc-9db3-cb7db4715c80 found for delete ", "request_id": "req-b95efa2b-95f6-425b-8e79-9f6f626c543e"}]}
2026-07-16 01:35:43.329 9 INFO neutron.services.segments.plugin [-] Segment 3163fae6-82a7-44cc-9db3-cb7db4715c80 resource provider not found; error: Placement Client Error (4xx): {"errors": [{"status": 404, "title": "Not Found", "detail": "The resource could not be found.\n\n No resource provider with uuid 3163fae6-82a7-44cc-9db3-cb7db4715c80 found for delete ", "request_id": "req-907bfa5f-8589-4b70-93e7-10e9f3d60e2b"}]}
2026-07-16 01:35:43.337 9 INFO neutron.services.segments.plugin [-] Segment f40403e3-2478-4cf2-870b-e672b1b36955 resource provider aggregate not found
2026-07-16 01:35:43.343 9 INFO neutron.services.segments.plugin [-] Segment f40403e3-2478-4cf2-870b-e672b1b36955 resource provider aggregate not found
2026-07-16 01:35:43.352 9 INFO neutron.services.segments.plugin [-] Segment f40403e3-2478-4cf2-870b-e672b1b36955 resource provider not found; error: Placement Client Error (4xx): {"errors": [{"status": 404, "title": "Not Found", "detail": "The resource could not be found.\n\n No resource provider with uuid f40403e3-2478-4cf2-870b-e672b1b36955 found for delete ", "request_id": "req-2aabf813-5a2a-4f16-90fb-7c067920eefb"}]}
2026-07-16 01:35:43.358 9 INFO neutron.services.segments.plugin [-] Segment f40403e3-2478-4cf2-870b-e672b1b36955 resource provider not found; error: Placement Client Error (4xx): {"errors": [{"status": 404, "title": "Not Found", "detail": "The resource could not be found.\n\n No resource provider with uuid f40403e3-2478-4cf2-870b-e672b1b36955 found for delete ", "request_id": "req-23a71b8d-a7bf-4edf-af86-15fd6dd2a3d3"}]}
2026-07-16 01:35:43.365 10 INFO neutron.wsgi [None req-8da61207-a01b-4d00-b0dc-fb6e4ac079e1 db3b304dad3e4a0aa612aa32a0346bbc 496df187dc3e4c01adccf1fc0fb95693 - - default default] 10.0.0.125 "DELETE /v2.0/subnets/83586cd4-75a9-4466-b0e6-bf60be3c1db1 HTTP/1.1" status: 204 len: 168 time: 0.2331831
2026-07-16 01:35:43.497 9 INFO neutron.db.ovn_revision_numbers_db [None req-f44655f8-379a-4f32-91b2-c1b34b487dd3 d820dc69025e459489f1f963b7dcb981 6a2907b7dded4e32bb1f33dd1010ea75 - - default default] Successfully bumped revision number for resource 55e75af7-7000-46da-9995-85fcbd4e21e7 (type: security_groups) to 1
2026-07-16 01:35:43.510 9 INFO neutron.db.ovn_revision_numbers_db [None req-f44655f8-379a-4f32-91b2-c1b34b487dd3 d820dc69025e459489f1f963b7dcb981 6a2907b7dded4e32bb1f33dd1010ea75 - - default default] Successfully bumped revision number for resource 61539f8f-b235-44b4-99b9-e33503ef0c19 (type: security_group_rules) to 0
2026-07-16 01:35:43.521 9 INFO neutron.db.ovn_revision_numbers_db [None req-f44655f8-379a-4f32-91b2-c1b34b487dd3 d820dc69025e459489f1f963b7dcb981 6a2907b7dded4e32bb1f33dd1010ea75 - - default default] Successfully bumped revision number for resource 81b96423-1adb-4448-9187-08818a43f7f6 (type: security_group_rules) to 0
2026-07-16 01:35:43.534 9 INFO neutron.db.ovn_revision_numbers_db [None req-f44655f8-379a-4f32-91b2-c1b34b487dd3 d820dc69025e459489f1f963b7dcb981 6a2907b7dded4e32bb1f33dd1010ea75 - - default default] Successfully bumped revision number for resource d59b99de-6db2-4959-8dfe-4ac20db49ba4 (type: security_group_rules) to 0
2026-07-16 01:35:43.548 9 INFO neutron.db.ovn_revision_numbers_db [None req-f44655f8-379a-4f32-91b2-c1b34b487dd3 d820dc69025e459489f1f963b7dcb981 6a2907b7dded4e32bb1f33dd1010ea75 - - default default] Successfully bumped revision number for resource e1e33e0d-c165-412a-a2f2-18c33a4d73f5 (type: security_group_rules) to 0
2026-07-16 01:35:43.567 9 INFO neutron.wsgi [None req-f44655f8-379a-4f32-91b2-c1b34b487dd3 d820dc69025e459489f1f963b7dcb981 6a2907b7dded4e32bb1f33dd1010ea75 - - default default] 10.0.0.125 "GET /v2.0/security-groups?tenant_id=c6d47a4d96d74f00a2e6a777b6badf3e&name=default HTTP/1.1" status: 200 len: 2996 time: 0.3884623
2026-07-16 01:35:43.717 10 INFO neutron.wsgi [None req-b3305157-4ee8-4a25-bd61-cfdb8aebf0c9 db3b304dad3e4a0aa612aa32a0346bbc 496df187dc3e4c01adccf1fc0fb95693 - - default default] 10.0.0.125 "DELETE /v2.0/networks/72b3a525-39d5-4c19-8b0f-90d62b7fb02c HTTP/1.1" status: 204 len: 168 time: 0.3479879
2026-07-16 01:35:43.748 9 INFO neutron.wsgi [None req-47f252e6-ec95-4055-b81e-e5100b81ae35 d820dc69025e459489f1f963b7dcb981 6a2907b7dded4e32bb1f33dd1010ea75 - - default default] 10.0.0.125 "DELETE /v2.0/security-groups/55e75af7-7000-46da-9995-85fcbd4e21e7 HTTP/1.1" status: 204 len: 168 time: 0.1753809
2026-07-16 01:35:43.807 9 INFO neutron.db.segments_db [None req-b731b6a7-6f46-417a-b315-e7771db011d7 db3b304dad3e4a0aa612aa32a0346bbc 496df187dc3e4c01adccf1fc0fb95693 - - default default] Added segment 752114e6-617d-4938-b959-1d2e5a043536 of type geneve for network 31818abb-4445-4bdc-8055-2b0b49e7da89
2026-07-16 01:35:43.957 9 INFO neutron.db.ovn_revision_numbers_db [None req-b731b6a7-6f46-417a-b315-e7771db011d7 db3b304dad3e4a0aa612aa32a0346bbc 496df187dc3e4c01adccf1fc0fb95693 - - default default] Successfully bumped revision number for resource 31818abb-4445-4bdc-8055-2b0b49e7da89 (type: networks) to 1
2026-07-16 01:35:43.988 10 INFO neutron.db.ovn_revision_numbers_db [None req-addb13f9-e5dc-4986-abc7-594278bfacde d820dc69025e459489f1f963b7dcb981 6a2907b7dded4e32bb1f33dd1010ea75 - - default default] Successfully bumped revision number for resource 9f2ad889-d7c0-4421-b7c3-0f2dda9b1bd4 (type: security_groups) to 1
2026-07-16 01:35:44.005 10 INFO neutron.db.ovn_revision_numbers_db [None req-addb13f9-e5dc-4986-abc7-594278bfacde d820dc69025e459489f1f963b7dcb981 6a2907b7dded4e32bb1f33dd1010ea75 - - default default] Successfully bumped revision number for resource 57ff7fa6-c32e-4211-b1de-1b30cce8701b (type: security_group_rules) to 0
2026-07-16 01:35:44.019 10 INFO neutron.db.ovn_revision_numbers_db [None req-addb13f9-e5dc-4986-abc7-594278bfacde d820dc69025e459489f1f963b7dcb981 6a2907b7dded4e32bb1f33dd1010ea75 - - default default] Successfully bumped revision number for resource 9879906d-9b22-4980-8e7e-c34b4af0a1a3 (type: security_group_rules) to 0
2026-07-16 01:35:44.044 10 INFO neutron.db.ovn_revision_numbers_db [None req-addb13f9-e5dc-4986-abc7-594278bfacde d820dc69025e459489f1f963b7dcb981 6a2907b7dded4e32bb1f33dd1010ea75 - - default default] Successfully bumped revision number for resource ae1079e9-ccfa-4699-8554-8c6661a1cdba (type: security_group_rules) to 0
2026-07-16 01:35:44.064 10 INFO neutron.db.ovn_revision_numbers_db [None req-addb13f9-e5dc-4986-abc7-594278bfacde d820dc69025e459489f1f963b7dcb981 6a2907b7dded4e32bb1f33dd1010ea75 - - default default] Successfully bumped revision number for resource db0b6ad5-1d24-4abd-b33a-fdc6dc1a317b (type: security_group_rules) to 0
2026-07-16 01:35:44.086 10 INFO neutron.db.ovn_revision_numbers_db [None req-a181ae9e-3743-41b4-99e4-a4eb4814803d d820dc69025e459489f1f963b7dcb981 6a2907b7dded4e32bb1f33dd1010ea75 - - default default] Successfully bumped revision number for resource f65920af-d6ed-4bfe-bf14-89eaf561597f (type: security_groups) to 1
2026-07-16 01:35:44.090 10 INFO neutron.wsgi [None req-addb13f9-e5dc-4986-abc7-594278bfacde d820dc69025e459489f1f963b7dcb981 6a2907b7dded4e32bb1f33dd1010ea75 - - default default] 10.0.0.125 "GET /v2.0/security-groups?tenant_id=14b9ec5f94294695b39aaa6e8a82878e&name=default HTTP/1.1" status: 200 len: 2996 time: 0.2029388
2026-07-16 01:35:44.108 10 INFO neutron.db.ovn_revision_numbers_db [None req-a181ae9e-3743-41b4-99e4-a4eb4814803d d820dc69025e459489f1f963b7dcb981 6a2907b7dded4e32bb1f33dd1010ea75 - - default default] Successfully bumped revision number for resource 14a80a46-8c1f-4686-9cda-83a9feb9cf89 (type: security_group_rules) to 0
2026-07-16 01:35:44.117 10 INFO neutron.services.segments.plugin [-] Segment 7cb27add-21e7-4686-984d-3be93cbb36da resource provider aggregate not found
2026-07-16 01:35:44.122 10 INFO neutron.services.segments.plugin [-] Segment 7cb27add-21e7-4686-984d-3be93cbb36da resource provider aggregate not found
2026-07-16 01:35:44.133 10 INFO neutron.db.ovn_revision_numbers_db [None req-a181ae9e-3743-41b4-99e4-a4eb4814803d d820dc69025e459489f1f963b7dcb981 6a2907b7dded4e32bb1f33dd1010ea75 - - default default] Successfully bumped revision number for resource 25a73484-ce12-4bfa-8d28-3fcb393daa80 (type: security_group_rules) to 0
2026-07-16 01:35:44.134 10 INFO neutron.services.segments.plugin [-] Segment 7cb27add-21e7-4686-984d-3be93cbb36da resource provider not found; error: Placement Client Error (4xx): {"errors": [{"status": 404, "title": "Not Found", "detail": "The resource could not be found.\n\n No resource provider with uuid 7cb27add-21e7-4686-984d-3be93cbb36da found for delete ", "request_id": "req-f31251e2-b7d3-40c3-8c52-a5fbbe3c9e3c"}]}
2026-07-16 01:35:44.137 9 WARNING neutron.scheduler.dhcp_agent_scheduler [None req-b731b6a7-6f46-417a-b315-e7771db011d7 db3b304dad3e4a0aa612aa32a0346bbc 496df187dc3e4c01adccf1fc0fb95693 - - default default] No more DHCP agents
2026-07-16 01:35:44.140 10 INFO neutron.services.segments.plugin [-] Segment 7cb27add-21e7-4686-984d-3be93cbb36da resource provider not found; error: Placement Client Error (4xx): {"errors": [{"status": 404, "title": "Not Found", "detail": "The resource could not be found.\n\n No resource provider with uuid 7cb27add-21e7-4686-984d-3be93cbb36da found for delete ", "request_id": "req-efbcf607-b030-4fd2-8036-caf32450eba1"}]}
2026-07-16 01:35:44.141 9 WARNING neutron.api.rpc.agentnotifiers.dhcp_rpc_agent_api [None req-b731b6a7-6f46-417a-b315-e7771db011d7 db3b304dad3e4a0aa612aa32a0346bbc 496df187dc3e4c01adccf1fc0fb95693 - - default default] Unable to schedule network 31818abb-4445-4bdc-8055-2b0b49e7da89: no agents available; will retry on subsequent port and subnet creation events.
2026-07-16 01:35:44.163 10 INFO neutron.db.ovn_revision_numbers_db [None req-a181ae9e-3743-41b4-99e4-a4eb4814803d d820dc69025e459489f1f963b7dcb981 6a2907b7dded4e32bb1f33dd1010ea75 - - default default] Successfully bumped revision number for resource db18a757-4be9-4f4c-a762-36f6a9a7d0be (type: security_group_rules) to 0
2026-07-16 01:35:44.178 10 INFO neutron.db.ovn_revision_numbers_db [None req-a181ae9e-3743-41b4-99e4-a4eb4814803d d820dc69025e459489f1f963b7dcb981 6a2907b7dded4e32bb1f33dd1010ea75 - - default default] Successfully bumped revision number for resource e834726b-b46c-4cfb-84dd-bb15c6b599ff (type: security_group_rules) to 0
2026-07-16 01:35:44.199 10 INFO neutron.wsgi [None req-a181ae9e-3743-41b4-99e4-a4eb4814803d d820dc69025e459489f1f963b7dcb981 6a2907b7dded4e32bb1f33dd1010ea75 - - default default] 10.0.0.125 "GET /v2.0/security-groups?tenant_id=7b50c01a7809445b83566b1be6575584&name=default HTTP/1.1" status: 200 len: 2996 time: 0.3543544
2026-07-16 01:35:44.258 9 INFO neutron.db.ovn_revision_numbers_db [None req-b731b6a7-6f46-417a-b315-e7771db011d7 db3b304dad3e4a0aa612aa32a0346bbc 496df187dc3e4c01adccf1fc0fb95693 - - default default] Successfully bumped revision number for resource 3b8e5836-7881-4727-8dcc-dae88c434f11 (type: ports) to 1
2026-07-16 01:35:44.288 9 INFO neutron.wsgi [None req-b731b6a7-6f46-417a-b315-e7771db011d7 db3b304dad3e4a0aa612aa32a0346bbc 496df187dc3e4c01adccf1fc0fb95693 - - default default] 10.0.0.125 "POST /v2.0/networks HTTP/1.1" status: 201 len: 829 time: 0.5652997
2026-07-16 01:35:44.351 9 INFO neutron.wsgi [None req-e436d3f3-f0e3-4722-9954-e430699fa6d8 d820dc69025e459489f1f963b7dcb981 6a2907b7dded4e32bb1f33dd1010ea75 - - default default] 10.0.0.125 "DELETE /v2.0/security-groups/9f2ad889-d7c0-4421-b7c3-0f2dda9b1bd4 HTTP/1.1" status: 204 len: 168 time: 0.2557209
2026-07-16 01:35:44.397 10 INFO neutron.wsgi [None req-9a797528-fa7a-42a6-8aa7-ff6ee2682fa2 d820dc69025e459489f1f963b7dcb981 6a2907b7dded4e32bb1f33dd1010ea75 - - default default] 10.0.0.125 "DELETE /v2.0/security-groups/f65920af-d6ed-4bfe-bf14-89eaf561597f HTTP/1.1" status: 204 len: 168 time: 0.1910813
2026-07-16 01:35:44.516 10 WARNING neutron.scheduler.dhcp_agent_scheduler [None req-bad85ef4-0384-4f87-a25f-5491b189f8a5 db3b304dad3e4a0aa612aa32a0346bbc 496df187dc3e4c01adccf1fc0fb95693 - - default default] No more DHCP agents
2026-07-16 01:35:44.518 10 WARNING neutron.api.rpc.agentnotifiers.dhcp_rpc_agent_api [None req-bad85ef4-0384-4f87-a25f-5491b189f8a5 db3b304dad3e4a0aa612aa32a0346bbc 496df187dc3e4c01adccf1fc0fb95693 - - default default] Unable to schedule network 31818abb-4445-4bdc-8055-2b0b49e7da89: no agents available; will retry on subsequent port and subnet creation events.
2026-07-16 01:35:44.546 9 INFO neutron.db.ovn_revision_numbers_db [None req-30d0f758-aae3-47d2-acc4-e985f722de50 d820dc69025e459489f1f963b7dcb981 6a2907b7dded4e32bb1f33dd1010ea75 - - default default] Successfully bumped revision number for resource a9daa6ac-c9ca-4f17-813a-ca1fe6b9770d (type: security_groups) to 1
2026-07-16 01:35:44.572 9 INFO neutron.db.ovn_revision_numbers_db [None req-30d0f758-aae3-47d2-acc4-e985f722de50 d820dc69025e459489f1f963b7dcb981 6a2907b7dded4e32bb1f33dd1010ea75 - - default default] Successfully bumped revision number for resource 2f210b93-4fba-499e-ba6e-a48a1d2d98b0 (type: security_group_rules) to 0
2026-07-16 01:35:44.590 9 INFO neutron.db.ovn_revision_numbers_db [None req-30d0f758-aae3-47d2-acc4-e985f722de50 d820dc69025e459489f1f963b7dcb981 6a2907b7dded4e32bb1f33dd1010ea75 - - default default] Successfully bumped revision number for resource 4e35b3c3-3073-4684-a278-4315ac14d725 (type: security_group_rules) to 0
2026-07-16 01:35:44.607 9 INFO neutron.db.ovn_revision_numbers_db [None req-30d0f758-aae3-47d2-acc4-e985f722de50 d820dc69025e459489f1f963b7dcb981 6a2907b7dded4e32bb1f33dd1010ea75 - - default default] Successfully bumped revision number for resource a74a69a8-651b-4bbb-bb1e-b5809f34a688 (type: security_group_rules) to 0
2026-07-16 01:35:44.620 9 INFO neutron.db.ovn_revision_numbers_db [None req-30d0f758-aae3-47d2-acc4-e985f722de50 d820dc69025e459489f1f963b7dcb981 6a2907b7dded4e32bb1f33dd1010ea75 - - default default] Successfully bumped revision number for resource b957f8a4-a388-45e9-873a-e97669f325af (type: security_group_rules) to 0
2026-07-16 01:35:44.644 9 INFO neutron.wsgi [None req-30d0f758-aae3-47d2-acc4-e985f722de50 d820dc69025e459489f1f963b7dcb981 6a2907b7dded4e32bb1f33dd1010ea75 - - default default] 10.0.0.125 "GET /v2.0/security-groups?tenant_id=497e1924155d4a478f5871b796dcad97&name=default HTTP/1.1" status: 200 len: 2996 time: 0.2143171
2026-07-16 01:35:44.718 10 INFO neutron.db.ovn_revision_numbers_db [None req-261a855b-708e-42f9-a9c3-25dea54b6c2b d820dc69025e459489f1f963b7dcb981 6a2907b7dded4e32bb1f33dd1010ea75 - - default default] Successfully bumped revision number for resource a84d523a-5965-4aaa-9cf8-72fcc1d9c5a2 (type: security_groups) to 1
2026-07-16 01:35:44.746 10 INFO neutron.db.ovn_revision_numbers_db [None req-261a855b-708e-42f9-a9c3-25dea54b6c2b d820dc69025e459489f1f963b7dcb981 6a2907b7dded4e32bb1f33dd1010ea75 - - default default] Successfully bumped revision number for resource 236b33f3-2a07-4847-92ef-b9e16405857c (type: security_group_rules) to 0
2026-07-16 01:35:44.775 10 INFO neutron.db.ovn_revision_numbers_db [None req-261a855b-708e-42f9-a9c3-25dea54b6c2b d820dc69025e459489f1f963b7dcb981 6a2907b7dded4e32bb1f33dd1010ea75 - - default default] Successfully bumped revision number for resource 99d1336f-a62d-4ec6-881b-c0e53b44d15f (type: security_group_rules) to 0
2026-07-16 01:35:44.800 10 INFO neutron.db.ovn_revision_numbers_db [None req-261a855b-708e-42f9-a9c3-25dea54b6c2b d820dc69025e459489f1f963b7dcb981 6a2907b7dded4e32bb1f33dd1010ea75 - - default default] Successfully bumped revision number for resource 9cfe4698-f09d-4c4c-a2b2-325a9fa554fd (type: security_group_rules) to 0
2026-07-16 01:35:44.821 10 INFO neutron.db.ovn_revision_numbers_db [None req-261a855b-708e-42f9-a9c3-25dea54b6c2b d820dc69025e459489f1f963b7dcb981 6a2907b7dded4e32bb1f33dd1010ea75 - - default default] Successfully bumped revision number for resource a829ec50-8f21-41f1-8fa3-08deff0ce762 (type: security_group_rules) to 0
2026-07-16 01:35:44.850 9 INFO neutron.wsgi [None req-74d1056a-94ae-460d-b725-5f2a48a5a814 d820dc69025e459489f1f963b7dcb981 6a2907b7dded4e32bb1f33dd1010ea75 - - default default] 10.0.0.125 "DELETE /v2.0/security-groups/a9daa6ac-c9ca-4f17-813a-ca1fe6b9770d HTTP/1.1" status: 204 len: 168 time: 0.2009583
2026-07-16 01:35:44.859 10 INFO neutron.wsgi [None req-261a855b-708e-42f9-a9c3-25dea54b6c2b d820dc69025e459489f1f963b7dcb981 6a2907b7dded4e32bb1f33dd1010ea75 - - default default] 10.0.0.125 "GET /v2.0/security-groups?tenant_id=3de844b590314b659d3fa4fb89fdd73c&name=default HTTP/1.1" status: 200 len: 2996 time: 0.3047099
2026-07-16 01:35:45.048 10 INFO neutron.db.ovn_revision_numbers_db [None req-bad85ef4-0384-4f87-a25f-5491b189f8a5 db3b304dad3e4a0aa612aa32a0346bbc 496df187dc3e4c01adccf1fc0fb95693 - - default default] Successfully bumped revision number for resource 3b8e5836-7881-4727-8dcc-dae88c434f11 (type: ports) to 2
2026-07-16 01:35:45.078 10 INFO neutron.db.ovn_revision_numbers_db [None req-bad85ef4-0384-4f87-a25f-5491b189f8a5 db3b304dad3e4a0aa612aa32a0346bbc 496df187dc3e4c01adccf1fc0fb95693 - - default default] Successfully bumped revision number for resource 3a9dc389-26dd-4bf9-9c2b-2658ed38858e (type: subnets) to 0
2026-07-16 01:35:45.092 10 INFO neutron.wsgi [None req-b1343a19-8bc3-43be-b856-f98656dc20ee d820dc69025e459489f1f963b7dcb981 6a2907b7dded4e32bb1f33dd1010ea75 - - default default] 10.0.0.125 "DELETE /v2.0/security-groups/a84d523a-5965-4aaa-9cf8-72fcc1d9c5a2 HTTP/1.1" status: 204 len: 168 time: 0.2281098
2026-07-16 01:35:45.094 10 INFO neutron.wsgi [None req-bad85ef4-0384-4f87-a25f-5491b189f8a5 db3b304dad3e4a0aa612aa32a0346bbc 496df187dc3e4c01adccf1fc0fb95693 - - default default] 10.0.0.125 "POST /v2.0/subnets HTTP/1.1" status: 201 len: 801 time: 0.8008077
2026-07-16 01:35:45.279 10 INFO neutron.db.ovn_revision_numbers_db [None req-a43ff844-f69b-49db-be8d-4ae5931d46eb db3b304dad3e4a0aa612aa32a0346bbc 496df187dc3e4c01adccf1fc0fb95693 - - default default] Successfully bumped revision number for resource ea458b89-5bb8-493f-9b86-b95fa7feef7f (type: routers) to 1
2026-07-16 01:35:45.296 10 INFO neutron.wsgi [None req-a43ff844-f69b-49db-be8d-4ae5931d46eb db3b304dad3e4a0aa612aa32a0346bbc 496df187dc3e4c01adccf1fc0fb95693 - - default default] 10.0.0.125 "POST /v2.0/routers HTTP/1.1" status: 201 len: 686 time: 0.1983914
2026-07-16 01:35:45.298 10 INFO neutron.wsgi [None req-7b95746a-c8ec-45fc-8632-4dec96538e06 d820dc69025e459489f1f963b7dcb981 6a2907b7dded4e32bb1f33dd1010ea75 - - default default] 10.0.0.125 "GET /v2.0/security-groups?tenant_id=6ee18913d5e74b398bb6a0ad61c080c1&name=default HTTP/1.1" status: 200 len: 2996 time: 0.0551398
2026-07-16 01:35:45.494 9 INFO neutron.wsgi [None req-30c1be75-fb31-45b9-acde-d0682b5612f1 d820dc69025e459489f1f963b7dcb981 6a2907b7dded4e32bb1f33dd1010ea75 - - default default] 10.0.0.125 "DELETE /v2.0/security-groups/3108d5a7-ab32-414d-8086-65a5838cc525 HTTP/1.1" status: 204 len: 168 time: 0.1909251
2026-07-16 01:35:45.675 10 WARNING neutron.scheduler.dhcp_agent_scheduler [None req-369c14c4-cbd6-4266-9c69-ecd19ab3d367 db3b304dad3e4a0aa612aa32a0346bbc 496df187dc3e4c01adccf1fc0fb95693 - - default default] No more DHCP agents
2026-07-16 01:35:45.679 10 WARNING neutron.api.rpc.agentnotifiers.dhcp_rpc_agent_api [None req-369c14c4-cbd6-4266-9c69-ecd19ab3d367 db3b304dad3e4a0aa612aa32a0346bbc 496df187dc3e4c01adccf1fc0fb95693 - - default default] Unable to schedule network 31818abb-4445-4bdc-8055-2b0b49e7da89: no agents available; will retry on subsequent port and subnet creation events.
2026-07-16 01:35:45.839 10 INFO neutron.db.ovn_revision_numbers_db [None req-369c14c4-cbd6-4266-9c69-ecd19ab3d367 db3b304dad3e4a0aa612aa32a0346bbc 496df187dc3e4c01adccf1fc0fb95693 - - default default] Successfully bumped revision number for resource 370cf43d-db4f-4fbb-9808-c2f3815c2d1c (type: ports) to 1
2026-07-16 01:35:46.163 9 INFO neutron.plugins.ml2.drivers.ovn.mech_driver.mech_driver [None req-6c2ac208-0920-445d-b3fb-a8ba9fc3c2ef - - - - - -] OVN reports status up for port: 370cf43d-db4f-4fbb-9808-c2f3815c2d1c
2026-07-16 01:35:46.170 9 INFO neutron.plugins.ml2.plugin [None req-6c2ac208-0920-445d-b3fb-a8ba9fc3c2ef - - - - - -] Attempt 1 to provision port 370cf43d-db4f-4fbb-9808-c2f3815c2d1c
2026-07-16 01:35:46.183 10 INFO neutron.db.ovn_revision_numbers_db [None req-369c14c4-cbd6-4266-9c69-ecd19ab3d367 db3b304dad3e4a0aa612aa32a0346bbc 496df187dc3e4c01adccf1fc0fb95693 - - default default] Successfully bumped revision number for resource 370cf43d-db4f-4fbb-9808-c2f3815c2d1c (type: router_ports) to 1
2026-07-16 01:35:46.303 10 WARNING neutron.plugins.ml2.drivers.ovn.mech_driver.ovsdb.ovn_client [None req-06b30248-a1f7-4ba9-98df-5168947f8074 - - - - - -] No port found with ID cd3e2479-2a2d-4294-85f4-dea2e4467d64: RuntimeError: No port found with ID cd3e2479-2a2d-4294-85f4-dea2e4467d64
2026-07-16 01:35:46.334 10 INFO neutron.db.ovn_revision_numbers_db [None req-369c14c4-cbd6-4266-9c69-ecd19ab3d367 db3b304dad3e4a0aa612aa32a0346bbc 496df187dc3e4c01adccf1fc0fb95693 - - default default] Successfully bumped revision number for resource 370cf43d-db4f-4fbb-9808-c2f3815c2d1c (type: ports) to 1
2026-07-16 01:35:46.390 10 WARNING neutron.scheduler.dhcp_agent_scheduler [None req-369c14c4-cbd6-4266-9c69-ecd19ab3d367 db3b304dad3e4a0aa612aa32a0346bbc 496df187dc3e4c01adccf1fc0fb95693 - - default default] No more DHCP agents
2026-07-16 01:35:46.391 10 WARNING neutron.api.rpc.agentnotifiers.dhcp_rpc_agent_api [None req-369c14c4-cbd6-4266-9c69-ecd19ab3d367 db3b304dad3e4a0aa612aa32a0346bbc 496df187dc3e4c01adccf1fc0fb95693 - - default default] Unable to schedule network 31818abb-4445-4bdc-8055-2b0b49e7da89: no agents available; will retry on subsequent port and subnet creation events.
2026-07-16 01:35:46.437 9 INFO neutron.db.ovn_revision_numbers_db [None req-6c2ac208-0920-445d-b3fb-a8ba9fc3c2ef - - - - - -] Successfully bumped revision number for resource 370cf43d-db4f-4fbb-9808-c2f3815c2d1c (type: ports) to 2
2026-07-16 01:35:46.553 9 INFO neutron.db.ovn_revision_numbers_db [None req-6c2ac208-0920-445d-b3fb-a8ba9fc3c2ef - - - - - -] Successfully bumped revision number for resource 370cf43d-db4f-4fbb-9808-c2f3815c2d1c (type: router_ports) to 2
2026-07-16 01:35:46.764 10 INFO neutron.db.ovn_revision_numbers_db [None req-369c14c4-cbd6-4266-9c69-ecd19ab3d367 db3b304dad3e4a0aa612aa32a0346bbc 496df187dc3e4c01adccf1fc0fb95693 - - default default] Successfully bumped revision number for resource 370cf43d-db4f-4fbb-9808-c2f3815c2d1c (type: router_ports) to 2
2026-07-16 01:35:46.768 10 INFO neutron.wsgi [None req-369c14c4-cbd6-4266-9c69-ecd19ab3d367 db3b304dad3e4a0aa612aa32a0346bbc 496df187dc3e4c01adccf1fc0fb95693 - - default default] 10.0.0.125 "PUT /v2.0/routers/ea458b89-5bb8-493f-9b86-b95fa7feef7f/add_router_interface HTTP/1.1" status: 200 len: 503 time: 1.4672487
2026-07-16 01:35:46.855 9 INFO neutron.wsgi [None req-99217dc6-74ff-4670-ad44-5ab032d245b6 db3b304dad3e4a0aa612aa32a0346bbc 496df187dc3e4c01adccf1fc0fb95693 - - default default] 10.0.0.125 "GET /v2.0/ports/370cf43d-db4f-4fbb-9808-c2f3815c2d1c HTTP/1.1" status: 200 len: 1137 time: 0.0822904
2026-07-16 01:35:46.890 9 INFO neutron.wsgi [None req-22221f6b-cdcc-4dd3-bbdf-dc12ff69d504 db3b304dad3e4a0aa612aa32a0346bbc 496df187dc3e4c01adccf1fc0fb95693 - - default default] 10.0.0.125 "GET /v2.0/ports/370cf43d-db4f-4fbb-9808-c2f3815c2d1c HTTP/1.1" status: 200 len: 1137 time: 0.0302205
2026-07-16 01:35:47.511 10 INFO neutron.wsgi [None req-e9d9a974-76c1-4895-a527-79eab6671e01 db3b304dad3e4a0aa612aa32a0346bbc 496df187dc3e4c01adccf1fc0fb95693 - - default default] 10.0.0.125 "PUT /v2.0/routers/ea458b89-5bb8-493f-9b86-b95fa7feef7f/remove_router_interface HTTP/1.1" status: 200 len: 503 time: 0.6162131 /var/lib/openstack/lib/python3.10/site-packages/pycadf/identifier.py:71: UserWarning: Invalid uuid: neutron. To ensure interoperability, identifiers should be a valid uuid. warnings.warn(('Invalid uuid: %s. To ensure interoperability, '
2026-07-16 01:35:47.538 10 INFO neutron.wsgi [None req-08616585-7050-4c6a-8452-edc47c1ebddf db3b304dad3e4a0aa612aa32a0346bbc 496df187dc3e4c01adccf1fc0fb95693 - - default default] 10.0.0.125 "GET /v2.0/ports?device_id=ea458b89-5bb8-493f-9b86-b95fa7feef7f HTTP/1.1" status: 200 len: 205 time: 0.0222473
2026-07-16 01:35:47.759 10 INFO neutron.wsgi [None req-839e2664-88ec-4b75-b484-cb73e2cb91b0 db3b304dad3e4a0aa612aa32a0346bbc 496df187dc3e4c01adccf1fc0fb95693 - - default default] 10.0.0.125 "DELETE /v2.0/routers/ea458b89-5bb8-493f-9b86-b95fa7feef7f HTTP/1.1" status: 204 len: 168 time: 0.2170379
2026-07-16 01:35:47.955 10 INFO neutron.wsgi [None req-01993060-5652-4cfc-bca7-e690fbcde04d db3b304dad3e4a0aa612aa32a0346bbc 496df187dc3e4c01adccf1fc0fb95693 - - default default] 10.0.0.125 "DELETE /v2.0/subnets/3a9dc389-26dd-4bf9-9c2b-2658ed38858e HTTP/1.1" status: 204 len: 168 time: 0.1909630
2026-07-16 01:35:48.318 10 INFO neutron.services.segments.plugin [-] Segment 752114e6-617d-4938-b959-1d2e5a043536 resource provider aggregate not found
2026-07-16 01:35:48.322 10 INFO neutron.services.segments.plugin [-] Segment 752114e6-617d-4938-b959-1d2e5a043536 resource provider aggregate not found
2026-07-16 01:35:48.336 10 INFO neutron.services.segments.plugin [-] Segment 752114e6-617d-4938-b959-1d2e5a043536 resource provider not found; error: Placement Client Error (4xx): {"errors": [{"status": 404, "title": "Not Found", "detail": "The resource could not be found.\n\n No resource provider with uuid 752114e6-617d-4938-b959-1d2e5a043536 found for delete ", "request_id": "req-a6fde1c1-8eeb-4a45-a144-f1412a867234"}]}
2026-07-16 01:35:48.337 10 INFO neutron.services.segments.plugin [-] Segment 752114e6-617d-4938-b959-1d2e5a043536 resource provider not found; error: Placement Client Error (4xx): {"errors": [{"status": 404, "title": "Not Found", "detail": "The resource could not be found.\n\n No resource provider with uuid 752114e6-617d-4938-b959-1d2e5a043536 found for delete ", "request_id": "req-bd069fb1-b76c-4549-8626-b36679e01fae"}]}
2026-07-16 01:35:48.353 10 INFO neutron.wsgi [None req-fa067ac7-4759-405a-b409-1b6cf8a80f75 db3b304dad3e4a0aa612aa32a0346bbc 496df187dc3e4c01adccf1fc0fb95693 - - default default] 10.0.0.125 "DELETE /v2.0/networks/31818abb-4445-4bdc-8055-2b0b49e7da89 HTTP/1.1" status: 204 len: 168 time: 0.3923888
2026-07-16 01:35:48.378 9 INFO neutron.db.ovn_revision_numbers_db [None req-7d7ee78d-435f-4aef-8fe6-972a0ae9dee5 ed78605cb68d4747a6f872ffb508587c b38c52a8cf8d4868bf4f2959dc685e39 - - default default] Successfully bumped revision number for resource c78f0579-c5bf-4365-92c8-789e05580fbb (type: security_groups) to 1
2026-07-16 01:35:48.389 9 INFO neutron.db.ovn_revision_numbers_db [None req-7d7ee78d-435f-4aef-8fe6-972a0ae9dee5 ed78605cb68d4747a6f872ffb508587c b38c52a8cf8d4868bf4f2959dc685e39 - - default default] Successfully bumped revision number for resource 6180db41-17dc-4cba-92fe-683f6943a639 (type: security_group_rules) to 0
2026-07-16 01:35:48.403 9 INFO neutron.db.ovn_revision_numbers_db [None req-7d7ee78d-435f-4aef-8fe6-972a0ae9dee5 ed78605cb68d4747a6f872ffb508587c b38c52a8cf8d4868bf4f2959dc685e39 - - default default] Successfully bumped revision number for resource 87a3108f-4a7f-4c83-b3f7-1b5e8907dd6e (type: security_group_rules) to 0
2026-07-16 01:35:48.417 9 INFO neutron.db.ovn_revision_numbers_db [None req-7d7ee78d-435f-4aef-8fe6-972a0ae9dee5 ed78605cb68d4747a6f872ffb508587c b38c52a8cf8d4868bf4f2959dc685e39 - - default default] Successfully bumped revision number for resource a809c9f9-f332-4603-ba6b-177922254b53 (type: security_group_rules) to 0
2026-07-16 01:35:48.430 9 INFO neutron.db.ovn_revision_numbers_db [None req-7d7ee78d-435f-4aef-8fe6-972a0ae9dee5 ed78605cb68d4747a6f872ffb508587c b38c52a8cf8d4868bf4f2959dc685e39 - - default default] Successfully bumped revision number for resource f32f2589-1419-4b66-ae1e-3637f5006658 (type: security_group_rules) to 0
2026-07-16 01:35:48.488 9 INFO neutron.db.segments_db [None req-7d7ee78d-435f-4aef-8fe6-972a0ae9dee5 ed78605cb68d4747a6f872ffb508587c b38c52a8cf8d4868bf4f2959dc685e39 - - default default] Added segment 0be1de49-03b7-4418-8234-2d6827e3b8f0 of type geneve for network 763552eb-84a4-4429-b5ab-d3cde8e5b80b
2026-07-16 01:35:48.612 9 INFO neutron.db.ovn_revision_numbers_db [None req-7d7ee78d-435f-4aef-8fe6-972a0ae9dee5 ed78605cb68d4747a6f872ffb508587c b38c52a8cf8d4868bf4f2959dc685e39 - - default default] Successfully bumped revision number for resource 763552eb-84a4-4429-b5ab-d3cde8e5b80b (type: networks) to 1
2026-07-16 01:35:48.794 9 WARNING neutron.scheduler.dhcp_agent_scheduler [None req-7d7ee78d-435f-4aef-8fe6-972a0ae9dee5 ed78605cb68d4747a6f872ffb508587c b38c52a8cf8d4868bf4f2959dc685e39 - - default default] No more DHCP agents
2026-07-16 01:35:48.797 9 WARNING neutron.api.rpc.agentnotifiers.dhcp_rpc_agent_api [None req-7d7ee78d-435f-4aef-8fe6-972a0ae9dee5 ed78605cb68d4747a6f872ffb508587c b38c52a8cf8d4868bf4f2959dc685e39 - - default default] Unable to schedule network 763552eb-84a4-4429-b5ab-d3cde8e5b80b: no agents available; will retry on subsequent port and subnet creation events.
2026-07-16 01:35:48.858 10 WARNING neutron.scheduler.dhcp_agent_scheduler [None req-aa9023de-c243-4ed3-b28e-a88e01c2467f db3b304dad3e4a0aa612aa32a0346bbc 496df187dc3e4c01adccf1fc0fb95693 - - default default] No more DHCP agents
2026-07-16 01:35:48.860 10 WARNING neutron.api.rpc.agentnotifiers.dhcp_rpc_agent_api [None req-aa9023de-c243-4ed3-b28e-a88e01c2467f db3b304dad3e4a0aa612aa32a0346bbc 496df187dc3e4c01adccf1fc0fb95693 - - default default] Unable to schedule network 41e2105a-107e-4de7-ab90-5ea035ee11ee: no agents available; will retry on subsequent port and subnet creation events.
2026-07-16 01:35:48.868 9 INFO neutron.db.ovn_revision_numbers_db [None req-7d7ee78d-435f-4aef-8fe6-972a0ae9dee5 ed78605cb68d4747a6f872ffb508587c b38c52a8cf8d4868bf4f2959dc685e39 - - default default] Successfully bumped revision number for resource 11ed14c7-8080-448d-828d-50fb10d81fa8 (type: ports) to 1
2026-07-16 01:35:48.887 9 INFO neutron.wsgi [None req-7d7ee78d-435f-4aef-8fe6-972a0ae9dee5 ed78605cb68d4747a6f872ffb508587c b38c52a8cf8d4868bf4f2959dc685e39 - - default default] 10.0.0.125 "POST /v2.0/networks HTTP/1.1" status: 201 len: 830 time: 0.8157516
2026-07-16 01:35:48.940 9 INFO neutron.wsgi [None req-f97a26ef-fab5-4934-a15d-d474855d4713 ed78605cb68d4747a6f872ffb508587c b38c52a8cf8d4868bf4f2959dc685e39 - - default default] 10.0.0.125 "PUT /v2.0/networks/763552eb-84a4-4429-b5ab-d3cde8e5b80b/tags HTTP/1.1" status: 200 len: 218 time: 0.0446718
2026-07-16 01:35:48.980 9 INFO neutron.wsgi [None req-0b3910f1-0160-40bd-92a5-72355f339182 ed78605cb68d4747a6f872ffb508587c b38c52a8cf8d4868bf4f2959dc685e39 - - default default] 10.0.0.125 "GET /v2.0/networks/763552eb-84a4-4429-b5ab-d3cde8e5b80b/tags HTTP/1.1" status: 200 len: 218 time: 0.0363708
2026-07-16 01:35:49.007 10 INFO neutron.db.ovn_revision_numbers_db [None req-aa9023de-c243-4ed3-b28e-a88e01c2467f db3b304dad3e4a0aa612aa32a0346bbc 496df187dc3e4c01adccf1fc0fb95693 - - default default] Successfully bumped revision number for resource fbd2aed6-d265-44d3-aa6a-6f8b7bdd6fb4 (type: ports) to 1
2026-07-16 01:35:49.028 9 INFO neutron.wsgi [None req-06923ed6-c371-4c4f-bd0f-989e475b65a3 ed78605cb68d4747a6f872ffb508587c b38c52a8cf8d4868bf4f2959dc685e39 - - default default] 10.0.0.125 "PUT /v2.0/networks/763552eb-84a4-4429-b5ab-d3cde8e5b80b/tags/green HTTP/1.1" status: 201 len: 201 time: 0.0412047
2026-07-16 01:35:49.068 9 INFO neutron.wsgi [None req-8b9b94e2-83b1-45d0-b038-23ec51ac470e ed78605cb68d4747a6f872ffb508587c b38c52a8cf8d4868bf4f2959dc685e39 - - default default] 10.0.0.125 "GET /v2.0/networks/763552eb-84a4-4429-b5ab-d3cde8e5b80b/tags HTTP/1.1" status: 200 len: 227 time: 0.0359504
2026-07-16 01:35:49.109 9 INFO neutron.wsgi [None req-6e61df5a-8e99-4d88-a5c1-4105f115fbf6 ed78605cb68d4747a6f872ffb508587c b38c52a8cf8d4868bf4f2959dc685e39 - - default default] 10.0.0.125 "PUT /v2.0/networks/763552eb-84a4-4429-b5ab-d3cde8e5b80b/tags/red HTTP/1.1" status: 201 len: 201 time: 0.0371673
2026-07-16 01:35:49.355 9 INFO neutron.wsgi [None req-b2168555-03c5-496d-b347-4923ed3c888b ed78605cb68d4747a6f872ffb508587c b38c52a8cf8d4868bf4f2959dc685e39 - - default default] 10.0.0.125 "GET /v2.0/networks/763552eb-84a4-4429-b5ab-d3cde8e5b80b/tags HTTP/1.1" status: 200 len: 227 time: 0.2416592
