2026-07-16 01:34:04.169 9 INFO neutron.wsgi [None req-031bd81c-9e58-496d-83ec-f6581c271de6 29d14dd939754b85979cfe1d34dd13de 274dee4bc0da41bc83d38e3111c0f076 - - default default] 10.0.0.125 "PUT /v2.0/routers/4669da48-8938-4636-a986-4f966a7bad5a/remove_router_interface HTTP/1.1" status: 200 len: 503 time: 0.6164532 /var/lib/openstack/lib/python3.10/site-packages/pycadf/identifier.py:71: UserWarning: Invalid uuid: neutron. To ensure interoperability, identifiers should be a valid uuid. warnings.warn(('Invalid uuid: %s. To ensure interoperability, '
2026-07-16 01:34:04.177 10 INFO neutron.db.ovn_revision_numbers_db [req-9b58e81d-0072-4ce1-9edd-a9bc00dcc729 req-d9ffebe5-a559-4b69-8318-68d56aee7c55 f2009d61f05c4ebfa692b82a4d8d0e5d bddf8de969774b3bbb48bd698541de3e - - 77a314461d9143cd92d4acfd3cd81ae8 77a314461d9143cd92d4acfd3cd81ae8] Successfully bumped revision number for resource 55f952b1-5318-4a54-aa6f-7f20577b58f4 (type: ports) to 2
2026-07-16 01:34:04.256 9 INFO neutron.wsgi [None req-5793b825-7680-4a6a-9a8e-5bbe69adbc48 29d14dd939754b85979cfe1d34dd13de 274dee4bc0da41bc83d38e3111c0f076 - - default default] 10.0.0.125 "GET /v2.0/ports/2f7a48ac-ef97-4d62-b7bc-b7cdd97437e0 HTTP/1.1" status: 200 len: 1141 time: 0.0837929
2026-07-16 01:34:04.365 10 INFO neutron.db.ovn_revision_numbers_db [req-9b58e81d-0072-4ce1-9edd-a9bc00dcc729 req-d9ffebe5-a559-4b69-8318-68d56aee7c55 f2009d61f05c4ebfa692b82a4d8d0e5d bddf8de969774b3bbb48bd698541de3e - - 77a314461d9143cd92d4acfd3cd81ae8 77a314461d9143cd92d4acfd3cd81ae8] Successfully bumped revision number for resource 55f952b1-5318-4a54-aa6f-7f20577b58f4 (type: ports) to 2
2026-07-16 01:34:04.379 10 INFO neutron.wsgi [req-9b58e81d-0072-4ce1-9edd-a9bc00dcc729 req-d9ffebe5-a559-4b69-8318-68d56aee7c55 f2009d61f05c4ebfa692b82a4d8d0e5d bddf8de969774b3bbb48bd698541de3e - - 77a314461d9143cd92d4acfd3cd81ae8 77a314461d9143cd92d4acfd3cd81ae8] 199.204.45.53 "PUT /v2.0/ports/55f952b1-5318-4a54-aa6f-7f20577b58f4 HTTP/1.1" status: 200 len: 1380 time: 0.6424363 /var/lib/openstack/lib/python3.10/site-packages/pycadf/identifier.py:71: UserWarning: Invalid uuid: neutron. To ensure interoperability, identifiers should be a valid uuid. warnings.warn(('Invalid uuid: %s. To ensure interoperability, '
2026-07-16 01:34:04.429 10 INFO neutron.notifiers.nova [-] Nova event matching ['req-7fa46339-2fe2-4ab3-a5b7-893077aa9cac'] response: {'name': 'network-changed', 'server_uuid': '10217458-a04b-4ff7-9f51-67a008a9e92c', 'tag': '55f952b1-5318-4a54-aa6f-7f20577b58f4', 'status': 'completed', 'code': 200}
2026-07-16 01:34:04.449 10 INFO neutron.wsgi [req-9b58e81d-0072-4ce1-9edd-a9bc00dcc729 req-775578b4-23c7-44d8-84b7-ce6ad22e4653 f2009d61f05c4ebfa692b82a4d8d0e5d bddf8de969774b3bbb48bd698541de3e - - 77a314461d9143cd92d4acfd3cd81ae8 77a314461d9143cd92d4acfd3cd81ae8] 199.204.45.53 "GET /v2.0/ports?tenant_id=9b85c30888df47f6a1ec67dd7aab8cb1&device_id=10217458-a04b-4ff7-9f51-67a008a9e92c HTTP/1.1" status: 200 len: 1411 time: 0.0318410
2026-07-16 01:34:04.480 10 INFO neutron.wsgi [req-9b58e81d-0072-4ce1-9edd-a9bc00dcc729 req-6db409cd-a1d5-402f-8e08-dcde22850c35 f2009d61f05c4ebfa692b82a4d8d0e5d bddf8de969774b3bbb48bd698541de3e - - 77a314461d9143cd92d4acfd3cd81ae8 77a314461d9143cd92d4acfd3cd81ae8] 199.204.45.53 "GET /v2.0/floatingips?fixed_ip_address=10.100.0.10&port_id=55f952b1-5318-4a54-aa6f-7f20577b58f4 HTTP/1.1" status: 200 len: 217 time: 0.0220180
2026-07-16 01:34:04.519 10 INFO neutron.wsgi [req-9b58e81d-0072-4ce1-9edd-a9bc00dcc729 req-c4a5c273-b460-4eb4-85f7-15a915302072 f2009d61f05c4ebfa692b82a4d8d0e5d bddf8de969774b3bbb48bd698541de3e - - 77a314461d9143cd92d4acfd3cd81ae8 77a314461d9143cd92d4acfd3cd81ae8] 199.204.45.53 "GET /v2.0/subnets?id=26513bc8-133b-4509-b4a4-1c4b58fa0558 HTTP/1.1" status: 200 len: 868 time: 0.0347121
2026-07-16 01:34:04.542 10 INFO neutron.wsgi [req-9b58e81d-0072-4ce1-9edd-a9bc00dcc729 req-6479ec78-d7a3-4307-8ddf-965c4a3ffdc5 f2009d61f05c4ebfa692b82a4d8d0e5d bddf8de969774b3bbb48bd698541de3e - - 77a314461d9143cd92d4acfd3cd81ae8 77a314461d9143cd92d4acfd3cd81ae8] 199.204.45.53 "GET /v2.0/ports?network_id=24a0cb41-a695-4ebf-8518-ecdccb760df1&device_owner=network%3Adhcp HTTP/1.1" status: 200 len: 210 time: 0.0184212
2026-07-16 01:34:04.560 9 INFO neutron.wsgi [req-96d0caf6-8788-449a-bf7b-ff15b5d48cc9 req-1abefa27-8b91-4cb2-ac20-34778b617426 aebcedcff20c457291440065da7345cd 9b85c30888df47f6a1ec67dd7aab8cb1 - - default default] 10.0.0.253 "GET /v2.0/ports?device_id=10217458-a04b-4ff7-9f51-67a008a9e92c HTTP/1.1" status: 200 len: 1172 time: 0.0380442
2026-07-16 01:34:04.606 10 INFO neutron.wsgi [req-9b58e81d-0072-4ce1-9edd-a9bc00dcc729 req-1149be41-5972-45a3-9984-2d52f08f6a5e f2009d61f05c4ebfa692b82a4d8d0e5d bddf8de969774b3bbb48bd698541de3e - - 77a314461d9143cd92d4acfd3cd81ae8 77a314461d9143cd92d4acfd3cd81ae8] 199.204.45.53 "GET /v2.0/networks/24a0cb41-a695-4ebf-8518-ecdccb760df1?fields=segments HTTP/1.1" status: 200 len: 212 time: 0.0557790
2026-07-16 01:34:04.620 9 INFO neutron.wsgi [req-96d0caf6-8788-449a-bf7b-ff15b5d48cc9 req-12dee417-d574-4fec-a0ea-5c36b679b20a aebcedcff20c457291440065da7345cd 9b85c30888df47f6a1ec67dd7aab8cb1 - - default default] 10.0.0.253 "GET /v2.0/security-groups?id=023ad3a2-775b-42c1-a246-dced7fa81737&fields=id&fields=name HTTP/1.1" status: 200 len: 313 time: 0.0458300
2026-07-16 01:34:04.682 10 INFO neutron.wsgi [req-9b58e81d-0072-4ce1-9edd-a9bc00dcc729 req-602132a5-a642-46db-936e-be842805c8da f2009d61f05c4ebfa692b82a4d8d0e5d bddf8de969774b3bbb48bd698541de3e - - 77a314461d9143cd92d4acfd3cd81ae8 77a314461d9143cd92d4acfd3cd81ae8] 199.204.45.53 "GET /v2.0/networks/24a0cb41-a695-4ebf-8518-ecdccb760df1?fields=provider%3Aphysical_network&fields=provider%3Anetwork_type HTTP/1.1" status: 200 len: 277 time: 0.0698931
2026-07-16 01:34:04.712 10 WARNING neutron.plugins.ml2.drivers.ovn.mech_driver.ovsdb.ovn_client [None req-06b30248-a1f7-4ba9-98df-5168947f8074 - - - - - -] No hosting information found for port 2f7a48ac-ef97-4d62-b7bc-b7cdd97437e0: RuntimeError: No hosting information found for port 2f7a48ac-ef97-4d62-b7bc-b7cdd97437e0
2026-07-16 01:34:04.784 10 INFO neutron.wsgi [req-8af84309-a22d-4f5b-8a6e-db44f2be582c req-4c28367f-b7f9-4e5e-964a-7a4d96c28f04 f2009d61f05c4ebfa692b82a4d8d0e5d bddf8de969774b3bbb48bd698541de3e - - 77a314461d9143cd92d4acfd3cd81ae8 77a314461d9143cd92d4acfd3cd81ae8] 199.204.45.53 "GET /v2.0/ports?tenant_id=9b85c30888df47f6a1ec67dd7aab8cb1&device_id=10217458-a04b-4ff7-9f51-67a008a9e92c HTTP/1.1" status: 200 len: 1411 time: 0.0359652
2026-07-16 01:34:04.870 10 INFO neutron.wsgi [req-8af84309-a22d-4f5b-8a6e-db44f2be582c req-9ec04b04-903d-44fc-b9a8-4aee2e6b96e4 f2009d61f05c4ebfa692b82a4d8d0e5d bddf8de969774b3bbb48bd698541de3e - - 77a314461d9143cd92d4acfd3cd81ae8 77a314461d9143cd92d4acfd3cd81ae8] 199.204.45.53 "GET /v2.0/networks?id=24a0cb41-a695-4ebf-8518-ecdccb760df1 HTTP/1.1" status: 200 len: 973 time: 0.0792935
2026-07-16 01:34:04.879 10 INFO neutron.plugins.ml2.drivers.ovn.mech_driver.mech_driver [None req-06b30248-a1f7-4ba9-98df-5168947f8074 - - - - - -] OVN reports status up for port: 55f952b1-5318-4a54-aa6f-7f20577b58f4
2026-07-16 01:34:04.908 10 INFO neutron.wsgi [req-8af84309-a22d-4f5b-8a6e-db44f2be582c req-4659a83d-2151-4c5a-a7c0-57d90e015aa5 f2009d61f05c4ebfa692b82a4d8d0e5d bddf8de969774b3bbb48bd698541de3e - - 77a314461d9143cd92d4acfd3cd81ae8 77a314461d9143cd92d4acfd3cd81ae8] 199.204.45.53 "GET /v2.0/floatingips?fixed_ip_address=10.100.0.10&port_id=55f952b1-5318-4a54-aa6f-7f20577b58f4 HTTP/1.1" status: 200 len: 217 time: 0.0245900
2026-07-16 01:34:04.908 10 INFO neutron.db.ovn_revision_numbers_db [None req-c64cee0e-5bf5-41a9-b3c5-19653eb4d0de d820dc69025e459489f1f963b7dcb981 6a2907b7dded4e32bb1f33dd1010ea75 - - default default] Successfully bumped revision number for resource 28034c17-c7e6-4a23-aa17-c9e1c2f1aad7 (type: security_groups) to 1
2026-07-16 01:34:04.914 10 INFO neutron.plugins.ml2.plugin [None req-06b30248-a1f7-4ba9-98df-5168947f8074 - - - - - -] Attempt 1 to provision port 55f952b1-5318-4a54-aa6f-7f20577b58f4
2026-07-16 01:34:04.949 10 INFO neutron.db.ovn_revision_numbers_db [None req-c64cee0e-5bf5-41a9-b3c5-19653eb4d0de d820dc69025e459489f1f963b7dcb981 6a2907b7dded4e32bb1f33dd1010ea75 - - default default] Successfully bumped revision number for resource 12d272eb-1f43-4775-9bac-ce9a542607d5 (type: security_group_rules) to 0
2026-07-16 01:34:04.970 10 INFO neutron.wsgi [req-8af84309-a22d-4f5b-8a6e-db44f2be582c req-62139aaa-fca6-4104-8c21-2628da9d57d1 f2009d61f05c4ebfa692b82a4d8d0e5d bddf8de969774b3bbb48bd698541de3e - - 77a314461d9143cd92d4acfd3cd81ae8 77a314461d9143cd92d4acfd3cd81ae8] 199.204.45.53 "GET /v2.0/subnets?id=26513bc8-133b-4509-b4a4-1c4b58fa0558 HTTP/1.1" status: 200 len: 868 time: 0.0536785
2026-07-16 01:34:04.972 10 INFO neutron.db.ovn_revision_numbers_db [None req-c64cee0e-5bf5-41a9-b3c5-19653eb4d0de d820dc69025e459489f1f963b7dcb981 6a2907b7dded4e32bb1f33dd1010ea75 - - default default] Successfully bumped revision number for resource 31b0a6fc-7b8c-470f-9847-ceb5dad8602f (type: security_group_rules) to 0
2026-07-16 01:34:05.000 10 INFO neutron.db.ovn_revision_numbers_db [None req-c64cee0e-5bf5-41a9-b3c5-19653eb4d0de d820dc69025e459489f1f963b7dcb981 6a2907b7dded4e32bb1f33dd1010ea75 - - default default] Successfully bumped revision number for resource 3d0bd2e2-e157-4b7a-8329-03b487ee039e (type: security_group_rules) to 0
2026-07-16 01:34:05.003 10 INFO neutron.wsgi [req-8af84309-a22d-4f5b-8a6e-db44f2be582c req-c93bebff-fe0b-44f4-93ac-267cabb1e743 f2009d61f05c4ebfa692b82a4d8d0e5d bddf8de969774b3bbb48bd698541de3e - - 77a314461d9143cd92d4acfd3cd81ae8 77a314461d9143cd92d4acfd3cd81ae8] 199.204.45.53 "GET /v2.0/ports?network_id=24a0cb41-a695-4ebf-8518-ecdccb760df1&device_owner=network%3Adhcp HTTP/1.1" status: 200 len: 210 time: 0.0215981
2026-07-16 01:34:05.034 10 INFO neutron.db.ovn_revision_numbers_db [None req-c64cee0e-5bf5-41a9-b3c5-19653eb4d0de d820dc69025e459489f1f963b7dcb981 6a2907b7dded4e32bb1f33dd1010ea75 - - default default] Successfully bumped revision number for resource ab1c7d74-caca-4047-8f10-557593b9e994 (type: security_group_rules) to 0
2026-07-16 01:34:05.076 10 INFO neutron.wsgi [None req-c64cee0e-5bf5-41a9-b3c5-19653eb4d0de d820dc69025e459489f1f963b7dcb981 6a2907b7dded4e32bb1f33dd1010ea75 - - default default] 10.0.0.125 "GET /v2.0/security-groups?tenant_id=9033f49616e545dc8f81fb5a75e9bf73&name=default HTTP/1.1" status: 200 len: 2996 time: 0.4458809 /var/lib/openstack/lib/python3.10/site-packages/pycadf/identifier.py:71: UserWarning: Invalid uuid: neutron. To ensure interoperability, identifiers should be a valid uuid. warnings.warn(('Invalid uuid: %s. To ensure interoperability, '
2026-07-16 01:34:05.101 9 INFO neutron.wsgi [None req-54b38b26-7674-4412-9328-9838034bf5c3 29d14dd939754b85979cfe1d34dd13de 274dee4bc0da41bc83d38e3111c0f076 - - default default] 10.0.0.125 "PUT /v2.0/routers/4669da48-8938-4636-a986-4f966a7bad5a/remove_router_interface HTTP/1.1" status: 200 len: 503 time: 0.8392661
2026-07-16 01:34:05.106 10 INFO neutron.wsgi [req-8af84309-a22d-4f5b-8a6e-db44f2be582c req-fe9b1086-7dcf-4f0e-aa62-78697e2cd6aa f2009d61f05c4ebfa692b82a4d8d0e5d bddf8de969774b3bbb48bd698541de3e - - 77a314461d9143cd92d4acfd3cd81ae8 77a314461d9143cd92d4acfd3cd81ae8] 199.204.45.53 "GET /v2.0/networks/24a0cb41-a695-4ebf-8518-ecdccb760df1?fields=segments HTTP/1.1" status: 200 len: 212 time: 0.0954514
2026-07-16 01:34:05.126 9 INFO neutron.wsgi [None req-3106f278-0d12-4f91-9f99-20c38f14d46f 29d14dd939754b85979cfe1d34dd13de 274dee4bc0da41bc83d38e3111c0f076 - - default default] 10.0.0.125 "GET /v2.0/ports?device_id=4669da48-8938-4636-a986-4f966a7bad5a HTTP/1.1" status: 200 len: 205 time: 0.0184319
2026-07-16 01:34:05.181 10 INFO neutron.wsgi [req-8af84309-a22d-4f5b-8a6e-db44f2be582c req-bcdbbcbb-094a-4e92-8cfe-8fc4a0e8d58f f2009d61f05c4ebfa692b82a4d8d0e5d bddf8de969774b3bbb48bd698541de3e - - 77a314461d9143cd92d4acfd3cd81ae8 77a314461d9143cd92d4acfd3cd81ae8] 199.204.45.53 "GET /v2.0/networks/24a0cb41-a695-4ebf-8518-ecdccb760df1?fields=provider%3Aphysical_network&fields=provider%3Anetwork_type HTTP/1.1" status: 200 len: 277 time: 0.0661981
2026-07-16 01:34:05.252 10 INFO neutron.db.ovn_revision_numbers_db [None req-06b30248-a1f7-4ba9-98df-5168947f8074 - - - - - -] Successfully bumped revision number for resource 55f952b1-5318-4a54-aa6f-7f20577b58f4 (type: ports) to 4
2026-07-16 01:34:05.410 9 INFO neutron.wsgi [None req-67534494-76cf-45c3-9367-ecf12d82e79c 29d14dd939754b85979cfe1d34dd13de 274dee4bc0da41bc83d38e3111c0f076 - - default default] 10.0.0.125 "DELETE /v2.0/routers/4669da48-8938-4636-a986-4f966a7bad5a HTTP/1.1" status: 204 len: 168 time: 0.2791777
2026-07-16 01:34:05.539 9 INFO neutron.wsgi [None req-8e1300cd-9c84-483f-82b6-ad2da713f693 d820dc69025e459489f1f963b7dcb981 6a2907b7dded4e32bb1f33dd1010ea75 - - default default] 10.0.0.125 "DELETE /v2.0/security-groups/28034c17-c7e6-4a23-aa17-c9e1c2f1aad7 HTTP/1.1" status: 204 len: 168 time: 0.4517519
2026-07-16 01:34:05.616 9 INFO neutron.wsgi [None req-7569db4c-1582-4ff0-ac67-f294f232d1af 29d14dd939754b85979cfe1d34dd13de 274dee4bc0da41bc83d38e3111c0f076 - - default default] 10.0.0.125 "DELETE /v2.0/subnets/7d866d38-b3b8-42d1-ab38-39382217e66f HTTP/1.1" status: 204 len: 168 time: 0.2001357
2026-07-16 01:34:05.733 9 INFO neutron.wsgi [req-94cf39d8-bfdf-488a-a15c-b4dcf02f986a req-b338d400-7af1-4cde-8b6c-9135ff68118a aebcedcff20c457291440065da7345cd 9b85c30888df47f6a1ec67dd7aab8cb1 - - default default] 10.0.0.253 "GET /v2.0/ports?device_id=10217458-a04b-4ff7-9f51-67a008a9e92c HTTP/1.1" status: 200 len: 1174 time: 0.0490315
2026-07-16 01:34:05.807 9 INFO neutron.wsgi [req-94cf39d8-bfdf-488a-a15c-b4dcf02f986a req-09aa6530-f06a-402d-889e-8b40a787ce9f aebcedcff20c457291440065da7345cd 9b85c30888df47f6a1ec67dd7aab8cb1 - - default default] 10.0.0.253 "GET /v2.0/security-groups?id=023ad3a2-775b-42c1-a246-dced7fa81737&fields=id&fields=name HTTP/1.1" status: 200 len: 313 time: 0.0684917
2026-07-16 01:34:05.857 9 INFO neutron.wsgi [None req-8be266e7-73c3-4627-af28-6a7738901c0a 29d14dd939754b85979cfe1d34dd13de 274dee4bc0da41bc83d38e3111c0f076 - - default default] 10.0.0.125 "DELETE /v2.0/subnets/d3759624-4ef2-4ebe-a4e3-75aac676f520 HTTP/1.1" status: 204 len: 168 time: 0.2371948
2026-07-16 01:34:06.245 9 INFO neutron.services.segments.plugin [-] Segment 9e37ea48-2756-44e7-8b8d-6133ee9d6daa resource provider aggregate not found
2026-07-16 01:34:06.252 9 INFO neutron.services.segments.plugin [-] Segment 9e37ea48-2756-44e7-8b8d-6133ee9d6daa resource provider aggregate not found
2026-07-16 01:34:06.261 9 INFO neutron.services.segments.plugin [-] Segment 9e37ea48-2756-44e7-8b8d-6133ee9d6daa resource provider not found; error: Placement Client Error (4xx): {"errors": [{"status": 404, "title": "Not Found", "detail": "The resource could not be found.\n\n No resource provider with uuid 9e37ea48-2756-44e7-8b8d-6133ee9d6daa found for delete ", "request_id": "req-1fc217d3-f7ae-41ad-90ed-9bfe9f6970e8"}]}
2026-07-16 01:34:06.273 9 INFO neutron.services.segments.plugin [-] Segment 9e37ea48-2756-44e7-8b8d-6133ee9d6daa resource provider not found; error: Placement Client Error (4xx): {"errors": [{"status": 404, "title": "Not Found", "detail": "The resource could not be found.\n\n No resource provider with uuid 9e37ea48-2756-44e7-8b8d-6133ee9d6daa found for delete ", "request_id": "req-e31cd911-74e2-4f79-a774-bf8dbc7772c7"}]}
2026-07-16 01:34:06.289 9 INFO neutron.wsgi [None req-5c00d36f-b796-4188-a588-0966bd78f961 29d14dd939754b85979cfe1d34dd13de 274dee4bc0da41bc83d38e3111c0f076 - - default default] 10.0.0.125 "DELETE /v2.0/networks/a6367ae2-aa57-4c15-b6dd-dcbd87130de6 HTTP/1.1" status: 204 len: 168 time: 0.4272242 /var/lib/openstack/lib/python3.10/site-packages/pycadf/identifier.py:71: UserWarning: Invalid uuid: neutron. To ensure interoperability, identifiers should be a valid uuid. warnings.warn(('Invalid uuid: %s. To ensure interoperability, '
2026-07-16 01:34:06.468 10 INFO neutron.notifiers.nova [-] Nova event matching ['req-d05c8d5e-b788-45d8-8b7d-301a8d039747'] response: {'server_uuid': '10217458-a04b-4ff7-9f51-67a008a9e92c', 'name': 'network-vif-plugged', 'status': 'completed', 'tag': '55f952b1-5318-4a54-aa6f-7f20577b58f4', 'code': 200}
2026-07-16 01:34:06.469 10 INFO neutron.notifiers.nova [-] Nova event matching ['req-d05c8d5e-b788-45d8-8b7d-301a8d039747'] response: {'server_uuid': '10217458-a04b-4ff7-9f51-67a008a9e92c', 'name': 'network-vif-plugged', 'status': 'completed', 'tag': '55f952b1-5318-4a54-aa6f-7f20577b58f4', 'code': 200}
2026-07-16 01:34:06.639 10 INFO neutron.services.segments.plugin [-] Segment f43dbf2d-ff13-495b-836d-5c5640976606 resource provider aggregate not found
2026-07-16 01:34:06.644 10 INFO neutron.services.segments.plugin [-] Segment f43dbf2d-ff13-495b-836d-5c5640976606 resource provider aggregate not found
2026-07-16 01:34:06.657 10 INFO neutron.services.segments.plugin [-] Segment f43dbf2d-ff13-495b-836d-5c5640976606 resource provider not found; error: Placement Client Error (4xx): {"errors": [{"status": 404, "title": "Not Found", "detail": "The resource could not be found.\n\n No resource provider with uuid f43dbf2d-ff13-495b-836d-5c5640976606 found for delete ", "request_id": "req-0a49925f-8c22-4e6b-97d5-153ada137ead"}]}
2026-07-16 01:34:06.660 10 INFO neutron.services.segments.plugin [-] Segment f43dbf2d-ff13-495b-836d-5c5640976606 resource provider not found; error: Placement Client Error (4xx): {"errors": [{"status": 404, "title": "Not Found", "detail": "The resource could not be found.\n\n No resource provider with uuid f43dbf2d-ff13-495b-836d-5c5640976606 found for delete ", "request_id": "req-ec14cb37-3ae6-4047-9a53-04b7d616aacd"}]}
2026-07-16 01:34:06.690 10 INFO neutron.wsgi [None req-462a764c-0dd1-4f5f-9755-9d55af3bde58 29d14dd939754b85979cfe1d34dd13de 274dee4bc0da41bc83d38e3111c0f076 - - default default] 10.0.0.125 "DELETE /v2.0/networks/3b3e7845-06b6-4141-9cca-08b82c76bec5 HTTP/1.1" status: 204 len: 168 time: 0.3968012
2026-07-16 01:34:06.791 10 INFO neutron.db.segments_db [None req-0559c030-48b1-4045-a01d-6eadb881706b 29d14dd939754b85979cfe1d34dd13de 274dee4bc0da41bc83d38e3111c0f076 - - default default] Added segment 1e3c5fc2-2803-49c4-8f32-9db4e262e966 of type geneve for network c83129e4-7da2-48e1-956b-c4d2c270a8b4
2026-07-16 01:34:06.910 9 INFO neutron.wsgi [req-f365302f-3094-4db0-901e-33c4c17e843d req-6aa673d4-442d-4ced-82da-65fea65e3b6b aebcedcff20c457291440065da7345cd 9b85c30888df47f6a1ec67dd7aab8cb1 - - default default] 10.0.0.253 "GET /v2.0/ports?device_id=10217458-a04b-4ff7-9f51-67a008a9e92c HTTP/1.1" status: 200 len: 1174 time: 0.0365648
2026-07-16 01:34:06.924 10 INFO neutron.db.ovn_revision_numbers_db [None req-0559c030-48b1-4045-a01d-6eadb881706b 29d14dd939754b85979cfe1d34dd13de 274dee4bc0da41bc83d38e3111c0f076 - - default default] Successfully bumped revision number for resource c83129e4-7da2-48e1-956b-c4d2c270a8b4 (type: networks) to 1
2026-07-16 01:34:06.949 9 INFO neutron.wsgi [req-f365302f-3094-4db0-901e-33c4c17e843d req-ebc96ba0-7514-4db5-bc29-dd522c5ebaa0 aebcedcff20c457291440065da7345cd 9b85c30888df47f6a1ec67dd7aab8cb1 - - default default] 10.0.0.253 "GET /v2.0/security-groups?id=023ad3a2-775b-42c1-a246-dced7fa81737&fields=id&fields=name HTTP/1.1" status: 200 len: 313 time: 0.0311995
2026-07-16 01:34:07.113 9 INFO neutron.wsgi [req-8bdd2c10-652e-4d0e-98f0-a69e8383fbf9 req-5d768b8d-1b5d-4449-9be9-9b288d891a1e aebcedcff20c457291440065da7345cd 9b85c30888df47f6a1ec67dd7aab8cb1 - - default default] 10.0.0.253 "GET /v2.0/ports?device_id=10217458-a04b-4ff7-9f51-67a008a9e92c HTTP/1.1" status: 200 len: 1174 time: 0.0889180
2026-07-16 01:34:07.130 10 WARNING neutron.scheduler.dhcp_agent_scheduler [None req-0559c030-48b1-4045-a01d-6eadb881706b 29d14dd939754b85979cfe1d34dd13de 274dee4bc0da41bc83d38e3111c0f076 - - default default] No more DHCP agents
2026-07-16 01:34:07.132 10 WARNING neutron.api.rpc.agentnotifiers.dhcp_rpc_agent_api [None req-0559c030-48b1-4045-a01d-6eadb881706b 29d14dd939754b85979cfe1d34dd13de 274dee4bc0da41bc83d38e3111c0f076 - - default default] Unable to schedule network c83129e4-7da2-48e1-956b-c4d2c270a8b4: no agents available; will retry on subsequent port and subnet creation events.
2026-07-16 01:34:07.212 10 INFO neutron.db.ovn_revision_numbers_db [None req-0559c030-48b1-4045-a01d-6eadb881706b 29d14dd939754b85979cfe1d34dd13de 274dee4bc0da41bc83d38e3111c0f076 - - default default] Successfully bumped revision number for resource e14e2713-d785-4948-844e-33694c745a26 (type: ports) to 1
2026-07-16 01:34:07.238 10 INFO neutron.wsgi [None req-0559c030-48b1-4045-a01d-6eadb881706b 29d14dd939754b85979cfe1d34dd13de 274dee4bc0da41bc83d38e3111c0f076 - - default default] 10.0.0.125 "POST /v2.0/networks HTTP/1.1" status: 201 len: 832 time: 0.5384560
2026-07-16 01:34:07.367 9 INFO neutron.db.l3_db [None req-7d058efe-d7f0-4bc8-87e8-823db7f2d835 aebcedcff20c457291440065da7345cd 9b85c30888df47f6a1ec67dd7aab8cb1 - - default default] Floating IP 1996703c-15d7-4518-ad4e-3a45b12ce883 associated. External IP: 10.96.250.215, port: 55f952b1-5318-4a54-aa6f-7f20577b58f4.
2026-07-16 01:34:07.491 10 WARNING neutron.scheduler.dhcp_agent_scheduler [None req-7c38da69-3a0e-442d-87ac-23489f1b8c34 29d14dd939754b85979cfe1d34dd13de 274dee4bc0da41bc83d38e3111c0f076 - - default default] No more DHCP agents
2026-07-16 01:34:07.493 10 INFO neutron.db.ovn_revision_numbers_db [None req-98fa65a2-0e61-4cd3-a0be-4c68ee8f66aa d820dc69025e459489f1f963b7dcb981 6a2907b7dded4e32bb1f33dd1010ea75 - - default default] Successfully bumped revision number for resource 52c91378-6b70-4623-8a52-bd81d963076f (type: security_groups) to 1
2026-07-16 01:34:07.497 10 WARNING neutron.api.rpc.agentnotifiers.dhcp_rpc_agent_api [None req-7c38da69-3a0e-442d-87ac-23489f1b8c34 29d14dd939754b85979cfe1d34dd13de 274dee4bc0da41bc83d38e3111c0f076 - - default default] Unable to schedule network c83129e4-7da2-48e1-956b-c4d2c270a8b4: no agents available; will retry on subsequent port and subnet creation events.
2026-07-16 01:34:07.514 10 INFO neutron.db.ovn_revision_numbers_db [None req-98fa65a2-0e61-4cd3-a0be-4c68ee8f66aa d820dc69025e459489f1f963b7dcb981 6a2907b7dded4e32bb1f33dd1010ea75 - - default default] Successfully bumped revision number for resource 1033c9ce-9f60-4050-99b1-7caf677e9e60 (type: security_group_rules) to 0
2026-07-16 01:34:07.551 10 INFO neutron.db.ovn_revision_numbers_db [None req-98fa65a2-0e61-4cd3-a0be-4c68ee8f66aa d820dc69025e459489f1f963b7dcb981 6a2907b7dded4e32bb1f33dd1010ea75 - - default default] Successfully bumped revision number for resource 3e8ff0db-660c-4edd-8bdd-3f4e4dacb998 (type: security_group_rules) to 0
2026-07-16 01:34:07.553 10 INFO neutron.db.ovn_revision_numbers_db [None req-7c38da69-3a0e-442d-87ac-23489f1b8c34 29d14dd939754b85979cfe1d34dd13de 274dee4bc0da41bc83d38e3111c0f076 - - default default] Successfully bumped revision number for resource 07b47426-0363-48f4-a0b9-0489cdf9bc51 (type: subnets) to 0
2026-07-16 01:34:07.560 9 INFO neutron.db.ovn_revision_numbers_db [None req-7d058efe-d7f0-4bc8-87e8-823db7f2d835 aebcedcff20c457291440065da7345cd 9b85c30888df47f6a1ec67dd7aab8cb1 - - default default] Successfully bumped revision number for resource 1996703c-15d7-4518-ad4e-3a45b12ce883 (type: floatingips) to 1
2026-07-16 01:34:07.570 10 INFO neutron.wsgi [None req-7c38da69-3a0e-442d-87ac-23489f1b8c34 29d14dd939754b85979cfe1d34dd13de 274dee4bc0da41bc83d38e3111c0f076 - - default default] 10.0.0.125 "POST /v2.0/subnets HTTP/1.1" status: 201 len: 821 time: 0.3249803
2026-07-16 01:34:07.573 10 INFO neutron.db.ovn_revision_numbers_db [None req-98fa65a2-0e61-4cd3-a0be-4c68ee8f66aa d820dc69025e459489f1f963b7dcb981 6a2907b7dded4e32bb1f33dd1010ea75 - - default default] Successfully bumped revision number for resource 8ae2e4b4-c833-4d6d-893f-9a61ceb633db (type: security_group_rules) to 0 /var/lib/openstack/lib/python3.10/site-packages/pycadf/identifier.py:71: UserWarning: Invalid uuid: neutron. To ensure interoperability, identifiers should be a valid uuid. warnings.warn(('Invalid uuid: %s. To ensure interoperability, '
2026-07-16 01:34:07.595 10 INFO neutron.db.ovn_revision_numbers_db [None req-98fa65a2-0e61-4cd3-a0be-4c68ee8f66aa d820dc69025e459489f1f963b7dcb981 6a2907b7dded4e32bb1f33dd1010ea75 - - default default] Successfully bumped revision number for resource ca5ec9f9-8afe-4d4d-9b5f-76136d17db63 (type: security_group_rules) to 0
2026-07-16 01:34:07.619 10 INFO neutron.wsgi [None req-98fa65a2-0e61-4cd3-a0be-4c68ee8f66aa d820dc69025e459489f1f963b7dcb981 6a2907b7dded4e32bb1f33dd1010ea75 - - default default] 10.0.0.125 "GET /v2.0/security-groups?tenant_id=b196d096ba13426f86eda9a3ea9b6266&name=default HTTP/1.1" status: 200 len: 2996 time: 0.5204680
2026-07-16 01:34:07.691 9 INFO neutron.db.ovn_revision_numbers_db [None req-7d058efe-d7f0-4bc8-87e8-823db7f2d835 aebcedcff20c457291440065da7345cd 9b85c30888df47f6a1ec67dd7aab8cb1 - - default default] Successfully bumped revision number for resource 1996703c-15d7-4518-ad4e-3a45b12ce883 (type: floatingips) to 2
2026-07-16 01:34:07.733 9 INFO neutron.wsgi [None req-7d058efe-d7f0-4bc8-87e8-823db7f2d835 aebcedcff20c457291440065da7345cd 9b85c30888df47f6a1ec67dd7aab8cb1 - - default default] 10.0.0.125 "PUT /v2.0/floatingips/1996703c-15d7-4518-ad4e-3a45b12ce883 HTTP/1.1" status: 200 len: 1050 time: 0.6079390
2026-07-16 01:34:07.750 10 INFO neutron.db.ovn_revision_numbers_db [None req-021d3a9b-772a-40d4-88fa-baa2a74bffa3 29d14dd939754b85979cfe1d34dd13de 274dee4bc0da41bc83d38e3111c0f076 - - default default] Successfully bumped revision number for resource 6f3f218d-a8ad-4529-8748-e0322c12bbbf (type: routers) to 1
2026-07-16 01:34:07.767 10 INFO neutron.wsgi [None req-021d3a9b-772a-40d4-88fa-baa2a74bffa3 29d14dd939754b85979cfe1d34dd13de 274dee4bc0da41bc83d38e3111c0f076 - - default default] 10.0.0.125 "POST /v2.0/routers HTTP/1.1" status: 201 len: 691 time: 0.1929781
2026-07-16 01:34:07.786 9 INFO neutron.notifiers.nova [-] Nova event matching ['req-872050ee-23e7-4d87-9fd1-41645e15b6fd'] response: {'name': 'network-changed', 'server_uuid': '10217458-a04b-4ff7-9f51-67a008a9e92c', 'tag': '55f952b1-5318-4a54-aa6f-7f20577b58f4', 'status': 'completed', 'code': 200}
2026-07-16 01:34:07.851 10 INFO neutron.wsgi [req-e0a5a2d1-2254-4b59-92a5-0603c3bc4c3e req-c253bdff-ffdf-43a9-a3bf-287d4c6ba4f3 f2009d61f05c4ebfa692b82a4d8d0e5d bddf8de969774b3bbb48bd698541de3e - - 77a314461d9143cd92d4acfd3cd81ae8 77a314461d9143cd92d4acfd3cd81ae8] 199.204.45.53 "GET /v2.0/ports?tenant_id=9b85c30888df47f6a1ec67dd7aab8cb1&device_id=10217458-a04b-4ff7-9f51-67a008a9e92c HTTP/1.1" status: 200 len: 1413 time: 0.0441346
2026-07-16 01:34:07.882 9 INFO neutron.wsgi [None req-cb9279ca-54e7-4393-97ff-5722fb45ffc8 d820dc69025e459489f1f963b7dcb981 6a2907b7dded4e32bb1f33dd1010ea75 - - default default] 10.0.0.125 "DELETE /v2.0/security-groups/52c91378-6b70-4623-8a52-bd81d963076f HTTP/1.1" status: 204 len: 168 time: 0.2576730
2026-07-16 01:34:07.930 10 INFO neutron.wsgi [req-e0a5a2d1-2254-4b59-92a5-0603c3bc4c3e req-4973b3a1-7261-4f4d-bca2-708a620f193b f2009d61f05c4ebfa692b82a4d8d0e5d bddf8de969774b3bbb48bd698541de3e - - 77a314461d9143cd92d4acfd3cd81ae8 77a314461d9143cd92d4acfd3cd81ae8] 199.204.45.53 "GET /v2.0/networks?id=24a0cb41-a695-4ebf-8518-ecdccb760df1 HTTP/1.1" status: 200 len: 973 time: 0.0710654
2026-07-16 01:34:08.000 10 INFO neutron.wsgi [req-e0a5a2d1-2254-4b59-92a5-0603c3bc4c3e req-de9c65fa-beaf-4c7e-8847-3e9d99853524 f2009d61f05c4ebfa692b82a4d8d0e5d bddf8de969774b3bbb48bd698541de3e - - 77a314461d9143cd92d4acfd3cd81ae8 77a314461d9143cd92d4acfd3cd81ae8] 199.204.45.53 "GET /v2.0/floatingips?fixed_ip_address=10.100.0.10&port_id=55f952b1-5318-4a54-aa6f-7f20577b58f4 HTTP/1.1" status: 200 len: 1060 time: 0.0572948
2026-07-16 01:34:08.049 10 INFO neutron.wsgi [req-e0a5a2d1-2254-4b59-92a5-0603c3bc4c3e req-c2b37199-7341-4e20-810b-90a06cc19dd3 f2009d61f05c4ebfa692b82a4d8d0e5d bddf8de969774b3bbb48bd698541de3e - - 77a314461d9143cd92d4acfd3cd81ae8 77a314461d9143cd92d4acfd3cd81ae8] 199.204.45.53 "GET /v2.0/subnets?id=26513bc8-133b-4509-b4a4-1c4b58fa0558 HTTP/1.1" status: 200 len: 868 time: 0.0415730
2026-07-16 01:34:08.083 10 INFO neutron.wsgi [req-e0a5a2d1-2254-4b59-92a5-0603c3bc4c3e req-0806ce89-aabc-4882-9704-647f49b30a1f f2009d61f05c4ebfa692b82a4d8d0e5d bddf8de969774b3bbb48bd698541de3e - - 77a314461d9143cd92d4acfd3cd81ae8 77a314461d9143cd92d4acfd3cd81ae8] 199.204.45.53 "GET /v2.0/ports?network_id=24a0cb41-a695-4ebf-8518-ecdccb760df1&device_owner=network%3Adhcp HTTP/1.1" status: 200 len: 210 time: 0.0260630
2026-07-16 01:34:08.156 9 INFO neutron.wsgi [-] 10.0.0.220 "GET / HTTP/1.1" status: 200 len: 247 time: 0.0028098
2026-07-16 01:34:08.159 10 INFO neutron.wsgi [req-e0a5a2d1-2254-4b59-92a5-0603c3bc4c3e req-27ad917a-b46d-499f-9a9c-bcae419302b5 f2009d61f05c4ebfa692b82a4d8d0e5d bddf8de969774b3bbb48bd698541de3e - - 77a314461d9143cd92d4acfd3cd81ae8 77a314461d9143cd92d4acfd3cd81ae8] 199.204.45.53 "GET /v2.0/networks/24a0cb41-a695-4ebf-8518-ecdccb760df1?fields=segments HTTP/1.1" status: 200 len: 212 time: 0.0706542
2026-07-16 01:34:08.159 9 INFO neutron.wsgi [-] 10.0.0.220 "GET / HTTP/1.1" status: 200 len: 247 time: 0.0021632
2026-07-16 01:34:08.440 10 WARNING neutron.scheduler.dhcp_agent_scheduler [None req-7cbad7db-3b38-42cf-be72-eb83a9d271df 29d14dd939754b85979cfe1d34dd13de 274dee4bc0da41bc83d38e3111c0f076 - - default default] No more DHCP agents
2026-07-16 01:34:08.446 10 WARNING neutron.api.rpc.agentnotifiers.dhcp_rpc_agent_api [None req-7cbad7db-3b38-42cf-be72-eb83a9d271df 29d14dd939754b85979cfe1d34dd13de 274dee4bc0da41bc83d38e3111c0f076 - - default default] Unable to schedule network c83129e4-7da2-48e1-956b-c4d2c270a8b4: no agents available; will retry on subsequent port and subnet creation events.
2026-07-16 01:34:08.451 10 INFO neutron.wsgi [req-e0a5a2d1-2254-4b59-92a5-0603c3bc4c3e req-4d4c1948-7eaa-4cba-a7a9-a80a309afebf f2009d61f05c4ebfa692b82a4d8d0e5d bddf8de969774b3bbb48bd698541de3e - - 77a314461d9143cd92d4acfd3cd81ae8 77a314461d9143cd92d4acfd3cd81ae8] 199.204.45.53 "GET /v2.0/networks/24a0cb41-a695-4ebf-8518-ecdccb760df1?fields=provider%3Aphysical_network&fields=provider%3Anetwork_type HTTP/1.1" status: 200 len: 277 time: 0.2804778
2026-07-16 01:34:08.592 10 INFO neutron.db.ovn_revision_numbers_db [None req-7cbad7db-3b38-42cf-be72-eb83a9d271df 29d14dd939754b85979cfe1d34dd13de 274dee4bc0da41bc83d38e3111c0f076 - - default default] Successfully bumped revision number for resource 610daf1c-d7c6-4305-9e95-7cba33487b23 (type: ports) to 1
2026-07-16 01:34:08.619 10 INFO neutron.wsgi [None req-7cbad7db-3b38-42cf-be72-eb83a9d271df 29d14dd939754b85979cfe1d34dd13de 274dee4bc0da41bc83d38e3111c0f076 - - default default] 10.0.0.125 "POST /v2.0/ports HTTP/1.1" status: 201 len: 1163 time: 0.8430252 /var/lib/openstack/lib/python3.10/site-packages/pycadf/identifier.py:71: UserWarning: Invalid uuid: neutron. To ensure interoperability, identifiers should be a valid uuid. warnings.warn(('Invalid uuid: %s. To ensure interoperability, '
2026-07-16 01:34:08.734 9 WARNING neutron.plugins.ml2.drivers.ovn.mech_driver.ovsdb.ovn_client [None req-6c2ac208-0920-445d-b3fb-a8ba9fc3c2ef - - - - - -] No port found with ID 2661ea1b-8625-4e11-9c92-f70a4c24da67: RuntimeError: No port found with ID 2661ea1b-8625-4e11-9c92-f70a4c24da67
2026-07-16 01:34:09.183 9 INFO neutron.plugins.ml2.drivers.ovn.mech_driver.mech_driver [None req-6c2ac208-0920-445d-b3fb-a8ba9fc3c2ef - - - - - -] OVN reports status up for port: 610daf1c-d7c6-4305-9e95-7cba33487b23
2026-07-16 01:34:09.192 9 INFO neutron.plugins.ml2.plugin [None req-6c2ac208-0920-445d-b3fb-a8ba9fc3c2ef - - - - - -] Attempt 1 to provision port 610daf1c-d7c6-4305-9e95-7cba33487b23
2026-07-16 01:34:09.213 10 INFO neutron.db.ovn_revision_numbers_db [None req-cc11936f-79cb-498c-a280-9bf82417600b 29d14dd939754b85979cfe1d34dd13de 274dee4bc0da41bc83d38e3111c0f076 - - default default] Successfully bumped revision number for resource 610daf1c-d7c6-4305-9e95-7cba33487b23 (type: router_ports) to 2
2026-07-16 01:34:09.352 10 INFO neutron.db.ovn_revision_numbers_db [None req-cc11936f-79cb-498c-a280-9bf82417600b 29d14dd939754b85979cfe1d34dd13de 274dee4bc0da41bc83d38e3111c0f076 - - default default] Successfully bumped revision number for resource 610daf1c-d7c6-4305-9e95-7cba33487b23 (type: ports) to 2
2026-07-16 01:34:09.402 9 INFO neutron.db.ovn_revision_numbers_db [None req-941ba545-6a9d-4c5c-a4a1-52eec3304898 d820dc69025e459489f1f963b7dcb981 6a2907b7dded4e32bb1f33dd1010ea75 - - default default] Successfully bumped revision number for resource ac7c7a64-4998-483c-a1a1-2fc5a38c4cab (type: security_groups) to 1
2026-07-16 01:34:09.427 9 INFO neutron.db.ovn_revision_numbers_db [None req-941ba545-6a9d-4c5c-a4a1-52eec3304898 d820dc69025e459489f1f963b7dcb981 6a2907b7dded4e32bb1f33dd1010ea75 - - default default] Successfully bumped revision number for resource 14087e42-c019-4bdc-9541-c77be04e4ed9 (type: security_group_rules) to 0
2026-07-16 01:34:09.458 9 INFO neutron.db.ovn_revision_numbers_db [None req-941ba545-6a9d-4c5c-a4a1-52eec3304898 d820dc69025e459489f1f963b7dcb981 6a2907b7dded4e32bb1f33dd1010ea75 - - default default] Successfully bumped revision number for resource ad6c2c82-779d-4a17-bc1d-02d1b9985105 (type: security_group_rules) to 0
2026-07-16 01:34:09.484 9 INFO neutron.db.ovn_revision_numbers_db [None req-941ba545-6a9d-4c5c-a4a1-52eec3304898 d820dc69025e459489f1f963b7dcb981 6a2907b7dded4e32bb1f33dd1010ea75 - - default default] Successfully bumped revision number for resource ccaa18a6-e4d9-4e4d-b3d2-3f8176f6023b (type: security_group_rules) to 0
2026-07-16 01:34:09.507 9 INFO neutron.db.ovn_revision_numbers_db [None req-941ba545-6a9d-4c5c-a4a1-52eec3304898 d820dc69025e459489f1f963b7dcb981 6a2907b7dded4e32bb1f33dd1010ea75 - - default default] Successfully bumped revision number for resource f7c08b3f-03b9-4129-b831-ad1bbb76fb73 (type: security_group_rules) to 0
2026-07-16 01:34:09.552 9 INFO neutron.wsgi [None req-941ba545-6a9d-4c5c-a4a1-52eec3304898 d820dc69025e459489f1f963b7dcb981 6a2907b7dded4e32bb1f33dd1010ea75 - - default default] 10.0.0.125 "GET /v2.0/security-groups?tenant_id=79f1c94906034db3880becc82cb93ece&name=default HTTP/1.1" status: 200 len: 2996 time: 0.4825711 /var/lib/openstack/lib/python3.10/site-packages/pycadf/identifier.py:71: UserWarning: Invalid uuid: neutron. To ensure interoperability, identifiers should be a valid uuid. warnings.warn(('Invalid uuid: %s. To ensure interoperability, '
2026-07-16 01:34:09.576 9 INFO neutron.db.ovn_revision_numbers_db [None req-6c2ac208-0920-445d-b3fb-a8ba9fc3c2ef - - - - - -] Successfully bumped revision number for resource 610daf1c-d7c6-4305-9e95-7cba33487b23 (type: ports) to 3
2026-07-16 01:34:09.716 9 INFO neutron.db.ovn_revision_numbers_db [None req-6c2ac208-0920-445d-b3fb-a8ba9fc3c2ef - - - - - -] Successfully bumped revision number for resource 610daf1c-d7c6-4305-9e95-7cba33487b23 (type: router_ports) to 3 /var/lib/openstack/lib/python3.10/site-packages/pycadf/identifier.py:71: UserWarning: Invalid uuid: neutron. To ensure interoperability, identifiers should be a valid uuid. warnings.warn(('Invalid uuid: %s. To ensure interoperability, '
2026-07-16 01:34:09.967 10 INFO neutron.wsgi [None req-2dd5a6f7-0513-4774-9069-9865beabd958 d820dc69025e459489f1f963b7dcb981 6a2907b7dded4e32bb1f33dd1010ea75 - - default default] 10.0.0.125 "DELETE /v2.0/security-groups/ac7c7a64-4998-483c-a1a1-2fc5a38c4cab HTTP/1.1" status: 204 len: 168 time: 0.4083507
2026-07-16 01:34:09.994 10 INFO neutron.db.ovn_revision_numbers_db [None req-cc11936f-79cb-498c-a280-9bf82417600b 29d14dd939754b85979cfe1d34dd13de 274dee4bc0da41bc83d38e3111c0f076 - - default default] Successfully bumped revision number for resource 610daf1c-d7c6-4305-9e95-7cba33487b23 (type: ports) to 3
2026-07-16 01:34:10.039 10 INFO neutron.db.ovn_revision_numbers_db [None req-09754434-03cf-495f-9404-a6f39a4c0912 d820dc69025e459489f1f963b7dcb981 6a2907b7dded4e32bb1f33dd1010ea75 - - default default] Successfully bumped revision number for resource f4980477-59a1-4d21-a83f-20ac1613c338 (type: security_groups) to 1
2026-07-16 01:34:10.062 10 INFO neutron.db.ovn_revision_numbers_db [None req-09754434-03cf-495f-9404-a6f39a4c0912 d820dc69025e459489f1f963b7dcb981 6a2907b7dded4e32bb1f33dd1010ea75 - - default default] Successfully bumped revision number for resource 20195212-9997-4cb7-acc7-b4728aafe33d (type: security_group_rules) to 0
2026-07-16 01:34:10.078 10 WARNING neutron.scheduler.dhcp_agent_scheduler [None req-cc11936f-79cb-498c-a280-9bf82417600b 29d14dd939754b85979cfe1d34dd13de 274dee4bc0da41bc83d38e3111c0f076 - - default default] No more DHCP agents
2026-07-16 01:34:10.079 10 INFO neutron.db.ovn_revision_numbers_db [None req-09754434-03cf-495f-9404-a6f39a4c0912 d820dc69025e459489f1f963b7dcb981 6a2907b7dded4e32bb1f33dd1010ea75 - - default default] Successfully bumped revision number for resource 22d21c8c-bfa2-4786-857b-a28c1030c913 (type: security_group_rules) to 0
2026-07-16 01:34:10.081 10 WARNING neutron.api.rpc.agentnotifiers.dhcp_rpc_agent_api [None req-cc11936f-79cb-498c-a280-9bf82417600b 29d14dd939754b85979cfe1d34dd13de 274dee4bc0da41bc83d38e3111c0f076 - - default default] Unable to schedule network c83129e4-7da2-48e1-956b-c4d2c270a8b4: no agents available; will retry on subsequent port and subnet creation events.
2026-07-16 01:34:10.110 10 INFO neutron.db.ovn_revision_numbers_db [None req-09754434-03cf-495f-9404-a6f39a4c0912 d820dc69025e459489f1f963b7dcb981 6a2907b7dded4e32bb1f33dd1010ea75 - - default default] Successfully bumped revision number for resource 295a39c4-2b97-4717-ac43-94116c76db62 (type: security_group_rules) to 0
2026-07-16 01:34:10.157 10 INFO neutron.db.ovn_revision_numbers_db [None req-09754434-03cf-495f-9404-a6f39a4c0912 d820dc69025e459489f1f963b7dcb981 6a2907b7dded4e32bb1f33dd1010ea75 - - default default] Successfully bumped revision number for resource 409cec0d-bf2c-4f5c-a060-5893a7bdda8c (type: security_group_rules) to 0
2026-07-16 01:34:10.216 10 INFO neutron.db.segments_db [None req-09754434-03cf-495f-9404-a6f39a4c0912 d820dc69025e459489f1f963b7dcb981 6a2907b7dded4e32bb1f33dd1010ea75 - - default default] Added segment 862435f0-33d2-40ba-85a1-05fac0fb68ac of type geneve for network 58015ae7-2822-4cbf-8766-ebfd8aca63d0
2026-07-16 01:34:10.315 10 INFO neutron.db.ovn_revision_numbers_db [None req-cc11936f-79cb-498c-a280-9bf82417600b 29d14dd939754b85979cfe1d34dd13de 274dee4bc0da41bc83d38e3111c0f076 - - default default] Successfully bumped revision number for resource 610daf1c-d7c6-4305-9e95-7cba33487b23 (type: router_ports) to 3
2026-07-16 01:34:10.317 10 INFO neutron.wsgi [None req-cc11936f-79cb-498c-a280-9bf82417600b 29d14dd939754b85979cfe1d34dd13de 274dee4bc0da41bc83d38e3111c0f076 - - default default] 10.0.0.125 "PUT /v2.0/routers/6f3f218d-a8ad-4529-8748-e0322c12bbbf/add_router_interface HTTP/1.1" status: 200 len: 503 time: 1.6848438 /var/lib/openstack/lib/python3.10/site-packages/pycadf/identifier.py:71: UserWarning: Invalid uuid: neutron. To ensure interoperability, identifiers should be a valid uuid. warnings.warn(('Invalid uuid: %s. To ensure interoperability, '
2026-07-16 01:34:10.365 10 INFO neutron.db.ovn_revision_numbers_db [None req-09754434-03cf-495f-9404-a6f39a4c0912 d820dc69025e459489f1f963b7dcb981 6a2907b7dded4e32bb1f33dd1010ea75 - - default default] Successfully bumped revision number for resource 58015ae7-2822-4cbf-8766-ebfd8aca63d0 (type: networks) to 1
2026-07-16 01:34:10.425 9 INFO neutron.wsgi [None req-39363216-3cb5-4935-8651-0235a24f8c6b 29d14dd939754b85979cfe1d34dd13de 274dee4bc0da41bc83d38e3111c0f076 - - default default] 10.0.0.125 "GET /v2.0/ports/610daf1c-d7c6-4305-9e95-7cba33487b23 HTTP/1.1" status: 200 len: 1221 time: 0.1012788
2026-07-16 01:34:10.497 10 WARNING neutron.scheduler.dhcp_agent_scheduler [None req-09754434-03cf-495f-9404-a6f39a4c0912 d820dc69025e459489f1f963b7dcb981 6a2907b7dded4e32bb1f33dd1010ea75 - - default default] No more DHCP agents
2026-07-16 01:34:10.501 10 WARNING neutron.api.rpc.agentnotifiers.dhcp_rpc_agent_api [None req-09754434-03cf-495f-9404-a6f39a4c0912 d820dc69025e459489f1f963b7dcb981 6a2907b7dded4e32bb1f33dd1010ea75 - - default default] Unable to schedule network 58015ae7-2822-4cbf-8766-ebfd8aca63d0: no agents available; will retry on subsequent port and subnet creation events.
2026-07-16 01:34:10.572 10 INFO neutron.db.ovn_revision_numbers_db [None req-09754434-03cf-495f-9404-a6f39a4c0912 d820dc69025e459489f1f963b7dcb981 6a2907b7dded4e32bb1f33dd1010ea75 - - default default] Successfully bumped revision number for resource 6b949924-d162-4441-b3bd-5c4c7728bc42 (type: ports) to 1
2026-07-16 01:34:10.591 10 INFO neutron.wsgi [None req-09754434-03cf-495f-9404-a6f39a4c0912 d820dc69025e459489f1f963b7dcb981 6a2907b7dded4e32bb1f33dd1010ea75 - - default default] 10.0.0.125 "POST /v2.0/networks HTTP/1.1" status: 201 len: 941 time: 0.8950479
2026-07-16 01:34:10.759 10 WARNING neutron.scheduler.dhcp_agent_scheduler [None req-b46e3673-323c-4f2c-9c6d-0654030601e4 d820dc69025e459489f1f963b7dcb981 6a2907b7dded4e32bb1f33dd1010ea75 - - default default] No more DHCP agents
2026-07-16 01:34:10.762 10 WARNING neutron.api.rpc.agentnotifiers.dhcp_rpc_agent_api [None req-b46e3673-323c-4f2c-9c6d-0654030601e4 d820dc69025e459489f1f963b7dcb981 6a2907b7dded4e32bb1f33dd1010ea75 - - default default] Unable to schedule network 58015ae7-2822-4cbf-8766-ebfd8aca63d0: no agents available; will retry on subsequent port and subnet creation events.
2026-07-16 01:34:11.022 9 INFO neutron.wsgi [None req-157e28e3-e3eb-41e7-b323-fd635f60e928 29d14dd939754b85979cfe1d34dd13de 274dee4bc0da41bc83d38e3111c0f076 - - default default] 10.0.0.125 "PUT /v2.0/routers/6f3f218d-a8ad-4529-8748-e0322c12bbbf/remove_router_interface HTTP/1.1" status: 200 len: 503 time: 0.5913782 /var/lib/openstack/lib/python3.10/site-packages/pycadf/identifier.py:71: UserWarning: Invalid uuid: neutron. To ensure interoperability, identifiers should be a valid uuid. warnings.warn(('Invalid uuid: %s. To ensure interoperability, '
2026-07-16 01:34:11.127 9 INFO neutron.api.v2.resource [None req-1b0ad0b1-3dc6-4e08-bf75-34b35559bdce 29d14dd939754b85979cfe1d34dd13de 274dee4bc0da41bc83d38e3111c0f076 - - default default] remove_router_interface failed (client error): The resource could not be found.
2026-07-16 01:34:11.129 9 INFO neutron.wsgi [None req-1b0ad0b1-3dc6-4e08-bf75-34b35559bdce 29d14dd939754b85979cfe1d34dd13de 274dee4bc0da41bc83d38e3111c0f076 - - default default] 10.0.0.125 "PUT /v2.0/routers/6f3f218d-a8ad-4529-8748-e0322c12bbbf/remove_router_interface HTTP/1.1" status: 404 len: 398 time: 0.1022243
2026-07-16 01:34:11.170 9 INFO neutron.wsgi [None req-a593b4cd-bcca-43c0-aaa3-638e1d757225 29d14dd939754b85979cfe1d34dd13de 274dee4bc0da41bc83d38e3111c0f076 - - default default] 10.0.0.125 "GET /v2.0/ports?device_id=6f3f218d-a8ad-4529-8748-e0322c12bbbf HTTP/1.1" status: 200 len: 205 time: 0.0313003
2026-07-16 01:34:11.277 10 INFO neutron.db.ovn_revision_numbers_db [None req-b46e3673-323c-4f2c-9c6d-0654030601e4 d820dc69025e459489f1f963b7dcb981 6a2907b7dded4e32bb1f33dd1010ea75 - - default default] Successfully bumped revision number for resource 6b949924-d162-4441-b3bd-5c4c7728bc42 (type: ports) to 2
2026-07-16 01:34:11.311 10 INFO neutron.db.ovn_revision_numbers_db [None req-b46e3673-323c-4f2c-9c6d-0654030601e4 d820dc69025e459489f1f963b7dcb981 6a2907b7dded4e32bb1f33dd1010ea75 - - default default] Successfully bumped revision number for resource 92a3c5ec-e026-4c0b-85aa-9b18fa33d81c (type: subnets) to 0
2026-07-16 01:34:11.326 10 INFO neutron.wsgi [None req-b46e3673-323c-4f2c-9c6d-0654030601e4 d820dc69025e459489f1f963b7dcb981 6a2907b7dded4e32bb1f33dd1010ea75 - - default default] 10.0.0.125 "POST /v2.0/subnets HTTP/1.1" status: 201 len: 862 time: 0.7294264
2026-07-16 01:34:11.383 9 INFO neutron.wsgi [None req-f63de4eb-b236-47da-a3fe-d9e6b62a630f 29d14dd939754b85979cfe1d34dd13de 274dee4bc0da41bc83d38e3111c0f076 - - default default] 10.0.0.125 "DELETE /v2.0/routers/6f3f218d-a8ad-4529-8748-e0322c12bbbf HTTP/1.1" status: 204 len: 168 time: 0.2077658
2026-07-16 01:34:11.781 9 INFO neutron.wsgi [None req-2e899280-176c-4860-bab1-f14889dcdd49 29d14dd939754b85979cfe1d34dd13de 274dee4bc0da41bc83d38e3111c0f076 - - default default] 10.0.0.125 "DELETE /v2.0/subnets/07b47426-0363-48f4-a0b9-0489cdf9bc51 HTTP/1.1" status: 204 len: 168 time: 0.3933303
2026-07-16 01:34:11.818 10 WARNING neutron.scheduler.dhcp_agent_scheduler [None req-55fb245c-317f-4679-9d3a-32acda503434 d820dc69025e459489f1f963b7dcb981 6a2907b7dded4e32bb1f33dd1010ea75 - - default default] No more DHCP agents
2026-07-16 01:34:11.821 10 WARNING neutron.api.rpc.agentnotifiers.dhcp_rpc_agent_api [None req-55fb245c-317f-4679-9d3a-32acda503434 d820dc69025e459489f1f963b7dcb981 6a2907b7dded4e32bb1f33dd1010ea75 - - default default] Unable to schedule network 41e2105a-107e-4de7-ab90-5ea035ee11ee: no agents available; will retry on subsequent port and subnet creation events.
2026-07-16 01:34:11.977 10 INFO neutron.db.ovn_revision_numbers_db [None req-55fb245c-317f-4679-9d3a-32acda503434 d820dc69025e459489f1f963b7dcb981 6a2907b7dded4e32bb1f33dd1010ea75 - - default default] Successfully bumped revision number for resource dfdc0526-e1eb-47d6-8f73-053b235b75a8 (type: ports) to 1
2026-07-16 01:34:11.998 10 INFO neutron.db.ovn_revision_numbers_db [None req-d599431e-c43f-4143-9354-e98938ba6148 d820dc69025e459489f1f963b7dcb981 6a2907b7dded4e32bb1f33dd1010ea75 - - default default] Successfully bumped revision number for resource fcb2003c-a356-4129-8299-064b52d7b37b (type: security_groups) to 1
2026-07-16 01:34:12.021 10 INFO neutron.db.ovn_revision_numbers_db [None req-d599431e-c43f-4143-9354-e98938ba6148 d820dc69025e459489f1f963b7dcb981 6a2907b7dded4e32bb1f33dd1010ea75 - - default default] Successfully bumped revision number for resource 03deb955-e22b-4e21-88fd-d4d19289966d (type: security_group_rules) to 0
2026-07-16 01:34:12.033 10 INFO neutron.db.ovn_revision_numbers_db [None req-d599431e-c43f-4143-9354-e98938ba6148 d820dc69025e459489f1f963b7dcb981 6a2907b7dded4e32bb1f33dd1010ea75 - - default default] Successfully bumped revision number for resource 10fb27e0-ca73-49b9-a599-29e0b9b713f2 (type: security_group_rules) to 0
2026-07-16 01:34:12.054 10 INFO neutron.db.ovn_revision_numbers_db [None req-d599431e-c43f-4143-9354-e98938ba6148 d820dc69025e459489f1f963b7dcb981 6a2907b7dded4e32bb1f33dd1010ea75 - - default default] Successfully bumped revision number for resource 4192907e-49de-4d75-be0d-13bc1ddabd6b (type: security_group_rules) to 0
2026-07-16 01:34:12.078 10 INFO neutron.db.ovn_revision_numbers_db [None req-d599431e-c43f-4143-9354-e98938ba6148 d820dc69025e459489f1f963b7dcb981 6a2907b7dded4e32bb1f33dd1010ea75 - - default default] Successfully bumped revision number for resource d257b47f-3a5b-417e-b08c-e2d81baf94c5 (type: security_group_rules) to 0
2026-07-16 01:34:12.115 9 INFO neutron.services.segments.plugin [-] Segment 1e3c5fc2-2803-49c4-8f32-9db4e262e966 resource provider aggregate not found
2026-07-16 01:34:12.120 9 INFO neutron.services.segments.plugin [-] Segment 1e3c5fc2-2803-49c4-8f32-9db4e262e966 resource provider aggregate not found
2026-07-16 01:34:12.135 9 INFO neutron.services.segments.plugin [-] Segment 1e3c5fc2-2803-49c4-8f32-9db4e262e966 resource provider not found; error: Placement Client Error (4xx): {"errors": [{"status": 404, "title": "Not Found", "detail": "The resource could not be found.\n\n No resource provider with uuid 1e3c5fc2-2803-49c4-8f32-9db4e262e966 found for delete ", "request_id": "req-8d016490-6a5b-4559-b20f-7bf3a3b55bc4"}]}
2026-07-16 01:34:12.136 10 INFO neutron.db.segments_db [None req-d599431e-c43f-4143-9354-e98938ba6148 d820dc69025e459489f1f963b7dcb981 6a2907b7dded4e32bb1f33dd1010ea75 - - default default] Added segment 06ce9873-9b8f-4f9a-b744-5f422347df40 of type geneve for network a9994aa2-05a2-4122-abaa-902e13c3cee4
2026-07-16 01:34:12.136 9 INFO neutron.services.segments.plugin [-] Segment 1e3c5fc2-2803-49c4-8f32-9db4e262e966 resource provider not found; error: Placement Client Error (4xx): {"errors": [{"status": 404, "title": "Not Found", "detail": "The resource could not be found.\n\n No resource provider with uuid 1e3c5fc2-2803-49c4-8f32-9db4e262e966 found for delete ", "request_id": "req-9a629d87-742c-47c9-9836-daf4e4befc6f"}]}
2026-07-16 01:34:12.157 9 INFO neutron.wsgi [None req-8ba51fe5-048d-419e-a519-5e8c7b12e4f8 29d14dd939754b85979cfe1d34dd13de 274dee4bc0da41bc83d38e3111c0f076 - - default default] 10.0.0.125 "DELETE /v2.0/networks/c83129e4-7da2-48e1-956b-c4d2c270a8b4 HTTP/1.1" status: 204 len: 168 time: 0.3718190
2026-07-16 01:34:12.252 9 INFO neutron.db.segments_db [None req-f6ad6bae-25ec-45c7-b7f0-a3d6e5bc1984 29d14dd939754b85979cfe1d34dd13de 274dee4bc0da41bc83d38e3111c0f076 - - default default] Added segment 59681172-12d0-4f9f-bc28-bba93991d15d of type geneve for network acfb4d56-5413-48c3-9a7a-537e2bcbe8b0
2026-07-16 01:34:12.389 9 INFO neutron.db.ovn_revision_numbers_db [None req-f6ad6bae-25ec-45c7-b7f0-a3d6e5bc1984 29d14dd939754b85979cfe1d34dd13de 274dee4bc0da41bc83d38e3111c0f076 - - default default] Successfully bumped revision number for resource acfb4d56-5413-48c3-9a7a-537e2bcbe8b0 (type: networks) to 1
2026-07-16 01:34:12.483 10 INFO neutron.db.ovn_revision_numbers_db [None req-d599431e-c43f-4143-9354-e98938ba6148 d820dc69025e459489f1f963b7dcb981 6a2907b7dded4e32bb1f33dd1010ea75 - - default default] Successfully bumped revision number for resource a9994aa2-05a2-4122-abaa-902e13c3cee4 (type: networks) to 1
2026-07-16 01:34:12.531 9 WARNING neutron.scheduler.dhcp_agent_scheduler [None req-f6ad6bae-25ec-45c7-b7f0-a3d6e5bc1984 29d14dd939754b85979cfe1d34dd13de 274dee4bc0da41bc83d38e3111c0f076 - - default default] No more DHCP agents
