2026-07-16 01:37:43.471 10 WARNING neutron.api.rpc.agentnotifiers.dhcp_rpc_agent_api [None req-a9ca8714-16fa-4a65-a63a-6edb1f85b357 ed36ad6553b04a42b2c565ff6783a0b8 32a87ce694a444b59f62b8f8075433ff - - default default] Unable to schedule network 0506c08d-0a2d-4dec-88db-0e36f6a3e466: no agents available; will retry on subsequent port and subnet creation events.
2026-07-16 01:37:43.551 10 INFO neutron.db.ovn_revision_numbers_db [None req-a9ca8714-16fa-4a65-a63a-6edb1f85b357 ed36ad6553b04a42b2c565ff6783a0b8 32a87ce694a444b59f62b8f8075433ff - - default default] Successfully bumped revision number for resource d7d6934f-e965-4433-a41e-1e578f20870d (type: ports) to 1
2026-07-16 01:37:43.572 10 INFO neutron.wsgi [None req-a9ca8714-16fa-4a65-a63a-6edb1f85b357 ed36ad6553b04a42b2c565ff6783a0b8 32a87ce694a444b59f62b8f8075433ff - - default default] 10.0.0.125 "POST /v2.0/networks HTTP/1.1" status: 201 len: 831 time: 0.8185167
2026-07-16 01:37:43.852 9 WARNING neutron.scheduler.dhcp_agent_scheduler [None req-14a5af3d-aa83-4fdd-bd02-a8b14d2bd4ab ed36ad6553b04a42b2c565ff6783a0b8 32a87ce694a444b59f62b8f8075433ff - - default default] No more DHCP agents
2026-07-16 01:37:43.855 9 WARNING neutron.api.rpc.agentnotifiers.dhcp_rpc_agent_api [None req-14a5af3d-aa83-4fdd-bd02-a8b14d2bd4ab ed36ad6553b04a42b2c565ff6783a0b8 32a87ce694a444b59f62b8f8075433ff - - default default] Unable to schedule network 0506c08d-0a2d-4dec-88db-0e36f6a3e466: no agents available; will retry on subsequent port and subnet creation events.
2026-07-16 01:37:43.938 9 INFO neutron.db.ovn_revision_numbers_db [None req-14a5af3d-aa83-4fdd-bd02-a8b14d2bd4ab ed36ad6553b04a42b2c565ff6783a0b8 32a87ce694a444b59f62b8f8075433ff - - default default] Successfully bumped revision number for resource cf133d73-2514-4af5-aec4-cf04ba5bf80c (type: ports) to 1
2026-07-16 01:37:43.961 9 INFO neutron.wsgi [None req-14a5af3d-aa83-4fdd-bd02-a8b14d2bd4ab ed36ad6553b04a42b2c565ff6783a0b8 32a87ce694a444b59f62b8f8075433ff - - default default] 10.0.0.125 "POST /v2.0/ports HTTP/1.1" status: 201 len: 942 time: 0.3834546 /var/lib/openstack/lib/python3.10/site-packages/pycadf/identifier.py:71: UserWarning: Invalid uuid: neutron. To ensure interoperability, identifiers should be a valid uuid. warnings.warn(('Invalid uuid: %s. To ensure interoperability, '
2026-07-16 01:37:44.009 9 INFO neutron.wsgi [None req-5005061d-9dc6-41be-b004-3d9361bc8b32 ed36ad6553b04a42b2c565ff6783a0b8 32a87ce694a444b59f62b8f8075433ff - - default default] 10.0.0.125 "PUT /v2.0/ports/cf133d73-2514-4af5-aec4-cf04ba5bf80c/tags HTTP/1.1" status: 200 len: 218 time: 0.0426006
2026-07-16 01:37:44.046 9 INFO neutron.wsgi [None req-6581db8e-7cff-4e88-8930-ae8a5e966249 ed36ad6553b04a42b2c565ff6783a0b8 32a87ce694a444b59f62b8f8075433ff - - default default] 10.0.0.125 "GET /v2.0/ports/cf133d73-2514-4af5-aec4-cf04ba5bf80c/tags HTTP/1.1" status: 200 len: 218 time: 0.0278318
2026-07-16 01:37:44.094 10 INFO neutron.wsgi [None req-d7db1cda-8b1e-49e6-9b37-75b035a3348f ed36ad6553b04a42b2c565ff6783a0b8 32a87ce694a444b59f62b8f8075433ff - - default default] 10.0.0.125 "PUT /v2.0/ports/cf133d73-2514-4af5-aec4-cf04ba5bf80c/tags/green HTTP/1.1" status: 201 len: 201 time: 0.0420029
2026-07-16 01:37:44.128 9 INFO neutron.wsgi [None req-ba22f3a9-8326-4952-8ffa-9e5bde1f0ba9 ed36ad6553b04a42b2c565ff6783a0b8 32a87ce694a444b59f62b8f8075433ff - - default default] 10.0.0.125 "GET /v2.0/ports/cf133d73-2514-4af5-aec4-cf04ba5bf80c/tags HTTP/1.1" status: 200 len: 227 time: 0.0294747
2026-07-16 01:37:44.163 9 INFO neutron.wsgi [None req-cb82a7c0-1ad2-4170-a878-ae5f356af9ed ed36ad6553b04a42b2c565ff6783a0b8 32a87ce694a444b59f62b8f8075433ff - - default default] 10.0.0.125 "PUT /v2.0/ports/cf133d73-2514-4af5-aec4-cf04ba5bf80c/tags/red HTTP/1.1" status: 201 len: 201 time: 0.0302837
2026-07-16 01:37:44.204 9 INFO neutron.wsgi [None req-14c8945e-b7bb-4a3d-8cea-6eec0ffaba1f ed36ad6553b04a42b2c565ff6783a0b8 32a87ce694a444b59f62b8f8075433ff - - default default] 10.0.0.125 "GET /v2.0/ports/cf133d73-2514-4af5-aec4-cf04ba5bf80c/tags HTTP/1.1" status: 200 len: 227 time: 0.0355406
2026-07-16 01:37:44.254 9 INFO neutron.wsgi [None req-84b3756e-4c62-4d0f-be19-72c7ea6e0010 ed36ad6553b04a42b2c565ff6783a0b8 32a87ce694a444b59f62b8f8075433ff - - default default] 10.0.0.125 "PUT /v2.0/ports/cf133d73-2514-4af5-aec4-cf04ba5bf80c/tags/black.or.white HTTP/1.1" status: 201 len: 201 time: 0.0426238
2026-07-16 01:37:44.287 9 INFO neutron.wsgi [None req-5967870c-d5c3-4cde-84c3-a23dcce0e2cb ed36ad6553b04a42b2c565ff6783a0b8 32a87ce694a444b59f62b8f8075433ff - - default default] 10.0.0.125 "GET /v2.0/ports/cf133d73-2514-4af5-aec4-cf04ba5bf80c/tags HTTP/1.1" status: 200 len: 245 time: 0.0279760
2026-07-16 01:37:44.335 10 INFO neutron.wsgi [None req-06852dfb-5a4e-4326-bff4-62c8bc716d19 ed36ad6553b04a42b2c565ff6783a0b8 32a87ce694a444b59f62b8f8075433ff - - default default] 10.0.0.125 "PUT /v2.0/ports/cf133d73-2514-4af5-aec4-cf04ba5bf80c/tags HTTP/1.1" status: 200 len: 230 time: 0.0425460
2026-07-16 01:37:44.368 10 INFO neutron.wsgi [None req-a9a819ab-ce78-493f-9122-6321a01a072e ed36ad6553b04a42b2c565ff6783a0b8 32a87ce694a444b59f62b8f8075433ff - - default default] 10.0.0.125 "GET /v2.0/ports/cf133d73-2514-4af5-aec4-cf04ba5bf80c/tags HTTP/1.1" status: 200 len: 230 time: 0.0280437
2026-07-16 01:37:44.402 10 INFO neutron.wsgi [None req-c409a488-4a70-4e38-b5e0-9f9fa2285121 ed36ad6553b04a42b2c565ff6783a0b8 32a87ce694a444b59f62b8f8075433ff - - default default] 10.0.0.125 "GET /v2.0/ports/cf133d73-2514-4af5-aec4-cf04ba5bf80c/tags/red HTTP/1.1" status: 204 len: 168 time: 0.0287571
2026-07-16 01:37:44.434 10 INFO neutron.api.v2.resource [None req-68a4d10f-fcee-4288-8874-7bcfcc671d69 ed36ad6553b04a42b2c565ff6783a0b8 32a87ce694a444b59f62b8f8075433ff - - default default] show failed (client error): The resource could not be found.
2026-07-16 01:37:44.435 10 INFO neutron.wsgi [None req-68a4d10f-fcee-4288-8874-7bcfcc671d69 ed36ad6553b04a42b2c565ff6783a0b8 32a87ce694a444b59f62b8f8075433ff - - default default] 10.0.0.125 "GET /v2.0/ports/cf133d73-2514-4af5-aec4-cf04ba5bf80c/tags/green HTTP/1.1" status: 404 len: 299 time: 0.0293500
2026-07-16 01:37:44.495 10 INFO neutron.wsgi [None req-ece6d04a-cfb4-4151-a3aa-bc57ac685924 ed36ad6553b04a42b2c565ff6783a0b8 32a87ce694a444b59f62b8f8075433ff - - default default] 10.0.0.125 "DELETE /v2.0/ports/cf133d73-2514-4af5-aec4-cf04ba5bf80c/tags/red HTTP/1.1" status: 204 len: 168 time: 0.0552013
2026-07-16 01:37:44.524 10 INFO neutron.wsgi [None req-89c1c2ef-be1e-449e-ada5-563ba6434d17 ed36ad6553b04a42b2c565ff6783a0b8 32a87ce694a444b59f62b8f8075433ff - - default default] 10.0.0.125 "GET /v2.0/ports/cf133d73-2514-4af5-aec4-cf04ba5bf80c/tags HTTP/1.1" status: 200 len: 223 time: 0.0251374
2026-07-16 01:37:44.560 10 INFO neutron.api.v2.resource [None req-13c8b0ce-d592-45b2-97e4-1203e314e053 ed36ad6553b04a42b2c565ff6783a0b8 32a87ce694a444b59f62b8f8075433ff - - default default] delete failed (client error): The resource could not be found.
2026-07-16 01:37:44.562 10 INFO neutron.wsgi [None req-13c8b0ce-d592-45b2-97e4-1203e314e053 ed36ad6553b04a42b2c565ff6783a0b8 32a87ce694a444b59f62b8f8075433ff - - default default] 10.0.0.125 "DELETE /v2.0/ports/cf133d73-2514-4af5-aec4-cf04ba5bf80c/tags/green HTTP/1.1" status: 404 len: 299 time: 0.0328462
2026-07-16 01:37:44.604 10 INFO neutron.wsgi [None req-a52e6631-9a2e-42cf-9498-143df9f8bc06 ed36ad6553b04a42b2c565ff6783a0b8 32a87ce694a444b59f62b8f8075433ff - - default default] 10.0.0.125 "DELETE /v2.0/ports/cf133d73-2514-4af5-aec4-cf04ba5bf80c/tags HTTP/1.1" status: 204 len: 168 time: 0.0378921
2026-07-16 01:37:44.640 10 INFO neutron.wsgi [None req-a78ece59-ebcc-436e-9a65-68680e7579f6 ed36ad6553b04a42b2c565ff6783a0b8 32a87ce694a444b59f62b8f8075433ff - - default default] 10.0.0.125 "GET /v2.0/ports/cf133d73-2514-4af5-aec4-cf04ba5bf80c/tags HTTP/1.1" status: 200 len: 205 time: 0.0313258
2026-07-16 01:37:44.908 10 INFO neutron.wsgi [None req-9671a085-c268-4642-8548-258f6fb5c3cd ed36ad6553b04a42b2c565ff6783a0b8 32a87ce694a444b59f62b8f8075433ff - - default default] 10.0.0.125 "DELETE /v2.0/ports/cf133d73-2514-4af5-aec4-cf04ba5bf80c HTTP/1.1" status: 204 len: 168 time: 0.2626629
2026-07-16 01:37:45.240 10 INFO neutron.services.segments.plugin [-] Segment 8de31a7d-6cc6-477e-ac31-d437a15901d1 resource provider aggregate not found
2026-07-16 01:37:45.245 10 INFO neutron.services.segments.plugin [-] Segment 8de31a7d-6cc6-477e-ac31-d437a15901d1 resource provider aggregate not found
2026-07-16 01:37:45.261 10 INFO neutron.services.segments.plugin [-] Segment 8de31a7d-6cc6-477e-ac31-d437a15901d1 resource provider not found; error: Placement Client Error (4xx): {"errors": [{"status": 404, "title": "Not Found", "detail": "The resource could not be found.\n\n No resource provider with uuid 8de31a7d-6cc6-477e-ac31-d437a15901d1 found for delete ", "request_id": "req-ee831c56-2c53-4cdb-a13b-53d704cbf6ad"}]}
2026-07-16 01:37:45.265 10 INFO neutron.services.segments.plugin [-] Segment 8de31a7d-6cc6-477e-ac31-d437a15901d1 resource provider not found; error: Placement Client Error (4xx): {"errors": [{"status": 404, "title": "Not Found", "detail": "The resource could not be found.\n\n No resource provider with uuid 8de31a7d-6cc6-477e-ac31-d437a15901d1 found for delete ", "request_id": "req-f07a4161-2d95-4933-b967-9490d6c4dd94"}]}
2026-07-16 01:37:45.286 10 INFO neutron.wsgi [None req-a1f72535-d4d0-4e33-ab90-0985fb0764a4 ed36ad6553b04a42b2c565ff6783a0b8 32a87ce694a444b59f62b8f8075433ff - - default default] 10.0.0.125 "DELETE /v2.0/networks/0506c08d-0a2d-4dec-88db-0e36f6a3e466 HTTP/1.1" status: 204 len: 168 time: 0.3726275
2026-07-16 01:37:46.183 9 INFO neutron.db.ovn_revision_numbers_db [None req-96f74861-4cbc-407c-88b7-f8a44e61e352 d820dc69025e459489f1f963b7dcb981 6a2907b7dded4e32bb1f33dd1010ea75 - - default default] Successfully bumped revision number for resource 5b970e6c-ae7c-4e53-ae75-5819f6089d93 (type: security_groups) to 1
2026-07-16 01:37:46.199 9 INFO neutron.db.ovn_revision_numbers_db [None req-96f74861-4cbc-407c-88b7-f8a44e61e352 d820dc69025e459489f1f963b7dcb981 6a2907b7dded4e32bb1f33dd1010ea75 - - default default] Successfully bumped revision number for resource 6800dbbb-3af3-4a49-b9b5-dee09f2260a5 (type: security_group_rules) to 0
2026-07-16 01:37:46.219 9 INFO neutron.db.ovn_revision_numbers_db [None req-96f74861-4cbc-407c-88b7-f8a44e61e352 d820dc69025e459489f1f963b7dcb981 6a2907b7dded4e32bb1f33dd1010ea75 - - default default] Successfully bumped revision number for resource 7b025c96-3664-4306-9d80-0c09211a0e09 (type: security_group_rules) to 0
2026-07-16 01:37:46.258 9 INFO neutron.db.ovn_revision_numbers_db [None req-96f74861-4cbc-407c-88b7-f8a44e61e352 d820dc69025e459489f1f963b7dcb981 6a2907b7dded4e32bb1f33dd1010ea75 - - default default] Successfully bumped revision number for resource b27e616f-4b33-45b0-bd22-722e25c17c8b (type: security_group_rules) to 0
2026-07-16 01:37:46.275 9 INFO neutron.db.ovn_revision_numbers_db [None req-96f74861-4cbc-407c-88b7-f8a44e61e352 d820dc69025e459489f1f963b7dcb981 6a2907b7dded4e32bb1f33dd1010ea75 - - default default] Successfully bumped revision number for resource bcafb177-650a-4563-aa5d-f3fbd6917c36 (type: security_group_rules) to 0
2026-07-16 01:37:46.301 9 INFO neutron.wsgi [None req-96f74861-4cbc-407c-88b7-f8a44e61e352 d820dc69025e459489f1f963b7dcb981 6a2907b7dded4e32bb1f33dd1010ea75 - - default default] 10.0.0.125 "GET /v2.0/security-groups?tenant_id=2c0306dfd98d4c769e3986197e528c13&name=default HTTP/1.1" status: 200 len: 3000 time: 0.3601725
2026-07-16 01:37:46.494 10 INFO neutron.wsgi [None req-ad509212-a435-466c-8253-c4366db28a4d d820dc69025e459489f1f963b7dcb981 6a2907b7dded4e32bb1f33dd1010ea75 - - default default] 10.0.0.125 "DELETE /v2.0/security-groups/5b970e6c-ae7c-4e53-ae75-5819f6089d93 HTTP/1.1" status: 204 len: 168 time: 0.1881335
2026-07-16 01:37:46.625 10 INFO neutron.wsgi [None req-f777249f-2dec-489e-941d-d8b050956719 d820dc69025e459489f1f963b7dcb981 6a2907b7dded4e32bb1f33dd1010ea75 - - default default] 10.0.0.125 "GET /v2.0/security-groups?tenant_id=32a87ce694a444b59f62b8f8075433ff&name=default HTTP/1.1" status: 200 len: 3000 time: 0.0292788
2026-07-16 01:37:46.850 10 INFO neutron.wsgi [None req-75e6c037-58fb-4bfc-8033-ddd281fb7529 d820dc69025e459489f1f963b7dcb981 6a2907b7dded4e32bb1f33dd1010ea75 - - default default] 10.0.0.125 "DELETE /v2.0/security-groups/c1b424cb-6231-486f-9287-8c4e7b08eea8 HTTP/1.1" status: 204 len: 168 time: 0.2181928
2026-07-16 01:37:49.373 10 INFO neutron.wsgi [None req-d58f6960-9263-4a4a-8992-282c2bf6b779 d820dc69025e459489f1f963b7dcb981 6a2907b7dded4e32bb1f33dd1010ea75 - - default default] 10.0.0.198 "GET /v2.0/ports HTTP/1.1" status: 200 len: 19909 time: 0.2493784
2026-07-16 01:37:49.464 10 INFO neutron.wsgi [None req-43f528c9-d8b8-4387-8adf-3fb36a5b6448 d820dc69025e459489f1f963b7dcb981 6a2907b7dded4e32bb1f33dd1010ea75 - - default default] 10.0.0.198 "GET /v2.0/networks HTTP/1.1" status: 200 len: 4720 time: 0.0774999
2026-07-16 01:37:49.561 10 INFO neutron.wsgi [None req-c454794f-022b-4f11-9ff2-600ed265695b d820dc69025e459489f1f963b7dcb981 6a2907b7dded4e32bb1f33dd1010ea75 - - default default] 10.0.0.198 "GET /v2.0/security-groups HTTP/1.1" status: 200 len: 29088 time: 0.0873625
2026-07-16 01:37:49.609 10 INFO neutron.wsgi [None req-9679e9c6-4d05-4c3b-94f4-c86ffbfc3bc9 d820dc69025e459489f1f963b7dcb981 6a2907b7dded4e32bb1f33dd1010ea75 - - default default] 10.0.0.198 "GET /v2.0/subnets HTTP/1.1" status: 200 len: 5497 time: 0.0407825
2026-07-16 01:37:49.695 10 INFO neutron.wsgi [None req-79e656a1-d7b4-47bd-81d0-7a897b4ccc10 d820dc69025e459489f1f963b7dcb981 6a2907b7dded4e32bb1f33dd1010ea75 - - default default] 10.0.0.198 "GET /v2.0/routers HTTP/1.1" status: 200 len: 850 time: 0.0832939
2026-07-16 01:37:49.714 10 INFO neutron.wsgi [None req-ca30db4d-bd27-436b-a500-80d1dddaac7d d820dc69025e459489f1f963b7dcb981 6a2907b7dded4e32bb1f33dd1010ea75 - - default default] 10.0.0.198 "GET /v2.0/agents?binary=ovn-controller HTTP/1.1" status: 200 len: 591 time: 0.0159912
2026-07-16 01:37:49.735 10 INFO neutron.wsgi [None req-1b4c38ba-abc5-4b85-91c3-269a2b7b6529 d820dc69025e459489f1f963b7dcb981 6a2907b7dded4e32bb1f33dd1010ea75 - - default default] 10.0.0.198 "GET /v2.0/agents HTTP/1.1" status: 200 len: 997 time: 0.0194840
2026-07-16 01:37:49.759 10 INFO neutron.wsgi [None req-98da0b2b-77c1-415b-8ab1-a2dc8210b075 d820dc69025e459489f1f963b7dcb981 6a2907b7dded4e32bb1f33dd1010ea75 - - default default] 10.0.0.198 "GET /v2.0/network-ip-availabilities HTTP/1.1" status: 200 len: 3363 time: 0.0215662
2026-07-16 01:37:49.803 10 INFO neutron.wsgi [None req-b243c75f-5134-40cd-8688-bd10847c73f7 d820dc69025e459489f1f963b7dcb981 6a2907b7dded4e32bb1f33dd1010ea75 - - default default] 10.0.0.198 "GET /v2.0/floatingips HTTP/1.1" status: 200 len: 1879 time: 0.0432658
2026-07-16 01:37:49.846 10 INFO neutron.wsgi [None req-e8e6b2e7-1536-4069-a021-96a1f975eaaf d820dc69025e459489f1f963b7dcb981 6a2907b7dded4e32bb1f33dd1010ea75 - - default default] 10.0.0.198 "GET /v2.0/subnets HTTP/1.1" status: 200 len: 5497 time: 0.0411737
2026-07-16 01:37:49.858 10 INFO neutron.wsgi [None req-9045af07-6211-42c7-ae17-4526688d5c9f d820dc69025e459489f1f963b7dcb981 6a2907b7dded4e32bb1f33dd1010ea75 - - default default] 10.0.0.198 "GET /v2.0/subnetpools HTTP/1.1" status: 200 len: 193 time: 0.0095217
2026-07-16 01:37:50.134 10 INFO neutron.wsgi [None req-0ea4f3c7-59f8-4058-9e2b-902531c0a360 7ca9420ee2e24837b7dbd39a105f0eb1 ee201262498647a0a1e34d74437746f2 - - default default] 10.0.0.125 "POST /v2.0/qos/policies HTTP/1.1" status: 201 len: 558 time: 0.1511745
2026-07-16 01:37:50.164 10 INFO neutron.wsgi [None req-f7c0beca-07a4-41af-b1b4-3c0ee942abe8 7ca9420ee2e24837b7dbd39a105f0eb1 ee201262498647a0a1e34d74437746f2 - - default default] 10.0.0.125 "PUT /v2.0/policies/e327d9e7-381c-4e20-b236-d39be2df1f45/tags HTTP/1.1" status: 200 len: 218 time: 0.0250912
2026-07-16 01:37:50.182 10 INFO neutron.wsgi [None req-8d5c0ac5-96ad-4df8-ba5c-b4812594f6b6 7ca9420ee2e24837b7dbd39a105f0eb1 ee201262498647a0a1e34d74437746f2 - - default default] 10.0.0.125 "GET /v2.0/policies/e327d9e7-381c-4e20-b236-d39be2df1f45/tags HTTP/1.1" status: 200 len: 218 time: 0.0134575
2026-07-16 01:37:50.209 10 INFO neutron.wsgi [None req-d344d514-3e33-43e5-b2b7-fd29285a09ab 7ca9420ee2e24837b7dbd39a105f0eb1 ee201262498647a0a1e34d74437746f2 - - default default] 10.0.0.125 "PUT /v2.0/policies/e327d9e7-381c-4e20-b236-d39be2df1f45/tags/green HTTP/1.1" status: 201 len: 201 time: 0.0234816
2026-07-16 01:37:50.225 10 INFO neutron.wsgi [None req-696266d2-101f-434a-8fcf-bc78e20dc4c8 7ca9420ee2e24837b7dbd39a105f0eb1 ee201262498647a0a1e34d74437746f2 - - default default] 10.0.0.125 "GET /v2.0/policies/e327d9e7-381c-4e20-b236-d39be2df1f45/tags HTTP/1.1" status: 200 len: 227 time: 0.0110402
2026-07-16 01:37:50.240 10 INFO neutron.wsgi [None req-62ff69aa-f63a-49bc-9e94-e9d2eddb2ab5 7ca9420ee2e24837b7dbd39a105f0eb1 ee201262498647a0a1e34d74437746f2 - - default default] 10.0.0.125 "PUT /v2.0/policies/e327d9e7-381c-4e20-b236-d39be2df1f45/tags/red HTTP/1.1" status: 201 len: 201 time: 0.0111890
2026-07-16 01:37:50.258 10 INFO neutron.wsgi [None req-9456683b-48f1-4e65-a789-72243de8b748 7ca9420ee2e24837b7dbd39a105f0eb1 ee201262498647a0a1e34d74437746f2 - - default default] 10.0.0.125 "GET /v2.0/policies/e327d9e7-381c-4e20-b236-d39be2df1f45/tags HTTP/1.1" status: 200 len: 227 time: 0.0121830
2026-07-16 01:37:50.291 10 INFO neutron.wsgi [None req-92888f9b-af07-42ef-9001-79a091047625 7ca9420ee2e24837b7dbd39a105f0eb1 ee201262498647a0a1e34d74437746f2 - - default default] 10.0.0.125 "PUT /v2.0/policies/e327d9e7-381c-4e20-b236-d39be2df1f45/tags/black.or.white HTTP/1.1" status: 201 len: 201 time: 0.0273631
2026-07-16 01:37:50.311 10 INFO neutron.wsgi [None req-d13618c8-a4ce-47a8-aaee-0b46d2172bda 7ca9420ee2e24837b7dbd39a105f0eb1 ee201262498647a0a1e34d74437746f2 - - default default] 10.0.0.125 "GET /v2.0/policies/e327d9e7-381c-4e20-b236-d39be2df1f45/tags HTTP/1.1" status: 200 len: 245 time: 0.0138993
2026-07-16 01:37:50.351 10 INFO neutron.wsgi [None req-4b18d988-f9e5-4e5a-b0cc-16f577355994 7ca9420ee2e24837b7dbd39a105f0eb1 ee201262498647a0a1e34d74437746f2 - - default default] 10.0.0.125 "PUT /v2.0/policies/e327d9e7-381c-4e20-b236-d39be2df1f45/tags HTTP/1.1" status: 200 len: 230 time: 0.0341234
2026-07-16 01:37:50.367 10 INFO neutron.wsgi [None req-be775b0e-e0e4-414a-b81a-9715c38af73e 7ca9420ee2e24837b7dbd39a105f0eb1 ee201262498647a0a1e34d74437746f2 - - default default] 10.0.0.125 "GET /v2.0/policies/e327d9e7-381c-4e20-b236-d39be2df1f45/tags HTTP/1.1" status: 200 len: 230 time: 0.0113494
2026-07-16 01:37:50.387 10 INFO neutron.wsgi [None req-e02c7e42-3dbc-464c-8ff2-2d62e5d4c727 7ca9420ee2e24837b7dbd39a105f0eb1 ee201262498647a0a1e34d74437746f2 - - default default] 10.0.0.125 "GET /v2.0/policies/e327d9e7-381c-4e20-b236-d39be2df1f45/tags/red HTTP/1.1" status: 204 len: 168 time: 0.0140998
2026-07-16 01:37:50.406 10 INFO neutron.api.v2.resource [None req-28d2afbf-7f99-430a-818c-9736bbfdffc0 7ca9420ee2e24837b7dbd39a105f0eb1 ee201262498647a0a1e34d74437746f2 - - default default] show failed (client error): The resource could not be found.
2026-07-16 01:37:50.408 10 INFO neutron.wsgi [None req-28d2afbf-7f99-430a-818c-9736bbfdffc0 7ca9420ee2e24837b7dbd39a105f0eb1 ee201262498647a0a1e34d74437746f2 - - default default] 10.0.0.125 "GET /v2.0/policies/e327d9e7-381c-4e20-b236-d39be2df1f45/tags/green HTTP/1.1" status: 404 len: 299 time: 0.0165088
2026-07-16 01:37:50.437 10 INFO neutron.wsgi [None req-5638ddfb-48cf-44bf-9dad-dd672e634e43 7ca9420ee2e24837b7dbd39a105f0eb1 ee201262498647a0a1e34d74437746f2 - - default default] 10.0.0.125 "DELETE /v2.0/policies/e327d9e7-381c-4e20-b236-d39be2df1f45/tags/red HTTP/1.1" status: 204 len: 168 time: 0.0218608
2026-07-16 01:37:50.455 10 INFO neutron.wsgi [None req-47280856-7840-4364-ae59-43facd724c7f 7ca9420ee2e24837b7dbd39a105f0eb1 ee201262498647a0a1e34d74437746f2 - - default default] 10.0.0.125 "GET /v2.0/policies/e327d9e7-381c-4e20-b236-d39be2df1f45/tags HTTP/1.1" status: 200 len: 223 time: 0.0132790
2026-07-16 01:37:50.474 10 INFO neutron.api.v2.resource [None req-3f8d0c91-5661-4b40-9a8d-5e3aba0588fc 7ca9420ee2e24837b7dbd39a105f0eb1 ee201262498647a0a1e34d74437746f2 - - default default] delete failed (client error): The resource could not be found.
2026-07-16 01:37:50.475 10 INFO neutron.wsgi [None req-3f8d0c91-5661-4b40-9a8d-5e3aba0588fc 7ca9420ee2e24837b7dbd39a105f0eb1 ee201262498647a0a1e34d74437746f2 - - default default] 10.0.0.125 "DELETE /v2.0/policies/e327d9e7-381c-4e20-b236-d39be2df1f45/tags/green HTTP/1.1" status: 404 len: 299 time: 0.0142457
2026-07-16 01:37:50.506 10 INFO neutron.wsgi [None req-9a490a08-e521-4ce5-88b4-b02718daa01e 7ca9420ee2e24837b7dbd39a105f0eb1 ee201262498647a0a1e34d74437746f2 - - default default] 10.0.0.125 "DELETE /v2.0/policies/e327d9e7-381c-4e20-b236-d39be2df1f45/tags HTTP/1.1" status: 204 len: 168 time: 0.0257435
2026-07-16 01:37:50.528 10 INFO neutron.wsgi [None req-b8ea04c2-8792-470c-ad9c-e5265665efe8 7ca9420ee2e24837b7dbd39a105f0eb1 ee201262498647a0a1e34d74437746f2 - - default default] 10.0.0.125 "GET /v2.0/policies/e327d9e7-381c-4e20-b236-d39be2df1f45/tags HTTP/1.1" status: 200 len: 205 time: 0.0156143
2026-07-16 01:37:50.581 10 INFO neutron.wsgi [None req-27460dae-7998-4116-9164-871895879a95 7ca9420ee2e24837b7dbd39a105f0eb1 ee201262498647a0a1e34d74437746f2 - - default default] 10.0.0.125 "DELETE /v2.0/qos/policies/e327d9e7-381c-4e20-b236-d39be2df1f45 HTTP/1.1" status: 204 len: 168 time: 0.0444026
2026-07-16 01:37:51.454 10 INFO neutron.db.ovn_revision_numbers_db [None req-36680492-e8a9-45d8-aa52-73cb70c58b1c d820dc69025e459489f1f963b7dcb981 6a2907b7dded4e32bb1f33dd1010ea75 - - default default] Successfully bumped revision number for resource 4c90100d-01ee-4729-aca1-91fe9f784902 (type: security_groups) to 1
2026-07-16 01:37:51.467 10 INFO neutron.db.ovn_revision_numbers_db [None req-36680492-e8a9-45d8-aa52-73cb70c58b1c d820dc69025e459489f1f963b7dcb981 6a2907b7dded4e32bb1f33dd1010ea75 - - default default] Successfully bumped revision number for resource 300136e5-d0a9-471f-b38b-55b69a156cb4 (type: security_group_rules) to 0
2026-07-16 01:37:51.478 10 INFO neutron.db.ovn_revision_numbers_db [None req-36680492-e8a9-45d8-aa52-73cb70c58b1c d820dc69025e459489f1f963b7dcb981 6a2907b7dded4e32bb1f33dd1010ea75 - - default default] Successfully bumped revision number for resource b5dbc43d-935b-4801-807c-f4750f3e7408 (type: security_group_rules) to 0
2026-07-16 01:37:51.489 10 INFO neutron.db.ovn_revision_numbers_db [None req-36680492-e8a9-45d8-aa52-73cb70c58b1c d820dc69025e459489f1f963b7dcb981 6a2907b7dded4e32bb1f33dd1010ea75 - - default default] Successfully bumped revision number for resource b9d0b5c4-6972-4ff3-a0e1-313b9e9e44e7 (type: security_group_rules) to 0
2026-07-16 01:37:51.519 10 INFO neutron.db.ovn_revision_numbers_db [None req-36680492-e8a9-45d8-aa52-73cb70c58b1c d820dc69025e459489f1f963b7dcb981 6a2907b7dded4e32bb1f33dd1010ea75 - - default default] Successfully bumped revision number for resource d6af4874-00e9-4e7e-972e-d2461c6922a0 (type: security_group_rules) to 0
2026-07-16 01:37:51.545 10 INFO neutron.wsgi [None req-36680492-e8a9-45d8-aa52-73cb70c58b1c d820dc69025e459489f1f963b7dcb981 6a2907b7dded4e32bb1f33dd1010ea75 - - default default] 10.0.0.125 "GET /v2.0/security-groups?tenant_id=a36ee3e9eb50434c8ec94eb81ee851c9&name=default HTTP/1.1" status: 200 len: 3000 time: 0.3091965
2026-07-16 01:37:51.748 10 INFO neutron.wsgi [None req-c0aa8cea-ab03-4e3b-bfa1-12b3eb924032 d820dc69025e459489f1f963b7dcb981 6a2907b7dded4e32bb1f33dd1010ea75 - - default default] 10.0.0.125 "DELETE /v2.0/security-groups/4c90100d-01ee-4729-aca1-91fe9f784902 HTTP/1.1" status: 204 len: 168 time: 0.1986997
2026-07-16 01:37:51.956 10 INFO neutron.db.ovn_revision_numbers_db [None req-300aa36b-28b0-4284-8714-037cc929feea d820dc69025e459489f1f963b7dcb981 6a2907b7dded4e32bb1f33dd1010ea75 - - default default] Successfully bumped revision number for resource c07c33c2-2fb9-4876-9eb2-4f320d91286f (type: security_groups) to 1
2026-07-16 01:37:51.972 10 INFO neutron.db.ovn_revision_numbers_db [None req-300aa36b-28b0-4284-8714-037cc929feea d820dc69025e459489f1f963b7dcb981 6a2907b7dded4e32bb1f33dd1010ea75 - - default default] Successfully bumped revision number for resource a31d6f93-2a6d-4b54-ab72-e2239acb3d14 (type: security_group_rules) to 0
2026-07-16 01:37:51.991 10 INFO neutron.db.ovn_revision_numbers_db [None req-300aa36b-28b0-4284-8714-037cc929feea d820dc69025e459489f1f963b7dcb981 6a2907b7dded4e32bb1f33dd1010ea75 - - default default] Successfully bumped revision number for resource a5e41265-6b21-48c6-8db7-f415be904882 (type: security_group_rules) to 0
2026-07-16 01:37:52.006 10 INFO neutron.db.ovn_revision_numbers_db [None req-300aa36b-28b0-4284-8714-037cc929feea d820dc69025e459489f1f963b7dcb981 6a2907b7dded4e32bb1f33dd1010ea75 - - default default] Successfully bumped revision number for resource bd2385ec-adf6-46cd-9f19-7eaf3669a6f8 (type: security_group_rules) to 0
2026-07-16 01:37:52.021 10 INFO neutron.db.ovn_revision_numbers_db [None req-300aa36b-28b0-4284-8714-037cc929feea d820dc69025e459489f1f963b7dcb981 6a2907b7dded4e32bb1f33dd1010ea75 - - default default] Successfully bumped revision number for resource cce2ba81-6499-484b-9346-d36d637483d0 (type: security_group_rules) to 0
2026-07-16 01:37:52.041 10 INFO neutron.wsgi [None req-300aa36b-28b0-4284-8714-037cc929feea d820dc69025e459489f1f963b7dcb981 6a2907b7dded4e32bb1f33dd1010ea75 - - default default] 10.0.0.125 "GET /v2.0/security-groups?tenant_id=ee201262498647a0a1e34d74437746f2&name=default HTTP/1.1" status: 200 len: 3000 time: 0.1878250
2026-07-16 01:37:52.261 10 INFO neutron.wsgi [None req-0b0773ca-52b3-4fde-8b8e-03edfad3989c d820dc69025e459489f1f963b7dcb981 6a2907b7dded4e32bb1f33dd1010ea75 - - default default] 10.0.0.125 "DELETE /v2.0/security-groups/c07c33c2-2fb9-4876-9eb2-4f320d91286f HTTP/1.1" status: 204 len: 168 time: 0.2146549
2026-07-16 01:37:53.153 10 INFO neutron.wsgi [-] 10.0.0.220 "GET / HTTP/1.1" status: 200 len: 247 time: 0.0013425
2026-07-16 01:37:53.155 9 INFO neutron.wsgi [-] 10.0.0.220 "GET / HTTP/1.1" status: 200 len: 247 time: 0.0026262
2026-07-16 01:37:54.730 10 INFO neutron.wsgi [None req-d793b62e-e54f-4c52-a4ff-8b97ef6bceb7 d820dc69025e459489f1f963b7dcb981 6a2907b7dded4e32bb1f33dd1010ea75 - - default default] 199.204.45.53 "GET /v2.0/extensions/security-group HTTP/1.1" status: 200 len: 369 time: 0.0084713
2026-07-16 01:37:54.746 10 INFO neutron.wsgi [None req-0d202c88-8418-4257-ac15-6908c9bfa975 d820dc69025e459489f1f963b7dcb981 6a2907b7dded4e32bb1f33dd1010ea75 - - default default] 199.204.45.53 "GET /v2.0/extensions/dns-integration HTTP/1.1" status: 200 len: 371 time: 0.0080376
2026-07-16 01:37:54.758 10 INFO neutron.wsgi [None req-04bb6cc4-188e-4908-9778-adb79a08f695 d820dc69025e459489f1f963b7dcb981 6a2907b7dded4e32bb1f33dd1010ea75 - - default default] 199.204.45.53 "GET /v2.0/extensions/qos HTTP/1.1" status: 200 len: 365 time: 0.0037727
2026-07-16 01:37:54.767 10 INFO neutron.wsgi [None req-4c211839-b6d7-49cf-adaf-17b325c04700 d820dc69025e459489f1f963b7dcb981 6a2907b7dded4e32bb1f33dd1010ea75 - - default default] 199.204.45.53 "GET /v2.0/extensions/allowed-address-pairs HTTP/1.1" status: 200 len: 383 time: 0.0056829
2026-07-16 01:37:54.808 10 INFO neutron.wsgi [None req-32ce199c-9b79-43d8-8879-3f2c46b82a6a d820dc69025e459489f1f963b7dcb981 6a2907b7dded4e32bb1f33dd1010ea75 - - default default] 199.204.45.53 "GET /v2.0/subnets/1611223e-2752-4d34-9d4d-7227377e4655 HTTP/1.1" status: 200 len: 851 time: 0.0368297
2026-07-16 01:37:54.865 10 INFO neutron.wsgi [None req-8c09958b-b71e-4b28-a9f7-1d6612c894f9 d820dc69025e459489f1f963b7dcb981 6a2907b7dded4e32bb1f33dd1010ea75 - - default default] 199.204.45.53 "GET /v2.0/ports?device_id=c97163fb-9211-4943-8d5d-2340f71cde3a HTTP/1.1" status: 200 len: 1417 time: 0.0327921
2026-07-16 01:37:55.155 10 WARNING neutron.scheduler.dhcp_agent_scheduler [None req-28cd99be-ed11-4026-b8f1-d5549d960fc9 d820dc69025e459489f1f963b7dcb981 6a2907b7dded4e32bb1f33dd1010ea75 - - default default] No more DHCP agents
2026-07-16 01:37:55.157 10 WARNING neutron.api.rpc.agentnotifiers.dhcp_rpc_agent_api [None req-28cd99be-ed11-4026-b8f1-d5549d960fc9 d820dc69025e459489f1f963b7dcb981 6a2907b7dded4e32bb1f33dd1010ea75 - - default default] Unable to schedule network 01ba2485-e681-4234-bb87-6613515b62a1: no agents available; will retry on subsequent port and subnet creation events.
2026-07-16 01:37:55.326 10 INFO neutron.db.ovn_revision_numbers_db [None req-28cd99be-ed11-4026-b8f1-d5549d960fc9 d820dc69025e459489f1f963b7dcb981 6a2907b7dded4e32bb1f33dd1010ea75 - - default default] Successfully bumped revision number for resource c2248643-ad87-4631-96fd-cfdb1eb293e5 (type: ports) to 1
2026-07-16 01:37:55.345 10 INFO neutron.wsgi [None req-28cd99be-ed11-4026-b8f1-d5549d960fc9 d820dc69025e459489f1f963b7dcb981 6a2907b7dded4e32bb1f33dd1010ea75 - - default default] 199.204.45.53 "POST /v2.0/ports HTTP/1.1" status: 201 len: 1302 time: 0.4777331 /var/lib/openstack/lib/python3.10/site-packages/pycadf/identifier.py:71: UserWarning: Invalid uuid: neutron. To ensure interoperability, identifiers should be a valid uuid. warnings.warn(('Invalid uuid: %s. To ensure interoperability, '
2026-07-16 01:37:55.569 9 INFO neutron.wsgi [req-82957327-46e9-4d46-bc43-0c6c72a3a2b8 req-0cf5399b-1447-42d0-8cce-1dc6d42b7602 d820dc69025e459489f1f963b7dcb981 6a2907b7dded4e32bb1f33dd1010ea75 - - default default] 10.0.0.253 "GET /v2.0/ports/c2248643-ad87-4631-96fd-cfdb1eb293e5 HTTP/1.1" status: 200 len: 1297 time: 0.1731551
2026-07-16 01:37:55.583 9 INFO neutron.wsgi [req-82957327-46e9-4d46-bc43-0c6c72a3a2b8 req-8c9ca3ea-53db-4449-a2b4-e4d3d10f907e d820dc69025e459489f1f963b7dcb981 6a2907b7dded4e32bb1f33dd1010ea75 - - default default] 10.0.0.253 "GET /v2.0/extensions HTTP/1.1" status: 200 len: 16525 time: 0.0062268
2026-07-16 01:37:55.651 10 INFO neutron.db.ovn_revision_numbers_db [None req-adb5f293-7ed1-498b-8f40-bcbd2bf6a75a 91bcd248e90e497aa8f5a6d88bc3ad97 69473695b11b4f5da7a1fa4e7e15cf03 - - default default] Successfully bumped revision number for resource b30fab18-00da-4506-8f2a-dcf9786681c6 (type: routers) to 1
2026-07-16 01:37:55.668 10 INFO neutron.wsgi [None req-adb5f293-7ed1-498b-8f40-bcbd2bf6a75a 91bcd248e90e497aa8f5a6d88bc3ad97 69473695b11b4f5da7a1fa4e7e15cf03 - - default default] 10.0.0.125 "POST /v2.0/routers HTTP/1.1" status: 201 len: 654 time: 0.3215492
2026-07-16 01:37:55.752 10 INFO neutron.wsgi [None req-61333251-9f83-4bf4-b88a-221984ef5624 91bcd248e90e497aa8f5a6d88bc3ad97 69473695b11b4f5da7a1fa4e7e15cf03 - - default default] 10.0.0.125 "PUT /v2.0/routers/b30fab18-00da-4506-8f2a-dcf9786681c6/tags HTTP/1.1" status: 200 len: 218 time: 0.0780470
2026-07-16 01:37:55.823 10 INFO neutron.wsgi [None req-467cfc8b-0baf-4576-83c6-9c6997fd44d3 91bcd248e90e497aa8f5a6d88bc3ad97 69473695b11b4f5da7a1fa4e7e15cf03 - - default default] 10.0.0.125 "GET /v2.0/routers/b30fab18-00da-4506-8f2a-dcf9786681c6/tags HTTP/1.1" status: 200 len: 218 time: 0.0628629
2026-07-16 01:37:55.835 10 INFO neutron.wsgi [req-82957327-46e9-4d46-bc43-0c6c72a3a2b8 req-827dba1a-ea63-4dff-b6f1-04c836d6c6de f2009d61f05c4ebfa692b82a4d8d0e5d bddf8de969774b3bbb48bd698541de3e - - 77a314461d9143cd92d4acfd3cd81ae8 77a314461d9143cd92d4acfd3cd81ae8] 199.204.45.53 "GET /v2.0/ports/c2248643-ad87-4631-96fd-cfdb1eb293e5?fields=binding%3Avnic_type&fields=binding%3Aprofile&fields=network_id&fields=resource_request&fields=numa_affinity_policy&fields=device_profile HTTP/1.1" status: 200 len: 335 time: 0.1849000
2026-07-16 01:37:55.893 10 INFO neutron.wsgi [None req-bcf8748c-9a1a-49ad-b722-8a4fe174738c 91bcd248e90e497aa8f5a6d88bc3ad97 69473695b11b4f5da7a1fa4e7e15cf03 - - default default] 10.0.0.125 "PUT /v2.0/routers/b30fab18-00da-4506-8f2a-dcf9786681c6/tags/green HTTP/1.1" status: 201 len: 201 time: 0.0640411
2026-07-16 01:37:55.916 10 INFO neutron.wsgi [req-82957327-46e9-4d46-bc43-0c6c72a3a2b8 req-2391c4e3-c26d-4301-9741-0e387e88c245 f2009d61f05c4ebfa692b82a4d8d0e5d bddf8de969774b3bbb48bd698541de3e - - 77a314461d9143cd92d4acfd3cd81ae8 77a314461d9143cd92d4acfd3cd81ae8] 199.204.45.53 "GET /v2.0/networks/01ba2485-e681-4234-bb87-6613515b62a1?fields=segments HTTP/1.1" status: 200 len: 212 time: 0.0699866
2026-07-16 01:37:55.941 9 INFO neutron.wsgi [None req-f6524c1c-24e5-4069-90e9-ca5a0e6e7727 91bcd248e90e497aa8f5a6d88bc3ad97 69473695b11b4f5da7a1fa4e7e15cf03 - - default default] 10.0.0.125 "GET /v2.0/routers/b30fab18-00da-4506-8f2a-dcf9786681c6/tags HTTP/1.1" status: 200 len: 227 time: 0.0434694
2026-07-16 01:37:55.979 10 INFO neutron.wsgi [req-82957327-46e9-4d46-bc43-0c6c72a3a2b8 req-5fa45909-3cc4-44b7-b17b-0489d38e506c f2009d61f05c4ebfa692b82a4d8d0e5d bddf8de969774b3bbb48bd698541de3e - - 77a314461d9143cd92d4acfd3cd81ae8 77a314461d9143cd92d4acfd3cd81ae8] 199.204.45.53 "GET /v2.0/networks/01ba2485-e681-4234-bb87-6613515b62a1?fields=provider%3Aphysical_network&fields=provider%3Anetwork_type HTTP/1.1" status: 200 len: 277 time: 0.0576892
2026-07-16 01:37:55.987 9 INFO neutron.wsgi [None req-9b53d1d5-4245-48f8-9347-3670787040cb 91bcd248e90e497aa8f5a6d88bc3ad97 69473695b11b4f5da7a1fa4e7e15cf03 - - default default] 10.0.0.125 "PUT /v2.0/routers/b30fab18-00da-4506-8f2a-dcf9786681c6/tags/red HTTP/1.1" status: 201 len: 201 time: 0.0402167
2026-07-16 01:37:56.024 10 INFO neutron.wsgi [req-82957327-46e9-4d46-bc43-0c6c72a3a2b8 req-542ae5fe-59e0-40aa-8975-76d4a3242220 f2009d61f05c4ebfa692b82a4d8d0e5d bddf8de969774b3bbb48bd698541de3e - - 77a314461d9143cd92d4acfd3cd81ae8 77a314461d9143cd92d4acfd3cd81ae8] 199.204.45.53 "GET /v2.0/ports/c2248643-ad87-4631-96fd-cfdb1eb293e5 HTTP/1.1" status: 200 len: 1297 time: 0.0288320
2026-07-16 01:37:56.031 9 INFO neutron.wsgi [None req-85aa1427-58e4-4cd4-adae-844f7e2bdf33 91bcd248e90e497aa8f5a6d88bc3ad97 69473695b11b4f5da7a1fa4e7e15cf03 - - default default] 10.0.0.125 "GET /v2.0/routers/b30fab18-00da-4506-8f2a-dcf9786681c6/tags HTTP/1.1" status: 200 len: 227 time: 0.0390463
2026-07-16 01:37:56.081 9 INFO neutron.wsgi [None req-28e2d95f-5f66-4ef2-b5e8-a73592e7be04 91bcd248e90e497aa8f5a6d88bc3ad97 69473695b11b4f5da7a1fa4e7e15cf03 - - default default] 10.0.0.125 "PUT /v2.0/routers/b30fab18-00da-4506-8f2a-dcf9786681c6/tags/black.or.white HTTP/1.1" status: 201 len: 201 time: 0.0451589
2026-07-16 01:37:56.082 10 INFO neutron.wsgi [req-82957327-46e9-4d46-bc43-0c6c72a3a2b8 req-a5bc82f0-f420-4035-ba31-203e7bd01619 d820dc69025e459489f1f963b7dcb981 6a2907b7dded4e32bb1f33dd1010ea75 - - default default] 199.204.45.53 "GET /v2.0/networks?id=01ba2485-e681-4234-bb87-6613515b62a1 HTTP/1.1" status: 200 len: 1005 time: 0.0545213
2026-07-16 01:37:56.133 10 INFO neutron.wsgi [None req-0b86b8f4-1f83-44a8-894b-3a93ccccf6c6 91bcd248e90e497aa8f5a6d88bc3ad97 69473695b11b4f5da7a1fa4e7e15cf03 - - default default] 10.0.0.125 "GET /v2.0/routers/b30fab18-00da-4506-8f2a-dcf9786681c6/tags HTTP/1.1" status: 200 len: 245 time: 0.0459936
2026-07-16 01:37:56.228 10 INFO neutron.wsgi [None req-2c7f9123-29c3-4a39-8389-c9d6a78ddb64 91bcd248e90e497aa8f5a6d88bc3ad97 69473695b11b4f5da7a1fa4e7e15cf03 - - default default] 10.0.0.125 "PUT /v2.0/routers/b30fab18-00da-4506-8f2a-dcf9786681c6/tags HTTP/1.1" status: 200 len: 230 time: 0.0913088
2026-07-16 01:37:56.295 10 INFO neutron.wsgi [None req-9d012424-c4a7-447d-af58-37a77e93a656 91bcd248e90e497aa8f5a6d88bc3ad97 69473695b11b4f5da7a1fa4e7e15cf03 - - default default] 10.0.0.125 "GET /v2.0/routers/b30fab18-00da-4506-8f2a-dcf9786681c6/tags HTTP/1.1" status: 200 len: 230 time: 0.0631967
2026-07-16 01:37:56.367 9 INFO neutron.wsgi [None req-ab46f418-792c-48a1-8e01-6bd279e3ada4 91bcd248e90e497aa8f5a6d88bc3ad97 69473695b11b4f5da7a1fa4e7e15cf03 - - default default] 10.0.0.125 "GET /v2.0/routers/b30fab18-00da-4506-8f2a-dcf9786681c6/tags/red HTTP/1.1" status: 204 len: 168 time: 0.0644701
2026-07-16 01:37:56.665 10 INFO neutron.api.v2.resource [None req-85e3a7a7-6687-4599-9c42-e9ec7936c01e 91bcd248e90e497aa8f5a6d88bc3ad97 69473695b11b4f5da7a1fa4e7e15cf03 - - default default] show failed (client error): The resource could not be found.
2026-07-16 01:37:56.666 10 INFO neutron.wsgi [None req-85e3a7a7-6687-4599-9c42-e9ec7936c01e 91bcd248e90e497aa8f5a6d88bc3ad97 69473695b11b4f5da7a1fa4e7e15cf03 - - default default] 10.0.0.125 "GET /v2.0/routers/b30fab18-00da-4506-8f2a-dcf9786681c6/tags/green HTTP/1.1" status: 404 len: 299 time: 0.2938926
2026-07-16 01:37:56.740 9 INFO neutron.wsgi [None req-8f2b2cd3-23cc-4e72-82d0-3d8645faf9be 91bcd248e90e497aa8f5a6d88bc3ad97 69473695b11b4f5da7a1fa4e7e15cf03 - - default default] 10.0.0.125 "DELETE /v2.0/routers/b30fab18-00da-4506-8f2a-dcf9786681c6/tags/red HTTP/1.1" status: 204 len: 168 time: 0.0662677
2026-07-16 01:37:56.795 9 INFO neutron.wsgi [None req-2e4457d2-f3b7-4132-ba56-8f16b2272de6 91bcd248e90e497aa8f5a6d88bc3ad97 69473695b11b4f5da7a1fa4e7e15cf03 - - default default] 10.0.0.125 "GET /v2.0/routers/b30fab18-00da-4506-8f2a-dcf9786681c6/tags HTTP/1.1" status: 200 len: 223 time: 0.0505664
2026-07-16 01:37:56.848 9 INFO neutron.api.v2.resource [None req-b00a6355-f9ea-4810-b0b2-087610b87f03 91bcd248e90e497aa8f5a6d88bc3ad97 69473695b11b4f5da7a1fa4e7e15cf03 - - default default] delete failed (client error): The resource could not be found.
2026-07-16 01:37:56.849 9 INFO neutron.wsgi [None req-b00a6355-f9ea-4810-b0b2-087610b87f03 91bcd248e90e497aa8f5a6d88bc3ad97 69473695b11b4f5da7a1fa4e7e15cf03 - - default default] 10.0.0.125 "DELETE /v2.0/routers/b30fab18-00da-4506-8f2a-dcf9786681c6/tags/green HTTP/1.1" status: 404 len: 299 time: 0.0499692
2026-07-16 01:37:56.885 10 INFO neutron.db.ovn_revision_numbers_db [req-82957327-46e9-4d46-bc43-0c6c72a3a2b8 req-630bb7ee-5007-4683-b114-79f079abe5b4 f2009d61f05c4ebfa692b82a4d8d0e5d bddf8de969774b3bbb48bd698541de3e - - 77a314461d9143cd92d4acfd3cd81ae8 77a314461d9143cd92d4acfd3cd81ae8] Successfully bumped revision number for resource c2248643-ad87-4631-96fd-cfdb1eb293e5 (type: ports) to 2
2026-07-16 01:37:56.913 9 INFO neutron.wsgi [None req-726ceb2a-7ed9-49d5-badc-85f34ff1a8fe 91bcd248e90e497aa8f5a6d88bc3ad97 69473695b11b4f5da7a1fa4e7e15cf03 - - default default] 10.0.0.125 "DELETE /v2.0/routers/b30fab18-00da-4506-8f2a-dcf9786681c6/tags HTTP/1.1" status: 204 len: 168 time: 0.0592232
2026-07-16 01:37:56.959 9 INFO neutron.wsgi [None req-b0cae680-9c42-493e-ae08-f27d53c37142 91bcd248e90e497aa8f5a6d88bc3ad97 69473695b11b4f5da7a1fa4e7e15cf03 - - default default] 10.0.0.125 "GET /v2.0/routers/b30fab18-00da-4506-8f2a-dcf9786681c6/tags HTTP/1.1" status: 200 len: 205 time: 0.0406272
2026-07-16 01:37:57.026 9 INFO neutron.wsgi [None req-8f37b739-5f82-4c88-8a59-7e1a36271890 91bcd248e90e497aa8f5a6d88bc3ad97 69473695b11b4f5da7a1fa4e7e15cf03 - - default default] 10.0.0.125 "GET /v2.0/routers/b30fab18-00da-4506-8f2a-dcf9786681c6 HTTP/1.1" status: 200 len: 655 time: 0.0407343
2026-07-16 01:37:57.089 10 INFO neutron.db.ovn_revision_numbers_db [req-82957327-46e9-4d46-bc43-0c6c72a3a2b8 req-630bb7ee-5007-4683-b114-79f079abe5b4 f2009d61f05c4ebfa692b82a4d8d0e5d bddf8de969774b3bbb48bd698541de3e - - 77a314461d9143cd92d4acfd3cd81ae8 77a314461d9143cd92d4acfd3cd81ae8] Successfully bumped revision number for resource c2248643-ad87-4631-96fd-cfdb1eb293e5 (type: ports) to 2
2026-07-16 01:37:57.103 10 INFO neutron.wsgi [req-82957327-46e9-4d46-bc43-0c6c72a3a2b8 req-630bb7ee-5007-4683-b114-79f079abe5b4 f2009d61f05c4ebfa692b82a4d8d0e5d bddf8de969774b3bbb48bd698541de3e - - 77a314461d9143cd92d4acfd3cd81ae8 77a314461d9143cd92d4acfd3cd81ae8] 199.204.45.53 "PUT /v2.0/ports/c2248643-ad87-4631-96fd-cfdb1eb293e5 HTTP/1.1" status: 200 len: 1428 time: 1.0124111 /var/lib/openstack/lib/python3.10/site-packages/pycadf/identifier.py:71: UserWarning: Invalid uuid: neutron. To ensure interoperability, identifiers should be a valid uuid. warnings.warn(('Invalid uuid: %s. To ensure interoperability, '
2026-07-16 01:37:57.168 10 INFO neutron.wsgi [req-82957327-46e9-4d46-bc43-0c6c72a3a2b8 req-9602d001-4eb7-4440-921e-5731fda54b8c f2009d61f05c4ebfa692b82a4d8d0e5d bddf8de969774b3bbb48bd698541de3e - - 77a314461d9143cd92d4acfd3cd81ae8 77a314461d9143cd92d4acfd3cd81ae8] 199.204.45.53 "GET /v2.0/ports?tenant_id=6a2907b7dded4e32bb1f33dd1010ea75&device_id=c97163fb-9211-4943-8d5d-2340f71cde3a HTTP/1.1" status: 200 len: 2665 time: 0.0348988
2026-07-16 01:37:57.186 10 INFO neutron.notifiers.nova [-] Nova event matching ['req-b6c6ee2d-0e70-48f9-9bd5-b60168d69522'] response: {'name': 'network-changed', 'server_uuid': 'c97163fb-9211-4943-8d5d-2340f71cde3a', 'tag': 'c2248643-ad87-4631-96fd-cfdb1eb293e5', 'status': 'completed', 'code': 200}
2026-07-16 01:37:57.202 10 INFO neutron.wsgi [req-82957327-46e9-4d46-bc43-0c6c72a3a2b8 req-766ff261-6de6-4667-9c06-48bbe5696e3d f2009d61f05c4ebfa692b82a4d8d0e5d bddf8de969774b3bbb48bd698541de3e - - 77a314461d9143cd92d4acfd3cd81ae8 77a314461d9143cd92d4acfd3cd81ae8] 199.204.45.53 "GET /v2.0/floatingips?fixed_ip_address=172.24.0.139&port_id=c5602ebd-d2c4-4d19-9865-fc99ffcd5999 HTTP/1.1" status: 200 len: 217 time: 0.0254290
2026-07-16 01:37:57.248 10 INFO neutron.wsgi [req-82957327-46e9-4d46-bc43-0c6c72a3a2b8 req-9573456d-2b43-4336-a25c-c2d7636c3a44 f2009d61f05c4ebfa692b82a4d8d0e5d bddf8de969774b3bbb48bd698541de3e - - 77a314461d9143cd92d4acfd3cd81ae8 77a314461d9143cd92d4acfd3cd81ae8] 199.204.45.53 "GET /v2.0/subnets?id=a3b32ce1-aa55-48f4-a42d-dca95a6da44d HTTP/1.1" status: 200 len: 829 time: 0.0388958
2026-07-16 01:37:57.273 10 INFO neutron.wsgi [req-82957327-46e9-4d46-bc43-0c6c72a3a2b8 req-df366996-47ce-426c-a95f-5d56cca6bccd f2009d61f05c4ebfa692b82a4d8d0e5d bddf8de969774b3bbb48bd698541de3e - - 77a314461d9143cd92d4acfd3cd81ae8 77a314461d9143cd92d4acfd3cd81ae8] 199.204.45.53 "GET /v2.0/ports?network_id=3403b914-6ac2-47b0-a8ee-e5653b39b88e&device_owner=network%3Adhcp HTTP/1.1" status: 200 len: 210 time: 0.0203831
2026-07-16 01:37:57.397 10 INFO neutron.wsgi [req-82957327-46e9-4d46-bc43-0c6c72a3a2b8 req-09a513c0-0b2b-4f6b-a156-543e00fa2278 f2009d61f05c4ebfa692b82a4d8d0e5d bddf8de969774b3bbb48bd698541de3e - - 77a314461d9143cd92d4acfd3cd81ae8 77a314461d9143cd92d4acfd3cd81ae8] 199.204.45.53 "GET /v2.0/networks/3403b914-6ac2-47b0-a8ee-e5653b39b88e?fields=segments HTTP/1.1" status: 200 len: 212 time: 0.1199057
2026-07-16 01:37:57.456 10 INFO neutron.wsgi [req-82957327-46e9-4d46-bc43-0c6c72a3a2b8 req-470aec9a-f513-450a-98ea-80f7248fc4c9 f2009d61f05c4ebfa692b82a4d8d0e5d bddf8de969774b3bbb48bd698541de3e - - 77a314461d9143cd92d4acfd3cd81ae8 77a314461d9143cd92d4acfd3cd81ae8] 199.204.45.53 "GET /v2.0/networks/3403b914-6ac2-47b0-a8ee-e5653b39b88e?fields=provider%3Aphysical_network&fields=provider%3Anetwork_type HTTP/1.1" status: 200 len: 277 time: 0.0546389
2026-07-16 01:37:57.487 10 INFO neutron.wsgi [req-82957327-46e9-4d46-bc43-0c6c72a3a2b8 req-a183bd31-f788-4682-afc6-d62cb608eae1 f2009d61f05c4ebfa692b82a4d8d0e5d bddf8de969774b3bbb48bd698541de3e - - 77a314461d9143cd92d4acfd3cd81ae8 77a314461d9143cd92d4acfd3cd81ae8] 199.204.45.53 "GET /v2.0/floatingips?fixed_ip_address=10.1.1.200&port_id=c2248643-ad87-4631-96fd-cfdb1eb293e5 HTTP/1.1" status: 200 len: 217 time: 0.0232761
2026-07-16 01:37:57.527 10 INFO neutron.wsgi [req-82957327-46e9-4d46-bc43-0c6c72a3a2b8 req-5e142d48-f1bc-4d91-8cf3-0cb54d0de5cf f2009d61f05c4ebfa692b82a4d8d0e5d bddf8de969774b3bbb48bd698541de3e - - 77a314461d9143cd92d4acfd3cd81ae8 77a314461d9143cd92d4acfd3cd81ae8] 199.204.45.53 "GET /v2.0/subnets?id=1611223e-2752-4d34-9d4d-7227377e4655 HTTP/1.1" status: 200 len: 854 time: 0.0324523
2026-07-16 01:37:57.557 10 INFO neutron.wsgi [req-82957327-46e9-4d46-bc43-0c6c72a3a2b8 req-8d8a9d77-9202-493b-afc3-3d4be68f9475 f2009d61f05c4ebfa692b82a4d8d0e5d bddf8de969774b3bbb48bd698541de3e - - 77a314461d9143cd92d4acfd3cd81ae8 77a314461d9143cd92d4acfd3cd81ae8] 199.204.45.53 "GET /v2.0/ports?network_id=01ba2485-e681-4234-bb87-6613515b62a1&device_owner=network%3Adhcp HTTP/1.1" status: 200 len: 210 time: 0.0217991
2026-07-16 01:37:57.626 10 INFO neutron.wsgi [req-82957327-46e9-4d46-bc43-0c6c72a3a2b8 req-d8c0f70e-26d3-4497-b3cb-a475f1f32da9 f2009d61f05c4ebfa692b82a4d8d0e5d bddf8de969774b3bbb48bd698541de3e - - 77a314461d9143cd92d4acfd3cd81ae8 77a314461d9143cd92d4acfd3cd81ae8] 199.204.45.53 "GET /v2.0/networks/01ba2485-e681-4234-bb87-6613515b62a1?fields=segments HTTP/1.1" status: 200 len: 212 time: 0.0631907
2026-07-16 01:37:57.687 9 INFO neutron.db.ovn_revision_numbers_db [None req-88d9668a-c11c-49c3-a8ac-34f713c7d5ed 91bcd248e90e497aa8f5a6d88bc3ad97 69473695b11b4f5da7a1fa4e7e15cf03 - - default default] Successfully bumped revision number for resource b30fab18-00da-4506-8f2a-dcf9786681c6 (type: routers) to 7
2026-07-16 01:37:57.691 9 INFO neutron.wsgi [None req-88d9668a-c11c-49c3-a8ac-34f713c7d5ed 91bcd248e90e497aa8f5a6d88bc3ad97 69473695b11b4f5da7a1fa4e7e15cf03 - - default default] 10.0.0.125 "PUT /v2.0/routers/b30fab18-00da-4506-8f2a-dcf9786681c6 HTTP/1.1" status: 200 len: 655 time: 0.6588328
2026-07-16 01:37:57.694 10 INFO neutron.wsgi [req-82957327-46e9-4d46-bc43-0c6c72a3a2b8 req-e3d4277f-aa8a-4ba4-b847-3a536a013eb4 f2009d61f05c4ebfa692b82a4d8d0e5d bddf8de969774b3bbb48bd698541de3e - - 77a314461d9143cd92d4acfd3cd81ae8 77a314461d9143cd92d4acfd3cd81ae8] 199.204.45.53 "GET /v2.0/networks/01ba2485-e681-4234-bb87-6613515b62a1?fields=provider%3Aphysical_network&fields=provider%3Anetwork_type HTTP/1.1" status: 200 len: 277 time: 0.0588028
2026-07-16 01:37:57.718 10 INFO neutron.wsgi [None req-ff7abb17-5aee-4f49-aa67-0e3d335c0417 91bcd248e90e497aa8f5a6d88bc3ad97 69473695b11b4f5da7a1fa4e7e15cf03 - - default default] 10.0.0.125 "GET /v2.0/ports?device_id=b30fab18-00da-4506-8f2a-dcf9786681c6 HTTP/1.1" status: 200 len: 205 time: 0.0206409
2026-07-16 01:37:57.807 10 INFO neutron.wsgi [req-9f2bd924-5b25-46a4-adcc-ec06a571e79c req-4b123382-552f-4de7-861c-f833db43e68e f2009d61f05c4ebfa692b82a4d8d0e5d bddf8de969774b3bbb48bd698541de3e - - 77a314461d9143cd92d4acfd3cd81ae8 77a314461d9143cd92d4acfd3cd81ae8] 199.204.45.53 "GET /v2.0/ports?tenant_id=6a2907b7dded4e32bb1f33dd1010ea75&device_id=c97163fb-9211-4943-8d5d-2340f71cde3a HTTP/1.1" status: 200 len: 2665 time: 0.0608952
2026-07-16 01:37:57.833 10 INFO neutron.plugins.ml2.drivers.ovn.mech_driver.mech_driver [None req-06b30248-a1f7-4ba9-98df-5168947f8074 - - - - - -] OVN reports status up for port: c2248643-ad87-4631-96fd-cfdb1eb293e5
2026-07-16 01:37:57.894 10 INFO neutron.plugins.ml2.plugin [None req-06b30248-a1f7-4ba9-98df-5168947f8074 - - - - - -] Attempt 1 to provision port c2248643-ad87-4631-96fd-cfdb1eb293e5
2026-07-16 01:37:57.997 10 INFO neutron.wsgi [req-9f2bd924-5b25-46a4-adcc-ec06a571e79c req-ce44c610-b240-4d9e-89aa-02620a222bc0 f2009d61f05c4ebfa692b82a4d8d0e5d bddf8de969774b3bbb48bd698541de3e - - 77a314461d9143cd92d4acfd3cd81ae8 77a314461d9143cd92d4acfd3cd81ae8] 199.204.45.53 "GET /v2.0/networks?id=01ba2485-e681-4234-bb87-6613515b62a1 HTTP/1.1" status: 200 len: 1005 time: 0.1693912
2026-07-16 01:37:58.024 9 INFO neutron.wsgi [req-82957327-46e9-4d46-bc43-0c6c72a3a2b8 req-f1ec1437-c92e-4147-8e99-6a457065d0fb d820dc69025e459489f1f963b7dcb981 6a2907b7dded4e32bb1f33dd1010ea75 - - default default] 10.0.0.253 "GET /v2.0/ports/c2248643-ad87-4631-96fd-cfdb1eb293e5 HTTP/1.1" status: 200 len: 1456 time: 0.0451789
2026-07-16 01:37:58.055 10 INFO neutron.wsgi [req-9f2bd924-5b25-46a4-adcc-ec06a571e79c req-48cbed86-21a4-4b8b-801b-4742127c8798 f2009d61f05c4ebfa692b82a4d8d0e5d bddf8de969774b3bbb48bd698541de3e - - 77a314461d9143cd92d4acfd3cd81ae8 77a314461d9143cd92d4acfd3cd81ae8] 199.204.45.53 "GET /v2.0/floatingips?fixed_ip_address=10.1.1.200&port_id=c2248643-ad87-4631-96fd-cfdb1eb293e5 HTTP/1.1" status: 200 len: 217 time: 0.0431898
2026-07-16 01:37:58.112 10 INFO neutron.wsgi [req-9f2bd924-5b25-46a4-adcc-ec06a571e79c req-80a6cfb1-f0ab-4945-92f9-e65d77ec723e f2009d61f05c4ebfa692b82a4d8d0e5d bddf8de969774b3bbb48bd698541de3e - - 77a314461d9143cd92d4acfd3cd81ae8 77a314461d9143cd92d4acfd3cd81ae8] 199.204.45.53 "GET /v2.0/subnets?id=1611223e-2752-4d34-9d4d-7227377e4655 HTTP/1.1" status: 200 len: 854 time: 0.0479479
2026-07-16 01:37:58.119 10 INFO neutron.wsgi [None req-61100a34-4067-47aa-b9a2-32837addb9d1 91bcd248e90e497aa8f5a6d88bc3ad97 69473695b11b4f5da7a1fa4e7e15cf03 - - default default] 10.0.0.125 "DELETE /v2.0/routers/b30fab18-00da-4506-8f2a-dcf9786681c6 HTTP/1.1" status: 204 len: 168 time: 0.3970754
2026-07-16 01:37:58.144 10 INFO neutron.wsgi [req-9f2bd924-5b25-46a4-adcc-ec06a571e79c req-2e95e54f-a1e7-4aa2-b4bb-7cf3e85f3bed f2009d61f05c4ebfa692b82a4d8d0e5d bddf8de969774b3bbb48bd698541de3e - - 77a314461d9143cd92d4acfd3cd81ae8 77a314461d9143cd92d4acfd3cd81ae8] 199.204.45.53 "GET /v2.0/ports?network_id=01ba2485-e681-4234-bb87-6613515b62a1&device_owner=network%3Adhcp HTTP/1.1" status: 200 len: 210 time: 0.0227768
2026-07-16 01:37:58.249 10 INFO neutron.wsgi [req-9f2bd924-5b25-46a4-adcc-ec06a571e79c req-dfb1dd2f-d92b-408b-8373-96c04ddabe42 f2009d61f05c4ebfa692b82a4d8d0e5d bddf8de969774b3bbb48bd698541de3e - - 77a314461d9143cd92d4acfd3cd81ae8 77a314461d9143cd92d4acfd3cd81ae8] 199.204.45.53 "GET /v2.0/networks/01ba2485-e681-4234-bb87-6613515b62a1?fields=segments HTTP/1.1" status: 200 len: 212 time: 0.0974293
2026-07-16 01:37:58.379 10 INFO neutron.wsgi [req-9f2bd924-5b25-46a4-adcc-ec06a571e79c req-25144fae-a40f-4efc-a937-27588f40b408 f2009d61f05c4ebfa692b82a4d8d0e5d bddf8de969774b3bbb48bd698541de3e - - 77a314461d9143cd92d4acfd3cd81ae8 77a314461d9143cd92d4acfd3cd81ae8] 199.204.45.53 "GET /v2.0/networks/01ba2485-e681-4234-bb87-6613515b62a1?fields=provider%3Aphysical_network&fields=provider%3Anetwork_type HTTP/1.1" status: 200 len: 277 time: 0.1200998
2026-07-16 01:37:58.468 10 INFO neutron.db.ovn_revision_numbers_db [None req-06b30248-a1f7-4ba9-98df-5168947f8074 - - - - - -] Successfully bumped revision number for resource c2248643-ad87-4631-96fd-cfdb1eb293e5 (type: ports) to 4
