2026-07-16 01:35:30.876 10 INFO neutron.db.ovn_revision_numbers_db [None req-b3810ada-0222-4f65-a91e-1cc1d89aab29 0817fd5b3e6b45dbacdc103ec2d844b1 8eea3b212238462d83e775bc6af00be1 - - default default] Successfully bumped revision number for resource eacd9e26-5fa8-437b-b6ca-3ed62c42e9c8 (type: routers) to 2
2026-07-16 01:35:30.880 10 INFO neutron.wsgi [None req-b3810ada-0222-4f65-a91e-1cc1d89aab29 0817fd5b3e6b45dbacdc103ec2d844b1 8eea3b212238462d83e775bc6af00be1 - - default default] 10.0.0.125 "PUT /v2.0/routers/eacd9e26-5fa8-437b-b6ca-3ed62c42e9c8 HTTP/1.1" status: 200 len: 660 time: 0.5614984
2026-07-16 01:35:30.907 10 INFO neutron.wsgi [None req-fa9dd907-5130-4912-a954-e4ee2fc3eead 0817fd5b3e6b45dbacdc103ec2d844b1 8eea3b212238462d83e775bc6af00be1 - - default default] 10.0.0.125 "GET /v2.0/ports?device_id=eacd9e26-5fa8-437b-b6ca-3ed62c42e9c8 HTTP/1.1" status: 200 len: 205 time: 0.0206788
2026-07-16 01:35:31.004 9 INFO neutron.db.ovn_revision_numbers_db [None req-75ee97e4-b042-4223-ab74-c69f68a3abb2 db3b304dad3e4a0aa612aa32a0346bbc 496df187dc3e4c01adccf1fc0fb95693 - - default default] Successfully bumped revision number for resource 6cdba1db-79be-4ebc-bc72-0395163f9023 (type: ports) to 1
2026-07-16 01:35:31.104 9 WARNING neutron.scheduler.dhcp_agent_scheduler [None req-75ee97e4-b042-4223-ab74-c69f68a3abb2 db3b304dad3e4a0aa612aa32a0346bbc 496df187dc3e4c01adccf1fc0fb95693 - - default default] No more DHCP agents
2026-07-16 01:35:31.107 9 WARNING neutron.api.rpc.agentnotifiers.dhcp_rpc_agent_api [None req-75ee97e4-b042-4223-ab74-c69f68a3abb2 db3b304dad3e4a0aa612aa32a0346bbc 496df187dc3e4c01adccf1fc0fb95693 - - default default] Unable to schedule network 78c61fd8-1e29-45b2-81e4-0ea5df742915: no agents available; will retry on subsequent port and subnet creation events.
2026-07-16 01:35:31.121 9 WARNING neutron.scheduler.dhcp_agent_scheduler [None req-d497ac86-a318-4b48-a9dd-9bfe940dac2d a657024cace84230873880e12c4b1dbe 6ee18913d5e74b398bb6a0ad61c080c1 - - default default] No more DHCP agents
2026-07-16 01:35:31.126 9 WARNING neutron.api.rpc.agentnotifiers.dhcp_rpc_agent_api [None req-d497ac86-a318-4b48-a9dd-9bfe940dac2d a657024cace84230873880e12c4b1dbe 6ee18913d5e74b398bb6a0ad61c080c1 - - default default] Unable to schedule network 1d6cf082-5cf4-4b6f-9885-5e75f6947041: no agents available; will retry on subsequent port and subnet creation events.
2026-07-16 01:35:31.143 10 INFO neutron.wsgi [None req-5daf9f7f-2f6a-4e14-85e3-4bfeae9f65a7 0817fd5b3e6b45dbacdc103ec2d844b1 8eea3b212238462d83e775bc6af00be1 - - default default] 10.0.0.125 "DELETE /v2.0/routers/eacd9e26-5fa8-437b-b6ca-3ed62c42e9c8 HTTP/1.1" status: 204 len: 168 time: 0.2260115
2026-07-16 01:35:31.204 10 INFO neutron.wsgi [None req-cd7fd578-7e2b-4f33-a277-588c6655f964 0817fd5b3e6b45dbacdc103ec2d844b1 8eea3b212238462d83e775bc6af00be1 - - default default] 10.0.0.125 "GET /v2.0/routers/33938733-5ed7-403a-9257-4b0d8dc75422 HTTP/1.1" status: 200 len: 668 time: 0.0538583
2026-07-16 01:35:31.214 10 INFO neutron.db.ovn_revision_numbers_db [None req-06b30248-a1f7-4ba9-98df-5168947f8074 - - - - - -] Successfully bumped revision number for resource 6cdba1db-79be-4ebc-bc72-0395163f9023 (type: ports) to 2
2026-07-16 01:35:31.356 9 INFO neutron.db.ovn_revision_numbers_db [None req-75ee97e4-b042-4223-ab74-c69f68a3abb2 db3b304dad3e4a0aa612aa32a0346bbc 496df187dc3e4c01adccf1fc0fb95693 - - default default] Successfully bumped revision number for resource 6cdba1db-79be-4ebc-bc72-0395163f9023 (type: router_ports) to 2
2026-07-16 01:35:31.358 9 INFO neutron.wsgi [None req-75ee97e4-b042-4223-ab74-c69f68a3abb2 db3b304dad3e4a0aa612aa32a0346bbc 496df187dc3e4c01adccf1fc0fb95693 - - default default] 10.0.0.125 "PUT /v2.0/routers/4f8a6a9c-4afb-44cf-9050-2935506aceee/add_router_interface HTTP/1.1" status: 200 len: 503 time: 1.9689190
2026-07-16 01:35:31.404 9 INFO neutron.wsgi [None req-97939c02-dc99-4fde-9058-989e7e88bbd9 db3b304dad3e4a0aa612aa32a0346bbc 496df187dc3e4c01adccf1fc0fb95693 - - default default] 10.0.0.125 "GET /v2.0/ports/6cdba1db-79be-4ebc-bc72-0395163f9023 HTTP/1.1" status: 200 len: 1137 time: 0.0406528
2026-07-16 01:35:31.848 10 INFO neutron.db.ovn_revision_numbers_db [None req-c6c5e020-f1ac-4c6c-8bd1-a41d4bd6c1c9 0817fd5b3e6b45dbacdc103ec2d844b1 8eea3b212238462d83e775bc6af00be1 - - default default] Successfully bumped revision number for resource 33938733-5ed7-403a-9257-4b0d8dc75422 (type: routers) to 2
2026-07-16 01:35:31.852 10 INFO neutron.wsgi [None req-c6c5e020-f1ac-4c6c-8bd1-a41d4bd6c1c9 0817fd5b3e6b45dbacdc103ec2d844b1 8eea3b212238462d83e775bc6af00be1 - - default default] 10.0.0.125 "PUT /v2.0/routers/33938733-5ed7-403a-9257-4b0d8dc75422 HTTP/1.1" status: 200 len: 668 time: 0.6355083
2026-07-16 01:35:31.860 9 INFO neutron.db.ovn_revision_numbers_db [None req-d497ac86-a318-4b48-a9dd-9bfe940dac2d a657024cace84230873880e12c4b1dbe 6ee18913d5e74b398bb6a0ad61c080c1 - - default default] Successfully bumped revision number for resource 4b1025c5-eff6-4a45-8033-f08166852642 (type: ports) to 2
2026-07-16 01:35:31.878 10 INFO neutron.wsgi [None req-b04333f6-4aae-4005-8b66-6f421863c265 0817fd5b3e6b45dbacdc103ec2d844b1 8eea3b212238462d83e775bc6af00be1 - - default default] 10.0.0.125 "GET /v2.0/ports?device_id=33938733-5ed7-403a-9257-4b0d8dc75422 HTTP/1.1" status: 200 len: 205 time: 0.0220671
2026-07-16 01:35:31.917 9 INFO neutron.db.ovn_revision_numbers_db [None req-d497ac86-a318-4b48-a9dd-9bfe940dac2d a657024cace84230873880e12c4b1dbe 6ee18913d5e74b398bb6a0ad61c080c1 - - default default] Successfully bumped revision number for resource c172ebb8-1ccb-4071-88d8-f22ba8e7a13b (type: subnets) to 0
2026-07-16 01:35:31.944 9 INFO neutron.wsgi [None req-d497ac86-a318-4b48-a9dd-9bfe940dac2d a657024cace84230873880e12c4b1dbe 6ee18913d5e74b398bb6a0ad61c080c1 - - default default] 10.0.0.125 "POST /v2.0/subnets HTTP/1.1" status: 201 len: 801 time: 1.1633179
2026-07-16 01:35:32.002 9 WARNING neutron.scheduler.dhcp_agent_scheduler [None req-f8556c6c-a861-414d-a47c-f353ae5dc8b5 db3b304dad3e4a0aa612aa32a0346bbc 496df187dc3e4c01adccf1fc0fb95693 - - default default] No more DHCP agents
2026-07-16 01:35:32.007 9 WARNING neutron.api.rpc.agentnotifiers.dhcp_rpc_agent_api [None req-f8556c6c-a861-414d-a47c-f353ae5dc8b5 db3b304dad3e4a0aa612aa32a0346bbc 496df187dc3e4c01adccf1fc0fb95693 - - default default] Unable to schedule network 3b421036-54ca-45c9-9f49-e76eef4dd1a7: no agents available; will retry on subsequent port and subnet creation events.
2026-07-16 01:35:32.068 9 INFO neutron.db.segments_db [None req-9b008f51-cf95-44ad-a4e1-743fb2889516 a657024cace84230873880e12c4b1dbe 6ee18913d5e74b398bb6a0ad61c080c1 - - default default] Added segment 3cef6ad6-a6e5-4941-b1af-cfa370dfe504 of type geneve for network 15f7776d-a94b-4afe-b667-e35b4a04e655
2026-07-16 01:35:32.069 10 INFO neutron.wsgi [None req-55d844a2-1e5a-467d-a8a1-74c749223dd7 0817fd5b3e6b45dbacdc103ec2d844b1 8eea3b212238462d83e775bc6af00be1 - - default default] 10.0.0.125 "DELETE /v2.0/routers/33938733-5ed7-403a-9257-4b0d8dc75422 HTTP/1.1" status: 204 len: 168 time: 0.1869020
2026-07-16 01:35:32.114 10 INFO neutron.wsgi [None req-0b93eb62-1a06-4824-ac95-4a783058a638 0817fd5b3e6b45dbacdc103ec2d844b1 8eea3b212238462d83e775bc6af00be1 - - default default] 10.0.0.125 "GET /v2.0/routers/9488e0a5-5ede-45c7-a94d-72d3c4a9b45b HTTP/1.1" status: 200 len: 677 time: 0.0382485
2026-07-16 01:35:32.273 9 INFO neutron.db.ovn_revision_numbers_db [None req-f8556c6c-a861-414d-a47c-f353ae5dc8b5 db3b304dad3e4a0aa612aa32a0346bbc 496df187dc3e4c01adccf1fc0fb95693 - - default default] Successfully bumped revision number for resource b00d36f7-ea19-4c26-a17c-582a7d5f1362 (type: ports) to 1
2026-07-16 01:35:32.283 9 INFO neutron.db.ovn_revision_numbers_db [None req-9b008f51-cf95-44ad-a4e1-743fb2889516 a657024cace84230873880e12c4b1dbe 6ee18913d5e74b398bb6a0ad61c080c1 - - default default] Successfully bumped revision number for resource 15f7776d-a94b-4afe-b667-e35b4a04e655 (type: networks) to 1
2026-07-16 01:35:32.460 10 INFO neutron.db.ovn_revision_numbers_db [None req-8726b547-33fc-4a78-8b37-1bf16ebf4635 0817fd5b3e6b45dbacdc103ec2d844b1 8eea3b212238462d83e775bc6af00be1 - - default default] Successfully bumped revision number for resource 9488e0a5-5ede-45c7-a94d-72d3c4a9b45b (type: routers) to 2
2026-07-16 01:35:32.463 10 INFO neutron.wsgi [None req-8726b547-33fc-4a78-8b37-1bf16ebf4635 0817fd5b3e6b45dbacdc103ec2d844b1 8eea3b212238462d83e775bc6af00be1 - - default default] 10.0.0.125 "PUT /v2.0/routers/9488e0a5-5ede-45c7-a94d-72d3c4a9b45b HTTP/1.1" status: 200 len: 677 time: 0.3437088
2026-07-16 01:35:32.488 10 INFO neutron.wsgi [None req-bfe88163-470d-4605-808c-48ba72665276 0817fd5b3e6b45dbacdc103ec2d844b1 8eea3b212238462d83e775bc6af00be1 - - default default] 10.0.0.125 "GET /v2.0/ports?device_id=9488e0a5-5ede-45c7-a94d-72d3c4a9b45b HTTP/1.1" status: 200 len: 205 time: 0.0189819
2026-07-16 01:35:32.696 10 INFO neutron.wsgi [None req-d962ca7a-408b-41dd-a8d3-af6b098ceafa 0817fd5b3e6b45dbacdc103ec2d844b1 8eea3b212238462d83e775bc6af00be1 - - default default] 10.0.0.125 "DELETE /v2.0/routers/9488e0a5-5ede-45c7-a94d-72d3c4a9b45b HTTP/1.1" status: 204 len: 168 time: 0.2025208
2026-07-16 01:35:32.751 10 INFO neutron.wsgi [None req-3b138a05-0030-4251-8485-94c030f45c8d 0817fd5b3e6b45dbacdc103ec2d844b1 8eea3b212238462d83e775bc6af00be1 - - default default] 10.0.0.125 "GET /v2.0/routers/8f62384c-6687-403d-8306-11b4947297c1 HTTP/1.1" status: 200 len: 662 time: 0.0506186
2026-07-16 01:35:32.927 9 WARNING neutron.scheduler.dhcp_agent_scheduler [None req-9b008f51-cf95-44ad-a4e1-743fb2889516 a657024cace84230873880e12c4b1dbe 6ee18913d5e74b398bb6a0ad61c080c1 - - default default] No more DHCP agents
2026-07-16 01:35:32.934 9 WARNING neutron.api.rpc.agentnotifiers.dhcp_rpc_agent_api [None req-9b008f51-cf95-44ad-a4e1-743fb2889516 a657024cace84230873880e12c4b1dbe 6ee18913d5e74b398bb6a0ad61c080c1 - - default default] Unable to schedule network 15f7776d-a94b-4afe-b667-e35b4a04e655: no agents available; will retry on subsequent port and subnet creation events.
2026-07-16 01:35:33.066 9 INFO neutron.db.ovn_revision_numbers_db [None req-9b008f51-cf95-44ad-a4e1-743fb2889516 a657024cace84230873880e12c4b1dbe 6ee18913d5e74b398bb6a0ad61c080c1 - - default default] Successfully bumped revision number for resource d7ffa3c3-39ef-4eb1-96c9-b9d53d5fe7c5 (type: ports) to 1
2026-07-16 01:35:33.104 9 INFO neutron.wsgi [None req-9b008f51-cf95-44ad-a4e1-743fb2889516 a657024cace84230873880e12c4b1dbe 6ee18913d5e74b398bb6a0ad61c080c1 - - default default] 10.0.0.125 "POST /v2.0/networks HTTP/1.1" status: 201 len: 830 time: 1.1542375
2026-07-16 01:35:33.306 9 INFO neutron.plugins.ml2.drivers.ovn.mech_driver.mech_driver [None req-6c2ac208-0920-445d-b3fb-a8ba9fc3c2ef - - - - - -] OVN reports status up for port: b00d36f7-ea19-4c26-a17c-582a7d5f1362
2026-07-16 01:35:33.340 9 INFO neutron.db.ovn_revision_numbers_db [None req-f8556c6c-a861-414d-a47c-f353ae5dc8b5 db3b304dad3e4a0aa612aa32a0346bbc 496df187dc3e4c01adccf1fc0fb95693 - - default default] Successfully bumped revision number for resource b00d36f7-ea19-4c26-a17c-582a7d5f1362 (type: router_ports) to 1
2026-07-16 01:35:33.343 9 INFO neutron.plugins.ml2.plugin [None req-6c2ac208-0920-445d-b3fb-a8ba9fc3c2ef - - - - - -] Attempt 1 to provision port b00d36f7-ea19-4c26-a17c-582a7d5f1362
2026-07-16 01:35:33.407 10 INFO neutron.db.ovn_revision_numbers_db [None req-1f96da77-2332-4dfc-b06b-cc338275d207 0817fd5b3e6b45dbacdc103ec2d844b1 8eea3b212238462d83e775bc6af00be1 - - default default] Successfully bumped revision number for resource 8f62384c-6687-403d-8306-11b4947297c1 (type: routers) to 2
2026-07-16 01:35:33.410 10 INFO neutron.wsgi [None req-1f96da77-2332-4dfc-b06b-cc338275d207 0817fd5b3e6b45dbacdc103ec2d844b1 8eea3b212238462d83e775bc6af00be1 - - default default] 10.0.0.125 "PUT /v2.0/routers/8f62384c-6687-403d-8306-11b4947297c1 HTTP/1.1" status: 200 len: 662 time: 0.6545374
2026-07-16 01:35:33.436 10 INFO neutron.wsgi [None req-92308952-9986-41d6-a01a-a1388c0dd115 0817fd5b3e6b45dbacdc103ec2d844b1 8eea3b212238462d83e775bc6af00be1 - - default default] 10.0.0.125 "GET /v2.0/ports?device_id=8f62384c-6687-403d-8306-11b4947297c1 HTTP/1.1" status: 200 len: 205 time: 0.0188947
2026-07-16 01:35:33.466 9 WARNING neutron.scheduler.dhcp_agent_scheduler [None req-7cc72864-8b14-436c-b8cf-1def9d08eaa4 a657024cace84230873880e12c4b1dbe 6ee18913d5e74b398bb6a0ad61c080c1 - - default default] No more DHCP agents
2026-07-16 01:35:33.471 9 WARNING neutron.api.rpc.agentnotifiers.dhcp_rpc_agent_api [None req-7cc72864-8b14-436c-b8cf-1def9d08eaa4 a657024cace84230873880e12c4b1dbe 6ee18913d5e74b398bb6a0ad61c080c1 - - default default] Unable to schedule network 15f7776d-a94b-4afe-b667-e35b4a04e655: no agents available; will retry on subsequent port and subnet creation events.
2026-07-16 01:35:33.609 9 INFO neutron.db.ovn_revision_numbers_db [None req-f8556c6c-a861-414d-a47c-f353ae5dc8b5 db3b304dad3e4a0aa612aa32a0346bbc 496df187dc3e4c01adccf1fc0fb95693 - - default default] Successfully bumped revision number for resource b00d36f7-ea19-4c26-a17c-582a7d5f1362 (type: ports) to 1
2026-07-16 01:35:33.620 10 INFO neutron.wsgi [None req-293b1095-7d69-4087-9f2e-aa67ff1021c9 0817fd5b3e6b45dbacdc103ec2d844b1 8eea3b212238462d83e775bc6af00be1 - - default default] 10.0.0.125 "DELETE /v2.0/routers/8f62384c-6687-403d-8306-11b4947297c1 HTTP/1.1" status: 204 len: 168 time: 0.1803687
2026-07-16 01:35:33.663 10 INFO neutron.wsgi [None req-07c9e622-ce32-4d5a-a876-672d69f63309 0817fd5b3e6b45dbacdc103ec2d844b1 8eea3b212238462d83e775bc6af00be1 - - default default] 10.0.0.125 "GET /v2.0/routers/26a8b790-7200-4f59-9a0b-68805b25f6f8 HTTP/1.1" status: 200 len: 655 time: 0.0371540
2026-07-16 01:35:33.748 9 WARNING neutron.scheduler.dhcp_agent_scheduler [None req-f8556c6c-a861-414d-a47c-f353ae5dc8b5 db3b304dad3e4a0aa612aa32a0346bbc 496df187dc3e4c01adccf1fc0fb95693 - - default default] No more DHCP agents
2026-07-16 01:35:33.752 9 WARNING neutron.api.rpc.agentnotifiers.dhcp_rpc_agent_api [None req-f8556c6c-a861-414d-a47c-f353ae5dc8b5 db3b304dad3e4a0aa612aa32a0346bbc 496df187dc3e4c01adccf1fc0fb95693 - - default default] Unable to schedule network 3b421036-54ca-45c9-9f49-e76eef4dd1a7: no agents available; will retry on subsequent port and subnet creation events.
2026-07-16 01:35:33.865 9 INFO neutron.db.ovn_revision_numbers_db [None req-6c2ac208-0920-445d-b3fb-a8ba9fc3c2ef - - - - - -] Successfully bumped revision number for resource b00d36f7-ea19-4c26-a17c-582a7d5f1362 (type: ports) to 2
2026-07-16 01:35:34.077 10 INFO neutron.wsgi [None req-4d663a9c-a5cc-451f-8be2-2ec9000f3a99 0817fd5b3e6b45dbacdc103ec2d844b1 8eea3b212238462d83e775bc6af00be1 - - default default] 10.0.0.125 "PUT /v2.0/routers/26a8b790-7200-4f59-9a0b-68805b25f6f8 HTTP/1.1" status: 200 len: 655 time: 0.4091268
2026-07-16 01:35:34.080 9 INFO neutron.db.ovn_revision_numbers_db [None req-f8556c6c-a861-414d-a47c-f353ae5dc8b5 db3b304dad3e4a0aa612aa32a0346bbc 496df187dc3e4c01adccf1fc0fb95693 - - default default] Successfully bumped revision number for resource b00d36f7-ea19-4c26-a17c-582a7d5f1362 (type: router_ports) to 2
2026-07-16 01:35:34.082 9 INFO neutron.wsgi [None req-f8556c6c-a861-414d-a47c-f353ae5dc8b5 db3b304dad3e4a0aa612aa32a0346bbc 496df187dc3e4c01adccf1fc0fb95693 - - default default] 10.0.0.125 "PUT /v2.0/routers/4f8a6a9c-4afb-44cf-9050-2935506aceee/add_router_interface HTTP/1.1" status: 200 len: 503 time: 2.6643045
2026-07-16 01:35:34.101 10 INFO neutron.wsgi [None req-19d022dd-d5ad-4192-bd2a-1e292c00d242 0817fd5b3e6b45dbacdc103ec2d844b1 8eea3b212238462d83e775bc6af00be1 - - default default] 10.0.0.125 "GET /v2.0/ports?device_id=26a8b790-7200-4f59-9a0b-68805b25f6f8 HTTP/1.1" status: 200 len: 205 time: 0.0195742
2026-07-16 01:35:34.175 10 INFO neutron.wsgi [None req-4f6cb231-9090-4f97-a61b-9df7f7b83c70 db3b304dad3e4a0aa612aa32a0346bbc 496df187dc3e4c01adccf1fc0fb95693 - - default default] 10.0.0.125 "GET /v2.0/ports/b00d36f7-ea19-4c26-a17c-582a7d5f1362 HTTP/1.1" status: 200 len: 1137 time: 0.0877440
2026-07-16 01:35:34.211 10 INFO neutron.wsgi [None req-3a8105a6-bef8-4823-97cb-2bd63ddcde25 db3b304dad3e4a0aa612aa32a0346bbc 496df187dc3e4c01adccf1fc0fb95693 - - default default] 10.0.0.125 "GET /v2.0/ports/b00d36f7-ea19-4c26-a17c-582a7d5f1362 HTTP/1.1" status: 200 len: 1137 time: 0.0306456
2026-07-16 01:35:34.314 9 INFO neutron.db.ovn_revision_numbers_db [None req-7cc72864-8b14-436c-b8cf-1def9d08eaa4 a657024cace84230873880e12c4b1dbe 6ee18913d5e74b398bb6a0ad61c080c1 - - default default] Successfully bumped revision number for resource d7ffa3c3-39ef-4eb1-96c9-b9d53d5fe7c5 (type: ports) to 2
2026-07-16 01:35:34.329 9 INFO neutron.wsgi [None req-ca7ed841-542a-4ed3-859c-f1e521a47a33 0817fd5b3e6b45dbacdc103ec2d844b1 8eea3b212238462d83e775bc6af00be1 - - default default] 10.0.0.125 "DELETE /v2.0/routers/26a8b790-7200-4f59-9a0b-68805b25f6f8 HTTP/1.1" status: 204 len: 168 time: 0.2224388
2026-07-16 01:35:34.348 9 INFO neutron.db.ovn_revision_numbers_db [None req-7cc72864-8b14-436c-b8cf-1def9d08eaa4 a657024cace84230873880e12c4b1dbe 6ee18913d5e74b398bb6a0ad61c080c1 - - default default] Successfully bumped revision number for resource 25e49b59-0bee-4dee-94c6-40dc832bd5f7 (type: subnets) to 0
2026-07-16 01:35:34.363 9 INFO neutron.wsgi [None req-7cc72864-8b14-436c-b8cf-1def9d08eaa4 a657024cace84230873880e12c4b1dbe 6ee18913d5e74b398bb6a0ad61c080c1 - - default default] 10.0.0.125 "POST /v2.0/subnets HTTP/1.1" status: 201 len: 804 time: 1.2537260
2026-07-16 01:35:34.457 9 INFO neutron.db.segments_db [None req-ca3d53ac-007e-46d2-8f16-3d3a3cfe7530 a657024cace84230873880e12c4b1dbe 6ee18913d5e74b398bb6a0ad61c080c1 - - default default] Added segment 1f537691-d946-4573-a03d-ac3fbfa92fe8 of type geneve for network 66835d74-155c-470c-b46a-8d91bf91dc40
2026-07-16 01:35:34.608 9 INFO neutron.db.ovn_revision_numbers_db [None req-ca3d53ac-007e-46d2-8f16-3d3a3cfe7530 a657024cace84230873880e12c4b1dbe 6ee18913d5e74b398bb6a0ad61c080c1 - - default default] Successfully bumped revision number for resource 66835d74-155c-470c-b46a-8d91bf91dc40 (type: networks) to 1
2026-07-16 01:35:34.780 9 WARNING neutron.scheduler.dhcp_agent_scheduler [None req-ca3d53ac-007e-46d2-8f16-3d3a3cfe7530 a657024cace84230873880e12c4b1dbe 6ee18913d5e74b398bb6a0ad61c080c1 - - default default] No more DHCP agents
2026-07-16 01:35:34.784 9 WARNING neutron.api.rpc.agentnotifiers.dhcp_rpc_agent_api [None req-ca3d53ac-007e-46d2-8f16-3d3a3cfe7530 a657024cace84230873880e12c4b1dbe 6ee18913d5e74b398bb6a0ad61c080c1 - - default default] Unable to schedule network 66835d74-155c-470c-b46a-8d91bf91dc40: no agents available; will retry on subsequent port and subnet creation events.
2026-07-16 01:35:34.877 9 INFO neutron.db.ovn_revision_numbers_db [None req-ca3d53ac-007e-46d2-8f16-3d3a3cfe7530 a657024cace84230873880e12c4b1dbe 6ee18913d5e74b398bb6a0ad61c080c1 - - default default] Successfully bumped revision number for resource 3a97f77b-75be-4632-a8de-99b3b18f8489 (type: ports) to 1
2026-07-16 01:35:34.896 9 INFO neutron.wsgi [None req-ca3d53ac-007e-46d2-8f16-3d3a3cfe7530 a657024cace84230873880e12c4b1dbe 6ee18913d5e74b398bb6a0ad61c080c1 - - default default] 10.0.0.125 "POST /v2.0/networks HTTP/1.1" status: 201 len: 830 time: 0.5293884
2026-07-16 01:35:34.910 10 INFO neutron.wsgi [None req-cbb77554-d967-4e93-806c-890982142e06 db3b304dad3e4a0aa612aa32a0346bbc 496df187dc3e4c01adccf1fc0fb95693 - - default default] 10.0.0.125 "PUT /v2.0/routers/4f8a6a9c-4afb-44cf-9050-2935506aceee/remove_router_interface HTTP/1.1" status: 200 len: 503 time: 0.6939356
2026-07-16 01:35:35.241 9 INFO neutron.wsgi [None req-a62fece5-4e5b-4d88-83a3-c7f6ee27be15 db3b304dad3e4a0aa612aa32a0346bbc 496df187dc3e4c01adccf1fc0fb95693 - - default default] 10.0.0.125 "GET /v2.0/ports/6cdba1db-79be-4ebc-bc72-0395163f9023 HTTP/1.1" status: 200 len: 1137 time: 0.3272145 /var/lib/openstack/lib/python3.10/site-packages/pycadf/identifier.py:71: UserWarning: Invalid uuid: neutron. To ensure interoperability, identifiers should be a valid uuid. warnings.warn(('Invalid uuid: %s. To ensure interoperability, '
2026-07-16 01:35:35.369 9 WARNING neutron.scheduler.dhcp_agent_scheduler [None req-06c29816-6f5e-4971-a47b-4c983789f70f a657024cace84230873880e12c4b1dbe 6ee18913d5e74b398bb6a0ad61c080c1 - - default default] No more DHCP agents
2026-07-16 01:35:35.373 9 WARNING neutron.api.rpc.agentnotifiers.dhcp_rpc_agent_api [None req-06c29816-6f5e-4971-a47b-4c983789f70f a657024cace84230873880e12c4b1dbe 6ee18913d5e74b398bb6a0ad61c080c1 - - default default] Unable to schedule network 66835d74-155c-470c-b46a-8d91bf91dc40: no agents available; will retry on subsequent port and subnet creation events.
2026-07-16 01:35:35.463 10 INFO neutron.db.ovn_revision_numbers_db [None req-f185749c-c166-4536-aad8-66bab2cf3b22 d820dc69025e459489f1f963b7dcb981 6a2907b7dded4e32bb1f33dd1010ea75 - - default default] Successfully bumped revision number for resource bd297b69-8a7a-4673-b3a0-fb1fe5031f65 (type: security_groups) to 1
2026-07-16 01:35:35.479 10 INFO neutron.db.ovn_revision_numbers_db [None req-f185749c-c166-4536-aad8-66bab2cf3b22 d820dc69025e459489f1f963b7dcb981 6a2907b7dded4e32bb1f33dd1010ea75 - - default default] Successfully bumped revision number for resource 149c0b5c-e2e8-4282-b4ab-04c18d9467de (type: security_group_rules) to 0
2026-07-16 01:35:35.505 10 INFO neutron.db.ovn_revision_numbers_db [None req-f185749c-c166-4536-aad8-66bab2cf3b22 d820dc69025e459489f1f963b7dcb981 6a2907b7dded4e32bb1f33dd1010ea75 - - default default] Successfully bumped revision number for resource 3fa4c30a-bc94-49c2-9000-1d9329f9de93 (type: security_group_rules) to 0
2026-07-16 01:35:35.526 10 INFO neutron.db.ovn_revision_numbers_db [None req-f185749c-c166-4536-aad8-66bab2cf3b22 d820dc69025e459489f1f963b7dcb981 6a2907b7dded4e32bb1f33dd1010ea75 - - default default] Successfully bumped revision number for resource a062b341-dbc1-4234-8760-ee07e7a90f78 (type: security_group_rules) to 0
2026-07-16 01:35:35.560 10 INFO neutron.db.ovn_revision_numbers_db [None req-f185749c-c166-4536-aad8-66bab2cf3b22 d820dc69025e459489f1f963b7dcb981 6a2907b7dded4e32bb1f33dd1010ea75 - - default default] Successfully bumped revision number for resource da551ee0-0037-4b03-bd88-c1d042e00715 (type: security_group_rules) to 0
2026-07-16 01:35:35.596 10 INFO neutron.wsgi [None req-f185749c-c166-4536-aad8-66bab2cf3b22 d820dc69025e459489f1f963b7dcb981 6a2907b7dded4e32bb1f33dd1010ea75 - - default default] 10.0.0.125 "GET /v2.0/security-groups?tenant_id=ff856c651dd341bc9f970abead90d020&name=default HTTP/1.1" status: 200 len: 2996 time: 0.4589856
2026-07-16 01:35:35.887 9 INFO neutron.db.ovn_revision_numbers_db [None req-06c29816-6f5e-4971-a47b-4c983789f70f a657024cace84230873880e12c4b1dbe 6ee18913d5e74b398bb6a0ad61c080c1 - - default default] Successfully bumped revision number for resource 3a97f77b-75be-4632-a8de-99b3b18f8489 (type: ports) to 2
2026-07-16 01:35:35.908 9 INFO neutron.wsgi [None req-8ea042cf-c739-4cc7-b283-3ed25ef35d26 d820dc69025e459489f1f963b7dcb981 6a2907b7dded4e32bb1f33dd1010ea75 - - default default] 10.0.0.125 "DELETE /v2.0/security-groups/bd297b69-8a7a-4673-b3a0-fb1fe5031f65 HTTP/1.1" status: 204 len: 168 time: 0.3060541
2026-07-16 01:35:35.922 9 INFO neutron.db.ovn_revision_numbers_db [None req-06c29816-6f5e-4971-a47b-4c983789f70f a657024cace84230873880e12c4b1dbe 6ee18913d5e74b398bb6a0ad61c080c1 - - default default] Successfully bumped revision number for resource 7a3cfc0d-b227-4749-bf45-a977669a7228 (type: subnets) to 0
2026-07-16 01:35:35.933 10 INFO neutron.wsgi [None req-37894b48-b7df-4d55-b202-19a4fb0057ec db3b304dad3e4a0aa612aa32a0346bbc 496df187dc3e4c01adccf1fc0fb95693 - - default default] 10.0.0.125 "PUT /v2.0/routers/4f8a6a9c-4afb-44cf-9050-2935506aceee/remove_router_interface HTTP/1.1" status: 200 len: 503 time: 0.6869342
2026-07-16 01:35:35.952 9 INFO neutron.wsgi [None req-06c29816-6f5e-4971-a47b-4c983789f70f a657024cace84230873880e12c4b1dbe 6ee18913d5e74b398bb6a0ad61c080c1 - - default default] 10.0.0.125 "POST /v2.0/subnets HTTP/1.1" status: 201 len: 804 time: 1.0511220
2026-07-16 01:35:35.971 9 INFO neutron.wsgi [None req-3f7d4b22-c850-4a6b-8450-74872969fee2 db3b304dad3e4a0aa612aa32a0346bbc 496df187dc3e4c01adccf1fc0fb95693 - - default default] 10.0.0.125 "GET /v2.0/ports?device_id=4f8a6a9c-4afb-44cf-9050-2935506aceee HTTP/1.1" status: 200 len: 205 time: 0.0342596 /var/lib/openstack/lib/python3.10/site-packages/pycadf/identifier.py:71: UserWarning: Invalid uuid: neutron. To ensure interoperability, identifiers should be a valid uuid. warnings.warn(('Invalid uuid: %s. To ensure interoperability, '
2026-07-16 01:35:36.053 9 INFO neutron.db.segments_db [None req-3ee13b10-9fd1-440b-b10b-be7e066ab433 a657024cace84230873880e12c4b1dbe 6ee18913d5e74b398bb6a0ad61c080c1 - - default default] Added segment 3163fae6-82a7-44cc-9db3-cb7db4715c80 of type geneve for network 141ef02a-19aa-4d2d-8d5c-6fa40775aa2e
2026-07-16 01:35:36.148 9 INFO neutron.db.ovn_revision_numbers_db [None req-1eb37a0f-898d-4930-926d-319c361a84d8 d820dc69025e459489f1f963b7dcb981 6a2907b7dded4e32bb1f33dd1010ea75 - - default default] Successfully bumped revision number for resource 32842ce5-ace9-4c96-8777-7b76662a8696 (type: security_groups) to 1
2026-07-16 01:35:36.184 9 INFO neutron.db.ovn_revision_numbers_db [None req-1eb37a0f-898d-4930-926d-319c361a84d8 d820dc69025e459489f1f963b7dcb981 6a2907b7dded4e32bb1f33dd1010ea75 - - default default] Successfully bumped revision number for resource 47441549-99ca-4233-8f25-e9e72e62f745 (type: security_group_rules) to 0
2026-07-16 01:35:36.214 9 INFO neutron.db.ovn_revision_numbers_db [None req-1eb37a0f-898d-4930-926d-319c361a84d8 d820dc69025e459489f1f963b7dcb981 6a2907b7dded4e32bb1f33dd1010ea75 - - default default] Successfully bumped revision number for resource a32cf4ca-cd4e-41ea-94a5-17a1f2f8d354 (type: security_group_rules) to 0
2026-07-16 01:35:36.226 9 INFO neutron.db.ovn_revision_numbers_db [None req-3ee13b10-9fd1-440b-b10b-be7e066ab433 a657024cace84230873880e12c4b1dbe 6ee18913d5e74b398bb6a0ad61c080c1 - - default default] Successfully bumped revision number for resource 141ef02a-19aa-4d2d-8d5c-6fa40775aa2e (type: networks) to 1
2026-07-16 01:35:36.229 9 INFO neutron.db.ovn_revision_numbers_db [None req-1eb37a0f-898d-4930-926d-319c361a84d8 d820dc69025e459489f1f963b7dcb981 6a2907b7dded4e32bb1f33dd1010ea75 - - default default] Successfully bumped revision number for resource ebc2b9d8-99b1-4dd3-a9b4-110886246126 (type: security_group_rules) to 0
2026-07-16 01:35:36.229 10 WARNING neutron.plugins.ml2.drivers.ovn.mech_driver.ovsdb.ovn_client [None req-06b30248-a1f7-4ba9-98df-5168947f8074 - - - - - -] No port found with ID 6cdba1db-79be-4ebc-bc72-0395163f9023: RuntimeError: No port found with ID 6cdba1db-79be-4ebc-bc72-0395163f9023
2026-07-16 01:35:36.259 9 INFO neutron.db.ovn_revision_numbers_db [None req-1eb37a0f-898d-4930-926d-319c361a84d8 d820dc69025e459489f1f963b7dcb981 6a2907b7dded4e32bb1f33dd1010ea75 - - default default] Successfully bumped revision number for resource f8ff930e-14d9-411f-96b8-ef4ef26a8026 (type: security_group_rules) to 0
2026-07-16 01:35:36.294 9 INFO neutron.wsgi [None req-1eb37a0f-898d-4930-926d-319c361a84d8 d820dc69025e459489f1f963b7dcb981 6a2907b7dded4e32bb1f33dd1010ea75 - - default default] 10.0.0.125 "GET /v2.0/security-groups?tenant_id=8eea3b212238462d83e775bc6af00be1&name=default HTTP/1.1" status: 200 len: 2996 time: 0.2897966
2026-07-16 01:35:36.402 10 INFO neutron.wsgi [None req-500ddd61-a488-4fc8-814b-40ea1d2712fe db3b304dad3e4a0aa612aa32a0346bbc 496df187dc3e4c01adccf1fc0fb95693 - - default default] 10.0.0.125 "DELETE /v2.0/routers/4f8a6a9c-4afb-44cf-9050-2935506aceee HTTP/1.1" status: 204 len: 168 time: 0.4260359
2026-07-16 01:35:36.417 9 WARNING neutron.scheduler.dhcp_agent_scheduler [None req-3ee13b10-9fd1-440b-b10b-be7e066ab433 a657024cace84230873880e12c4b1dbe 6ee18913d5e74b398bb6a0ad61c080c1 - - default default] No more DHCP agents
2026-07-16 01:35:36.421 9 WARNING neutron.api.rpc.agentnotifiers.dhcp_rpc_agent_api [None req-3ee13b10-9fd1-440b-b10b-be7e066ab433 a657024cace84230873880e12c4b1dbe 6ee18913d5e74b398bb6a0ad61c080c1 - - default default] Unable to schedule network 141ef02a-19aa-4d2d-8d5c-6fa40775aa2e: no agents available; will retry on subsequent port and subnet creation events.
2026-07-16 01:35:36.507 9 INFO neutron.db.ovn_revision_numbers_db [None req-3ee13b10-9fd1-440b-b10b-be7e066ab433 a657024cace84230873880e12c4b1dbe 6ee18913d5e74b398bb6a0ad61c080c1 - - default default] Successfully bumped revision number for resource 8b815274-fb7f-4ea4-8a55-cae3cad8e50d (type: ports) to 1
2026-07-16 01:35:36.527 9 INFO neutron.wsgi [None req-3ee13b10-9fd1-440b-b10b-be7e066ab433 a657024cace84230873880e12c4b1dbe 6ee18913d5e74b398bb6a0ad61c080c1 - - default default] 10.0.0.125 "POST /v2.0/networks HTTP/1.1" status: 201 len: 830 time: 0.5715671
2026-07-16 01:35:36.590 9 INFO neutron.wsgi [None req-be703fda-cc23-4331-ad82-43c41637239a d820dc69025e459489f1f963b7dcb981 6a2907b7dded4e32bb1f33dd1010ea75 - - default default] 10.0.0.125 "DELETE /v2.0/security-groups/32842ce5-ace9-4c96-8777-7b76662a8696 HTTP/1.1" status: 204 len: 168 time: 0.2875021
2026-07-16 01:35:36.614 10 INFO neutron.wsgi [None req-82843e4b-e49f-46f2-903a-9e232b73aac3 db3b304dad3e4a0aa612aa32a0346bbc 496df187dc3e4c01adccf1fc0fb95693 - - default default] 10.0.0.125 "DELETE /v2.0/subnets/e4aaa895-ae57-42c1-85df-9615e34f66df HTTP/1.1" status: 204 len: 168 time: 0.2061439
2026-07-16 01:35:36.856 10 INFO neutron.db.ovn_revision_numbers_db [None req-d6605f8a-711c-4af5-9d34-fff02488ee59 d820dc69025e459489f1f963b7dcb981 6a2907b7dded4e32bb1f33dd1010ea75 - - default default] Successfully bumped revision number for resource d492a844-234c-4f48-82a3-4b2a661c59ae (type: security_groups) to 1
2026-07-16 01:35:36.868 10 INFO neutron.db.ovn_revision_numbers_db [None req-d6605f8a-711c-4af5-9d34-fff02488ee59 d820dc69025e459489f1f963b7dcb981 6a2907b7dded4e32bb1f33dd1010ea75 - - default default] Successfully bumped revision number for resource 0a8ffdbb-e999-4069-a2ae-85f3584f04d2 (type: security_group_rules) to 0
2026-07-16 01:35:36.881 10 INFO neutron.db.ovn_revision_numbers_db [None req-d6605f8a-711c-4af5-9d34-fff02488ee59 d820dc69025e459489f1f963b7dcb981 6a2907b7dded4e32bb1f33dd1010ea75 - - default default] Successfully bumped revision number for resource 22dcf36a-c3a6-4dd2-88d9-ed5eab263f2c (type: security_group_rules) to 0
2026-07-16 01:35:36.891 9 WARNING neutron.scheduler.dhcp_agent_scheduler [None req-e1e1e883-1485-4870-ae55-f74e227bc616 a657024cace84230873880e12c4b1dbe 6ee18913d5e74b398bb6a0ad61c080c1 - - default default] No more DHCP agents
2026-07-16 01:35:36.894 9 WARNING neutron.api.rpc.agentnotifiers.dhcp_rpc_agent_api [None req-e1e1e883-1485-4870-ae55-f74e227bc616 a657024cace84230873880e12c4b1dbe 6ee18913d5e74b398bb6a0ad61c080c1 - - default default] Unable to schedule network 141ef02a-19aa-4d2d-8d5c-6fa40775aa2e: no agents available; will retry on subsequent port and subnet creation events.
2026-07-16 01:35:36.894 10 INFO neutron.db.ovn_revision_numbers_db [None req-d6605f8a-711c-4af5-9d34-fff02488ee59 d820dc69025e459489f1f963b7dcb981 6a2907b7dded4e32bb1f33dd1010ea75 - - default default] Successfully bumped revision number for resource 2901d1ba-ac89-470a-9af9-e8d22dd94bf4 (type: security_group_rules) to 0
2026-07-16 01:35:36.907 10 INFO neutron.db.ovn_revision_numbers_db [None req-d6605f8a-711c-4af5-9d34-fff02488ee59 d820dc69025e459489f1f963b7dcb981 6a2907b7dded4e32bb1f33dd1010ea75 - - default default] Successfully bumped revision number for resource b1ca5e53-e9d7-4aac-939c-49d6615d6f5d (type: security_group_rules) to 0
2026-07-16 01:35:36.915 9 INFO neutron.wsgi [None req-843abaa6-3589-4122-93c6-effa6534df3a db3b304dad3e4a0aa612aa32a0346bbc 496df187dc3e4c01adccf1fc0fb95693 - - default default] 10.0.0.125 "DELETE /v2.0/subnets/38ddf476-a532-4e8a-b9f8-c38e5a96e8d7 HTTP/1.1" status: 204 len: 168 time: 0.2961776
2026-07-16 01:35:36.928 10 INFO neutron.wsgi [None req-d6605f8a-711c-4af5-9d34-fff02488ee59 d820dc69025e459489f1f963b7dcb981 6a2907b7dded4e32bb1f33dd1010ea75 - - default default] 10.0.0.125 "GET /v2.0/security-groups?tenant_id=be1dd151a7f643a58ae01101f3f02beb&name=default HTTP/1.1" status: 200 len: 2996 time: 0.1693766
2026-07-16 01:35:37.109 10 INFO neutron.wsgi [None req-90341333-ea73-4330-b554-de95a120a735 d820dc69025e459489f1f963b7dcb981 6a2907b7dded4e32bb1f33dd1010ea75 - - default default] 10.0.0.125 "DELETE /v2.0/security-groups/d492a844-234c-4f48-82a3-4b2a661c59ae HTTP/1.1" status: 204 len: 168 time: 0.1770246
2026-07-16 01:35:37.354 9 INFO neutron.services.segments.plugin [-] Segment 1dc6ca66-2216-46c3-9e99-60e914c0d4a2 resource provider aggregate not found
2026-07-16 01:35:37.359 9 INFO neutron.services.segments.plugin [-] Segment 1dc6ca66-2216-46c3-9e99-60e914c0d4a2 resource provider aggregate not found
2026-07-16 01:35:37.388 9 INFO neutron.services.segments.plugin [-] Segment 1dc6ca66-2216-46c3-9e99-60e914c0d4a2 resource provider not found; error: Placement Client Error (4xx): {"errors": [{"status": 404, "title": "Not Found", "detail": "The resource could not be found.\n\n No resource provider with uuid 1dc6ca66-2216-46c3-9e99-60e914c0d4a2 found for delete ", "request_id": "req-9793d4b2-e1ae-4a81-b581-4d7cd6c34e0b"}]}
2026-07-16 01:35:37.394 9 INFO neutron.services.segments.plugin [-] Segment 1dc6ca66-2216-46c3-9e99-60e914c0d4a2 resource provider not found; error: Placement Client Error (4xx): {"errors": [{"status": 404, "title": "Not Found", "detail": "The resource could not be found.\n\n No resource provider with uuid 1dc6ca66-2216-46c3-9e99-60e914c0d4a2 found for delete ", "request_id": "req-6eef46c9-9aaf-4741-b1a6-e2d0e3b7b0a2"}]}
2026-07-16 01:35:37.416 9 INFO neutron.wsgi [None req-6267b1b2-ce12-427b-b6e3-c4edfbb4f139 db3b304dad3e4a0aa612aa32a0346bbc 496df187dc3e4c01adccf1fc0fb95693 - - default default] 10.0.0.125 "DELETE /v2.0/networks/3b421036-54ca-45c9-9f49-e76eef4dd1a7 HTTP/1.1" status: 204 len: 168 time: 0.4961827
2026-07-16 01:35:37.506 9 INFO neutron.db.ovn_revision_numbers_db [None req-e1e1e883-1485-4870-ae55-f74e227bc616 a657024cace84230873880e12c4b1dbe 6ee18913d5e74b398bb6a0ad61c080c1 - - default default] Successfully bumped revision number for resource 8b815274-fb7f-4ea4-8a55-cae3cad8e50d (type: ports) to 2
2026-07-16 01:35:37.543 9 INFO neutron.db.ovn_revision_numbers_db [None req-e1e1e883-1485-4870-ae55-f74e227bc616 a657024cace84230873880e12c4b1dbe 6ee18913d5e74b398bb6a0ad61c080c1 - - default default] Successfully bumped revision number for resource c5c5edb0-da67-4e90-8886-661b9a86c77d (type: subnets) to 0
2026-07-16 01:35:37.561 9 INFO neutron.wsgi [None req-e1e1e883-1485-4870-ae55-f74e227bc616 a657024cace84230873880e12c4b1dbe 6ee18913d5e74b398bb6a0ad61c080c1 - - default default] 10.0.0.125 "POST /v2.0/subnets HTTP/1.1" status: 201 len: 804 time: 1.0276134
2026-07-16 01:35:37.644 9 INFO neutron.db.segments_db [None req-c19cc445-962a-47ff-8db6-6932b00f868d a657024cace84230873880e12c4b1dbe 6ee18913d5e74b398bb6a0ad61c080c1 - - default default] Added segment f40403e3-2478-4cf2-870b-e672b1b36955 of type geneve for network 5726d338-f75b-4c31-ae2b-0fff576bc533
2026-07-16 01:35:37.797 10 INFO neutron.services.segments.plugin [-] Segment 9333e3eb-6615-4329-ab1f-260719edf53e resource provider aggregate not found
2026-07-16 01:35:37.805 10 INFO neutron.services.segments.plugin [-] Segment 9333e3eb-6615-4329-ab1f-260719edf53e resource provider aggregate not found
2026-07-16 01:35:37.814 10 INFO neutron.services.segments.plugin [-] Segment 9333e3eb-6615-4329-ab1f-260719edf53e resource provider not found; error: Placement Client Error (4xx): {"errors": [{"status": 404, "title": "Not Found", "detail": "The resource could not be found.\n\n No resource provider with uuid 9333e3eb-6615-4329-ab1f-260719edf53e found for delete ", "request_id": "req-348bb0ae-6d39-4a65-ac8a-2023fdba0c3d"}]}
2026-07-16 01:35:37.818 9 INFO neutron.db.ovn_revision_numbers_db [None req-c19cc445-962a-47ff-8db6-6932b00f868d a657024cace84230873880e12c4b1dbe 6ee18913d5e74b398bb6a0ad61c080c1 - - default default] Successfully bumped revision number for resource 5726d338-f75b-4c31-ae2b-0fff576bc533 (type: networks) to 1
2026-07-16 01:35:37.823 10 INFO neutron.services.segments.plugin [-] Segment 9333e3eb-6615-4329-ab1f-260719edf53e resource provider not found; error: Placement Client Error (4xx): {"errors": [{"status": 404, "title": "Not Found", "detail": "The resource could not be found.\n\n No resource provider with uuid 9333e3eb-6615-4329-ab1f-260719edf53e found for delete ", "request_id": "req-c3d507e7-e50e-4401-962f-682cfe9e9e2a"}]}
2026-07-16 01:35:37.847 10 INFO neutron.wsgi [None req-f1db2976-6798-496d-8dd3-f9e91db5892d db3b304dad3e4a0aa612aa32a0346bbc 496df187dc3e4c01adccf1fc0fb95693 - - default default] 10.0.0.125 "DELETE /v2.0/networks/78c61fd8-1e29-45b2-81e4-0ea5df742915 HTTP/1.1" status: 204 len: 168 time: 0.4234774
2026-07-16 01:35:37.945 10 INFO neutron.db.segments_db [None req-dd6dfe77-8d29-48fe-85cc-4b6fde04bc73 db3b304dad3e4a0aa612aa32a0346bbc 496df187dc3e4c01adccf1fc0fb95693 - - default default] Added segment 7cb27add-21e7-4686-984d-3be93cbb36da of type geneve for network 72b3a525-39d5-4c19-8b0f-90d62b7fb02c
2026-07-16 01:35:37.978 9 WARNING neutron.scheduler.dhcp_agent_scheduler [None req-c19cc445-962a-47ff-8db6-6932b00f868d a657024cace84230873880e12c4b1dbe 6ee18913d5e74b398bb6a0ad61c080c1 - - default default] No more DHCP agents
2026-07-16 01:35:37.981 9 WARNING neutron.api.rpc.agentnotifiers.dhcp_rpc_agent_api [None req-c19cc445-962a-47ff-8db6-6932b00f868d a657024cace84230873880e12c4b1dbe 6ee18913d5e74b398bb6a0ad61c080c1 - - default default] Unable to schedule network 5726d338-f75b-4c31-ae2b-0fff576bc533: no agents available; will retry on subsequent port and subnet creation events.
2026-07-16 01:35:38.057 9 INFO neutron.db.ovn_revision_numbers_db [None req-c19cc445-962a-47ff-8db6-6932b00f868d a657024cace84230873880e12c4b1dbe 6ee18913d5e74b398bb6a0ad61c080c1 - - default default] Successfully bumped revision number for resource 0668240c-781e-4390-9622-285b992e7038 (type: ports) to 1
2026-07-16 01:35:38.078 9 INFO neutron.wsgi [None req-c19cc445-962a-47ff-8db6-6932b00f868d a657024cace84230873880e12c4b1dbe 6ee18913d5e74b398bb6a0ad61c080c1 - - default default] 10.0.0.125 "POST /v2.0/networks HTTP/1.1" status: 201 len: 831 time: 0.5119097
2026-07-16 01:35:38.099 10 INFO neutron.db.ovn_revision_numbers_db [None req-dd6dfe77-8d29-48fe-85cc-4b6fde04bc73 db3b304dad3e4a0aa612aa32a0346bbc 496df187dc3e4c01adccf1fc0fb95693 - - default default] Successfully bumped revision number for resource 72b3a525-39d5-4c19-8b0f-90d62b7fb02c (type: networks) to 1
2026-07-16 01:35:38.152 10 INFO neutron.wsgi [-] 10.0.0.220 "GET / HTTP/1.1" status: 200 len: 247 time: 0.0014050
2026-07-16 01:35:38.154 10 INFO neutron.wsgi [-] 10.0.0.220 "GET / HTTP/1.1" status: 200 len: 247 time: 0.0009062
2026-07-16 01:35:38.261 10 WARNING neutron.scheduler.dhcp_agent_scheduler [None req-dd6dfe77-8d29-48fe-85cc-4b6fde04bc73 db3b304dad3e4a0aa612aa32a0346bbc 496df187dc3e4c01adccf1fc0fb95693 - - default default] No more DHCP agents
2026-07-16 01:35:38.263 10 WARNING neutron.api.rpc.agentnotifiers.dhcp_rpc_agent_api [None req-dd6dfe77-8d29-48fe-85cc-4b6fde04bc73 db3b304dad3e4a0aa612aa32a0346bbc 496df187dc3e4c01adccf1fc0fb95693 - - default default] Unable to schedule network 72b3a525-39d5-4c19-8b0f-90d62b7fb02c: no agents available; will retry on subsequent port and subnet creation events.
2026-07-16 01:35:38.292 9 WARNING neutron.scheduler.dhcp_agent_scheduler [None req-11d16719-184b-46a0-a470-3c302fbcbfc0 a657024cace84230873880e12c4b1dbe 6ee18913d5e74b398bb6a0ad61c080c1 - - default default] No more DHCP agents
2026-07-16 01:35:38.294 9 WARNING neutron.api.rpc.agentnotifiers.dhcp_rpc_agent_api [None req-11d16719-184b-46a0-a470-3c302fbcbfc0 a657024cace84230873880e12c4b1dbe 6ee18913d5e74b398bb6a0ad61c080c1 - - default default] Unable to schedule network 5726d338-f75b-4c31-ae2b-0fff576bc533: no agents available; will retry on subsequent port and subnet creation events.
2026-07-16 01:35:38.344 10 INFO neutron.db.ovn_revision_numbers_db [None req-dd6dfe77-8d29-48fe-85cc-4b6fde04bc73 db3b304dad3e4a0aa612aa32a0346bbc 496df187dc3e4c01adccf1fc0fb95693 - - default default] Successfully bumped revision number for resource 5213f764-fc82-4760-99ff-86a1028361ca (type: ports) to 1
2026-07-16 01:35:38.362 10 INFO neutron.wsgi [None req-dd6dfe77-8d29-48fe-85cc-4b6fde04bc73 db3b304dad3e4a0aa612aa32a0346bbc 496df187dc3e4c01adccf1fc0fb95693 - - default default] 10.0.0.125 "POST /v2.0/networks HTTP/1.1" status: 201 len: 829 time: 0.5057738
2026-07-16 01:35:38.601 10 WARNING neutron.scheduler.dhcp_agent_scheduler [None req-53abd2f7-e0b5-4f4f-8f2a-dcd875752735 db3b304dad3e4a0aa612aa32a0346bbc 496df187dc3e4c01adccf1fc0fb95693 - - default default] No more DHCP agents
2026-07-16 01:35:38.603 10 WARNING neutron.api.rpc.agentnotifiers.dhcp_rpc_agent_api [None req-53abd2f7-e0b5-4f4f-8f2a-dcd875752735 db3b304dad3e4a0aa612aa32a0346bbc 496df187dc3e4c01adccf1fc0fb95693 - - default default] Unable to schedule network 72b3a525-39d5-4c19-8b0f-90d62b7fb02c: no agents available; will retry on subsequent port and subnet creation events.
2026-07-16 01:35:38.769 9 INFO neutron.db.ovn_revision_numbers_db [None req-11d16719-184b-46a0-a470-3c302fbcbfc0 a657024cace84230873880e12c4b1dbe 6ee18913d5e74b398bb6a0ad61c080c1 - - default default] Successfully bumped revision number for resource 0668240c-781e-4390-9622-285b992e7038 (type: ports) to 2
2026-07-16 01:35:38.809 9 INFO neutron.db.ovn_revision_numbers_db [None req-11d16719-184b-46a0-a470-3c302fbcbfc0 a657024cace84230873880e12c4b1dbe 6ee18913d5e74b398bb6a0ad61c080c1 - - default default] Successfully bumped revision number for resource 85e22a1a-3584-4379-83d1-9967a0dab814 (type: subnets) to 0
2026-07-16 01:35:38.826 9 INFO neutron.wsgi [None req-11d16719-184b-46a0-a470-3c302fbcbfc0 a657024cace84230873880e12c4b1dbe 6ee18913d5e74b398bb6a0ad61c080c1 - - default default] 10.0.0.125 "POST /v2.0/subnets HTTP/1.1" status: 201 len: 804 time: 0.7444594
2026-07-16 01:35:38.869 9 INFO neutron.wsgi [None req-5e09748e-6e0c-41b9-8d44-6969bd65b126 a657024cace84230873880e12c4b1dbe 6ee18913d5e74b398bb6a0ad61c080c1 - - default default] 10.0.0.125 "PUT /v2.0/subnets/c172ebb8-1ccb-4071-88d8-f22ba8e7a13b/tags HTTP/1.1" status: 200 len: 210 time: 0.0388033
2026-07-16 01:35:38.919 9 INFO neutron.wsgi [None req-c44896c2-c3db-46a1-8097-c4ca7551af30 a657024cace84230873880e12c4b1dbe 6ee18913d5e74b398bb6a0ad61c080c1 - - default default] 10.0.0.125 "PUT /v2.0/subnets/25e49b59-0bee-4dee-94c6-40dc832bd5f7/tags HTTP/1.1" status: 200 len: 218 time: 0.0425828
2026-07-16 01:35:38.965 9 INFO neutron.wsgi [None req-f5976d06-af88-42c2-af62-c9344751137e a657024cace84230873880e12c4b1dbe 6ee18913d5e74b398bb6a0ad61c080c1 - - default default] 10.0.0.125 "PUT /v2.0/subnets/7a3cfc0d-b227-4749-bf45-a977669a7228/tags HTTP/1.1" status: 200 len: 227 time: 0.0408735
2026-07-16 01:35:39.009 9 INFO neutron.wsgi [None req-3f9b4534-3c10-4008-91df-0a32bca3a804 a657024cace84230873880e12c4b1dbe 6ee18913d5e74b398bb6a0ad61c080c1 - - default default] 10.0.0.125 "PUT /v2.0/subnets/c5c5edb0-da67-4e90-8886-661b9a86c77d/tags HTTP/1.1" status: 200 len: 212 time: 0.0392814
2026-07-16 01:35:39.075 9 INFO neutron.wsgi [None req-19eb5519-3775-4d66-93f7-572bdbf5f7c3 a657024cace84230873880e12c4b1dbe 6ee18913d5e74b398bb6a0ad61c080c1 - - default default] 10.0.0.125 "GET /v2.0/subnets?tags=red HTTP/1.1" status: 200 len: 2027 time: 0.0622160
2026-07-16 01:35:39.129 10 INFO neutron.db.ovn_revision_numbers_db [None req-53abd2f7-e0b5-4f4f-8f2a-dcd875752735 db3b304dad3e4a0aa612aa32a0346bbc 496df187dc3e4c01adccf1fc0fb95693 - - default default] Successfully bumped revision number for resource 5213f764-fc82-4760-99ff-86a1028361ca (type: ports) to 2
2026-07-16 01:35:39.139 9 INFO neutron.wsgi [None req-3eddaeca-1a7d-4117-aa66-39a971585eb7 a657024cace84230873880e12c4b1dbe 6ee18913d5e74b398bb6a0ad61c080c1 - - default default] 10.0.0.125 "GET /v2.0/subnets?tags=red%2Cblue HTTP/1.1" status: 200 len: 1430 time: 0.0586379
2026-07-16 01:35:39.196 10 INFO neutron.db.ovn_revision_numbers_db [None req-53abd2f7-e0b5-4f4f-8f2a-dcd875752735 db3b304dad3e4a0aa612aa32a0346bbc 496df187dc3e4c01adccf1fc0fb95693 - - default default] Successfully bumped revision number for resource 83586cd4-75a9-4466-b0e6-bf60be3c1db1 (type: subnets) to 0
2026-07-16 01:35:39.217 10 INFO neutron.wsgi [None req-53abd2f7-e0b5-4f4f-8f2a-dcd875752735 db3b304dad3e4a0aa612aa32a0346bbc 496df187dc3e4c01adccf1fc0fb95693 - - default default] 10.0.0.125 "POST /v2.0/subnets HTTP/1.1" status: 201 len: 801 time: 0.8508353
2026-07-16 01:35:39.392 10 INFO neutron.db.ovn_revision_numbers_db [None req-17d16346-b3c1-48bc-b645-0a8bd6a00769 db3b304dad3e4a0aa612aa32a0346bbc 496df187dc3e4c01adccf1fc0fb95693 - - default default] Successfully bumped revision number for resource b6cf4c4c-ab0f-4cfe-ba78-36e91c5348e9 (type: routers) to 1
2026-07-16 01:35:39.407 10 INFO neutron.wsgi [None req-17d16346-b3c1-48bc-b645-0a8bd6a00769 db3b304dad3e4a0aa612aa32a0346bbc 496df187dc3e4c01adccf1fc0fb95693 - - default default] 10.0.0.125 "POST /v2.0/routers HTTP/1.1" status: 201 len: 687 time: 0.1844299
2026-07-16 01:35:39.420 9 INFO neutron.wsgi [None req-6297f644-5e88-45af-97f1-2755eb9327c8 a657024cace84230873880e12c4b1dbe 6ee18913d5e74b398bb6a0ad61c080c1 - - default default] 10.0.0.125 "GET /v2.0/subnets?tags-any=blue HTTP/1.1" status: 200 len: 1430 time: 0.2745702
2026-07-16 01:35:39.478 9 INFO neutron.wsgi [None req-52c3c1b5-dcc3-49de-8300-2e3dad3da28d a657024cace84230873880e12c4b1dbe 6ee18913d5e74b398bb6a0ad61c080c1 - - default default] 10.0.0.125 "GET /v2.0/subnets?tags-any=red%2Cblue HTTP/1.1" status: 200 len: 2027 time: 0.0533178
2026-07-16 01:35:39.558 9 INFO neutron.wsgi [None req-bcf8d24d-b321-4fdc-b027-427ca35e6136 a657024cace84230873880e12c4b1dbe 6ee18913d5e74b398bb6a0ad61c080c1 - - default default] 10.0.0.125 "GET /v2.0/subnets?not-tags=red HTTP/1.1" status: 200 len: 2018 time: 0.0761380
2026-07-16 01:35:39.637 9 INFO neutron.wsgi [None req-02785942-d8fe-4446-bece-f3922bc901c1 a657024cace84230873880e12c4b1dbe 6ee18913d5e74b398bb6a0ad61c080c1 - - default default] 10.0.0.125 "GET /v2.0/subnets?not-tags=red%2Cblue HTTP/1.1" status: 200 len: 2615 time: 0.0765018
2026-07-16 01:35:39.730 9 INFO neutron.wsgi [None req-29f8d0e1-4139-4ca6-8bb4-de7a8ad66a1b a657024cace84230873880e12c4b1dbe 6ee18913d5e74b398bb6a0ad61c080c1 - - default default] 10.0.0.125 "GET /v2.0/subnets?not-tags-any=blue HTTP/1.1" status: 200 len: 2615 time: 0.0886626
2026-07-16 01:35:39.798 9 INFO neutron.wsgi [None req-473e494c-724b-4c34-9566-fc44bf3c6031 a657024cace84230873880e12c4b1dbe 6ee18913d5e74b398bb6a0ad61c080c1 - - default default] 10.0.0.125 "GET /v2.0/subnets?not-tags-any=red%2Cblue HTTP/1.1" status: 200 len: 2018 time: 0.0634096
2026-07-16 01:35:39.801 10 WARNING neutron.scheduler.dhcp_agent_scheduler [None req-1f27683d-d056-4b62-9229-11781ed1dc19 db3b304dad3e4a0aa612aa32a0346bbc 496df187dc3e4c01adccf1fc0fb95693 - - default default] No more DHCP agents
2026-07-16 01:35:39.803 10 WARNING neutron.api.rpc.agentnotifiers.dhcp_rpc_agent_api [None req-1f27683d-d056-4b62-9229-11781ed1dc19 db3b304dad3e4a0aa612aa32a0346bbc 496df187dc3e4c01adccf1fc0fb95693 - - default default] Unable to schedule network 72b3a525-39d5-4c19-8b0f-90d62b7fb02c: no agents available; will retry on subsequent port and subnet creation events.
2026-07-16 01:35:39.807 9 WARNING neutron.plugins.ml2.drivers.ovn.mech_driver.ovsdb.ovn_client [None req-6c2ac208-0920-445d-b3fb-a8ba9fc3c2ef - - - - - -] No port found with ID b00d36f7-ea19-4c26-a17c-582a7d5f1362: RuntimeError: No port found with ID b00d36f7-ea19-4c26-a17c-582a7d5f1362 /var/lib/openstack/lib/python3.10/site-packages/pycadf/identifier.py:71: UserWarning: Invalid uuid: neutron. To ensure interoperability, identifiers should be a valid uuid. warnings.warn(('Invalid uuid: %s. To ensure interoperability, '
2026-07-16 01:35:40.020 10 INFO neutron.db.ovn_revision_numbers_db [None req-1f27683d-d056-4b62-9229-11781ed1dc19 db3b304dad3e4a0aa612aa32a0346bbc 496df187dc3e4c01adccf1fc0fb95693 - - default default] Successfully bumped revision number for resource cd3e2479-2a2d-4294-85f4-dea2e4467d64 (type: ports) to 1
2026-07-16 01:35:40.041 10 INFO neutron.wsgi [None req-1f27683d-d056-4b62-9229-11781ed1dc19 db3b304dad3e4a0aa612aa32a0346bbc 496df187dc3e4c01adccf1fc0fb95693 - - default default] 10.0.0.125 "POST /v2.0/ports HTTP/1.1" status: 201 len: 1147 time: 0.6298022 /var/lib/openstack/lib/python3.10/site-packages/pycadf/identifier.py:71: UserWarning: Invalid uuid: neutron. To ensure interoperability, identifiers should be a valid uuid. warnings.warn(('Invalid uuid: %s. To ensure interoperability, '
2026-07-16 01:35:40.080 10 INFO neutron.wsgi [None req-4a5e12cf-7e2e-4ca0-ab80-f2ee81c7cef2 a657024cace84230873880e12c4b1dbe 6ee18913d5e74b398bb6a0ad61c080c1 - - default default] 10.0.0.125 "DELETE /v2.0/subnets/c172ebb8-1ccb-4071-88d8-f22ba8e7a13b HTTP/1.1" status: 204 len: 168 time: 0.2744105
2026-07-16 01:35:40.299 9 INFO neutron.wsgi [None req-e6a67e3b-0d60-4cb1-8a5a-b69666c73192 a657024cace84230873880e12c4b1dbe 6ee18913d5e74b398bb6a0ad61c080c1 - - default default] 10.0.0.125 "DELETE /v2.0/subnets/25e49b59-0bee-4dee-94c6-40dc832bd5f7 HTTP/1.1" status: 204 len: 168 time: 0.2143803
2026-07-16 01:35:40.439 10 INFO neutron.plugins.ml2.drivers.ovn.mech_driver.mech_driver [None req-06b30248-a1f7-4ba9-98df-5168947f8074 - - - - - -] OVN reports status up for port: cd3e2479-2a2d-4294-85f4-dea2e4467d64
2026-07-16 01:35:40.456 10 INFO neutron.plugins.ml2.plugin [None req-06b30248-a1f7-4ba9-98df-5168947f8074 - - - - - -] Attempt 1 to provision port cd3e2479-2a2d-4294-85f4-dea2e4467d64
