2026-07-16 01:27:49.447 10 INFO neutron.wsgi [None req-c43b4d62-b1bb-47a1-af03-44f1a4d36f0f d820dc69025e459489f1f963b7dcb981 6a2907b7dded4e32bb1f33dd1010ea75 - - default default] 10.0.0.198 "GET /v2.0/security-groups HTTP/1.1" status: 200 len: 16803 time: 0.0301483
2026-07-16 01:27:49.469 10 INFO neutron.wsgi [None req-2e5081f2-b922-4f7b-b6d3-1a2794cc4844 d820dc69025e459489f1f963b7dcb981 6a2907b7dded4e32bb1f33dd1010ea75 - - default default] 10.0.0.198 "GET /v2.0/floatingips HTTP/1.1" status: 200 len: 193 time: 0.0180800
2026-07-16 01:27:53.153 9 INFO neutron.wsgi [-] 10.0.0.220 "GET / HTTP/1.1" status: 200 len: 247 time: 0.0017004
2026-07-16 01:27:53.158 10 INFO neutron.wsgi [-] 10.0.0.220 "GET / HTTP/1.1" status: 200 len: 247 time: 0.0066063
2026-07-16 01:28:08.154 9 INFO neutron.wsgi [-] 10.0.0.220 "GET / HTTP/1.1" status: 200 len: 247 time: 0.0020418
2026-07-16 01:28:08.155 10 INFO neutron.wsgi [-] 10.0.0.220 "GET / HTTP/1.1" status: 200 len: 247 time: 0.0028439
2026-07-16 01:28:23.153 10 INFO neutron.wsgi [-] 10.0.0.220 "GET / HTTP/1.1" status: 200 len: 247 time: 0.0018427
2026-07-16 01:28:23.155 9 INFO neutron.wsgi [-] 10.0.0.220 "GET / HTTP/1.1" status: 200 len: 247 time: 0.0036623
2026-07-16 01:28:38.153 9 INFO neutron.wsgi [-] 10.0.0.220 "GET / HTTP/1.1" status: 200 len: 247 time: 0.0013032
2026-07-16 01:28:38.156 10 INFO neutron.wsgi [-] 10.0.0.220 "GET / HTTP/1.1" status: 200 len: 247 time: 0.0037355
2026-07-16 01:28:46.563 9 INFO neutron.wsgi [None req-4e924393-aa3a-43f5-8e7a-9ee9cb11668a d820dc69025e459489f1f963b7dcb981 6a2907b7dded4e32bb1f33dd1010ea75 - - default default] 199.204.45.53,10.0.0.220 "GET /v2.0/networks HTTP/1.1" status: 200 len: 2350 time: 0.1025982 /var/lib/openstack/lib/python3.10/site-packages/pycadf/identifier.py:71: UserWarning: Invalid uuid: unknown. To ensure interoperability, identifiers should be a valid uuid. warnings.warn(('Invalid uuid: %s. To ensure interoperability, '
2026-07-16 01:28:47.546 10 INFO neutron.wsgi [None req-ec18cd25-b9d1-4226-99ce-650d09077c2c d820dc69025e459489f1f963b7dcb981 6a2907b7dded4e32bb1f33dd1010ea75 - - default default] 199.204.45.53,10.0.0.220 "GET /v2.0/subnets HTTP/1.1" status: 200 len: 1437 time: 0.0711701
2026-07-16 01:28:47.613 10 INFO neutron.wsgi [None req-7120bc2f-4aa5-4a19-85d4-9f9b535a321e d820dc69025e459489f1f963b7dcb981 6a2907b7dded4e32bb1f33dd1010ea75 - - default default] 199.204.45.53,10.0.0.220 "GET /v2.0/networks HTTP/1.1" status: 200 len: 2350 time: 0.0603058
2026-07-16 01:28:49.155 10 INFO neutron.wsgi [None req-4e20680b-e80a-4a42-8ae9-6cf5586234b9 d820dc69025e459489f1f963b7dcb981 6a2907b7dded4e32bb1f33dd1010ea75 - - default default] 10.0.0.198 "GET /v2.0/routers HTTP/1.1" status: 200 len: 189 time: 0.0758278
2026-07-16 01:28:49.184 10 INFO neutron.wsgi [None req-a7a5f9c9-cdf2-4ec5-8cb2-7946a760f4f1 d820dc69025e459489f1f963b7dcb981 6a2907b7dded4e32bb1f33dd1010ea75 - - default default] 10.0.0.198 "GET /v2.0/agents?binary=ovn-controller HTTP/1.1" status: 200 len: 591 time: 0.0284765
2026-07-16 01:28:49.195 10 INFO neutron.wsgi [None req-6cab8aa0-c739-4d12-928a-023c9ac85018 d820dc69025e459489f1f963b7dcb981 6a2907b7dded4e32bb1f33dd1010ea75 - - default default] 10.0.0.198 "GET /v2.0/agents HTTP/1.1" status: 200 len: 997 time: 0.0091782
2026-07-16 01:28:49.204 10 INFO neutron.wsgi [None req-99aa27ec-b630-41a7-af5e-1f64e29e8d54 d820dc69025e459489f1f963b7dcb981 6a2907b7dded4e32bb1f33dd1010ea75 - - default default] 10.0.0.198 "GET /v2.0/network-ip-availabilities HTTP/1.1" status: 200 len: 1280 time: 0.0088716
2026-07-16 01:28:49.235 10 INFO neutron.wsgi [None req-f876ad7d-69be-4063-82c2-7e12be712848 d820dc69025e459489f1f963b7dcb981 6a2907b7dded4e32bb1f33dd1010ea75 - - default default] 10.0.0.198 "GET /v2.0/subnets HTTP/1.1" status: 200 len: 1437 time: 0.0296562
2026-07-16 01:28:49.246 10 INFO neutron.wsgi [None req-b429135d-b9ec-4698-8220-0a6b5d766dc7 d820dc69025e459489f1f963b7dcb981 6a2907b7dded4e32bb1f33dd1010ea75 - - default default] 10.0.0.198 "GET /v2.0/subnetpools HTTP/1.1" status: 200 len: 193 time: 0.0096653
2026-07-16 01:28:49.274 10 INFO neutron.wsgi [None req-15dba9ea-a321-46b4-8ba0-f890ce269cc0 d820dc69025e459489f1f963b7dcb981 6a2907b7dded4e32bb1f33dd1010ea75 - - default default] 10.0.0.198 "GET /v2.0/subnets HTTP/1.1" status: 200 len: 1437 time: 0.0279162
2026-07-16 01:28:49.292 10 INFO neutron.wsgi [None req-a6b0c8c4-c7ec-4ed8-a129-c9d2e8a5652b d820dc69025e459489f1f963b7dcb981 6a2907b7dded4e32bb1f33dd1010ea75 - - default default] 10.0.0.198 "GET /v2.0/floatingips HTTP/1.1" status: 200 len: 193 time: 0.0161619
2026-07-16 01:28:49.354 10 INFO neutron.wsgi [None req-4ae5e713-dc1a-42fb-99bc-812bef4ce9c5 d820dc69025e459489f1f963b7dcb981 6a2907b7dded4e32bb1f33dd1010ea75 - - default default] 10.0.0.198 "GET /v2.0/networks HTTP/1.1" status: 200 len: 2350 time: 0.0616894
2026-07-16 01:28:49.406 10 INFO neutron.wsgi [None req-4d50f7e7-0de3-497a-b878-20faeed3e28a d820dc69025e459489f1f963b7dcb981 6a2907b7dded4e32bb1f33dd1010ea75 - - default default] 10.0.0.198 "GET /v2.0/security-groups HTTP/1.1" status: 200 len: 16803 time: 0.0500877
2026-07-16 01:28:49.438 10 INFO neutron.wsgi [None req-f9e907f4-d26c-4671-b631-08e730a9c5fd d820dc69025e459489f1f963b7dcb981 6a2907b7dded4e32bb1f33dd1010ea75 - - default default] 10.0.0.198 "GET /v2.0/ports HTTP/1.1" status: 200 len: 5351 time: 0.0290043
2026-07-16 01:28:53.153 9 INFO neutron.wsgi [-] 10.0.0.220 "GET / HTTP/1.1" status: 200 len: 247 time: 0.0013030
2026-07-16 01:28:53.155 10 INFO neutron.wsgi [-] 10.0.0.220 "GET / HTTP/1.1" status: 200 len: 247 time: 0.0031698
2026-07-16 01:29:08.153 10 INFO neutron.wsgi [-] 10.0.0.220 "GET / HTTP/1.1" status: 200 len: 247 time: 0.0014746
2026-07-16 01:29:08.154 10 INFO neutron.wsgi [-] 10.0.0.220 "GET / HTTP/1.1" status: 200 len: 247 time: 0.0009091
2026-07-16 01:29:22.960 9 INFO neutron.wsgi [None req-0103a67a-b283-4328-914e-d646bab4f861 d820dc69025e459489f1f963b7dcb981 6a2907b7dded4e32bb1f33dd1010ea75 - - default default] 199.204.45.53,10.0.0.220 "GET /v2.0/networks HTTP/1.1" status: 200 len: 2350 time: 0.1056962
2026-07-16 01:29:23.154 9 INFO neutron.wsgi [-] 10.0.0.220 "GET / HTTP/1.1" status: 200 len: 247 time: 0.0025003
2026-07-16 01:29:23.155 10 INFO neutron.wsgi [-] 10.0.0.220 "GET / HTTP/1.1" status: 200 len: 247 time: 0.0036790
2026-07-16 01:29:23.845 9 INFO neutron.wsgi [None req-ed83c945-48fc-4a31-a594-173ae183a458 d820dc69025e459489f1f963b7dcb981 6a2907b7dded4e32bb1f33dd1010ea75 - - default default] 199.204.45.53,10.0.0.220 "GET /v2.0/subnets HTTP/1.1" status: 200 len: 1437 time: 0.0828316
2026-07-16 01:29:23.920 9 INFO neutron.wsgi [None req-70fb1b1f-214c-45ac-941a-5954cf6be7c6 d820dc69025e459489f1f963b7dcb981 6a2907b7dded4e32bb1f33dd1010ea75 - - default default] 199.204.45.53,10.0.0.220 "GET /v2.0/networks HTTP/1.1" status: 200 len: 2350 time: 0.0688021
2026-07-16 01:29:25.017 10 INFO neutron.wsgi [None req-96861a04-6c92-4469-97d0-24b01ab483c1 d820dc69025e459489f1f963b7dcb981 6a2907b7dded4e32bb1f33dd1010ea75 - - default default] 199.204.45.53,10.0.0.220 "GET /v2.0/security-groups?tenant_id=6a2907b7dded4e32bb1f33dd1010ea75 HTTP/1.1" status: 200 len: 10161 time: 0.0902674
2026-07-16 01:29:26.152 10 INFO neutron.wsgi [None req-b4781174-3e02-4f41-a38e-380e725084db d820dc69025e459489f1f963b7dcb981 6a2907b7dded4e32bb1f33dd1010ea75 - - default default] 199.204.45.53,10.0.0.220 "GET /v2.0/security-groups?tenant_id=6a2907b7dded4e32bb1f33dd1010ea75 HTTP/1.1" status: 200 len: 10161 time: 0.0727735
2026-07-16 01:29:27.005 9 INFO neutron.wsgi [None req-98576a38-bc17-4b63-a080-70bbfab6f249 d820dc69025e459489f1f963b7dcb981 6a2907b7dded4e32bb1f33dd1010ea75 - - default default] 199.204.45.53,10.0.0.220 "GET /v2.0/security-groups?tenant_id=6a2907b7dded4e32bb1f33dd1010ea75 HTTP/1.1" status: 200 len: 10161 time: 0.0753770
2026-07-16 01:29:27.837 9 INFO neutron.wsgi [None req-0074c69e-78b3-4bc9-a616-62ef26a8e982 d820dc69025e459489f1f963b7dcb981 6a2907b7dded4e32bb1f33dd1010ea75 - - default default] 199.204.45.53,10.0.0.220 "GET /v2.0/security-groups?tenant_id=6a2907b7dded4e32bb1f33dd1010ea75 HTTP/1.1" status: 200 len: 10161 time: 0.0915613
2026-07-16 01:29:28.692 10 INFO neutron.wsgi [None req-b84e7327-aedf-42e9-94ef-6b1516a42dc6 d820dc69025e459489f1f963b7dcb981 6a2907b7dded4e32bb1f33dd1010ea75 - - default default] 199.204.45.53,10.0.0.220 "GET /v2.0/security-groups?tenant_id=6a2907b7dded4e32bb1f33dd1010ea75 HTTP/1.1" status: 200 len: 10161 time: 0.0963101
2026-07-16 01:29:29.489 10 INFO neutron.wsgi [None req-c98bea37-7f7a-433e-9d36-632a536bb2f2 d820dc69025e459489f1f963b7dcb981 6a2907b7dded4e32bb1f33dd1010ea75 - - default default] 199.204.45.53,10.0.0.220 "GET /v2.0/security-groups?tenant_id=6a2907b7dded4e32bb1f33dd1010ea75 HTTP/1.1" status: 200 len: 10161 time: 0.0731108
2026-07-16 01:29:30.709 9 INFO neutron.wsgi [None req-69b2b13b-0804-42ce-a25d-f78536f93fd9 d820dc69025e459489f1f963b7dcb981 6a2907b7dded4e32bb1f33dd1010ea75 - - default default] 199.204.45.53,10.0.0.220 "GET /v2.0/security-groups HTTP/1.1" status: 200 len: 16803 time: 0.0890660
2026-07-16 01:29:30.768 9 INFO neutron.wsgi [None req-67a2d470-8749-4a0f-9f5e-4710bed7272e d820dc69025e459489f1f963b7dcb981 6a2907b7dded4e32bb1f33dd1010ea75 - - default default] 199.204.45.53,10.0.0.220 "GET /v2.0/ports HTTP/1.1" status: 200 len: 5351 time: 0.0468922
2026-07-16 01:29:37.184 10 INFO neutron.pecan_wsgi.hooks.translation [None req-2214145b-c0b9-4c2d-a3f4-d2ee592030dc d820dc69025e459489f1f963b7dcb981 6a2907b7dded4e32bb1f33dd1010ea75 - - default default] GET failed (client error): The resource could not be found.
2026-07-16 01:29:37.185 10 INFO neutron.wsgi [None req-2214145b-c0b9-4c2d-a3f4-d2ee592030dc d820dc69025e459489f1f963b7dcb981 6a2907b7dded4e32bb1f33dd1010ea75 - - default default] 199.204.45.53,10.0.0.220 "GET /v2.0/ports/octavia-health-manager-port-instance HTTP/1.1" status: 404 len: 314 time: 0.0611475
2026-07-16 01:29:37.213 10 INFO neutron.wsgi [None req-185833f7-edb8-4557-aff0-a28f08856792 d820dc69025e459489f1f963b7dcb981 6a2907b7dded4e32bb1f33dd1010ea75 - - default default] 199.204.45.53,10.0.0.220 "GET /v2.0/ports?name=octavia-health-manager-port-instance HTTP/1.1" status: 200 len: 1399 time: 0.0233045
2026-07-16 01:29:38.153 9 INFO neutron.wsgi [-] 10.0.0.220 "GET / HTTP/1.1" status: 200 len: 247 time: 0.0016074
2026-07-16 01:29:38.154 10 INFO neutron.wsgi [-] 10.0.0.220 "GET / HTTP/1.1" status: 200 len: 247 time: 0.0026729
2026-07-16 01:29:38.495 10 INFO neutron.wsgi [None req-f2439427-2152-426b-b618-aacfe5a36552 d820dc69025e459489f1f963b7dcb981 6a2907b7dded4e32bb1f33dd1010ea75 - - default default] 199.204.45.53,10.0.0.220 "GET /v2.0/ports HTTP/1.1" status: 200 len: 5351 time: 0.0711455
2026-07-16 01:29:39.453 9 INFO neutron.wsgi [None req-6a3af792-ff21-4083-a6d7-b2e6f98bc49e d820dc69025e459489f1f963b7dcb981 6a2907b7dded4e32bb1f33dd1010ea75 - - default default] 199.204.45.53,10.0.0.220 "GET /v2.0/security-groups?tenant_id=6a2907b7dded4e32bb1f33dd1010ea75 HTTP/1.1" status: 200 len: 10161 time: 0.0883102
2026-07-16 01:29:40.358 10 INFO neutron.wsgi [None req-961a82b3-2606-4a79-a004-a0b881822597 d820dc69025e459489f1f963b7dcb981 6a2907b7dded4e32bb1f33dd1010ea75 - - default default] 199.204.45.53,10.0.0.220 "GET /v2.0/security-groups?tenant_id=6a2907b7dded4e32bb1f33dd1010ea75 HTTP/1.1" status: 200 len: 10161 time: 0.0871346
2026-07-16 01:29:41.141 9 INFO neutron.wsgi [None req-ea8b81b0-9713-4dc7-9e18-2a77d05c7837 d820dc69025e459489f1f963b7dcb981 6a2907b7dded4e32bb1f33dd1010ea75 - - default default] 199.204.45.53,10.0.0.220 "GET /v2.0/security-groups?tenant_id=6a2907b7dded4e32bb1f33dd1010ea75 HTTP/1.1" status: 200 len: 10161 time: 0.0609365
2026-07-16 01:29:49.142 10 INFO neutron.wsgi [None req-201980f2-e579-4536-9da7-434fd938a907 d820dc69025e459489f1f963b7dcb981 6a2907b7dded4e32bb1f33dd1010ea75 - - default default] 10.0.0.198 "GET /v2.0/floatingips HTTP/1.1" status: 200 len: 193 time: 0.0646698
2026-07-16 01:29:49.177 10 INFO neutron.wsgi [None req-9222f1c5-ef3d-499c-99e0-81a4e16cedae d820dc69025e459489f1f963b7dcb981 6a2907b7dded4e32bb1f33dd1010ea75 - - default default] 10.0.0.198 "GET /v2.0/security-groups HTTP/1.1" status: 200 len: 16803 time: 0.0348639
2026-07-16 01:29:49.208 10 INFO neutron.wsgi [None req-b745af26-153d-4c32-bdec-fda317c66349 d820dc69025e459489f1f963b7dcb981 6a2907b7dded4e32bb1f33dd1010ea75 - - default default] 10.0.0.198 "GET /v2.0/routers HTTP/1.1" status: 200 len: 189 time: 0.0249825
2026-07-16 01:29:49.240 10 INFO neutron.wsgi [None req-8d5557ec-cfcf-4e70-aebf-59edb1eca9a2 d820dc69025e459489f1f963b7dcb981 6a2907b7dded4e32bb1f33dd1010ea75 - - default default] 10.0.0.198 "GET /v2.0/agents?binary=ovn-controller HTTP/1.1" status: 200 len: 591 time: 0.0301323
2026-07-16 01:29:49.249 10 INFO neutron.wsgi [None req-9476d95c-abef-41c6-92c4-1f1d07763af2 d820dc69025e459489f1f963b7dcb981 6a2907b7dded4e32bb1f33dd1010ea75 - - default default] 10.0.0.198 "GET /v2.0/agents HTTP/1.1" status: 200 len: 997 time: 0.0083106
2026-07-16 01:29:49.277 10 INFO neutron.wsgi [None req-eda9feac-04ac-4cc2-80eb-a769261657e4 d820dc69025e459489f1f963b7dcb981 6a2907b7dded4e32bb1f33dd1010ea75 - - default default] 10.0.0.198 "GET /v2.0/subnets HTTP/1.1" status: 200 len: 1437 time: 0.0266786
2026-07-16 01:29:49.285 10 INFO neutron.wsgi [None req-a4c3d49d-856d-4870-b6e2-9294ab072b04 d820dc69025e459489f1f963b7dcb981 6a2907b7dded4e32bb1f33dd1010ea75 - - default default] 10.0.0.198 "GET /v2.0/subnetpools HTTP/1.1" status: 200 len: 193 time: 0.0067692
2026-07-16 01:29:49.340 10 INFO neutron.wsgi [None req-83f92224-f855-43bb-8e57-39f638937acb d820dc69025e459489f1f963b7dcb981 6a2907b7dded4e32bb1f33dd1010ea75 - - default default] 10.0.0.198 "GET /v2.0/networks HTTP/1.1" status: 200 len: 2350 time: 0.0546517
2026-07-16 01:29:49.354 10 INFO neutron.wsgi [None req-734d1fa3-c924-4f1b-af43-e31bb3007cf8 d820dc69025e459489f1f963b7dcb981 6a2907b7dded4e32bb1f33dd1010ea75 - - default default] 10.0.0.198 "GET /v2.0/network-ip-availabilities HTTP/1.1" status: 200 len: 1280 time: 0.0107911
2026-07-16 01:29:49.386 10 INFO neutron.wsgi [None req-a255d8a7-a8d8-4c2a-9a67-87bfbdbc5df2 d820dc69025e459489f1f963b7dcb981 6a2907b7dded4e32bb1f33dd1010ea75 - - default default] 10.0.0.198 "GET /v2.0/subnets HTTP/1.1" status: 200 len: 1437 time: 0.0306690
2026-07-16 01:29:49.417 10 INFO neutron.wsgi [None req-9a9dbb14-b7bd-4214-a17f-e7d7200f123a d820dc69025e459489f1f963b7dcb981 6a2907b7dded4e32bb1f33dd1010ea75 - - default default] 10.0.0.198 "GET /v2.0/ports HTTP/1.1" status: 200 len: 5351 time: 0.0296280
2026-07-16 01:29:51.394 9 INFO neutron.wsgi [None req-df91d7a8-52fc-4e73-adc8-c1e9c6d2c41e d820dc69025e459489f1f963b7dcb981 6a2907b7dded4e32bb1f33dd1010ea75 - - default default] 199.204.45.53,10.0.0.220 "GET /v2.0/quotas/6a2907b7dded4e32bb1f33dd1010ea75 HTTP/1.1" status: 200 len: 361 time: 0.0098155
2026-07-16 01:29:53.154 10 INFO neutron.wsgi [-] 10.0.0.220 "GET / HTTP/1.1" status: 200 len: 247 time: 0.0023677
2026-07-16 01:29:53.154 9 INFO neutron.wsgi [-] 10.0.0.220 "GET / HTTP/1.1" status: 200 len: 247 time: 0.0023530
2026-07-16 01:30:08.154 9 INFO neutron.wsgi [-] 10.0.0.220 "GET / HTTP/1.1" status: 200 len: 247 time: 0.0022523
2026-07-16 01:30:08.160 10 INFO neutron.wsgi [-] 10.0.0.220 "GET / HTTP/1.1" status: 200 len: 247 time: 0.0072455
2026-07-16 01:30:23.155 10 INFO neutron.wsgi [-] 10.0.0.220 "GET / HTTP/1.1" status: 200 len: 247 time: 0.0036321
2026-07-16 01:30:23.155 9 INFO neutron.wsgi [-] 10.0.0.220 "GET / HTTP/1.1" status: 200 len: 247 time: 0.0035195
2026-07-16 01:30:38.154 9 INFO neutron.wsgi [-] 10.0.0.220 "GET / HTTP/1.1" status: 200 len: 247 time: 0.0027058
2026-07-16 01:30:38.155 10 INFO neutron.wsgi [-] 10.0.0.220 "GET / HTTP/1.1" status: 200 len: 247 time: 0.0031359
2026-07-16 01:30:40.745 9 INFO neutron.wsgi [None req-993c6686-b16f-46c4-9bcf-74897691a8a6 d820dc69025e459489f1f963b7dcb981 6a2907b7dded4e32bb1f33dd1010ea75 - - default default] 199.204.45.53,10.0.0.220 "GET /v2.0/security-groups?tenant_id=bddf8de969774b3bbb48bd698541de3e HTTP/1.1" status: 200 len: 6838 time: 0.0788388
2026-07-16 01:30:41.664 9 INFO neutron.wsgi [None req-f1889f2f-91a3-432b-8bea-fb538e230126 d820dc69025e459489f1f963b7dcb981 6a2907b7dded4e32bb1f33dd1010ea75 - - default default] 199.204.45.53,10.0.0.220 "GET /v2.0/security-groups?tenant_id=bddf8de969774b3bbb48bd698541de3e HTTP/1.1" status: 200 len: 6838 time: 0.0757189
2026-07-16 01:30:42.506 9 INFO neutron.wsgi [None req-3848ae32-a4cb-4edf-8c35-0087c973153e d820dc69025e459489f1f963b7dcb981 6a2907b7dded4e32bb1f33dd1010ea75 - - default default] 199.204.45.53,10.0.0.220 "GET /v2.0/security-groups?tenant_id=bddf8de969774b3bbb48bd698541de3e HTTP/1.1" status: 200 len: 6838 time: 0.0734377
2026-07-16 01:30:43.355 9 INFO neutron.wsgi [None req-5f690f9b-95d3-481c-bcdd-eb22d635dc26 d820dc69025e459489f1f963b7dcb981 6a2907b7dded4e32bb1f33dd1010ea75 - - default default] 199.204.45.53,10.0.0.220 "GET /v2.0/security-groups?tenant_id=bddf8de969774b3bbb48bd698541de3e HTTP/1.1" status: 200 len: 6838 time: 0.0702271
2026-07-16 01:30:44.228 9 INFO neutron.wsgi [None req-d1684fdd-cb6b-4f0d-b74e-382d2d8df149 d820dc69025e459489f1f963b7dcb981 6a2907b7dded4e32bb1f33dd1010ea75 - - default default] 199.204.45.53,10.0.0.220 "GET /v2.0/security-groups?tenant_id=bddf8de969774b3bbb48bd698541de3e HTTP/1.1" status: 200 len: 6838 time: 0.0616386
2026-07-16 01:30:49.175 10 INFO neutron.wsgi [None req-f7d33230-b960-4ddc-81e7-9d6a0fd710e1 d820dc69025e459489f1f963b7dcb981 6a2907b7dded4e32bb1f33dd1010ea75 - - default default] 10.0.0.198 "GET /v2.0/security-groups HTTP/1.1" status: 200 len: 16803 time: 0.0974505
2026-07-16 01:30:49.191 10 INFO neutron.wsgi [None req-0eddf87f-383f-4ba6-9883-3b7578375dda d820dc69025e459489f1f963b7dcb981 6a2907b7dded4e32bb1f33dd1010ea75 - - default default] 10.0.0.198 "GET /v2.0/network-ip-availabilities HTTP/1.1" status: 200 len: 1280 time: 0.0123608
2026-07-16 01:30:49.213 10 INFO neutron.wsgi [None req-16a5f0a6-e560-49aa-aa30-cf1f5a150762 d820dc69025e459489f1f963b7dcb981 6a2907b7dded4e32bb1f33dd1010ea75 - - default default] 10.0.0.198 "GET /v2.0/floatingips HTTP/1.1" status: 200 len: 193 time: 0.0205822
2026-07-16 01:30:49.271 10 INFO neutron.wsgi [None req-d835a226-8f76-4959-a111-f2c3c139adab d820dc69025e459489f1f963b7dcb981 6a2907b7dded4e32bb1f33dd1010ea75 - - default default] 10.0.0.198 "GET /v2.0/networks HTTP/1.1" status: 200 len: 2350 time: 0.0579216
2026-07-16 01:30:49.297 10 INFO neutron.wsgi [None req-c4c1bc3f-83f4-438b-99b7-2a310cbb62ce d820dc69025e459489f1f963b7dcb981 6a2907b7dded4e32bb1f33dd1010ea75 - - default default] 10.0.0.198 "GET /v2.0/subnets HTTP/1.1" status: 200 len: 1437 time: 0.0246005
2026-07-16 01:30:49.327 10 INFO neutron.wsgi [None req-05c9449d-9ed1-40c3-b648-f93956977573 d820dc69025e459489f1f963b7dcb981 6a2907b7dded4e32bb1f33dd1010ea75 - - default default] 10.0.0.198 "GET /v2.0/subnets HTTP/1.1" status: 200 len: 1437 time: 0.0293751
2026-07-16 01:30:49.338 10 INFO neutron.wsgi [None req-3573250b-cb02-474c-803b-695314f6d6d2 d820dc69025e459489f1f963b7dcb981 6a2907b7dded4e32bb1f33dd1010ea75 - - default default] 10.0.0.198 "GET /v2.0/subnetpools HTTP/1.1" status: 200 len: 193 time: 0.0086069
2026-07-16 01:30:49.363 10 INFO neutron.wsgi [None req-8bf17740-6871-4229-94c5-39af61efae8d d820dc69025e459489f1f963b7dcb981 6a2907b7dded4e32bb1f33dd1010ea75 - - default default] 10.0.0.198 "GET /v2.0/routers HTTP/1.1" status: 200 len: 189 time: 0.0195441
2026-07-16 01:30:49.400 10 INFO neutron.wsgi [None req-99a7acf4-46e0-4e78-9c4f-e0e6b18aa34c d820dc69025e459489f1f963b7dcb981 6a2907b7dded4e32bb1f33dd1010ea75 - - default default] 10.0.0.198 "GET /v2.0/agents?binary=ovn-controller HTTP/1.1" status: 200 len: 591 time: 0.0365295
2026-07-16 01:30:49.429 10 INFO neutron.wsgi [None req-b7bca686-1b41-47ff-b995-1b52418d64c0 d820dc69025e459489f1f963b7dcb981 6a2907b7dded4e32bb1f33dd1010ea75 - - default default] 10.0.0.198 "GET /v2.0/ports HTTP/1.1" status: 200 len: 5351 time: 0.0279667
2026-07-16 01:30:49.443 10 INFO neutron.wsgi [None req-9bea8fca-3308-4e2f-820a-23c52861836d d820dc69025e459489f1f963b7dcb981 6a2907b7dded4e32bb1f33dd1010ea75 - - default default] 10.0.0.198 "GET /v2.0/agents HTTP/1.1" status: 200 len: 997 time: 0.0096793
2026-07-16 01:30:51.086 10 INFO neutron.wsgi [None req-c36406f1-a24e-4eb8-93df-432c9ca72e7f d820dc69025e459489f1f963b7dcb981 6a2907b7dded4e32bb1f33dd1010ea75 - - default default] 199.204.45.53,10.0.0.220 "GET /v2.0/quotas/bddf8de969774b3bbb48bd698541de3e HTTP/1.1" status: 200 len: 361 time: 0.0107541
2026-07-16 01:30:53.154 10 INFO neutron.wsgi [-] 10.0.0.220 "GET / HTTP/1.1" status: 200 len: 247 time: 0.0023241
2026-07-16 01:30:53.155 9 INFO neutron.wsgi [-] 10.0.0.220 "GET / HTTP/1.1" status: 200 len: 247 time: 0.0025368
2026-07-16 01:31:08.154 10 INFO neutron.wsgi [-] 10.0.0.220 "GET / HTTP/1.1" status: 200 len: 247 time: 0.0025289
2026-07-16 01:31:08.154 9 INFO neutron.wsgi [-] 10.0.0.220 "GET / HTTP/1.1" status: 200 len: 247 time: 0.0025048
2026-07-16 01:31:23.156 10 INFO neutron.wsgi [-] 10.0.0.220 "GET / HTTP/1.1" status: 200 len: 247 time: 0.0023346
2026-07-16 01:31:23.160 10 INFO neutron.wsgi [-] 10.0.0.220 "GET / HTTP/1.1" status: 200 len: 247 time: 0.0032845
2026-07-16 01:31:38.153 9 INFO neutron.wsgi [-] 10.0.0.220 "GET / HTTP/1.1" status: 200 len: 247 time: 0.0022180
2026-07-16 01:31:38.153 10 INFO neutron.wsgi [-] 10.0.0.220 "GET / HTTP/1.1" status: 200 len: 247 time: 0.0022366
2026-07-16 01:31:41.651 9 INFO neutron.wsgi [None req-de727ecb-2656-4ae2-86bc-889f8c90e953 d820dc69025e459489f1f963b7dcb981 6a2907b7dded4e32bb1f33dd1010ea75 - - default default] 199.204.45.53,10.0.0.220 "GET /v2.0/networks HTTP/1.1" status: 200 len: 2350 time: 0.0984831
2026-07-16 01:31:49.230 10 INFO neutron.wsgi [None req-19d10370-7537-4d9d-aa1b-956b2cb3f25f d820dc69025e459489f1f963b7dcb981 6a2907b7dded4e32bb1f33dd1010ea75 - - default default] 10.0.0.198 "GET /v2.0/networks HTTP/1.1" status: 200 len: 2350 time: 0.1266143
2026-07-16 01:31:49.271 10 INFO neutron.wsgi [None req-cf09c5ac-d87e-4678-b059-6407b7ac1a92 d820dc69025e459489f1f963b7dcb981 6a2907b7dded4e32bb1f33dd1010ea75 - - default default] 10.0.0.198 "GET /v2.0/security-groups HTTP/1.1" status: 200 len: 16803 time: 0.0390072
2026-07-16 01:31:49.391 10 INFO neutron.wsgi [None req-f67f35f8-a99c-455a-ba16-17821604719c d820dc69025e459489f1f963b7dcb981 6a2907b7dded4e32bb1f33dd1010ea75 - - default default] 10.0.0.198 "GET /v2.0/routers HTTP/1.1" status: 200 len: 189 time: 0.1036825
2026-07-16 01:31:49.427 10 INFO neutron.wsgi [None req-ee87c3bc-2255-4270-b690-9fc0c9006fd8 d820dc69025e459489f1f963b7dcb981 6a2907b7dded4e32bb1f33dd1010ea75 - - default default] 10.0.0.198 "GET /v2.0/agents?binary=ovn-controller HTTP/1.1" status: 200 len: 591 time: 0.0353858
2026-07-16 01:31:49.448 10 INFO neutron.wsgi [None req-d5f7e1d3-fe5f-44cc-92ba-5e5a1ef3d758 d820dc69025e459489f1f963b7dcb981 6a2907b7dded4e32bb1f33dd1010ea75 - - default default] 10.0.0.198 "GET /v2.0/floatingips HTTP/1.1" status: 200 len: 193 time: 0.0187881
2026-07-16 01:31:49.456 10 INFO neutron.wsgi [None req-873d1ce7-d78e-4840-9813-7dcb84bea73a d820dc69025e459489f1f963b7dcb981 6a2907b7dded4e32bb1f33dd1010ea75 - - default default] 10.0.0.198 "GET /v2.0/agents HTTP/1.1" status: 200 len: 997 time: 0.0079122
2026-07-16 01:31:49.489 10 INFO neutron.wsgi [None req-b6db59b7-2fe0-4a90-b2c8-593e4549d3bd d820dc69025e459489f1f963b7dcb981 6a2907b7dded4e32bb1f33dd1010ea75 - - default default] 10.0.0.198 "GET /v2.0/ports HTTP/1.1" status: 200 len: 5351 time: 0.0323699
2026-07-16 01:31:49.505 10 INFO neutron.wsgi [None req-7c0d34a6-e982-4589-b07f-bafb8034383d d820dc69025e459489f1f963b7dcb981 6a2907b7dded4e32bb1f33dd1010ea75 - - default default] 10.0.0.198 "GET /v2.0/network-ip-availabilities HTTP/1.1" status: 200 len: 1280 time: 0.0114233
2026-07-16 01:31:49.536 10 INFO neutron.wsgi [None req-c6b26957-bfb4-48c0-b058-62e2c8d89db0 d820dc69025e459489f1f963b7dcb981 6a2907b7dded4e32bb1f33dd1010ea75 - - default default] 10.0.0.198 "GET /v2.0/subnets HTTP/1.1" status: 200 len: 1437 time: 0.0306146
2026-07-16 01:31:49.545 10 INFO neutron.wsgi [None req-1475f2d8-9505-4267-874a-65764ea21d40 d820dc69025e459489f1f963b7dcb981 6a2907b7dded4e32bb1f33dd1010ea75 - - default default] 10.0.0.198 "GET /v2.0/subnetpools HTTP/1.1" status: 200 len: 193 time: 0.0084450
2026-07-16 01:31:49.573 10 INFO neutron.wsgi [None req-8244f134-5fc8-4849-a35d-1d4d2338351b d820dc69025e459489f1f963b7dcb981 6a2907b7dded4e32bb1f33dd1010ea75 - - default default] 10.0.0.198 "GET /v2.0/subnets HTTP/1.1" status: 200 len: 1437 time: 0.0263376
2026-07-16 01:31:53.154 10 INFO neutron.wsgi [-] 10.0.0.220 "GET / HTTP/1.1" status: 200 len: 247 time: 0.0024011
2026-07-16 01:31:53.154 9 INFO neutron.wsgi [-] 10.0.0.220 "GET / HTTP/1.1" status: 200 len: 247 time: 0.0027237
2026-07-16 01:32:08.154 9 INFO neutron.wsgi [-] 10.0.0.220 "GET / HTTP/1.1" status: 200 len: 247 time: 0.0023820
2026-07-16 01:32:08.154 10 INFO neutron.wsgi [-] 10.0.0.220 "GET / HTTP/1.1" status: 200 len: 247 time: 0.0025671
2026-07-16 01:32:21.249 9 INFO neutron.wsgi [None req-bac1328c-3aff-4334-ac5b-a8004c8abf78 d820dc69025e459489f1f963b7dcb981 6a2907b7dded4e32bb1f33dd1010ea75 - - default default] 10.0.0.125 "GET /v2.0/networks HTTP/1.1" status: 200 len: 2369 time: 0.1905022
2026-07-16 01:32:22.357 9 INFO neutron.wsgi [None req-3c938331-6339-4b61-9300-9c05e176051e d820dc69025e459489f1f963b7dcb981 6a2907b7dded4e32bb1f33dd1010ea75 - - default default] 10.0.0.125 "GET /v2.0/floatingips HTTP/1.1" status: 200 len: 212 time: 0.0313816
2026-07-16 01:32:22.439 9 INFO neutron.wsgi [None req-5ef6a9c7-c8f7-43a8-9afc-3704de43462f d820dc69025e459489f1f963b7dcb981 6a2907b7dded4e32bb1f33dd1010ea75 - - default default] 10.0.0.125 "GET /v2.0/routers HTTP/1.1" status: 200 len: 208 time: 0.0781412
2026-07-16 01:32:22.471 9 INFO neutron.wsgi [None req-ff9fb82f-6a51-4956-9e03-2bc0c909df9f d820dc69025e459489f1f963b7dcb981 6a2907b7dded4e32bb1f33dd1010ea75 - - default default] 10.0.0.125 "GET /v2.0/ports HTTP/1.1" status: 200 len: 5370 time: 0.0273435
2026-07-16 01:32:22.504 9 INFO neutron.wsgi [None req-6663c1d5-57aa-44e2-914c-1c782911b1a4 d820dc69025e459489f1f963b7dcb981 6a2907b7dded4e32bb1f33dd1010ea75 - - default default] 10.0.0.125 "GET /v2.0/subnets HTTP/1.1" status: 200 len: 1456 time: 0.0270991
2026-07-16 01:32:22.562 9 INFO neutron.wsgi [None req-27612af6-015f-48ad-8345-08a11789495b d820dc69025e459489f1f963b7dcb981 6a2907b7dded4e32bb1f33dd1010ea75 - - default default] 10.0.0.125 "GET /v2.0/networks HTTP/1.1" status: 200 len: 2369 time: 0.0534537
2026-07-16 01:32:22.608 9 INFO neutron.wsgi [None req-df05f20d-7b9b-4fab-8a87-9692997f0ffd d820dc69025e459489f1f963b7dcb981 6a2907b7dded4e32bb1f33dd1010ea75 - - default default] 10.0.0.125 "GET /v2.0/security-groups HTTP/1.1" status: 200 len: 16822 time: 0.0425444
2026-07-16 01:32:22.621 9 INFO neutron.wsgi [None req-dc141941-99e7-434f-ae6c-0e1a539d7cd4 d820dc69025e459489f1f963b7dcb981 6a2907b7dded4e32bb1f33dd1010ea75 - - default default] 10.0.0.125 "GET /v2.0/subnetpools HTTP/1.1" status: 200 len: 212 time: 0.0093861
2026-07-16 01:32:23.153 9 INFO neutron.wsgi [-] 10.0.0.220 "GET / HTTP/1.1" status: 200 len: 247 time: 0.0017357
2026-07-16 01:32:23.155 10 INFO neutron.wsgi [-] 10.0.0.220 "GET / HTTP/1.1" status: 200 len: 247 time: 0.0027385
2026-07-16 01:32:33.361 10 INFO neutron.db.ovn_revision_numbers_db [None req-a7ee29c6-1e0f-4ea4-8e3e-cdde0d9d50cf d820dc69025e459489f1f963b7dcb981 6a2907b7dded4e32bb1f33dd1010ea75 - - default default] Successfully bumped revision number for resource b4db87b1-9c76-4f80-a4de-c2abeee001d4 (type: security_groups) to 1
2026-07-16 01:32:33.381 10 INFO neutron.db.ovn_revision_numbers_db [None req-a7ee29c6-1e0f-4ea4-8e3e-cdde0d9d50cf d820dc69025e459489f1f963b7dcb981 6a2907b7dded4e32bb1f33dd1010ea75 - - default default] Successfully bumped revision number for resource 3678ba06-9ad2-40db-917a-88eae480da30 (type: security_group_rules) to 0
2026-07-16 01:32:33.400 10 INFO neutron.db.ovn_revision_numbers_db [None req-a7ee29c6-1e0f-4ea4-8e3e-cdde0d9d50cf d820dc69025e459489f1f963b7dcb981 6a2907b7dded4e32bb1f33dd1010ea75 - - default default] Successfully bumped revision number for resource 378163e3-fa70-424a-a75e-af251fafeef4 (type: security_group_rules) to 0
2026-07-16 01:32:33.413 10 INFO neutron.db.ovn_revision_numbers_db [None req-a7ee29c6-1e0f-4ea4-8e3e-cdde0d9d50cf d820dc69025e459489f1f963b7dcb981 6a2907b7dded4e32bb1f33dd1010ea75 - - default default] Successfully bumped revision number for resource 3f0532e4-c37d-4d1d-9281-215cfd8bcc2f (type: security_group_rules) to 0
2026-07-16 01:32:33.416 9 INFO neutron.db.ovn_revision_numbers_db [None req-95418dae-98a5-4479-a77a-647e922fe7aa d820dc69025e459489f1f963b7dcb981 6a2907b7dded4e32bb1f33dd1010ea75 - - default default] Successfully bumped revision number for resource fba7812f-3a3a-421d-8c1c-486dd42ca174 (type: security_groups) to 1
2026-07-16 01:32:33.425 10 INFO neutron.db.ovn_revision_numbers_db [None req-a7ee29c6-1e0f-4ea4-8e3e-cdde0d9d50cf d820dc69025e459489f1f963b7dcb981 6a2907b7dded4e32bb1f33dd1010ea75 - - default default] Successfully bumped revision number for resource e55225e8-cb1b-40eb-9612-a08f765c0635 (type: security_group_rules) to 0
2026-07-16 01:32:33.428 9 INFO neutron.db.ovn_revision_numbers_db [None req-95418dae-98a5-4479-a77a-647e922fe7aa d820dc69025e459489f1f963b7dcb981 6a2907b7dded4e32bb1f33dd1010ea75 - - default default] Successfully bumped revision number for resource 2f5a5550-740c-43cf-a33d-915c5f8dd5c8 (type: security_group_rules) to 0
2026-07-16 01:32:33.440 9 INFO neutron.db.ovn_revision_numbers_db [None req-95418dae-98a5-4479-a77a-647e922fe7aa d820dc69025e459489f1f963b7dcb981 6a2907b7dded4e32bb1f33dd1010ea75 - - default default] Successfully bumped revision number for resource 56c863f7-a325-4b7b-b625-f472ab6ea278 (type: security_group_rules) to 0
2026-07-16 01:32:33.458 9 INFO neutron.db.ovn_revision_numbers_db [None req-95418dae-98a5-4479-a77a-647e922fe7aa d820dc69025e459489f1f963b7dcb981 6a2907b7dded4e32bb1f33dd1010ea75 - - default default] Successfully bumped revision number for resource 7c2bb96b-47aa-4a77-972f-8fef9dc6cb70 (type: security_group_rules) to 0
2026-07-16 01:32:33.469 9 INFO neutron.db.ovn_revision_numbers_db [None req-95418dae-98a5-4479-a77a-647e922fe7aa d820dc69025e459489f1f963b7dcb981 6a2907b7dded4e32bb1f33dd1010ea75 - - default default] Successfully bumped revision number for resource e092d9de-48cb-4063-87af-da5f8d631ccf (type: security_group_rules) to 0
2026-07-16 01:32:33.477 10 INFO neutron.db.segments_db [None req-a7ee29c6-1e0f-4ea4-8e3e-cdde0d9d50cf d820dc69025e459489f1f963b7dcb981 6a2907b7dded4e32bb1f33dd1010ea75 - - default default] Added segment 24cf7b90-4194-446b-b787-ab598934af35 of type geneve for network bec5bd83-da86-4b05-a12e-164e469e9bb3
2026-07-16 01:32:33.525 9 INFO neutron.db.segments_db [None req-95418dae-98a5-4479-a77a-647e922fe7aa d820dc69025e459489f1f963b7dcb981 6a2907b7dded4e32bb1f33dd1010ea75 - - default default] Added segment 416032da-4c78-4c1b-be87-3c214a94a96e of type geneve for network 4fc85cca-4d1f-48b3-9494-b943e0d91f55
2026-07-16 01:32:33.631 10 INFO neutron.db.ovn_revision_numbers_db [None req-a7ee29c6-1e0f-4ea4-8e3e-cdde0d9d50cf d820dc69025e459489f1f963b7dcb981 6a2907b7dded4e32bb1f33dd1010ea75 - - default default] Successfully bumped revision number for resource bec5bd83-da86-4b05-a12e-164e469e9bb3 (type: networks) to 1
2026-07-16 01:32:33.710 9 INFO neutron.db.ovn_revision_numbers_db [None req-95418dae-98a5-4479-a77a-647e922fe7aa d820dc69025e459489f1f963b7dcb981 6a2907b7dded4e32bb1f33dd1010ea75 - - default default] Successfully bumped revision number for resource 4fc85cca-4d1f-48b3-9494-b943e0d91f55 (type: networks) to 1
2026-07-16 01:32:33.806 10 WARNING neutron.scheduler.dhcp_agent_scheduler [None req-a7ee29c6-1e0f-4ea4-8e3e-cdde0d9d50cf d820dc69025e459489f1f963b7dcb981 6a2907b7dded4e32bb1f33dd1010ea75 - - default default] No more DHCP agents
2026-07-16 01:32:33.809 10 WARNING neutron.api.rpc.agentnotifiers.dhcp_rpc_agent_api [None req-a7ee29c6-1e0f-4ea4-8e3e-cdde0d9d50cf d820dc69025e459489f1f963b7dcb981 6a2907b7dded4e32bb1f33dd1010ea75 - - default default] Unable to schedule network bec5bd83-da86-4b05-a12e-164e469e9bb3: no agents available; will retry on subsequent port and subnet creation events.
2026-07-16 01:32:33.877 9 WARNING neutron.scheduler.dhcp_agent_scheduler [None req-95418dae-98a5-4479-a77a-647e922fe7aa d820dc69025e459489f1f963b7dcb981 6a2907b7dded4e32bb1f33dd1010ea75 - - default default] No more DHCP agents
2026-07-16 01:32:33.879 9 WARNING neutron.api.rpc.agentnotifiers.dhcp_rpc_agent_api [None req-95418dae-98a5-4479-a77a-647e922fe7aa d820dc69025e459489f1f963b7dcb981 6a2907b7dded4e32bb1f33dd1010ea75 - - default default] Unable to schedule network 4fc85cca-4d1f-48b3-9494-b943e0d91f55: no agents available; will retry on subsequent port and subnet creation events.
2026-07-16 01:32:33.884 10 INFO neutron.db.ovn_revision_numbers_db [None req-a7ee29c6-1e0f-4ea4-8e3e-cdde0d9d50cf d820dc69025e459489f1f963b7dcb981 6a2907b7dded4e32bb1f33dd1010ea75 - - default default] Successfully bumped revision number for resource 73b2a591-24cb-4124-a789-2d78b5363620 (type: ports) to 1
2026-07-16 01:32:33.902 10 INFO neutron.wsgi [None req-a7ee29c6-1e0f-4ea4-8e3e-cdde0d9d50cf d820dc69025e459489f1f963b7dcb981 6a2907b7dded4e32bb1f33dd1010ea75 - - default default] 10.0.0.125 "POST /v2.0/networks HTTP/1.1" status: 201 len: 953 time: 0.8679590
2026-07-16 01:32:33.963 9 INFO neutron.db.ovn_revision_numbers_db [None req-95418dae-98a5-4479-a77a-647e922fe7aa d820dc69025e459489f1f963b7dcb981 6a2907b7dded4e32bb1f33dd1010ea75 - - default default] Successfully bumped revision number for resource 6ee6356d-0e7b-4f74-8199-9e52ff2e2abe (type: ports) to 1
2026-07-16 01:32:33.982 9 INFO neutron.wsgi [None req-95418dae-98a5-4479-a77a-647e922fe7aa d820dc69025e459489f1f963b7dcb981 6a2907b7dded4e32bb1f33dd1010ea75 - - default default] 10.0.0.125 "POST /v2.0/networks HTTP/1.1" status: 201 len: 946 time: 0.7345467
2026-07-16 01:32:34.048 10 WARNING neutron.scheduler.dhcp_agent_scheduler [None req-c023bfee-257c-409a-b73e-d213878655ac d820dc69025e459489f1f963b7dcb981 6a2907b7dded4e32bb1f33dd1010ea75 - - default default] No more DHCP agents
2026-07-16 01:32:34.049 10 WARNING neutron.api.rpc.agentnotifiers.dhcp_rpc_agent_api [None req-c023bfee-257c-409a-b73e-d213878655ac d820dc69025e459489f1f963b7dcb981 6a2907b7dded4e32bb1f33dd1010ea75 - - default default] Unable to schedule network bec5bd83-da86-4b05-a12e-164e469e9bb3: no agents available; will retry on subsequent port and subnet creation events.
2026-07-16 01:32:34.166 9 WARNING neutron.scheduler.dhcp_agent_scheduler [None req-e6599c7c-3740-4706-96fb-6f35abe8fc09 d820dc69025e459489f1f963b7dcb981 6a2907b7dded4e32bb1f33dd1010ea75 - - default default] No more DHCP agents
2026-07-16 01:32:34.167 9 WARNING neutron.api.rpc.agentnotifiers.dhcp_rpc_agent_api [None req-e6599c7c-3740-4706-96fb-6f35abe8fc09 d820dc69025e459489f1f963b7dcb981 6a2907b7dded4e32bb1f33dd1010ea75 - - default default] Unable to schedule network 4fc85cca-4d1f-48b3-9494-b943e0d91f55: no agents available; will retry on subsequent port and subnet creation events.
2026-07-16 01:32:34.481 10 INFO neutron.db.ovn_revision_numbers_db [None req-a6a32e98-3b57-432f-8f37-4ba1eb24214f d820dc69025e459489f1f963b7dcb981 6a2907b7dded4e32bb1f33dd1010ea75 - - default default] Successfully bumped revision number for resource ef9650c2-d4a2-435b-901d-788f3dc8b5ec (type: security_groups) to 1
2026-07-16 01:32:34.501 10 INFO neutron.db.ovn_revision_numbers_db [None req-a6a32e98-3b57-432f-8f37-4ba1eb24214f d820dc69025e459489f1f963b7dcb981 6a2907b7dded4e32bb1f33dd1010ea75 - - default default] Successfully bumped revision number for resource 51c49475-7373-4f87-b99a-b5223aa93dba (type: security_group_rules) to 0
2026-07-16 01:32:34.512 10 INFO neutron.db.ovn_revision_numbers_db [None req-c023bfee-257c-409a-b73e-d213878655ac d820dc69025e459489f1f963b7dcb981 6a2907b7dded4e32bb1f33dd1010ea75 - - default default] Successfully bumped revision number for resource 73b2a591-24cb-4124-a789-2d78b5363620 (type: ports) to 2
2026-07-16 01:32:34.516 10 INFO neutron.db.ovn_revision_numbers_db [None req-a6a32e98-3b57-432f-8f37-4ba1eb24214f d820dc69025e459489f1f963b7dcb981 6a2907b7dded4e32bb1f33dd1010ea75 - - default default] Successfully bumped revision number for resource 6c9deff6-3591-4df6-af38-5b46a904d20b (type: security_group_rules) to 0
2026-07-16 01:32:34.538 10 INFO neutron.db.ovn_revision_numbers_db [None req-a6a32e98-3b57-432f-8f37-4ba1eb24214f d820dc69025e459489f1f963b7dcb981 6a2907b7dded4e32bb1f33dd1010ea75 - - default default] Successfully bumped revision number for resource 700a2188-665a-435e-868a-894cccea24fe (type: security_group_rules) to 0
2026-07-16 01:32:34.547 10 INFO neutron.db.ovn_revision_numbers_db [None req-c023bfee-257c-409a-b73e-d213878655ac d820dc69025e459489f1f963b7dcb981 6a2907b7dded4e32bb1f33dd1010ea75 - - default default] Successfully bumped revision number for resource 6f73473a-fe3b-4c93-9094-b75246efd9ca (type: subnets) to 0
2026-07-16 01:32:34.550 10 INFO neutron.db.ovn_revision_numbers_db [None req-a6a32e98-3b57-432f-8f37-4ba1eb24214f d820dc69025e459489f1f963b7dcb981 6a2907b7dded4e32bb1f33dd1010ea75 - - default default] Successfully bumped revision number for resource c4b2fdbc-4b02-4544-a2ff-64fb426c6e53 (type: security_group_rules) to 0
2026-07-16 01:32:34.571 10 INFO neutron.wsgi [None req-c023bfee-257c-409a-b73e-d213878655ac d820dc69025e459489f1f963b7dcb981 6a2907b7dded4e32bb1f33dd1010ea75 - - default default] 10.0.0.125 "POST /v2.0/subnets HTTP/1.1" status: 201 len: 873 time: 0.6650174
2026-07-16 01:32:34.577 10 INFO neutron.wsgi [None req-a6a32e98-3b57-432f-8f37-4ba1eb24214f d820dc69025e459489f1f963b7dcb981 6a2907b7dded4e32bb1f33dd1010ea75 - - default default] 10.0.0.125 "GET /v2.0/security-groups?tenant_id=13a4014324db46c7a985bf309a46c9f5&name=default HTTP/1.1" status: 200 len: 2992 time: 0.3941548
2026-07-16 01:32:34.647 9 INFO neutron.db.ovn_revision_numbers_db [None req-e6599c7c-3740-4706-96fb-6f35abe8fc09 d820dc69025e459489f1f963b7dcb981 6a2907b7dded4e32bb1f33dd1010ea75 - - default default] Successfully bumped revision number for resource 6ee6356d-0e7b-4f74-8199-9e52ff2e2abe (type: ports) to 2
2026-07-16 01:32:34.692 9 INFO neutron.db.ovn_revision_numbers_db [None req-e6599c7c-3740-4706-96fb-6f35abe8fc09 d820dc69025e459489f1f963b7dcb981 6a2907b7dded4e32bb1f33dd1010ea75 - - default default] Successfully bumped revision number for resource 7619a150-08ba-455e-8a7c-4431899751c2 (type: subnets) to 0
2026-07-16 01:32:34.714 9 INFO neutron.wsgi [None req-e6599c7c-3740-4706-96fb-6f35abe8fc09 d820dc69025e459489f1f963b7dcb981 6a2907b7dded4e32bb1f33dd1010ea75 - - default default] 10.0.0.125 "POST /v2.0/subnets HTTP/1.1" status: 201 len: 866 time: 0.7275264
2026-07-16 01:32:35.048 9 INFO neutron.wsgi [None req-282a4556-c5ff-4404-8273-a58599d12cd9 d820dc69025e459489f1f963b7dcb981 6a2907b7dded4e32bb1f33dd1010ea75 - - default default] 10.0.0.125 "DELETE /v2.0/security-groups/ef9650c2-d4a2-435b-901d-788f3dc8b5ec HTTP/1.1" status: 204 len: 168 time: 0.4619262
2026-07-16 01:32:35.154 10 WARNING neutron.scheduler.dhcp_agent_scheduler [None req-b34a8ed3-ba48-4c8c-8d1b-d60efacb7686 d820dc69025e459489f1f963b7dcb981 6a2907b7dded4e32bb1f33dd1010ea75 - - default default] No more DHCP agents
2026-07-16 01:32:35.158 10 WARNING neutron.api.rpc.agentnotifiers.dhcp_rpc_agent_api [None req-b34a8ed3-ba48-4c8c-8d1b-d60efacb7686 d820dc69025e459489f1f963b7dcb981 6a2907b7dded4e32bb1f33dd1010ea75 - - default default] Unable to schedule network 41e2105a-107e-4de7-ab90-5ea035ee11ee: no agents available; will retry on subsequent port and subnet creation events.
2026-07-16 01:32:35.256 9 WARNING neutron.scheduler.dhcp_agent_scheduler [None req-47423867-cf21-4f08-9c1e-20fbe9ea1de6 d820dc69025e459489f1f963b7dcb981 6a2907b7dded4e32bb1f33dd1010ea75 - - default default] No more DHCP agents
2026-07-16 01:32:35.259 9 WARNING neutron.api.rpc.agentnotifiers.dhcp_rpc_agent_api [None req-47423867-cf21-4f08-9c1e-20fbe9ea1de6 d820dc69025e459489f1f963b7dcb981 6a2907b7dded4e32bb1f33dd1010ea75 - - default default] Unable to schedule network 41e2105a-107e-4de7-ab90-5ea035ee11ee: no agents available; will retry on subsequent port and subnet creation events.
2026-07-16 01:32:35.296 10 INFO neutron.db.ovn_revision_numbers_db [None req-b34a8ed3-ba48-4c8c-8d1b-d60efacb7686 d820dc69025e459489f1f963b7dcb981 6a2907b7dded4e32bb1f33dd1010ea75 - - default default] Successfully bumped revision number for resource d97d1ee7-d61b-4bfa-94df-c059c73624e6 (type: ports) to 1
2026-07-16 01:32:35.381 9 INFO neutron.db.ovn_revision_numbers_db [None req-47423867-cf21-4f08-9c1e-20fbe9ea1de6 d820dc69025e459489f1f963b7dcb981 6a2907b7dded4e32bb1f33dd1010ea75 - - default default] Successfully bumped revision number for resource df09fbb5-5249-4a42-bd74-8edea18e2303 (type: ports) to 1
2026-07-16 01:32:35.526 10 INFO neutron.plugins.ml2.drivers.ovn.mech_driver.ovsdb.extensions.qos [None req-b34a8ed3-ba48-4c8c-8d1b-d60efacb7686 d820dc69025e459489f1f963b7dcb981 6a2907b7dded4e32bb1f33dd1010ea75 - - default default] Starting OVNClientQosExtension
2026-07-16 01:32:35.686 9 INFO neutron.plugins.ml2.drivers.ovn.mech_driver.ovsdb.extensions.qos [None req-47423867-cf21-4f08-9c1e-20fbe9ea1de6 d820dc69025e459489f1f963b7dcb981 6a2907b7dded4e32bb1f33dd1010ea75 - - default default] Starting OVNClientQosExtension
2026-07-16 01:32:35.883 10 INFO neutron.plugins.ml2.drivers.ovn.mech_driver.mech_driver [None req-06b30248-a1f7-4ba9-98df-5168947f8074 - - - - - -] OVN reports status up for port: d97d1ee7-d61b-4bfa-94df-c059c73624e6
2026-07-16 01:32:35.899 10 INFO neutron.plugins.ml2.plugin [None req-06b30248-a1f7-4ba9-98df-5168947f8074 - - - - - -] Attempt 1 to provision port d97d1ee7-d61b-4bfa-94df-c059c73624e6
2026-07-16 01:32:35.902 10 INFO neutron.plugins.ml2.drivers.ovn.mech_driver.ovsdb.ovsdb_monitor [-] Router 8bb74cc7-203f-4b79-a88d-6856744e9368 is bound to host instance
2026-07-16 01:32:35.946 10 INFO neutron.db.ovn_revision_numbers_db [None req-b34a8ed3-ba48-4c8c-8d1b-d60efacb7686 d820dc69025e459489f1f963b7dcb981 6a2907b7dded4e32bb1f33dd1010ea75 - - default default] Successfully bumped revision number for resource d97d1ee7-d61b-4bfa-94df-c059c73624e6 (type: router_ports) to 1
2026-07-16 01:32:36.055 10 INFO neutron.db.ovn_revision_numbers_db [None req-b34a8ed3-ba48-4c8c-8d1b-d60efacb7686 d820dc69025e459489f1f963b7dcb981 6a2907b7dded4e32bb1f33dd1010ea75 - - default default] Successfully bumped revision number for resource 8bb74cc7-203f-4b79-a88d-6856744e9368 (type: routers) to 2
2026-07-16 01:32:36.081 9 INFO neutron.plugins.ml2.drivers.ovn.mech_driver.mech_driver [None req-6c2ac208-0920-445d-b3fb-a8ba9fc3c2ef - - - - - -] OVN reports status up for port: df09fbb5-5249-4a42-bd74-8edea18e2303
2026-07-16 01:32:36.088 10 INFO neutron.wsgi [None req-b34a8ed3-ba48-4c8c-8d1b-d60efacb7686 d820dc69025e459489f1f963b7dcb981 6a2907b7dded4e32bb1f33dd1010ea75 - - default default] 10.0.0.125 "POST /v2.0/routers HTTP/1.1" status: 201 len: 884 time: 1.5101016
2026-07-16 01:32:36.096 9 INFO neutron.plugins.ml2.plugin [None req-6c2ac208-0920-445d-b3fb-a8ba9fc3c2ef - - - - - -] Attempt 1 to provision port df09fbb5-5249-4a42-bd74-8edea18e2303
2026-07-16 01:32:36.109 9 INFO neutron.db.ovn_revision_numbers_db [None req-47423867-cf21-4f08-9c1e-20fbe9ea1de6 d820dc69025e459489f1f963b7dcb981 6a2907b7dded4e32bb1f33dd1010ea75 - - default default] Successfully bumped revision number for resource df09fbb5-5249-4a42-bd74-8edea18e2303 (type: router_ports) to 1
2026-07-16 01:32:36.277 9 INFO neutron.db.ovn_revision_numbers_db [None req-47423867-cf21-4f08-9c1e-20fbe9ea1de6 d820dc69025e459489f1f963b7dcb981 6a2907b7dded4e32bb1f33dd1010ea75 - - default default] Successfully bumped revision number for resource cb5ed914-be79-4807-8a09-341b202da95f (type: routers) to 2
2026-07-16 01:32:36.287 9 INFO neutron.wsgi [None req-47423867-cf21-4f08-9c1e-20fbe9ea1de6 d820dc69025e459489f1f963b7dcb981 6a2907b7dded4e32bb1f33dd1010ea75 - - default default] 10.0.0.125 "POST /v2.0/routers HTTP/1.1" status: 201 len: 877 time: 1.5693657
2026-07-16 01:32:36.552 10 INFO neutron.db.ovn_revision_numbers_db [None req-2cedb3c7-3902-4764-b49f-a2548b67fd66 - - - - - -] Successfully bumped revision number for resource d97d1ee7-d61b-4bfa-94df-c059c73624e6 (type: ports) to 1
2026-07-16 01:32:36.711 9 WARNING neutron.scheduler.dhcp_agent_scheduler [None req-6f908592-6cd3-4df5-89ff-5bf323fea8e5 d820dc69025e459489f1f963b7dcb981 6a2907b7dded4e32bb1f33dd1010ea75 - - default default] No more DHCP agents
2026-07-16 01:32:36.716 9 WARNING neutron.api.rpc.agentnotifiers.dhcp_rpc_agent_api [None req-6f908592-6cd3-4df5-89ff-5bf323fea8e5 d820dc69025e459489f1f963b7dcb981 6a2907b7dded4e32bb1f33dd1010ea75 - - default default] Unable to schedule network 4fc85cca-4d1f-48b3-9494-b943e0d91f55: no agents available; will retry on subsequent port and subnet creation events.
2026-07-16 01:32:36.719 10 WARNING neutron.scheduler.dhcp_agent_scheduler [None req-ea385f84-a532-4e41-b742-17588f75b213 d820dc69025e459489f1f963b7dcb981 6a2907b7dded4e32bb1f33dd1010ea75 - - default default] No more DHCP agents
2026-07-16 01:32:36.722 10 WARNING neutron.api.rpc.agentnotifiers.dhcp_rpc_agent_api [None req-ea385f84-a532-4e41-b742-17588f75b213 d820dc69025e459489f1f963b7dcb981 6a2907b7dded4e32bb1f33dd1010ea75 - - default default] Unable to schedule network bec5bd83-da86-4b05-a12e-164e469e9bb3: no agents available; will retry on subsequent port and subnet creation events.
2026-07-16 01:32:36.857 9 INFO neutron.db.ovn_revision_numbers_db [None req-6f908592-6cd3-4df5-89ff-5bf323fea8e5 d820dc69025e459489f1f963b7dcb981 6a2907b7dded4e32bb1f33dd1010ea75 - - default default] Successfully bumped revision number for resource 08c7dc53-af5c-49fd-8b6f-32d96aeeb73d (type: ports) to 1
2026-07-16 01:32:36.921 10 INFO neutron.db.ovn_revision_numbers_db [None req-ea385f84-a532-4e41-b742-17588f75b213 d820dc69025e459489f1f963b7dcb981 6a2907b7dded4e32bb1f33dd1010ea75 - - default default] Successfully bumped revision number for resource 77d56573-af5b-4bb5-9331-079f1264031d (type: ports) to 1
2026-07-16 01:32:37.004 10 INFO neutron.db.ovn_revision_numbers_db [None req-2cedb3c7-3902-4764-b49f-a2548b67fd66 - - - - - -] Successfully bumped revision number for resource d97d1ee7-d61b-4bfa-94df-c059c73624e6 (type: router_ports) to 3
2026-07-16 01:32:37.166 9 INFO neutron.db.ovn_revision_numbers_db [None req-c4440cd1-92b1-4645-843c-b8fad2880a2f d820dc69025e459489f1f963b7dcb981 6a2907b7dded4e32bb1f33dd1010ea75 - - default default] Successfully bumped revision number for resource 1549f9f2-ab78-4ed2-ae40-507da0ed1707 (type: security_groups) to 1
2026-07-16 01:32:37.174 10 INFO neutron.db.ovn_revision_numbers_db [None req-2cedb3c7-3902-4764-b49f-a2548b67fd66 - - - - - -] Successfully bumped revision number for resource d97d1ee7-d61b-4bfa-94df-c059c73624e6 (type: ports) to 2
2026-07-16 01:32:37.190 9 INFO neutron.db.ovn_revision_numbers_db [None req-c4440cd1-92b1-4645-843c-b8fad2880a2f d820dc69025e459489f1f963b7dcb981 6a2907b7dded4e32bb1f33dd1010ea75 - - default default] Successfully bumped revision number for resource 3c0d4fee-ea5b-4e4a-8be6-8b8ca5cb9589 (type: security_group_rules) to 0
2026-07-16 01:32:37.210 9 INFO neutron.db.ovn_revision_numbers_db [None req-c4440cd1-92b1-4645-843c-b8fad2880a2f d820dc69025e459489f1f963b7dcb981 6a2907b7dded4e32bb1f33dd1010ea75 - - default default] Successfully bumped revision number for resource 45ae2250-9bb9-4a08-b742-09c3ab7716b4 (type: security_group_rules) to 0
2026-07-16 01:32:37.225 9 INFO neutron.db.ovn_revision_numbers_db [None req-c4440cd1-92b1-4645-843c-b8fad2880a2f d820dc69025e459489f1f963b7dcb981 6a2907b7dded4e32bb1f33dd1010ea75 - - default default] Successfully bumped revision number for resource 6b149db6-bca4-4f77-a459-46cfadfeccbb (type: security_group_rules) to 0
2026-07-16 01:32:37.246 9 INFO neutron.db.ovn_revision_numbers_db [None req-c4440cd1-92b1-4645-843c-b8fad2880a2f d820dc69025e459489f1f963b7dcb981 6a2907b7dded4e32bb1f33dd1010ea75 - - default default] Successfully bumped revision number for resource a8c7b977-9328-4f86-9a4b-d73ca96a0941 (type: security_group_rules) to 0
2026-07-16 01:32:37.290 9 INFO neutron.wsgi [None req-c4440cd1-92b1-4645-843c-b8fad2880a2f d820dc69025e459489f1f963b7dcb981 6a2907b7dded4e32bb1f33dd1010ea75 - - default default] 10.0.0.125 "GET /v2.0/security-groups?tenant_id=7a7a0c3a0ecf45cc8cfeb436e5c503ec&name=default HTTP/1.1" status: 200 len: 2992 time: 0.5174940
2026-07-16 01:32:37.386 9 INFO neutron.db.ovn_revision_numbers_db [None req-6f908592-6cd3-4df5-89ff-5bf323fea8e5 d820dc69025e459489f1f963b7dcb981 6a2907b7dded4e32bb1f33dd1010ea75 - - default default] Successfully bumped revision number for resource 08c7dc53-af5c-49fd-8b6f-32d96aeeb73d (type: router_ports) to 1
2026-07-16 01:32:37.445 10 INFO neutron.db.ovn_revision_numbers_db [None req-79b89c6c-096b-4572-a749-d88a3a749de0 d820dc69025e459489f1f963b7dcb981 6a2907b7dded4e32bb1f33dd1010ea75 - - default default] Successfully bumped revision number for resource 8f22d941-47bb-4d43-a4ea-bc762760c826 (type: security_groups) to 1
2026-07-16 01:32:37.471 10 INFO neutron.db.ovn_revision_numbers_db [None req-79b89c6c-096b-4572-a749-d88a3a749de0 d820dc69025e459489f1f963b7dcb981 6a2907b7dded4e32bb1f33dd1010ea75 - - default default] Successfully bumped revision number for resource 1aa9273e-02d7-4a72-bed2-1a49e4410eb5 (type: security_group_rules) to 0
2026-07-16 01:32:37.492 10 INFO neutron.db.ovn_revision_numbers_db [None req-79b89c6c-096b-4572-a749-d88a3a749de0 d820dc69025e459489f1f963b7dcb981 6a2907b7dded4e32bb1f33dd1010ea75 - - default default] Successfully bumped revision number for resource 5598d4c9-3ad4-4b5e-bba3-d725510995c3 (type: security_group_rules) to 0
