2026-07-16 01:35:07.326 10 INFO neutron.wsgi [None req-c686c44d-62b2-439e-87ad-6d7b367278b1 2bec5b4337c347b4af3bf71fa56c0a47 834fd3a6964c49dea79b830014683c75 - - default default] 10.0.0.125 "POST /v2.0/floatingips HTTP/1.1" status: 201 len: 751 time: 1.1088777
2026-07-16 01:35:07.344 10 INFO neutron.wsgi [None req-a5b9e664-7280-48c2-8f26-51d3b54d3a7d 78cdee3560364ecabe97f7ba39ed180a 2ac45a89b4c64f3eae2844ae4f7409e0 - - default default] 10.0.0.125 "POST /v2.0/subnets HTTP/1.1" status: 201 len: 801 time: 1.3954952
2026-07-16 01:35:07.412 10 INFO neutron.wsgi [None req-84c5cd6c-4795-4c2b-a73e-ac8c9a8372ec 78cdee3560364ecabe97f7ba39ed180a 2ac45a89b4c64f3eae2844ae4f7409e0 - - default default] 10.0.0.125 "PUT /v2.0/subnets/5f1bd64c-25eb-446b-b109-c3ade4de15c0/tags HTTP/1.1" status: 200 len: 218 time: 0.0626624
2026-07-16 01:35:07.414 9 INFO neutron.db.ovn_revision_numbers_db [None req-76995732-dc1c-4d24-9c81-970f8fa054fd 85f4d8bff5ed4c0a9bf6f206c88f0244 9c48f3076ec94bbfbcc25773060f2628 - - default default] Successfully bumped revision number for resource 8520aee2-94b3-4fad-aff8-09140c964b6a (type: networks) to 2
2026-07-16 01:35:07.418 9 INFO neutron.wsgi [None req-76995732-dc1c-4d24-9c81-970f8fa054fd 85f4d8bff5ed4c0a9bf6f206c88f0244 9c48f3076ec94bbfbcc25773060f2628 - - default default] 10.0.0.125 "PUT /v2.0/networks/8520aee2-94b3-4fad-aff8-09140c964b6a HTTP/1.1" status: 200 len: 792 time: 0.1857691
2026-07-16 01:35:07.470 9 INFO neutron.wsgi [None req-0d03718a-ed38-4a09-b820-34f6f633abb9 78cdee3560364ecabe97f7ba39ed180a 2ac45a89b4c64f3eae2844ae4f7409e0 - - default default] 10.0.0.125 "GET /v2.0/subnets/5f1bd64c-25eb-446b-b109-c3ade4de15c0/tags HTTP/1.1" status: 200 len: 218 time: 0.0467186
2026-07-16 01:35:07.516 9 INFO neutron.wsgi [None req-b26c942f-703b-4ed5-8690-f057db773437 78cdee3560364ecabe97f7ba39ed180a 2ac45a89b4c64f3eae2844ae4f7409e0 - - default default] 10.0.0.125 "PUT /v2.0/subnets/5f1bd64c-25eb-446b-b109-c3ade4de15c0/tags/green HTTP/1.1" status: 201 len: 201 time: 0.0412440
2026-07-16 01:35:07.547 9 INFO neutron.wsgi [None req-98b24011-240e-4024-8476-7c510e506a30 78cdee3560364ecabe97f7ba39ed180a 2ac45a89b4c64f3eae2844ae4f7409e0 - - default default] 10.0.0.125 "GET /v2.0/subnets/5f1bd64c-25eb-446b-b109-c3ade4de15c0/tags HTTP/1.1" status: 200 len: 227 time: 0.0257871
2026-07-16 01:35:07.586 9 INFO neutron.wsgi [None req-7b9de055-6fee-49f5-a268-257e69995d92 78cdee3560364ecabe97f7ba39ed180a 2ac45a89b4c64f3eae2844ae4f7409e0 - - default default] 10.0.0.125 "PUT /v2.0/subnets/5f1bd64c-25eb-446b-b109-c3ade4de15c0/tags/red HTTP/1.1" status: 201 len: 201 time: 0.0343087
2026-07-16 01:35:07.617 9 INFO neutron.wsgi [None req-14c21b13-95a8-4ac0-babf-3fb16a3f77a6 d820dc69025e459489f1f963b7dcb981 6a2907b7dded4e32bb1f33dd1010ea75 - - default default] 10.0.0.125 "GET /v2.0/security-groups?tenant_id=213260d080aa4f738e9c2fc49525d12f&name=default HTTP/1.1" status: 200 len: 2996 time: 0.0430067
2026-07-16 01:35:07.620 9 INFO neutron.wsgi [None req-90f2d6e5-7afa-4213-8261-033a11794cd0 78cdee3560364ecabe97f7ba39ed180a 2ac45a89b4c64f3eae2844ae4f7409e0 - - default default] 10.0.0.125 "GET /v2.0/subnets/5f1bd64c-25eb-446b-b109-c3ade4de15c0/tags HTTP/1.1" status: 200 len: 227 time: 0.0283594
2026-07-16 01:35:07.647 10 WARNING neutron.scheduler.dhcp_agent_scheduler [None req-712d086f-17fc-4f15-a2b5-81352fbff06f 2bec5b4337c347b4af3bf71fa56c0a47 834fd3a6964c49dea79b830014683c75 - - default default] No more DHCP agents
2026-07-16 01:35:07.650 10 WARNING neutron.api.rpc.agentnotifiers.dhcp_rpc_agent_api [None req-712d086f-17fc-4f15-a2b5-81352fbff06f 2bec5b4337c347b4af3bf71fa56c0a47 834fd3a6964c49dea79b830014683c75 - - default default] Unable to schedule network 41e2105a-107e-4de7-ab90-5ea035ee11ee: no agents available; will retry on subsequent port and subnet creation events.
2026-07-16 01:35:07.675 9 INFO neutron.wsgi [None req-cfd01855-a9c0-42eb-a683-f74eb3a2b492 78cdee3560364ecabe97f7ba39ed180a 2ac45a89b4c64f3eae2844ae4f7409e0 - - default default] 10.0.0.125 "PUT /v2.0/subnets/5f1bd64c-25eb-446b-b109-c3ade4de15c0/tags/black.or.white HTTP/1.1" status: 201 len: 201 time: 0.0483217
2026-07-16 01:35:07.736 10 INFO neutron.wsgi [None req-e990256e-a9b5-4c03-a04d-c80642230483 78cdee3560364ecabe97f7ba39ed180a 2ac45a89b4c64f3eae2844ae4f7409e0 - - default default] 10.0.0.125 "GET /v2.0/subnets/5f1bd64c-25eb-446b-b109-c3ade4de15c0/tags HTTP/1.1" status: 200 len: 245 time: 0.0558753
2026-07-16 01:35:07.737 10 WARNING neutron.scheduler.dhcp_agent_scheduler [None req-1afab490-5a8b-4fb1-bab7-4b4e80a1d594 85f4d8bff5ed4c0a9bf6f206c88f0244 9c48f3076ec94bbfbcc25773060f2628 - - default default] No more DHCP agents
2026-07-16 01:35:07.744 10 WARNING neutron.api.rpc.agentnotifiers.dhcp_rpc_agent_api [None req-1afab490-5a8b-4fb1-bab7-4b4e80a1d594 85f4d8bff5ed4c0a9bf6f206c88f0244 9c48f3076ec94bbfbcc25773060f2628 - - default default] Unable to schedule network 8520aee2-94b3-4fad-aff8-09140c964b6a: no agents available; will retry on subsequent port and subnet creation events.
2026-07-16 01:35:07.795 9 INFO neutron.wsgi [None req-12fb645f-d5c3-41c7-a7de-89209bcf0b8d 78cdee3560364ecabe97f7ba39ed180a 2ac45a89b4c64f3eae2844ae4f7409e0 - - default default] 10.0.0.125 "PUT /v2.0/subnets/5f1bd64c-25eb-446b-b109-c3ade4de15c0/tags HTTP/1.1" status: 200 len: 230 time: 0.0532787
2026-07-16 01:35:07.845 9 INFO neutron.wsgi [None req-feac396c-545a-4fe7-bf18-00de868bb8e0 d820dc69025e459489f1f963b7dcb981 6a2907b7dded4e32bb1f33dd1010ea75 - - default default] 10.0.0.125 "DELETE /v2.0/security-groups/f4980477-59a1-4d21-a83f-20ac1613c338 HTTP/1.1" status: 204 len: 168 time: 0.2228580
2026-07-16 01:35:07.857 10 INFO neutron.wsgi [None req-91830de2-a82e-409c-8f13-f57286039cda 78cdee3560364ecabe97f7ba39ed180a 2ac45a89b4c64f3eae2844ae4f7409e0 - - default default] 10.0.0.125 "GET /v2.0/subnets/5f1bd64c-25eb-446b-b109-c3ade4de15c0/tags HTTP/1.1" status: 200 len: 230 time: 0.0547426
2026-07-16 01:35:07.892 9 INFO neutron.wsgi [None req-55bca416-d3e4-4191-8a26-52e3c70f7e36 78cdee3560364ecabe97f7ba39ed180a 2ac45a89b4c64f3eae2844ae4f7409e0 - - default default] 10.0.0.125 "GET /v2.0/subnets/5f1bd64c-25eb-446b-b109-c3ade4de15c0/tags/red HTTP/1.1" status: 204 len: 168 time: 0.0303798
2026-07-16 01:35:07.925 9 INFO neutron.api.v2.resource [None req-1be670c5-a9fa-4470-82e4-edd94ce60754 78cdee3560364ecabe97f7ba39ed180a 2ac45a89b4c64f3eae2844ae4f7409e0 - - default default] show failed (client error): The resource could not be found.
2026-07-16 01:35:07.927 9 INFO neutron.wsgi [None req-1be670c5-a9fa-4470-82e4-edd94ce60754 78cdee3560364ecabe97f7ba39ed180a 2ac45a89b4c64f3eae2844ae4f7409e0 - - default default] 10.0.0.125 "GET /v2.0/subnets/5f1bd64c-25eb-446b-b109-c3ade4de15c0/tags/green HTTP/1.1" status: 404 len: 299 time: 0.0313356
2026-07-16 01:35:07.972 9 INFO neutron.wsgi [None req-e8c794da-9008-4072-8e8c-d4d3e8100a64 78cdee3560364ecabe97f7ba39ed180a 2ac45a89b4c64f3eae2844ae4f7409e0 - - default default] 10.0.0.125 "DELETE /v2.0/subnets/5f1bd64c-25eb-446b-b109-c3ade4de15c0/tags/red HTTP/1.1" status: 204 len: 168 time: 0.0408251
2026-07-16 01:35:08.005 9 INFO neutron.wsgi [None req-79ccf8f4-70ad-4de3-9624-bf145ce0336f 78cdee3560364ecabe97f7ba39ed180a 2ac45a89b4c64f3eae2844ae4f7409e0 - - default default] 10.0.0.125 "GET /v2.0/subnets/5f1bd64c-25eb-446b-b109-c3ade4de15c0/tags HTTP/1.1" status: 200 len: 223 time: 0.0280447
2026-07-16 01:35:08.042 9 INFO neutron.api.v2.resource [None req-ffc879eb-199e-4a59-a0d3-5b356d4add99 78cdee3560364ecabe97f7ba39ed180a 2ac45a89b4c64f3eae2844ae4f7409e0 - - default default] delete failed (client error): The resource could not be found.
2026-07-16 01:35:08.043 9 INFO neutron.wsgi [None req-ffc879eb-199e-4a59-a0d3-5b356d4add99 78cdee3560364ecabe97f7ba39ed180a 2ac45a89b4c64f3eae2844ae4f7409e0 - - default default] 10.0.0.125 "DELETE /v2.0/subnets/5f1bd64c-25eb-446b-b109-c3ade4de15c0/tags/green HTTP/1.1" status: 404 len: 299 time: 0.0332472
2026-07-16 01:35:08.067 10 INFO neutron.wsgi [None req-98fc4efb-c09b-4c17-adf1-23a2a6fc5dba d820dc69025e459489f1f963b7dcb981 6a2907b7dded4e32bb1f33dd1010ea75 - - default default] 10.0.0.125 "GET /v2.0/security-groups?tenant_id=3e4f693366b740abab23ea578b202fe8&name=default HTTP/1.1" status: 200 len: 2996 time: 0.0771563
2026-07-16 01:35:08.105 9 INFO neutron.wsgi [None req-49e4cb46-f418-4e88-a56b-83c602c04b8b 78cdee3560364ecabe97f7ba39ed180a 2ac45a89b4c64f3eae2844ae4f7409e0 - - default default] 10.0.0.125 "DELETE /v2.0/subnets/5f1bd64c-25eb-446b-b109-c3ade4de15c0/tags HTTP/1.1" status: 204 len: 168 time: 0.0485601
2026-07-16 01:35:08.137 9 INFO neutron.wsgi [None req-f4a37388-4364-4532-97d6-10df3c2b1281 78cdee3560364ecabe97f7ba39ed180a 2ac45a89b4c64f3eae2844ae4f7409e0 - - default default] 10.0.0.125 "GET /v2.0/subnets/5f1bd64c-25eb-446b-b109-c3ade4de15c0/tags HTTP/1.1" status: 200 len: 205 time: 0.0275536
2026-07-16 01:35:08.152 10 INFO neutron.db.ovn_revision_numbers_db [None req-712d086f-17fc-4f15-a2b5-81352fbff06f 2bec5b4337c347b4af3bf71fa56c0a47 834fd3a6964c49dea79b830014683c75 - - default default] Successfully bumped revision number for resource ddabb456-9386-4bd5-b32e-570dea185305 (type: floatingips) to 0
2026-07-16 01:35:08.153 9 INFO neutron.wsgi [-] 10.0.0.220 "GET / HTTP/1.1" status: 200 len: 247 time: 0.0017505
2026-07-16 01:35:08.156 10 INFO neutron.wsgi [-] 10.0.0.220 "GET / HTTP/1.1" status: 200 len: 247 time: 0.0012181
2026-07-16 01:35:08.171 10 INFO neutron.wsgi [None req-712d086f-17fc-4f15-a2b5-81352fbff06f 2bec5b4337c347b4af3bf71fa56c0a47 834fd3a6964c49dea79b830014683c75 - - default default] 10.0.0.125 "POST /v2.0/floatingips HTTP/1.1" status: 201 len: 751 time: 0.8388166
2026-07-16 01:35:08.359 10 INFO neutron.wsgi [None req-7229f493-4718-4146-8dfc-6b20f211fab4 d820dc69025e459489f1f963b7dcb981 6a2907b7dded4e32bb1f33dd1010ea75 - - default default] 10.0.0.125 "DELETE /v2.0/security-groups/eef0b15c-4e23-48a1-a2c6-329fd0231ac9 HTTP/1.1" status: 204 len: 168 time: 0.2881167
2026-07-16 01:35:08.360 10 INFO neutron.db.ovn_revision_numbers_db [None req-1afab490-5a8b-4fb1-bab7-4b4e80a1d594 85f4d8bff5ed4c0a9bf6f206c88f0244 9c48f3076ec94bbfbcc25773060f2628 - - default default] Successfully bumped revision number for resource eaf5b68e-cd6c-48ae-82cb-543f4b620bc6 (type: ports) to 2
2026-07-16 01:35:08.394 10 INFO neutron.db.ovn_revision_numbers_db [None req-1afab490-5a8b-4fb1-bab7-4b4e80a1d594 85f4d8bff5ed4c0a9bf6f206c88f0244 9c48f3076ec94bbfbcc25773060f2628 - - default default] Successfully bumped revision number for resource e1584eeb-39a8-4700-bcfc-908240906361 (type: subnets) to 0
2026-07-16 01:35:08.403 9 INFO neutron.wsgi [None req-5d1e19b0-d385-4495-87de-5cdd8d7c206a 78cdee3560364ecabe97f7ba39ed180a 2ac45a89b4c64f3eae2844ae4f7409e0 - - default default] 10.0.0.125 "DELETE /v2.0/subnets/5f1bd64c-25eb-446b-b109-c3ade4de15c0 HTTP/1.1" status: 204 len: 168 time: 0.2603719
2026-07-16 01:35:08.407 10 INFO neutron.wsgi [None req-1afab490-5a8b-4fb1-bab7-4b4e80a1d594 85f4d8bff5ed4c0a9bf6f206c88f0244 9c48f3076ec94bbfbcc25773060f2628 - - default default] 10.0.0.125 "POST /v2.0/subnets HTTP/1.1" status: 201 len: 801 time: 0.9814556
2026-07-16 01:35:08.550 9 WARNING neutron.scheduler.dhcp_agent_scheduler [None req-8de7a3b0-1b46-4bd7-880d-658a860b4672 2bec5b4337c347b4af3bf71fa56c0a47 834fd3a6964c49dea79b830014683c75 - - default default] No more DHCP agents
2026-07-16 01:35:08.553 9 WARNING neutron.api.rpc.agentnotifiers.dhcp_rpc_agent_api [None req-8de7a3b0-1b46-4bd7-880d-658a860b4672 2bec5b4337c347b4af3bf71fa56c0a47 834fd3a6964c49dea79b830014683c75 - - default default] Unable to schedule network 41e2105a-107e-4de7-ab90-5ea035ee11ee: no agents available; will retry on subsequent port and subnet creation events.
2026-07-16 01:35:08.730 10 INFO neutron.db.ovn_revision_numbers_db [None req-c8f899b1-da2e-4df2-bf9c-2aa123de03fa 85f4d8bff5ed4c0a9bf6f206c88f0244 9c48f3076ec94bbfbcc25773060f2628 - - default default] Successfully bumped revision number for resource e1584eeb-39a8-4700-bcfc-908240906361 (type: subnets) to 1
2026-07-16 01:35:08.734 10 INFO neutron.wsgi [None req-c8f899b1-da2e-4df2-bf9c-2aa123de03fa 85f4d8bff5ed4c0a9bf6f206c88f0244 9c48f3076ec94bbfbcc25773060f2628 - - default default] 10.0.0.125 "PUT /v2.0/subnets/e1584eeb-39a8-4700-bcfc-908240906361 HTTP/1.1" status: 200 len: 806 time: 0.3220150
2026-07-16 01:35:08.884 9 INFO neutron.wsgi [None req-84d2a0c1-a613-4efc-8a61-2b0d44e4fc85 78cdee3560364ecabe97f7ba39ed180a 2ac45a89b4c64f3eae2844ae4f7409e0 - - default default] 10.0.0.125 "DELETE /v2.0/networks/561e81ae-f8ab-400a-a5e3-29a909e94abb HTTP/1.1" status: 204 len: 168 time: 0.4725766
2026-07-16 01:35:08.956 9 INFO neutron.db.ovn_revision_numbers_db [None req-8de7a3b0-1b46-4bd7-880d-658a860b4672 2bec5b4337c347b4af3bf71fa56c0a47 834fd3a6964c49dea79b830014683c75 - - default default] Successfully bumped revision number for resource 829f712e-de31-45f6-a53c-756f5f3b50c8 (type: floatingips) to 0
2026-07-16 01:35:08.969 9 INFO neutron.wsgi [None req-8de7a3b0-1b46-4bd7-880d-658a860b4672 2bec5b4337c347b4af3bf71fa56c0a47 834fd3a6964c49dea79b830014683c75 - - default default] 10.0.0.125 "POST /v2.0/floatingips HTTP/1.1" status: 201 len: 751 time: 0.7927070
2026-07-16 01:35:09.201 9 WARNING neutron.scheduler.dhcp_agent_scheduler [None req-ccdd744c-9400-47ef-8d72-27bc68156673 2bec5b4337c347b4af3bf71fa56c0a47 834fd3a6964c49dea79b830014683c75 - - default default] No more DHCP agents
2026-07-16 01:35:09.202 9 WARNING neutron.api.rpc.agentnotifiers.dhcp_rpc_agent_api [None req-ccdd744c-9400-47ef-8d72-27bc68156673 2bec5b4337c347b4af3bf71fa56c0a47 834fd3a6964c49dea79b830014683c75 - - default default] Unable to schedule network 41e2105a-107e-4de7-ab90-5ea035ee11ee: no agents available; will retry on subsequent port and subnet creation events.
2026-07-16 01:35:09.226 9 INFO neutron.services.segments.plugin [-] Segment 561b4c4c-93cb-443e-81e6-ccb7b1e22e63 resource provider aggregate not found
2026-07-16 01:35:09.235 9 INFO neutron.services.segments.plugin [-] Segment 561b4c4c-93cb-443e-81e6-ccb7b1e22e63 resource provider aggregate not found
2026-07-16 01:35:09.243 9 INFO neutron.services.segments.plugin [-] Segment 561b4c4c-93cb-443e-81e6-ccb7b1e22e63 resource provider not found; error: Placement Client Error (4xx): {"errors": [{"status": 404, "title": "Not Found", "detail": "The resource could not be found.\n\n No resource provider with uuid 561b4c4c-93cb-443e-81e6-ccb7b1e22e63 found for delete ", "request_id": "req-1a54050a-05ce-4e8e-871f-4da80383507f"}]}
2026-07-16 01:35:09.250 9 INFO neutron.services.segments.plugin [-] Segment 561b4c4c-93cb-443e-81e6-ccb7b1e22e63 resource provider not found; error: Placement Client Error (4xx): {"errors": [{"status": 404, "title": "Not Found", "detail": "The resource could not be found.\n\n No resource provider with uuid 561b4c4c-93cb-443e-81e6-ccb7b1e22e63 found for delete ", "request_id": "req-0364b5dd-8aac-4592-9095-4bce27758296"}]}
2026-07-16 01:35:09.303 10 INFO neutron.services.segments.plugin [-] Segment fd172316-fa62-41ac-8c29-745ed8a5a80b resource provider aggregate not found
2026-07-16 01:35:09.308 10 INFO neutron.services.segments.plugin [-] Segment fd172316-fa62-41ac-8c29-745ed8a5a80b resource provider aggregate not found
2026-07-16 01:35:09.325 10 INFO neutron.services.segments.plugin [-] Segment fd172316-fa62-41ac-8c29-745ed8a5a80b resource provider not found; error: Placement Client Error (4xx): {"errors": [{"status": 404, "title": "Not Found", "detail": "The resource could not be found.\n\n No resource provider with uuid fd172316-fa62-41ac-8c29-745ed8a5a80b found for delete ", "request_id": "req-de095c5d-06ba-48a8-96c8-5ef3ad693a2f"}]}
2026-07-16 01:35:09.326 10 INFO neutron.services.segments.plugin [-] Segment fd172316-fa62-41ac-8c29-745ed8a5a80b resource provider not found; error: Placement Client Error (4xx): {"errors": [{"status": 404, "title": "Not Found", "detail": "The resource could not be found.\n\n No resource provider with uuid fd172316-fa62-41ac-8c29-745ed8a5a80b found for delete ", "request_id": "req-34587c8b-582e-4a5b-bcd5-dfe45a21384c"}]}
2026-07-16 01:35:09.340 10 INFO neutron.wsgi [None req-45de4171-9f4b-4c0c-874b-848aad0cf7dc 85f4d8bff5ed4c0a9bf6f206c88f0244 9c48f3076ec94bbfbcc25773060f2628 - - default default] 10.0.0.125 "DELETE /v2.0/networks/8520aee2-94b3-4fad-aff8-09140c964b6a HTTP/1.1" status: 204 len: 168 time: 0.6015439
2026-07-16 01:35:09.359 9 INFO neutron.pecan_wsgi.hooks.translation [None req-b580c111-da7a-4f10-acf8-0cc0aee88b2e 85f4d8bff5ed4c0a9bf6f206c88f0244 9c48f3076ec94bbfbcc25773060f2628 - - default default] DELETE failed (client error): The resource could not be found.
2026-07-16 01:35:09.361 9 INFO neutron.wsgi [None req-b580c111-da7a-4f10-acf8-0cc0aee88b2e 85f4d8bff5ed4c0a9bf6f206c88f0244 9c48f3076ec94bbfbcc25773060f2628 - - default default] 10.0.0.125 "DELETE /v2.0/networks/8520aee2-94b3-4fad-aff8-09140c964b6a HTTP/1.1" status: 404 len: 339 time: 0.0155644
2026-07-16 01:35:09.469 10 INFO neutron.wsgi [None req-bba6305b-ab8a-4e1b-83e7-aa27a86caa8c 85f4d8bff5ed4c0a9bf6f206c88f0244 9c48f3076ec94bbfbcc25773060f2628 - - default default] 10.0.0.125 "GET /v2.0/networks?router%3Aexternal=True HTTP/1.1" status: 200 len: 845 time: 0.1024032
2026-07-16 01:35:09.528 10 INFO neutron.wsgi [None req-e4daea98-fd90-462e-8226-7728637d4a97 85f4d8bff5ed4c0a9bf6f206c88f0244 9c48f3076ec94bbfbcc25773060f2628 - - default default] 10.0.0.125 "GET /v2.0/subnets?network_id=41e2105a-107e-4de7-ab90-5ea035ee11ee HTTP/1.1" status: 200 len: 820 time: 0.0529311
2026-07-16 01:35:09.549 10 INFO neutron.wsgi [None req-90e387e1-71b8-4c18-b765-ac52763fb1b9 85f4d8bff5ed4c0a9bf6f206c88f0244 9c48f3076ec94bbfbcc25773060f2628 - - default default] 10.0.0.125 "GET /v2.0/extensions HTTP/1.1" status: 200 len: 16520 time: 0.0049703
2026-07-16 01:35:09.615 10 INFO neutron.wsgi [None req-4fdaa61e-a957-40d4-ab60-f4525d69cbf6 85f4d8bff5ed4c0a9bf6f206c88f0244 9c48f3076ec94bbfbcc25773060f2628 - - default default] 10.0.0.125 "GET /v2.0/networks HTTP/1.1" status: 200 len: 1503 time: 0.0594099
2026-07-16 01:35:09.660 10 INFO neutron.wsgi [None req-c3114bd4-194b-46e3-90a2-4533182b7f52 85f4d8bff5ed4c0a9bf6f206c88f0244 9c48f3076ec94bbfbcc25773060f2628 - - default default] 10.0.0.125 "GET /v2.0/subnets HTTP/1.1" status: 200 len: 1428 time: 0.0383155
2026-07-16 01:35:09.680 9 INFO neutron.db.ovn_revision_numbers_db [None req-ccdd744c-9400-47ef-8d72-27bc68156673 2bec5b4337c347b4af3bf71fa56c0a47 834fd3a6964c49dea79b830014683c75 - - default default] Successfully bumped revision number for resource 03529f4c-2f79-46a6-8e3d-7b57cc1f9cda (type: floatingips) to 0
2026-07-16 01:35:09.701 9 INFO neutron.wsgi [None req-ccdd744c-9400-47ef-8d72-27bc68156673 2bec5b4337c347b4af3bf71fa56c0a47 834fd3a6964c49dea79b830014683c75 - - default default] 10.0.0.125 "POST /v2.0/floatingips HTTP/1.1" status: 201 len: 751 time: 0.7287681
2026-07-16 01:35:09.749 9 INFO neutron.wsgi [None req-e1ef67be-7f0c-4cc5-90c1-9ad52a103b63 2bec5b4337c347b4af3bf71fa56c0a47 834fd3a6964c49dea79b830014683c75 - - default default] 10.0.0.125 "PUT /v2.0/floatingips/12cbe1ed-2a6c-49b1-a006-ff00975877c7/tags HTTP/1.1" status: 200 len: 210 time: 0.0439198
2026-07-16 01:35:09.755 10 INFO neutron.wsgi [None req-3df1ad22-3c95-4b75-84f0-eb6242724513 85f4d8bff5ed4c0a9bf6f206c88f0244 9c48f3076ec94bbfbcc25773060f2628 - - default default] 10.0.0.125 "GET /v2.0/networks/d4f5b986-d7d4-4365-9685-5379bac3f7f9 HTTP/1.1" status: 200 len: 862 time: 0.0884871
2026-07-16 01:35:09.784 9 INFO neutron.wsgi [None req-9918e100-62e0-4b5d-9354-52615336e784 2bec5b4337c347b4af3bf71fa56c0a47 834fd3a6964c49dea79b830014683c75 - - default default] 10.0.0.125 "PUT /v2.0/floatingips/4a350acc-3cbb-4bf7-a9dd-c4b735bd3ddf/tags HTTP/1.1" status: 200 len: 218 time: 0.0311377
2026-07-16 01:35:09.814 10 INFO neutron.wsgi [None req-34c5d2cd-355b-4da2-abde-8fd6cbdfd07e 85f4d8bff5ed4c0a9bf6f206c88f0244 9c48f3076ec94bbfbcc25773060f2628 - - default default] 10.0.0.125 "GET /v2.0/subnets/3f4a6c0f-8b4a-40f3-b1c5-931853278283 HTTP/1.1" status: 200 len: 811 time: 0.0501924
2026-07-16 01:35:09.832 9 INFO neutron.wsgi [None req-41ef368b-4bc2-493e-b98c-30117d84b4fb 2bec5b4337c347b4af3bf71fa56c0a47 834fd3a6964c49dea79b830014683c75 - - default default] 10.0.0.125 "PUT /v2.0/floatingips/ddabb456-9386-4bd5-b32e-570dea185305/tags HTTP/1.1" status: 200 len: 227 time: 0.0438015
2026-07-16 01:35:09.835 10 INFO neutron.pecan_wsgi.hooks.translation [None req-842c04f7-88d1-4b2d-96fd-889a2812b9a1 85f4d8bff5ed4c0a9bf6f206c88f0244 9c48f3076ec94bbfbcc25773060f2628 - - default default] DELETE failed (client error): The resource could not be found.
2026-07-16 01:35:09.837 10 INFO neutron.wsgi [None req-842c04f7-88d1-4b2d-96fd-889a2812b9a1 85f4d8bff5ed4c0a9bf6f206c88f0244 9c48f3076ec94bbfbcc25773060f2628 - - default default] 10.0.0.125 "DELETE /v2.0/subnets/e1584eeb-39a8-4700-bcfc-908240906361 HTTP/1.1" status: 404 len: 337 time: 0.0172615
2026-07-16 01:35:09.868 9 INFO neutron.wsgi [None req-256b36aa-2186-472e-93ec-fbf35821d5dc 2bec5b4337c347b4af3bf71fa56c0a47 834fd3a6964c49dea79b830014683c75 - - default default] 10.0.0.125 "PUT /v2.0/floatingips/829f712e-de31-45f6-a53c-756f5f3b50c8/tags HTTP/1.1" status: 200 len: 212 time: 0.0318525
2026-07-16 01:35:09.907 9 INFO neutron.wsgi [None req-b2f2c72d-0b63-4bf2-be49-3ffbd89f5918 2bec5b4337c347b4af3bf71fa56c0a47 834fd3a6964c49dea79b830014683c75 - - default default] 10.0.0.125 "GET /v2.0/floatingips?tags=red HTTP/1.1" status: 200 len: 1866 time: 0.0353458
2026-07-16 01:35:09.964 9 INFO neutron.wsgi [None req-7f46f2ca-6966-4a80-afed-9eca2c2fef35 2bec5b4337c347b4af3bf71fa56c0a47 834fd3a6964c49dea79b830014683c75 - - default default] 10.0.0.125 "GET /v2.0/floatingips?tags=red%2Cblue HTTP/1.1" status: 200 len: 1323 time: 0.0477214
2026-07-16 01:35:10.012 9 INFO neutron.wsgi [None req-a934aa78-1571-4455-8e31-de7e3090711e 2bec5b4337c347b4af3bf71fa56c0a47 834fd3a6964c49dea79b830014683c75 - - default default] 10.0.0.125 "GET /v2.0/floatingips?tags-any=blue HTTP/1.1" status: 200 len: 1323 time: 0.0431650
2026-07-16 01:35:10.055 9 INFO neutron.wsgi [None req-a159de87-ef9d-469f-9e80-270558ac71b4 2bec5b4337c347b4af3bf71fa56c0a47 834fd3a6964c49dea79b830014683c75 - - default default] 10.0.0.125 "GET /v2.0/floatingips?tags-any=red%2Cblue HTTP/1.1" status: 200 len: 1866 time: 0.0390389
2026-07-16 01:35:10.076 10 INFO neutron.pecan_wsgi.hooks.translation [None req-3c6f9c9a-e150-4783-bf47-f20a5800c111 85f4d8bff5ed4c0a9bf6f206c88f0244 9c48f3076ec94bbfbcc25773060f2628 - - default default] DELETE failed (client error): The resource could not be found.
2026-07-16 01:35:10.079 10 INFO neutron.wsgi [None req-3c6f9c9a-e150-4783-bf47-f20a5800c111 85f4d8bff5ed4c0a9bf6f206c88f0244 9c48f3076ec94bbfbcc25773060f2628 - - default default] 10.0.0.125 "DELETE /v2.0/networks/8520aee2-94b3-4fad-aff8-09140c964b6a HTTP/1.1" status: 404 len: 339 time: 0.2376990
2026-07-16 01:35:10.104 9 INFO neutron.wsgi [None req-2e878018-4121-4ff2-995e-120b6a5d292a 2bec5b4337c347b4af3bf71fa56c0a47 834fd3a6964c49dea79b830014683c75 - - default default] 10.0.0.125 "GET /v2.0/floatingips?not-tags=red HTTP/1.1" status: 200 len: 1295 time: 0.0443640
2026-07-16 01:35:10.161 10 INFO neutron.wsgi [None req-460e801a-d590-4651-b345-f13e04939432 2bec5b4337c347b4af3bf71fa56c0a47 834fd3a6964c49dea79b830014683c75 - - default default] 10.0.0.125 "GET /v2.0/floatingips?not-tags=red%2Cblue HTTP/1.1" status: 200 len: 1838 time: 0.0536287
2026-07-16 01:35:10.191 10 INFO neutron.db.ovn_revision_numbers_db [None req-5a3d2bef-579a-429a-b745-5efe75704222 d820dc69025e459489f1f963b7dcb981 6a2907b7dded4e32bb1f33dd1010ea75 - - default default] Successfully bumped revision number for resource e8e688f7-badc-4031-8ba7-538f6bc92b94 (type: security_groups) to 1
2026-07-16 01:35:10.207 10 INFO neutron.db.ovn_revision_numbers_db [None req-5a3d2bef-579a-429a-b745-5efe75704222 d820dc69025e459489f1f963b7dcb981 6a2907b7dded4e32bb1f33dd1010ea75 - - default default] Successfully bumped revision number for resource 26c90584-1625-4dce-a7e8-4ce3919220b8 (type: security_group_rules) to 0
2026-07-16 01:35:10.209 9 INFO neutron.wsgi [None req-9b4e9f01-d680-4b74-904b-cf34b0b7aacf 2bec5b4337c347b4af3bf71fa56c0a47 834fd3a6964c49dea79b830014683c75 - - default default] 10.0.0.125 "GET /v2.0/floatingips?not-tags-any=blue HTTP/1.1" status: 200 len: 1838 time: 0.0428739
2026-07-16 01:35:10.229 10 INFO neutron.db.ovn_revision_numbers_db [None req-5a3d2bef-579a-429a-b745-5efe75704222 d820dc69025e459489f1f963b7dcb981 6a2907b7dded4e32bb1f33dd1010ea75 - - default default] Successfully bumped revision number for resource 45d92caa-92fb-46a5-93d9-83023dc29314 (type: security_group_rules) to 0
2026-07-16 01:35:10.242 10 INFO neutron.db.ovn_revision_numbers_db [None req-5a3d2bef-579a-429a-b745-5efe75704222 d820dc69025e459489f1f963b7dcb981 6a2907b7dded4e32bb1f33dd1010ea75 - - default default] Successfully bumped revision number for resource 62603cc2-9bc8-4ca1-993b-8de33b68ff4e (type: security_group_rules) to 0
2026-07-16 01:35:10.249 9 INFO neutron.wsgi [None req-786aece0-9787-4d6d-9bfa-b18ff1819647 2bec5b4337c347b4af3bf71fa56c0a47 834fd3a6964c49dea79b830014683c75 - - default default] 10.0.0.125 "GET /v2.0/floatingips?not-tags-any=red%2Cblue HTTP/1.1" status: 200 len: 1295 time: 0.0354967
2026-07-16 01:35:10.265 10 INFO neutron.db.ovn_revision_numbers_db [None req-5a3d2bef-579a-429a-b745-5efe75704222 d820dc69025e459489f1f963b7dcb981 6a2907b7dded4e32bb1f33dd1010ea75 - - default default] Successfully bumped revision number for resource 941e3f03-1999-4583-8241-c9e0581f6985 (type: security_group_rules) to 0
2026-07-16 01:35:10.302 10 INFO neutron.wsgi [None req-5a3d2bef-579a-429a-b745-5efe75704222 d820dc69025e459489f1f963b7dcb981 6a2907b7dded4e32bb1f33dd1010ea75 - - default default] 10.0.0.125 "GET /v2.0/security-groups?tenant_id=127d3b720b37489a96748ebd8e298187&name=default HTTP/1.1" status: 200 len: 2996 time: 0.7318985
2026-07-16 01:35:10.355 10 INFO neutron.wsgi [None req-89edcf4a-afc5-482a-a340-cda857cd1815 85f4d8bff5ed4c0a9bf6f206c88f0244 9c48f3076ec94bbfbcc25773060f2628 - - default default] 10.0.0.125 "DELETE /v2.0/subnets/3f4a6c0f-8b4a-40f3-b1c5-931853278283 HTTP/1.1" status: 204 len: 168 time: 0.2715559
2026-07-16 01:35:10.609 9 INFO neutron.wsgi [None req-ccfa8f1c-7be9-4e65-820b-51b6cbca29d5 d820dc69025e459489f1f963b7dcb981 6a2907b7dded4e32bb1f33dd1010ea75 - - default default] 10.0.0.125 "DELETE /v2.0/security-groups/e8e688f7-badc-4031-8ba7-538f6bc92b94 HTTP/1.1" status: 204 len: 168 time: 0.3039534
2026-07-16 01:35:10.638 9 INFO neutron.wsgi [None req-c5f820a4-e6b1-4e11-8655-730a0aaa3652 2bec5b4337c347b4af3bf71fa56c0a47 834fd3a6964c49dea79b830014683c75 - - default default] 10.0.0.125 "DELETE /v2.0/floatingips/12cbe1ed-2a6c-49b1-a006-ff00975877c7 HTTP/1.1" status: 204 len: 168 time: 0.3835900
2026-07-16 01:35:10.748 9 INFO neutron.wsgi [None req-a1ad5d69-d163-4a88-8fa9-69268cacf2dc d820dc69025e459489f1f963b7dcb981 6a2907b7dded4e32bb1f33dd1010ea75 - - default default] 10.0.0.125 "GET /v2.0/security-groups?tenant_id=2ac45a89b4c64f3eae2844ae4f7409e0&name=default HTTP/1.1" status: 200 len: 2996 time: 0.0401387
2026-07-16 01:35:10.750 10 INFO neutron.wsgi [None req-0d1a1ba8-1386-4daa-8a6e-e169a96a1d7c 85f4d8bff5ed4c0a9bf6f206c88f0244 9c48f3076ec94bbfbcc25773060f2628 - - default default] 10.0.0.125 "DELETE /v2.0/networks/d4f5b986-d7d4-4365-9685-5379bac3f7f9 HTTP/1.1" status: 204 len: 168 time: 0.3874419
2026-07-16 01:35:10.968 9 INFO neutron.wsgi [None req-dff307a7-4fa9-40de-8433-5d9af1d5f59a d820dc69025e459489f1f963b7dcb981 6a2907b7dded4e32bb1f33dd1010ea75 - - default default] 10.0.0.125 "DELETE /v2.0/security-groups/7a31f0d3-a491-48ae-b5aa-b93b902fddc3 HTTP/1.1" status: 204 len: 168 time: 0.2174757
2026-07-16 01:35:10.985 10 INFO neutron.wsgi [None req-98c85a4f-bdf2-47f5-9d15-bd62ce17280f 2bec5b4337c347b4af3bf71fa56c0a47 834fd3a6964c49dea79b830014683c75 - - default default] 10.0.0.125 "DELETE /v2.0/floatingips/4a350acc-3cbb-4bf7-a9dd-c4b735bd3ddf HTTP/1.1" status: 204 len: 168 time: 0.3419569
2026-07-16 01:35:11.309 10 INFO neutron.wsgi [None req-069f0f78-8642-413f-a4b1-fc64fa543973 2bec5b4337c347b4af3bf71fa56c0a47 834fd3a6964c49dea79b830014683c75 - - default default] 10.0.0.125 "DELETE /v2.0/floatingips/ddabb456-9386-4bd5-b32e-570dea185305 HTTP/1.1" status: 204 len: 168 time: 0.3208630
2026-07-16 01:35:11.380 10 INFO neutron.services.segments.plugin [-] Segment 6de0d3f6-7727-4097-b9f7-392cef067a49 resource provider aggregate not found
2026-07-16 01:35:11.388 10 INFO neutron.services.segments.plugin [-] Segment 6de0d3f6-7727-4097-b9f7-392cef067a49 resource provider aggregate not found
2026-07-16 01:35:11.406 10 INFO neutron.services.segments.plugin [-] Segment 6de0d3f6-7727-4097-b9f7-392cef067a49 resource provider not found; error: Placement Client Error (4xx): {"errors": [{"status": 404, "title": "Not Found", "detail": "The resource could not be found.\n\n No resource provider with uuid 6de0d3f6-7727-4097-b9f7-392cef067a49 found for delete ", "request_id": "req-ce540dc6-fe5a-476b-8e4b-c6044b420e11"}]}
2026-07-16 01:35:11.413 10 INFO neutron.services.segments.plugin [-] Segment 6de0d3f6-7727-4097-b9f7-392cef067a49 resource provider not found; error: Placement Client Error (4xx): {"errors": [{"status": 404, "title": "Not Found", "detail": "The resource could not be found.\n\n No resource provider with uuid 6de0d3f6-7727-4097-b9f7-392cef067a49 found for delete ", "request_id": "req-e0f6f141-64fd-422d-8435-b7ef505630e4"}]}
2026-07-16 01:35:11.444 10 INFO neutron.wsgi [None req-a23a7e60-a5db-41b4-b313-063eac56fb8b d820dc69025e459489f1f963b7dcb981 6a2907b7dded4e32bb1f33dd1010ea75 - - default default] 10.0.0.125 "GET /v2.0/security-groups?tenant_id=9c48f3076ec94bbfbcc25773060f2628&name=default HTTP/1.1" status: 200 len: 2996 time: 0.1747243
2026-07-16 01:35:11.687 10 INFO neutron.wsgi [None req-9cb8072e-ae53-4cf3-a8db-f2917a44d4b5 d820dc69025e459489f1f963b7dcb981 6a2907b7dded4e32bb1f33dd1010ea75 - - default default] 10.0.0.125 "DELETE /v2.0/security-groups/dbeab243-ea2f-46e5-9cf1-f713b63fa055 HTTP/1.1" status: 204 len: 168 time: 0.2367780
2026-07-16 01:35:11.694 10 INFO neutron.wsgi [None req-64682e0f-ac25-4ab5-83e2-bff5102880cd 2bec5b4337c347b4af3bf71fa56c0a47 834fd3a6964c49dea79b830014683c75 - - default default] 10.0.0.125 "DELETE /v2.0/floatingips/829f712e-de31-45f6-a53c-756f5f3b50c8 HTTP/1.1" status: 204 len: 168 time: 0.3803148
2026-07-16 01:35:11.988 10 INFO neutron.wsgi [None req-0e1515d8-932c-4bd4-9ff4-40fa711a2fc8 2bec5b4337c347b4af3bf71fa56c0a47 834fd3a6964c49dea79b830014683c75 - - default default] 10.0.0.125 "DELETE /v2.0/floatingips/03529f4c-2f79-46a6-8e3d-7b57cc1f9cda HTTP/1.1" status: 204 len: 168 time: 0.2893784
2026-07-16 01:35:12.979 10 INFO neutron.db.ovn_revision_numbers_db [None req-14f9aea1-f2a9-4d12-a0f8-f7d6421cdbb6 e0a716ff27804643bfba2ece5512f35e 4645b63e9f2d4188aee81c038b9962da - - default default] Successfully bumped revision number for resource 04959ede-d514-45bc-a309-264ca2b0e18a (type: security_groups) to 1
2026-07-16 01:35:12.984 10 INFO neutron.db.ovn_revision_numbers_db [None req-39252b23-1167-46fe-8851-96805975ad32 d820dc69025e459489f1f963b7dcb981 6a2907b7dded4e32bb1f33dd1010ea75 - - default default] Successfully bumped revision number for resource f667da9c-acf3-46a3-8165-1478544fe525 (type: security_groups) to 1
2026-07-16 01:35:12.992 10 INFO neutron.db.ovn_revision_numbers_db [None req-14f9aea1-f2a9-4d12-a0f8-f7d6421cdbb6 e0a716ff27804643bfba2ece5512f35e 4645b63e9f2d4188aee81c038b9962da - - default default] Successfully bumped revision number for resource 3e5d19d1-3292-4416-b48b-14280300b8a1 (type: security_group_rules) to 0
2026-07-16 01:35:12.997 10 INFO neutron.db.ovn_revision_numbers_db [None req-39252b23-1167-46fe-8851-96805975ad32 d820dc69025e459489f1f963b7dcb981 6a2907b7dded4e32bb1f33dd1010ea75 - - default default] Successfully bumped revision number for resource 36bab4fc-dcfd-440e-a638-9fc403d3be3f (type: security_group_rules) to 0
2026-07-16 01:35:13.003 10 INFO neutron.db.ovn_revision_numbers_db [None req-14f9aea1-f2a9-4d12-a0f8-f7d6421cdbb6 e0a716ff27804643bfba2ece5512f35e 4645b63e9f2d4188aee81c038b9962da - - default default] Successfully bumped revision number for resource 6503364f-0ebb-4647-aab8-c76fef6665e1 (type: security_group_rules) to 0
2026-07-16 01:35:13.010 10 INFO neutron.db.ovn_revision_numbers_db [None req-39252b23-1167-46fe-8851-96805975ad32 d820dc69025e459489f1f963b7dcb981 6a2907b7dded4e32bb1f33dd1010ea75 - - default default] Successfully bumped revision number for resource 9d637682-0e28-4e01-8886-d5a59b4f95e9 (type: security_group_rules) to 0
2026-07-16 01:35:13.014 10 INFO neutron.db.ovn_revision_numbers_db [None req-14f9aea1-f2a9-4d12-a0f8-f7d6421cdbb6 e0a716ff27804643bfba2ece5512f35e 4645b63e9f2d4188aee81c038b9962da - - default default] Successfully bumped revision number for resource e2886439-af84-4be3-b38a-b8be09d0cd48 (type: security_group_rules) to 0
2026-07-16 01:35:13.022 10 INFO neutron.db.ovn_revision_numbers_db [None req-39252b23-1167-46fe-8851-96805975ad32 d820dc69025e459489f1f963b7dcb981 6a2907b7dded4e32bb1f33dd1010ea75 - - default default] Successfully bumped revision number for resource b8896490-6817-4bd5-9067-a74c0dc38883 (type: security_group_rules) to 0
2026-07-16 01:35:13.027 10 INFO neutron.db.ovn_revision_numbers_db [None req-14f9aea1-f2a9-4d12-a0f8-f7d6421cdbb6 e0a716ff27804643bfba2ece5512f35e 4645b63e9f2d4188aee81c038b9962da - - default default] Successfully bumped revision number for resource e62efebb-4b50-4aad-a4f3-0c48e3439218 (type: security_group_rules) to 0
2026-07-16 01:35:13.041 10 INFO neutron.db.ovn_revision_numbers_db [None req-39252b23-1167-46fe-8851-96805975ad32 d820dc69025e459489f1f963b7dcb981 6a2907b7dded4e32bb1f33dd1010ea75 - - default default] Successfully bumped revision number for resource e29502c2-ae01-4ea5-82bf-e00c2ec74fb3 (type: security_group_rules) to 0
2026-07-16 01:35:13.065 10 INFO neutron.wsgi [None req-39252b23-1167-46fe-8851-96805975ad32 d820dc69025e459489f1f963b7dcb981 6a2907b7dded4e32bb1f33dd1010ea75 - - default default] 10.0.0.125 "GET /v2.0/security-groups?tenant_id=40e37d31f5b2413197e8585a93aa9585&name=default HTTP/1.1" status: 200 len: 2996 time: 0.2623827
2026-07-16 01:35:13.081 10 INFO neutron.db.segments_db [None req-14f9aea1-f2a9-4d12-a0f8-f7d6421cdbb6 e0a716ff27804643bfba2ece5512f35e 4645b63e9f2d4188aee81c038b9962da - - default default] Added segment 19e82581-4065-447a-ab09-5c93245d78cc of type geneve for network befc4055-4098-4533-b122-200400adcdd8
2026-07-16 01:35:13.203 10 INFO neutron.db.ovn_revision_numbers_db [None req-14f9aea1-f2a9-4d12-a0f8-f7d6421cdbb6 e0a716ff27804643bfba2ece5512f35e 4645b63e9f2d4188aee81c038b9962da - - default default] Successfully bumped revision number for resource befc4055-4098-4533-b122-200400adcdd8 (type: networks) to 1
2026-07-16 01:35:13.264 9 INFO neutron.wsgi [None req-77d5f54c-34c2-4eff-9a82-9fc148c806bf d820dc69025e459489f1f963b7dcb981 6a2907b7dded4e32bb1f33dd1010ea75 - - default default] 10.0.0.125 "DELETE /v2.0/security-groups/f667da9c-acf3-46a3-8165-1478544fe525 HTTP/1.1" status: 204 len: 168 time: 0.1942103
2026-07-16 01:35:13.369 10 WARNING neutron.scheduler.dhcp_agent_scheduler [None req-14f9aea1-f2a9-4d12-a0f8-f7d6421cdbb6 e0a716ff27804643bfba2ece5512f35e 4645b63e9f2d4188aee81c038b9962da - - default default] No more DHCP agents
2026-07-16 01:35:13.371 10 WARNING neutron.api.rpc.agentnotifiers.dhcp_rpc_agent_api [None req-14f9aea1-f2a9-4d12-a0f8-f7d6421cdbb6 e0a716ff27804643bfba2ece5512f35e 4645b63e9f2d4188aee81c038b9962da - - default default] Unable to schedule network befc4055-4098-4533-b122-200400adcdd8: no agents available; will retry on subsequent port and subnet creation events.
2026-07-16 01:35:13.442 10 INFO neutron.db.ovn_revision_numbers_db [None req-14f9aea1-f2a9-4d12-a0f8-f7d6421cdbb6 e0a716ff27804643bfba2ece5512f35e 4645b63e9f2d4188aee81c038b9962da - - default default] Successfully bumped revision number for resource f31828e2-cab8-4b2a-b63f-c17806a93a1f (type: ports) to 1
2026-07-16 01:35:13.461 10 INFO neutron.wsgi [None req-14f9aea1-f2a9-4d12-a0f8-f7d6421cdbb6 e0a716ff27804643bfba2ece5512f35e 4645b63e9f2d4188aee81c038b9962da - - default default] 10.0.0.125 "POST /v2.0/networks HTTP/1.1" status: 201 len: 830 time: 0.7048945
2026-07-16 01:35:13.509 9 INFO neutron.db.ovn_revision_numbers_db [None req-50de8851-412f-4810-a725-6aa2586fa34f d820dc69025e459489f1f963b7dcb981 6a2907b7dded4e32bb1f33dd1010ea75 - - default default] Successfully bumped revision number for resource 59a66374-2de2-4207-b361-78155a192148 (type: security_groups) to 1
2026-07-16 01:35:13.533 9 INFO neutron.db.ovn_revision_numbers_db [None req-50de8851-412f-4810-a725-6aa2586fa34f d820dc69025e459489f1f963b7dcb981 6a2907b7dded4e32bb1f33dd1010ea75 - - default default] Successfully bumped revision number for resource 8da6fb0e-d661-4b89-bd2a-b0477e870fdf (type: security_group_rules) to 0
2026-07-16 01:35:13.547 9 INFO neutron.db.ovn_revision_numbers_db [None req-50de8851-412f-4810-a725-6aa2586fa34f d820dc69025e459489f1f963b7dcb981 6a2907b7dded4e32bb1f33dd1010ea75 - - default default] Successfully bumped revision number for resource b0b22ec9-8a01-4882-afc1-fbd7bd596ba3 (type: security_group_rules) to 0
2026-07-16 01:35:13.597 9 INFO neutron.db.ovn_revision_numbers_db [None req-50de8851-412f-4810-a725-6aa2586fa34f d820dc69025e459489f1f963b7dcb981 6a2907b7dded4e32bb1f33dd1010ea75 - - default default] Successfully bumped revision number for resource e6f9a5fd-90f3-4f43-8841-331df4ea0798 (type: security_group_rules) to 0
2026-07-16 01:35:13.639 9 INFO neutron.db.ovn_revision_numbers_db [None req-50de8851-412f-4810-a725-6aa2586fa34f d820dc69025e459489f1f963b7dcb981 6a2907b7dded4e32bb1f33dd1010ea75 - - default default] Successfully bumped revision number for resource e9f8e9a5-ff1a-4e24-99f2-1a90025b2a48 (type: security_group_rules) to 0
2026-07-16 01:35:13.698 9 INFO neutron.wsgi [None req-50de8851-412f-4810-a725-6aa2586fa34f d820dc69025e459489f1f963b7dcb981 6a2907b7dded4e32bb1f33dd1010ea75 - - default default] 10.0.0.125 "GET /v2.0/security-groups?tenant_id=834fd3a6964c49dea79b830014683c75&name=default HTTP/1.1" status: 200 len: 2996 time: 0.2948592
2026-07-16 01:35:13.788 10 WARNING neutron.scheduler.dhcp_agent_scheduler [None req-47538a13-a697-4939-98ec-e5f530c36ae5 e0a716ff27804643bfba2ece5512f35e 4645b63e9f2d4188aee81c038b9962da - - default default] No more DHCP agents
2026-07-16 01:35:13.799 10 WARNING neutron.api.rpc.agentnotifiers.dhcp_rpc_agent_api [None req-47538a13-a697-4939-98ec-e5f530c36ae5 e0a716ff27804643bfba2ece5512f35e 4645b63e9f2d4188aee81c038b9962da - - default default] Unable to schedule network befc4055-4098-4533-b122-200400adcdd8: no agents available; will retry on subsequent port and subnet creation events.
2026-07-16 01:35:13.868 10 INFO neutron.db.ovn_revision_numbers_db [None req-47538a13-a697-4939-98ec-e5f530c36ae5 e0a716ff27804643bfba2ece5512f35e 4645b63e9f2d4188aee81c038b9962da - - default default] Successfully bumped revision number for resource 11e62aa9-a3e0-46c0-9672-ae107a8fd237 (type: ports) to 1
2026-07-16 01:35:13.885 10 INFO neutron.wsgi [None req-47538a13-a697-4939-98ec-e5f530c36ae5 e0a716ff27804643bfba2ece5512f35e 4645b63e9f2d4188aee81c038b9962da - - default default] 10.0.0.125 "POST /v2.0/ports HTTP/1.1" status: 201 len: 942 time: 0.4184270 /var/lib/openstack/lib/python3.10/site-packages/pycadf/identifier.py:71: UserWarning: Invalid uuid: neutron. To ensure interoperability, identifiers should be a valid uuid. warnings.warn(('Invalid uuid: %s. To ensure interoperability, '
2026-07-16 01:35:13.915 9 INFO neutron.db.ovn_revision_numbers_db [None req-fd4c1735-f47a-47a2-b3ca-52d9a54bcd85 c1b734781bef426eae4390b05ff8e686 a320a1db97794ad3a8dc38916b0f49f6 - - default default] Successfully bumped revision number for resource cd9d11ad-c4ba-4996-9d6d-4ac6d1797897 (type: security_groups) to 1
2026-07-16 01:35:13.926 9 INFO neutron.db.ovn_revision_numbers_db [None req-fd4c1735-f47a-47a2-b3ca-52d9a54bcd85 c1b734781bef426eae4390b05ff8e686 a320a1db97794ad3a8dc38916b0f49f6 - - default default] Successfully bumped revision number for resource 1ce2f465-c8e3-49bc-8408-2f4d3f5b7c2a (type: security_group_rules) to 0
2026-07-16 01:35:13.941 9 INFO neutron.db.ovn_revision_numbers_db [None req-fd4c1735-f47a-47a2-b3ca-52d9a54bcd85 c1b734781bef426eae4390b05ff8e686 a320a1db97794ad3a8dc38916b0f49f6 - - default default] Successfully bumped revision number for resource 751f69ba-7d1e-405e-95ad-5860bdfb067a (type: security_group_rules) to 0
2026-07-16 01:35:13.958 9 INFO neutron.wsgi [None req-3746cc65-5b5a-484f-98a9-19553b6e52f0 d820dc69025e459489f1f963b7dcb981 6a2907b7dded4e32bb1f33dd1010ea75 - - default default] 10.0.0.125 "DELETE /v2.0/security-groups/59a66374-2de2-4207-b361-78155a192148 HTTP/1.1" status: 204 len: 168 time: 0.2546895
2026-07-16 01:35:13.959 9 INFO neutron.db.ovn_revision_numbers_db [None req-fd4c1735-f47a-47a2-b3ca-52d9a54bcd85 c1b734781bef426eae4390b05ff8e686 a320a1db97794ad3a8dc38916b0f49f6 - - default default] Successfully bumped revision number for resource ae8e83e1-0772-49b3-8fc7-bc6d287268de (type: security_group_rules) to 0
2026-07-16 01:35:13.973 9 INFO neutron.db.ovn_revision_numbers_db [None req-fd4c1735-f47a-47a2-b3ca-52d9a54bcd85 c1b734781bef426eae4390b05ff8e686 a320a1db97794ad3a8dc38916b0f49f6 - - default default] Successfully bumped revision number for resource f0f90635-e57e-4497-a9f6-c5b3d4930664 (type: security_group_rules) to 0
2026-07-16 01:35:13.983 10 INFO neutron.db.segments_db [None req-70fbc3ff-2e71-409a-a7b1-47170c2e1cb9 e0a716ff27804643bfba2ece5512f35e 4645b63e9f2d4188aee81c038b9962da - - default default] Added segment 2bf669c9-d207-4ad6-bb82-c111c0c87bc6 of type geneve for network 89a30d6d-6a8e-4bd5-a6cc-92ac7b980ed8
2026-07-16 01:35:14.027 9 INFO neutron.db.segments_db [None req-fd4c1735-f47a-47a2-b3ca-52d9a54bcd85 c1b734781bef426eae4390b05ff8e686 a320a1db97794ad3a8dc38916b0f49f6 - - default default] Added segment 3188aabc-2672-4f77-bfe1-b5a642fcd4b8 of type geneve for network 72e479af-dd34-4cb3-bac8-fe587aaa59e0
2026-07-16 01:35:14.104 10 INFO neutron.db.ovn_revision_numbers_db [None req-70fbc3ff-2e71-409a-a7b1-47170c2e1cb9 e0a716ff27804643bfba2ece5512f35e 4645b63e9f2d4188aee81c038b9962da - - default default] Successfully bumped revision number for resource 89a30d6d-6a8e-4bd5-a6cc-92ac7b980ed8 (type: networks) to 1
2026-07-16 01:35:14.167 9 INFO neutron.db.ovn_revision_numbers_db [None req-fd4c1735-f47a-47a2-b3ca-52d9a54bcd85 c1b734781bef426eae4390b05ff8e686 a320a1db97794ad3a8dc38916b0f49f6 - - default default] Successfully bumped revision number for resource 72e479af-dd34-4cb3-bac8-fe587aaa59e0 (type: networks) to 1
2026-07-16 01:35:14.272 10 WARNING neutron.scheduler.dhcp_agent_scheduler [None req-70fbc3ff-2e71-409a-a7b1-47170c2e1cb9 e0a716ff27804643bfba2ece5512f35e 4645b63e9f2d4188aee81c038b9962da - - default default] No more DHCP agents
2026-07-16 01:35:14.277 10 WARNING neutron.api.rpc.agentnotifiers.dhcp_rpc_agent_api [None req-70fbc3ff-2e71-409a-a7b1-47170c2e1cb9 e0a716ff27804643bfba2ece5512f35e 4645b63e9f2d4188aee81c038b9962da - - default default] Unable to schedule network 89a30d6d-6a8e-4bd5-a6cc-92ac7b980ed8: no agents available; will retry on subsequent port and subnet creation events.
2026-07-16 01:35:14.293 10 INFO neutron.db.ovn_revision_numbers_db [None req-06ecba05-ea2e-4ce1-b7ea-4e990aa1545d d820dc69025e459489f1f963b7dcb981 6a2907b7dded4e32bb1f33dd1010ea75 - - default default] Successfully bumped revision number for resource f490321e-65f9-435c-9842-fbed7e9b7b59 (type: security_groups) to 1
2026-07-16 01:35:14.317 10 INFO neutron.db.ovn_revision_numbers_db [None req-06ecba05-ea2e-4ce1-b7ea-4e990aa1545d d820dc69025e459489f1f963b7dcb981 6a2907b7dded4e32bb1f33dd1010ea75 - - default default] Successfully bumped revision number for resource 2da5661f-38b7-40c9-8fec-ea4b0b047290 (type: security_group_rules) to 0
2026-07-16 01:35:14.340 9 WARNING neutron.scheduler.dhcp_agent_scheduler [None req-fd4c1735-f47a-47a2-b3ca-52d9a54bcd85 c1b734781bef426eae4390b05ff8e686 a320a1db97794ad3a8dc38916b0f49f6 - - default default] No more DHCP agents
2026-07-16 01:35:14.342 9 WARNING neutron.api.rpc.agentnotifiers.dhcp_rpc_agent_api [None req-fd4c1735-f47a-47a2-b3ca-52d9a54bcd85 c1b734781bef426eae4390b05ff8e686 a320a1db97794ad3a8dc38916b0f49f6 - - default default] Unable to schedule network 72e479af-dd34-4cb3-bac8-fe587aaa59e0: no agents available; will retry on subsequent port and subnet creation events.
2026-07-16 01:35:14.346 10 INFO neutron.db.ovn_revision_numbers_db [None req-06ecba05-ea2e-4ce1-b7ea-4e990aa1545d d820dc69025e459489f1f963b7dcb981 6a2907b7dded4e32bb1f33dd1010ea75 - - default default] Successfully bumped revision number for resource 3e000741-d419-489f-85a9-c09c5b3f28cf (type: security_group_rules) to 0
2026-07-16 01:35:14.354 10 INFO neutron.db.ovn_revision_numbers_db [None req-70fbc3ff-2e71-409a-a7b1-47170c2e1cb9 e0a716ff27804643bfba2ece5512f35e 4645b63e9f2d4188aee81c038b9962da - - default default] Successfully bumped revision number for resource e63cff9b-6008-4a6e-ad8d-c94b9a589513 (type: ports) to 1
2026-07-16 01:35:14.358 10 INFO neutron.db.ovn_revision_numbers_db [None req-06ecba05-ea2e-4ce1-b7ea-4e990aa1545d d820dc69025e459489f1f963b7dcb981 6a2907b7dded4e32bb1f33dd1010ea75 - - default default] Successfully bumped revision number for resource 8a955017-22ad-4540-ab84-e070839d2ee1 (type: security_group_rules) to 0
2026-07-16 01:35:14.374 10 INFO neutron.wsgi [None req-70fbc3ff-2e71-409a-a7b1-47170c2e1cb9 e0a716ff27804643bfba2ece5512f35e 4645b63e9f2d4188aee81c038b9962da - - default default] 10.0.0.125 "POST /v2.0/networks HTTP/1.1" status: 201 len: 831 time: 0.4858744
2026-07-16 01:35:14.376 10 INFO neutron.db.ovn_revision_numbers_db [None req-06ecba05-ea2e-4ce1-b7ea-4e990aa1545d d820dc69025e459489f1f963b7dcb981 6a2907b7dded4e32bb1f33dd1010ea75 - - default default] Successfully bumped revision number for resource fecfddf5-8114-475d-914b-57a4ad30e3dc (type: security_group_rules) to 0
2026-07-16 01:35:14.399 10 INFO neutron.wsgi [None req-06ecba05-ea2e-4ce1-b7ea-4e990aa1545d d820dc69025e459489f1f963b7dcb981 6a2907b7dded4e32bb1f33dd1010ea75 - - default default] 10.0.0.125 "GET /v2.0/security-groups?tenant_id=548f0f390e7f4c228ec7c9c32a2f4f61&name=default HTTP/1.1" status: 200 len: 2996 time: 0.2659876
2026-07-16 01:35:14.452 9 INFO neutron.db.ovn_revision_numbers_db [None req-fd4c1735-f47a-47a2-b3ca-52d9a54bcd85 c1b734781bef426eae4390b05ff8e686 a320a1db97794ad3a8dc38916b0f49f6 - - default default] Successfully bumped revision number for resource 65b53803-b080-4c2e-b3b3-94f7a31e20d1 (type: ports) to 1
2026-07-16 01:35:14.484 9 INFO neutron.wsgi [None req-fd4c1735-f47a-47a2-b3ca-52d9a54bcd85 c1b734781bef426eae4390b05ff8e686 a320a1db97794ad3a8dc38916b0f49f6 - - default default] 10.0.0.125 "POST /v2.0/networks HTTP/1.1" status: 201 len: 848 time: 0.9803138
2026-07-16 01:35:14.669 9 WARNING neutron.scheduler.dhcp_agent_scheduler [None req-f3c26582-1e78-4e04-a59c-87e06453b3cb e0a716ff27804643bfba2ece5512f35e 4645b63e9f2d4188aee81c038b9962da - - default default] No more DHCP agents
2026-07-16 01:35:14.672 9 WARNING neutron.api.rpc.agentnotifiers.dhcp_rpc_agent_api [None req-f3c26582-1e78-4e04-a59c-87e06453b3cb e0a716ff27804643bfba2ece5512f35e 4645b63e9f2d4188aee81c038b9962da - - default default] Unable to schedule network 89a30d6d-6a8e-4bd5-a6cc-92ac7b980ed8: no agents available; will retry on subsequent port and subnet creation events.
2026-07-16 01:35:14.690 10 INFO neutron.wsgi [None req-4f622d5f-5e81-4c4e-8fec-7569fc658b40 d820dc69025e459489f1f963b7dcb981 6a2907b7dded4e32bb1f33dd1010ea75 - - default default] 10.0.0.125 "DELETE /v2.0/security-groups/f490321e-65f9-435c-9842-fbed7e9b7b59 HTTP/1.1" status: 204 len: 168 time: 0.2879493
2026-07-16 01:35:14.783 9 INFO neutron.db.ovn_revision_numbers_db [None req-f3c26582-1e78-4e04-a59c-87e06453b3cb e0a716ff27804643bfba2ece5512f35e 4645b63e9f2d4188aee81c038b9962da - - default default] Successfully bumped revision number for resource be1e2b8f-65da-4d71-a411-29dc7c0edc22 (type: ports) to 1
2026-07-16 01:35:14.789 10 INFO neutron.db.ovn_revision_numbers_db [None req-e6433069-caa9-4caf-bfc1-9b171e6289da 80c3397ec61845198d2af97d5aafa1fe b9ae60e759f8441a812d0f1812975277 - - default default] Successfully bumped revision number for resource 7ac5b58b-99a2-4287-b0d5-7d13da1c99be (type: security_groups) to 1
2026-07-16 01:35:14.813 10 INFO neutron.db.ovn_revision_numbers_db [None req-e6433069-caa9-4caf-bfc1-9b171e6289da 80c3397ec61845198d2af97d5aafa1fe b9ae60e759f8441a812d0f1812975277 - - default default] Successfully bumped revision number for resource 6ed1b2ec-708f-4061-8b20-04b7ca4b0861 (type: security_group_rules) to 0
2026-07-16 01:35:14.820 9 INFO neutron.wsgi [None req-f3c26582-1e78-4e04-a59c-87e06453b3cb e0a716ff27804643bfba2ece5512f35e 4645b63e9f2d4188aee81c038b9962da - - default default] 10.0.0.125 "POST /v2.0/ports HTTP/1.1" status: 201 len: 942 time: 0.4376037 /var/lib/openstack/lib/python3.10/site-packages/pycadf/identifier.py:71: UserWarning: Invalid uuid: neutron. To ensure interoperability, identifiers should be a valid uuid. warnings.warn(('Invalid uuid: %s. To ensure interoperability, '
2026-07-16 01:35:14.839 10 INFO neutron.db.ovn_revision_numbers_db [None req-e6433069-caa9-4caf-bfc1-9b171e6289da 80c3397ec61845198d2af97d5aafa1fe b9ae60e759f8441a812d0f1812975277 - - default default] Successfully bumped revision number for resource 880e59ec-b806-4021-89fd-0fcfd14af994 (type: security_group_rules) to 0
2026-07-16 01:35:14.851 10 WARNING neutron.scheduler.dhcp_agent_scheduler [None req-f081d0cb-6dab-479e-82df-7b02e883e93a c1b734781bef426eae4390b05ff8e686 a320a1db97794ad3a8dc38916b0f49f6 - - default default] No more DHCP agents
