2026-07-16 01:16:08.156 9 INFO neutron.wsgi [-] 10.0.0.220 "GET / HTTP/1.1" status: 200 len: 247 time: 0.0043218
2026-07-16 01:16:23.155 9 INFO neutron.wsgi [-] 10.0.0.220 "GET / HTTP/1.1" status: 200 len: 247 time: 0.0027578
2026-07-16 01:16:23.156 10 INFO neutron.wsgi [-] 10.0.0.220 "GET / HTTP/1.1" status: 200 len: 247 time: 0.0034947
2026-07-16 01:16:38.154 10 INFO neutron.wsgi [-] 10.0.0.220 "GET / HTTP/1.1" status: 200 len: 247 time: 0.0024412
2026-07-16 01:16:38.155 9 INFO neutron.wsgi [-] 10.0.0.220 "GET / HTTP/1.1" status: 200 len: 247 time: 0.0033703 /var/lib/openstack/lib/python3.10/site-packages/pycadf/identifier.py:71: UserWarning: Invalid uuid: neutron. To ensure interoperability, identifiers should be a valid uuid. warnings.warn(('Invalid uuid: %s. To ensure interoperability, '
2026-07-16 01:16:52.148 10 INFO neutron.wsgi [None req-58d9866f-4690-4c08-8b8d-2cea774b9282 2a41a80b5ba142628221726897376420 bddf8de969774b3bbb48bd698541de3e - - 77a314461d9143cd92d4acfd3cd81ae8 77a314461d9143cd92d4acfd3cd81ae8] 199.204.45.53 "GET /v2.0/networks?tenant_id=bddf8de969774b3bbb48bd698541de3e&shared=False HTTP/1.1" status: 200 len: 213 time: 0.1258984
2026-07-16 01:16:52.229 10 INFO neutron.db.segments_db [None req-4ab056a0-63d6-48ce-939a-ca6464e900ae 2a41a80b5ba142628221726897376420 bddf8de969774b3bbb48bd698541de3e - - 77a314461d9143cd92d4acfd3cd81ae8 77a314461d9143cd92d4acfd3cd81ae8] Added segment eead2e6c-75c1-413d-b48c-6f59b61b9404 of type geneve for network 23e3178b-ebc3-462a-8a8e-218c98ca0573
2026-07-16 01:16:52.392 10 INFO neutron.db.ovn_revision_numbers_db [None req-4ab056a0-63d6-48ce-939a-ca6464e900ae 2a41a80b5ba142628221726897376420 bddf8de969774b3bbb48bd698541de3e - - 77a314461d9143cd92d4acfd3cd81ae8 77a314461d9143cd92d4acfd3cd81ae8] Successfully bumped revision number for resource 23e3178b-ebc3-462a-8a8e-218c98ca0573 (type: networks) to 1
2026-07-16 01:16:52.573 10 WARNING neutron.scheduler.dhcp_agent_scheduler [None req-4ab056a0-63d6-48ce-939a-ca6464e900ae 2a41a80b5ba142628221726897376420 bddf8de969774b3bbb48bd698541de3e - - 77a314461d9143cd92d4acfd3cd81ae8 77a314461d9143cd92d4acfd3cd81ae8] No more DHCP agents
2026-07-16 01:16:52.575 10 WARNING neutron.api.rpc.agentnotifiers.dhcp_rpc_agent_api [None req-4ab056a0-63d6-48ce-939a-ca6464e900ae 2a41a80b5ba142628221726897376420 bddf8de969774b3bbb48bd698541de3e - - 77a314461d9143cd92d4acfd3cd81ae8 77a314461d9143cd92d4acfd3cd81ae8] Unable to schedule network 23e3178b-ebc3-462a-8a8e-218c98ca0573: no agents available; will retry on subsequent port and subnet creation events.
2026-07-16 01:16:52.663 10 INFO neutron.db.ovn_revision_numbers_db [None req-4ab056a0-63d6-48ce-939a-ca6464e900ae 2a41a80b5ba142628221726897376420 bddf8de969774b3bbb48bd698541de3e - - 77a314461d9143cd92d4acfd3cd81ae8 77a314461d9143cd92d4acfd3cd81ae8] Successfully bumped revision number for resource 300f603b-c28a-4e7a-9bc8-612a61ab8961 (type: ports) to 1
2026-07-16 01:16:52.692 10 INFO neutron.wsgi [None req-4ab056a0-63d6-48ce-939a-ca6464e900ae 2a41a80b5ba142628221726897376420 bddf8de969774b3bbb48bd698541de3e - - 77a314461d9143cd92d4acfd3cd81ae8 77a314461d9143cd92d4acfd3cd81ae8] 199.204.45.53 "POST /v2.0/networks HTTP/1.1" status: 201 len: 925 time: 0.5367465
2026-07-16 01:16:52.736 10 INFO neutron.wsgi [None req-4d094f89-8350-4419-98a0-ca787de423f3 2a41a80b5ba142628221726897376420 bddf8de969774b3bbb48bd698541de3e - - 77a314461d9143cd92d4acfd3cd81ae8 77a314461d9143cd92d4acfd3cd81ae8] 199.204.45.53 "GET /v2.0/ports?device_id=manila-share&binding%3Ahost_id=instance HTTP/1.1" status: 200 len: 210 time: 0.0345731
2026-07-16 01:16:52.747 10 INFO neutron.wsgi [None req-a5911edf-ab3d-4027-8171-22a17a3214b7 2a41a80b5ba142628221726897376420 bddf8de969774b3bbb48bd698541de3e - - 77a314461d9143cd92d4acfd3cd81ae8 77a314461d9143cd92d4acfd3cd81ae8] 199.204.45.53 "GET /v2.0/extensions HTTP/1.1" status: 200 len: 16525 time: 0.0068603
2026-07-16 01:16:52.955 10 WARNING neutron.scheduler.dhcp_agent_scheduler [None req-f8dbab4c-f048-49e0-8b3e-cbf2facf37e5 2a41a80b5ba142628221726897376420 bddf8de969774b3bbb48bd698541de3e - - 77a314461d9143cd92d4acfd3cd81ae8 77a314461d9143cd92d4acfd3cd81ae8] No more DHCP agents
2026-07-16 01:16:52.957 10 WARNING neutron.api.rpc.agentnotifiers.dhcp_rpc_agent_api [None req-f8dbab4c-f048-49e0-8b3e-cbf2facf37e5 2a41a80b5ba142628221726897376420 bddf8de969774b3bbb48bd698541de3e - - 77a314461d9143cd92d4acfd3cd81ae8 77a314461d9143cd92d4acfd3cd81ae8] Unable to schedule network 23e3178b-ebc3-462a-8a8e-218c98ca0573: no agents available; will retry on subsequent port and subnet creation events.
2026-07-16 01:16:53.031 10 INFO neutron.db.ovn_revision_numbers_db [None req-f8dbab4c-f048-49e0-8b3e-cbf2facf37e5 2a41a80b5ba142628221726897376420 bddf8de969774b3bbb48bd698541de3e - - 77a314461d9143cd92d4acfd3cd81ae8 77a314461d9143cd92d4acfd3cd81ae8] Successfully bumped revision number for resource 56dd2fbb-e788-4e34-ae08-aa2cd8e08527 (type: ports) to 1
2026-07-16 01:16:53.155 9 INFO neutron.wsgi [-] 10.0.0.220 "GET / HTTP/1.1" status: 200 len: 247 time: 0.0024371
2026-07-16 01:16:53.158 9 INFO neutron.wsgi [-] 10.0.0.220 "GET / HTTP/1.1" status: 200 len: 247 time: 0.0027010
2026-07-16 01:16:53.177 10 INFO neutron.db.ovn_revision_numbers_db [None req-f8dbab4c-f048-49e0-8b3e-cbf2facf37e5 2a41a80b5ba142628221726897376420 bddf8de969774b3bbb48bd698541de3e - - 77a314461d9143cd92d4acfd3cd81ae8 77a314461d9143cd92d4acfd3cd81ae8] Successfully bumped revision number for resource 56dd2fbb-e788-4e34-ae08-aa2cd8e08527 (type: ports) to 1
2026-07-16 01:16:53.200 10 INFO neutron.wsgi [None req-f8dbab4c-f048-49e0-8b3e-cbf2facf37e5 2a41a80b5ba142628221726897376420 bddf8de969774b3bbb48bd698541de3e - - 77a314461d9143cd92d4acfd3cd81ae8 77a314461d9143cd92d4acfd3cd81ae8] 199.204.45.53 "POST /v2.0/ports HTTP/1.1" status: 201 len: 1144 time: 0.4463401
2026-07-16 01:16:53.254 10 INFO neutron.wsgi [None req-a4deb757-d4c1-4d4b-a0f2-36c38fdf0522 2a41a80b5ba142628221726897376420 bddf8de969774b3bbb48bd698541de3e - - 77a314461d9143cd92d4acfd3cd81ae8 77a314461d9143cd92d4acfd3cd81ae8] 199.204.45.53 "GET /v2.0/networks/23e3178b-ebc3-462a-8a8e-218c98ca0573 HTTP/1.1" status: 200 len: 907 time: 0.0471950
2026-07-16 01:16:54.054 9 INFO neutron.plugins.ml2.drivers.ovn.mech_driver.mech_driver [-] OVN reports status up for port: 56dd2fbb-e788-4e34-ae08-aa2cd8e08527
2026-07-16 01:16:54.067 9 INFO neutron.plugins.ml2.plugin [None req-6c2ac208-0920-445d-b3fb-a8ba9fc3c2ef - - - - - -] Attempt 1 to provision port 56dd2fbb-e788-4e34-ae08-aa2cd8e08527
2026-07-16 01:16:54.323 9 INFO neutron.db.ovn_revision_numbers_db [None req-6c2ac208-0920-445d-b3fb-a8ba9fc3c2ef - - - - - -] Successfully bumped revision number for resource 56dd2fbb-e788-4e34-ae08-aa2cd8e08527 (type: ports) to 3
2026-07-16 01:16:55.713 10 INFO neutron.wsgi [None req-92e3deae-7b74-4c38-b00a-8b256b842489 2a41a80b5ba142628221726897376420 bddf8de969774b3bbb48bd698541de3e - - 77a314461d9143cd92d4acfd3cd81ae8 77a314461d9143cd92d4acfd3cd81ae8] 199.204.45.53 "GET /v2.0/ports?device_id=manila-share&binding%3Ahost_id=instance HTTP/1.1" status: 200 len: 1172 time: 0.0366852
2026-07-16 01:16:55.774 10 INFO neutron.wsgi [None req-3222f13c-4919-449e-815d-e299987f0bec 2a41a80b5ba142628221726897376420 bddf8de969774b3bbb48bd698541de3e - - 77a314461d9143cd92d4acfd3cd81ae8 77a314461d9143cd92d4acfd3cd81ae8] 199.204.45.53 "GET /v2.0/networks/23e3178b-ebc3-462a-8a8e-218c98ca0573 HTTP/1.1" status: 200 len: 907 time: 0.0530994
2026-07-16 01:17:05.965 9 INFO neutron.wsgi [None req-5d9f2a51-1982-47bf-a310-83e6c066cdcd d820dc69025e459489f1f963b7dcb981 6a2907b7dded4e32bb1f33dd1010ea75 - - default default] 199.204.45.53,10.0.0.220 "GET /v2.0/quotas/bddf8de969774b3bbb48bd698541de3e HTTP/1.1" status: 200 len: 362 time: 0.0146401 /var/lib/openstack/lib/python3.10/site-packages/neutron/extensions/quotasv2.py:140: UserWarning: Neutron quota engine will require "--force" parameter to set a quota limit without checking the resource usage. warnings.warn('Neutron quota engine will require "--force" '
2026-07-16 01:17:06.466 9 INFO neutron.wsgi [None req-14f5ab12-f35f-4593-ae3a-674bc52e579c d820dc69025e459489f1f963b7dcb981 6a2907b7dded4e32bb1f33dd1010ea75 - - default default] 199.204.45.53,10.0.0.220 "PUT /v2.0/quotas/bddf8de969774b3bbb48bd698541de3e HTTP/1.1" status: 200 len: 361 time: 0.0324082
2026-07-16 01:17:06.812 9 INFO neutron.wsgi [None req-96f6d2a3-b1ad-4d14-a101-0c44324b6374 d820dc69025e459489f1f963b7dcb981 6a2907b7dded4e32bb1f33dd1010ea75 - - default default] 199.204.45.53,10.0.0.220 "GET /v2.0/quotas/bddf8de969774b3bbb48bd698541de3e HTTP/1.1" status: 200 len: 361 time: 0.0127771
2026-07-16 01:17:08.155 9 INFO neutron.wsgi [-] 10.0.0.220 "GET / HTTP/1.1" status: 200 len: 247 time: 0.0032921
2026-07-16 01:17:08.159 9 INFO neutron.wsgi [-] 10.0.0.220 "GET / HTTP/1.1" status: 200 len: 247 time: 0.0025094
2026-07-16 01:17:20.448 15 INFO neutron.db.ovn_revision_numbers_db [None req-22463563-2392-4c48-8669-f0a088543df1 - - - - - -] Successfully bumped revision number for resource 7a7beaf1-4359-4a5e-a3da-3e871eff2588 (type: security_groups) to 5
2026-07-16 01:17:20.448 15 INFO neutron.plugins.ml2.drivers.ovn.mech_driver.ovsdb.maintenance [None req-22463563-2392-4c48-8669-f0a088543df1 - - - - - -] Maintenance task: Synchronization finished (took 0.04 seconds)
2026-07-16 01:17:23.155 10 INFO neutron.wsgi [-] 10.0.0.220 "GET / HTTP/1.1" status: 200 len: 247 time: 0.0023682
2026-07-16 01:17:23.158 10 INFO neutron.wsgi [-] 10.0.0.220 "GET / HTTP/1.1" status: 200 len: 247 time: 0.0019023
2026-07-16 01:17:38.155 9 INFO neutron.wsgi [-] 10.0.0.220 "GET / HTTP/1.1" status: 200 len: 247 time: 0.0024812
2026-07-16 01:17:38.158 10 INFO neutron.wsgi [-] 10.0.0.220 "GET / HTTP/1.1" status: 200 len: 247 time: 0.0028605
2026-07-16 01:17:49.225 10 INFO neutron.wsgi [None req-f058b4a2-aa5d-477a-9014-a6b4898de6dc d820dc69025e459489f1f963b7dcb981 6a2907b7dded4e32bb1f33dd1010ea75 - - default default] 10.0.0.198 "GET /v2.0/ports HTTP/1.1" status: 200 len: 5351 time: 0.1201351
2026-07-16 01:17:49.256 10 INFO neutron.wsgi [None req-d2b15506-7c75-4352-a263-46492548ebac d820dc69025e459489f1f963b7dcb981 6a2907b7dded4e32bb1f33dd1010ea75 - - default default] 10.0.0.198 "GET /v2.0/network-ip-availabilities HTTP/1.1" status: 200 len: 1280 time: 0.0215054
2026-07-16 01:17:49.302 10 INFO neutron.wsgi [None req-798311ad-8e06-4481-bbed-f1793c578f88 d820dc69025e459489f1f963b7dcb981 6a2907b7dded4e32bb1f33dd1010ea75 - - default default] 10.0.0.198 "GET /v2.0/security-groups HTTP/1.1" status: 200 len: 16803 time: 0.0445275
2026-07-16 01:17:49.342 10 INFO neutron.wsgi [None req-a45a64d1-06e2-424f-ab26-5a494e3868d4 d820dc69025e459489f1f963b7dcb981 6a2907b7dded4e32bb1f33dd1010ea75 - - default default] 10.0.0.198 "GET /v2.0/subnets HTTP/1.1" status: 200 len: 1437 time: 0.0326822
2026-07-16 01:17:49.353 10 INFO neutron.wsgi [None req-3c62376f-039e-4bac-ba17-edaa048895ef d820dc69025e459489f1f963b7dcb981 6a2907b7dded4e32bb1f33dd1010ea75 - - default default] 10.0.0.198 "GET /v2.0/subnetpools HTTP/1.1" status: 200 len: 193 time: 0.0098364
2026-07-16 01:17:49.382 10 INFO neutron.wsgi [None req-c25d780d-0192-49ab-bae7-84e8bf3bb81e d820dc69025e459489f1f963b7dcb981 6a2907b7dded4e32bb1f33dd1010ea75 - - default default] 10.0.0.198 "GET /v2.0/routers HTTP/1.1" status: 200 len: 189 time: 0.0278351
2026-07-16 01:17:49.414 10 INFO neutron.wsgi [None req-f6508834-c281-42ba-88ee-d717dbd7f856 d820dc69025e459489f1f963b7dcb981 6a2907b7dded4e32bb1f33dd1010ea75 - - default default] 10.0.0.198 "GET /v2.0/agents?binary=ovn-controller HTTP/1.1" status: 200 len: 591 time: 0.0317276
2026-07-16 01:17:49.473 10 INFO neutron.wsgi [None req-5af04c10-b513-4132-89cd-170afa4d2249 d820dc69025e459489f1f963b7dcb981 6a2907b7dded4e32bb1f33dd1010ea75 - - default default] 10.0.0.198 "GET /v2.0/networks HTTP/1.1" status: 200 len: 2350 time: 0.0573130
2026-07-16 01:17:49.504 10 INFO neutron.wsgi [None req-08c6cfcc-1778-4498-9761-b4d75e0b403f d820dc69025e459489f1f963b7dcb981 6a2907b7dded4e32bb1f33dd1010ea75 - - default default] 10.0.0.198 "GET /v2.0/subnets HTTP/1.1" status: 200 len: 1437 time: 0.0293605
2026-07-16 01:17:49.513 10 INFO neutron.wsgi [None req-da9589c8-4635-44f1-bb48-f7d18c1440b5 d820dc69025e459489f1f963b7dcb981 6a2907b7dded4e32bb1f33dd1010ea75 - - default default] 10.0.0.198 "GET /v2.0/agents HTTP/1.1" status: 200 len: 997 time: 0.0080264
2026-07-16 01:17:49.540 10 INFO neutron.wsgi [None req-8763629f-3b91-4268-b82d-f021b8e2baaa d820dc69025e459489f1f963b7dcb981 6a2907b7dded4e32bb1f33dd1010ea75 - - default default] 10.0.0.198 "GET /v2.0/floatingips HTTP/1.1" status: 200 len: 193 time: 0.0258844
2026-07-16 01:17:53.154 10 INFO neutron.wsgi [-] 10.0.0.220 "GET / HTTP/1.1" status: 200 len: 247 time: 0.0025203
2026-07-16 01:17:53.157 10 INFO neutron.wsgi [-] 10.0.0.220 "GET / HTTP/1.1" status: 200 len: 247 time: 0.0018187
2026-07-16 01:18:08.154 9 INFO neutron.wsgi [-] 10.0.0.220 "GET / HTTP/1.1" status: 200 len: 247 time: 0.0020504
2026-07-16 01:18:08.154 10 INFO neutron.wsgi [-] 10.0.0.220 "GET / HTTP/1.1" status: 200 len: 247 time: 0.0022993
2026-07-16 01:18:23.155 9 INFO neutron.wsgi [-] 10.0.0.220 "GET / HTTP/1.1" status: 200 len: 247 time: 0.0026958
2026-07-16 01:18:23.155 10 INFO neutron.wsgi [-] 10.0.0.220 "GET / HTTP/1.1" status: 200 len: 247 time: 0.0029228
2026-07-16 01:18:38.154 10 INFO neutron.wsgi [-] 10.0.0.220 "GET / HTTP/1.1" status: 200 len: 247 time: 0.0023324
2026-07-16 01:18:38.155 9 INFO neutron.wsgi [-] 10.0.0.220 "GET / HTTP/1.1" status: 200 len: 247 time: 0.0026217
2026-07-16 01:18:49.149 10 INFO neutron.wsgi [None req-5881219e-7106-41f6-ad3f-7b10a393d048 d820dc69025e459489f1f963b7dcb981 6a2907b7dded4e32bb1f33dd1010ea75 - - default default] 10.0.0.198 "GET /v2.0/security-groups HTTP/1.1" status: 200 len: 16803 time: 0.0812094
2026-07-16 01:18:49.186 10 INFO neutron.wsgi [None req-ef70413b-e2cc-4cac-8930-478d10f0cc33 d820dc69025e459489f1f963b7dcb981 6a2907b7dded4e32bb1f33dd1010ea75 - - default default] 10.0.0.198 "GET /v2.0/agents HTTP/1.1" status: 200 len: 997 time: 0.0281739
2026-07-16 01:18:49.218 10 INFO neutron.wsgi [None req-01cbe9ae-25b1-4322-847f-c00e90b272cb d820dc69025e459489f1f963b7dcb981 6a2907b7dded4e32bb1f33dd1010ea75 - - default default] 10.0.0.198 "GET /v2.0/subnets HTTP/1.1" status: 200 len: 1437 time: 0.0310802
2026-07-16 01:18:49.228 10 INFO neutron.wsgi [None req-b434e155-7f91-471f-b8e3-38712a92d710 d820dc69025e459489f1f963b7dcb981 6a2907b7dded4e32bb1f33dd1010ea75 - - default default] 10.0.0.198 "GET /v2.0/subnetpools HTTP/1.1" status: 200 len: 193 time: 0.0088778
2026-07-16 01:18:49.296 10 INFO neutron.wsgi [None req-cbc3a07a-862d-47fe-bc88-8c947339657d d820dc69025e459489f1f963b7dcb981 6a2907b7dded4e32bb1f33dd1010ea75 - - default default] 10.0.0.198 "GET /v2.0/floatingips HTTP/1.1" status: 200 len: 193 time: 0.0678165
2026-07-16 01:18:49.329 10 INFO neutron.wsgi [None req-578e0094-fbd7-4ddb-adb2-ed319c95ed5b d820dc69025e459489f1f963b7dcb981 6a2907b7dded4e32bb1f33dd1010ea75 - - default default] 10.0.0.198 "GET /v2.0/subnets HTTP/1.1" status: 200 len: 1437 time: 0.0314670
2026-07-16 01:18:49.348 10 INFO neutron.wsgi [None req-1a70224f-7947-4a60-94b9-45d7fa3fbae1 d820dc69025e459489f1f963b7dcb981 6a2907b7dded4e32bb1f33dd1010ea75 - - default default] 10.0.0.198 "GET /v2.0/routers HTTP/1.1" status: 200 len: 189 time: 0.0181861
2026-07-16 01:18:49.357 10 INFO neutron.wsgi [None req-41befcc5-c86e-487a-aebc-b1fa366c9d12 d820dc69025e459489f1f963b7dcb981 6a2907b7dded4e32bb1f33dd1010ea75 - - default default] 10.0.0.198 "GET /v2.0/agents?binary=ovn-controller HTTP/1.1" status: 200 len: 591 time: 0.0084560
2026-07-16 01:18:49.367 10 INFO neutron.wsgi [None req-44779815-04d3-4220-9831-36b8d547d953 d820dc69025e459489f1f963b7dcb981 6a2907b7dded4e32bb1f33dd1010ea75 - - default default] 10.0.0.198 "GET /v2.0/network-ip-availabilities HTTP/1.1" status: 200 len: 1280 time: 0.0091224
2026-07-16 01:18:49.431 10 INFO neutron.wsgi [None req-9fe4eae3-0e1c-4b67-9185-cfbd7b156a41 d820dc69025e459489f1f963b7dcb981 6a2907b7dded4e32bb1f33dd1010ea75 - - default default] 10.0.0.198 "GET /v2.0/networks HTTP/1.1" status: 200 len: 2350 time: 0.0626669
2026-07-16 01:18:49.465 10 INFO neutron.wsgi [None req-86f531fa-92a4-4a0c-9993-9df75d8ec7c1 d820dc69025e459489f1f963b7dcb981 6a2907b7dded4e32bb1f33dd1010ea75 - - default default] 10.0.0.198 "GET /v2.0/ports HTTP/1.1" status: 200 len: 5351 time: 0.0315359
2026-07-16 01:18:53.153 9 INFO neutron.wsgi [-] 10.0.0.220 "GET / HTTP/1.1" status: 200 len: 247 time: 0.0014911
2026-07-16 01:18:53.154 10 INFO neutron.wsgi [-] 10.0.0.220 "GET / HTTP/1.1" status: 200 len: 247 time: 0.0027926
2026-07-16 01:19:08.154 10 INFO neutron.wsgi [-] 10.0.0.220 "GET / HTTP/1.1" status: 200 len: 247 time: 0.0019212
2026-07-16 01:19:08.156 9 INFO neutron.wsgi [-] 10.0.0.220 "GET / HTTP/1.1" status: 200 len: 247 time: 0.0039084
2026-07-16 01:19:23.153 10 INFO neutron.wsgi [-] 10.0.0.220 "GET / HTTP/1.1" status: 200 len: 247 time: 0.0013883
2026-07-16 01:19:23.156 9 INFO neutron.wsgi [-] 10.0.0.220 "GET / HTTP/1.1" status: 200 len: 247 time: 0.0041938
2026-07-16 01:19:38.154 9 INFO neutron.wsgi [-] 10.0.0.220 "GET / HTTP/1.1" status: 200 len: 247 time: 0.0023158
2026-07-16 01:19:38.155 10 INFO neutron.wsgi [-] 10.0.0.220 "GET / HTTP/1.1" status: 200 len: 247 time: 0.0038397
2026-07-16 01:19:49.143 10 INFO neutron.wsgi [None req-b0f8b3ec-7ad2-4fea-bbe8-fc3ecf0f73d5 d820dc69025e459489f1f963b7dcb981 6a2907b7dded4e32bb1f33dd1010ea75 - - default default] 10.0.0.198 "GET /v2.0/ports HTTP/1.1" status: 200 len: 5351 time: 0.0768819
2026-07-16 01:19:49.180 10 INFO neutron.wsgi [None req-c6257657-47d9-45d8-812a-f25ec209567b d820dc69025e459489f1f963b7dcb981 6a2907b7dded4e32bb1f33dd1010ea75 - - default default] 10.0.0.198 "GET /v2.0/agents HTTP/1.1" status: 200 len: 997 time: 0.0303791
2026-07-16 01:19:49.189 10 INFO neutron.wsgi [None req-da143df8-9b12-4d44-a40e-55ad52289965 d820dc69025e459489f1f963b7dcb981 6a2907b7dded4e32bb1f33dd1010ea75 - - default default] 10.0.0.198 "GET /v2.0/network-ip-availabilities HTTP/1.1" status: 200 len: 1280 time: 0.0080853
2026-07-16 01:19:49.219 10 INFO neutron.wsgi [None req-b42b7037-3ae7-4538-8578-c7681eb94757 d820dc69025e459489f1f963b7dcb981 6a2907b7dded4e32bb1f33dd1010ea75 - - default default] 10.0.0.198 "GET /v2.0/subnets HTTP/1.1" status: 200 len: 1437 time: 0.0287044
2026-07-16 01:19:49.227 10 INFO neutron.wsgi [None req-7bb85372-d730-434f-a992-cc59a2264ed0 d820dc69025e459489f1f963b7dcb981 6a2907b7dded4e32bb1f33dd1010ea75 - - default default] 10.0.0.198 "GET /v2.0/subnetpools HTTP/1.1" status: 200 len: 193 time: 0.0075548
2026-07-16 01:19:49.243 10 INFO neutron.wsgi [None req-d1b5e8c3-535f-464d-baa4-06f811d21b22 d820dc69025e459489f1f963b7dcb981 6a2907b7dded4e32bb1f33dd1010ea75 - - default default] 10.0.0.198 "GET /v2.0/floatingips HTTP/1.1" status: 200 len: 193 time: 0.0146928
2026-07-16 01:19:49.280 10 INFO neutron.wsgi [None req-9b7ff104-5257-4636-bc5d-26b64c15bc69 d820dc69025e459489f1f963b7dcb981 6a2907b7dded4e32bb1f33dd1010ea75 - - default default] 10.0.0.198 "GET /v2.0/security-groups HTTP/1.1" status: 200 len: 16803 time: 0.0370412
2026-07-16 01:19:49.313 10 INFO neutron.wsgi [None req-83fd26b9-63cc-45b1-8443-7f71cf339cc0 d820dc69025e459489f1f963b7dcb981 6a2907b7dded4e32bb1f33dd1010ea75 - - default default] 10.0.0.198 "GET /v2.0/subnets HTTP/1.1" status: 200 len: 1437 time: 0.0260823
2026-07-16 01:19:49.361 10 INFO neutron.wsgi [None req-af950676-892e-4844-8e41-129d48a9ee2e d820dc69025e459489f1f963b7dcb981 6a2907b7dded4e32bb1f33dd1010ea75 - - default default] 10.0.0.198 "GET /v2.0/networks HTTP/1.1" status: 200 len: 2350 time: 0.0468450
2026-07-16 01:19:49.385 10 INFO neutron.wsgi [None req-305a00a7-e9d9-45c0-88b2-8a2503c4275e d820dc69025e459489f1f963b7dcb981 6a2907b7dded4e32bb1f33dd1010ea75 - - default default] 10.0.0.198 "GET /v2.0/routers HTTP/1.1" status: 200 len: 189 time: 0.0216475
2026-07-16 01:19:49.393 10 INFO neutron.wsgi [None req-5d79b1de-5a49-4437-8f5e-22e4217a3bf5 d820dc69025e459489f1f963b7dcb981 6a2907b7dded4e32bb1f33dd1010ea75 - - default default] 10.0.0.198 "GET /v2.0/agents?binary=ovn-controller HTTP/1.1" status: 200 len: 591 time: 0.0077438
2026-07-16 01:19:53.154 9 INFO neutron.wsgi [-] 10.0.0.220 "GET / HTTP/1.1" status: 200 len: 247 time: 0.0024128
2026-07-16 01:19:53.157 9 INFO neutron.wsgi [-] 10.0.0.220 "GET / HTTP/1.1" status: 200 len: 247 time: 0.0026777
2026-07-16 01:20:08.153 10 INFO neutron.wsgi [-] 10.0.0.220 "GET / HTTP/1.1" status: 200 len: 247 time: 0.0016248
2026-07-16 01:20:08.155 10 INFO neutron.wsgi [-] 10.0.0.220 "GET / HTTP/1.1" status: 200 len: 247 time: 0.0013850
2026-07-16 01:20:23.155 9 INFO neutron.wsgi [-] 10.0.0.220 "GET / HTTP/1.1" status: 200 len: 247 time: 0.0028431
2026-07-16 01:20:23.155 10 INFO neutron.wsgi [-] 10.0.0.220 "GET / HTTP/1.1" status: 200 len: 247 time: 0.0032599
2026-07-16 01:20:38.153 9 INFO neutron.wsgi [-] 10.0.0.220 "GET / HTTP/1.1" status: 200 len: 247 time: 0.0016375
2026-07-16 01:20:38.154 10 INFO neutron.wsgi [-] 10.0.0.220 "GET / HTTP/1.1" status: 200 len: 247 time: 0.0027092
2026-07-16 01:20:49.184 10 INFO neutron.wsgi [None req-98964aa5-57fa-456b-bb2a-48e52bb3fd62 d820dc69025e459489f1f963b7dcb981 6a2907b7dded4e32bb1f33dd1010ea75 - - default default] 10.0.0.198 "GET /v2.0/subnets HTTP/1.1" status: 200 len: 1437 time: 0.1106031
2026-07-16 01:20:49.193 10 INFO neutron.wsgi [None req-88293914-b1f3-4167-9b21-da60c6185b48 d820dc69025e459489f1f963b7dcb981 6a2907b7dded4e32bb1f33dd1010ea75 - - default default] 10.0.0.198 "GET /v2.0/subnetpools HTTP/1.1" status: 200 len: 193 time: 0.0078945
2026-07-16 01:20:49.237 10 INFO neutron.wsgi [None req-1eb0f559-e8a8-449c-b480-32c16ae1a101 d820dc69025e459489f1f963b7dcb981 6a2907b7dded4e32bb1f33dd1010ea75 - - default default] 10.0.0.198 "GET /v2.0/security-groups HTTP/1.1" status: 200 len: 16803 time: 0.0424109
2026-07-16 01:20:49.253 10 INFO neutron.wsgi [None req-5e192696-d073-4ce6-ae64-d6a8fd380bac d820dc69025e459489f1f963b7dcb981 6a2907b7dded4e32bb1f33dd1010ea75 - - default default] 10.0.0.198 "GET /v2.0/network-ip-availabilities HTTP/1.1" status: 200 len: 1280 time: 0.0119855
2026-07-16 01:20:49.276 10 INFO neutron.wsgi [None req-145aad4e-2f96-4de3-8821-5cefac90a648 d820dc69025e459489f1f963b7dcb981 6a2907b7dded4e32bb1f33dd1010ea75 - - default default] 10.0.0.198 "GET /v2.0/routers HTTP/1.1" status: 200 len: 189 time: 0.0223694
2026-07-16 01:20:49.301 10 INFO neutron.wsgi [None req-79557d48-54ac-4dc7-8bdf-d9a3db64e8dd d820dc69025e459489f1f963b7dcb981 6a2907b7dded4e32bb1f33dd1010ea75 - - default default] 10.0.0.198 "GET /v2.0/agents?binary=ovn-controller HTTP/1.1" status: 200 len: 591 time: 0.0235322
2026-07-16 01:20:49.310 10 INFO neutron.wsgi [None req-a32f7275-63b3-4d38-9e0f-d2ec23b397b2 d820dc69025e459489f1f963b7dcb981 6a2907b7dded4e32bb1f33dd1010ea75 - - default default] 10.0.0.198 "GET /v2.0/agents HTTP/1.1" status: 200 len: 997 time: 0.0086477
2026-07-16 01:20:49.340 10 INFO neutron.wsgi [None req-e588f326-cd32-4472-84da-5c9c9c71f6c5 d820dc69025e459489f1f963b7dcb981 6a2907b7dded4e32bb1f33dd1010ea75 - - default default] 10.0.0.198 "GET /v2.0/subnets HTTP/1.1" status: 200 len: 1437 time: 0.0285196
2026-07-16 01:20:49.368 10 INFO neutron.wsgi [None req-a9fa0b84-fd19-4afd-b3a0-cb63dd13a70d d820dc69025e459489f1f963b7dcb981 6a2907b7dded4e32bb1f33dd1010ea75 - - default default] 10.0.0.198 "GET /v2.0/ports HTTP/1.1" status: 200 len: 5351 time: 0.0275631
2026-07-16 01:20:49.390 10 INFO neutron.wsgi [None req-c3e5f7e0-2126-4a96-8857-1c47f8ca16fc d820dc69025e459489f1f963b7dcb981 6a2907b7dded4e32bb1f33dd1010ea75 - - default default] 10.0.0.198 "GET /v2.0/floatingips HTTP/1.1" status: 200 len: 193 time: 0.0183761
2026-07-16 01:20:49.446 10 INFO neutron.wsgi [None req-24f2c870-331f-4cf7-9609-ef7d836e6d6e d820dc69025e459489f1f963b7dcb981 6a2907b7dded4e32bb1f33dd1010ea75 - - default default] 10.0.0.198 "GET /v2.0/networks HTTP/1.1" status: 200 len: 2350 time: 0.0551763
2026-07-16 01:20:53.152 9 INFO neutron.wsgi [-] 10.0.0.220 "GET / HTTP/1.1" status: 200 len: 247 time: 0.0012603
2026-07-16 01:20:53.154 9 INFO neutron.wsgi [-] 10.0.0.220 "GET / HTTP/1.1" status: 200 len: 247 time: 0.0009079
2026-07-16 01:21:08.154 10 INFO neutron.wsgi [-] 10.0.0.220 "GET / HTTP/1.1" status: 200 len: 247 time: 0.0023975
2026-07-16 01:21:08.155 9 INFO neutron.wsgi [-] 10.0.0.220 "GET / HTTP/1.1" status: 200 len: 247 time: 0.0027301
2026-07-16 01:21:23.154 10 INFO neutron.wsgi [-] 10.0.0.220 "GET / HTTP/1.1" status: 200 len: 247 time: 0.0025566
2026-07-16 01:21:23.155 9 INFO neutron.wsgi [-] 10.0.0.220 "GET / HTTP/1.1" status: 200 len: 247 time: 0.0024228
2026-07-16 01:21:38.154 10 INFO neutron.wsgi [-] 10.0.0.220 "GET / HTTP/1.1" status: 200 len: 247 time: 0.0023878
2026-07-16 01:21:38.155 9 INFO neutron.wsgi [-] 10.0.0.220 "GET / HTTP/1.1" status: 200 len: 247 time: 0.0026438
2026-07-16 01:21:49.177 10 INFO neutron.wsgi [None req-c9ba5518-e298-461e-ab06-8e69483841a3 d820dc69025e459489f1f963b7dcb981 6a2907b7dded4e32bb1f33dd1010ea75 - - default default] 10.0.0.198 "GET /v2.0/networks HTTP/1.1" status: 200 len: 2350 time: 0.1057701
2026-07-16 01:21:49.219 10 INFO neutron.wsgi [None req-c32f7503-e661-4f8b-a8e9-dbe7bb517f37 d820dc69025e459489f1f963b7dcb981 6a2907b7dded4e32bb1f33dd1010ea75 - - default default] 10.0.0.198 "GET /v2.0/security-groups HTTP/1.1" status: 200 len: 16803 time: 0.0412290
2026-07-16 01:21:49.256 10 INFO neutron.wsgi [None req-1aaf56e9-bb1d-4a29-afc1-5428e17d1111 d820dc69025e459489f1f963b7dcb981 6a2907b7dded4e32bb1f33dd1010ea75 - - default default] 10.0.0.198 "GET /v2.0/ports HTTP/1.1" status: 200 len: 5351 time: 0.0292566
2026-07-16 01:21:49.267 10 INFO neutron.wsgi [None req-0379a4eb-bf71-4628-b9f1-34e9693cc6b1 d820dc69025e459489f1f963b7dcb981 6a2907b7dded4e32bb1f33dd1010ea75 - - default default] 10.0.0.198 "GET /v2.0/network-ip-availabilities HTTP/1.1" status: 200 len: 1280 time: 0.0079820
2026-07-16 01:21:49.292 10 INFO neutron.wsgi [None req-279e4b6b-7c5b-4221-9e47-385d5fc9cb7a d820dc69025e459489f1f963b7dcb981 6a2907b7dded4e32bb1f33dd1010ea75 - - default default] 10.0.0.198 "GET /v2.0/subnets HTTP/1.1" status: 200 len: 1437 time: 0.0239220
2026-07-16 01:21:49.300 10 INFO neutron.wsgi [None req-2d6d29ff-720c-4d2c-9bca-0ee0db27383f d820dc69025e459489f1f963b7dcb981 6a2907b7dded4e32bb1f33dd1010ea75 - - default default] 10.0.0.198 "GET /v2.0/subnetpools HTTP/1.1" status: 200 len: 193 time: 0.0070698
2026-07-16 01:21:49.324 10 INFO neutron.wsgi [None req-8dca2fba-37cc-43da-bf80-ccff6fdfbe8b d820dc69025e459489f1f963b7dcb981 6a2907b7dded4e32bb1f33dd1010ea75 - - default default] 10.0.0.198 "GET /v2.0/floatingips HTTP/1.1" status: 200 len: 193 time: 0.0226712
2026-07-16 01:21:49.352 10 INFO neutron.wsgi [None req-d9ade0ff-2f7b-4ffc-a19e-58867374c65d d820dc69025e459489f1f963b7dcb981 6a2907b7dded4e32bb1f33dd1010ea75 - - default default] 10.0.0.198 "GET /v2.0/subnets HTTP/1.1" status: 200 len: 1437 time: 0.0277538
2026-07-16 01:21:49.372 10 INFO neutron.wsgi [None req-7b0fc819-f5e0-4ee5-81de-23fc76ebb07b d820dc69025e459489f1f963b7dcb981 6a2907b7dded4e32bb1f33dd1010ea75 - - default default] 10.0.0.198 "GET /v2.0/routers HTTP/1.1" status: 200 len: 189 time: 0.0187955
2026-07-16 01:21:49.396 10 INFO neutron.wsgi [None req-124f7816-8e5e-4dd4-b6ec-cbe72f56dcc1 d820dc69025e459489f1f963b7dcb981 6a2907b7dded4e32bb1f33dd1010ea75 - - default default] 10.0.0.198 "GET /v2.0/agents?binary=ovn-controller HTTP/1.1" status: 200 len: 591 time: 0.0233812
2026-07-16 01:21:49.405 10 INFO neutron.wsgi [None req-07b4bc95-f91a-493d-9a74-a391d852c128 d820dc69025e459489f1f963b7dcb981 6a2907b7dded4e32bb1f33dd1010ea75 - - default default] 10.0.0.198 "GET /v2.0/agents HTTP/1.1" status: 200 len: 997 time: 0.0084636
2026-07-16 01:21:53.153 9 INFO neutron.wsgi [-] 10.0.0.220 "GET / HTTP/1.1" status: 200 len: 247 time: 0.0013020
2026-07-16 01:21:53.154 10 INFO neutron.wsgi [-] 10.0.0.220 "GET / HTTP/1.1" status: 200 len: 247 time: 0.0024328
2026-07-16 01:22:08.153 10 INFO neutron.wsgi [-] 10.0.0.220 "GET / HTTP/1.1" status: 200 len: 247 time: 0.0015941
2026-07-16 01:22:08.159 10 INFO neutron.wsgi [-] 10.0.0.220 "GET / HTTP/1.1" status: 200 len: 247 time: 0.0046754
2026-07-16 01:22:23.154 10 INFO neutron.wsgi [-] 10.0.0.220 "GET / HTTP/1.1" status: 200 len: 247 time: 0.0022805
2026-07-16 01:22:23.154 9 INFO neutron.wsgi [-] 10.0.0.220 "GET / HTTP/1.1" status: 200 len: 247 time: 0.0026505
2026-07-16 01:22:38.157 9 INFO neutron.wsgi [-] 10.0.0.220 "GET / HTTP/1.1" status: 200 len: 247 time: 0.0043154
2026-07-16 01:22:38.159 9 INFO neutron.wsgi [-] 10.0.0.220 "GET / HTTP/1.1" status: 200 len: 247 time: 0.0013545
2026-07-16 01:22:49.187 10 INFO neutron.wsgi [None req-c8ff962c-8066-41a7-9783-698c6b34c619 d820dc69025e459489f1f963b7dcb981 6a2907b7dded4e32bb1f33dd1010ea75 - - default default] 10.0.0.198 "GET /v2.0/security-groups HTTP/1.1" status: 200 len: 16803 time: 0.0970893
2026-07-16 01:22:49.221 10 INFO neutron.wsgi [None req-206a45e3-626e-4235-8618-6a32751d7146 d820dc69025e459489f1f963b7dcb981 6a2907b7dded4e32bb1f33dd1010ea75 - - default default] 10.0.0.198 "GET /v2.0/subnets HTTP/1.1" status: 200 len: 1437 time: 0.0292246
2026-07-16 01:22:49.238 10 INFO neutron.wsgi [None req-92e70487-8b47-4e46-bbf5-a6dce29f73e5 d820dc69025e459489f1f963b7dcb981 6a2907b7dded4e32bb1f33dd1010ea75 - - default default] 10.0.0.198 "GET /v2.0/floatingips HTTP/1.1" status: 200 len: 193 time: 0.0167797
2026-07-16 01:22:49.248 10 INFO neutron.wsgi [None req-071742bf-6763-4295-b61a-82b76661d165 d820dc69025e459489f1f963b7dcb981 6a2907b7dded4e32bb1f33dd1010ea75 - - default default] 10.0.0.198 "GET /v2.0/network-ip-availabilities HTTP/1.1" status: 200 len: 1280 time: 0.0095124
2026-07-16 01:22:49.265 10 INFO neutron.wsgi [None req-0be90e7f-6930-484e-8cef-df55d96d93bb d820dc69025e459489f1f963b7dcb981 6a2907b7dded4e32bb1f33dd1010ea75 - - default default] 10.0.0.198 "GET /v2.0/routers HTTP/1.1" status: 200 len: 189 time: 0.0157726
2026-07-16 01:22:49.289 10 INFO neutron.wsgi [None req-deb2ad1d-e5ed-470d-8d4c-488ed953f034 d820dc69025e459489f1f963b7dcb981 6a2907b7dded4e32bb1f33dd1010ea75 - - default default] 10.0.0.198 "GET /v2.0/agents?binary=ovn-controller HTTP/1.1" status: 200 len: 591 time: 0.0235057
2026-07-16 01:22:49.320 10 INFO neutron.wsgi [None req-65f4e3f8-0cd5-4f66-a8f9-b3c78755a179 d820dc69025e459489f1f963b7dcb981 6a2907b7dded4e32bb1f33dd1010ea75 - - default default] 10.0.0.198 "GET /v2.0/ports HTTP/1.1" status: 200 len: 5351 time: 0.0309982
2026-07-16 01:22:49.378 10 INFO neutron.wsgi [None req-39126853-58e8-4719-b126-13c359a3196d d820dc69025e459489f1f963b7dcb981 6a2907b7dded4e32bb1f33dd1010ea75 - - default default] 10.0.0.198 "GET /v2.0/networks HTTP/1.1" status: 200 len: 2350 time: 0.0538533
2026-07-16 01:22:49.389 10 INFO neutron.wsgi [None req-2426ca5b-eec5-4c0d-b0da-f60c554662d7 d820dc69025e459489f1f963b7dcb981 6a2907b7dded4e32bb1f33dd1010ea75 - - default default] 10.0.0.198 "GET /v2.0/agents HTTP/1.1" status: 200 len: 997 time: 0.0099492
2026-07-16 01:22:49.419 10 INFO neutron.wsgi [None req-9ecfac94-9d73-46e5-9061-a13df9c22cbf d820dc69025e459489f1f963b7dcb981 6a2907b7dded4e32bb1f33dd1010ea75 - - default default] 10.0.0.198 "GET /v2.0/subnets HTTP/1.1" status: 200 len: 1437 time: 0.0286832
2026-07-16 01:22:49.427 10 INFO neutron.wsgi [None req-f6a9673c-f269-4cd3-8b60-279afc7a9a0e d820dc69025e459489f1f963b7dcb981 6a2907b7dded4e32bb1f33dd1010ea75 - - default default] 10.0.0.198 "GET /v2.0/subnetpools HTTP/1.1" status: 200 len: 193 time: 0.0068293
2026-07-16 01:22:53.153 9 INFO neutron.wsgi [-] 10.0.0.220 "GET / HTTP/1.1" status: 200 len: 247 time: 0.0013130
2026-07-16 01:22:53.154 10 INFO neutron.wsgi [-] 10.0.0.220 "GET / HTTP/1.1" status: 200 len: 247 time: 0.0026793
2026-07-16 01:23:08.153 9 INFO neutron.wsgi [-] 10.0.0.220 "GET / HTTP/1.1" status: 200 len: 247 time: 0.0022142
2026-07-16 01:23:08.155 10 INFO neutron.wsgi [-] 10.0.0.220 "GET / HTTP/1.1" status: 200 len: 247 time: 0.0025711
2026-07-16 01:23:23.154 10 INFO neutron.wsgi [-] 10.0.0.220 "GET / HTTP/1.1" status: 200 len: 247 time: 0.0025558
2026-07-16 01:23:23.156 9 INFO neutron.wsgi [-] 10.0.0.220 "GET / HTTP/1.1" status: 200 len: 247 time: 0.0044160
2026-07-16 01:23:38.155 10 INFO neutron.wsgi [-] 10.0.0.220 "GET / HTTP/1.1" status: 200 len: 247 time: 0.0025799
2026-07-16 01:23:38.155 9 INFO neutron.wsgi [-] 10.0.0.220 "GET / HTTP/1.1" status: 200 len: 247 time: 0.0027688
2026-07-16 01:23:49.148 10 INFO neutron.wsgi [None req-b97e8c6c-8857-4918-88f4-c286c85937e2 d820dc69025e459489f1f963b7dcb981 6a2907b7dded4e32bb1f33dd1010ea75 - - default default] 10.0.0.198 "GET /v2.0/agents HTTP/1.1" status: 200 len: 997 time: 0.0716043
2026-07-16 01:23:49.168 10 INFO neutron.wsgi [None req-24e4ab64-3f04-4a98-86fd-91a71f1f2f3b d820dc69025e459489f1f963b7dcb981 6a2907b7dded4e32bb1f33dd1010ea75 - - default default] 10.0.0.198 "GET /v2.0/network-ip-availabilities HTTP/1.1" status: 200 len: 1280 time: 0.0186465
2026-07-16 01:23:49.194 10 INFO neutron.wsgi [None req-58341e7f-f041-4c97-b685-995d53b06e0c d820dc69025e459489f1f963b7dcb981 6a2907b7dded4e32bb1f33dd1010ea75 - - default default] 10.0.0.198 "GET /v2.0/floatingips HTTP/1.1" status: 200 len: 193 time: 0.0255086
2026-07-16 01:23:49.222 10 INFO neutron.wsgi [None req-47c9af58-9859-465b-a183-82e0058412b5 d820dc69025e459489f1f963b7dcb981 6a2907b7dded4e32bb1f33dd1010ea75 - - default default] 10.0.0.198 "GET /v2.0/subnets HTTP/1.1" status: 200 len: 1437 time: 0.0264566
2026-07-16 01:23:49.255 10 INFO neutron.wsgi [None req-38027966-b90c-4194-9183-aa7aedc2d7c4 d820dc69025e459489f1f963b7dcb981 6a2907b7dded4e32bb1f33dd1010ea75 - - default default] 10.0.0.198 "GET /v2.0/ports HTTP/1.1" status: 200 len: 5351 time: 0.0306139
2026-07-16 01:23:49.299 10 INFO neutron.wsgi [None req-ab40eb96-fa87-437b-8a38-f9d190ab14a2 d820dc69025e459489f1f963b7dcb981 6a2907b7dded4e32bb1f33dd1010ea75 - - default default] 10.0.0.198 "GET /v2.0/subnets HTTP/1.1" status: 200 len: 1437 time: 0.0401955
2026-07-16 01:23:49.308 10 INFO neutron.wsgi [None req-e64be85b-dbf8-49f5-8854-612e663cfded d820dc69025e459489f1f963b7dcb981 6a2907b7dded4e32bb1f33dd1010ea75 - - default default] 10.0.0.198 "GET /v2.0/subnetpools HTTP/1.1" status: 200 len: 193 time: 0.0079498
2026-07-16 01:23:49.370 10 INFO neutron.wsgi [None req-9e613018-34ef-4310-bddf-08e157895ea3 d820dc69025e459489f1f963b7dcb981 6a2907b7dded4e32bb1f33dd1010ea75 - - default default] 10.0.0.198 "GET /v2.0/networks HTTP/1.1" status: 200 len: 2350 time: 0.0606103
2026-07-16 01:23:49.393 10 INFO neutron.wsgi [None req-7861adaa-1f67-44cb-b3b0-0b78ded1e5f6 d820dc69025e459489f1f963b7dcb981 6a2907b7dded4e32bb1f33dd1010ea75 - - default default] 10.0.0.198 "GET /v2.0/routers HTTP/1.1" status: 200 len: 189 time: 0.0213497
2026-07-16 01:23:49.401 10 INFO neutron.wsgi [None req-100a0f51-5853-402a-9e69-1c6b599f98a0 d820dc69025e459489f1f963b7dcb981 6a2907b7dded4e32bb1f33dd1010ea75 - - default default] 10.0.0.198 "GET /v2.0/agents?binary=ovn-controller HTTP/1.1" status: 200 len: 591 time: 0.0076256
2026-07-16 01:23:49.446 10 INFO neutron.wsgi [None req-dd2695aa-6878-4bc2-9176-765552e871f8 d820dc69025e459489f1f963b7dcb981 6a2907b7dded4e32bb1f33dd1010ea75 - - default default] 10.0.0.198 "GET /v2.0/security-groups HTTP/1.1" status: 200 len: 16803 time: 0.0440962
2026-07-16 01:23:53.156 9 INFO neutron.wsgi [-] 10.0.0.220 "GET / HTTP/1.1" status: 200 len: 247 time: 0.0036011
2026-07-16 01:23:53.158 9 INFO neutron.wsgi [-] 10.0.0.220 "GET / HTTP/1.1" status: 200 len: 247 time: 0.0013947
2026-07-16 01:24:08.154 9 INFO neutron.wsgi [-] 10.0.0.220 "GET / HTTP/1.1" status: 200 len: 247 time: 0.0023787
2026-07-16 01:24:08.158 10 INFO neutron.wsgi [-] 10.0.0.220 "GET / HTTP/1.1" status: 200 len: 247 time: 0.0023649
2026-07-16 01:24:23.154 9 INFO neutron.wsgi [-] 10.0.0.220 "GET / HTTP/1.1" status: 200 len: 247 time: 0.0024700
2026-07-16 01:24:23.155 10 INFO neutron.wsgi [-] 10.0.0.220 "GET / HTTP/1.1" status: 200 len: 247 time: 0.0027962
2026-07-16 01:24:38.154 10 INFO neutron.wsgi [-] 10.0.0.220 "GET / HTTP/1.1" status: 200 len: 247 time: 0.0020740
2026-07-16 01:24:38.154 9 INFO neutron.wsgi [-] 10.0.0.220 "GET / HTTP/1.1" status: 200 len: 247 time: 0.0024025
2026-07-16 01:24:49.165 10 INFO neutron.wsgi [None req-e6b4073d-0696-44df-85eb-3d8ea8dc064d d820dc69025e459489f1f963b7dcb981 6a2907b7dded4e32bb1f33dd1010ea75 - - default default] 10.0.0.198 "GET /v2.0/ports HTTP/1.1" status: 200 len: 5351 time: 0.0820653
2026-07-16 01:24:49.205 10 INFO neutron.wsgi [None req-a7ef1a20-33da-4776-b033-5b2852b2f17f d820dc69025e459489f1f963b7dcb981 6a2907b7dded4e32bb1f33dd1010ea75 - - default default] 10.0.0.198 "GET /v2.0/subnets HTTP/1.1" status: 200 len: 1437 time: 0.0379772
2026-07-16 01:24:49.217 10 INFO neutron.wsgi [None req-37228500-6bcd-40f3-b0aa-16afcd0300d3 d820dc69025e459489f1f963b7dcb981 6a2907b7dded4e32bb1f33dd1010ea75 - - default default] 10.0.0.198 "GET /v2.0/subnetpools HTTP/1.1" status: 200 len: 193 time: 0.0100465
2026-07-16 01:24:49.284 10 INFO neutron.wsgi [None req-f852a3d5-fa77-4d7a-89fc-79b0b74e0282 d820dc69025e459489f1f963b7dcb981 6a2907b7dded4e32bb1f33dd1010ea75 - - default default] 10.0.0.198 "GET /v2.0/networks HTTP/1.1" status: 200 len: 2350 time: 0.0660236
2026-07-16 01:24:49.299 10 INFO neutron.wsgi [None req-448846d3-f13a-49c3-9e98-5533e45fb126 d820dc69025e459489f1f963b7dcb981 6a2907b7dded4e32bb1f33dd1010ea75 - - default default] 10.0.0.198 "GET /v2.0/network-ip-availabilities HTTP/1.1" status: 200 len: 1280 time: 0.0123708
2026-07-16 01:24:49.333 10 INFO neutron.wsgi [None req-c24bb8a0-bf59-4375-9dfd-1e9830ccfd1b d820dc69025e459489f1f963b7dcb981 6a2907b7dded4e32bb1f33dd1010ea75 - - default default] 10.0.0.198 "GET /v2.0/floatingips HTTP/1.1" status: 200 len: 193 time: 0.0324919
2026-07-16 01:24:49.358 10 INFO neutron.wsgi [None req-2776ae7c-a5b2-4121-9d42-28df2642f9c5 d820dc69025e459489f1f963b7dcb981 6a2907b7dded4e32bb1f33dd1010ea75 - - default default] 10.0.0.198 "GET /v2.0/subnets HTTP/1.1" status: 200 len: 1437 time: 0.0240350
2026-07-16 01:24:49.382 10 INFO neutron.wsgi [None req-b339c187-37bd-4461-8ca4-c09c96133724 d820dc69025e459489f1f963b7dcb981 6a2907b7dded4e32bb1f33dd1010ea75 - - default default] 10.0.0.198 "GET /v2.0/agents HTTP/1.1" status: 200 len: 997 time: 0.0227349
2026-07-16 01:24:49.428 10 INFO neutron.wsgi [None req-bf921072-2af1-43f2-b270-c59e3ec88b97 d820dc69025e459489f1f963b7dcb981 6a2907b7dded4e32bb1f33dd1010ea75 - - default default] 10.0.0.198 "GET /v2.0/security-groups HTTP/1.1" status: 200 len: 16803 time: 0.0425828
2026-07-16 01:24:49.463 10 INFO neutron.wsgi [None req-0d08dfb6-8354-443d-8d85-5f91b0d43405 d820dc69025e459489f1f963b7dcb981 6a2907b7dded4e32bb1f33dd1010ea75 - - default default] 10.0.0.198 "GET /v2.0/routers HTTP/1.1" status: 200 len: 189 time: 0.0263190
2026-07-16 01:24:49.479 10 INFO neutron.wsgi [None req-aff4e5d0-79ee-4b4a-909b-6eef5d091052 d820dc69025e459489f1f963b7dcb981 6a2907b7dded4e32bb1f33dd1010ea75 - - default default] 10.0.0.198 "GET /v2.0/agents?binary=ovn-controller HTTP/1.1" status: 200 len: 591 time: 0.0148671
2026-07-16 01:24:53.153 9 INFO neutron.wsgi [-] 10.0.0.220 "GET / HTTP/1.1" status: 200 len: 247 time: 0.0019803
2026-07-16 01:24:53.154 10 INFO neutron.wsgi [-] 10.0.0.220 "GET / HTTP/1.1" status: 200 len: 247 time: 0.0025661
2026-07-16 01:25:08.153 10 INFO neutron.wsgi [-] 10.0.0.220 "GET / HTTP/1.1" status: 200 len: 247 time: 0.0012743
2026-07-16 01:25:08.155 10 INFO neutron.wsgi [-] 10.0.0.220 "GET / HTTP/1.1" status: 200 len: 247 time: 0.0015864
2026-07-16 01:25:23.154 10 INFO neutron.wsgi [-] 10.0.0.220 "GET / HTTP/1.1" status: 200 len: 247 time: 0.0026917
2026-07-16 01:25:23.155 9 INFO neutron.wsgi [-] 10.0.0.220 "GET / HTTP/1.1" status: 200 len: 247 time: 0.0031838
2026-07-16 01:25:38.153 10 INFO neutron.wsgi [-] 10.0.0.220 "GET / HTTP/1.1" status: 200 len: 247 time: 0.0016587
2026-07-16 01:25:38.156 9 INFO neutron.wsgi [-] 10.0.0.220 "GET / HTTP/1.1" status: 200 len: 247 time: 0.0040720
2026-07-16 01:25:49.150 10 INFO neutron.wsgi [None req-e71a1717-1db7-4667-a502-2c798b81f267 d820dc69025e459489f1f963b7dcb981 6a2907b7dded4e32bb1f33dd1010ea75 - - default default] 10.0.0.198 "GET /v2.0/subnets HTTP/1.1" status: 200 len: 1437 time: 0.0720580
2026-07-16 01:25:49.158 10 INFO neutron.wsgi [None req-e14be00a-3d2a-4092-887a-7d6fdf02cb1e d820dc69025e459489f1f963b7dcb981 6a2907b7dded4e32bb1f33dd1010ea75 - - default default] 10.0.0.198 "GET /v2.0/subnetpools HTTP/1.1" status: 200 len: 193 time: 0.0070009
2026-07-16 01:25:49.185 10 INFO neutron.wsgi [None req-0abc831a-fa64-4ff7-a0bb-cdfd1cacea71 d820dc69025e459489f1f963b7dcb981 6a2907b7dded4e32bb1f33dd1010ea75 - - default default] 10.0.0.198 "GET /v2.0/subnets HTTP/1.1" status: 200 len: 1437 time: 0.0258925
2026-07-16 01:25:49.208 10 INFO neutron.wsgi [None req-34ee37ab-097d-4d40-a337-ecec88d438f9 d820dc69025e459489f1f963b7dcb981 6a2907b7dded4e32bb1f33dd1010ea75 - - default default] 10.0.0.198 "GET /v2.0/agents HTTP/1.1" status: 200 len: 997 time: 0.0222373
2026-07-16 01:25:49.228 10 INFO neutron.wsgi [None req-804b71f6-255c-4187-8e2a-2c9a64212640 d820dc69025e459489f1f963b7dcb981 6a2907b7dded4e32bb1f33dd1010ea75 - - default default] 10.0.0.198 "GET /v2.0/floatingips HTTP/1.1" status: 200 len: 193 time: 0.0193326
2026-07-16 01:25:49.249 10 INFO neutron.wsgi [None req-bbcab2b7-e64d-45cf-8d6b-5d354edda349 d820dc69025e459489f1f963b7dcb981 6a2907b7dded4e32bb1f33dd1010ea75 - - default default] 10.0.0.198 "GET /v2.0/routers HTTP/1.1" status: 200 len: 189 time: 0.0202663
2026-07-16 01:25:49.263 10 INFO neutron.wsgi [None req-32167910-fd29-4f79-862e-650b49f405a1 d820dc69025e459489f1f963b7dcb981 6a2907b7dded4e32bb1f33dd1010ea75 - - default default] 10.0.0.198 "GET /v2.0/agents?binary=ovn-controller HTTP/1.1" status: 200 len: 591 time: 0.0123658
2026-07-16 01:25:49.275 10 INFO neutron.wsgi [None req-d8b1a4e3-e365-44fe-b738-f91bed44016e d820dc69025e459489f1f963b7dcb981 6a2907b7dded4e32bb1f33dd1010ea75 - - default default] 10.0.0.198 "GET /v2.0/network-ip-availabilities HTTP/1.1" status: 200 len: 1280 time: 0.0113130
2026-07-16 01:25:49.365 10 INFO neutron.wsgi [None req-96be0d44-2fdd-4c62-a944-c9e1138c87dc d820dc69025e459489f1f963b7dcb981 6a2907b7dded4e32bb1f33dd1010ea75 - - default default] 10.0.0.198 "GET /v2.0/ports HTTP/1.1" status: 200 len: 5351 time: 0.0890439
2026-07-16 01:25:49.425 10 INFO neutron.wsgi [None req-6be7aa59-7426-45c3-a3c1-4b1cbff43181 d820dc69025e459489f1f963b7dcb981 6a2907b7dded4e32bb1f33dd1010ea75 - - default default] 10.0.0.198 "GET /v2.0/networks HTTP/1.1" status: 200 len: 2350 time: 0.0543475
2026-07-16 01:25:49.470 10 INFO neutron.wsgi [None req-aed2f02c-50fd-4580-86ef-0020a467ba7a d820dc69025e459489f1f963b7dcb981 6a2907b7dded4e32bb1f33dd1010ea75 - - default default] 10.0.0.198 "GET /v2.0/security-groups HTTP/1.1" status: 200 len: 16803 time: 0.0426979
2026-07-16 01:25:53.154 9 INFO neutron.wsgi [-] 10.0.0.220 "GET / HTTP/1.1" status: 200 len: 247 time: 0.0029736
2026-07-16 01:25:53.155 10 INFO neutron.wsgi [-] 10.0.0.220 "GET / HTTP/1.1" status: 200 len: 247 time: 0.0034029
2026-07-16 01:26:08.155 10 INFO neutron.wsgi [-] 10.0.0.220 "GET / HTTP/1.1" status: 200 len: 247 time: 0.0028744
2026-07-16 01:26:08.158 10 INFO neutron.wsgi [-] 10.0.0.220 "GET / HTTP/1.1" status: 200 len: 247 time: 0.0022509
2026-07-16 01:26:23.155 9 INFO neutron.wsgi [-] 10.0.0.220 "GET / HTTP/1.1" status: 200 len: 247 time: 0.0033040
2026-07-16 01:26:23.155 10 INFO neutron.wsgi [-] 10.0.0.220 "GET / HTTP/1.1" status: 200 len: 247 time: 0.0035977
2026-07-16 01:26:38.154 10 INFO neutron.wsgi [-] 10.0.0.220 "GET / HTTP/1.1" status: 200 len: 247 time: 0.0023406
2026-07-16 01:26:38.154 9 INFO neutron.wsgi [-] 10.0.0.220 "GET / HTTP/1.1" status: 200 len: 247 time: 0.0024576
2026-07-16 01:26:49.261 10 INFO neutron.wsgi [None req-78b96b20-51df-4f21-b1f5-4e781e9f7700 d820dc69025e459489f1f963b7dcb981 6a2907b7dded4e32bb1f33dd1010ea75 - - default default] 10.0.0.198 "GET /v2.0/agents HTTP/1.1" status: 200 len: 997 time: 0.0774999
2026-07-16 01:26:49.292 10 INFO neutron.wsgi [None req-5a19265a-d461-46b6-99a0-150a5897735b d820dc69025e459489f1f963b7dcb981 6a2907b7dded4e32bb1f33dd1010ea75 - - default default] 10.0.0.198 "GET /v2.0/subnets HTTP/1.1" status: 200 len: 1437 time: 0.0299540
2026-07-16 01:26:49.301 10 INFO neutron.wsgi [None req-f6a85f7c-9eb1-41bf-8324-1dc8faf028a3 d820dc69025e459489f1f963b7dcb981 6a2907b7dded4e32bb1f33dd1010ea75 - - default default] 10.0.0.198 "GET /v2.0/subnetpools HTTP/1.1" status: 200 len: 193 time: 0.0076845
2026-07-16 01:26:49.340 10 INFO neutron.wsgi [None req-06bea06e-fe70-4bf7-9f62-3df9a52d925b d820dc69025e459489f1f963b7dcb981 6a2907b7dded4e32bb1f33dd1010ea75 - - default default] 10.0.0.198 "GET /v2.0/security-groups HTTP/1.1" status: 200 len: 16803 time: 0.0389397
2026-07-16 01:26:49.377 10 INFO neutron.wsgi [None req-89d6b1f9-595c-4b4f-8954-8b80a5817359 d820dc69025e459489f1f963b7dcb981 6a2907b7dded4e32bb1f33dd1010ea75 - - default default] 10.0.0.198 "GET /v2.0/ports HTTP/1.1" status: 200 len: 5351 time: 0.0311794
2026-07-16 01:26:49.405 10 INFO neutron.wsgi [None req-bfea8701-83da-4887-9293-0377c539a0a7 d820dc69025e459489f1f963b7dcb981 6a2907b7dded4e32bb1f33dd1010ea75 - - default default] 10.0.0.198 "GET /v2.0/routers HTTP/1.1" status: 200 len: 189 time: 0.0261664
2026-07-16 01:26:49.414 10 INFO neutron.wsgi [None req-733d999c-d94c-4877-8d74-4d57b8aeef0b d820dc69025e459489f1f963b7dcb981 6a2907b7dded4e32bb1f33dd1010ea75 - - default default] 10.0.0.198 "GET /v2.0/agents?binary=ovn-controller HTTP/1.1" status: 200 len: 591 time: 0.0084987
2026-07-16 01:26:49.432 10 INFO neutron.wsgi [None req-8d0233fe-d29d-4f07-a5f5-248e6e674ebc d820dc69025e459489f1f963b7dcb981 6a2907b7dded4e32bb1f33dd1010ea75 - - default default] 10.0.0.198 "GET /v2.0/floatingips HTTP/1.1" status: 200 len: 193 time: 0.0165186
2026-07-16 01:26:49.489 10 INFO neutron.wsgi [None req-d8926bbd-9818-4c06-b871-f698a035bb95 d820dc69025e459489f1f963b7dcb981 6a2907b7dded4e32bb1f33dd1010ea75 - - default default] 10.0.0.198 "GET /v2.0/networks HTTP/1.1" status: 200 len: 2350 time: 0.0559962
2026-07-16 01:26:49.521 10 INFO neutron.wsgi [None req-04dce0e5-f444-4da5-8049-6455ecbeb061 d820dc69025e459489f1f963b7dcb981 6a2907b7dded4e32bb1f33dd1010ea75 - - default default] 10.0.0.198 "GET /v2.0/subnets HTTP/1.1" status: 200 len: 1437 time: 0.0311184
2026-07-16 01:26:49.531 10 INFO neutron.wsgi [None req-d892d449-05ff-4f61-b190-fe29cd232db1 d820dc69025e459489f1f963b7dcb981 6a2907b7dded4e32bb1f33dd1010ea75 - - default default] 10.0.0.198 "GET /v2.0/network-ip-availabilities HTTP/1.1" status: 200 len: 1280 time: 0.0086453
2026-07-16 01:26:53.154 9 INFO neutron.wsgi [-] 10.0.0.220 "GET / HTTP/1.1" status: 200 len: 247 time: 0.0016708
2026-07-16 01:26:53.157 9 INFO neutron.wsgi [-] 10.0.0.220 "GET / HTTP/1.1" status: 200 len: 247 time: 0.0027926
2026-07-16 01:27:08.154 10 INFO neutron.wsgi [-] 10.0.0.220 "GET / HTTP/1.1" status: 200 len: 247 time: 0.0026281
2026-07-16 01:27:08.155 9 INFO neutron.wsgi [-] 10.0.0.220 "GET / HTTP/1.1" status: 200 len: 247 time: 0.0025327
2026-07-16 01:27:23.153 10 INFO neutron.wsgi [-] 10.0.0.220 "GET / HTTP/1.1" status: 200 len: 247 time: 0.0012989
2026-07-16 01:27:23.155 10 INFO neutron.wsgi [-] 10.0.0.220 "GET / HTTP/1.1" status: 200 len: 247 time: 0.0013838
2026-07-16 01:27:38.153 10 INFO neutron.wsgi [-] 10.0.0.220 "GET / HTTP/1.1" status: 200 len: 247 time: 0.0021029
2026-07-16 01:27:38.154 9 INFO neutron.wsgi [-] 10.0.0.220 "GET / HTTP/1.1" status: 200 len: 247 time: 0.0023296
2026-07-16 01:27:49.232 10 INFO neutron.wsgi [None req-a4ad208b-4798-494a-b14d-70392892860c d820dc69025e459489f1f963b7dcb981 6a2907b7dded4e32bb1f33dd1010ea75 - - default default] 10.0.0.198 "GET /v2.0/routers HTTP/1.1" status: 200 len: 189 time: 0.1597297
2026-07-16 01:27:49.261 10 INFO neutron.wsgi [None req-a53b49e2-a8de-49a4-8941-2533bed8cd2b d820dc69025e459489f1f963b7dcb981 6a2907b7dded4e32bb1f33dd1010ea75 - - default default] 10.0.0.198 "GET /v2.0/agents?binary=ovn-controller HTTP/1.1" status: 200 len: 591 time: 0.0283821
2026-07-16 01:27:49.271 10 INFO neutron.wsgi [None req-7f6e47c0-815e-430e-bdbf-85d76d2ad021 d820dc69025e459489f1f963b7dcb981 6a2907b7dded4e32bb1f33dd1010ea75 - - default default] 10.0.0.198 "GET /v2.0/network-ip-availabilities HTTP/1.1" status: 200 len: 1280 time: 0.0085912
2026-07-16 01:27:49.297 10 INFO neutron.wsgi [None req-6fbcc3ca-06e6-4d77-8a46-49185ac5ffd1 d820dc69025e459489f1f963b7dcb981 6a2907b7dded4e32bb1f33dd1010ea75 - - default default] 10.0.0.198 "GET /v2.0/ports HTTP/1.1" status: 200 len: 5351 time: 0.0250092
2026-07-16 01:27:49.325 10 INFO neutron.wsgi [None req-e8056f60-f42b-449d-b0b3-16e01c8d3012 d820dc69025e459489f1f963b7dcb981 6a2907b7dded4e32bb1f33dd1010ea75 - - default default] 10.0.0.198 "GET /v2.0/subnets HTTP/1.1" status: 200 len: 1437 time: 0.0240159
2026-07-16 01:27:49.335 10 INFO neutron.wsgi [None req-d8b4d2fe-ee44-4723-a717-b3431d0c4cc0 d820dc69025e459489f1f963b7dcb981 6a2907b7dded4e32bb1f33dd1010ea75 - - default default] 10.0.0.198 "GET /v2.0/subnetpools HTTP/1.1" status: 200 len: 193 time: 0.0083025
2026-07-16 01:27:49.384 10 INFO neutron.wsgi [None req-14649487-beba-4411-94c0-fcefe1d585ba d820dc69025e459489f1f963b7dcb981 6a2907b7dded4e32bb1f33dd1010ea75 - - default default] 10.0.0.198 "GET /v2.0/networks HTTP/1.1" status: 200 len: 2350 time: 0.0485394
2026-07-16 01:27:49.408 10 INFO neutron.wsgi [None req-4e0eba6e-3a8a-48db-891a-b94ebecf5f73 d820dc69025e459489f1f963b7dcb981 6a2907b7dded4e32bb1f33dd1010ea75 - - default default] 10.0.0.198 "GET /v2.0/subnets HTTP/1.1" status: 200 len: 1437 time: 0.0228922
2026-07-16 01:27:49.416 10 INFO neutron.wsgi [None req-ba10a8ae-4c48-438d-867b-8abae135eca1 d820dc69025e459489f1f963b7dcb981 6a2907b7dded4e32bb1f33dd1010ea75 - - default default] 10.0.0.198 "GET /v2.0/agents HTTP/1.1" status: 200 len: 997 time: 0.0073247
