2026-07-16 01:33:03.162 9 WARNING neutron.api.rpc.agentnotifiers.dhcp_rpc_agent_api [None req-2d20fd44-5857-49cc-a76c-a6d34acb3fe0 d820dc69025e459489f1f963b7dcb981 6a2907b7dded4e32bb1f33dd1010ea75 - - default default] Unable to schedule network 41e2105a-107e-4de7-ab90-5ea035ee11ee: no agents available; will retry on subsequent port and subnet creation events.
2026-07-16 01:33:03.210 10 INFO neutron.services.segments.plugin [-] Segment dad7527a-2e05-4a92-aaa3-5fa281b35720 resource provider aggregate not found
2026-07-16 01:33:03.216 10 INFO neutron.services.segments.plugin [-] Segment dad7527a-2e05-4a92-aaa3-5fa281b35720 resource provider aggregate not found
2026-07-16 01:33:03.233 10 INFO neutron.services.segments.plugin [-] Segment dad7527a-2e05-4a92-aaa3-5fa281b35720 resource provider not found; error: Placement Client Error (4xx): {"errors": [{"status": 404, "title": "Not Found", "detail": "The resource could not be found.\n\n No resource provider with uuid dad7527a-2e05-4a92-aaa3-5fa281b35720 found for delete ", "request_id": "req-a03c7910-58a6-4e45-9f1f-2960900477fe"}]}
2026-07-16 01:33:03.238 10 INFO neutron.services.segments.plugin [-] Segment dad7527a-2e05-4a92-aaa3-5fa281b35720 resource provider not found; error: Placement Client Error (4xx): {"errors": [{"status": 404, "title": "Not Found", "detail": "The resource could not be found.\n\n No resource provider with uuid dad7527a-2e05-4a92-aaa3-5fa281b35720 found for delete ", "request_id": "req-b3810110-1560-427f-a5c3-929102da7075"}]}
2026-07-16 01:33:03.242 10 INFO neutron.wsgi [None req-2ff21d63-c908-44c7-8538-25bb5f028c9e d820dc69025e459489f1f963b7dcb981 6a2907b7dded4e32bb1f33dd1010ea75 - - default default] 10.0.0.125 "DELETE /v2.0/networks/f5696006-70ec-47b5-88ba-11f23ffd8683 HTTP/1.1" status: 204 len: 168 time: 0.3719375
2026-07-16 01:33:03.300 9 INFO neutron.db.ovn_revision_numbers_db [None req-2d20fd44-5857-49cc-a76c-a6d34acb3fe0 d820dc69025e459489f1f963b7dcb981 6a2907b7dded4e32bb1f33dd1010ea75 - - default default] Successfully bumped revision number for resource dd7d54ee-4e2a-4b50-be56-53228c6970c2 (type: ports) to 1
2026-07-16 01:33:03.430 10 INFO neutron.wsgi [None req-dda4524c-3203-44ac-bfa7-9e5f5f73cf26 d820dc69025e459489f1f963b7dcb981 6a2907b7dded4e32bb1f33dd1010ea75 - - default default] 10.0.0.125 "GET /v2.0/security-groups?tenant_id=38065aa760a94216b4d2d8375fe8ae88&name=default HTTP/1.1" status: 200 len: 2996 time: 0.0344906
2026-07-16 01:33:03.665 10 INFO neutron.wsgi [None req-791ae067-09e8-4679-bd5d-5918d6fd29fb d820dc69025e459489f1f963b7dcb981 6a2907b7dded4e32bb1f33dd1010ea75 - - default default] 10.0.0.125 "DELETE /v2.0/security-groups/be546b41-9673-4a2c-b9c8-afce49e470a4 HTTP/1.1" status: 204 len: 168 time: 0.2276368
2026-07-16 01:33:03.670 10 INFO neutron.db.ovn_revision_numbers_db [None req-7e1c8f38-410a-4ab6-9581-a1b5debb5aa2 d820dc69025e459489f1f963b7dcb981 6a2907b7dded4e32bb1f33dd1010ea75 - - default default] Successfully bumped revision number for resource 23d8293a-725b-4692-be7c-23ee63102e3c (type: security_groups) to 1
2026-07-16 01:33:03.682 10 INFO neutron.db.ovn_revision_numbers_db [None req-7e1c8f38-410a-4ab6-9581-a1b5debb5aa2 d820dc69025e459489f1f963b7dcb981 6a2907b7dded4e32bb1f33dd1010ea75 - - default default] Successfully bumped revision number for resource 8bd34d38-dd41-4ae2-ac37-db4d3acb5289 (type: security_group_rules) to 0
2026-07-16 01:33:03.700 10 INFO neutron.db.ovn_revision_numbers_db [None req-7e1c8f38-410a-4ab6-9581-a1b5debb5aa2 d820dc69025e459489f1f963b7dcb981 6a2907b7dded4e32bb1f33dd1010ea75 - - default default] Successfully bumped revision number for resource ac26b05b-2d90-48be-bc57-1019c868e7be (type: security_group_rules) to 0
2026-07-16 01:33:03.713 10 INFO neutron.db.ovn_revision_numbers_db [None req-7e1c8f38-410a-4ab6-9581-a1b5debb5aa2 d820dc69025e459489f1f963b7dcb981 6a2907b7dded4e32bb1f33dd1010ea75 - - default default] Successfully bumped revision number for resource ac49523f-872c-4d96-b122-e36b026eb4ff (type: security_group_rules) to 0
2026-07-16 01:33:03.730 10 INFO neutron.db.ovn_revision_numbers_db [None req-7e1c8f38-410a-4ab6-9581-a1b5debb5aa2 d820dc69025e459489f1f963b7dcb981 6a2907b7dded4e32bb1f33dd1010ea75 - - default default] Successfully bumped revision number for resource d9908428-4121-4a21-9eed-49817547191d (type: security_group_rules) to 0
2026-07-16 01:33:03.765 10 INFO neutron.wsgi [None req-7e1c8f38-410a-4ab6-9581-a1b5debb5aa2 d820dc69025e459489f1f963b7dcb981 6a2907b7dded4e32bb1f33dd1010ea75 - - default default] 10.0.0.125 "GET /v2.0/security-groups?tenant_id=61ebda80c1c643d6a92ad90e08c9f96e&name=default HTTP/1.1" status: 200 len: 2996 time: 0.4269485
2026-07-16 01:33:03.946 10 INFO neutron.wsgi [None req-18e306f2-6d41-4804-8b9c-81de66d203bb d820dc69025e459489f1f963b7dcb981 6a2907b7dded4e32bb1f33dd1010ea75 - - default default] 10.0.0.125 "DELETE /v2.0/security-groups/23d8293a-725b-4692-be7c-23ee63102e3c HTTP/1.1" status: 204 len: 168 time: 0.1746132
2026-07-16 01:33:04.052 9 INFO neutron.plugins.ml2.drivers.ovn.mech_driver.mech_driver [None req-6c2ac208-0920-445d-b3fb-a8ba9fc3c2ef - - - - - -] OVN reports status up for port: dd7d54ee-4e2a-4b50-be56-53228c6970c2
2026-07-16 01:33:04.067 10 WARNING neutron.plugins.ml2.drivers.ovn.mech_driver.ovsdb.ovn_client [None req-06b30248-a1f7-4ba9-98df-5168947f8074 - - - - - -] No port found with ID 6d70a5c2-cf72-42bb-86c1-c26d47191606: RuntimeError: No port found with ID 6d70a5c2-cf72-42bb-86c1-c26d47191606
2026-07-16 01:33:04.092 9 INFO neutron.plugins.ml2.plugin [None req-6c2ac208-0920-445d-b3fb-a8ba9fc3c2ef - - - - - -] Attempt 1 to provision port dd7d54ee-4e2a-4b50-be56-53228c6970c2
2026-07-16 01:33:04.094 10 INFO neutron.plugins.ml2.drivers.ovn.mech_driver.ovsdb.ovsdb_monitor [None req-2cedb3c7-3902-4764-b49f-a2548b67fd66 - - - - - -] Router 380b380e-2f02-4973-a4f2-4509ed78b8af is bound to host instance
2026-07-16 01:33:04.108 9 INFO neutron.db.ovn_revision_numbers_db [None req-2d20fd44-5857-49cc-a76c-a6d34acb3fe0 d820dc69025e459489f1f963b7dcb981 6a2907b7dded4e32bb1f33dd1010ea75 - - default default] Successfully bumped revision number for resource dd7d54ee-4e2a-4b50-be56-53228c6970c2 (type: router_ports) to 1
2026-07-16 01:33:04.203 9 INFO neutron.db.ovn_revision_numbers_db [None req-2d20fd44-5857-49cc-a76c-a6d34acb3fe0 d820dc69025e459489f1f963b7dcb981 6a2907b7dded4e32bb1f33dd1010ea75 - - default default] Successfully bumped revision number for resource 380b380e-2f02-4973-a4f2-4509ed78b8af (type: routers) to 2
2026-07-16 01:33:04.217 9 INFO neutron.wsgi [None req-2d20fd44-5857-49cc-a76c-a6d34acb3fe0 d820dc69025e459489f1f963b7dcb981 6a2907b7dded4e32bb1f33dd1010ea75 - - default default] 10.0.0.125 "POST /v2.0/routers HTTP/1.1" status: 201 len: 879 time: 1.4701467
2026-07-16 01:33:04.323 10 INFO neutron.db.ovn_revision_numbers_db [None req-c5534936-b7dc-4050-aedf-372ebc434034 d820dc69025e459489f1f963b7dcb981 6a2907b7dded4e32bb1f33dd1010ea75 - - default default] Successfully bumped revision number for resource 3ae3506d-eb36-4deb-9998-3c66cb65fa5c (type: security_groups) to 1
2026-07-16 01:33:04.346 10 INFO neutron.db.ovn_revision_numbers_db [None req-c5534936-b7dc-4050-aedf-372ebc434034 d820dc69025e459489f1f963b7dcb981 6a2907b7dded4e32bb1f33dd1010ea75 - - default default] Successfully bumped revision number for resource 0ed36342-1991-41a3-b5d8-da9ca00f6d41 (type: security_group_rules) to 0
2026-07-16 01:33:04.363 10 INFO neutron.db.ovn_revision_numbers_db [None req-c5534936-b7dc-4050-aedf-372ebc434034 d820dc69025e459489f1f963b7dcb981 6a2907b7dded4e32bb1f33dd1010ea75 - - default default] Successfully bumped revision number for resource 2ed13252-e665-4161-b6c4-362edd9a492f (type: security_group_rules) to 0
2026-07-16 01:33:04.409 10 INFO neutron.db.ovn_revision_numbers_db [None req-c5534936-b7dc-4050-aedf-372ebc434034 d820dc69025e459489f1f963b7dcb981 6a2907b7dded4e32bb1f33dd1010ea75 - - default default] Successfully bumped revision number for resource 3f867546-6803-4d0e-99c0-2798ba06fc29 (type: security_group_rules) to 0
2026-07-16 01:33:04.435 10 INFO neutron.db.ovn_revision_numbers_db [None req-c5534936-b7dc-4050-aedf-372ebc434034 d820dc69025e459489f1f963b7dcb981 6a2907b7dded4e32bb1f33dd1010ea75 - - default default] Successfully bumped revision number for resource 939e9c45-5d6c-4b00-9d7d-14aa17fb771c (type: security_group_rules) to 0
2026-07-16 01:33:04.459 10 INFO neutron.wsgi [None req-c5534936-b7dc-4050-aedf-372ebc434034 d820dc69025e459489f1f963b7dcb981 6a2907b7dded4e32bb1f33dd1010ea75 - - default default] 10.0.0.125 "GET /v2.0/security-groups?tenant_id=21d79fc9fa0540018448bdb46a940348&name=default HTTP/1.1" status: 200 len: 2996 time: 0.3305461
2026-07-16 01:33:04.622 9 WARNING neutron.scheduler.dhcp_agent_scheduler [None req-1b6bc09e-d5fd-454f-8293-9dfe5e33f659 d820dc69025e459489f1f963b7dcb981 6a2907b7dded4e32bb1f33dd1010ea75 - - default default] No more DHCP agents
2026-07-16 01:33:04.624 9 WARNING neutron.api.rpc.agentnotifiers.dhcp_rpc_agent_api [None req-1b6bc09e-d5fd-454f-8293-9dfe5e33f659 d820dc69025e459489f1f963b7dcb981 6a2907b7dded4e32bb1f33dd1010ea75 - - default default] Unable to schedule network ef6679e1-0471-432b-987e-ed2e7543004e: no agents available; will retry on subsequent port and subnet creation events.
2026-07-16 01:33:04.739 10 INFO neutron.db.ovn_revision_numbers_db [None req-2cedb3c7-3902-4764-b49f-a2548b67fd66 - - - - - -] Successfully bumped revision number for resource dd7d54ee-4e2a-4b50-be56-53228c6970c2 (type: ports) to 1
2026-07-16 01:33:04.779 10 INFO neutron.wsgi [None req-6275005c-621e-4def-a1a8-50728eff09d6 d820dc69025e459489f1f963b7dcb981 6a2907b7dded4e32bb1f33dd1010ea75 - - default default] 10.0.0.125 "DELETE /v2.0/security-groups/3ae3506d-eb36-4deb-9998-3c66cb65fa5c HTTP/1.1" status: 204 len: 168 time: 0.3139963
2026-07-16 01:33:04.797 9 INFO neutron.db.ovn_revision_numbers_db [None req-1b6bc09e-d5fd-454f-8293-9dfe5e33f659 d820dc69025e459489f1f963b7dcb981 6a2907b7dded4e32bb1f33dd1010ea75 - - default default] Successfully bumped revision number for resource 0daa3b95-9e52-4939-b715-cb5aba723f65 (type: ports) to 1
2026-07-16 01:33:05.057 10 INFO neutron.db.ovn_revision_numbers_db [None req-2cedb3c7-3902-4764-b49f-a2548b67fd66 - - - - - -] Successfully bumped revision number for resource dd7d54ee-4e2a-4b50-be56-53228c6970c2 (type: router_ports) to 3
2026-07-16 01:33:05.186 10 INFO neutron.plugins.ml2.drivers.ovn.mech_driver.mech_driver [None req-06b30248-a1f7-4ba9-98df-5168947f8074 - - - - - -] OVN reports status up for port: 0daa3b95-9e52-4939-b715-cb5aba723f65
2026-07-16 01:33:05.192 10 INFO neutron.db.ovn_revision_numbers_db [None req-2cedb3c7-3902-4764-b49f-a2548b67fd66 - - - - - -] Successfully bumped revision number for resource dd7d54ee-4e2a-4b50-be56-53228c6970c2 (type: ports) to 2
2026-07-16 01:33:05.194 10 INFO neutron.plugins.ml2.plugin [None req-06b30248-a1f7-4ba9-98df-5168947f8074 - - - - - -] Attempt 1 to provision port 0daa3b95-9e52-4939-b715-cb5aba723f65
2026-07-16 01:33:05.216 9 INFO neutron.db.ovn_revision_numbers_db [None req-1b6bc09e-d5fd-454f-8293-9dfe5e33f659 d820dc69025e459489f1f963b7dcb981 6a2907b7dded4e32bb1f33dd1010ea75 - - default default] Successfully bumped revision number for resource 0daa3b95-9e52-4939-b715-cb5aba723f65 (type: router_ports) to 1
2026-07-16 01:33:05.379 9 INFO neutron.db.ovn_revision_numbers_db [None req-1b6bc09e-d5fd-454f-8293-9dfe5e33f659 d820dc69025e459489f1f963b7dcb981 6a2907b7dded4e32bb1f33dd1010ea75 - - default default] Successfully bumped revision number for resource 0daa3b95-9e52-4939-b715-cb5aba723f65 (type: ports) to 1
2026-07-16 01:33:05.455 9 WARNING neutron.scheduler.dhcp_agent_scheduler [None req-1b6bc09e-d5fd-454f-8293-9dfe5e33f659 d820dc69025e459489f1f963b7dcb981 6a2907b7dded4e32bb1f33dd1010ea75 - - default default] No more DHCP agents
2026-07-16 01:33:05.456 9 WARNING neutron.api.rpc.agentnotifiers.dhcp_rpc_agent_api [None req-1b6bc09e-d5fd-454f-8293-9dfe5e33f659 d820dc69025e459489f1f963b7dcb981 6a2907b7dded4e32bb1f33dd1010ea75 - - default default] Unable to schedule network ef6679e1-0471-432b-987e-ed2e7543004e: no agents available; will retry on subsequent port and subnet creation events.
2026-07-16 01:33:05.491 10 INFO neutron.db.ovn_revision_numbers_db [None req-2cedb3c7-3902-4764-b49f-a2548b67fd66 - - - - - -] Successfully bumped revision number for resource dd7d54ee-4e2a-4b50-be56-53228c6970c2 (type: ports) to 4
2026-07-16 01:33:05.526 10 INFO neutron.db.ovn_revision_numbers_db [None req-06b30248-a1f7-4ba9-98df-5168947f8074 - - - - - -] Successfully bumped revision number for resource 0daa3b95-9e52-4939-b715-cb5aba723f65 (type: ports) to 2
2026-07-16 01:33:05.538 9 INFO neutron.wsgi [req-eea3647f-c5e9-4a5c-b6c3-4058c28662b2 req-e5f618a7-665e-4ddd-ba09-2f61053bef92 f2009d61f05c4ebfa692b82a4d8d0e5d bddf8de969774b3bbb48bd698541de3e - - 77a314461d9143cd92d4acfd3cd81ae8 77a314461d9143cd92d4acfd3cd81ae8] 10.0.0.143 "GET /v2.0/ports?device_id=739df107-771d-408e-a610-6f34c465c649 HTTP/1.1" status: 200 len: 1409 time: 0.1897485
2026-07-16 01:33:05.588 9 INFO neutron.wsgi [req-eea3647f-c5e9-4a5c-b6c3-4058c28662b2 req-10b92b3a-b41b-4ee2-988d-b6d0947687c4 f2009d61f05c4ebfa692b82a4d8d0e5d bddf8de969774b3bbb48bd698541de3e - - 77a314461d9143cd92d4acfd3cd81ae8 77a314461d9143cd92d4acfd3cd81ae8] 10.0.0.143 "GET /v2.0/security-groups?id=aab103b5-d419-451c-aab8-e9adfe57b4f9&fields=id&fields=name HTTP/1.1" status: 200 len: 313 time: 0.0429661
2026-07-16 01:33:05.712 10 INFO neutron.db.ovn_revision_numbers_db [None req-a13a9407-4953-4c1e-81a1-2db4b7f93db4 d820dc69025e459489f1f963b7dcb981 6a2907b7dded4e32bb1f33dd1010ea75 - - default default] Successfully bumped revision number for resource 72168672-9779-4930-9fe2-b8334c7b3183 (type: security_groups) to 1
2026-07-16 01:33:05.749 10 INFO neutron.db.ovn_revision_numbers_db [None req-a13a9407-4953-4c1e-81a1-2db4b7f93db4 d820dc69025e459489f1f963b7dcb981 6a2907b7dded4e32bb1f33dd1010ea75 - - default default] Successfully bumped revision number for resource ae37f1d3-0ca7-43f1-832b-4f5be763880d (type: security_group_rules) to 0
2026-07-16 01:33:05.774 10 INFO neutron.db.ovn_revision_numbers_db [None req-06b30248-a1f7-4ba9-98df-5168947f8074 - - - - - -] Successfully bumped revision number for resource 0daa3b95-9e52-4939-b715-cb5aba723f65 (type: router_ports) to 2
2026-07-16 01:33:05.788 10 INFO neutron.db.ovn_revision_numbers_db [None req-a13a9407-4953-4c1e-81a1-2db4b7f93db4 d820dc69025e459489f1f963b7dcb981 6a2907b7dded4e32bb1f33dd1010ea75 - - default default] Successfully bumped revision number for resource b8416ddc-32b6-43e3-967c-c9bf0b5b3e53 (type: security_group_rules) to 0
2026-07-16 01:33:05.820 10 INFO neutron.db.ovn_revision_numbers_db [None req-a13a9407-4953-4c1e-81a1-2db4b7f93db4 d820dc69025e459489f1f963b7dcb981 6a2907b7dded4e32bb1f33dd1010ea75 - - default default] Successfully bumped revision number for resource ca05d521-a74b-41dc-9c31-5de823ed5105 (type: security_group_rules) to 0
2026-07-16 01:33:05.847 10 INFO neutron.db.ovn_revision_numbers_db [None req-a13a9407-4953-4c1e-81a1-2db4b7f93db4 d820dc69025e459489f1f963b7dcb981 6a2907b7dded4e32bb1f33dd1010ea75 - - default default] Successfully bumped revision number for resource dffafa9b-7e1c-4735-abc3-b800a5b2d8a9 (type: security_group_rules) to 0
2026-07-16 01:33:05.866 10 INFO neutron.db.ovn_revision_numbers_db [None req-2cedb3c7-3902-4764-b49f-a2548b67fd66 - - - - - -] Successfully bumped revision number for resource dd7d54ee-4e2a-4b50-be56-53228c6970c2 (type: router_ports) to 4
2026-07-16 01:33:05.910 10 INFO neutron.db.segments_db [None req-a13a9407-4953-4c1e-81a1-2db4b7f93db4 d820dc69025e459489f1f963b7dcb981 6a2907b7dded4e32bb1f33dd1010ea75 - - default default] Added segment ca599853-0ee5-4a32-85fd-517caafd950d of type geneve for network 659a8062-2203-455b-b856-27ed08085b22
2026-07-16 01:33:06.042 10 INFO neutron.db.ovn_revision_numbers_db [None req-a13a9407-4953-4c1e-81a1-2db4b7f93db4 d820dc69025e459489f1f963b7dcb981 6a2907b7dded4e32bb1f33dd1010ea75 - - default default] Successfully bumped revision number for resource 659a8062-2203-455b-b856-27ed08085b22 (type: networks) to 1
2026-07-16 01:33:06.050 9 INFO neutron.db.ovn_revision_numbers_db [None req-1b6bc09e-d5fd-454f-8293-9dfe5e33f659 d820dc69025e459489f1f963b7dcb981 6a2907b7dded4e32bb1f33dd1010ea75 - - default default] Successfully bumped revision number for resource 0daa3b95-9e52-4939-b715-cb5aba723f65 (type: router_ports) to 2
2026-07-16 01:33:06.052 9 INFO neutron.wsgi [None req-1b6bc09e-d5fd-454f-8293-9dfe5e33f659 d820dc69025e459489f1f963b7dcb981 6a2907b7dded4e32bb1f33dd1010ea75 - - default default] 10.0.0.125 "PUT /v2.0/routers/380b380e-2f02-4973-a4f2-4509ed78b8af/add_router_interface HTTP/1.1" status: 200 len: 503 time: 1.8285120
2026-07-16 01:33:06.392 10 WARNING neutron.scheduler.dhcp_agent_scheduler [None req-a13a9407-4953-4c1e-81a1-2db4b7f93db4 d820dc69025e459489f1f963b7dcb981 6a2907b7dded4e32bb1f33dd1010ea75 - - default default] No more DHCP agents
2026-07-16 01:33:06.395 10 WARNING neutron.api.rpc.agentnotifiers.dhcp_rpc_agent_api [None req-a13a9407-4953-4c1e-81a1-2db4b7f93db4 d820dc69025e459489f1f963b7dcb981 6a2907b7dded4e32bb1f33dd1010ea75 - - default default] Unable to schedule network 659a8062-2203-455b-b856-27ed08085b22: no agents available; will retry on subsequent port and subnet creation events.
2026-07-16 01:33:06.473 10 INFO neutron.db.ovn_revision_numbers_db [None req-a13a9407-4953-4c1e-81a1-2db4b7f93db4 d820dc69025e459489f1f963b7dcb981 6a2907b7dded4e32bb1f33dd1010ea75 - - default default] Successfully bumped revision number for resource 776d7c6d-65e6-48e4-854f-42c4f86dfbe0 (type: ports) to 1
2026-07-16 01:33:06.495 10 INFO neutron.wsgi [None req-a13a9407-4953-4c1e-81a1-2db4b7f93db4 d820dc69025e459489f1f963b7dcb981 6a2907b7dded4e32bb1f33dd1010ea75 - - default default] 10.0.0.125 "POST /v2.0/networks HTTP/1.1" status: 201 len: 940 time: 1.0756862
2026-07-16 01:33:06.665 10 WARNING neutron.scheduler.dhcp_agent_scheduler [None req-30cb75a9-0e52-41bf-b109-13d196564a0c d820dc69025e459489f1f963b7dcb981 6a2907b7dded4e32bb1f33dd1010ea75 - - default default] No more DHCP agents
2026-07-16 01:33:06.667 10 WARNING neutron.api.rpc.agentnotifiers.dhcp_rpc_agent_api [None req-30cb75a9-0e52-41bf-b109-13d196564a0c d820dc69025e459489f1f963b7dcb981 6a2907b7dded4e32bb1f33dd1010ea75 - - default default] Unable to schedule network 659a8062-2203-455b-b856-27ed08085b22: no agents available; will retry on subsequent port and subnet creation events.
2026-07-16 01:33:07.020 9 INFO neutron.wsgi [req-f75fcb78-d37e-462c-b1e0-03331f553db0 req-664efede-c211-48f8-8a75-95ef59c81243 7788e45de2264d52b8b313b519af0c6f 7e4d75a351c34f75971d347ca0412cb4 - - default default] 10.0.0.253 "GET /v2.0/networks?id=ef6679e1-0471-432b-987e-ed2e7543004e HTTP/1.1" status: 200 len: 877 time: 0.0689652
2026-07-16 01:33:07.039 9 INFO neutron.wsgi [req-f75fcb78-d37e-462c-b1e0-03331f553db0 req-1df1f145-5db0-4d6e-907b-16b19f14a04f 7788e45de2264d52b8b313b519af0c6f 7e4d75a351c34f75971d347ca0412cb4 - - default default] 10.0.0.253 "GET /v2.0/quotas/7e4d75a351c34f75971d347ca0412cb4 HTTP/1.1" status: 200 len: 386 time: 0.0107598
2026-07-16 01:33:07.137 9 INFO neutron.wsgi [req-f75fcb78-d37e-462c-b1e0-03331f553db0 req-32f5246d-2e41-441e-b129-769da943473e 7788e45de2264d52b8b313b519af0c6f 7e4d75a351c34f75971d347ca0412cb4 - - default default] 10.0.0.253 "GET /v2.0/ports?tenant_id=7e4d75a351c34f75971d347ca0412cb4&fields=id HTTP/1.1" status: 200 len: 302 time: 0.0917451
2026-07-16 01:33:07.145 10 INFO neutron.db.ovn_revision_numbers_db [None req-30cb75a9-0e52-41bf-b109-13d196564a0c d820dc69025e459489f1f963b7dcb981 6a2907b7dded4e32bb1f33dd1010ea75 - - default default] Successfully bumped revision number for resource 776d7c6d-65e6-48e4-854f-42c4f86dfbe0 (type: ports) to 2
2026-07-16 01:33:07.147 9 WARNING keystonemiddleware.audit [req-f75fcb78-d37e-462c-b1e0-03331f553db0 req-32f5246d-2e41-441e-b129-769da943473e 7788e45de2264d52b8b313b519af0c6f 7e4d75a351c34f75971d347ca0412cb4 - - default default] Skipping service tempest-service-105573906 as it have no endpoints.
2026-07-16 01:33:07.175 10 INFO neutron.db.ovn_revision_numbers_db [None req-30cb75a9-0e52-41bf-b109-13d196564a0c d820dc69025e459489f1f963b7dcb981 6a2907b7dded4e32bb1f33dd1010ea75 - - default default] Successfully bumped revision number for resource 250698cb-a914-46cc-b53a-523d6ba19f22 (type: subnets) to 0
2026-07-16 01:33:07.190 10 INFO neutron.wsgi [None req-30cb75a9-0e52-41bf-b109-13d196564a0c d820dc69025e459489f1f963b7dcb981 6a2907b7dded4e32bb1f33dd1010ea75 - - default default] 10.0.0.125 "POST /v2.0/subnets HTTP/1.1" status: 201 len: 860 time: 0.6896966
2026-07-16 01:33:07.202 9 INFO neutron.wsgi [req-f75fcb78-d37e-462c-b1e0-03331f553db0 req-c171b69c-6778-4c37-b6c1-54ab19281b72 f2009d61f05c4ebfa692b82a4d8d0e5d bddf8de969774b3bbb48bd698541de3e - - 77a314461d9143cd92d4acfd3cd81ae8 77a314461d9143cd92d4acfd3cd81ae8] 10.0.0.253 "GET /v2.0/networks/ef6679e1-0471-432b-987e-ed2e7543004e?fields=segments HTTP/1.1" status: 200 len: 212 time: 0.0575194
2026-07-16 01:33:07.211 9 WARNING keystonemiddleware.audit [req-f75fcb78-d37e-462c-b1e0-03331f553db0 req-c171b69c-6778-4c37-b6c1-54ab19281b72 f2009d61f05c4ebfa692b82a4d8d0e5d bddf8de969774b3bbb48bd698541de3e - - 77a314461d9143cd92d4acfd3cd81ae8 77a314461d9143cd92d4acfd3cd81ae8] Skipping service tempest-service-105573906 as it have no endpoints.
2026-07-16 01:33:07.271 9 INFO neutron.wsgi [req-f75fcb78-d37e-462c-b1e0-03331f553db0 req-c05d4b9c-6664-4b6c-9868-7c0030c6af5d f2009d61f05c4ebfa692b82a4d8d0e5d bddf8de969774b3bbb48bd698541de3e - - 77a314461d9143cd92d4acfd3cd81ae8 77a314461d9143cd92d4acfd3cd81ae8] 10.0.0.253 "GET /v2.0/networks/ef6679e1-0471-432b-987e-ed2e7543004e?fields=provider%3Aphysical_network&fields=provider%3Anetwork_type HTTP/1.1" status: 200 len: 277 time: 0.0633156
2026-07-16 01:33:07.399 9 INFO neutron.wsgi [req-a794cf96-eaef-4c9d-a9f1-8ea7553f2439 req-e2441df6-4ff4-496b-b3df-1005ff531aab 7788e45de2264d52b8b313b519af0c6f 7e4d75a351c34f75971d347ca0412cb4 - - default default] 10.0.0.253 "GET /v2.0/ports?device_id=da19b8d7-81b8-4bb1-a4a4-773d2d761575 HTTP/1.1" status: 200 len: 210 time: 0.0216460
2026-07-16 01:33:07.600 10 WARNING neutron.scheduler.dhcp_agent_scheduler [None req-adc61f79-e05a-457a-a7a4-024945bc1cd6 d820dc69025e459489f1f963b7dcb981 6a2907b7dded4e32bb1f33dd1010ea75 - - default default] No more DHCP agents
2026-07-16 01:33:07.603 10 WARNING neutron.api.rpc.agentnotifiers.dhcp_rpc_agent_api [None req-adc61f79-e05a-457a-a7a4-024945bc1cd6 d820dc69025e459489f1f963b7dcb981 6a2907b7dded4e32bb1f33dd1010ea75 - - default default] Unable to schedule network 41e2105a-107e-4de7-ab90-5ea035ee11ee: no agents available; will retry on subsequent port and subnet creation events.
2026-07-16 01:33:07.781 10 INFO neutron.db.ovn_revision_numbers_db [None req-adc61f79-e05a-457a-a7a4-024945bc1cd6 d820dc69025e459489f1f963b7dcb981 6a2907b7dded4e32bb1f33dd1010ea75 - - default default] Successfully bumped revision number for resource d51d0aea-504c-41f8-b42c-4dcdabea4375 (type: ports) to 1
2026-07-16 01:33:08.098 10 INFO neutron.wsgi [req-f75fcb78-d37e-462c-b1e0-03331f553db0 req-de606070-48e3-4b55-bff7-6aceb7b5865b 7788e45de2264d52b8b313b519af0c6f 7e4d75a351c34f75971d347ca0412cb4 - - default default] 199.204.45.53 "GET /v2.0/networks?id=ef6679e1-0471-432b-987e-ed2e7543004e HTTP/1.1" status: 200 len: 877 time: 0.0903637
2026-07-16 01:33:08.153 9 INFO neutron.wsgi [-] 10.0.0.220 "GET / HTTP/1.1" status: 200 len: 247 time: 0.0017469
2026-07-16 01:33:08.155 9 INFO neutron.wsgi [-] 10.0.0.220 "GET / HTTP/1.1" status: 200 len: 247 time: 0.0012646
2026-07-16 01:33:08.472 9 INFO neutron.plugins.ml2.drivers.ovn.mech_driver.ovsdb.ovsdb_monitor [-] Router d2540053-fd3c-4fe9-9b17-f2676a64ef29 is bound to host instance
2026-07-16 01:33:08.490 10 INFO neutron.db.ovn_revision_numbers_db [None req-adc61f79-e05a-457a-a7a4-024945bc1cd6 d820dc69025e459489f1f963b7dcb981 6a2907b7dded4e32bb1f33dd1010ea75 - - default default] Successfully bumped revision number for resource d51d0aea-504c-41f8-b42c-4dcdabea4375 (type: router_ports) to 1
2026-07-16 01:33:08.548 10 WARNING neutron.scheduler.dhcp_agent_scheduler [req-f75fcb78-d37e-462c-b1e0-03331f553db0 req-4f26f473-4c56-4e20-b06f-960fc1c2304a 7788e45de2264d52b8b313b519af0c6f 7e4d75a351c34f75971d347ca0412cb4 - - default default] No more DHCP agents
2026-07-16 01:33:08.549 9 INFO neutron.wsgi [req-28e932da-9846-4371-a12b-5bc3336b1ab5 req-554488d8-63ca-4493-8cd3-5c2a0cee4e22 7788e45de2264d52b8b313b519af0c6f 7e4d75a351c34f75971d347ca0412cb4 - - default default] 10.0.0.253 "GET /v2.0/ports?device_id=da19b8d7-81b8-4bb1-a4a4-773d2d761575 HTTP/1.1" status: 200 len: 1160 time: 0.0592771
2026-07-16 01:33:08.552 10 WARNING neutron.api.rpc.agentnotifiers.dhcp_rpc_agent_api [req-f75fcb78-d37e-462c-b1e0-03331f553db0 req-4f26f473-4c56-4e20-b06f-960fc1c2304a 7788e45de2264d52b8b313b519af0c6f 7e4d75a351c34f75971d347ca0412cb4 - - default default] Unable to schedule network ef6679e1-0471-432b-987e-ed2e7543004e: no agents available; will retry on subsequent port and subnet creation events.
2026-07-16 01:33:08.580 10 INFO neutron.db.ovn_revision_numbers_db [None req-adc61f79-e05a-457a-a7a4-024945bc1cd6 d820dc69025e459489f1f963b7dcb981 6a2907b7dded4e32bb1f33dd1010ea75 - - default default] Successfully bumped revision number for resource d2540053-fd3c-4fe9-9b17-f2676a64ef29 (type: routers) to 2
2026-07-16 01:33:08.600 10 INFO neutron.wsgi [None req-adc61f79-e05a-457a-a7a4-024945bc1cd6 d820dc69025e459489f1f963b7dcb981 6a2907b7dded4e32bb1f33dd1010ea75 - - default default] 10.0.0.125 "POST /v2.0/routers HTTP/1.1" status: 201 len: 871 time: 1.4064381
2026-07-16 01:33:08.603 9 INFO neutron.wsgi [req-28e932da-9846-4371-a12b-5bc3336b1ab5 req-adda997d-d02d-41d4-a81d-dfd8da598cc0 7788e45de2264d52b8b313b519af0c6f 7e4d75a351c34f75971d347ca0412cb4 - - default default] 10.0.0.253 "GET /v2.0/security-groups?id=9c35b3be-73e1-43ff-a46d-6c687a892fe7&fields=id&fields=name HTTP/1.1" status: 200 len: 286 time: 0.0434442 /var/lib/openstack/lib/python3.10/site-packages/pycadf/identifier.py:71: UserWarning: Invalid uuid: neutron. To ensure interoperability, identifiers should be a valid uuid. warnings.warn(('Invalid uuid: %s. To ensure interoperability, '
2026-07-16 01:33:08.940 10 INFO neutron.db.ovn_revision_numbers_db [req-f75fcb78-d37e-462c-b1e0-03331f553db0 req-4f26f473-4c56-4e20-b06f-960fc1c2304a 7788e45de2264d52b8b313b519af0c6f 7e4d75a351c34f75971d347ca0412cb4 - - default default] Successfully bumped revision number for resource b054a867-4fe5-46e5-b821-1a67c602f14d (type: ports) to 1
2026-07-16 01:33:08.968 10 INFO neutron.wsgi [req-f75fcb78-d37e-462c-b1e0-03331f553db0 req-4f26f473-4c56-4e20-b06f-960fc1c2304a 7788e45de2264d52b8b313b519af0c6f 7e4d75a351c34f75971d347ca0412cb4 - - default default] 199.204.45.53 "POST /v2.0/ports HTTP/1.1" status: 201 len: 1162 time: 0.8616607
2026-07-16 01:33:09.073 9 INFO neutron.db.ovn_revision_numbers_db [None req-c6a8bd3b-6893-4dab-a8ff-87e9b23a9973 - - - - - -] Successfully bumped revision number for resource d51d0aea-504c-41f8-b42c-4dcdabea4375 (type: ports) to 1
2026-07-16 01:33:09.278 10 WARNING neutron.scheduler.dhcp_agent_scheduler [None req-2f697d00-92f5-4afd-8c15-ddd6e90c22fa d820dc69025e459489f1f963b7dcb981 6a2907b7dded4e32bb1f33dd1010ea75 - - default default] No more DHCP agents
2026-07-16 01:33:09.284 10 WARNING neutron.api.rpc.agentnotifiers.dhcp_rpc_agent_api [None req-2f697d00-92f5-4afd-8c15-ddd6e90c22fa d820dc69025e459489f1f963b7dcb981 6a2907b7dded4e32bb1f33dd1010ea75 - - default default] Unable to schedule network 659a8062-2203-455b-b856-27ed08085b22: no agents available; will retry on subsequent port and subnet creation events.
2026-07-16 01:33:09.399 9 INFO neutron.db.ovn_revision_numbers_db [None req-ee341027-d9bf-40d9-8cfc-7c44f6d0a689 d820dc69025e459489f1f963b7dcb981 6a2907b7dded4e32bb1f33dd1010ea75 - - default default] Successfully bumped revision number for resource b3b1b389-0f8e-4d50-a31c-037f888a122d (type: security_groups) to 1
2026-07-16 01:33:09.424 9 INFO neutron.db.ovn_revision_numbers_db [None req-ee341027-d9bf-40d9-8cfc-7c44f6d0a689 d820dc69025e459489f1f963b7dcb981 6a2907b7dded4e32bb1f33dd1010ea75 - - default default] Successfully bumped revision number for resource 5f678c35-2a50-4fba-8c8b-f6e63f0df7fc (type: security_group_rules) to 0
2026-07-16 01:33:09.440 9 INFO neutron.db.ovn_revision_numbers_db [None req-ee341027-d9bf-40d9-8cfc-7c44f6d0a689 d820dc69025e459489f1f963b7dcb981 6a2907b7dded4e32bb1f33dd1010ea75 - - default default] Successfully bumped revision number for resource ce53cc91-1218-4ec1-ac32-49898b11bca0 (type: security_group_rules) to 0
2026-07-16 01:33:09.457 10 INFO neutron.db.ovn_revision_numbers_db [req-f75fcb78-d37e-462c-b1e0-03331f553db0 req-d481999b-454b-49b8-952c-cb9d2f07f6a9 f2009d61f05c4ebfa692b82a4d8d0e5d bddf8de969774b3bbb48bd698541de3e - - 77a314461d9143cd92d4acfd3cd81ae8 77a314461d9143cd92d4acfd3cd81ae8] Successfully bumped revision number for resource b054a867-4fe5-46e5-b821-1a67c602f14d (type: ports) to 2
2026-07-16 01:33:09.476 10 INFO neutron.db.ovn_revision_numbers_db [None req-2f697d00-92f5-4afd-8c15-ddd6e90c22fa d820dc69025e459489f1f963b7dcb981 6a2907b7dded4e32bb1f33dd1010ea75 - - default default] Successfully bumped revision number for resource 9f9fa8a1-474c-4075-a1f4-f8f95b02a683 (type: ports) to 1
2026-07-16 01:33:09.491 9 INFO neutron.db.ovn_revision_numbers_db [None req-c6a8bd3b-6893-4dab-a8ff-87e9b23a9973 - - - - - -] Successfully bumped revision number for resource d51d0aea-504c-41f8-b42c-4dcdabea4375 (type: router_ports) to 3
2026-07-16 01:33:09.533 9 INFO neutron.db.ovn_revision_numbers_db [None req-ee341027-d9bf-40d9-8cfc-7c44f6d0a689 d820dc69025e459489f1f963b7dcb981 6a2907b7dded4e32bb1f33dd1010ea75 - - default default] Successfully bumped revision number for resource f43b5c34-e8a5-48a3-b6a2-91051cdedc07 (type: security_group_rules) to 0
2026-07-16 01:33:09.583 9 INFO neutron.db.ovn_revision_numbers_db [None req-ee341027-d9bf-40d9-8cfc-7c44f6d0a689 d820dc69025e459489f1f963b7dcb981 6a2907b7dded4e32bb1f33dd1010ea75 - - default default] Successfully bumped revision number for resource ffc87eb7-e196-4ea7-a6aa-2e6277bd4fff (type: security_group_rules) to 0
2026-07-16 01:33:09.619 9 INFO neutron.wsgi [None req-ee341027-d9bf-40d9-8cfc-7c44f6d0a689 d820dc69025e459489f1f963b7dcb981 6a2907b7dded4e32bb1f33dd1010ea75 - - default default] 10.0.0.125 "GET /v2.0/security-groups?tenant_id=384e9cf2c5364729879c34ea7435d99f&name=default HTTP/1.1" status: 200 len: 2996 time: 0.5803308
2026-07-16 01:33:09.695 9 INFO neutron.db.ovn_revision_numbers_db [None req-c6a8bd3b-6893-4dab-a8ff-87e9b23a9973 - - - - - -] Successfully bumped revision number for resource d51d0aea-504c-41f8-b42c-4dcdabea4375 (type: ports) to 2
2026-07-16 01:33:09.748 10 INFO neutron.db.ovn_revision_numbers_db [req-f75fcb78-d37e-462c-b1e0-03331f553db0 req-d481999b-454b-49b8-952c-cb9d2f07f6a9 f2009d61f05c4ebfa692b82a4d8d0e5d bddf8de969774b3bbb48bd698541de3e - - 77a314461d9143cd92d4acfd3cd81ae8 77a314461d9143cd92d4acfd3cd81ae8] Successfully bumped revision number for resource b054a867-4fe5-46e5-b821-1a67c602f14d (type: ports) to 2
2026-07-16 01:33:09.784 9 INFO neutron.wsgi [req-40c5c705-c7a0-478a-91a6-07bd633e6b5e req-86e882b3-c6f6-4c7e-a689-f6b2e7833119 7788e45de2264d52b8b313b519af0c6f 7e4d75a351c34f75971d347ca0412cb4 - - default default] 10.0.0.253 "GET /v2.0/ports?device_id=da19b8d7-81b8-4bb1-a4a4-773d2d761575 HTTP/1.1" status: 200 len: 1172 time: 0.0709023
2026-07-16 01:33:09.786 10 INFO neutron.wsgi [req-f75fcb78-d37e-462c-b1e0-03331f553db0 req-d481999b-454b-49b8-952c-cb9d2f07f6a9 f2009d61f05c4ebfa692b82a4d8d0e5d bddf8de969774b3bbb48bd698541de3e - - 77a314461d9143cd92d4acfd3cd81ae8 77a314461d9143cd92d4acfd3cd81ae8] 199.204.45.53 "PUT /v2.0/ports/b054a867-4fe5-46e5-b821-1a67c602f14d HTTP/1.1" status: 200 len: 1380 time: 0.8100510 /var/lib/openstack/lib/python3.10/site-packages/pycadf/identifier.py:71: UserWarning: Invalid uuid: neutron. To ensure interoperability, identifiers should be a valid uuid. warnings.warn(('Invalid uuid: %s. To ensure interoperability, '
2026-07-16 01:33:09.838 9 INFO neutron.wsgi [req-f48bc2b8-aa40-4d48-8f0b-368f8c3ddf53 req-523bb7dd-a132-4488-9e09-368cb5953b71 cc8bba5644e649c897b989b7670b34ec bdfc825a00914f74af27ef50bc2da99f - - default default] 10.0.0.253 "GET /v2.0/ports?device_id=739df107-771d-408e-a610-6f34c465c649 HTTP/1.1" status: 200 len: 1170 time: 0.1643438
2026-07-16 01:33:09.854 10 INFO neutron.wsgi [req-f75fcb78-d37e-462c-b1e0-03331f553db0 req-7d5a8ffb-a279-42dc-8d7e-75c4ec91f371 f2009d61f05c4ebfa692b82a4d8d0e5d bddf8de969774b3bbb48bd698541de3e - - 77a314461d9143cd92d4acfd3cd81ae8 77a314461d9143cd92d4acfd3cd81ae8] 199.204.45.53 "GET /v2.0/ports?tenant_id=7e4d75a351c34f75971d347ca0412cb4&device_id=da19b8d7-81b8-4bb1-a4a4-773d2d761575 HTTP/1.1" status: 200 len: 1411 time: 0.0336378
2026-07-16 01:33:09.863 9 INFO neutron.wsgi [req-40c5c705-c7a0-478a-91a6-07bd633e6b5e req-43d71a90-af95-436b-aa10-2db544c0f8ba 7788e45de2264d52b8b313b519af0c6f 7e4d75a351c34f75971d347ca0412cb4 - - default default] 10.0.0.253 "GET /v2.0/security-groups?id=9c35b3be-73e1-43ff-a46d-6c687a892fe7&fields=id&fields=name HTTP/1.1" status: 200 len: 286 time: 0.0566757
2026-07-16 01:33:09.868 10 INFO neutron.notifiers.nova [-] Nova event matching ['req-7c3fa365-1f29-4fd0-afa5-00200d872298'] response: {'name': 'network-changed', 'server_uuid': 'da19b8d7-81b8-4bb1-a4a4-773d2d761575', 'tag': 'b054a867-4fe5-46e5-b821-1a67c602f14d', 'status': 'completed', 'code': 200}
2026-07-16 01:33:09.881 10 INFO neutron.wsgi [req-f75fcb78-d37e-462c-b1e0-03331f553db0 req-83f9a343-4b00-408a-8b11-3295b902d020 f2009d61f05c4ebfa692b82a4d8d0e5d bddf8de969774b3bbb48bd698541de3e - - 77a314461d9143cd92d4acfd3cd81ae8 77a314461d9143cd92d4acfd3cd81ae8] 199.204.45.53 "GET /v2.0/floatingips?fixed_ip_address=10.100.0.12&port_id=b054a867-4fe5-46e5-b821-1a67c602f14d HTTP/1.1" status: 200 len: 217 time: 0.0210195
2026-07-16 01:33:09.924 10 INFO neutron.wsgi [req-f75fcb78-d37e-462c-b1e0-03331f553db0 req-f1d6a268-b873-445a-92f6-691d1125938c f2009d61f05c4ebfa692b82a4d8d0e5d bddf8de969774b3bbb48bd698541de3e - - 77a314461d9143cd92d4acfd3cd81ae8 77a314461d9143cd92d4acfd3cd81ae8] 199.204.45.53 "GET /v2.0/subnets?id=9195ade2-16a2-455f-bd0a-32ccaa0bf634 HTTP/1.1" status: 200 len: 871 time: 0.0383286
2026-07-16 01:33:09.947 9 INFO neutron.wsgi [req-8fdddaa2-8091-4bfe-ae85-3d701c01099c req-0e001e82-145b-4501-8cda-52c87d64ff43 cc8bba5644e649c897b989b7670b34ec bdfc825a00914f74af27ef50bc2da99f - - default default] 10.0.0.253 "GET /v2.0/ports/b533ddf6-e39e-45b1-9128-f01f73bb162c HTTP/1.1" status: 200 len: 1167 time: 0.0518491
2026-07-16 01:33:09.954 10 INFO neutron.wsgi [req-f75fcb78-d37e-462c-b1e0-03331f553db0 req-42a94220-bbda-47fc-80bf-3a4241c97789 f2009d61f05c4ebfa692b82a4d8d0e5d bddf8de969774b3bbb48bd698541de3e - - 77a314461d9143cd92d4acfd3cd81ae8 77a314461d9143cd92d4acfd3cd81ae8] 199.204.45.53 "GET /v2.0/ports?network_id=ef6679e1-0471-432b-987e-ed2e7543004e&device_owner=network%3Adhcp HTTP/1.1" status: 200 len: 210 time: 0.0250082
2026-07-16 01:33:10.020 9 INFO neutron.wsgi [None req-056523ef-d578-49db-9fb5-4d7a58421018 d820dc69025e459489f1f963b7dcb981 6a2907b7dded4e32bb1f33dd1010ea75 - - default default] 10.0.0.125 "DELETE /v2.0/security-groups/b3b1b389-0f8e-4d50-a31c-037f888a122d HTTP/1.1" status: 204 len: 168 time: 0.3964479
2026-07-16 01:33:10.076 10 INFO neutron.wsgi [req-f75fcb78-d37e-462c-b1e0-03331f553db0 req-7b4fcd43-9ec0-4b11-99e5-859c4d70ca9c f2009d61f05c4ebfa692b82a4d8d0e5d bddf8de969774b3bbb48bd698541de3e - - 77a314461d9143cd92d4acfd3cd81ae8 77a314461d9143cd92d4acfd3cd81ae8] 199.204.45.53 "GET /v2.0/networks/ef6679e1-0471-432b-987e-ed2e7543004e?fields=segments HTTP/1.1" status: 200 len: 212 time: 0.1114781
2026-07-16 01:33:10.144 10 INFO neutron.db.ovn_revision_numbers_db [None req-2f697d00-92f5-4afd-8c15-ddd6e90c22fa d820dc69025e459489f1f963b7dcb981 6a2907b7dded4e32bb1f33dd1010ea75 - - default default] Successfully bumped revision number for resource 9f9fa8a1-474c-4075-a1f4-f8f95b02a683 (type: router_ports) to 1
2026-07-16 01:33:10.148 9 INFO neutron.db.ovn_revision_numbers_db [None req-c6a8bd3b-6893-4dab-a8ff-87e9b23a9973 - - - - - -] Successfully bumped revision number for resource d51d0aea-504c-41f8-b42c-4dcdabea4375 (type: ports) to 4
2026-07-16 01:33:10.158 10 INFO neutron.wsgi [req-f75fcb78-d37e-462c-b1e0-03331f553db0 req-cb8881c4-4f4b-45a7-91c3-dfb8f6862a9d f2009d61f05c4ebfa692b82a4d8d0e5d bddf8de969774b3bbb48bd698541de3e - - 77a314461d9143cd92d4acfd3cd81ae8 77a314461d9143cd92d4acfd3cd81ae8] 199.204.45.53 "GET /v2.0/networks/ef6679e1-0471-432b-987e-ed2e7543004e?fields=provider%3Aphysical_network&fields=provider%3Anetwork_type HTTP/1.1" status: 200 len: 277 time: 0.0750284
2026-07-16 01:33:10.164 9 INFO neutron.wsgi [req-89e5b35a-9af6-410f-bc97-aef7a054837b req-2322d676-7457-4574-8ce3-77731690c7d7 cc8bba5644e649c897b989b7670b34ec bdfc825a00914f74af27ef50bc2da99f - - default default] 199.204.45.53 "GET /v2.0/subnets?network_id=bec5bd83-da86-4b05-a12e-164e469e9bb3 HTTP/1.1" status: 200 len: 858 time: 0.0528259
2026-07-16 01:33:10.237 9 INFO neutron.wsgi [req-89e5b35a-9af6-410f-bc97-aef7a054837b req-de25d1c7-4e9f-4d47-aa77-e3fde3751bee cc8bba5644e649c897b989b7670b34ec bdfc825a00914f74af27ef50bc2da99f - - default default] 199.204.45.53 "GET /v2.0/ports?device_id=739df107-771d-408e-a610-6f34c465c649&device_owner=compute%3Anova&network_id=bec5bd83-da86-4b05-a12e-164e469e9bb3 HTTP/1.1" status: 200 len: 1170 time: 0.0568311
2026-07-16 01:33:10.276 10 INFO neutron.wsgi [req-64e6e59f-91a7-4914-a4e0-3d1c117a36c4 req-a52c72ca-703b-4cde-8604-0c8f443a9d29 f2009d61f05c4ebfa692b82a4d8d0e5d bddf8de969774b3bbb48bd698541de3e - - 77a314461d9143cd92d4acfd3cd81ae8 77a314461d9143cd92d4acfd3cd81ae8] 199.204.45.53 "GET /v2.0/ports?tenant_id=7e4d75a351c34f75971d347ca0412cb4&device_id=da19b8d7-81b8-4bb1-a4a4-773d2d761575 HTTP/1.1" status: 200 len: 1411 time: 0.0532348
2026-07-16 01:33:10.337 10 INFO neutron.db.ovn_revision_numbers_db [None req-2f697d00-92f5-4afd-8c15-ddd6e90c22fa d820dc69025e459489f1f963b7dcb981 6a2907b7dded4e32bb1f33dd1010ea75 - - default default] Successfully bumped revision number for resource 9f9fa8a1-474c-4075-a1f4-f8f95b02a683 (type: ports) to 1
2026-07-16 01:33:10.405 10 INFO neutron.wsgi [req-64e6e59f-91a7-4914-a4e0-3d1c117a36c4 req-66b0560d-9beb-4951-83ad-281c04bffc27 f2009d61f05c4ebfa692b82a4d8d0e5d bddf8de969774b3bbb48bd698541de3e - - 77a314461d9143cd92d4acfd3cd81ae8 77a314461d9143cd92d4acfd3cd81ae8] 199.204.45.53 "GET /v2.0/networks?id=ef6679e1-0471-432b-987e-ed2e7543004e HTTP/1.1" status: 200 len: 976 time: 0.1218007
2026-07-16 01:33:10.443 10 WARNING neutron.scheduler.dhcp_agent_scheduler [None req-2f697d00-92f5-4afd-8c15-ddd6e90c22fa d820dc69025e459489f1f963b7dcb981 6a2907b7dded4e32bb1f33dd1010ea75 - - default default] No more DHCP agents
2026-07-16 01:33:10.445 10 INFO neutron.wsgi [req-64e6e59f-91a7-4914-a4e0-3d1c117a36c4 req-2c153375-5812-4704-9eb8-44713cc5e383 f2009d61f05c4ebfa692b82a4d8d0e5d bddf8de969774b3bbb48bd698541de3e - - 77a314461d9143cd92d4acfd3cd81ae8 77a314461d9143cd92d4acfd3cd81ae8] 199.204.45.53 "GET /v2.0/floatingips?fixed_ip_address=10.100.0.12&port_id=b054a867-4fe5-46e5-b821-1a67c602f14d HTTP/1.1" status: 200 len: 217 time: 0.0311358
2026-07-16 01:33:10.446 10 WARNING neutron.api.rpc.agentnotifiers.dhcp_rpc_agent_api [None req-2f697d00-92f5-4afd-8c15-ddd6e90c22fa d820dc69025e459489f1f963b7dcb981 6a2907b7dded4e32bb1f33dd1010ea75 - - default default] Unable to schedule network 659a8062-2203-455b-b856-27ed08085b22: no agents available; will retry on subsequent port and subnet creation events.
2026-07-16 01:33:10.500 10 INFO neutron.wsgi [req-64e6e59f-91a7-4914-a4e0-3d1c117a36c4 req-864f314a-0b23-4460-b24a-2d0b3e76a537 f2009d61f05c4ebfa692b82a4d8d0e5d bddf8de969774b3bbb48bd698541de3e - - 77a314461d9143cd92d4acfd3cd81ae8 77a314461d9143cd92d4acfd3cd81ae8] 199.204.45.53 "GET /v2.0/subnets?id=9195ade2-16a2-455f-bd0a-32ccaa0bf634 HTTP/1.1" status: 200 len: 871 time: 0.0451858
2026-07-16 01:33:10.542 10 INFO neutron.wsgi [req-64e6e59f-91a7-4914-a4e0-3d1c117a36c4 req-8b0c8ba1-3e2b-4abe-b912-502f4538a591 f2009d61f05c4ebfa692b82a4d8d0e5d bddf8de969774b3bbb48bd698541de3e - - 77a314461d9143cd92d4acfd3cd81ae8 77a314461d9143cd92d4acfd3cd81ae8] 199.204.45.53 "GET /v2.0/ports?network_id=ef6679e1-0471-432b-987e-ed2e7543004e&device_owner=network%3Adhcp HTTP/1.1" status: 200 len: 210 time: 0.0253596
2026-07-16 01:33:10.565 9 INFO neutron.db.ovn_revision_numbers_db [None req-c6a8bd3b-6893-4dab-a8ff-87e9b23a9973 - - - - - -] Successfully bumped revision number for resource d51d0aea-504c-41f8-b42c-4dcdabea4375 (type: router_ports) to 4
2026-07-16 01:33:10.615 10 INFO neutron.wsgi [req-64e6e59f-91a7-4914-a4e0-3d1c117a36c4 req-957499da-bcfb-4059-84e4-412900b559de f2009d61f05c4ebfa692b82a4d8d0e5d bddf8de969774b3bbb48bd698541de3e - - 77a314461d9143cd92d4acfd3cd81ae8 77a314461d9143cd92d4acfd3cd81ae8] 199.204.45.53 "GET /v2.0/networks/ef6679e1-0471-432b-987e-ed2e7543004e?fields=segments HTTP/1.1" status: 200 len: 212 time: 0.0619245
2026-07-16 01:33:10.718 10 INFO neutron.wsgi [req-64e6e59f-91a7-4914-a4e0-3d1c117a36c4 req-d930d63b-4982-4d99-b77e-f9702cbdb367 f2009d61f05c4ebfa692b82a4d8d0e5d bddf8de969774b3bbb48bd698541de3e - - 77a314461d9143cd92d4acfd3cd81ae8 77a314461d9143cd92d4acfd3cd81ae8] 199.204.45.53 "GET /v2.0/networks/ef6679e1-0471-432b-987e-ed2e7543004e?fields=provider%3Aphysical_network&fields=provider%3Anetwork_type HTTP/1.1" status: 200 len: 277 time: 0.0934234
2026-07-16 01:33:10.803 9 INFO neutron.db.ovn_revision_numbers_db [req-89e5b35a-9af6-410f-bc97-aef7a054837b req-3119f52b-f105-4d50-8a36-c4f5513cfba0 cc8bba5644e649c897b989b7670b34ec bdfc825a00914f74af27ef50bc2da99f - - default default] Successfully bumped revision number for resource b533ddf6-e39e-45b1-9128-f01f73bb162c (type: ports) to 5
2026-07-16 01:33:10.815 9 INFO neutron.wsgi [req-89e5b35a-9af6-410f-bc97-aef7a054837b req-3119f52b-f105-4d50-8a36-c4f5513cfba0 cc8bba5644e649c897b989b7670b34ec bdfc825a00914f74af27ef50bc2da99f - - default default] 199.204.45.53 "PUT /v2.0/ports/b533ddf6-e39e-45b1-9128-f01f73bb162c HTTP/1.1" status: 200 len: 1345 time: 0.5722458 /var/lib/openstack/lib/python3.10/site-packages/pycadf/identifier.py:71: UserWarning: Invalid uuid: neutron. To ensure interoperability, identifiers should be a valid uuid. warnings.warn(('Invalid uuid: %s. To ensure interoperability, '
2026-07-16 01:33:10.853 9 INFO neutron.notifiers.nova [-] Nova event matching ['req-57a12a73-b9ce-46e1-9350-3d8314a8a1f5'] response: {'name': 'network-changed', 'server_uuid': '739df107-771d-408e-a610-6f34c465c649', 'tag': 'b533ddf6-e39e-45b1-9128-f01f73bb162c', 'status': 'completed', 'code': 200}
2026-07-16 01:33:10.880 9 INFO neutron.wsgi [req-89e5b35a-9af6-410f-bc97-aef7a054837b req-dfa4d9dc-908f-4296-bad5-6e427ed17ea6 f2009d61f05c4ebfa692b82a4d8d0e5d bddf8de969774b3bbb48bd698541de3e - - 77a314461d9143cd92d4acfd3cd81ae8 77a314461d9143cd92d4acfd3cd81ae8] 199.204.45.53 "GET /v2.0/ports?tenant_id=bdfc825a00914f74af27ef50bc2da99f&device_id=739df107-771d-408e-a610-6f34c465c649 HTTP/1.1" status: 200 len: 1586 time: 0.0418577
2026-07-16 01:33:10.961 9 INFO neutron.wsgi [req-06919d51-5edd-4aa7-b8e5-3a5601054fdd req-7727d169-d1f7-472d-9e69-ada643c066a7 7788e45de2264d52b8b313b519af0c6f 7e4d75a351c34f75971d347ca0412cb4 - - default default] 10.0.0.253 "GET /v2.0/ports?device_id=da19b8d7-81b8-4bb1-a4a4-773d2d761575 HTTP/1.1" status: 200 len: 1172 time: 0.0364554
2026-07-16 01:33:10.963 9 INFO neutron.wsgi [req-89e5b35a-9af6-410f-bc97-aef7a054837b req-86951514-fc8c-4981-8c2c-f8bdf376f402 f2009d61f05c4ebfa692b82a4d8d0e5d bddf8de969774b3bbb48bd698541de3e - - 77a314461d9143cd92d4acfd3cd81ae8 77a314461d9143cd92d4acfd3cd81ae8] 199.204.45.53 "GET /v2.0/networks?id=bec5bd83-da86-4b05-a12e-164e469e9bb3 HTTP/1.1" status: 200 len: 981 time: 0.0743556
2026-07-16 01:33:11.148 9 INFO neutron.wsgi [req-89e5b35a-9af6-410f-bc97-aef7a054837b req-f1d32092-b522-49e2-855a-e85daa3ee3da f2009d61f05c4ebfa692b82a4d8d0e5d bddf8de969774b3bbb48bd698541de3e - - 77a314461d9143cd92d4acfd3cd81ae8 77a314461d9143cd92d4acfd3cd81ae8] 199.204.45.53 "GET /v2.0/floatingips?fixed_ip_address=10.100.0.4&port_id=b533ddf6-e39e-45b1-9128-f01f73bb162c HTTP/1.1" status: 200 len: 217 time: 0.1724951
2026-07-16 01:33:11.174 9 INFO neutron.wsgi [req-06919d51-5edd-4aa7-b8e5-3a5601054fdd req-12e32064-beed-4ee3-8bbd-419e55e2a111 7788e45de2264d52b8b313b519af0c6f 7e4d75a351c34f75971d347ca0412cb4 - - default default] 10.0.0.253 "GET /v2.0/security-groups?id=9c35b3be-73e1-43ff-a46d-6c687a892fe7&fields=id&fields=name HTTP/1.1" status: 200 len: 286 time: 0.2051418
2026-07-16 01:33:11.205 10 INFO neutron.db.ovn_revision_numbers_db [None req-2f697d00-92f5-4afd-8c15-ddd6e90c22fa d820dc69025e459489f1f963b7dcb981 6a2907b7dded4e32bb1f33dd1010ea75 - - default default] Successfully bumped revision number for resource 9f9fa8a1-474c-4075-a1f4-f8f95b02a683 (type: router_ports) to 1
2026-07-16 01:33:11.208 10 INFO neutron.wsgi [None req-2f697d00-92f5-4afd-8c15-ddd6e90c22fa d820dc69025e459489f1f963b7dcb981 6a2907b7dded4e32bb1f33dd1010ea75 - - default default] 10.0.0.125 "PUT /v2.0/routers/d2540053-fd3c-4fe9-9b17-f2676a64ef29/add_router_interface HTTP/1.1" status: 200 len: 503 time: 2.6025779
2026-07-16 01:33:11.210 9 INFO neutron.wsgi [req-89e5b35a-9af6-410f-bc97-aef7a054837b req-d2a87f41-9d54-4b2d-a2ff-ff0b53d8e5de f2009d61f05c4ebfa692b82a4d8d0e5d bddf8de969774b3bbb48bd698541de3e - - 77a314461d9143cd92d4acfd3cd81ae8 77a314461d9143cd92d4acfd3cd81ae8] 199.204.45.53 "GET /v2.0/floatingips?fixed_ip_address=10.100.0.6&port_id=b533ddf6-e39e-45b1-9128-f01f73bb162c HTTP/1.1" status: 200 len: 1059 time: 0.0509434
2026-07-16 01:33:11.261 9 INFO neutron.wsgi [req-89e5b35a-9af6-410f-bc97-aef7a054837b req-ba208983-b05e-4774-900f-d6d7acc53597 f2009d61f05c4ebfa692b82a4d8d0e5d bddf8de969774b3bbb48bd698541de3e - - 77a314461d9143cd92d4acfd3cd81ae8 77a314461d9143cd92d4acfd3cd81ae8] 199.204.45.53 "GET /v2.0/subnets?id=6f73473a-fe3b-4c93-9094-b75246efd9ca HTTP/1.1" status: 200 len: 876 time: 0.0391724
2026-07-16 01:33:11.293 9 INFO neutron.wsgi [req-89e5b35a-9af6-410f-bc97-aef7a054837b req-3758d4e6-87e3-4f90-85c9-f7bb14d994ed f2009d61f05c4ebfa692b82a4d8d0e5d bddf8de969774b3bbb48bd698541de3e - - 77a314461d9143cd92d4acfd3cd81ae8 77a314461d9143cd92d4acfd3cd81ae8] 199.204.45.53 "GET /v2.0/ports?network_id=bec5bd83-da86-4b05-a12e-164e469e9bb3&device_owner=network%3Adhcp HTTP/1.1" status: 200 len: 210 time: 0.0238833
2026-07-16 01:33:11.353 9 INFO neutron.wsgi [req-89e5b35a-9af6-410f-bc97-aef7a054837b req-357b8a17-90da-4b27-8aec-b69a271318e9 f2009d61f05c4ebfa692b82a4d8d0e5d bddf8de969774b3bbb48bd698541de3e - - 77a314461d9143cd92d4acfd3cd81ae8 77a314461d9143cd92d4acfd3cd81ae8] 199.204.45.53 "GET /v2.0/networks/bec5bd83-da86-4b05-a12e-164e469e9bb3?fields=segments HTTP/1.1" status: 200 len: 212 time: 0.0537829
2026-07-16 01:33:11.413 9 INFO neutron.wsgi [req-89e5b35a-9af6-410f-bc97-aef7a054837b req-e647be7c-4df3-4bb8-94a0-4141d63ccc47 f2009d61f05c4ebfa692b82a4d8d0e5d bddf8de969774b3bbb48bd698541de3e - - 77a314461d9143cd92d4acfd3cd81ae8 77a314461d9143cd92d4acfd3cd81ae8] 199.204.45.53 "GET /v2.0/networks/bec5bd83-da86-4b05-a12e-164e469e9bb3?fields=provider%3Aphysical_network&fields=provider%3Anetwork_type HTTP/1.1" status: 200 len: 277 time: 0.0485673
2026-07-16 01:33:11.495 10 WARNING neutron.plugins.ml2.drivers.ovn.mech_driver.ovsdb.ovn_client [None req-06b30248-a1f7-4ba9-98df-5168947f8074 - - - - - -] No hosting information found for port 0daa3b95-9e52-4939-b715-cb5aba723f65: RuntimeError: No hosting information found for port 0daa3b95-9e52-4939-b715-cb5aba723f65
2026-07-16 01:33:11.496 10 INFO neutron.plugins.ml2.drivers.ovn.mech_driver.mech_driver [None req-06b30248-a1f7-4ba9-98df-5168947f8074 - - - - - -] OVN reports status up for port: d51d0aea-504c-41f8-b42c-4dcdabea4375
2026-07-16 01:33:11.510 10 INFO neutron.plugins.ml2.plugin [None req-06b30248-a1f7-4ba9-98df-5168947f8074 - - - - - -] Attempt 1 to provision port d51d0aea-504c-41f8-b42c-4dcdabea4375
2026-07-16 01:33:11.543 9 INFO neutron.wsgi [req-e1628fb7-d552-410c-b8bb-3b46531f1c37 req-95f33195-7f34-4393-8f1a-a915b8cb5627 f2009d61f05c4ebfa692b82a4d8d0e5d bddf8de969774b3bbb48bd698541de3e - - 77a314461d9143cd92d4acfd3cd81ae8 77a314461d9143cd92d4acfd3cd81ae8] 199.204.45.53 "GET /v2.0/ports?tenant_id=bdfc825a00914f74af27ef50bc2da99f&device_id=739df107-771d-408e-a610-6f34c465c649 HTTP/1.1" status: 200 len: 1586 time: 0.0450270
2026-07-16 01:33:11.589 10 INFO neutron.plugins.ml2.drivers.ovn.mech_driver.mech_driver [None req-06b30248-a1f7-4ba9-98df-5168947f8074 - - - - - -] OVN reports status up for port: 9f9fa8a1-474c-4075-a1f4-f8f95b02a683
2026-07-16 01:33:11.596 10 INFO neutron.plugins.ml2.plugin [None req-06b30248-a1f7-4ba9-98df-5168947f8074 - - - - - -] Attempt 1 to provision port 9f9fa8a1-474c-4075-a1f4-f8f95b02a683
2026-07-16 01:33:11.646 9 INFO neutron.wsgi [req-e1628fb7-d552-410c-b8bb-3b46531f1c37 req-c854bd9b-81fb-40fb-a730-f5d1c188d671 f2009d61f05c4ebfa692b82a4d8d0e5d bddf8de969774b3bbb48bd698541de3e - - 77a314461d9143cd92d4acfd3cd81ae8 77a314461d9143cd92d4acfd3cd81ae8] 199.204.45.53 "GET /v2.0/networks?id=bec5bd83-da86-4b05-a12e-164e469e9bb3 HTTP/1.1" status: 200 len: 981 time: 0.0934863
2026-07-16 01:33:11.677 9 INFO neutron.wsgi [req-e1628fb7-d552-410c-b8bb-3b46531f1c37 req-c1468e51-7a88-4833-8f50-aea28b603967 f2009d61f05c4ebfa692b82a4d8d0e5d bddf8de969774b3bbb48bd698541de3e - - 77a314461d9143cd92d4acfd3cd81ae8 77a314461d9143cd92d4acfd3cd81ae8] 199.204.45.53 "GET /v2.0/floatingips?fixed_ip_address=10.100.0.4&port_id=b533ddf6-e39e-45b1-9128-f01f73bb162c HTTP/1.1" status: 200 len: 217 time: 0.0292556
