2026-07-16 01:32:37.521 10 INFO neutron.db.ovn_revision_numbers_db [None req-79b89c6c-096b-4572-a749-d88a3a749de0 d820dc69025e459489f1f963b7dcb981 6a2907b7dded4e32bb1f33dd1010ea75 - - default default] Successfully bumped revision number for resource ade50ac5-ff86-46d9-be26-980128e80620 (type: security_group_rules) to 0
2026-07-16 01:32:37.530 10 INFO neutron.db.ovn_revision_numbers_db [None req-ea385f84-a532-4e41-b742-17588f75b213 d820dc69025e459489f1f963b7dcb981 6a2907b7dded4e32bb1f33dd1010ea75 - - default default] Successfully bumped revision number for resource 77d56573-af5b-4bb5-9331-079f1264031d (type: router_ports) to 1
2026-07-16 01:32:37.541 10 INFO neutron.db.ovn_revision_numbers_db [None req-79b89c6c-096b-4572-a749-d88a3a749de0 d820dc69025e459489f1f963b7dcb981 6a2907b7dded4e32bb1f33dd1010ea75 - - default default] Successfully bumped revision number for resource d2c887c1-7c74-4f41-a89c-87da93829b1c (type: security_group_rules) to 0
2026-07-16 01:32:37.619 9 INFO neutron.db.ovn_revision_numbers_db [None req-6f908592-6cd3-4df5-89ff-5bf323fea8e5 d820dc69025e459489f1f963b7dcb981 6a2907b7dded4e32bb1f33dd1010ea75 - - default default] Successfully bumped revision number for resource 08c7dc53-af5c-49fd-8b6f-32d96aeeb73d (type: ports) to 1
2026-07-16 01:32:37.625 10 INFO neutron.db.ovn_revision_numbers_db [None req-2cedb3c7-3902-4764-b49f-a2548b67fd66 - - - - - -] Successfully bumped revision number for resource d97d1ee7-d61b-4bfa-94df-c059c73624e6 (type: ports) to 4
2026-07-16 01:32:37.667 9 INFO neutron.wsgi [None req-3b77120d-fa34-4918-bc95-ac1c3bd6b4ad d820dc69025e459489f1f963b7dcb981 6a2907b7dded4e32bb1f33dd1010ea75 - - default default] 10.0.0.125 "DELETE /v2.0/security-groups/1549f9f2-ab78-4ed2-ae40-507da0ed1707 HTTP/1.1" status: 204 len: 168 time: 0.3710017
2026-07-16 01:32:37.678 9 WARNING neutron.scheduler.dhcp_agent_scheduler [None req-6f908592-6cd3-4df5-89ff-5bf323fea8e5 d820dc69025e459489f1f963b7dcb981 6a2907b7dded4e32bb1f33dd1010ea75 - - default default] No more DHCP agents
2026-07-16 01:32:37.679 9 WARNING neutron.api.rpc.agentnotifiers.dhcp_rpc_agent_api [None req-6f908592-6cd3-4df5-89ff-5bf323fea8e5 d820dc69025e459489f1f963b7dcb981 6a2907b7dded4e32bb1f33dd1010ea75 - - default default] Unable to schedule network 4fc85cca-4d1f-48b3-9494-b943e0d91f55: no agents available; will retry on subsequent port and subnet creation events.
2026-07-16 01:32:37.688 10 INFO neutron.db.segments_db [None req-79b89c6c-096b-4572-a749-d88a3a749de0 d820dc69025e459489f1f963b7dcb981 6a2907b7dded4e32bb1f33dd1010ea75 - - default default] Added segment facb2d08-148f-4042-8d12-148374cfc928 of type geneve for network 25d3131c-6d6a-42db-99b1-0d93e13b745e
2026-07-16 01:32:37.844 10 INFO neutron.db.ovn_revision_numbers_db [None req-ea385f84-a532-4e41-b742-17588f75b213 d820dc69025e459489f1f963b7dcb981 6a2907b7dded4e32bb1f33dd1010ea75 - - default default] Successfully bumped revision number for resource 77d56573-af5b-4bb5-9331-079f1264031d (type: ports) to 1
2026-07-16 01:32:37.923 9 INFO neutron.db.ovn_revision_numbers_db [None req-2e474433-389f-4c26-8c3e-16bf68dbe742 d820dc69025e459489f1f963b7dcb981 6a2907b7dded4e32bb1f33dd1010ea75 - - default default] Successfully bumped revision number for resource 830606a3-630b-4c5a-ad52-4b401ae1853f (type: security_groups) to 1
2026-07-16 01:32:37.947 9 INFO neutron.db.ovn_revision_numbers_db [None req-2e474433-389f-4c26-8c3e-16bf68dbe742 d820dc69025e459489f1f963b7dcb981 6a2907b7dded4e32bb1f33dd1010ea75 - - default default] Successfully bumped revision number for resource 0e12347f-105c-475b-9f39-b96b2b6ae4b0 (type: security_group_rules) to 0
2026-07-16 01:32:37.971 9 INFO neutron.db.ovn_revision_numbers_db [None req-2e474433-389f-4c26-8c3e-16bf68dbe742 d820dc69025e459489f1f963b7dcb981 6a2907b7dded4e32bb1f33dd1010ea75 - - default default] Successfully bumped revision number for resource 1423e9b1-b475-4669-997c-1ee519e91ecb (type: security_group_rules) to 0
2026-07-16 01:32:37.977 10 INFO neutron.db.ovn_revision_numbers_db [None req-79b89c6c-096b-4572-a749-d88a3a749de0 d820dc69025e459489f1f963b7dcb981 6a2907b7dded4e32bb1f33dd1010ea75 - - default default] Successfully bumped revision number for resource 25d3131c-6d6a-42db-99b1-0d93e13b745e (type: networks) to 1
2026-07-16 01:32:38.003 9 INFO neutron.db.ovn_revision_numbers_db [None req-2e474433-389f-4c26-8c3e-16bf68dbe742 d820dc69025e459489f1f963b7dcb981 6a2907b7dded4e32bb1f33dd1010ea75 - - default default] Successfully bumped revision number for resource 161d8134-5c4f-4329-abba-896a72896da5 (type: security_group_rules) to 0
2026-07-16 01:32:38.015 10 WARNING neutron.scheduler.dhcp_agent_scheduler [None req-ea385f84-a532-4e41-b742-17588f75b213 d820dc69025e459489f1f963b7dcb981 6a2907b7dded4e32bb1f33dd1010ea75 - - default default] No more DHCP agents
2026-07-16 01:32:38.017 9 INFO neutron.db.ovn_revision_numbers_db [None req-2e474433-389f-4c26-8c3e-16bf68dbe742 d820dc69025e459489f1f963b7dcb981 6a2907b7dded4e32bb1f33dd1010ea75 - - default default] Successfully bumped revision number for resource c56aa420-1789-4762-bb4d-42232a282ced (type: security_group_rules) to 0
2026-07-16 01:32:38.018 10 WARNING neutron.api.rpc.agentnotifiers.dhcp_rpc_agent_api [None req-ea385f84-a532-4e41-b742-17588f75b213 d820dc69025e459489f1f963b7dcb981 6a2907b7dded4e32bb1f33dd1010ea75 - - default default] Unable to schedule network bec5bd83-da86-4b05-a12e-164e469e9bb3: no agents available; will retry on subsequent port and subnet creation events.
2026-07-16 01:32:38.052 9 INFO neutron.wsgi [None req-2e474433-389f-4c26-8c3e-16bf68dbe742 d820dc69025e459489f1f963b7dcb981 6a2907b7dded4e32bb1f33dd1010ea75 - - default default] 10.0.0.125 "GET /v2.0/security-groups?tenant_id=f4a13c3ded3d4b12ba46fd5acc733855&name=default HTTP/1.1" status: 200 len: 2992 time: 0.2754624
2026-07-16 01:32:38.105 10 INFO neutron.db.ovn_revision_numbers_db [None req-2cedb3c7-3902-4764-b49f-a2548b67fd66 - - - - - -] Successfully bumped revision number for resource d97d1ee7-d61b-4bfa-94df-c059c73624e6 (type: router_ports) to 4
2026-07-16 01:32:38.155 9 INFO neutron.wsgi [-] 10.0.0.220 "GET / HTTP/1.1" status: 200 len: 247 time: 0.0016863
2026-07-16 01:32:38.156 10 INFO neutron.plugins.ml2.drivers.ovn.mech_driver.ovsdb.ovsdb_monitor [None req-2cedb3c7-3902-4764-b49f-a2548b67fd66 - - - - - -] Router cb5ed914-be79-4807-8a09-341b202da95f is bound to host instance
2026-07-16 01:32:38.157 9 INFO neutron.wsgi [-] 10.0.0.220 "GET / HTTP/1.1" status: 200 len: 247 time: 0.0015087
2026-07-16 01:32:38.255 9 INFO neutron.db.ovn_revision_numbers_db [None req-6f908592-6cd3-4df5-89ff-5bf323fea8e5 d820dc69025e459489f1f963b7dcb981 6a2907b7dded4e32bb1f33dd1010ea75 - - default default] Successfully bumped revision number for resource 08c7dc53-af5c-49fd-8b6f-32d96aeeb73d (type: router_ports) to 1
2026-07-16 01:32:38.260 9 INFO neutron.wsgi [None req-6f908592-6cd3-4df5-89ff-5bf323fea8e5 d820dc69025e459489f1f963b7dcb981 6a2907b7dded4e32bb1f33dd1010ea75 - - default default] 10.0.0.125 "PUT /v2.0/routers/cb5ed914-be79-4807-8a09-341b202da95f/add_router_interface HTTP/1.1" status: 200 len: 503 time: 1.9667747
2026-07-16 01:32:38.276 10 WARNING neutron.scheduler.dhcp_agent_scheduler [None req-79b89c6c-096b-4572-a749-d88a3a749de0 d820dc69025e459489f1f963b7dcb981 6a2907b7dded4e32bb1f33dd1010ea75 - - default default] No more DHCP agents
2026-07-16 01:32:38.285 10 WARNING neutron.api.rpc.agentnotifiers.dhcp_rpc_agent_api [None req-79b89c6c-096b-4572-a749-d88a3a749de0 d820dc69025e459489f1f963b7dcb981 6a2907b7dded4e32bb1f33dd1010ea75 - - default default] Unable to schedule network 25d3131c-6d6a-42db-99b1-0d93e13b745e: no agents available; will retry on subsequent port and subnet creation events.
2026-07-16 01:32:38.469 10 INFO neutron.plugins.ml2.drivers.ovn.mech_driver.mech_driver [None req-06b30248-a1f7-4ba9-98df-5168947f8074 - - - - - -] OVN reports status up for port: 77d56573-af5b-4bb5-9331-079f1264031d
2026-07-16 01:32:38.499 10 INFO neutron.plugins.ml2.plugin [None req-06b30248-a1f7-4ba9-98df-5168947f8074 - - - - - -] Attempt 1 to provision port 77d56573-af5b-4bb5-9331-079f1264031d
2026-07-16 01:32:38.576 10 INFO neutron.db.ovn_revision_numbers_db [None req-79b89c6c-096b-4572-a749-d88a3a749de0 d820dc69025e459489f1f963b7dcb981 6a2907b7dded4e32bb1f33dd1010ea75 - - default default] Successfully bumped revision number for resource 037d73eb-1e3e-43d3-b080-0b919bac9019 (type: ports) to 1
2026-07-16 01:32:38.635 10 INFO neutron.wsgi [None req-79b89c6c-096b-4572-a749-d88a3a749de0 d820dc69025e459489f1f963b7dcb981 6a2907b7dded4e32bb1f33dd1010ea75 - - default default] 10.0.0.125 "POST /v2.0/networks HTTP/1.1" status: 201 len: 950 time: 1.5319862
2026-07-16 01:32:38.800 9 WARNING neutron.scheduler.dhcp_agent_scheduler [None req-60da4807-a577-49fd-8dcf-9b462fb64e14 d820dc69025e459489f1f963b7dcb981 6a2907b7dded4e32bb1f33dd1010ea75 - - default default] No more DHCP agents
2026-07-16 01:32:38.802 9 WARNING neutron.api.rpc.agentnotifiers.dhcp_rpc_agent_api [None req-60da4807-a577-49fd-8dcf-9b462fb64e14 d820dc69025e459489f1f963b7dcb981 6a2907b7dded4e32bb1f33dd1010ea75 - - default default] Unable to schedule network 25d3131c-6d6a-42db-99b1-0d93e13b745e: no agents available; will retry on subsequent port and subnet creation events.
2026-07-16 01:32:38.846 10 INFO neutron.wsgi [None req-3846e1a8-0d2c-4bda-9c7a-48621e9466ec d820dc69025e459489f1f963b7dcb981 6a2907b7dded4e32bb1f33dd1010ea75 - - default default] 10.0.0.125 "DELETE /v2.0/security-groups/830606a3-630b-4c5a-ad52-4b401ae1853f HTTP/1.1" status: 204 len: 168 time: 0.7859609
2026-07-16 01:32:39.073 10 INFO neutron.db.ovn_revision_numbers_db [None req-06b30248-a1f7-4ba9-98df-5168947f8074 - - - - - -] Successfully bumped revision number for resource 77d56573-af5b-4bb5-9331-079f1264031d (type: ports) to 2
2026-07-16 01:32:39.075 9 INFO neutron.db.ovn_revision_numbers_db [None req-f2184c41-4aa7-4c21-b886-176d242c0528 7a3805bb28254a6c81a2a67947c8a2e1 6ff21e2e17104e408321db8d67912cc5 - - default default] Successfully bumped revision number for resource 82434cfb-2e5b-4f37-b542-c652c5bae051 (type: security_groups) to 1
2026-07-16 01:32:39.089 9 INFO neutron.db.ovn_revision_numbers_db [None req-f2184c41-4aa7-4c21-b886-176d242c0528 7a3805bb28254a6c81a2a67947c8a2e1 6ff21e2e17104e408321db8d67912cc5 - - default default] Successfully bumped revision number for resource 2a223441-ada7-47cb-a42c-d362bca0c31c (type: security_group_rules) to 0
2026-07-16 01:32:39.122 9 INFO neutron.db.ovn_revision_numbers_db [None req-f2184c41-4aa7-4c21-b886-176d242c0528 7a3805bb28254a6c81a2a67947c8a2e1 6ff21e2e17104e408321db8d67912cc5 - - default default] Successfully bumped revision number for resource 7cf2d36e-e70e-420b-a322-977b653cba49 (type: security_group_rules) to 0
2026-07-16 01:32:39.149 9 INFO neutron.wsgi [None req-f2184c41-4aa7-4c21-b886-176d242c0528 7a3805bb28254a6c81a2a67947c8a2e1 6ff21e2e17104e408321db8d67912cc5 - - default default] 10.0.0.125 "POST /v2.0/security-groups HTTP/1.1" status: 201 len: 1795 time: 0.2078788
2026-07-16 01:32:39.245 9 INFO neutron.plugins.ml2.drivers.ovn.mech_driver.mech_driver [None req-6c2ac208-0920-445d-b3fb-a8ba9fc3c2ef - - - - - -] OVN reports status up for port: 08c7dc53-af5c-49fd-8b6f-32d96aeeb73d
2026-07-16 01:32:39.258 9 INFO neutron.plugins.ml2.plugin [None req-6c2ac208-0920-445d-b3fb-a8ba9fc3c2ef - - - - - -] Attempt 1 to provision port 08c7dc53-af5c-49fd-8b6f-32d96aeeb73d
2026-07-16 01:32:39.340 10 INFO neutron.db.ovn_revision_numbers_db [None req-ea385f84-a532-4e41-b742-17588f75b213 d820dc69025e459489f1f963b7dcb981 6a2907b7dded4e32bb1f33dd1010ea75 - - default default] Successfully bumped revision number for resource 77d56573-af5b-4bb5-9331-079f1264031d (type: router_ports) to 1
2026-07-16 01:32:39.342 10 INFO neutron.wsgi [None req-ea385f84-a532-4e41-b742-17588f75b213 d820dc69025e459489f1f963b7dcb981 6a2907b7dded4e32bb1f33dd1010ea75 - - default default] 10.0.0.125 "PUT /v2.0/routers/8bb74cc7-203f-4b79-a88d-6856744e9368/add_router_interface HTTP/1.1" status: 200 len: 503 time: 3.2493987
2026-07-16 01:32:39.398 10 INFO neutron.db.ovn_revision_numbers_db [None req-2cedb3c7-3902-4764-b49f-a2548b67fd66 - - - - - -] Successfully bumped revision number for resource df09fbb5-5249-4a42-bd74-8edea18e2303 (type: ports) to 1
2026-07-16 01:32:39.401 10 INFO neutron.db.ovn_revision_numbers_db [None req-06b30248-a1f7-4ba9-98df-5168947f8074 - - - - - -] Successfully bumped revision number for resource 77d56573-af5b-4bb5-9331-079f1264031d (type: router_ports) to 2
2026-07-16 01:32:39.485 9 INFO neutron.db.ovn_revision_numbers_db [None req-60da4807-a577-49fd-8dcf-9b462fb64e14 d820dc69025e459489f1f963b7dcb981 6a2907b7dded4e32bb1f33dd1010ea75 - - default default] Successfully bumped revision number for resource 037d73eb-1e3e-43d3-b080-0b919bac9019 (type: ports) to 2
2026-07-16 01:32:39.492 10 INFO neutron.db.ovn_revision_numbers_db [None req-75f497f9-2219-476d-a33c-d9cb3b6399eb 7a3805bb28254a6c81a2a67947c8a2e1 6ff21e2e17104e408321db8d67912cc5 - - default default] Successfully bumped revision number for resource 04ef9331-90bc-41e4-af54-d023c1a5f599 (type: security_group_rules) to 0
2026-07-16 01:32:39.553 9 INFO neutron.db.ovn_revision_numbers_db [None req-60da4807-a577-49fd-8dcf-9b462fb64e14 d820dc69025e459489f1f963b7dcb981 6a2907b7dded4e32bb1f33dd1010ea75 - - default default] Successfully bumped revision number for resource e8f00605-ba52-4c0d-abc7-c211f8e9da8b (type: subnets) to 0
2026-07-16 01:32:39.562 10 INFO neutron.wsgi [None req-75f497f9-2219-476d-a33c-d9cb3b6399eb 7a3805bb28254a6c81a2a67947c8a2e1 6ff21e2e17104e408321db8d67912cc5 - - default default] 10.0.0.125 "POST /v2.0/security-group-rules HTTP/1.1" status: 201 len: 764 time: 0.4071612
2026-07-16 01:32:39.571 9 INFO neutron.wsgi [None req-60da4807-a577-49fd-8dcf-9b462fb64e14 d820dc69025e459489f1f963b7dcb981 6a2907b7dded4e32bb1f33dd1010ea75 - - default default] 10.0.0.125 "POST /v2.0/subnets HTTP/1.1" status: 201 len: 870 time: 0.9305451
2026-07-16 01:32:39.735 9 INFO neutron.db.ovn_revision_numbers_db [None req-6c2ac208-0920-445d-b3fb-a8ba9fc3c2ef - - - - - -] Successfully bumped revision number for resource 08c7dc53-af5c-49fd-8b6f-32d96aeeb73d (type: ports) to 2
2026-07-16 01:32:39.766 9 INFO neutron.db.ovn_revision_numbers_db [None req-758c25bd-44a8-4a46-87ab-d1b767ece592 7a3805bb28254a6c81a2a67947c8a2e1 6ff21e2e17104e408321db8d67912cc5 - - default default] Successfully bumped revision number for resource 00232b4b-7e23-4783-88c8-26b2f0863a3d (type: security_group_rules) to 0
2026-07-16 01:32:39.803 9 INFO neutron.wsgi [None req-758c25bd-44a8-4a46-87ab-d1b767ece592 7a3805bb28254a6c81a2a67947c8a2e1 6ff21e2e17104e408321db8d67912cc5 - - default default] 10.0.0.125 "POST /v2.0/security-group-rules HTTP/1.1" status: 201 len: 769 time: 0.2364717
2026-07-16 01:32:39.876 10 INFO neutron.db.ovn_revision_numbers_db [None req-2cedb3c7-3902-4764-b49f-a2548b67fd66 - - - - - -] Successfully bumped revision number for resource df09fbb5-5249-4a42-bd74-8edea18e2303 (type: router_ports) to 3
2026-07-16 01:32:39.924 9 INFO neutron.db.ovn_revision_numbers_db [None req-6c2ac208-0920-445d-b3fb-a8ba9fc3c2ef - - - - - -] Successfully bumped revision number for resource 08c7dc53-af5c-49fd-8b6f-32d96aeeb73d (type: router_ports) to 2
2026-07-16 01:32:40.052 10 INFO neutron.db.ovn_revision_numbers_db [None req-2cedb3c7-3902-4764-b49f-a2548b67fd66 - - - - - -] Successfully bumped revision number for resource df09fbb5-5249-4a42-bd74-8edea18e2303 (type: ports) to 2
2026-07-16 01:32:40.109 9 WARNING neutron.scheduler.dhcp_agent_scheduler [None req-8caf30a8-6b91-42a3-b281-1fb481d2aded 7a3805bb28254a6c81a2a67947c8a2e1 6ff21e2e17104e408321db8d67912cc5 - - default default] No more DHCP agents
2026-07-16 01:32:40.113 9 WARNING neutron.api.rpc.agentnotifiers.dhcp_rpc_agent_api [None req-8caf30a8-6b91-42a3-b281-1fb481d2aded 7a3805bb28254a6c81a2a67947c8a2e1 6ff21e2e17104e408321db8d67912cc5 - - default default] Unable to schedule network 41e2105a-107e-4de7-ab90-5ea035ee11ee: no agents available; will retry on subsequent port and subnet creation events.
2026-07-16 01:32:40.125 10 WARNING neutron.scheduler.dhcp_agent_scheduler [None req-0b387846-b68d-434b-8fac-d7c8f7719235 d820dc69025e459489f1f963b7dcb981 6a2907b7dded4e32bb1f33dd1010ea75 - - default default] No more DHCP agents
2026-07-16 01:32:40.129 10 WARNING neutron.api.rpc.agentnotifiers.dhcp_rpc_agent_api [None req-0b387846-b68d-434b-8fac-d7c8f7719235 d820dc69025e459489f1f963b7dcb981 6a2907b7dded4e32bb1f33dd1010ea75 - - default default] Unable to schedule network 41e2105a-107e-4de7-ab90-5ea035ee11ee: no agents available; will retry on subsequent port and subnet creation events.
2026-07-16 01:32:40.235 9 INFO neutron.db.ovn_revision_numbers_db [None req-d4e00df4-6536-476a-aa96-e11e374327c3 cc8bba5644e649c897b989b7670b34ec bdfc825a00914f74af27ef50bc2da99f - - default default] Successfully bumped revision number for resource aab103b5-d419-451c-aab8-e9adfe57b4f9 (type: security_groups) to 1
2026-07-16 01:32:40.249 9 INFO neutron.db.ovn_revision_numbers_db [None req-d4e00df4-6536-476a-aa96-e11e374327c3 cc8bba5644e649c897b989b7670b34ec bdfc825a00914f74af27ef50bc2da99f - - default default] Successfully bumped revision number for resource 32802df3-5c61-4aeb-80a3-288979fca15c (type: security_group_rules) to 0
2026-07-16 01:32:40.267 9 INFO neutron.db.ovn_revision_numbers_db [None req-d4e00df4-6536-476a-aa96-e11e374327c3 cc8bba5644e649c897b989b7670b34ec bdfc825a00914f74af27ef50bc2da99f - - default default] Successfully bumped revision number for resource e10cd0fe-f483-450d-83f5-893e742eebe8 (type: security_group_rules) to 0
2026-07-16 01:32:40.290 9 INFO neutron.wsgi [None req-d4e00df4-6536-476a-aa96-e11e374327c3 cc8bba5644e649c897b989b7670b34ec bdfc825a00914f74af27ef50bc2da99f - - default default] 10.0.0.125 "POST /v2.0/security-groups HTTP/1.1" status: 201 len: 1796 time: 0.2193546
2026-07-16 01:32:40.397 10 INFO neutron.db.ovn_revision_numbers_db [None req-0b387846-b68d-434b-8fac-d7c8f7719235 d820dc69025e459489f1f963b7dcb981 6a2907b7dded4e32bb1f33dd1010ea75 - - default default] Successfully bumped revision number for resource 82339612-2ea8-4a9c-b901-1193ca62b0e4 (type: ports) to 1
2026-07-16 01:32:40.426 9 INFO neutron.db.ovn_revision_numbers_db [None req-8caf30a8-6b91-42a3-b281-1fb481d2aded 7a3805bb28254a6c81a2a67947c8a2e1 6ff21e2e17104e408321db8d67912cc5 - - default default] Successfully bumped revision number for resource 7f0b246c-0df3-42db-80be-bdbcf93cb406 (type: floatingips) to 0
2026-07-16 01:32:40.440 9 INFO neutron.wsgi [None req-8caf30a8-6b91-42a3-b281-1fb481d2aded 7a3805bb28254a6c81a2a67947c8a2e1 6ff21e2e17104e408321db8d67912cc5 - - default default] 10.0.0.125 "POST /v2.0/floatingips HTTP/1.1" status: 201 len: 751 time: 0.6307952
2026-07-16 01:32:40.449 9 INFO neutron.db.ovn_revision_numbers_db [None req-c877f8d2-9fb7-4507-9785-e703704ca499 cc8bba5644e649c897b989b7670b34ec bdfc825a00914f74af27ef50bc2da99f - - default default] Successfully bumped revision number for resource 734302a4-1caf-40bf-ac18-d46591876d71 (type: security_group_rules) to 0
2026-07-16 01:32:40.471 10 INFO neutron.db.ovn_revision_numbers_db [None req-2cedb3c7-3902-4764-b49f-a2548b67fd66 - - - - - -] Successfully bumped revision number for resource df09fbb5-5249-4a42-bd74-8edea18e2303 (type: ports) to 4
2026-07-16 01:32:40.474 9 INFO neutron.wsgi [None req-c877f8d2-9fb7-4507-9785-e703704ca499 cc8bba5644e649c897b989b7670b34ec bdfc825a00914f74af27ef50bc2da99f - - default default] 10.0.0.125 "POST /v2.0/security-group-rules HTTP/1.1" status: 201 len: 764 time: 0.1782818
2026-07-16 01:32:40.580 9 INFO neutron.db.ovn_revision_numbers_db [None req-0c7a7321-5212-4ea0-97ab-bbcce16bafd5 cc8bba5644e649c897b989b7670b34ec bdfc825a00914f74af27ef50bc2da99f - - default default] Successfully bumped revision number for resource fe748146-2196-4cb8-9735-10532588f05d (type: security_group_rules) to 0
2026-07-16 01:32:40.607 9 INFO neutron.wsgi [None req-0c7a7321-5212-4ea0-97ab-bbcce16bafd5 cc8bba5644e649c897b989b7670b34ec bdfc825a00914f74af27ef50bc2da99f - - default default] 10.0.0.125 "POST /v2.0/security-group-rules HTTP/1.1" status: 201 len: 769 time: 0.1285081
2026-07-16 01:32:40.815 10 INFO neutron.db.ovn_revision_numbers_db [None req-2cedb3c7-3902-4764-b49f-a2548b67fd66 - - - - - -] Successfully bumped revision number for resource df09fbb5-5249-4a42-bd74-8edea18e2303 (type: router_ports) to 4
2026-07-16 01:32:41.002 9 WARNING neutron.scheduler.dhcp_agent_scheduler [None req-e409ceb7-34bc-4503-a9f7-a24341b9eb40 cc8bba5644e649c897b989b7670b34ec bdfc825a00914f74af27ef50bc2da99f - - default default] No more DHCP agents
2026-07-16 01:32:41.008 9 WARNING neutron.api.rpc.agentnotifiers.dhcp_rpc_agent_api [None req-e409ceb7-34bc-4503-a9f7-a24341b9eb40 cc8bba5644e649c897b989b7670b34ec bdfc825a00914f74af27ef50bc2da99f - - default default] Unable to schedule network 41e2105a-107e-4de7-ab90-5ea035ee11ee: no agents available; will retry on subsequent port and subnet creation events.
2026-07-16 01:32:41.022 10 INFO neutron.plugins.ml2.drivers.ovn.mech_driver.ovsdb.ovsdb_monitor [None req-2cedb3c7-3902-4764-b49f-a2548b67fd66 - - - - - -] Router 0fb10e57-e22c-48be-8686-057709a2050d is bound to host instance
2026-07-16 01:32:41.045 10 INFO neutron.db.ovn_revision_numbers_db [None req-0b387846-b68d-434b-8fac-d7c8f7719235 d820dc69025e459489f1f963b7dcb981 6a2907b7dded4e32bb1f33dd1010ea75 - - default default] Successfully bumped revision number for resource 82339612-2ea8-4a9c-b901-1193ca62b0e4 (type: router_ports) to 1
2026-07-16 01:32:41.214 10 INFO neutron.db.ovn_revision_numbers_db [None req-0b387846-b68d-434b-8fac-d7c8f7719235 d820dc69025e459489f1f963b7dcb981 6a2907b7dded4e32bb1f33dd1010ea75 - - default default] Successfully bumped revision number for resource 0fb10e57-e22c-48be-8686-057709a2050d (type: routers) to 2
2026-07-16 01:32:41.231 10 INFO neutron.wsgi [None req-0b387846-b68d-434b-8fac-d7c8f7719235 d820dc69025e459489f1f963b7dcb981 6a2907b7dded4e32bb1f33dd1010ea75 - - default default] 10.0.0.125 "POST /v2.0/routers HTTP/1.1" status: 201 len: 881 time: 1.6552210
2026-07-16 01:32:41.309 9 INFO neutron.db.ovn_revision_numbers_db [None req-e409ceb7-34bc-4503-a9f7-a24341b9eb40 cc8bba5644e649c897b989b7670b34ec bdfc825a00914f74af27ef50bc2da99f - - default default] Successfully bumped revision number for resource 4a472e2f-d3ba-4a3e-ac33-1e4f82dca464 (type: floatingips) to 0
2026-07-16 01:32:41.339 9 INFO neutron.wsgi [None req-e409ceb7-34bc-4503-a9f7-a24341b9eb40 cc8bba5644e649c897b989b7670b34ec bdfc825a00914f74af27ef50bc2da99f - - default default] 10.0.0.125 "POST /v2.0/floatingips HTTP/1.1" status: 201 len: 751 time: 0.7236338
2026-07-16 01:32:41.615 9 INFO neutron.wsgi [req-6582ac08-bf57-4596-82ba-cd5859e47230 req-233a01d2-6046-40f0-a590-190224704f68 7a3805bb28254a6c81a2a67947c8a2e1 6ff21e2e17104e408321db8d67912cc5 - - default default] 10.0.0.253 "GET /v2.0/security-groups?name=tempest-securitygroup--1134674335&fields=id&tenant_id=6ff21e2e17104e408321db8d67912cc5 HTTP/1.1" status: 200 len: 267 time: 0.0459621
2026-07-16 01:32:41.716 9 INFO neutron.wsgi [req-6582ac08-bf57-4596-82ba-cd5859e47230 req-b91336d5-9dc3-47ed-a050-d3f89f5e1df5 7a3805bb28254a6c81a2a67947c8a2e1 6ff21e2e17104e408321db8d67912cc5 - - default default] 10.0.0.253 "GET /v2.0/networks?id=4fc85cca-4d1f-48b3-9494-b943e0d91f55 HTTP/1.1" status: 200 len: 875 time: 0.0963519
2026-07-16 01:32:41.734 9 INFO neutron.wsgi [req-6582ac08-bf57-4596-82ba-cd5859e47230 req-18f5c26d-6d7d-45c7-a84c-438aa25dfb2e 7a3805bb28254a6c81a2a67947c8a2e1 6ff21e2e17104e408321db8d67912cc5 - - default default] 10.0.0.253 "GET /v2.0/quotas/6ff21e2e17104e408321db8d67912cc5 HTTP/1.1" status: 200 len: 386 time: 0.0127871
2026-07-16 01:32:41.734 10 WARNING neutron.scheduler.dhcp_agent_scheduler [None req-9d47bccf-6b6a-4091-b4b0-dbbb44834084 d820dc69025e459489f1f963b7dcb981 6a2907b7dded4e32bb1f33dd1010ea75 - - default default] No more DHCP agents
2026-07-16 01:32:41.737 10 WARNING neutron.api.rpc.agentnotifiers.dhcp_rpc_agent_api [None req-9d47bccf-6b6a-4091-b4b0-dbbb44834084 d820dc69025e459489f1f963b7dcb981 6a2907b7dded4e32bb1f33dd1010ea75 - - default default] Unable to schedule network 25d3131c-6d6a-42db-99b1-0d93e13b745e: no agents available; will retry on subsequent port and subnet creation events.
2026-07-16 01:32:41.749 10 INFO neutron.db.ovn_revision_numbers_db [None req-2cedb3c7-3902-4764-b49f-a2548b67fd66 - - - - - -] Successfully bumped revision number for resource 82339612-2ea8-4a9c-b901-1193ca62b0e4 (type: ports) to 1
2026-07-16 01:32:41.838 9 INFO neutron.wsgi [req-6582ac08-bf57-4596-82ba-cd5859e47230 req-9ad30278-2586-4fa1-9bc1-8c4962745a3e 7a3805bb28254a6c81a2a67947c8a2e1 6ff21e2e17104e408321db8d67912cc5 - - default default] 10.0.0.253 "GET /v2.0/ports?tenant_id=6ff21e2e17104e408321db8d67912cc5&fields=id HTTP/1.1" status: 200 len: 302 time: 0.0961792
2026-07-16 01:32:41.903 10 INFO neutron.db.ovn_revision_numbers_db [None req-9d47bccf-6b6a-4091-b4b0-dbbb44834084 d820dc69025e459489f1f963b7dcb981 6a2907b7dded4e32bb1f33dd1010ea75 - - default default] Successfully bumped revision number for resource 6b7675c4-3219-4dcc-ba1c-1a70b79fd2fa (type: ports) to 1
2026-07-16 01:32:42.074 10 INFO neutron.db.ovn_revision_numbers_db [None req-2cedb3c7-3902-4764-b49f-a2548b67fd66 - - - - - -] Successfully bumped revision number for resource 82339612-2ea8-4a9c-b901-1193ca62b0e4 (type: router_ports) to 3
2026-07-16 01:32:42.249 9 INFO neutron.wsgi [req-9cb74cb9-76e1-414e-b900-34e83b5370eb req-4cfd1dff-76f4-4977-8d63-ac574ce4cf61 cc8bba5644e649c897b989b7670b34ec bdfc825a00914f74af27ef50bc2da99f - - default default] 10.0.0.253 "GET /v2.0/security-groups?name=tempest-securitygroup--1247225557&fields=id&tenant_id=bdfc825a00914f74af27ef50bc2da99f HTTP/1.1" status: 200 len: 267 time: 0.0709717
2026-07-16 01:32:42.321 10 INFO neutron.db.ovn_revision_numbers_db [None req-2cedb3c7-3902-4764-b49f-a2548b67fd66 - - - - - -] Successfully bumped revision number for resource 82339612-2ea8-4a9c-b901-1193ca62b0e4 (type: ports) to 2
2026-07-16 01:32:42.346 9 INFO neutron.wsgi [req-9cb74cb9-76e1-414e-b900-34e83b5370eb req-90e17c82-a958-48a5-8f24-d2a3c0ab0055 cc8bba5644e649c897b989b7670b34ec bdfc825a00914f74af27ef50bc2da99f - - default default] 10.0.0.253 "GET /v2.0/networks?id=bec5bd83-da86-4b05-a12e-164e469e9bb3 HTTP/1.1" status: 200 len: 882 time: 0.0923145
2026-07-16 01:32:42.363 9 INFO neutron.wsgi [req-9cb74cb9-76e1-414e-b900-34e83b5370eb req-6f87cf1f-32d2-4449-82d1-67c503544ab5 cc8bba5644e649c897b989b7670b34ec bdfc825a00914f74af27ef50bc2da99f - - default default] 10.0.0.253 "GET /v2.0/quotas/bdfc825a00914f74af27ef50bc2da99f HTTP/1.1" status: 200 len: 386 time: 0.0108631
2026-07-16 01:32:42.364 9 WARNING keystonemiddleware.audit [req-6582ac08-bf57-4596-82ba-cd5859e47230 req-9ad30278-2586-4fa1-9bc1-8c4962745a3e 7a3805bb28254a6c81a2a67947c8a2e1 6ff21e2e17104e408321db8d67912cc5 - - default default] Skipping service tempest-service-2137609174 as it have no endpoints.
2026-07-16 01:32:42.368 9 INFO neutron.wsgi [req-6582ac08-bf57-4596-82ba-cd5859e47230 req-9bf18a94-923c-455f-814a-c13959c86607 f2009d61f05c4ebfa692b82a4d8d0e5d bddf8de969774b3bbb48bd698541de3e - - 77a314461d9143cd92d4acfd3cd81ae8 77a314461d9143cd92d4acfd3cd81ae8] 10.0.0.253 "GET /v2.0/extensions HTTP/1.1" status: 200 len: 16525 time: 0.0697951
2026-07-16 01:32:42.380 9 WARNING keystonemiddleware.audit [req-6582ac08-bf57-4596-82ba-cd5859e47230 req-9bf18a94-923c-455f-814a-c13959c86607 f2009d61f05c4ebfa692b82a4d8d0e5d bddf8de969774b3bbb48bd698541de3e - - 77a314461d9143cd92d4acfd3cd81ae8 77a314461d9143cd92d4acfd3cd81ae8] Skipping service tempest-service-2137609174 as it have no endpoints.
2026-07-16 01:32:42.465 9 INFO neutron.wsgi [req-6582ac08-bf57-4596-82ba-cd5859e47230 req-4ac72e57-5050-40b8-b9c9-1d5614c5b374 f2009d61f05c4ebfa692b82a4d8d0e5d bddf8de969774b3bbb48bd698541de3e - - 77a314461d9143cd92d4acfd3cd81ae8 77a314461d9143cd92d4acfd3cd81ae8] 10.0.0.253 "GET /v2.0/networks/4fc85cca-4d1f-48b3-9494-b943e0d91f55?fields=segments HTTP/1.1" status: 200 len: 212 time: 0.0869446
2026-07-16 01:32:42.474 9 WARNING keystonemiddleware.audit [req-6582ac08-bf57-4596-82ba-cd5859e47230 req-4ac72e57-5050-40b8-b9c9-1d5614c5b374 f2009d61f05c4ebfa692b82a4d8d0e5d bddf8de969774b3bbb48bd698541de3e - - 77a314461d9143cd92d4acfd3cd81ae8 77a314461d9143cd92d4acfd3cd81ae8] Skipping service tempest-service-2137609174 as it have no endpoints.
2026-07-16 01:32:42.533 9 INFO neutron.wsgi [req-9cb74cb9-76e1-414e-b900-34e83b5370eb req-0a9bbc0f-b914-4c00-8221-14cc8963ebaa cc8bba5644e649c897b989b7670b34ec bdfc825a00914f74af27ef50bc2da99f - - default default] 10.0.0.253 "GET /v2.0/ports?tenant_id=bdfc825a00914f74af27ef50bc2da99f&fields=id HTTP/1.1" status: 200 len: 302 time: 0.1630342
2026-07-16 01:32:42.537 10 INFO neutron.db.ovn_revision_numbers_db [None req-9d47bccf-6b6a-4091-b4b0-dbbb44834084 d820dc69025e459489f1f963b7dcb981 6a2907b7dded4e32bb1f33dd1010ea75 - - default default] Successfully bumped revision number for resource 6b7675c4-3219-4dcc-ba1c-1a70b79fd2fa (type: router_ports) to 1
2026-07-16 01:32:42.538 9 INFO neutron.wsgi [req-6582ac08-bf57-4596-82ba-cd5859e47230 req-ff490cde-f3b2-4ca8-8409-c15d141ac221 f2009d61f05c4ebfa692b82a4d8d0e5d bddf8de969774b3bbb48bd698541de3e - - 77a314461d9143cd92d4acfd3cd81ae8 77a314461d9143cd92d4acfd3cd81ae8] 10.0.0.253 "GET /v2.0/networks/4fc85cca-4d1f-48b3-9494-b943e0d91f55?fields=provider%3Aphysical_network&fields=provider%3Anetwork_type HTTP/1.1" status: 200 len: 277 time: 0.0667164
2026-07-16 01:32:42.639 10 INFO neutron.db.ovn_revision_numbers_db [None req-2cedb3c7-3902-4764-b49f-a2548b67fd66 - - - - - -] Successfully bumped revision number for resource 82339612-2ea8-4a9c-b901-1193ca62b0e4 (type: ports) to 4
2026-07-16 01:32:42.711 10 INFO neutron.db.ovn_revision_numbers_db [None req-9d47bccf-6b6a-4091-b4b0-dbbb44834084 d820dc69025e459489f1f963b7dcb981 6a2907b7dded4e32bb1f33dd1010ea75 - - default default] Successfully bumped revision number for resource 6b7675c4-3219-4dcc-ba1c-1a70b79fd2fa (type: ports) to 1
2026-07-16 01:32:42.814 10 WARNING neutron.scheduler.dhcp_agent_scheduler [None req-9d47bccf-6b6a-4091-b4b0-dbbb44834084 d820dc69025e459489f1f963b7dcb981 6a2907b7dded4e32bb1f33dd1010ea75 - - default default] No more DHCP agents
2026-07-16 01:32:42.816 10 WARNING neutron.api.rpc.agentnotifiers.dhcp_rpc_agent_api [None req-9d47bccf-6b6a-4091-b4b0-dbbb44834084 d820dc69025e459489f1f963b7dcb981 6a2907b7dded4e32bb1f33dd1010ea75 - - default default] Unable to schedule network 25d3131c-6d6a-42db-99b1-0d93e13b745e: no agents available; will retry on subsequent port and subnet creation events.
2026-07-16 01:32:42.820 9 INFO neutron.wsgi [req-036f36cd-44ad-4ac7-9909-dcc281cad33a req-14ce98dc-2a13-4a7b-94de-2c9f55ad557f 7a3805bb28254a6c81a2a67947c8a2e1 6ff21e2e17104e408321db8d67912cc5 - - default default] 10.0.0.253 "GET /v2.0/ports?device_id=8ac5fc36-15ba-4b18-b76f-151df00679ba HTTP/1.1" status: 200 len: 210 time: 0.0308895
2026-07-16 01:32:42.925 9 WARNING keystonemiddleware.audit [req-9cb74cb9-76e1-414e-b900-34e83b5370eb req-0a9bbc0f-b914-4c00-8221-14cc8963ebaa cc8bba5644e649c897b989b7670b34ec bdfc825a00914f74af27ef50bc2da99f - - default default] Skipping service tempest-service-105573906 as it have no endpoints.
2026-07-16 01:32:42.930 9 INFO neutron.wsgi [req-9cb74cb9-76e1-414e-b900-34e83b5370eb req-51f63a6e-a92a-4061-9447-0f384fed5d34 f2009d61f05c4ebfa692b82a4d8d0e5d bddf8de969774b3bbb48bd698541de3e - - 77a314461d9143cd92d4acfd3cd81ae8 77a314461d9143cd92d4acfd3cd81ae8] 10.0.0.253 "GET /v2.0/extensions HTTP/1.1" status: 200 len: 16525 time: 0.0544734
2026-07-16 01:32:42.940 10 INFO neutron.db.ovn_revision_numbers_db [None req-2cedb3c7-3902-4764-b49f-a2548b67fd66 - - - - - -] Successfully bumped revision number for resource 82339612-2ea8-4a9c-b901-1193ca62b0e4 (type: router_ports) to 4
2026-07-16 01:32:42.941 9 WARNING keystonemiddleware.audit [req-9cb74cb9-76e1-414e-b900-34e83b5370eb req-51f63a6e-a92a-4061-9447-0f384fed5d34 f2009d61f05c4ebfa692b82a4d8d0e5d bddf8de969774b3bbb48bd698541de3e - - 77a314461d9143cd92d4acfd3cd81ae8 77a314461d9143cd92d4acfd3cd81ae8] Skipping service tempest-service-105573906 as it have no endpoints.
2026-07-16 01:32:42.994 9 INFO neutron.wsgi [req-9cb74cb9-76e1-414e-b900-34e83b5370eb req-0464e10d-111d-401e-a65f-51cfa3746bd6 f2009d61f05c4ebfa692b82a4d8d0e5d bddf8de969774b3bbb48bd698541de3e - - 77a314461d9143cd92d4acfd3cd81ae8 77a314461d9143cd92d4acfd3cd81ae8] 10.0.0.253 "GET /v2.0/networks/bec5bd83-da86-4b05-a12e-164e469e9bb3?fields=segments HTTP/1.1" status: 200 len: 212 time: 0.0558298
2026-07-16 01:32:43.005 9 WARNING keystonemiddleware.audit [req-9cb74cb9-76e1-414e-b900-34e83b5370eb req-0464e10d-111d-401e-a65f-51cfa3746bd6 f2009d61f05c4ebfa692b82a4d8d0e5d bddf8de969774b3bbb48bd698541de3e - - 77a314461d9143cd92d4acfd3cd81ae8 77a314461d9143cd92d4acfd3cd81ae8] Skipping service tempest-service-105573906 as it have no endpoints.
2026-07-16 01:32:43.059 9 INFO neutron.wsgi [req-9cb74cb9-76e1-414e-b900-34e83b5370eb req-6a8a9c1d-1d52-49ce-921a-ec194526f4cd f2009d61f05c4ebfa692b82a4d8d0e5d bddf8de969774b3bbb48bd698541de3e - - 77a314461d9143cd92d4acfd3cd81ae8 77a314461d9143cd92d4acfd3cd81ae8] 10.0.0.253 "GET /v2.0/networks/bec5bd83-da86-4b05-a12e-164e469e9bb3?fields=provider%3Aphysical_network&fields=provider%3Anetwork_type HTTP/1.1" status: 200 len: 277 time: 0.0562646
2026-07-16 01:32:43.210 9 INFO neutron.wsgi [req-d4323e0d-650a-4082-9f21-eda61f2d1399 req-48fba961-6cf4-4829-81e2-3cbd98f38be0 cc8bba5644e649c897b989b7670b34ec bdfc825a00914f74af27ef50bc2da99f - - default default] 10.0.0.253 "GET /v2.0/ports?device_id=739df107-771d-408e-a610-6f34c465c649 HTTP/1.1" status: 200 len: 210 time: 0.0226684
2026-07-16 01:32:43.594 10 INFO neutron.db.ovn_revision_numbers_db [None req-9d47bccf-6b6a-4091-b4b0-dbbb44834084 d820dc69025e459489f1f963b7dcb981 6a2907b7dded4e32bb1f33dd1010ea75 - - default default] Successfully bumped revision number for resource 6b7675c4-3219-4dcc-ba1c-1a70b79fd2fa (type: router_ports) to 1
2026-07-16 01:32:43.596 10 INFO neutron.wsgi [None req-9d47bccf-6b6a-4091-b4b0-dbbb44834084 d820dc69025e459489f1f963b7dcb981 6a2907b7dded4e32bb1f33dd1010ea75 - - default default] 10.0.0.125 "PUT /v2.0/routers/0fb10e57-e22c-48be-8686-057709a2050d/add_router_interface HTTP/1.1" status: 200 len: 503 time: 2.3606195
2026-07-16 01:32:43.919 9 INFO neutron.db.ovn_revision_numbers_db [None req-02dd0fdb-2529-40b6-ac5e-c61ef7c555ed d820dc69025e459489f1f963b7dcb981 6a2907b7dded4e32bb1f33dd1010ea75 - - default default] Successfully bumped revision number for resource 2bb67107-a29d-4b82-881c-1952f8d5bd22 (type: security_groups) to 1
2026-07-16 01:32:43.934 9 INFO neutron.db.ovn_revision_numbers_db [None req-02dd0fdb-2529-40b6-ac5e-c61ef7c555ed d820dc69025e459489f1f963b7dcb981 6a2907b7dded4e32bb1f33dd1010ea75 - - default default] Successfully bumped revision number for resource 0aad8e2b-4186-4244-8529-95b0b2696044 (type: security_group_rules) to 0
2026-07-16 01:32:43.950 9 INFO neutron.db.ovn_revision_numbers_db [None req-02dd0fdb-2529-40b6-ac5e-c61ef7c555ed d820dc69025e459489f1f963b7dcb981 6a2907b7dded4e32bb1f33dd1010ea75 - - default default] Successfully bumped revision number for resource 204c7cd2-ab7c-4bb2-adf4-e6afbeb22576 (type: security_group_rules) to 0
2026-07-16 01:32:43.962 9 INFO neutron.db.ovn_revision_numbers_db [None req-02dd0fdb-2529-40b6-ac5e-c61ef7c555ed d820dc69025e459489f1f963b7dcb981 6a2907b7dded4e32bb1f33dd1010ea75 - - default default] Successfully bumped revision number for resource 9c981d8c-f439-4e6f-bd57-74942ea70438 (type: security_group_rules) to 0
2026-07-16 01:32:43.974 9 INFO neutron.db.ovn_revision_numbers_db [None req-02dd0fdb-2529-40b6-ac5e-c61ef7c555ed d820dc69025e459489f1f963b7dcb981 6a2907b7dded4e32bb1f33dd1010ea75 - - default default] Successfully bumped revision number for resource 9cd8f993-3112-4dd6-81bb-de66fbc0695d (type: security_group_rules) to 0
2026-07-16 01:32:43.994 9 INFO neutron.wsgi [None req-02dd0fdb-2529-40b6-ac5e-c61ef7c555ed d820dc69025e459489f1f963b7dcb981 6a2907b7dded4e32bb1f33dd1010ea75 - - default default] 10.0.0.125 "GET /v2.0/security-groups?tenant_id=41dd66cb72484783842aff1b78f79851&name=default HTTP/1.1" status: 200 len: 2996 time: 0.3603072
2026-07-16 01:32:44.120 9 INFO neutron.wsgi [req-09da966a-9a30-45f0-b2ec-5455ed1b4754 req-7d5c23b9-31f6-4d35-b3a8-7b83143ab857 7a3805bb28254a6c81a2a67947c8a2e1 6ff21e2e17104e408321db8d67912cc5 - - default default] 10.0.0.253 "GET /v2.0/ports?device_id=8ac5fc36-15ba-4b18-b76f-151df00679ba HTTP/1.1" status: 200 len: 210 time: 0.0248885
2026-07-16 01:32:44.267 9 INFO neutron.wsgi [None req-d6e2d990-77d0-4644-b211-0a83d5edb3b1 d820dc69025e459489f1f963b7dcb981 6a2907b7dded4e32bb1f33dd1010ea75 - - default default] 10.0.0.125 "DELETE /v2.0/security-groups/2bb67107-a29d-4b82-881c-1952f8d5bd22 HTTP/1.1" status: 204 len: 168 time: 0.2651365
2026-07-16 01:32:44.296 9 INFO neutron.db.ovn_revision_numbers_db [req-32c30b3e-e9b7-4b7c-9aab-af54e3c9f124 req-2b4a096c-a4f9-4d5c-b83b-c679af9f602e 51a9a856dcd940f99dc51972d11a9c24 3df178c925df4a9a9c6f03c745bc7a4e - - default default] Successfully bumped revision number for resource 84b51e47-ce0b-408e-8c9f-1d3480aec4e2 (type: security_groups) to 1
2026-07-16 01:32:44.318 9 INFO neutron.wsgi [req-4286ad21-3ff9-4d91-904d-902f8d4fb8bb req-62e0b69a-b95f-4ff3-92f1-2a2f0d474072 cc8bba5644e649c897b989b7670b34ec bdfc825a00914f74af27ef50bc2da99f - - default default] 10.0.0.253 "GET /v2.0/ports?device_id=739df107-771d-408e-a610-6f34c465c649 HTTP/1.1" status: 200 len: 210 time: 0.0233500
2026-07-16 01:32:44.327 9 INFO neutron.db.ovn_revision_numbers_db [req-32c30b3e-e9b7-4b7c-9aab-af54e3c9f124 req-2b4a096c-a4f9-4d5c-b83b-c679af9f602e 51a9a856dcd940f99dc51972d11a9c24 3df178c925df4a9a9c6f03c745bc7a4e - - default default] Successfully bumped revision number for resource 9258ee38-bbd7-43bb-8d8e-265a60db3afc (type: security_group_rules) to 0
2026-07-16 01:32:44.330 9 INFO neutron.wsgi [req-9cb74cb9-76e1-414e-b900-34e83b5370eb req-4a761b83-02ee-4516-9af5-3bb59ea8abfd cc8bba5644e649c897b989b7670b34ec bdfc825a00914f74af27ef50bc2da99f - - default default] 199.204.45.53 "GET /v2.0/networks?id=bec5bd83-da86-4b05-a12e-164e469e9bb3 HTTP/1.1" status: 200 len: 882 time: 0.1260622
2026-07-16 01:32:44.340 9 INFO neutron.db.ovn_revision_numbers_db [req-32c30b3e-e9b7-4b7c-9aab-af54e3c9f124 req-2b4a096c-a4f9-4d5c-b83b-c679af9f602e 51a9a856dcd940f99dc51972d11a9c24 3df178c925df4a9a9c6f03c745bc7a4e - - default default] Successfully bumped revision number for resource 9b81e6ca-5d38-44e3-aa51-9d13707e8acf (type: security_group_rules) to 0
2026-07-16 01:32:44.356 10 INFO neutron.wsgi [req-6582ac08-bf57-4596-82ba-cd5859e47230 req-80dae5cc-5d27-47b9-82b3-79a196460dfa 7a3805bb28254a6c81a2a67947c8a2e1 6ff21e2e17104e408321db8d67912cc5 - - default default] 199.204.45.53 "GET /v2.0/networks?id=4fc85cca-4d1f-48b3-9494-b943e0d91f55 HTTP/1.1" status: 200 len: 875 time: 0.1547437
2026-07-16 01:32:44.358 9 INFO neutron.wsgi [req-32c30b3e-e9b7-4b7c-9aab-af54e3c9f124 req-2b4a096c-a4f9-4d5c-b83b-c679af9f602e 51a9a856dcd940f99dc51972d11a9c24 3df178c925df4a9a9c6f03c745bc7a4e - - default default] 10.0.0.253 "POST /v2.0/security-groups HTTP/1.1" status: 201 len: 1826 time: 0.2062848
2026-07-16 01:32:44.384 9 INFO neutron.wsgi [req-9cb74cb9-76e1-414e-b900-34e83b5370eb req-cc9aadee-e220-49fe-b1fc-bc5a6573c919 cc8bba5644e649c897b989b7670b34ec bdfc825a00914f74af27ef50bc2da99f - - default default] 199.204.45.53 "GET /v2.0/security-groups?fields=id&fields=name&tenant_id=bdfc825a00914f74af27ef50bc2da99f HTTP/1.1" status: 200 len: 380 time: 0.0364349
2026-07-16 01:32:44.418 9 INFO neutron.wsgi [req-7147e719-ade7-4f79-8737-b46891b1b32e req-3fd03468-b4a8-4aa4-bf8f-cdb7fff4313d 51a9a856dcd940f99dc51972d11a9c24 3df178c925df4a9a9c6f03c745bc7a4e - - default default] 10.0.0.253 "GET /v2.0/security-groups/84b51e47-ce0b-408e-8c9f-1d3480aec4e2 HTTP/1.1" status: 200 len: 1821 time: 0.0323377
2026-07-16 01:32:44.422 10 INFO neutron.wsgi [req-6582ac08-bf57-4596-82ba-cd5859e47230 req-46588d96-eb03-40af-8e46-522390302784 7a3805bb28254a6c81a2a67947c8a2e1 6ff21e2e17104e408321db8d67912cc5 - - default default] 199.204.45.53 "GET /v2.0/security-groups?fields=id&fields=name&tenant_id=6ff21e2e17104e408321db8d67912cc5 HTTP/1.1" status: 200 len: 380 time: 0.0556726
2026-07-16 01:32:44.564 10 INFO neutron.db.ovn_revision_numbers_db [None req-2ea76ca5-acdb-4a6c-8e61-8c09a73c280a d820dc69025e459489f1f963b7dcb981 6a2907b7dded4e32bb1f33dd1010ea75 - - default default] Successfully bumped revision number for resource a93fb8e7-1b9d-4894-b034-bcd33a4dcf4c (type: security_groups) to 1
2026-07-16 01:32:44.590 10 INFO neutron.db.ovn_revision_numbers_db [None req-2ea76ca5-acdb-4a6c-8e61-8c09a73c280a d820dc69025e459489f1f963b7dcb981 6a2907b7dded4e32bb1f33dd1010ea75 - - default default] Successfully bumped revision number for resource 0ee2c646-da85-45bd-a6f3-88db8553f6ba (type: security_group_rules) to 0
2026-07-16 01:32:44.612 10 INFO neutron.db.ovn_revision_numbers_db [None req-2ea76ca5-acdb-4a6c-8e61-8c09a73c280a d820dc69025e459489f1f963b7dcb981 6a2907b7dded4e32bb1f33dd1010ea75 - - default default] Successfully bumped revision number for resource 82367830-cc19-434f-9adf-bd8379722449 (type: security_group_rules) to 0
2026-07-16 01:32:44.652 10 INFO neutron.db.ovn_revision_numbers_db [None req-2ea76ca5-acdb-4a6c-8e61-8c09a73c280a d820dc69025e459489f1f963b7dcb981 6a2907b7dded4e32bb1f33dd1010ea75 - - default default] Successfully bumped revision number for resource e8314b96-650e-4f2a-aca4-94fda1da0454 (type: security_group_rules) to 0
2026-07-16 01:32:44.679 9 WARNING neutron.plugins.ml2.drivers.ovn.mech_driver.ovsdb.ovn_client [None req-6c2ac208-0920-445d-b3fb-a8ba9fc3c2ef - - - - - -] No hosting information found for port 08c7dc53-af5c-49fd-8b6f-32d96aeeb73d: RuntimeError: No hosting information found for port 08c7dc53-af5c-49fd-8b6f-32d96aeeb73d
2026-07-16 01:32:44.679 9 INFO neutron.plugins.ml2.drivers.ovn.mech_driver.mech_driver [None req-6c2ac208-0920-445d-b3fb-a8ba9fc3c2ef - - - - - -] OVN reports status up for port: 82339612-2ea8-4a9c-b901-1193ca62b0e4
2026-07-16 01:32:44.707 10 INFO neutron.db.ovn_revision_numbers_db [None req-2ea76ca5-acdb-4a6c-8e61-8c09a73c280a d820dc69025e459489f1f963b7dcb981 6a2907b7dded4e32bb1f33dd1010ea75 - - default default] Successfully bumped revision number for resource f997b1a1-f552-412c-9b67-52f0b3d12141 (type: security_group_rules) to 0
2026-07-16 01:32:44.719 9 INFO neutron.plugins.ml2.plugin [None req-6c2ac208-0920-445d-b3fb-a8ba9fc3c2ef - - - - - -] Attempt 1 to provision port 82339612-2ea8-4a9c-b901-1193ca62b0e4
2026-07-16 01:32:44.744 9 INFO neutron.db.ovn_revision_numbers_db [req-7147e719-ade7-4f79-8737-b46891b1b32e req-04663900-3f82-4302-8f27-f9a101609e08 51a9a856dcd940f99dc51972d11a9c24 3df178c925df4a9a9c6f03c745bc7a4e - - default default] Successfully bumped revision number for resource 10903323-bf75-454d-954e-2134ae5ea478 (type: security_group_rules) to 0
2026-07-16 01:32:44.764 10 INFO neutron.wsgi [None req-2ea76ca5-acdb-4a6c-8e61-8c09a73c280a d820dc69025e459489f1f963b7dcb981 6a2907b7dded4e32bb1f33dd1010ea75 - - default default] 10.0.0.125 "GET /v2.0/security-groups?tenant_id=85c2b1639a924b94a8803018ce7218ed&name=default HTTP/1.1" status: 200 len: 2996 time: 0.3948627
2026-07-16 01:32:44.799 9 INFO neutron.wsgi [req-7147e719-ade7-4f79-8737-b46891b1b32e req-04663900-3f82-4302-8f27-f9a101609e08 51a9a856dcd940f99dc51972d11a9c24 3df178c925df4a9a9c6f03c745bc7a4e - - default default] 10.0.0.253 "POST /v2.0/security-group-rules HTTP/1.1" status: 201 len: 786 time: 0.2736559
2026-07-16 01:32:44.980 9 WARNING neutron.scheduler.dhcp_agent_scheduler [req-9cb74cb9-76e1-414e-b900-34e83b5370eb req-50560ce6-1ffd-4089-bd72-01afbc93d4bf cc8bba5644e649c897b989b7670b34ec bdfc825a00914f74af27ef50bc2da99f - - default default] No more DHCP agents
2026-07-16 01:32:44.985 9 WARNING neutron.api.rpc.agentnotifiers.dhcp_rpc_agent_api [req-9cb74cb9-76e1-414e-b900-34e83b5370eb req-50560ce6-1ffd-4089-bd72-01afbc93d4bf cc8bba5644e649c897b989b7670b34ec bdfc825a00914f74af27ef50bc2da99f - - default default] Unable to schedule network bec5bd83-da86-4b05-a12e-164e469e9bb3: no agents available; will retry on subsequent port and subnet creation events.
2026-07-16 01:32:44.985 10 WARNING neutron.scheduler.dhcp_agent_scheduler [req-6582ac08-bf57-4596-82ba-cd5859e47230 req-db2996d0-cdd0-4067-823b-fde13df51adb 7a3805bb28254a6c81a2a67947c8a2e1 6ff21e2e17104e408321db8d67912cc5 - - default default] No more DHCP agents
2026-07-16 01:32:44.989 10 WARNING neutron.api.rpc.agentnotifiers.dhcp_rpc_agent_api [req-6582ac08-bf57-4596-82ba-cd5859e47230 req-db2996d0-cdd0-4067-823b-fde13df51adb 7a3805bb28254a6c81a2a67947c8a2e1 6ff21e2e17104e408321db8d67912cc5 - - default default] Unable to schedule network 4fc85cca-4d1f-48b3-9494-b943e0d91f55: no agents available; will retry on subsequent port and subnet creation events.
2026-07-16 01:32:45.014 9 INFO neutron.db.ovn_revision_numbers_db [req-af328ccb-683b-4a73-a3cb-3a2b6828857d req-bed7cdf0-49a3-49f9-a0ae-730a3203efa6 51a9a856dcd940f99dc51972d11a9c24 3df178c925df4a9a9c6f03c745bc7a4e - - default default] Successfully bumped revision number for resource 3396634c-94bf-442a-81d4-4a2ac2deb00f (type: security_groups) to 1
2026-07-16 01:32:45.033 9 INFO neutron.db.ovn_revision_numbers_db [req-af328ccb-683b-4a73-a3cb-3a2b6828857d req-bed7cdf0-49a3-49f9-a0ae-730a3203efa6 51a9a856dcd940f99dc51972d11a9c24 3df178c925df4a9a9c6f03c745bc7a4e - - default default] Successfully bumped revision number for resource 6497d4a7-1d9f-4f93-91b1-555f143469de (type: security_group_rules) to 0
2026-07-16 01:32:45.038 10 WARNING neutron.plugins.ml2.drivers.ovn.mech_driver.ovsdb.ovn_client [None req-06b30248-a1f7-4ba9-98df-5168947f8074 - - - - - -] No hosting information found for port 77d56573-af5b-4bb5-9331-079f1264031d: RuntimeError: No hosting information found for port 77d56573-af5b-4bb5-9331-079f1264031d
2026-07-16 01:32:45.038 10 INFO neutron.plugins.ml2.drivers.ovn.mech_driver.mech_driver [None req-06b30248-a1f7-4ba9-98df-5168947f8074 - - - - - -] OVN reports status up for port: 6b7675c4-3219-4dcc-ba1c-1a70b79fd2fa
2026-07-16 01:32:45.050 10 INFO neutron.plugins.ml2.plugin [None req-06b30248-a1f7-4ba9-98df-5168947f8074 - - - - - -] Attempt 1 to provision port 6b7675c4-3219-4dcc-ba1c-1a70b79fd2fa
2026-07-16 01:32:45.064 9 INFO neutron.db.ovn_revision_numbers_db [req-af328ccb-683b-4a73-a3cb-3a2b6828857d req-bed7cdf0-49a3-49f9-a0ae-730a3203efa6 51a9a856dcd940f99dc51972d11a9c24 3df178c925df4a9a9c6f03c745bc7a4e - - default default] Successfully bumped revision number for resource ac9cb423-1b0a-4b94-a419-25e71da70674 (type: security_group_rules) to 0
2026-07-16 01:32:45.084 9 INFO neutron.wsgi [req-af328ccb-683b-4a73-a3cb-3a2b6828857d req-bed7cdf0-49a3-49f9-a0ae-730a3203efa6 51a9a856dcd940f99dc51972d11a9c24 3df178c925df4a9a9c6f03c745bc7a4e - - default default] 10.0.0.253 "POST /v2.0/security-groups HTTP/1.1" status: 201 len: 1826 time: 0.2470407 /var/lib/openstack/lib/python3.10/site-packages/pycadf/identifier.py:71: UserWarning: Invalid uuid: neutron. To ensure interoperability, identifiers should be a valid uuid. warnings.warn(('Invalid uuid: %s. To ensure interoperability, '
2026-07-16 01:32:45.131 10 INFO neutron.wsgi [None req-3457e570-55a7-44b2-9de5-eaf8a3a83b4f d820dc69025e459489f1f963b7dcb981 6a2907b7dded4e32bb1f33dd1010ea75 - - default default] 10.0.0.125 "DELETE /v2.0/security-groups/a93fb8e7-1b9d-4894-b034-bcd33a4dcf4c HTTP/1.1" status: 204 len: 168 time: 0.3620322
2026-07-16 01:32:45.146 9 INFO neutron.db.ovn_revision_numbers_db [req-9cb74cb9-76e1-414e-b900-34e83b5370eb req-50560ce6-1ffd-4089-bd72-01afbc93d4bf cc8bba5644e649c897b989b7670b34ec bdfc825a00914f74af27ef50bc2da99f - - default default] Successfully bumped revision number for resource b533ddf6-e39e-45b1-9128-f01f73bb162c (type: ports) to 1
2026-07-16 01:32:45.151 9 INFO neutron.wsgi [req-e10743f6-9ab3-4fe2-ac48-847dbfc7e4ce req-89e92aaa-ce1c-49da-ab01-85b4e2a7e2da 51a9a856dcd940f99dc51972d11a9c24 3df178c925df4a9a9c6f03c745bc7a4e - - default default] 10.0.0.253 "GET /v2.0/security-groups/3396634c-94bf-442a-81d4-4a2ac2deb00f HTTP/1.1" status: 200 len: 1821 time: 0.0460174
2026-07-16 01:32:45.180 10 INFO neutron.db.ovn_revision_numbers_db [req-6582ac08-bf57-4596-82ba-cd5859e47230 req-db2996d0-cdd0-4067-823b-fde13df51adb 7a3805bb28254a6c81a2a67947c8a2e1 6ff21e2e17104e408321db8d67912cc5 - - default default] Successfully bumped revision number for resource cf852c20-f8ef-4a44-b854-b65539c420b8 (type: ports) to 1
2026-07-16 01:32:45.185 9 INFO neutron.wsgi [req-9cb74cb9-76e1-414e-b900-34e83b5370eb req-50560ce6-1ffd-4089-bd72-01afbc93d4bf cc8bba5644e649c897b989b7670b34ec bdfc825a00914f74af27ef50bc2da99f - - default default] 199.204.45.53 "POST /v2.0/ports HTTP/1.1" status: 201 len: 1158 time: 0.7905097
2026-07-16 01:32:45.201 9 INFO neutron.wsgi [req-9cb74cb9-76e1-414e-b900-34e83b5370eb req-d1d24209-afc7-44bc-94a6-a0051be6e01a cc8bba5644e649c897b989b7670b34ec bdfc825a00914f74af27ef50bc2da99f - - default default] 199.204.45.53 "GET /v2.0/extensions HTTP/1.1" status: 200 len: 16525 time: 0.0095901
2026-07-16 01:32:45.296 9 INFO neutron.db.ovn_revision_numbers_db [req-e10743f6-9ab3-4fe2-ac48-847dbfc7e4ce req-df701dac-a9a3-458c-8c7d-9173faa74444 51a9a856dcd940f99dc51972d11a9c24 3df178c925df4a9a9c6f03c745bc7a4e - - default default] Successfully bumped revision number for resource 9d7773b1-bda7-4813-9f67-9dfddcdf96cc (type: security_group_rules) to 0
2026-07-16 01:32:45.317 9 INFO neutron.wsgi [req-e10743f6-9ab3-4fe2-ac48-847dbfc7e4ce req-df701dac-a9a3-458c-8c7d-9173faa74444 51a9a856dcd940f99dc51972d11a9c24 3df178c925df4a9a9c6f03c745bc7a4e - - default default] 10.0.0.253 "POST /v2.0/security-group-rules HTTP/1.1" status: 201 len: 786 time: 0.1578372
