2026-07-16 01:36:20.840 10 INFO neutron.db.ovn_revision_numbers_db [None req-2cedb3c7-3902-4764-b49f-a2548b67fd66 - - - - - -] Successfully bumped revision number for resource ca7d5dbf-eb9c-4128-aae5-8399bd8ea038 (type: router_ports) to 4
2026-07-16 01:36:20.861 9 WARNING neutron.scheduler.dhcp_agent_scheduler [None req-c5b2ef8d-7bc0-4080-bf1d-447bb515bf4b 66a288d9a0de4ae3878e3cb190988df0 80b3cbf551f74233afb70fd3dc27f2e2 - - default default] No more DHCP agents
2026-07-16 01:36:20.863 9 WARNING neutron.api.rpc.agentnotifiers.dhcp_rpc_agent_api [None req-c5b2ef8d-7bc0-4080-bf1d-447bb515bf4b 66a288d9a0de4ae3878e3cb190988df0 80b3cbf551f74233afb70fd3dc27f2e2 - - default default] Unable to schedule network 01ba2485-e681-4234-bb87-6613515b62a1: no agents available; will retry on subsequent port and subnet creation events.
2026-07-16 01:36:20.894 9 INFO neutron.db.ovn_revision_numbers_db [None req-c5b2ef8d-7bc0-4080-bf1d-447bb515bf4b 66a288d9a0de4ae3878e3cb190988df0 80b3cbf551f74233afb70fd3dc27f2e2 - - default default] Successfully bumped revision number for resource 5406535e-8b08-4a93-8186-00208b219dc6 (type: subnets) to 0
2026-07-16 01:36:20.909 9 INFO neutron.wsgi [None req-c5b2ef8d-7bc0-4080-bf1d-447bb515bf4b 66a288d9a0de4ae3878e3cb190988df0 80b3cbf551f74233afb70fd3dc27f2e2 - - default default] 10.0.0.125 "POST /v2.0/subnets HTTP/1.1" status: 201 len: 907 time: 0.3195465
2026-07-16 01:36:20.996 9 INFO neutron.db.segments_db [None req-e461751a-7a24-41fd-8000-4d3026e07e24 66a288d9a0de4ae3878e3cb190988df0 80b3cbf551f74233afb70fd3dc27f2e2 - - default default] Added segment fa1be417-44e2-497c-99d8-f014f5ad053a of type geneve for network 788c4e29-0bdd-4ceb-bd23-689f7fb52928
2026-07-16 01:36:21.081 10 WARNING neutron.scheduler.dhcp_agent_scheduler [None req-3464fde2-aabe-476d-bfea-a31a4ad63d1c 71a02ede1aa64963b0d1293036233448 b0de8229e0344c1a89ed044dd4eeba52 - - default default] No more DHCP agents
2026-07-16 01:36:21.085 10 WARNING neutron.api.rpc.agentnotifiers.dhcp_rpc_agent_api [None req-3464fde2-aabe-476d-bfea-a31a4ad63d1c 71a02ede1aa64963b0d1293036233448 b0de8229e0344c1a89ed044dd4eeba52 - - default default] Unable to schedule network 0b8d3861-debf-445f-8700-e4fae7d54a4d: no agents available; will retry on subsequent port and subnet creation events.
2026-07-16 01:36:21.137 9 INFO neutron.db.ovn_revision_numbers_db [None req-e461751a-7a24-41fd-8000-4d3026e07e24 66a288d9a0de4ae3878e3cb190988df0 80b3cbf551f74233afb70fd3dc27f2e2 - - default default] Successfully bumped revision number for resource 788c4e29-0bdd-4ceb-bd23-689f7fb52928 (type: networks) to 1
2026-07-16 01:36:21.256 10 INFO neutron.db.ovn_revision_numbers_db [None req-3464fde2-aabe-476d-bfea-a31a4ad63d1c 71a02ede1aa64963b0d1293036233448 b0de8229e0344c1a89ed044dd4eeba52 - - default default] Successfully bumped revision number for resource 511a87cb-325c-40d4-89fc-ff65785038fb (type: ports) to 1
2026-07-16 01:36:21.329 9 WARNING neutron.scheduler.dhcp_agent_scheduler [None req-e461751a-7a24-41fd-8000-4d3026e07e24 66a288d9a0de4ae3878e3cb190988df0 80b3cbf551f74233afb70fd3dc27f2e2 - - default default] No more DHCP agents
2026-07-16 01:36:21.331 9 WARNING neutron.api.rpc.agentnotifiers.dhcp_rpc_agent_api [None req-e461751a-7a24-41fd-8000-4d3026e07e24 66a288d9a0de4ae3878e3cb190988df0 80b3cbf551f74233afb70fd3dc27f2e2 - - default default] Unable to schedule network 788c4e29-0bdd-4ceb-bd23-689f7fb52928: no agents available; will retry on subsequent port and subnet creation events.
2026-07-16 01:36:21.416 9 INFO neutron.db.ovn_revision_numbers_db [None req-e461751a-7a24-41fd-8000-4d3026e07e24 66a288d9a0de4ae3878e3cb190988df0 80b3cbf551f74233afb70fd3dc27f2e2 - - default default] Successfully bumped revision number for resource a60f5c36-be16-478f-b908-8e3999202b34 (type: ports) to 1
2026-07-16 01:36:21.440 9 INFO neutron.wsgi [None req-e461751a-7a24-41fd-8000-4d3026e07e24 66a288d9a0de4ae3878e3cb190988df0 80b3cbf551f74233afb70fd3dc27f2e2 - - default default] 10.0.0.125 "POST /v2.0/networks HTTP/1.1" status: 201 len: 836 time: 0.5253322
2026-07-16 01:36:21.687 9 WARNING neutron.scheduler.dhcp_agent_scheduler [None req-8c247d67-a629-4e3e-a06d-2fc50c5f3f9e 66a288d9a0de4ae3878e3cb190988df0 80b3cbf551f74233afb70fd3dc27f2e2 - - default default] No more DHCP agents
2026-07-16 01:36:21.690 9 WARNING neutron.api.rpc.agentnotifiers.dhcp_rpc_agent_api [None req-8c247d67-a629-4e3e-a06d-2fc50c5f3f9e 66a288d9a0de4ae3878e3cb190988df0 80b3cbf551f74233afb70fd3dc27f2e2 - - default default] Unable to schedule network 788c4e29-0bdd-4ceb-bd23-689f7fb52928: no agents available; will retry on subsequent port and subnet creation events.
2026-07-16 01:36:21.962 10 INFO neutron.plugins.ml2.drivers.ovn.mech_driver.mech_driver [None req-06b30248-a1f7-4ba9-98df-5168947f8074 - - - - - -] OVN reports status up for port: 511a87cb-325c-40d4-89fc-ff65785038fb
2026-07-16 01:36:21.975 10 INFO neutron.plugins.ml2.plugin [None req-06b30248-a1f7-4ba9-98df-5168947f8074 - - - - - -] Attempt 1 to provision port 511a87cb-325c-40d4-89fc-ff65785038fb
2026-07-16 01:36:21.994 10 INFO neutron.db.ovn_revision_numbers_db [None req-3464fde2-aabe-476d-bfea-a31a4ad63d1c 71a02ede1aa64963b0d1293036233448 b0de8229e0344c1a89ed044dd4eeba52 - - default default] Successfully bumped revision number for resource 511a87cb-325c-40d4-89fc-ff65785038fb (type: router_ports) to 1
2026-07-16 01:36:22.185 10 INFO neutron.db.ovn_revision_numbers_db [None req-3464fde2-aabe-476d-bfea-a31a4ad63d1c 71a02ede1aa64963b0d1293036233448 b0de8229e0344c1a89ed044dd4eeba52 - - default default] Successfully bumped revision number for resource 511a87cb-325c-40d4-89fc-ff65785038fb (type: ports) to 1
2026-07-16 01:36:22.190 9 INFO neutron.db.ovn_revision_numbers_db [None req-8c247d67-a629-4e3e-a06d-2fc50c5f3f9e 66a288d9a0de4ae3878e3cb190988df0 80b3cbf551f74233afb70fd3dc27f2e2 - - default default] Successfully bumped revision number for resource a60f5c36-be16-478f-b908-8e3999202b34 (type: ports) to 2
2026-07-16 01:36:22.223 9 INFO neutron.db.ovn_revision_numbers_db [None req-8c247d67-a629-4e3e-a06d-2fc50c5f3f9e 66a288d9a0de4ae3878e3cb190988df0 80b3cbf551f74233afb70fd3dc27f2e2 - - default default] Successfully bumped revision number for resource 385c76c1-d5c3-444f-abfe-09941a33f90c (type: subnets) to 0
2026-07-16 01:36:22.238 9 INFO neutron.wsgi [None req-8c247d67-a629-4e3e-a06d-2fc50c5f3f9e 66a288d9a0de4ae3878e3cb190988df0 80b3cbf551f74233afb70fd3dc27f2e2 - - default default] 10.0.0.125 "POST /v2.0/subnets HTTP/1.1" status: 201 len: 831 time: 0.7926674
2026-07-16 01:36:22.271 10 WARNING neutron.scheduler.dhcp_agent_scheduler [None req-3464fde2-aabe-476d-bfea-a31a4ad63d1c 71a02ede1aa64963b0d1293036233448 b0de8229e0344c1a89ed044dd4eeba52 - - default default] No more DHCP agents
2026-07-16 01:36:22.273 10 WARNING neutron.api.rpc.agentnotifiers.dhcp_rpc_agent_api [None req-3464fde2-aabe-476d-bfea-a31a4ad63d1c 71a02ede1aa64963b0d1293036233448 b0de8229e0344c1a89ed044dd4eeba52 - - default default] Unable to schedule network 0b8d3861-debf-445f-8700-e4fae7d54a4d: no agents available; will retry on subsequent port and subnet creation events.
2026-07-16 01:36:22.293 10 INFO neutron.db.ovn_revision_numbers_db [None req-06b30248-a1f7-4ba9-98df-5168947f8074 - - - - - -] Successfully bumped revision number for resource 511a87cb-325c-40d4-89fc-ff65785038fb (type: ports) to 2
2026-07-16 01:36:22.467 10 INFO neutron.db.ovn_revision_numbers_db [None req-06b30248-a1f7-4ba9-98df-5168947f8074 - - - - - -] Successfully bumped revision number for resource 511a87cb-325c-40d4-89fc-ff65785038fb (type: router_ports) to 2
2026-07-16 01:36:22.473 9 WARNING neutron.scheduler.dhcp_agent_scheduler [None req-76b19652-34fd-4f0a-a283-96ec3edc39df 66a288d9a0de4ae3878e3cb190988df0 80b3cbf551f74233afb70fd3dc27f2e2 - - default default] No more DHCP agents
2026-07-16 01:36:22.474 9 WARNING neutron.api.rpc.agentnotifiers.dhcp_rpc_agent_api [None req-76b19652-34fd-4f0a-a283-96ec3edc39df 66a288d9a0de4ae3878e3cb190988df0 80b3cbf551f74233afb70fd3dc27f2e2 - - default default] Unable to schedule network 788c4e29-0bdd-4ceb-bd23-689f7fb52928: no agents available; will retry on subsequent port and subnet creation events.
2026-07-16 01:36:22.502 9 INFO neutron.db.ovn_revision_numbers_db [None req-76b19652-34fd-4f0a-a283-96ec3edc39df 66a288d9a0de4ae3878e3cb190988df0 80b3cbf551f74233afb70fd3dc27f2e2 - - default default] Successfully bumped revision number for resource 3ac8240b-4590-479b-a3c9-91631e0b3991 (type: subnets) to 0
2026-07-16 01:36:22.517 9 INFO neutron.wsgi [None req-76b19652-34fd-4f0a-a283-96ec3edc39df 66a288d9a0de4ae3878e3cb190988df0 80b3cbf551f74233afb70fd3dc27f2e2 - - default default] 10.0.0.125 "POST /v2.0/subnets HTTP/1.1" status: 201 len: 900 time: 0.2727075
2026-07-16 01:36:22.604 9 INFO neutron.db.segments_db [None req-39c23d0b-85d4-4880-9bb7-57882f5c6b9f 66a288d9a0de4ae3878e3cb190988df0 80b3cbf551f74233afb70fd3dc27f2e2 - - default default] Added segment 0fc14ce3-9fed-4228-a89e-d7b3e52efee3 of type geneve for network 635ba53e-0892-44a2-ae2b-7f4d25858ffd
2026-07-16 01:36:22.658 10 INFO neutron.db.ovn_revision_numbers_db [None req-3464fde2-aabe-476d-bfea-a31a4ad63d1c 71a02ede1aa64963b0d1293036233448 b0de8229e0344c1a89ed044dd4eeba52 - - default default] Successfully bumped revision number for resource 511a87cb-325c-40d4-89fc-ff65785038fb (type: router_ports) to 2
2026-07-16 01:36:22.663 10 INFO neutron.wsgi [None req-3464fde2-aabe-476d-bfea-a31a4ad63d1c 71a02ede1aa64963b0d1293036233448 b0de8229e0344c1a89ed044dd4eeba52 - - default default] 10.0.0.125 "PUT /v2.0/routers/9511ae6c-0970-4ab7-8c96-3005d0a1212e/add_router_interface HTTP/1.1" status: 200 len: 503 time: 2.1980000
2026-07-16 01:36:22.761 10 INFO neutron.wsgi [None req-acd1c032-21b6-43c8-bacd-5d91fec7fed3 05fed2f7db354852a086c5eb1a415ee4 f1abca7f872a4837898ad22c8fd44622 - - default default] 10.0.0.125 "GET /v2.0/networks HTTP/1.1" status: 200 len: 4696 time: 0.0926111
2026-07-16 01:36:22.771 9 INFO neutron.db.ovn_revision_numbers_db [None req-39c23d0b-85d4-4880-9bb7-57882f5c6b9f 66a288d9a0de4ae3878e3cb190988df0 80b3cbf551f74233afb70fd3dc27f2e2 - - default default] Successfully bumped revision number for resource 635ba53e-0892-44a2-ae2b-7f4d25858ffd (type: networks) to 1
2026-07-16 01:36:22.814 10 INFO neutron.wsgi [None req-04515044-6968-4786-bdb7-0707d30cdf7a 05fed2f7db354852a086c5eb1a415ee4 f1abca7f872a4837898ad22c8fd44622 - - default default] 10.0.0.125 "GET /v2.0/subnets HTTP/1.1" status: 200 len: 4803 time: 0.0474505
2026-07-16 01:36:22.885 10 INFO neutron.wsgi [None req-3281f5e3-3aa6-476e-8d06-381a345cc3be 05fed2f7db354852a086c5eb1a415ee4 f1abca7f872a4837898ad22c8fd44622 - - default default] 10.0.0.125 "GET /v2.0/routers HTTP/1.1" status: 200 len: 878 time: 0.0658188
2026-07-16 01:36:22.961 9 WARNING neutron.scheduler.dhcp_agent_scheduler [None req-39c23d0b-85d4-4880-9bb7-57882f5c6b9f 66a288d9a0de4ae3878e3cb190988df0 80b3cbf551f74233afb70fd3dc27f2e2 - - default default] No more DHCP agents
2026-07-16 01:36:22.965 9 WARNING neutron.api.rpc.agentnotifiers.dhcp_rpc_agent_api [None req-39c23d0b-85d4-4880-9bb7-57882f5c6b9f 66a288d9a0de4ae3878e3cb190988df0 80b3cbf551f74233afb70fd3dc27f2e2 - - default default] Unable to schedule network 635ba53e-0892-44a2-ae2b-7f4d25858ffd: no agents available; will retry on subsequent port and subnet creation events.
2026-07-16 01:36:23.052 9 INFO neutron.db.ovn_revision_numbers_db [None req-39c23d0b-85d4-4880-9bb7-57882f5c6b9f 66a288d9a0de4ae3878e3cb190988df0 80b3cbf551f74233afb70fd3dc27f2e2 - - default default] Successfully bumped revision number for resource f94d1c28-940b-4c00-a4e8-acec0bdf906c (type: ports) to 1
2026-07-16 01:36:23.059 10 INFO neutron.db.ovn_revision_numbers_db [None req-a40b8d40-01c7-4299-94c9-e48d4426be04 71a02ede1aa64963b0d1293036233448 b0de8229e0344c1a89ed044dd4eeba52 - - default default] Successfully bumped revision number for resource 1525e1c5-ec90-4ca4-9037-cf89dc401f96 (type: security_groups) to 1
2026-07-16 01:36:23.069 9 INFO neutron.wsgi [None req-39c23d0b-85d4-4880-9bb7-57882f5c6b9f 66a288d9a0de4ae3878e3cb190988df0 80b3cbf551f74233afb70fd3dc27f2e2 - - default default] 10.0.0.125 "POST /v2.0/networks HTTP/1.1" status: 201 len: 836 time: 0.5478809
2026-07-16 01:36:23.074 10 INFO neutron.db.ovn_revision_numbers_db [None req-a40b8d40-01c7-4299-94c9-e48d4426be04 71a02ede1aa64963b0d1293036233448 b0de8229e0344c1a89ed044dd4eeba52 - - default default] Successfully bumped revision number for resource a8e326d2-ee8e-403a-8c62-7944849c1b2c (type: security_group_rules) to 0
2026-07-16 01:36:23.088 10 INFO neutron.db.ovn_revision_numbers_db [None req-a40b8d40-01c7-4299-94c9-e48d4426be04 71a02ede1aa64963b0d1293036233448 b0de8229e0344c1a89ed044dd4eeba52 - - default default] Successfully bumped revision number for resource d7d8bc01-4efb-41a9-9ebd-7ac15fd01e6f (type: security_group_rules) to 0
2026-07-16 01:36:23.106 10 INFO neutron.wsgi [None req-a40b8d40-01c7-4299-94c9-e48d4426be04 71a02ede1aa64963b0d1293036233448 b0de8229e0344c1a89ed044dd4eeba52 - - default default] 10.0.0.125 "POST /v2.0/security-groups HTTP/1.1" status: 201 len: 1811 time: 0.1628237
2026-07-16 01:36:23.154 10 INFO neutron.wsgi [-] 10.0.0.220 "GET / HTTP/1.1" status: 200 len: 247 time: 0.0023699
2026-07-16 01:36:23.157 10 INFO neutron.wsgi [-] 10.0.0.220 "GET / HTTP/1.1" status: 200 len: 247 time: 0.0019388
2026-07-16 01:36:23.287 9 INFO neutron.db.ovn_revision_numbers_db [None req-3e87d7d7-114f-4f64-9e94-c46b8d99089d 71a02ede1aa64963b0d1293036233448 b0de8229e0344c1a89ed044dd4eeba52 - - default default] Successfully bumped revision number for resource cebc56e5-d025-4414-b0bd-e20259e7985a (type: security_group_rules) to 0
2026-07-16 01:36:23.325 9 INFO neutron.wsgi [None req-3e87d7d7-114f-4f64-9e94-c46b8d99089d 71a02ede1aa64963b0d1293036233448 b0de8229e0344c1a89ed044dd4eeba52 - - default default] 10.0.0.125 "POST /v2.0/security-group-rules HTTP/1.1" status: 201 len: 764 time: 0.2133625
2026-07-16 01:36:23.361 9 WARNING neutron.scheduler.dhcp_agent_scheduler [None req-f13f68a7-bd70-4075-8abe-7815fe6f336b 66a288d9a0de4ae3878e3cb190988df0 80b3cbf551f74233afb70fd3dc27f2e2 - - default default] No more DHCP agents
2026-07-16 01:36:23.363 9 WARNING neutron.api.rpc.agentnotifiers.dhcp_rpc_agent_api [None req-f13f68a7-bd70-4075-8abe-7815fe6f336b 66a288d9a0de4ae3878e3cb190988df0 80b3cbf551f74233afb70fd3dc27f2e2 - - default default] Unable to schedule network 635ba53e-0892-44a2-ae2b-7f4d25858ffd: no agents available; will retry on subsequent port and subnet creation events.
2026-07-16 01:36:23.504 9 INFO neutron.db.ovn_revision_numbers_db [None req-83b2835b-7b56-4479-a2ef-fed3e026162d 71a02ede1aa64963b0d1293036233448 b0de8229e0344c1a89ed044dd4eeba52 - - default default] Successfully bumped revision number for resource 49787cbb-30fb-4baf-a2d3-03d2e1fb0f2f (type: security_group_rules) to 0
2026-07-16 01:36:23.827 9 INFO neutron.wsgi [None req-83b2835b-7b56-4479-a2ef-fed3e026162d 71a02ede1aa64963b0d1293036233448 b0de8229e0344c1a89ed044dd4eeba52 - - default default] 10.0.0.125 "POST /v2.0/security-group-rules HTTP/1.1" status: 201 len: 763 time: 0.4977424
2026-07-16 01:36:23.953 10 INFO neutron.db.ovn_revision_numbers_db [None req-40cf4df1-bf8d-431b-939c-356937af4d56 71a02ede1aa64963b0d1293036233448 b0de8229e0344c1a89ed044dd4eeba52 - - default default] Successfully bumped revision number for resource f6449d8b-5a3f-40cd-b8b9-2b76f98f6355 (type: security_group_rules) to 0
2026-07-16 01:36:23.981 10 INFO neutron.wsgi [None req-40cf4df1-bf8d-431b-939c-356937af4d56 71a02ede1aa64963b0d1293036233448 b0de8229e0344c1a89ed044dd4eeba52 - - default default] 10.0.0.125 "POST /v2.0/security-group-rules HTTP/1.1" status: 201 len: 769 time: 0.1486123
2026-07-16 01:36:24.110 10 INFO neutron.db.ovn_revision_numbers_db [None req-7e19c260-b750-4adc-97d9-75b3d3291f7e 71a02ede1aa64963b0d1293036233448 b0de8229e0344c1a89ed044dd4eeba52 - - default default] Successfully bumped revision number for resource 76f442f7-b1f3-4f92-94e8-d004f86ce6f9 (type: security_group_rules) to 0
2026-07-16 01:36:24.143 10 INFO neutron.wsgi [None req-7e19c260-b750-4adc-97d9-75b3d3291f7e 71a02ede1aa64963b0d1293036233448 b0de8229e0344c1a89ed044dd4eeba52 - - default default] 10.0.0.125 "POST /v2.0/security-group-rules HTTP/1.1" status: 201 len: 768 time: 0.1563227
2026-07-16 01:36:24.163 9 INFO neutron.db.ovn_revision_numbers_db [None req-f13f68a7-bd70-4075-8abe-7815fe6f336b 66a288d9a0de4ae3878e3cb190988df0 80b3cbf551f74233afb70fd3dc27f2e2 - - default default] Successfully bumped revision number for resource f94d1c28-940b-4c00-a4e8-acec0bdf906c (type: ports) to 2
2026-07-16 01:36:24.168 10 INFO neutron.db.securitygroups_db [None req-560aab52-47fe-42a9-a984-0305bf502931 71a02ede1aa64963b0d1293036233448 b0de8229e0344c1a89ed044dd4eeba52 - - default default] Project b0de8229e0344c1a89ed044dd4eeba52 added a security group rule with legacy IPv6 ICMP protocol name icmp, ipv6-icmp should be used instead. It was automatically converted.
2026-07-16 01:36:24.201 9 INFO neutron.db.ovn_revision_numbers_db [None req-f13f68a7-bd70-4075-8abe-7815fe6f336b 66a288d9a0de4ae3878e3cb190988df0 80b3cbf551f74233afb70fd3dc27f2e2 - - default default] Successfully bumped revision number for resource e08c61e9-6322-4a6b-95bd-71dd3f6c7400 (type: subnets) to 0
2026-07-16 01:36:24.216 9 INFO neutron.wsgi [None req-f13f68a7-bd70-4075-8abe-7815fe6f336b 66a288d9a0de4ae3878e3cb190988df0 80b3cbf551f74233afb70fd3dc27f2e2 - - default default] 10.0.0.125 "POST /v2.0/subnets HTTP/1.1" status: 201 len: 831 time: 1.1424394
2026-07-16 01:36:24.277 10 INFO neutron.db.ovn_revision_numbers_db [None req-560aab52-47fe-42a9-a984-0305bf502931 71a02ede1aa64963b0d1293036233448 b0de8229e0344c1a89ed044dd4eeba52 - - default default] Successfully bumped revision number for resource 40c2095f-a90d-4add-9655-7fa351f70157 (type: security_group_rules) to 0
2026-07-16 01:36:24.303 10 INFO neutron.wsgi [None req-560aab52-47fe-42a9-a984-0305bf502931 71a02ede1aa64963b0d1293036233448 b0de8229e0344c1a89ed044dd4eeba52 - - default default] 10.0.0.125 "POST /v2.0/security-group-rules HTTP/1.1" status: 201 len: 774 time: 0.1536524
2026-07-16 01:36:24.330 9 INFO neutron.db.securitygroups_db [None req-7b5b7ba6-fcd5-44fe-bc2f-0b2c02e7d557 71a02ede1aa64963b0d1293036233448 b0de8229e0344c1a89ed044dd4eeba52 - - default default] Project b0de8229e0344c1a89ed044dd4eeba52 added a security group rule with legacy IPv6 ICMP protocol name icmp, ipv6-icmp should be used instead. It was automatically converted.
2026-07-16 01:36:24.429 9 INFO neutron.db.ovn_revision_numbers_db [None req-7b5b7ba6-fcd5-44fe-bc2f-0b2c02e7d557 71a02ede1aa64963b0d1293036233448 b0de8229e0344c1a89ed044dd4eeba52 - - default default] Successfully bumped revision number for resource dba77ccd-09d4-44dd-ad97-7d400e2e5c52 (type: security_group_rules) to 0
2026-07-16 01:36:24.453 9 INFO neutron.wsgi [None req-7b5b7ba6-fcd5-44fe-bc2f-0b2c02e7d557 71a02ede1aa64963b0d1293036233448 b0de8229e0344c1a89ed044dd4eeba52 - - default default] 10.0.0.125 "POST /v2.0/security-group-rules HTTP/1.1" status: 201 len: 773 time: 0.1441536
2026-07-16 01:36:24.499 10 WARNING neutron.scheduler.dhcp_agent_scheduler [None req-edc2edb1-12cf-4fb3-b0c1-8ecf8cdd4c61 66a288d9a0de4ae3878e3cb190988df0 80b3cbf551f74233afb70fd3dc27f2e2 - - default default] No more DHCP agents
2026-07-16 01:36:24.502 10 WARNING neutron.api.rpc.agentnotifiers.dhcp_rpc_agent_api [None req-edc2edb1-12cf-4fb3-b0c1-8ecf8cdd4c61 66a288d9a0de4ae3878e3cb190988df0 80b3cbf551f74233afb70fd3dc27f2e2 - - default default] Unable to schedule network 635ba53e-0892-44a2-ae2b-7f4d25858ffd: no agents available; will retry on subsequent port and subnet creation events.
2026-07-16 01:36:24.531 10 INFO neutron.db.ovn_revision_numbers_db [None req-edc2edb1-12cf-4fb3-b0c1-8ecf8cdd4c61 66a288d9a0de4ae3878e3cb190988df0 80b3cbf551f74233afb70fd3dc27f2e2 - - default default] Successfully bumped revision number for resource a54320ac-30ab-409e-b5d8-29253e96d9a1 (type: subnets) to 0
2026-07-16 01:36:24.541 10 INFO neutron.wsgi [None req-edc2edb1-12cf-4fb3-b0c1-8ecf8cdd4c61 66a288d9a0de4ae3878e3cb190988df0 80b3cbf551f74233afb70fd3dc27f2e2 - - default default] 10.0.0.125 "POST /v2.0/subnets HTTP/1.1" status: 201 len: 904 time: 0.3182447
2026-07-16 01:36:25.173 10 INFO neutron.wsgi [None req-ab7dd737-0c97-48ca-8c05-4fbfe576f632 71a02ede1aa64963b0d1293036233448 b0de8229e0344c1a89ed044dd4eeba52 - - default default] 10.0.0.125 "GET /v2.0/networks HTTP/1.1" status: 200 len: 1493 time: 0.3289645
2026-07-16 01:36:25.180 10 WARNING neutron.scheduler.dhcp_agent_scheduler [None req-57db370b-b0b0-42c6-8af3-68374538dc61 66a288d9a0de4ae3878e3cb190988df0 80b3cbf551f74233afb70fd3dc27f2e2 - - default default] No more DHCP agents
2026-07-16 01:36:25.183 10 WARNING neutron.api.rpc.agentnotifiers.dhcp_rpc_agent_api [None req-57db370b-b0b0-42c6-8af3-68374538dc61 66a288d9a0de4ae3878e3cb190988df0 80b3cbf551f74233afb70fd3dc27f2e2 - - default default] Unable to schedule network 41e2105a-107e-4de7-ab90-5ea035ee11ee: no agents available; will retry on subsequent port and subnet creation events.
2026-07-16 01:36:25.285 9 INFO neutron.wsgi [req-3c1b0ab4-dc32-490c-9b72-cb0ec167b143 req-5cb11fae-4d06-4deb-a5b0-34171ebaf3bf 71a02ede1aa64963b0d1293036233448 b0de8229e0344c1a89ed044dd4eeba52 - - default default] 10.0.0.253 "GET /v2.0/security-groups?name=tempest-secgroup-smoke-963747470&fields=id&tenant_id=b0de8229e0344c1a89ed044dd4eeba52 HTTP/1.1" status: 200 len: 267 time: 0.0392084
2026-07-16 01:36:25.329 10 INFO neutron.db.ovn_revision_numbers_db [None req-57db370b-b0b0-42c6-8af3-68374538dc61 66a288d9a0de4ae3878e3cb190988df0 80b3cbf551f74233afb70fd3dc27f2e2 - - default default] Successfully bumped revision number for resource 0f656603-14a1-4e56-af20-8b16a310bbcf (type: ports) to 1
2026-07-16 01:36:25.384 9 INFO neutron.wsgi [req-3c1b0ab4-dc32-490c-9b72-cb0ec167b143 req-757b006d-b7b1-4f4b-aa56-9ef53cbae5fe 71a02ede1aa64963b0d1293036233448 b0de8229e0344c1a89ed044dd4eeba52 - - default default] 10.0.0.253 "GET /v2.0/networks?id=0b8d3861-debf-445f-8700-e4fae7d54a4d HTTP/1.1" status: 200 len: 860 time: 0.0937922
2026-07-16 01:36:25.398 9 INFO neutron.wsgi [req-3c1b0ab4-dc32-490c-9b72-cb0ec167b143 req-dc1886c8-b014-419e-a428-2ae6ecf175a1 71a02ede1aa64963b0d1293036233448 b0de8229e0344c1a89ed044dd4eeba52 - - default default] 10.0.0.253 "GET /v2.0/quotas/b0de8229e0344c1a89ed044dd4eeba52 HTTP/1.1" status: 200 len: 386 time: 0.0091605
2026-07-16 01:36:25.499 9 INFO neutron.wsgi [req-3c1b0ab4-dc32-490c-9b72-cb0ec167b143 req-a7fd3565-335a-4a67-9a67-f9453d5f7ff3 71a02ede1aa64963b0d1293036233448 b0de8229e0344c1a89ed044dd4eeba52 - - default default] 10.0.0.253 "GET /v2.0/ports?tenant_id=b0de8229e0344c1a89ed044dd4eeba52&fields=id HTTP/1.1" status: 200 len: 302 time: 0.0969212
2026-07-16 01:36:25.515 9 WARNING keystonemiddleware.audit [req-3c1b0ab4-dc32-490c-9b72-cb0ec167b143 req-a7fd3565-335a-4a67-9a67-f9453d5f7ff3 71a02ede1aa64963b0d1293036233448 b0de8229e0344c1a89ed044dd4eeba52 - - default default] Skipping service tempest-service-2137609174 as it have no endpoints.
2026-07-16 01:36:25.571 9 INFO neutron.wsgi [req-3c1b0ab4-dc32-490c-9b72-cb0ec167b143 req-ce266c5a-82bb-4b24-8c58-013c4cf53647 f2009d61f05c4ebfa692b82a4d8d0e5d bddf8de969774b3bbb48bd698541de3e - - 77a314461d9143cd92d4acfd3cd81ae8 77a314461d9143cd92d4acfd3cd81ae8] 10.0.0.253 "GET /v2.0/networks/0b8d3861-debf-445f-8700-e4fae7d54a4d?fields=segments HTTP/1.1" status: 200 len: 212 time: 0.0595136
2026-07-16 01:36:25.581 9 WARNING keystonemiddleware.audit [req-3c1b0ab4-dc32-490c-9b72-cb0ec167b143 req-ce266c5a-82bb-4b24-8c58-013c4cf53647 f2009d61f05c4ebfa692b82a4d8d0e5d bddf8de969774b3bbb48bd698541de3e - - 77a314461d9143cd92d4acfd3cd81ae8 77a314461d9143cd92d4acfd3cd81ae8] Skipping service tempest-service-2137609174 as it have no endpoints.
2026-07-16 01:36:25.634 9 INFO neutron.wsgi [req-3c1b0ab4-dc32-490c-9b72-cb0ec167b143 req-549c62f8-bf54-440b-a51d-e46b12a13624 f2009d61f05c4ebfa692b82a4d8d0e5d bddf8de969774b3bbb48bd698541de3e - - 77a314461d9143cd92d4acfd3cd81ae8 77a314461d9143cd92d4acfd3cd81ae8] 10.0.0.253 "GET /v2.0/networks/0b8d3861-debf-445f-8700-e4fae7d54a4d?fields=provider%3Aphysical_network&fields=provider%3Anetwork_type HTTP/1.1" status: 200 len: 277 time: 0.0571489
2026-07-16 01:36:25.769 9 INFO neutron.wsgi [req-60b6566e-41b8-4311-9e4a-e93a74683b29 req-932af03d-6eb2-453a-b28d-4ba08aee2e2a 71a02ede1aa64963b0d1293036233448 b0de8229e0344c1a89ed044dd4eeba52 - - default default] 10.0.0.253 "GET /v2.0/ports?device_id=ef8fc06a-1138-458c-a5d4-88760b0aad1e HTTP/1.1" status: 200 len: 210 time: 0.0194917
2026-07-16 01:36:25.947 9 INFO neutron.plugins.ml2.drivers.ovn.mech_driver.ovsdb.ovsdb_monitor [None req-c6a8bd3b-6893-4dab-a8ff-87e9b23a9973 - - - - - -] Router 9a59f57f-76da-46bb-bad9-7cf212a7bbac is bound to host instance
2026-07-16 01:36:25.961 10 INFO neutron.db.ovn_revision_numbers_db [None req-57db370b-b0b0-42c6-8af3-68374538dc61 66a288d9a0de4ae3878e3cb190988df0 80b3cbf551f74233afb70fd3dc27f2e2 - - default default] Successfully bumped revision number for resource 0f656603-14a1-4e56-af20-8b16a310bbcf (type: router_ports) to 1
2026-07-16 01:36:26.036 10 INFO neutron.db.ovn_revision_numbers_db [None req-57db370b-b0b0-42c6-8af3-68374538dc61 66a288d9a0de4ae3878e3cb190988df0 80b3cbf551f74233afb70fd3dc27f2e2 - - default default] Successfully bumped revision number for resource 9a59f57f-76da-46bb-bad9-7cf212a7bbac (type: routers) to 2
2026-07-16 01:36:26.051 10 INFO neutron.wsgi [None req-57db370b-b0b0-42c6-8af3-68374538dc61 66a288d9a0de4ae3878e3cb190988df0 80b3cbf551f74233afb70fd3dc27f2e2 - - default default] 10.0.0.125 "POST /v2.0/routers HTTP/1.1" status: 201 len: 865 time: 1.5049818
2026-07-16 01:36:26.489 10 INFO neutron.wsgi [req-3c1b0ab4-dc32-490c-9b72-cb0ec167b143 req-909eca5a-db16-4494-9575-cd4f670fa3e2 71a02ede1aa64963b0d1293036233448 b0de8229e0344c1a89ed044dd4eeba52 - - default default] 199.204.45.53 "GET /v2.0/networks?id=0b8d3861-debf-445f-8700-e4fae7d54a4d HTTP/1.1" status: 200 len: 860 time: 0.1021271
2026-07-16 01:36:26.493 9 INFO neutron.db.ovn_revision_numbers_db [None req-c6a8bd3b-6893-4dab-a8ff-87e9b23a9973 - - - - - -] Successfully bumped revision number for resource 0f656603-14a1-4e56-af20-8b16a310bbcf (type: ports) to 1
2026-07-16 01:36:26.558 10 INFO neutron.wsgi [req-3c1b0ab4-dc32-490c-9b72-cb0ec167b143 req-98463fcc-21d8-4158-b4d5-106207daf94d 71a02ede1aa64963b0d1293036233448 b0de8229e0344c1a89ed044dd4eeba52 - - default default] 199.204.45.53 "GET /v2.0/security-groups?fields=id&fields=name&tenant_id=b0de8229e0344c1a89ed044dd4eeba52 HTTP/1.1" status: 200 len: 379 time: 0.0580354
2026-07-16 01:36:26.649 10 WARNING neutron.scheduler.dhcp_agent_scheduler [None req-f48b0177-4bc7-40f8-8ff0-b56d8a7c9d5c 66a288d9a0de4ae3878e3cb190988df0 80b3cbf551f74233afb70fd3dc27f2e2 - - default default] No more DHCP agents
2026-07-16 01:36:26.654 10 WARNING neutron.api.rpc.agentnotifiers.dhcp_rpc_agent_api [None req-f48b0177-4bc7-40f8-8ff0-b56d8a7c9d5c 66a288d9a0de4ae3878e3cb190988df0 80b3cbf551f74233afb70fd3dc27f2e2 - - default default] Unable to schedule network 01ba2485-e681-4234-bb87-6613515b62a1: no agents available; will retry on subsequent port and subnet creation events.
2026-07-16 01:36:26.762 9 INFO neutron.db.ovn_revision_numbers_db [None req-c6a8bd3b-6893-4dab-a8ff-87e9b23a9973 - - - - - -] Successfully bumped revision number for resource 0f656603-14a1-4e56-af20-8b16a310bbcf (type: router_ports) to 3
2026-07-16 01:36:26.862 9 INFO neutron.wsgi [req-b6edce45-8c25-4f57-8774-e90cc81a4912 req-5387c2fd-ee59-4a90-a805-228208b9986a 71a02ede1aa64963b0d1293036233448 b0de8229e0344c1a89ed044dd4eeba52 - - default default] 10.0.0.253 "GET /v2.0/ports?device_id=ef8fc06a-1138-458c-a5d4-88760b0aad1e HTTP/1.1" status: 200 len: 210 time: 0.0312209
2026-07-16 01:36:26.880 10 INFO neutron.db.ovn_revision_numbers_db [None req-f48b0177-4bc7-40f8-8ff0-b56d8a7c9d5c 66a288d9a0de4ae3878e3cb190988df0 80b3cbf551f74233afb70fd3dc27f2e2 - - default default] Successfully bumped revision number for resource 711840f9-32d2-430d-a0cd-d2ad98f60fe3 (type: ports) to 1
2026-07-16 01:36:26.957 9 INFO neutron.db.ovn_revision_numbers_db [None req-c6a8bd3b-6893-4dab-a8ff-87e9b23a9973 - - - - - -] Successfully bumped revision number for resource 0f656603-14a1-4e56-af20-8b16a310bbcf (type: ports) to 2
2026-07-16 01:36:26.984 10 WARNING neutron.scheduler.dhcp_agent_scheduler [req-3c1b0ab4-dc32-490c-9b72-cb0ec167b143 req-a6be43c2-bbb2-4453-86a1-ca08112761d6 71a02ede1aa64963b0d1293036233448 b0de8229e0344c1a89ed044dd4eeba52 - - default default] No more DHCP agents
2026-07-16 01:36:26.987 10 WARNING neutron.api.rpc.agentnotifiers.dhcp_rpc_agent_api [req-3c1b0ab4-dc32-490c-9b72-cb0ec167b143 req-a6be43c2-bbb2-4453-86a1-ca08112761d6 71a02ede1aa64963b0d1293036233448 b0de8229e0344c1a89ed044dd4eeba52 - - default default] Unable to schedule network 0b8d3861-debf-445f-8700-e4fae7d54a4d: no agents available; will retry on subsequent port and subnet creation events.
2026-07-16 01:36:27.172 9 INFO neutron.db.ovn_revision_numbers_db [None req-c6a8bd3b-6893-4dab-a8ff-87e9b23a9973 - - - - - -] Successfully bumped revision number for resource 0f656603-14a1-4e56-af20-8b16a310bbcf (type: ports) to 4
2026-07-16 01:36:27.376 10 INFO neutron.db.ovn_revision_numbers_db [req-3c1b0ab4-dc32-490c-9b72-cb0ec167b143 req-a6be43c2-bbb2-4453-86a1-ca08112761d6 71a02ede1aa64963b0d1293036233448 b0de8229e0344c1a89ed044dd4eeba52 - - default default] Successfully bumped revision number for resource 62a1fd5e-101a-426d-b5fe-bdb815effbad (type: ports) to 1
2026-07-16 01:36:27.400 10 INFO neutron.wsgi [req-3c1b0ab4-dc32-490c-9b72-cb0ec167b143 req-a6be43c2-bbb2-4453-86a1-ca08112761d6 71a02ede1aa64963b0d1293036233448 b0de8229e0344c1a89ed044dd4eeba52 - - default default] 199.204.45.53 "POST /v2.0/ports HTTP/1.1" status: 201 len: 1158 time: 0.8316495 /var/lib/openstack/lib/python3.10/site-packages/pycadf/identifier.py:71: UserWarning: Invalid uuid: neutron. To ensure interoperability, identifiers should be a valid uuid. warnings.warn(('Invalid uuid: %s. To ensure interoperability, '
2026-07-16 01:36:27.421 9 INFO neutron.db.ovn_revision_numbers_db [None req-c6a8bd3b-6893-4dab-a8ff-87e9b23a9973 - - - - - -] Successfully bumped revision number for resource 0f656603-14a1-4e56-af20-8b16a310bbcf (type: router_ports) to 4
2026-07-16 01:36:27.653 9 INFO neutron.plugins.ml2.drivers.ovn.mech_driver.mech_driver [None req-6c2ac208-0920-445d-b3fb-a8ba9fc3c2ef - - - - - -] OVN reports status up for port: 711840f9-32d2-430d-a0cd-d2ad98f60fe3
2026-07-16 01:36:27.662 9 INFO neutron.plugins.ml2.plugin [None req-6c2ac208-0920-445d-b3fb-a8ba9fc3c2ef - - - - - -] Attempt 1 to provision port 711840f9-32d2-430d-a0cd-d2ad98f60fe3
2026-07-16 01:36:27.685 10 INFO neutron.db.ovn_revision_numbers_db [None req-f48b0177-4bc7-40f8-8ff0-b56d8a7c9d5c 66a288d9a0de4ae3878e3cb190988df0 80b3cbf551f74233afb70fd3dc27f2e2 - - default default] Successfully bumped revision number for resource 711840f9-32d2-430d-a0cd-d2ad98f60fe3 (type: router_ports) to 1
2026-07-16 01:36:27.742 10 WARNING neutron.plugins.ml2.drivers.ovn.mech_driver.ovsdb.ovn_client [None req-06b30248-a1f7-4ba9-98df-5168947f8074 - - - - - -] No hosting information found for port 511a87cb-325c-40d4-89fc-ff65785038fb: RuntimeError: No hosting information found for port 511a87cb-325c-40d4-89fc-ff65785038fb
2026-07-16 01:36:27.742 10 INFO neutron.plugins.ml2.drivers.ovn.mech_driver.mech_driver [None req-06b30248-a1f7-4ba9-98df-5168947f8074 - - - - - -] OVN reports status up for port: 0f656603-14a1-4e56-af20-8b16a310bbcf
2026-07-16 01:36:27.779 10 INFO neutron.plugins.ml2.plugin [None req-06b30248-a1f7-4ba9-98df-5168947f8074 - - - - - -] Attempt 1 to provision port 0f656603-14a1-4e56-af20-8b16a310bbcf
2026-07-16 01:36:27.995 10 INFO neutron.db.ovn_revision_numbers_db [None req-f48b0177-4bc7-40f8-8ff0-b56d8a7c9d5c 66a288d9a0de4ae3878e3cb190988df0 80b3cbf551f74233afb70fd3dc27f2e2 - - default default] Successfully bumped revision number for resource 711840f9-32d2-430d-a0cd-d2ad98f60fe3 (type: ports) to 1
2026-07-16 01:36:28.001 9 INFO neutron.wsgi [req-028e2fe6-6589-4f4b-bbf7-f966cfe33277 req-0f3a20da-ee1b-4645-b337-580b45e61250 71a02ede1aa64963b0d1293036233448 b0de8229e0344c1a89ed044dd4eeba52 - - default default] 10.0.0.253 "GET /v2.0/ports?device_id=ef8fc06a-1138-458c-a5d4-88760b0aad1e HTTP/1.1" status: 200 len: 1168 time: 0.0577359
2026-07-16 01:36:28.015 10 INFO neutron.db.ovn_revision_numbers_db [req-3c1b0ab4-dc32-490c-9b72-cb0ec167b143 req-245b728e-ebc9-44d0-b8a7-3e2b4b45ebc3 f2009d61f05c4ebfa692b82a4d8d0e5d bddf8de969774b3bbb48bd698541de3e - - 77a314461d9143cd92d4acfd3cd81ae8 77a314461d9143cd92d4acfd3cd81ae8] Successfully bumped revision number for resource 62a1fd5e-101a-426d-b5fe-bdb815effbad (type: ports) to 2
2026-07-16 01:36:28.061 9 INFO neutron.wsgi [req-028e2fe6-6589-4f4b-bbf7-f966cfe33277 req-e3d39c41-9cd6-4e1a-8068-932462efc06b 71a02ede1aa64963b0d1293036233448 b0de8229e0344c1a89ed044dd4eeba52 - - default default] 10.0.0.253 "GET /v2.0/security-groups?id=1525e1c5-ec90-4ca4-9037-cf89dc401f96&fields=id&fields=name HTTP/1.1" status: 200 len: 312 time: 0.0522196
2026-07-16 01:36:28.068 10 WARNING neutron.scheduler.dhcp_agent_scheduler [None req-f48b0177-4bc7-40f8-8ff0-b56d8a7c9d5c 66a288d9a0de4ae3878e3cb190988df0 80b3cbf551f74233afb70fd3dc27f2e2 - - default default] No more DHCP agents
2026-07-16 01:36:28.075 10 WARNING neutron.api.rpc.agentnotifiers.dhcp_rpc_agent_api [None req-f48b0177-4bc7-40f8-8ff0-b56d8a7c9d5c 66a288d9a0de4ae3878e3cb190988df0 80b3cbf551f74233afb70fd3dc27f2e2 - - default default] Unable to schedule network 01ba2485-e681-4234-bb87-6613515b62a1: no agents available; will retry on subsequent port and subnet creation events.
2026-07-16 01:36:28.198 9 INFO neutron.db.ovn_revision_numbers_db [None req-6c2ac208-0920-445d-b3fb-a8ba9fc3c2ef - - - - - -] Successfully bumped revision number for resource 711840f9-32d2-430d-a0cd-d2ad98f60fe3 (type: ports) to 2
2026-07-16 01:36:28.299 10 INFO neutron.db.ovn_revision_numbers_db [req-3c1b0ab4-dc32-490c-9b72-cb0ec167b143 req-245b728e-ebc9-44d0-b8a7-3e2b4b45ebc3 f2009d61f05c4ebfa692b82a4d8d0e5d bddf8de969774b3bbb48bd698541de3e - - 77a314461d9143cd92d4acfd3cd81ae8 77a314461d9143cd92d4acfd3cd81ae8] Successfully bumped revision number for resource 62a1fd5e-101a-426d-b5fe-bdb815effbad (type: ports) to 2
2026-07-16 01:36:28.314 9 INFO neutron.db.ovn_revision_numbers_db [None req-6c2ac208-0920-445d-b3fb-a8ba9fc3c2ef - - - - - -] Successfully bumped revision number for resource 711840f9-32d2-430d-a0cd-d2ad98f60fe3 (type: router_ports) to 2
2026-07-16 01:36:28.320 10 INFO neutron.wsgi [req-3c1b0ab4-dc32-490c-9b72-cb0ec167b143 req-245b728e-ebc9-44d0-b8a7-3e2b4b45ebc3 f2009d61f05c4ebfa692b82a4d8d0e5d bddf8de969774b3bbb48bd698541de3e - - 77a314461d9143cd92d4acfd3cd81ae8 77a314461d9143cd92d4acfd3cd81ae8] 199.204.45.53 "PUT /v2.0/ports/62a1fd5e-101a-426d-b5fe-bdb815effbad HTTP/1.1" status: 200 len: 1376 time: 0.9109645
2026-07-16 01:36:28.367 10 INFO neutron.notifiers.nova [-] Nova event matching ['req-eb01179a-1f44-4e6a-a087-8341cddba110'] response: {'name': 'network-changed', 'server_uuid': 'ef8fc06a-1138-458c-a5d4-88760b0aad1e', 'tag': '62a1fd5e-101a-426d-b5fe-bdb815effbad', 'status': 'completed', 'code': 200} /var/lib/openstack/lib/python3.10/site-packages/pycadf/identifier.py:71: UserWarning: Invalid uuid: neutron. To ensure interoperability, identifiers should be a valid uuid. warnings.warn(('Invalid uuid: %s. To ensure interoperability, '
2026-07-16 01:36:28.430 10 INFO neutron.wsgi [req-3c1b0ab4-dc32-490c-9b72-cb0ec167b143 req-de1476cf-21cd-42e2-85db-bd8aec9e4a94 f2009d61f05c4ebfa692b82a4d8d0e5d bddf8de969774b3bbb48bd698541de3e - - 77a314461d9143cd92d4acfd3cd81ae8 77a314461d9143cd92d4acfd3cd81ae8] 199.204.45.53 "GET /v2.0/ports?tenant_id=b0de8229e0344c1a89ed044dd4eeba52&device_id=ef8fc06a-1138-458c-a5d4-88760b0aad1e HTTP/1.1" status: 200 len: 1407 time: 0.0544617
2026-07-16 01:36:28.466 10 INFO neutron.wsgi [req-3c1b0ab4-dc32-490c-9b72-cb0ec167b143 req-09b728cd-7670-4d28-91e6-77dc73d41167 f2009d61f05c4ebfa692b82a4d8d0e5d bddf8de969774b3bbb48bd698541de3e - - 77a314461d9143cd92d4acfd3cd81ae8 77a314461d9143cd92d4acfd3cd81ae8] 199.204.45.53 "GET /v2.0/floatingips?fixed_ip_address=10.100.0.3&port_id=62a1fd5e-101a-426d-b5fe-bdb815effbad HTTP/1.1" status: 200 len: 217 time: 0.0299988
2026-07-16 01:36:28.519 10 INFO neutron.wsgi [req-3c1b0ab4-dc32-490c-9b72-cb0ec167b143 req-5f9b4d0e-bce8-4931-bfaf-6cb1d7d4931a f2009d61f05c4ebfa692b82a4d8d0e5d bddf8de969774b3bbb48bd698541de3e - - 77a314461d9143cd92d4acfd3cd81ae8 77a314461d9143cd92d4acfd3cd81ae8] 199.204.45.53 "GET /v2.0/subnets?id=d125dfcc-4f4b-4e4b-bb1a-e8bdef2ec751 HTTP/1.1" status: 200 len: 852 time: 0.0483165
2026-07-16 01:36:28.521 10 INFO neutron.db.ovn_revision_numbers_db [None req-f48b0177-4bc7-40f8-8ff0-b56d8a7c9d5c 66a288d9a0de4ae3878e3cb190988df0 80b3cbf551f74233afb70fd3dc27f2e2 - - default default] Successfully bumped revision number for resource 711840f9-32d2-430d-a0cd-d2ad98f60fe3 (type: router_ports) to 2
2026-07-16 01:36:28.523 10 INFO neutron.wsgi [None req-f48b0177-4bc7-40f8-8ff0-b56d8a7c9d5c 66a288d9a0de4ae3878e3cb190988df0 80b3cbf551f74233afb70fd3dc27f2e2 - - default default] 10.0.0.125 "PUT /v2.0/routers/9a59f57f-76da-46bb-bad9-7cf212a7bbac/add_router_interface HTTP/1.1" status: 200 len: 503 time: 2.4669256
2026-07-16 01:36:28.546 10 INFO neutron.wsgi [req-3c1b0ab4-dc32-490c-9b72-cb0ec167b143 req-ed837863-f2cd-4873-88c8-7215c0f115d5 f2009d61f05c4ebfa692b82a4d8d0e5d bddf8de969774b3bbb48bd698541de3e - - 77a314461d9143cd92d4acfd3cd81ae8 77a314461d9143cd92d4acfd3cd81ae8] 199.204.45.53 "GET /v2.0/ports?network_id=0b8d3861-debf-445f-8700-e4fae7d54a4d&device_owner=network%3Adhcp HTTP/1.1" status: 200 len: 210 time: 0.0225492
2026-07-16 01:36:28.608 10 INFO neutron.wsgi [req-3c1b0ab4-dc32-490c-9b72-cb0ec167b143 req-01d30dab-bd19-441b-802e-92e273e3bed2 f2009d61f05c4ebfa692b82a4d8d0e5d bddf8de969774b3bbb48bd698541de3e - - 77a314461d9143cd92d4acfd3cd81ae8 77a314461d9143cd92d4acfd3cd81ae8] 199.204.45.53 "GET /v2.0/networks/0b8d3861-debf-445f-8700-e4fae7d54a4d?fields=segments HTTP/1.1" status: 200 len: 212 time: 0.0565403
2026-07-16 01:36:28.668 10 INFO neutron.wsgi [req-3c1b0ab4-dc32-490c-9b72-cb0ec167b143 req-fdf76c88-3587-40d5-b47b-738f0adc9cf0 f2009d61f05c4ebfa692b82a4d8d0e5d bddf8de969774b3bbb48bd698541de3e - - 77a314461d9143cd92d4acfd3cd81ae8 77a314461d9143cd92d4acfd3cd81ae8] 199.204.45.53 "GET /v2.0/networks/0b8d3861-debf-445f-8700-e4fae7d54a4d?fields=provider%3Aphysical_network&fields=provider%3Anetwork_type HTTP/1.1" status: 200 len: 277 time: 0.0558348
2026-07-16 01:36:28.743 10 INFO neutron.wsgi [req-064f5222-332f-4023-9fc7-bc4afe72029d req-7467a148-6dce-4e34-ba00-5a3e8538844b f2009d61f05c4ebfa692b82a4d8d0e5d bddf8de969774b3bbb48bd698541de3e - - 77a314461d9143cd92d4acfd3cd81ae8 77a314461d9143cd92d4acfd3cd81ae8] 199.204.45.53 "GET /v2.0/ports?tenant_id=b0de8229e0344c1a89ed044dd4eeba52&device_id=ef8fc06a-1138-458c-a5d4-88760b0aad1e HTTP/1.1" status: 200 len: 1407 time: 0.0330760
2026-07-16 01:36:28.845 10 INFO neutron.wsgi [req-064f5222-332f-4023-9fc7-bc4afe72029d req-927e846d-faf1-4f95-94e6-c28045bb6c3b f2009d61f05c4ebfa692b82a4d8d0e5d bddf8de969774b3bbb48bd698541de3e - - 77a314461d9143cd92d4acfd3cd81ae8 77a314461d9143cd92d4acfd3cd81ae8] 199.204.45.53 "GET /v2.0/networks?id=0b8d3861-debf-445f-8700-e4fae7d54a4d HTTP/1.1" status: 200 len: 959 time: 0.0897834
2026-07-16 01:36:28.892 10 INFO neutron.wsgi [req-064f5222-332f-4023-9fc7-bc4afe72029d req-50587a21-b040-42cd-a2df-174a55f0f63f f2009d61f05c4ebfa692b82a4d8d0e5d bddf8de969774b3bbb48bd698541de3e - - 77a314461d9143cd92d4acfd3cd81ae8 77a314461d9143cd92d4acfd3cd81ae8] 199.204.45.53 "GET /v2.0/floatingips?fixed_ip_address=10.100.0.3&port_id=62a1fd5e-101a-426d-b5fe-bdb815effbad HTTP/1.1" status: 200 len: 217 time: 0.0361750
2026-07-16 01:36:28.952 10 INFO neutron.wsgi [req-064f5222-332f-4023-9fc7-bc4afe72029d req-0a6141bc-6f8a-46b6-9860-ea2a6da681fe f2009d61f05c4ebfa692b82a4d8d0e5d bddf8de969774b3bbb48bd698541de3e - - 77a314461d9143cd92d4acfd3cd81ae8 77a314461d9143cd92d4acfd3cd81ae8] 199.204.45.53 "GET /v2.0/subnets?id=d125dfcc-4f4b-4e4b-bb1a-e8bdef2ec751 HTTP/1.1" status: 200 len: 852 time: 0.0536647
2026-07-16 01:36:28.979 10 INFO neutron.wsgi [req-064f5222-332f-4023-9fc7-bc4afe72029d req-be7f05a8-953e-4ffc-86bc-18e26382fc6b f2009d61f05c4ebfa692b82a4d8d0e5d bddf8de969774b3bbb48bd698541de3e - - 77a314461d9143cd92d4acfd3cd81ae8 77a314461d9143cd92d4acfd3cd81ae8] 199.204.45.53 "GET /v2.0/ports?network_id=0b8d3861-debf-445f-8700-e4fae7d54a4d&device_owner=network%3Adhcp HTTP/1.1" status: 200 len: 210 time: 0.0227828
2026-07-16 01:36:29.054 10 INFO neutron.wsgi [req-064f5222-332f-4023-9fc7-bc4afe72029d req-fb819fb9-b369-471e-9abc-69e5576c32eb f2009d61f05c4ebfa692b82a4d8d0e5d bddf8de969774b3bbb48bd698541de3e - - 77a314461d9143cd92d4acfd3cd81ae8 77a314461d9143cd92d4acfd3cd81ae8] 199.204.45.53 "GET /v2.0/networks/0b8d3861-debf-445f-8700-e4fae7d54a4d?fields=segments HTTP/1.1" status: 200 len: 212 time: 0.0694900
2026-07-16 01:36:29.085 9 WARNING neutron.scheduler.dhcp_agent_scheduler [None req-6d0fae06-7ab2-44da-ab92-cef6c114ab94 66a288d9a0de4ae3878e3cb190988df0 80b3cbf551f74233afb70fd3dc27f2e2 - - default default] No more DHCP agents
2026-07-16 01:36:29.088 9 WARNING neutron.api.rpc.agentnotifiers.dhcp_rpc_agent_api [None req-6d0fae06-7ab2-44da-ab92-cef6c114ab94 66a288d9a0de4ae3878e3cb190988df0 80b3cbf551f74233afb70fd3dc27f2e2 - - default default] Unable to schedule network 788c4e29-0bdd-4ceb-bd23-689f7fb52928: no agents available; will retry on subsequent port and subnet creation events.
2026-07-16 01:36:29.118 10 INFO neutron.wsgi [req-064f5222-332f-4023-9fc7-bc4afe72029d req-6e5b26ad-373d-470f-937a-20c76eddc059 f2009d61f05c4ebfa692b82a4d8d0e5d bddf8de969774b3bbb48bd698541de3e - - 77a314461d9143cd92d4acfd3cd81ae8 77a314461d9143cd92d4acfd3cd81ae8] 199.204.45.53 "GET /v2.0/networks/0b8d3861-debf-445f-8700-e4fae7d54a4d?fields=provider%3Aphysical_network&fields=provider%3Anetwork_type HTTP/1.1" status: 200 len: 277 time: 0.0595226
2026-07-16 01:36:29.179 9 INFO neutron.wsgi [req-392c046e-d54e-4e18-aea1-b277803597de req-29a1d280-bf2e-4568-b590-4d7297652439 71a02ede1aa64963b0d1293036233448 b0de8229e0344c1a89ed044dd4eeba52 - - default default] 10.0.0.253 "GET /v2.0/ports?device_id=ef8fc06a-1138-458c-a5d4-88760b0aad1e HTTP/1.1" status: 200 len: 1168 time: 0.0374274
2026-07-16 01:36:29.240 9 INFO neutron.wsgi [req-392c046e-d54e-4e18-aea1-b277803597de req-15a7482a-cd54-4104-b0c1-75d546179ab3 71a02ede1aa64963b0d1293036233448 b0de8229e0344c1a89ed044dd4eeba52 - - default default] 10.0.0.253 "GET /v2.0/security-groups?id=1525e1c5-ec90-4ca4-9037-cf89dc401f96&fields=id&fields=name HTTP/1.1" status: 200 len: 312 time: 0.0485737
2026-07-16 01:36:29.276 9 INFO neutron.db.ovn_revision_numbers_db [None req-6d0fae06-7ab2-44da-ab92-cef6c114ab94 66a288d9a0de4ae3878e3cb190988df0 80b3cbf551f74233afb70fd3dc27f2e2 - - default default] Successfully bumped revision number for resource e45dccfe-b224-4b92-9422-4481be8233d0 (type: ports) to 1
2026-07-16 01:36:29.762 9 INFO neutron.db.ovn_revision_numbers_db [None req-6d0fae06-7ab2-44da-ab92-cef6c114ab94 66a288d9a0de4ae3878e3cb190988df0 80b3cbf551f74233afb70fd3dc27f2e2 - - default default] Successfully bumped revision number for resource e45dccfe-b224-4b92-9422-4481be8233d0 (type: router_ports) to 1
2026-07-16 01:36:29.923 9 INFO neutron.db.ovn_revision_numbers_db [None req-6d0fae06-7ab2-44da-ab92-cef6c114ab94 66a288d9a0de4ae3878e3cb190988df0 80b3cbf551f74233afb70fd3dc27f2e2 - - default default] Successfully bumped revision number for resource e45dccfe-b224-4b92-9422-4481be8233d0 (type: ports) to 1
2026-07-16 01:36:29.985 9 WARNING neutron.scheduler.dhcp_agent_scheduler [None req-6d0fae06-7ab2-44da-ab92-cef6c114ab94 66a288d9a0de4ae3878e3cb190988df0 80b3cbf551f74233afb70fd3dc27f2e2 - - default default] No more DHCP agents
2026-07-16 01:36:29.986 9 WARNING neutron.api.rpc.agentnotifiers.dhcp_rpc_agent_api [None req-6d0fae06-7ab2-44da-ab92-cef6c114ab94 66a288d9a0de4ae3878e3cb190988df0 80b3cbf551f74233afb70fd3dc27f2e2 - - default default] Unable to schedule network 788c4e29-0bdd-4ceb-bd23-689f7fb52928: no agents available; will retry on subsequent port and subnet creation events.
2026-07-16 01:36:30.335 9 INFO neutron.db.ovn_revision_numbers_db [None req-6d0fae06-7ab2-44da-ab92-cef6c114ab94 66a288d9a0de4ae3878e3cb190988df0 80b3cbf551f74233afb70fd3dc27f2e2 - - default default] Successfully bumped revision number for resource e45dccfe-b224-4b92-9422-4481be8233d0 (type: router_ports) to 1
2026-07-16 01:36:30.337 9 INFO neutron.wsgi [None req-6d0fae06-7ab2-44da-ab92-cef6c114ab94 66a288d9a0de4ae3878e3cb190988df0 80b3cbf551f74233afb70fd3dc27f2e2 - - default default] 10.0.0.125 "PUT /v2.0/routers/9a59f57f-76da-46bb-bad9-7cf212a7bbac/add_router_interface HTTP/1.1" status: 200 len: 503 time: 1.8098850
2026-07-16 01:36:30.342 9 INFO neutron.wsgi [req-e7a1e330-6248-4d53-97d0-52ee9e45f8d6 req-20ba5e6b-ef10-4a82-b2d9-2934170971ac 71a02ede1aa64963b0d1293036233448 b0de8229e0344c1a89ed044dd4eeba52 - - default default] 10.0.0.253 "GET /v2.0/ports?device_id=ef8fc06a-1138-458c-a5d4-88760b0aad1e HTTP/1.1" status: 200 len: 1168 time: 0.0430341
2026-07-16 01:36:30.411 9 INFO neutron.wsgi [req-e7a1e330-6248-4d53-97d0-52ee9e45f8d6 req-700eb489-5cc4-4882-81ec-5de90d67a815 71a02ede1aa64963b0d1293036233448 b0de8229e0344c1a89ed044dd4eeba52 - - default default] 10.0.0.253 "GET /v2.0/security-groups?id=1525e1c5-ec90-4ca4-9037-cf89dc401f96&fields=id&fields=name HTTP/1.1" status: 200 len: 312 time: 0.0619049
2026-07-16 01:36:30.841 9 WARNING neutron.scheduler.dhcp_agent_scheduler [None req-d95ab924-5894-4795-a0f1-37e543dd4f38 66a288d9a0de4ae3878e3cb190988df0 80b3cbf551f74233afb70fd3dc27f2e2 - - default default] No more DHCP agents
2026-07-16 01:36:30.845 9 WARNING neutron.api.rpc.agentnotifiers.dhcp_rpc_agent_api [None req-d95ab924-5894-4795-a0f1-37e543dd4f38 66a288d9a0de4ae3878e3cb190988df0 80b3cbf551f74233afb70fd3dc27f2e2 - - default default] Unable to schedule network 635ba53e-0892-44a2-ae2b-7f4d25858ffd: no agents available; will retry on subsequent port and subnet creation events.
2026-07-16 01:36:30.979 9 INFO neutron.db.ovn_revision_numbers_db [None req-d95ab924-5894-4795-a0f1-37e543dd4f38 66a288d9a0de4ae3878e3cb190988df0 80b3cbf551f74233afb70fd3dc27f2e2 - - default default] Successfully bumped revision number for resource babf8793-f5a8-466f-ac8f-5c15391ae331 (type: ports) to 1
2026-07-16 01:36:31.580 9 INFO neutron.wsgi [req-771c1a7d-f6d2-4b84-ad2d-af76a24aac52 req-8539bf02-c63c-4321-8be3-5b315b924551 71a02ede1aa64963b0d1293036233448 b0de8229e0344c1a89ed044dd4eeba52 - - default default] 10.0.0.253 "GET /v2.0/ports?device_id=ef8fc06a-1138-458c-a5d4-88760b0aad1e HTTP/1.1" status: 200 len: 1168 time: 0.1062040
2026-07-16 01:36:31.645 9 INFO neutron.wsgi [req-771c1a7d-f6d2-4b84-ad2d-af76a24aac52 req-23163637-f010-4f36-87b0-63e4445a9231 71a02ede1aa64963b0d1293036233448 b0de8229e0344c1a89ed044dd4eeba52 - - default default] 10.0.0.253 "GET /v2.0/security-groups?id=1525e1c5-ec90-4ca4-9037-cf89dc401f96&fields=id&fields=name HTTP/1.1" status: 200 len: 312 time: 0.0572035
2026-07-16 01:36:31.759 9 INFO neutron.db.ovn_revision_numbers_db [None req-d95ab924-5894-4795-a0f1-37e543dd4f38 66a288d9a0de4ae3878e3cb190988df0 80b3cbf551f74233afb70fd3dc27f2e2 - - default default] Successfully bumped revision number for resource babf8793-f5a8-466f-ac8f-5c15391ae331 (type: router_ports) to 1
2026-07-16 01:36:31.920 9 INFO neutron.db.ovn_revision_numbers_db [None req-d95ab924-5894-4795-a0f1-37e543dd4f38 66a288d9a0de4ae3878e3cb190988df0 80b3cbf551f74233afb70fd3dc27f2e2 - - default default] Successfully bumped revision number for resource babf8793-f5a8-466f-ac8f-5c15391ae331 (type: ports) to 1
2026-07-16 01:36:32.000 9 WARNING neutron.scheduler.dhcp_agent_scheduler [None req-d95ab924-5894-4795-a0f1-37e543dd4f38 66a288d9a0de4ae3878e3cb190988df0 80b3cbf551f74233afb70fd3dc27f2e2 - - default default] No more DHCP agents
2026-07-16 01:36:32.002 9 WARNING neutron.api.rpc.agentnotifiers.dhcp_rpc_agent_api [None req-d95ab924-5894-4795-a0f1-37e543dd4f38 66a288d9a0de4ae3878e3cb190988df0 80b3cbf551f74233afb70fd3dc27f2e2 - - default default] Unable to schedule network 635ba53e-0892-44a2-ae2b-7f4d25858ffd: no agents available; will retry on subsequent port and subnet creation events.
2026-07-16 01:36:32.357 9 INFO neutron.db.ovn_revision_numbers_db [None req-d95ab924-5894-4795-a0f1-37e543dd4f38 66a288d9a0de4ae3878e3cb190988df0 80b3cbf551f74233afb70fd3dc27f2e2 - - default default] Successfully bumped revision number for resource babf8793-f5a8-466f-ac8f-5c15391ae331 (type: router_ports) to 1
2026-07-16 01:36:32.360 9 INFO neutron.wsgi [None req-d95ab924-5894-4795-a0f1-37e543dd4f38 66a288d9a0de4ae3878e3cb190988df0 80b3cbf551f74233afb70fd3dc27f2e2 - - default default] 10.0.0.125 "PUT /v2.0/routers/9a59f57f-76da-46bb-bad9-7cf212a7bbac/add_router_interface HTTP/1.1" status: 200 len: 503 time: 2.0160630
2026-07-16 01:36:32.530 9 INFO neutron.db.ovn_revision_numbers_db [None req-a2db24b9-282d-4776-8dc2-f46691464bab 66a288d9a0de4ae3878e3cb190988df0 80b3cbf551f74233afb70fd3dc27f2e2 - - default default] Successfully bumped revision number for resource 730bbe63-7ee7-4552-800d-4acabd7a5e78 (type: security_groups) to 1
2026-07-16 01:36:32.542 9 INFO neutron.db.ovn_revision_numbers_db [None req-a2db24b9-282d-4776-8dc2-f46691464bab 66a288d9a0de4ae3878e3cb190988df0 80b3cbf551f74233afb70fd3dc27f2e2 - - default default] Successfully bumped revision number for resource 636f7ad2-e4de-4567-be3d-5a44a5bc6d50 (type: security_group_rules) to 0
