+ exec neutron-ovn-metadata-agent --config-file /etc/neutron/neutron.conf --config-file /etc/neutron/ovn_metadata_agent.ini --config-file /tmp/pod-shared/neutron-agent.ini --config-file /tmp/pod-shared/ovn.ini /var/lib/openstack/lib/python3.10/site-packages/neutron/common/utils.py:54: UserWarning: pkg_resources is deprecated as an API. See https://setuptools.pypa.io/en/latest/pkg_resources.html. The pkg_resources package is slated for removal as early as 2025-11-30. Refrain from using this package or pin to Setuptools<81. import pkg_resources
2026-07-17 11:30:34.932 47 INFO neutron.common.config [-] Logging enabled!
2026-07-17 11:30:34.932 47 INFO neutron.common.config [-] /var/lib/openstack/bin/neutron-ovn-metadata-agent version 22.2.2.dev46
2026-07-17 11:30:34.963 47 INFO ovsdbapp.backend.ovs_idl.vlog [-] unix:/run/openvswitch/db.sock: connecting...
2026-07-17 11:30:34.963 47 INFO ovsdbapp.backend.ovs_idl.vlog [-] unix:/run/openvswitch/db.sock: connected
2026-07-17 11:30:35.038 47 INFO neutron.agent.ovn.metadata.ovsdb [-] Getting OvsdbSbOvnIdl for MetadataAgent with retry
2026-07-17 11:30:35.038 47 INFO ovsdbapp.backend.ovs_idl.vlog [-] tcp:10.108.64.167:6642: connecting...
2026-07-17 11:30:35.039 47 INFO ovsdbapp.backend.ovs_idl.vlog [-] tcp:10.108.64.167:6642: connected
2026-07-17 11:30:35.082 47 INFO oslo_service.service [-] Starting 2 workers
2026-07-17 11:30:35.090 47 INFO oslo.privsep.daemon [-] Running privsep helper: ['sudo', '/var/lib/openstack/bin/neutron-rootwrap', '/etc/neutron/rootwrap.conf', 'privsep-helper', '--config-file', '/etc/neutron/neutron.conf', '--config-file', '/etc/neutron/ovn_metadata_agent.ini', '--config-file', '/tmp/pod-shared/neutron-agent.ini', '--config-file', '/tmp/pod-shared/ovn.ini', '--privsep_context', 'neutron.privileged.namespace_cmd', '--privsep_sock_path', '/tmp/tmppt3_hbcx/privsep.sock']
2026-07-17 11:30:35.124 55 INFO neutron.agent.ovn.metadata.ovsdb [-] Getting OvsdbSbOvnIdl for MetadataAgent with retry
2026-07-17 11:30:35.125 55 INFO ovsdbapp.backend.ovs_idl.vlog [-] tcp:10.108.64.167:6642: connecting...
2026-07-17 11:30:35.126 55 INFO ovsdbapp.backend.ovs_idl.vlog [-] tcp:10.108.64.167:6642: connected
2026-07-17 11:30:35.129 56 INFO neutron.agent.ovn.metadata.ovsdb [-] Getting OvsdbSbOvnIdl for MetadataAgent with retry
2026-07-17 11:30:35.130 56 INFO ovsdbapp.backend.ovs_idl.vlog [-] tcp:10.108.64.167:6642: connecting...
2026-07-17 11:30:35.131 56 INFO ovsdbapp.backend.ovs_idl.vlog [-] tcp:10.108.64.167:6642: connected
2026-07-17 11:30:35.158 55 INFO eventlet.wsgi.server [-] (55) wsgi starting up on http:/var/lib/neutron/openstack-helm/metadata_proxy
2026-07-17 11:30:35.166 56 INFO eventlet.wsgi.server [-] (56) wsgi starting up on http:/var/lib/neutron/openstack-helm/metadata_proxy
2026-07-17 11:30:36.595 47 INFO oslo.privsep.daemon [-] Spawned new privsep daemon via rootwrap
2026-07-17 11:30:36.451 60 INFO oslo.privsep.daemon [-] privsep daemon starting
2026-07-17 11:30:36.457 60 INFO oslo.privsep.daemon [-] privsep process running with uid/gid: 0/0
2026-07-17 11:30:36.460 60 INFO oslo.privsep.daemon [-] privsep process running with capabilities (eff/prm/inh): CAP_SYS_ADMIN/CAP_SYS_ADMIN/none
2026-07-17 11:30:36.461 60 INFO oslo.privsep.daemon [-] privsep daemon running as pid 60
2026-07-17 11:30:38.749 47 WARNING oslo.privsep.daemon [-] privsep log: /var/lib/openstack/lib/python3.10/site-packages/neutron/common/utils.py:54: UserWarning: pkg_resources is deprecated as an API. See https://setuptools.pypa.io/en/latest/pkg_resources.html. The pkg_resources package is slated for removal as early as 2025-11-30. Refrain from using this package or pin to Setuptools<81.
2026-07-17 11:30:38.750 47 WARNING oslo.privsep.daemon [-] privsep log: import pkg_resources
2026-07-17 11:31:51.696 56 ERROR neutron.agent.ovn.metadata.server [-] No port found in network None with IP address 169.254.169.254
2026-07-17 11:31:51.697 56 INFO eventlet.wsgi.server [-] 169.254.169.254, "GET / HTTP/1.1" status: 404 len: 176 time: 0.0011008
2026-07-17 11:33:56.354 55 ERROR neutron.agent.ovn.metadata.server [-] No port found in network None with IP address 169.254.169.254
2026-07-17 11:33:56.358 55 INFO eventlet.wsgi.server [-] 169.254.169.254, "GET / HTTP/1.1" status: 404 len: 176 time: 0.0065565
2026-07-17 11:37:06.324 55 ERROR neutron.agent.ovn.metadata.server [-] No port found in network None with IP address 169.254.169.254
2026-07-17 11:37:06.325 55 INFO eventlet.wsgi.server [-] 169.254.169.254, "GET / HTTP/1.1" status: 404 len: 176 time: 0.0012817
2026-07-17 11:37:36.367 56 ERROR neutron.agent.ovn.metadata.server [-] No port found in network None with IP address 169.254.169.254
2026-07-17 11:37:36.368 56 INFO eventlet.wsgi.server [-] 169.254.169.254, "GET / HTTP/1.1" status: 404 len: 176 time: 0.0015047
2026-07-17 11:40:16.421 55 ERROR neutron.agent.ovn.metadata.server [-] No port found in network None with IP address 169.254.169.254
2026-07-17 11:40:16.424 55 INFO eventlet.wsgi.server [-] 169.254.169.254, "GET / HTTP/1.1" status: 404 len: 176 time: 0.0041952
2026-07-17 11:40:30.797 47 INFO neutron.agent.ovn.metadata.agent [-] Port 48465801-4ac3-478d-bd01-1efdace5fd8b in datapath 6fa7bced-b086-4a82-9641-f9a7ed089117 bound to our chassis
2026-07-17 11:40:30.799 47 INFO neutron.agent.ovn.metadata.agent [-] Provisioning metadata for network 6fa7bced-b086-4a82-9641-f9a7ed089117
2026-07-17 11:40:30.800 47 INFO oslo.privsep.daemon [-] Running privsep helper: ['sudo', '/var/lib/openstack/bin/neutron-rootwrap', '/etc/neutron/rootwrap.conf', 'privsep-helper', '--config-file', '/etc/neutron/neutron.conf', '--config-file', '/etc/neutron/ovn_metadata_agent.ini', '--config-file', '/tmp/pod-shared/neutron-agent.ini', '--config-file', '/tmp/pod-shared/ovn.ini', '--privsep_context', 'neutron.privileged.default', '--privsep_sock_path', '/tmp/tmp2cfntke9/privsep.sock']
2026-07-17 11:40:31.613 47 INFO oslo.privsep.daemon [-] Spawned new privsep daemon via rootwrap
2026-07-17 11:40:31.472 97 INFO oslo.privsep.daemon [-] privsep daemon starting
2026-07-17 11:40:31.477 97 INFO oslo.privsep.daemon [-] privsep process running with uid/gid: 0/0
2026-07-17 11:40:31.480 97 INFO oslo.privsep.daemon [-] privsep process running with capabilities (eff/prm/inh): CAP_DAC_OVERRIDE|CAP_DAC_READ_SEARCH|CAP_NET_ADMIN|CAP_SYS_ADMIN|CAP_SYS_PTRACE/CAP_DAC_OVERRIDE|CAP_DAC_READ_SEARCH|CAP_NET_ADMIN|CAP_SYS_ADMIN|CAP_SYS_PTRACE/none
2026-07-17 11:40:31.480 97 INFO oslo.privsep.daemon [-] privsep daemon running as pid 97
2026-07-17 11:40:32.224 47 WARNING oslo.privsep.daemon [-] privsep log: /var/lib/openstack/lib/python3.10/site-packages/neutron/common/utils.py:54: UserWarning: pkg_resources is deprecated as an API. See https://setuptools.pypa.io/en/latest/pkg_resources.html. The pkg_resources package is slated for removal as early as 2025-11-30. Refrain from using this package or pin to Setuptools<81.
2026-07-17 11:40:32.224 47 WARNING oslo.privsep.daemon [-] privsep log: import pkg_resources
2026-07-17 11:40:32.541 47 INFO oslo.privsep.daemon [-] Running privsep helper: ['sudo', '/var/lib/openstack/bin/neutron-rootwrap', '/etc/neutron/rootwrap.conf', 'privsep-helper', '--config-file', '/etc/neutron/neutron.conf', '--config-file', '/etc/neutron/ovn_metadata_agent.ini', '--config-file', '/tmp/pod-shared/neutron-agent.ini', '--config-file', '/tmp/pod-shared/ovn.ini', '--privsep_context', 'neutron.privileged.link_cmd', '--privsep_sock_path', '/tmp/tmpeqr8mxev/privsep.sock']
2026-07-17 11:40:33.396 47 INFO oslo.privsep.daemon [-] Spawned new privsep daemon via rootwrap
2026-07-17 11:40:33.234 110 INFO oslo.privsep.daemon [-] privsep daemon starting
2026-07-17 11:40:33.240 110 INFO oslo.privsep.daemon [-] privsep process running with uid/gid: 0/0
2026-07-17 11:40:33.242 110 INFO oslo.privsep.daemon [-] privsep process running with capabilities (eff/prm/inh): CAP_NET_ADMIN|CAP_SYS_ADMIN/CAP_NET_ADMIN|CAP_SYS_ADMIN/none
2026-07-17 11:40:33.242 110 INFO oslo.privsep.daemon [-] privsep daemon running as pid 110
2026-07-17 11:40:34.004 47 WARNING oslo.privsep.daemon [-] privsep log: /var/lib/openstack/lib/python3.10/site-packages/neutron/common/utils.py:54: UserWarning: pkg_resources is deprecated as an API. See https://setuptools.pypa.io/en/latest/pkg_resources.html. The pkg_resources package is slated for removal as early as 2025-11-30. Refrain from using this package or pin to Setuptools<81.
2026-07-17 11:40:34.004 47 WARNING oslo.privsep.daemon [-] privsep log: import pkg_resources
2026-07-17 11:40:34.854 47 INFO oslo_rootwrap.client [-] Spawned new rootwrap daemon process with pid=132
2026-07-17 11:43:26.354 56 ERROR neutron.agent.ovn.metadata.server [-] No port found in network None with IP address 169.254.169.254
2026-07-17 11:43:26.355 56 INFO eventlet.wsgi.server [-] 169.254.169.254, "GET / HTTP/1.1" status: 404 len: 176 time: 0.0015531
2026-07-17 11:46:36.344 56 ERROR neutron.agent.ovn.metadata.server [-] No port found in network None with IP address 169.254.169.254
2026-07-17 11:46:36.345 56 INFO eventlet.wsgi.server [-] 169.254.169.254, "GET / HTTP/1.1" status: 404 len: 176 time: 0.0007842
2026-07-17 11:47:36.371 55 ERROR neutron.agent.ovn.metadata.server [-] No port found in network None with IP address 169.254.169.254
2026-07-17 11:47:36.372 55 INFO eventlet.wsgi.server [-] 169.254.169.254, "GET / HTTP/1.1" status: 404 len: 176 time: 0.0008099
2026-07-17 11:48:43.155 47 INFO neutron.agent.ovn.metadata.agent [-] Port 243ebf0f-4c99-495b-8036-aafd5a486b41 in datapath fa5f1c9c-6586-4d21-b90c-d19dc812bd58 bound to our chassis
2026-07-17 11:49:46.366 55 ERROR neutron.agent.ovn.metadata.server [-] No port found in network None with IP address 169.254.169.254
2026-07-17 11:49:46.368 55 INFO eventlet.wsgi.server [-] 169.254.169.254, "GET / HTTP/1.1" status: 404 len: 176 time: 0.0019178
2026-07-17 11:50:35.919 47 INFO oslo_rootwrap.client [-] Rootwrap daemon process exit with status: 0
2026-07-17 11:52:56.370 56 ERROR neutron.agent.ovn.metadata.server [-] No port found in network None with IP address 169.254.169.254
2026-07-17 11:52:56.372 56 INFO eventlet.wsgi.server [-] 169.254.169.254, "GET / HTTP/1.1" status: 404 len: 176 time: 0.0019372
2026-07-17 11:56:06.355 55 ERROR neutron.agent.ovn.metadata.server [-] No port found in network None with IP address 169.254.169.254
2026-07-17 11:56:06.356 55 INFO eventlet.wsgi.server [-] 169.254.169.254, "GET / HTTP/1.1" status: 404 len: 176 time: 0.0009706
2026-07-17 11:57:36.352 56 ERROR neutron.agent.ovn.metadata.server [-] No port found in network None with IP address 169.254.169.254
2026-07-17 11:57:36.352 56 INFO eventlet.wsgi.server [-] 169.254.169.254, "GET / HTTP/1.1" status: 404 len: 176 time: 0.0008872
2026-07-17 11:59:16.354 55 ERROR neutron.agent.ovn.metadata.server [-] No port found in network None with IP address 169.254.169.254
2026-07-17 11:59:16.355 55 INFO eventlet.wsgi.server [-] 169.254.169.254, "GET / HTTP/1.1" status: 404 len: 176 time: 0.0008335
2026-07-17 12:02:26.361 55 ERROR neutron.agent.ovn.metadata.server [-] No port found in network None with IP address 169.254.169.254
2026-07-17 12:02:26.362 55 INFO eventlet.wsgi.server [-] 169.254.169.254, "GET / HTTP/1.1" status: 404 len: 176 time: 0.0019293
2026-07-17 12:04:58.609 47 INFO neutron.agent.ovn.metadata.agent [-] Port 040a26e8-d5a0-48bb-a430-598269c39082 in datapath 11b5ee09-69a0-4e90-af54-42b7d1ffdd93 bound to our chassis
2026-07-17 12:04:58.612 47 INFO neutron.agent.ovn.metadata.agent [-] Provisioning metadata for network 11b5ee09-69a0-4e90-af54-42b7d1ffdd93
2026-07-17 12:04:59.002 47 WARNING oslo_rootwrap.client [-] Leaving behind already spawned process with pid 132, root should kill it if it's still there (I can't)
2026-07-17 12:04:59.329 47 INFO oslo_rootwrap.client [-] Spawned new rootwrap daemon process with pid=234
2026-07-17 12:05:01.085 47 INFO neutron.agent.ovn.metadata.agent [-] Port a84b7bb6-0417-40d9-bd14-5680fa8ac5d2 in datapath a11aad7e-41cc-40a3-87ce-fa2b3d31f67a bound to our chassis
2026-07-17 12:05:01.087 47 INFO neutron.agent.ovn.metadata.agent [-] Provisioning metadata for network a11aad7e-41cc-40a3-87ce-fa2b3d31f67a
2026-07-17 12:05:04.655 47 INFO neutron.agent.ovn.metadata.agent [-] Port a84b7bb6-0417-40d9-bd14-5680fa8ac5d2 in datapath a11aad7e-41cc-40a3-87ce-fa2b3d31f67a unbound from our chassis
2026-07-17 12:05:04.658 47 INFO neutron.agent.ovn.metadata.agent [-] Cleaning up ovnmeta-a11aad7e-41cc-40a3-87ce-fa2b3d31f67a namespace which is not needed anymore
2026-07-17 12:05:11.087 55 INFO eventlet.wsgi.server [-] 10.100.0.6, "GET /2009-04-04/meta-data/instance-id HTTP/1.1" status: 200 len: 146 time: 1.0368974
2026-07-17 12:05:11.120 56 INFO eventlet.wsgi.server [-] 10.100.0.6, "GET /2009-04-04/meta-data/public-keys HTTP/1.1" status: 200 len: 164 time: 0.0235002
2026-07-17 12:05:11.140 56 INFO eventlet.wsgi.server [-] 10.100.0.6, "GET /2009-04-04/meta-data/public-keys/0/openssh-key HTTP/1.1" status: 200 len: 341 time: 0.0151150
2026-07-17 12:05:11.158 56 INFO eventlet.wsgi.server [-] 10.100.0.6, "GET /2009-04-04/meta-data/instance-id HTTP/1.1" status: 200 len: 146 time: 0.0129619
2026-07-17 12:05:11.176 56 INFO eventlet.wsgi.server [-] 10.100.0.6, "GET /2009-04-04/meta-data/ami-launch-index HTTP/1.1" status: 200 len: 136 time: 0.0114708
2026-07-17 12:05:11.205 56 INFO eventlet.wsgi.server [-] 10.100.0.6, "GET /2009-04-04/meta-data/instance-type HTTP/1.1" status: 200 len: 142 time: 0.0186610
2026-07-17 12:05:11.232 56 INFO eventlet.wsgi.server [-] 10.100.0.6, "GET /2009-04-04/meta-data/local-ipv4 HTTP/1.1" status: 200 len: 146 time: 0.0154200
2026-07-17 12:05:11.250 56 INFO eventlet.wsgi.server [-] 10.100.0.6, "GET /2009-04-04/meta-data/public-ipv4 HTTP/1.1" status: 200 len: 149 time: 0.0122921
2026-07-17 12:05:11.265 56 INFO eventlet.wsgi.server [-] 10.100.0.6, "GET /2009-04-04/meta-data/hostname HTTP/1.1" status: 200 len: 193 time: 0.0094190
2026-07-17 12:05:11.278 56 INFO eventlet.wsgi.server [-] 10.100.0.6, "GET /2009-04-04/meta-data/local-hostname HTTP/1.1" status: 200 len: 193 time: 0.0075569
2026-07-17 12:05:11.309 56 INFO eventlet.wsgi.server [-] 10.100.0.6, "GET /2009-04-04/user-data HTTP/1.1" status: 200 len: 231 time: 0.0092218
2026-07-17 12:05:11.324 56 INFO eventlet.wsgi.server [-] 10.100.0.6, "GET /2009-04-04/meta-data/block-device-mapping HTTP/1.1" status: 200 len: 143 time: 0.0083458
2026-07-17 12:05:11.339 56 INFO eventlet.wsgi.server [-] 10.100.0.6, "GET /2009-04-04/meta-data/block-device-mapping/ami HTTP/1.1" status: 200 len: 138 time: 0.0101535
2026-07-17 12:05:11.359 56 INFO eventlet.wsgi.server [-] 10.100.0.6, "GET /2009-04-04/meta-data/block-device-mapping/root HTTP/1.1" status: 200 len: 143 time: 0.0149059
2026-07-17 12:05:11.377 55 INFO eventlet.wsgi.server [-] 10.100.0.6, "GET /2009-04-04/meta-data/public-hostname HTTP/1.1" status: 200 len: 193 time: 0.0112650
2026-07-17 12:05:11.401 55 INFO eventlet.wsgi.server [-] 10.100.0.6, "GET /2009-04-04/meta-data/placement/availability-zone HTTP/1.1" status: 200 len: 139 time: 0.0152695
2026-07-17 12:05:13.073 47 INFO neutron.agent.ovn.metadata.agent [-] Port 669ff77d-2ce9-4ff7-a90c-a24c6ffad1b7 in datapath 1d3f6a67-82a0-4a3e-b43f-fd4ef2cbb0b6 bound to our chassis
2026-07-17 12:05:13.076 47 INFO neutron.agent.ovn.metadata.agent [-] Provisioning metadata for network 1d3f6a67-82a0-4a3e-b43f-fd4ef2cbb0b6
2026-07-17 12:05:13.947 47 INFO neutron.agent.ovn.metadata.agent [-] Port 09739dac-eca5-40c4-91af-8837e49a8a8b in datapath a90e3cba-379c-4491-8266-978fdb8be063 bound to our chassis
2026-07-17 12:05:13.950 47 INFO neutron.agent.ovn.metadata.agent [-] Provisioning metadata for network a90e3cba-379c-4491-8266-978fdb8be063
2026-07-17 12:05:15.141 47 INFO neutron.agent.ovn.metadata.agent [-] Port 669ff77d-2ce9-4ff7-a90c-a24c6ffad1b7 in datapath 1d3f6a67-82a0-4a3e-b43f-fd4ef2cbb0b6 unbound from our chassis
2026-07-17 12:05:15.148 47 INFO neutron.agent.ovn.metadata.agent [-] Cleaning up ovnmeta-1d3f6a67-82a0-4a3e-b43f-fd4ef2cbb0b6 namespace which is not needed anymore
2026-07-17 12:05:19.280 47 INFO neutron.agent.ovn.metadata.agent [-] Port 040a26e8-d5a0-48bb-a430-598269c39082 in datapath 11b5ee09-69a0-4e90-af54-42b7d1ffdd93 unbound from our chassis
2026-07-17 12:05:19.282 47 INFO neutron.agent.ovn.metadata.agent [-] Cleaning up ovnmeta-11b5ee09-69a0-4e90-af54-42b7d1ffdd93 namespace which is not needed anymore
2026-07-17 12:05:19.907 47 INFO neutron.agent.ovn.metadata.agent [-] Port 040a26e8-d5a0-48bb-a430-598269c39082 in datapath 11b5ee09-69a0-4e90-af54-42b7d1ffdd93 bound to our chassis
2026-07-17 12:05:19.909 47 INFO neutron.agent.ovn.metadata.agent [-] Provisioning metadata for network 11b5ee09-69a0-4e90-af54-42b7d1ffdd93
2026-07-17 12:05:26.972 47 INFO neutron.agent.ovn.metadata.agent [-] Port c583a623-1011-47a3-ac25-405c32ad1717 in datapath c28c8846-a033-420e-8f95-fbc4fc2cfdad bound to our chassis
2026-07-17 12:05:26.973 47 INFO neutron.agent.ovn.metadata.agent [-] Provisioning metadata for network c28c8846-a033-420e-8f95-fbc4fc2cfdad
2026-07-17 12:05:28.117 55 INFO eventlet.wsgi.server [-] 10.100.0.5, "GET /2009-04-04/meta-data/instance-id HTTP/1.1" status: 200 len: 146 time: 0.1835203
2026-07-17 12:05:28.142 55 INFO eventlet.wsgi.server [-] 10.100.0.5, "GET /2009-04-04/meta-data/public-keys HTTP/1.1" status: 200 len: 164 time: 0.0133817
2026-07-17 12:05:28.157 56 INFO eventlet.wsgi.server [-] 10.100.0.5, "GET /2009-04-04/meta-data/public-keys/0/openssh-key HTTP/1.1" status: 200 len: 341 time: 0.0090902
2026-07-17 12:05:28.176 55 INFO eventlet.wsgi.server [-] 10.100.0.5, "GET /2009-04-04/meta-data/instance-id HTTP/1.1" status: 200 len: 146 time: 0.0104790
2026-07-17 12:05:28.191 55 INFO eventlet.wsgi.server [-] 10.100.0.5, "GET /2009-04-04/meta-data/ami-launch-index HTTP/1.1" status: 200 len: 136 time: 0.0086641
2026-07-17 12:05:28.210 55 INFO eventlet.wsgi.server [-] 10.100.0.5, "GET /2009-04-04/meta-data/instance-type HTTP/1.1" status: 200 len: 142 time: 0.0139394
2026-07-17 12:05:28.229 55 INFO eventlet.wsgi.server [-] 10.100.0.5, "GET /2009-04-04/meta-data/local-ipv4 HTTP/1.1" status: 200 len: 146 time: 0.0100884
2026-07-17 12:05:28.245 55 INFO eventlet.wsgi.server [-] 10.100.0.5, "GET /2009-04-04/meta-data/public-ipv4 HTTP/1.1" status: 200 len: 149 time: 0.0096207
2026-07-17 12:05:28.259 55 INFO eventlet.wsgi.server [-] 10.100.0.5, "GET /2009-04-04/meta-data/hostname HTTP/1.1" status: 200 len: 200 time: 0.0080619
2026-07-17 12:05:28.274 55 INFO eventlet.wsgi.server [-] 10.100.0.5, "GET /2009-04-04/meta-data/local-hostname HTTP/1.1" status: 200 len: 200 time: 0.0079582
2026-07-17 12:05:28.290 55 INFO eventlet.wsgi.server [-] 10.100.0.5, "GET /2009-04-04/user-data HTTP/1.1" status: 200 len: 231 time: 0.0112276
2026-07-17 12:05:28.342 56 INFO eventlet.wsgi.server [-] 10.100.0.5, "GET /2009-04-04/meta-data/block-device-mapping HTTP/1.1" status: 200 len: 143 time: 0.0086861
2026-07-17 12:05:28.356 56 INFO eventlet.wsgi.server [-] 10.100.0.5, "GET /2009-04-04/meta-data/block-device-mapping/ami HTTP/1.1" status: 200 len: 138 time: 0.0101597
2026-07-17 12:05:28.369 56 INFO eventlet.wsgi.server [-] 10.100.0.5, "GET /2009-04-04/meta-data/block-device-mapping/root HTTP/1.1" status: 200 len: 143 time: 0.0100303
2026-07-17 12:05:28.382 56 INFO eventlet.wsgi.server [-] 10.100.0.5, "GET /2009-04-04/meta-data/public-hostname HTTP/1.1" status: 200 len: 200 time: 0.0090239
2026-07-17 12:05:28.396 56 INFO eventlet.wsgi.server [-] 10.100.0.5, "GET /2009-04-04/meta-data/placement/availability-zone HTTP/1.1" status: 200 len: 139 time: 0.0097532
2026-07-17 12:05:30.371 47 INFO neutron.agent.ovn.metadata.agent [-] Port c583a623-1011-47a3-ac25-405c32ad1717 in datapath c28c8846-a033-420e-8f95-fbc4fc2cfdad unbound from our chassis
2026-07-17 12:05:30.375 47 INFO neutron.agent.ovn.metadata.agent [-] Cleaning up ovnmeta-c28c8846-a033-420e-8f95-fbc4fc2cfdad namespace which is not needed anymore
2026-07-17 12:05:32.505 56 INFO eventlet.wsgi.server [-] 10.100.0.6, "GET /2009-04-04/meta-data/instance-id HTTP/1.1" status: 200 len: 146 time: 0.1589549
2026-07-17 12:05:32.527 56 INFO eventlet.wsgi.server [-] 10.100.0.6, "GET /2009-04-04/meta-data/public-keys HTTP/1.1" status: 200 len: 164 time: 0.0104649
2026-07-17 12:05:32.543 56 INFO eventlet.wsgi.server [-] 10.100.0.6, "GET /2009-04-04/meta-data/public-keys/0/openssh-key HTTP/1.1" status: 200 len: 341 time: 0.0106635
2026-07-17 12:05:32.562 56 INFO eventlet.wsgi.server [-] 10.100.0.6, "GET /2009-04-04/meta-data/instance-id HTTP/1.1" status: 200 len: 146 time: 0.0106528
2026-07-17 12:05:32.581 56 INFO eventlet.wsgi.server [-] 10.100.0.6, "GET /2009-04-04/meta-data/ami-launch-index HTTP/1.1" status: 200 len: 136 time: 0.0115590
2026-07-17 12:05:32.598 56 INFO eventlet.wsgi.server [-] 10.100.0.6, "GET /2009-04-04/meta-data/instance-type HTTP/1.1" status: 200 len: 142 time: 0.0092833
2026-07-17 12:05:32.614 56 INFO eventlet.wsgi.server [-] 10.100.0.6, "GET /2009-04-04/meta-data/local-ipv4 HTTP/1.1" status: 200 len: 146 time: 0.0102484
2026-07-17 12:05:32.633 55 INFO eventlet.wsgi.server [-] 10.100.0.6, "GET /2009-04-04/meta-data/public-ipv4 HTTP/1.1" status: 200 len: 149 time: 0.0116107
2026-07-17 12:05:32.651 55 INFO eventlet.wsgi.server [-] 10.100.0.6, "GET /2009-04-04/meta-data/hostname HTTP/1.1" status: 200 len: 193 time: 0.0109386
2026-07-17 12:05:32.672 56 INFO eventlet.wsgi.server [-] 10.100.0.6, "GET /2009-04-04/meta-data/local-hostname HTTP/1.1" status: 200 len: 193 time: 0.0126092
2026-07-17 12:05:32.693 56 INFO eventlet.wsgi.server [-] 10.100.0.6, "GET /2009-04-04/user-data HTTP/1.1" status: 200 len: 231 time: 0.0147393
2026-07-17 12:05:32.730 56 INFO eventlet.wsgi.server [-] 10.100.0.6, "GET /2009-04-04/meta-data/block-device-mapping HTTP/1.1" status: 200 len: 143 time: 0.0132287
2026-07-17 12:05:32.746 56 INFO eventlet.wsgi.server [-] 10.100.0.6, "GET /2009-04-04/meta-data/block-device-mapping/ami HTTP/1.1" status: 200 len: 138 time: 0.0091951
2026-07-17 12:05:32.762 56 INFO eventlet.wsgi.server [-] 10.100.0.6, "GET /2009-04-04/meta-data/block-device-mapping/root HTTP/1.1" status: 200 len: 143 time: 0.0113037
2026-07-17 12:05:32.779 56 INFO eventlet.wsgi.server [-] 10.100.0.6, "GET /2009-04-04/meta-data/public-hostname HTTP/1.1" status: 200 len: 193 time: 0.0108130
2026-07-17 12:05:32.797 55 INFO eventlet.wsgi.server [-] 10.100.0.6, "GET /2009-04-04/meta-data/placement/availability-zone HTTP/1.1" status: 200 len: 139 time: 0.0116036
2026-07-17 12:05:36.372 56 ERROR neutron.agent.ovn.metadata.server [-] No port found in network None with IP address 169.254.169.254
2026-07-17 12:05:36.373 56 INFO eventlet.wsgi.server [-] 169.254.169.254, "GET / HTTP/1.1" status: 404 len: 176 time: 0.0026081
2026-07-17 12:05:36.800 47 INFO neutron.agent.ovn.metadata.agent [-] Port 040a26e8-d5a0-48bb-a430-598269c39082 in datapath 11b5ee09-69a0-4e90-af54-42b7d1ffdd93 unbound from our chassis
2026-07-17 12:05:36.804 47 INFO neutron.agent.ovn.metadata.agent [-] Cleaning up ovnmeta-11b5ee09-69a0-4e90-af54-42b7d1ffdd93 namespace which is not needed anymore
2026-07-17 12:05:39.362 47 INFO neutron.agent.ovn.metadata.agent [-] Port 09739dac-eca5-40c4-91af-8837e49a8a8b in datapath a90e3cba-379c-4491-8266-978fdb8be063 unbound from our chassis
2026-07-17 12:05:39.373 47 INFO neutron.agent.ovn.metadata.agent [-] Cleaning up ovnmeta-a90e3cba-379c-4491-8266-978fdb8be063 namespace which is not needed anymore
2026-07-17 12:05:59.827 47 INFO neutron.agent.ovn.metadata.agent [-] Port 53d58e85-4728-4907-a61a-a5ba2633a7fa in datapath 99f1b473-22f0-47bd-9111-c7d418f5019c bound to our chassis
2026-07-17 12:05:59.829 47 INFO neutron.agent.ovn.metadata.agent [-] Provisioning metadata for network 99f1b473-22f0-47bd-9111-c7d418f5019c
2026-07-17 12:06:03.461 47 INFO neutron.agent.ovn.metadata.agent [-] Port 53d58e85-4728-4907-a61a-a5ba2633a7fa in datapath 99f1b473-22f0-47bd-9111-c7d418f5019c unbound from our chassis
2026-07-17 12:06:03.465 47 INFO neutron.agent.ovn.metadata.agent [-] Cleaning up ovnmeta-99f1b473-22f0-47bd-9111-c7d418f5019c namespace which is not needed anymore
2026-07-17 12:07:12.050 47 INFO neutron.agent.ovn.metadata.agent [-] Port 497e4780-ca45-4627-99b5-524f842e9c39 in datapath c98ccfcd-ac03-48fb-89c5-304e75c6ce50 bound to our chassis
2026-07-17 12:07:12.052 47 INFO neutron.agent.ovn.metadata.agent [-] Provisioning metadata for network c98ccfcd-ac03-48fb-89c5-304e75c6ce50
2026-07-17 12:07:14.118 47 INFO neutron.agent.ovn.metadata.agent [-] Port 497e4780-ca45-4627-99b5-524f842e9c39 in datapath c98ccfcd-ac03-48fb-89c5-304e75c6ce50 unbound from our chassis
2026-07-17 12:07:14.123 47 INFO neutron.agent.ovn.metadata.agent [-] Cleaning up ovnmeta-c98ccfcd-ac03-48fb-89c5-304e75c6ce50 namespace which is not needed anymore
2026-07-17 12:07:36.329 55 ERROR neutron.agent.ovn.metadata.server [-] No port found in network None with IP address 169.254.169.254
2026-07-17 12:07:36.329 55 INFO eventlet.wsgi.server [-] 169.254.169.254, "GET / HTTP/1.1" status: 404 len: 176 time: 0.0008588
2026-07-17 12:07:59.094 47 INFO neutron.agent.ovn.metadata.agent [-] Port 5ce9e4a5-c92d-492b-9f4e-392d469ceeee in datapath 3458a925-bcd3-494f-8e5c-8e4275924cad bound to our chassis
2026-07-17 12:07:59.099 47 INFO neutron.agent.ovn.metadata.agent [-] Provisioning metadata for network 3458a925-bcd3-494f-8e5c-8e4275924cad
2026-07-17 12:08:04.481 47 INFO neutron.agent.ovn.metadata.agent [-] Port 5b4165d0-6949-46ef-8263-0f8f9a8ae8f0 in datapath 7ce3a0c2-7723-42e6-9ca6-794b89bb4cce bound to our chassis
2026-07-17 12:08:04.483 47 INFO neutron.agent.ovn.metadata.agent [-] Provisioning metadata for network 7ce3a0c2-7723-42e6-9ca6-794b89bb4cce
2026-07-17 12:08:15.962 55 INFO eventlet.wsgi.server [-] 10.100.0.13, "GET /2009-04-04/meta-data/instance-id HTTP/1.1" status: 200 len: 146 time: 1.0270228
2026-07-17 12:08:15.990 55 INFO eventlet.wsgi.server [-] 10.100.0.13, "GET /2009-04-04/meta-data/public-keys HTTP/1.1" status: 200 len: 176 time: 0.0163829
2026-07-17 12:08:16.008 55 INFO eventlet.wsgi.server [-] 10.100.0.13, "GET /2009-04-04/meta-data/public-keys/0/openssh-key HTTP/1.1" status: 200 len: 341 time: 0.0110834
2026-07-17 12:08:16.023 55 INFO eventlet.wsgi.server [-] 10.100.0.13, "GET /2009-04-04/meta-data/instance-id HTTP/1.1" status: 200 len: 146 time: 0.0074649
2026-07-17 12:08:16.036 55 INFO eventlet.wsgi.server [-] 10.100.0.13, "GET /2009-04-04/meta-data/ami-launch-index HTTP/1.1" status: 200 len: 136 time: 0.0082958
2026-07-17 12:08:16.054 56 INFO eventlet.wsgi.server [-] 10.100.0.13, "GET /2009-04-04/meta-data/instance-type HTTP/1.1" status: 200 len: 142 time: 0.0118420
2026-07-17 12:08:16.065 56 INFO eventlet.wsgi.server [-] 10.100.0.13, "GET /2009-04-04/meta-data/local-ipv4 HTTP/1.1" status: 200 len: 147 time: 0.0070665
2026-07-17 12:08:16.082 56 INFO eventlet.wsgi.server [-] 10.100.0.13, "GET /2009-04-04/meta-data/public-ipv4 HTTP/1.1" status: 200 len: 149 time: 0.0106533
2026-07-17 12:08:16.094 56 INFO eventlet.wsgi.server [-] 10.100.0.13, "GET /2009-04-04/meta-data/hostname HTTP/1.1" status: 200 len: 191 time: 0.0076640
2026-07-17 12:08:16.116 55 INFO eventlet.wsgi.server [-] 10.100.0.13, "GET /2009-04-04/meta-data/local-hostname HTTP/1.1" status: 200 len: 191 time: 0.0132840
2026-07-17 12:08:16.134 55 INFO eventlet.wsgi.server [-] 10.100.0.13, "GET /2009-04-04/user-data HTTP/1.1" status: 404 len: 297 time: 0.0116694
2026-07-17 12:08:16.163 56 INFO eventlet.wsgi.server [-] 10.100.0.13, "GET /2009-04-04/meta-data/block-device-mapping HTTP/1.1" status: 200 len: 143 time: 0.0104587
2026-07-17 12:08:16.183 55 INFO eventlet.wsgi.server [-] 10.100.0.13, "GET /2009-04-04/meta-data/block-device-mapping/ami HTTP/1.1" status: 200 len: 138 time: 0.0136020
2026-07-17 12:08:16.198 56 INFO eventlet.wsgi.server [-] 10.100.0.13, "GET /2009-04-04/meta-data/block-device-mapping/root HTTP/1.1" status: 200 len: 143 time: 0.0114925
2026-07-17 12:08:16.220 55 INFO eventlet.wsgi.server [-] 10.100.0.13, "GET /2009-04-04/meta-data/public-hostname HTTP/1.1" status: 200 len: 191 time: 0.0138762
2026-07-17 12:08:16.237 55 INFO eventlet.wsgi.server [-] 10.100.0.13, "GET /2009-04-04/meta-data/placement/availability-zone HTTP/1.1" status: 200 len: 139 time: 0.0113542
2026-07-17 12:08:24.081 56 INFO eventlet.wsgi.server [-] 10.100.0.7, "GET /latest/meta-data/public-ipv4 HTTP/1.1" status: 200 len: 149 time: 0.1516552
2026-07-17 12:08:24.330 56 INFO eventlet.wsgi.server [-] 10.100.0.7, "POST /openstack/2013-10-17/password HTTP/1.1" status: 200 len: 134 time: 0.1719284
2026-07-17 12:08:26.117 47 INFO neutron.agent.ovn.metadata.agent [-] Port 5b4165d0-6949-46ef-8263-0f8f9a8ae8f0 in datapath 7ce3a0c2-7723-42e6-9ca6-794b89bb4cce unbound from our chassis
2026-07-17 12:08:26.121 47 INFO neutron.agent.ovn.metadata.agent [-] Cleaning up ovnmeta-7ce3a0c2-7723-42e6-9ca6-794b89bb4cce namespace which is not needed anymore
2026-07-17 12:08:26.509 47 INFO neutron.agent.ovn.metadata.agent [-] Port 1d44a4a4-9543-4e63-ba4c-0bd7d13037a7 in datapath 3458a925-bcd3-494f-8e5c-8e4275924cad bound to our chassis
2026-07-17 12:08:26.512 47 INFO neutron.agent.ovn.metadata.agent [-] Provisioning metadata for network 3458a925-bcd3-494f-8e5c-8e4275924cad
2026-07-17 12:08:40.083 55 INFO eventlet.wsgi.server [-] 10.100.0.6, "GET /2009-04-04/meta-data/instance-id HTTP/1.1" status: 200 len: 146 time: 0.1259682
2026-07-17 12:08:40.104 55 INFO eventlet.wsgi.server [-] 10.100.0.6, "GET /2009-04-04/meta-data/public-keys HTTP/1.1" status: 200 len: 175 time: 0.0089412
2026-07-17 12:08:40.122 55 INFO eventlet.wsgi.server [-] 10.100.0.6, "GET /2009-04-04/meta-data/public-keys/0/openssh-key HTTP/1.1" status: 200 len: 341 time: 0.0098350
2026-07-17 12:08:40.138 55 INFO eventlet.wsgi.server [-] 10.100.0.6, "GET /2009-04-04/meta-data/instance-id HTTP/1.1" status: 200 len: 146 time: 0.0109870
2026-07-17 12:08:40.152 55 INFO eventlet.wsgi.server [-] 10.100.0.6, "GET /2009-04-04/meta-data/ami-launch-index HTTP/1.1" status: 200 len: 136 time: 0.0083537
2026-07-17 12:08:40.168 56 INFO eventlet.wsgi.server [-] 10.100.0.6, "GET /2009-04-04/meta-data/instance-type HTTP/1.1" status: 200 len: 142 time: 0.0103774
2026-07-17 12:08:40.190 56 INFO eventlet.wsgi.server [-] 10.100.0.6, "GET /2009-04-04/meta-data/local-ipv4 HTTP/1.1" status: 200 len: 146 time: 0.0167811
2026-07-17 12:08:40.206 55 INFO eventlet.wsgi.server [-] 10.100.0.6, "GET /2009-04-04/meta-data/public-ipv4 HTTP/1.1" status: 200 len: 149 time: 0.0106993
2026-07-17 12:08:40.223 55 INFO eventlet.wsgi.server [-] 10.100.0.6, "GET /2009-04-04/meta-data/hostname HTTP/1.1" status: 200 len: 190 time: 0.0106072
2026-07-17 12:08:40.237 55 INFO eventlet.wsgi.server [-] 10.100.0.6, "GET /2009-04-04/meta-data/local-hostname HTTP/1.1" status: 200 len: 190 time: 0.0097303
2026-07-17 12:08:40.255 56 INFO eventlet.wsgi.server [-] 10.100.0.6, "GET /2009-04-04/user-data HTTP/1.1" status: 404 len: 297 time: 0.0096612
2026-07-17 12:08:40.278 55 INFO eventlet.wsgi.server [-] 10.100.0.6, "GET /2009-04-04/meta-data/block-device-mapping HTTP/1.1" status: 200 len: 143 time: 0.0101111
2026-07-17 12:08:40.293 55 INFO eventlet.wsgi.server [-] 10.100.0.6, "GET /2009-04-04/meta-data/block-device-mapping/ami HTTP/1.1" status: 200 len: 138 time: 0.0084271
2026-07-17 12:08:40.306 55 INFO eventlet.wsgi.server [-] 10.100.0.6, "GET /2009-04-04/meta-data/block-device-mapping/root HTTP/1.1" status: 200 len: 143 time: 0.0092077
2026-07-17 12:08:40.320 55 INFO eventlet.wsgi.server [-] 10.100.0.6, "GET /2009-04-04/meta-data/public-hostname HTTP/1.1" status: 200 len: 190 time: 0.0086944
2026-07-17 12:08:40.333 55 INFO eventlet.wsgi.server [-] 10.100.0.6, "GET /2009-04-04/meta-data/placement/availability-zone HTTP/1.1" status: 200 len: 139 time: 0.0094769
2026-07-17 12:08:42.434 47 INFO neutron.agent.ovn.metadata.agent [-] Port 1d44a4a4-9543-4e63-ba4c-0bd7d13037a7 in datapath 3458a925-bcd3-494f-8e5c-8e4275924cad unbound from our chassis
2026-07-17 12:08:42.436 47 INFO neutron.agent.ovn.metadata.agent [-] Provisioning metadata for network 3458a925-bcd3-494f-8e5c-8e4275924cad
2026-07-17 12:08:44.599 47 INFO neutron.agent.ovn.metadata.agent [-] Port 5ce9e4a5-c92d-492b-9f4e-392d469ceeee in datapath 3458a925-bcd3-494f-8e5c-8e4275924cad unbound from our chassis
2026-07-17 12:08:44.603 47 INFO neutron.agent.ovn.metadata.agent [-] Cleaning up ovnmeta-3458a925-bcd3-494f-8e5c-8e4275924cad namespace which is not needed anymore
2026-07-17 12:08:46.347 56 ERROR neutron.agent.ovn.metadata.server [-] No port found in network None with IP address 169.254.169.254
2026-07-17 12:08:46.348 56 INFO eventlet.wsgi.server [-] 169.254.169.254, "GET / HTTP/1.1" status: 404 len: 176 time: 0.0017595
2026-07-17 12:10:01.007 47 INFO neutron.agent.ovn.metadata.agent [-] Port 391c6028-c1bb-43c0-b4d0-d4804faa2c32 in datapath f3b93084-5269-411d-ac25-c2217453eed8 bound to our chassis
2026-07-17 12:10:01.009 47 INFO neutron.agent.ovn.metadata.agent [-] Provisioning metadata for network f3b93084-5269-411d-ac25-c2217453eed8
2026-07-17 12:10:08.025 47 INFO neutron.agent.ovn.metadata.agent [-] Port 1398e76c-1f47-47e1-bcb2-c9214efc8129 in datapath 12b030bd-42c1-43e6-86a6-2d15965dee76 bound to our chassis
2026-07-17 12:10:08.027 47 INFO neutron.agent.ovn.metadata.agent [-] Provisioning metadata for network 12b030bd-42c1-43e6-86a6-2d15965dee76
2026-07-17 12:10:13.933 55 INFO eventlet.wsgi.server [-] 10.2.1.11, "GET /2009-04-04/meta-data/instance-id HTTP/1.1" status: 200 len: 146 time: 0.2613111
2026-07-17 12:10:13.988 55 INFO eventlet.wsgi.server [-] 10.2.1.11, "GET /2009-04-04/meta-data/public-keys HTTP/1.1" status: 200 len: 174 time: 0.0434623
2026-07-17 12:10:14.001 55 INFO eventlet.wsgi.server [-] 10.2.1.11, "GET /2009-04-04/meta-data/public-keys/0/openssh-key HTTP/1.1" status: 200 len: 341 time: 0.0088634
2026-07-17 12:10:14.015 55 INFO eventlet.wsgi.server [-] 10.2.1.11, "GET /2009-04-04/meta-data/instance-id HTTP/1.1" status: 200 len: 146 time: 0.0072079
2026-07-17 12:10:14.032 56 INFO eventlet.wsgi.server [-] 10.2.1.11, "GET /2009-04-04/meta-data/ami-launch-index HTTP/1.1" status: 200 len: 136 time: 0.0114794
2026-07-17 12:10:14.048 56 INFO eventlet.wsgi.server [-] 10.2.1.11, "GET /2009-04-04/meta-data/instance-type HTTP/1.1" status: 200 len: 142 time: 0.0090115
2026-07-17 12:10:14.065 56 INFO eventlet.wsgi.server [-] 10.2.1.11, "GET /2009-04-04/meta-data/local-ipv4 HTTP/1.1" status: 200 len: 144 time: 0.0091398
2026-07-17 12:10:14.079 56 INFO eventlet.wsgi.server [-] 10.2.1.11, "GET /2009-04-04/meta-data/public-ipv4 HTTP/1.1" status: 200 len: 149 time: 0.0075586
2026-07-17 12:10:14.095 56 INFO eventlet.wsgi.server [-] 10.2.1.11, "GET /2009-04-04/meta-data/hostname HTTP/1.1" status: 200 len: 184 time: 0.0107510
2026-07-17 12:10:14.114 56 INFO eventlet.wsgi.server [-] 10.2.1.11, "GET /2009-04-04/meta-data/local-hostname HTTP/1.1" status: 200 len: 184 time: 0.0099521
2026-07-17 12:10:14.133 56 INFO eventlet.wsgi.server [-] 10.2.1.11, "GET /2009-04-04/user-data HTTP/1.1" status: 404 len: 297 time: 0.0100644
2026-07-17 12:10:14.176 56 INFO eventlet.wsgi.server [-] 10.2.1.11, "GET /2009-04-04/meta-data/block-device-mapping HTTP/1.1" status: 200 len: 143 time: 0.0121198
2026-07-17 12:10:14.191 56 INFO eventlet.wsgi.server [-] 10.2.1.11, "GET /2009-04-04/meta-data/block-device-mapping/ami HTTP/1.1" status: 200 len: 138 time: 0.0095000
2026-07-17 12:10:14.205 56 INFO eventlet.wsgi.server [-] 10.2.1.11, "GET /2009-04-04/meta-data/block-device-mapping/root HTTP/1.1" status: 200 len: 143 time: 0.0096114
2026-07-17 12:10:14.219 56 INFO eventlet.wsgi.server [-] 10.2.1.11, "GET /2009-04-04/meta-data/public-hostname HTTP/1.1" status: 200 len: 184 time: 0.0085683
2026-07-17 12:10:14.234 56 INFO eventlet.wsgi.server [-] 10.2.1.11, "GET /2009-04-04/meta-data/placement/availability-zone HTTP/1.1" status: 200 len: 139 time: 0.0110228
2026-07-17 12:10:19.690 55 INFO eventlet.wsgi.server [-] 10.2.2.76, "GET /2009-04-04/meta-data/instance-id HTTP/1.1" status: 200 len: 146 time: 0.1320453
2026-07-17 12:10:19.712 55 INFO eventlet.wsgi.server [-] 10.2.2.76, "GET /2009-04-04/meta-data/public-keys HTTP/1.1" status: 200 len: 174 time: 0.0099277
2026-07-17 12:10:19.727 55 INFO eventlet.wsgi.server [-] 10.2.2.76, "GET /2009-04-04/meta-data/public-keys/0/openssh-key HTTP/1.1" status: 200 len: 341 time: 0.0101991
2026-07-17 12:10:19.744 55 INFO eventlet.wsgi.server [-] 10.2.2.76, "GET /2009-04-04/meta-data/instance-id HTTP/1.1" status: 200 len: 146 time: 0.0104485
2026-07-17 12:10:19.757 55 INFO eventlet.wsgi.server [-] 10.2.2.76, "GET /2009-04-04/meta-data/ami-launch-index HTTP/1.1" status: 200 len: 136 time: 0.0072861
2026-07-17 12:10:19.768 55 INFO eventlet.wsgi.server [-] 10.2.2.76, "GET /2009-04-04/meta-data/instance-type HTTP/1.1" status: 200 len: 142 time: 0.0072465
2026-07-17 12:10:19.779 55 INFO eventlet.wsgi.server [-] 10.2.2.76, "GET /2009-04-04/meta-data/local-ipv4 HTTP/1.1" status: 200 len: 144 time: 0.0067918
2026-07-17 12:10:19.793 55 INFO eventlet.wsgi.server [-] 10.2.2.76, "GET /2009-04-04/meta-data/public-ipv4 HTTP/1.1" status: 200 len: 149 time: 0.0097370
2026-07-17 12:10:19.805 55 INFO eventlet.wsgi.server [-] 10.2.2.76, "GET /2009-04-04/meta-data/hostname HTTP/1.1" status: 200 len: 185 time: 0.0077033
2026-07-17 12:10:19.821 55 INFO eventlet.wsgi.server [-] 10.2.2.76, "GET /2009-04-04/meta-data/local-hostname HTTP/1.1" status: 200 len: 185 time: 0.0114439
2026-07-17 12:10:19.834 55 INFO eventlet.wsgi.server [-] 10.2.2.76, "GET /2009-04-04/user-data HTTP/1.1" status: 404 len: 297 time: 0.0081110
2026-07-17 12:10:19.872 56 INFO eventlet.wsgi.server [-] 10.2.2.76, "GET /2009-04-04/meta-data/block-device-mapping HTTP/1.1" status: 200 len: 143 time: 0.0115428
2026-07-17 12:10:19.886 56 INFO eventlet.wsgi.server [-] 10.2.2.76, "GET /2009-04-04/meta-data/block-device-mapping/ami HTTP/1.1" status: 200 len: 138 time: 0.0083008
2026-07-17 12:10:19.899 56 INFO eventlet.wsgi.server [-] 10.2.2.76, "GET /2009-04-04/meta-data/block-device-mapping/root HTTP/1.1" status: 200 len: 143 time: 0.0089543
2026-07-17 12:10:19.918 56 INFO eventlet.wsgi.server [-] 10.2.2.76, "GET /2009-04-04/meta-data/public-hostname HTTP/1.1" status: 200 len: 185 time: 0.0091369
2026-07-17 12:10:19.934 56 INFO eventlet.wsgi.server [-] 10.2.2.76, "GET /2009-04-04/meta-data/placement/availability-zone HTTP/1.1" status: 200 len: 139 time: 0.0087659
2026-07-17 12:10:37.758 47 INFO neutron.agent.ovn.metadata.agent [-] Port bc84fa31-8d92-46f8-94e8-3550c5bf6229 in datapath 6fa7bced-b086-4a82-9641-f9a7ed089117 bound to our chassis
2026-07-17 12:10:37.760 47 INFO neutron.agent.ovn.metadata.agent [-] Provisioning metadata for network 6fa7bced-b086-4a82-9641-f9a7ed089117
2026-07-17 12:11:15.683 47 INFO neutron.agent.ovn.metadata.agent [-] Port 206154c6-6bc7-43a4-9dd2-f3191f64a80a in datapath 91c3913a-abba-440f-b2c5-16275a49f2a5 bound to our chassis
2026-07-17 12:11:15.685 47 INFO neutron.agent.ovn.metadata.agent [-] Provisioning metadata for network 91c3913a-abba-440f-b2c5-16275a49f2a5
2026-07-17 12:11:41.520 47 INFO neutron.agent.ovn.metadata.agent [-] Port 675fef3b-eae8-4d44-9a28-dfe07879cd9d in datapath f3b93084-5269-411d-ac25-c2217453eed8 bound to our chassis
2026-07-17 12:11:41.522 47 INFO neutron.agent.ovn.metadata.agent [-] Provisioning metadata for network f3b93084-5269-411d-ac25-c2217453eed8
2026-07-17 12:11:52.735 47 INFO neutron.agent.ovn.metadata.agent [-] Port 2124e000-5567-475b-9971-1ae1a6f4827e in datapath 12b030bd-42c1-43e6-86a6-2d15965dee76 bound to our chassis
2026-07-17 12:11:52.738 47 INFO neutron.agent.ovn.metadata.agent [-] Provisioning metadata for network 12b030bd-42c1-43e6-86a6-2d15965dee76
2026-07-17 12:11:56.368 56 ERROR neutron.agent.ovn.metadata.server [-] No port found in network None with IP address 169.254.169.254
2026-07-17 12:11:56.369 56 INFO eventlet.wsgi.server [-] 169.254.169.254, "GET / HTTP/1.1" status: 404 len: 176 time: 0.0032792
2026-07-17 12:12:04.586 47 INFO neutron.agent.ovn.metadata.agent [-] Port 2124e000-5567-475b-9971-1ae1a6f4827e in datapath 12b030bd-42c1-43e6-86a6-2d15965dee76 unbound from our chassis
2026-07-17 12:12:04.588 47 INFO neutron.agent.ovn.metadata.agent [-] Provisioning metadata for network 12b030bd-42c1-43e6-86a6-2d15965dee76
2026-07-17 12:12:10.068 47 INFO neutron.agent.ovn.metadata.agent [-] Port 675fef3b-eae8-4d44-9a28-dfe07879cd9d in datapath f3b93084-5269-411d-ac25-c2217453eed8 unbound from our chassis
2026-07-17 12:12:10.072 47 INFO neutron.agent.ovn.metadata.agent [-] Provisioning metadata for network f3b93084-5269-411d-ac25-c2217453eed8
2026-07-17 12:12:26.172 47 INFO neutron.agent.ovn.metadata.agent [-] Port 206154c6-6bc7-43a4-9dd2-f3191f64a80a in datapath 91c3913a-abba-440f-b2c5-16275a49f2a5 unbound from our chassis
2026-07-17 12:12:26.174 47 INFO neutron.agent.ovn.metadata.agent [-] Cleaning up ovnmeta-91c3913a-abba-440f-b2c5-16275a49f2a5 namespace which is not needed anymore
2026-07-17 12:12:29.617 47 INFO neutron.agent.ovn.metadata.agent [-] Port bc84fa31-8d92-46f8-94e8-3550c5bf6229 in datapath 6fa7bced-b086-4a82-9641-f9a7ed089117 unbound from our chassis
2026-07-17 12:12:29.619 47 INFO neutron.agent.ovn.metadata.agent [-] Provisioning metadata for network 6fa7bced-b086-4a82-9641-f9a7ed089117
2026-07-17 12:12:31.319 47 INFO neutron.agent.ovn.metadata.agent [-] Port 1398e76c-1f47-47e1-bcb2-c9214efc8129 in datapath 12b030bd-42c1-43e6-86a6-2d15965dee76 unbound from our chassis
2026-07-17 12:12:31.321 47 INFO neutron.agent.ovn.metadata.agent [-] Cleaning up ovnmeta-12b030bd-42c1-43e6-86a6-2d15965dee76 namespace which is not needed anymore
2026-07-17 12:12:37.155 47 INFO neutron.agent.ovn.metadata.agent [-] Port 391c6028-c1bb-43c0-b4d0-d4804faa2c32 in datapath f3b93084-5269-411d-ac25-c2217453eed8 unbound from our chassis
2026-07-17 12:12:37.157 47 INFO neutron.agent.ovn.metadata.agent [-] Cleaning up ovnmeta-f3b93084-5269-411d-ac25-c2217453eed8 namespace which is not needed anymore
2026-07-17 12:15:06.360 56 ERROR neutron.agent.ovn.metadata.server [-] No port found in network None with IP address 169.254.169.254
2026-07-17 12:15:06.361 56 INFO eventlet.wsgi.server [-] 169.254.169.254, "GET / HTTP/1.1" status: 404 len: 176 time: 0.0011778
2026-07-17 12:17:36.370 56 ERROR neutron.agent.ovn.metadata.server [-] No port found in network None with IP address 169.254.169.254
2026-07-17 12:17:36.370 56 INFO eventlet.wsgi.server [-] 169.254.169.254, "GET / HTTP/1.1" status: 404 len: 176 time: 0.0011604
2026-07-17 12:18:16.370 55 ERROR neutron.agent.ovn.metadata.server [-] No port found in network None with IP address 169.254.169.254
2026-07-17 12:18:16.371 55 INFO eventlet.wsgi.server [-] 169.254.169.254, "GET / HTTP/1.1" status: 404 len: 176 time: 0.0013108