2026-07-25 02:31:39.442 7 INFO neutron.plugins.ml2.drivers.ovn.mech_driver.mech_driver [None req-a2ac2386-a07a-4ee8-8c6a-4335bd4a8d7d - - - - - -] OVN reports status down for port: bbeaf5dd-a35e-4c06-b374-67411c78859b
2026-07-25 02:31:39.585 7 INFO neutron.notifiers.nova [-] Nova event matching ['req-93c95060-596f-496a-838b-6c0bd98508ae'] response: {'server_uuid': 'c238df06-2e49-4db6-bcfe-c25586699c1e', 'name': 'network-vif-unplugged', 'status': 'completed', 'tag': 'bbeaf5dd-a35e-4c06-b374-67411c78859b', 'code': 200}
2026-07-25 02:31:39.694 7 INFO neutron.db.ovn_revision_numbers_db [None req-a2ac2386-a07a-4ee8-8c6a-4335bd4a8d7d - - - - - -] Successfully bumped revision number for resource bbeaf5dd-a35e-4c06-b374-67411c78859b (type: ports) to 6 [pid: 8|app: 0|req: 1791/3537] 199.204.45.116 () {34 vars in 994 bytes} [Sat Jul 25 02:31:40 2026] GET /v2.0/ports?device_id=c238df06-2e49-4db6-bcfe-c25586699c1e => generated 1215 bytes in 34 msecs (HTTP/1.1 200) 4 headers in 158 bytes (1 switches on core 0) /var/lib/openstack/lib/python3.12/site-packages/pycadf/identifier.py:70: UserWarning: Invalid uuid: neutron. To ensure interoperability, identifiers should be a valid uuid. warnings.warn(('Invalid uuid: %s. To ensure interoperability, '
2026-07-25 02:31:40.753 7 INFO neutron_taas.services.taas.taas_plugin [req-aeeafd78-f767-431c-8c58-4113889a7c76 req-f58fb411-3bab-4de1-9119-1a407851b3aa 54f0523665e04d4a9cb3d01bb979ec9d 650b3bf8ba6943b6b9abce5090e25fdd - - default default] TaaS: Handle Delete Port: bbeaf5dd-a35e-4c06-b374-67411c78859b
2026-07-25 02:31:40.757 7 INFO neutron_taas.services.taas.tap_mirror_plugin [req-aeeafd78-f767-431c-8c58-4113889a7c76 req-f58fb411-3bab-4de1-9119-1a407851b3aa 54f0523665e04d4a9cb3d01bb979ec9d 650b3bf8ba6943b6b9abce5090e25fdd - - default default] Tap Mirror: Handle Delete Port: bbeaf5dd-a35e-4c06-b374-67411c78859b [pid: 7|app: 0|req: 1747/3538] 199.204.45.116 () {36 vars in 997 bytes} [Sat Jul 25 02:31:40 2026] DELETE /v2.0/ports/bbeaf5dd-a35e-4c06-b374-67411c78859b => generated 0 bytes in 274 msecs (HTTP/1.1 204) 3 headers in 131 bytes (1 switches on core 0)
2026-07-25 02:31:41.621 7 INFO neutron.notifiers.nova [-] Nova event matching ['req-df6385fa-8b01-4329-a953-73becdc25c80'] response: {'server_uuid': 'c238df06-2e49-4db6-bcfe-c25586699c1e', 'name': 'network-vif-unplugged', 'status': 'completed', 'tag': 'bbeaf5dd-a35e-4c06-b374-67411c78859b', 'code': 200}
2026-07-25 02:31:41.622 7 INFO neutron.notifiers.nova [-] Nova event matching ['req-df6385fa-8b01-4329-a953-73becdc25c80'] response: {'server_uuid': 'c238df06-2e49-4db6-bcfe-c25586699c1e', 'name': 'network-vif-deleted', 'tag': 'bbeaf5dd-a35e-4c06-b374-67411c78859b', 'status': 'completed', 'code': 200}
2026-07-25 02:31:42.092 8 INFO neutron_taas.services.taas.taas_plugin [None req-2d5c505e-2374-4032-852e-9af6eb861835 4337b71931cd49aea646b8ca47afa460 39d6eaaf45d44188a8cae6a7215fec41 - - default default] TaaS: Handle Delete Port: fc9e366d-d541-4508-bea3-cf2bd4a9d4ab
2026-07-25 02:31:42.095 8 INFO neutron_taas.services.taas.tap_mirror_plugin [None req-2d5c505e-2374-4032-852e-9af6eb861835 4337b71931cd49aea646b8ca47afa460 39d6eaaf45d44188a8cae6a7215fec41 - - default default] Tap Mirror: Handle Delete Port: fc9e366d-d541-4508-bea3-cf2bd4a9d4ab
2026-07-25 02:31:42.278 8 INFO neutron.db.l3_db [None req-2d5c505e-2374-4032-852e-9af6eb861835 4337b71931cd49aea646b8ca47afa460 39d6eaaf45d44188a8cae6a7215fec41 - - default default] Floating IP 26474b30-e242-4af6-a347-c82d3390b637 disassociated (deleted). External IP: 10.96.250.216, port: 7e44c265-1cfe-4d39-aa36-2e3611c8b611. [pid: 8|app: 0|req: 1792/3539] 10.0.0.10 () {32 vars in 731 bytes} [Sat Jul 25 02:31:41 2026] DELETE /v2.0/floatingips/26474b30-e242-4af6-a347-c82d3390b637 => generated 0 bytes in 367 msecs (HTTP/1.1 204) 2 headers in 112 bytes (1 switches on core 0) /var/lib/openstack/lib/python3.12/site-packages/pycadf/identifier.py:70: UserWarning: Invalid uuid: neutron. To ensure interoperability, identifiers should be a valid uuid. warnings.warn(('Invalid uuid: %s. To ensure interoperability, '
2026-07-25 02:31:42.339 7 INFO neutron.api.v2.resource [None req-31c45350-eee7-4832-acea-a795c331990e 4337b71931cd49aea646b8ca47afa460 39d6eaaf45d44188a8cae6a7215fec41 - - default default] show failed (client error): The resource could not be found. [pid: 7|app: 0|req: 1748/3540] 10.0.0.10 () {32 vars in 728 bytes} [Sat Jul 25 02:31:42 2026] GET /v2.0/floatingips/26474b30-e242-4af6-a347-c82d3390b637 => generated 144 bytes in 28 msecs (HTTP/1.1 404) 4 headers in 164 bytes (1 switches on core 0)
2026-07-25 02:31:42.347 8 INFO neutron.notifiers.nova [-] Nova event matching ['req-e30caa9c-840f-44d7-b328-3f230ab82c19'] response: {'name': 'network-changed', 'server_uuid': '854be68d-3ddc-4f8c-a08c-f9289948d14f', 'tag': '7e44c265-1cfe-4d39-aa36-2e3611c8b611', 'status': 'completed', 'code': 200} [pid: 8|app: 0|req: 1793/3541] 10.0.0.42 () {34 vars in 989 bytes} [Sat Jul 25 02:31:42 2026] GET /v2.0/ports?device_id=854be68d-3ddc-4f8c-a08c-f9289948d14f => generated 1204 bytes in 78 msecs (HTTP/1.1 200) 4 headers in 158 bytes (1 switches on core 0) [pid: 7|app: 0|req: 1749/3542] 10.0.0.42 () {34 vars in 1039 bytes} [Sat Jul 25 02:31:42 2026] GET /v2.0/security-groups?id=a33ef186-324c-4c08-a942-4c95ddc484c2&fields=id&fields=name => generated 112 bytes in 39 msecs (HTTP/1.1 200) 4 headers in 157 bytes (1 switches on core 0) [pid: 8|app: 0|req: 1794/3543] 199.204.45.116 () {34 vars in 1080 bytes} [Sat Jul 25 02:31:42 2026] GET /v2.0/ports?tenant_id=39d6eaaf45d44188a8cae6a7215fec41&device_id=854be68d-3ddc-4f8c-a08c-f9289948d14f => generated 1442 bytes in 33 msecs (HTTP/1.1 200) 4 headers in 158 bytes (1 switches on core 0) [pid: 7|app: 0|req: 1750/3544] 199.204.45.116 () {34 vars in 986 bytes} [Sat Jul 25 02:31:42 2026] GET /v2.0/networks?id=783a53a9-93ed-4eb3-a67a-8ad292e849eb => generated 803 bytes in 50 msecs (HTTP/1.1 200) 4 headers in 157 bytes (1 switches on core 0) [pid: 8|app: 0|req: 1795/3545] 199.204.45.116 () {34 vars in 1058 bytes} [Sat Jul 25 02:31:42 2026] GET /v2.0/floatingips?fixed_ip_address=10.2.2.219&port_id=7e44c265-1cfe-4d39-aa36-2e3611c8b611 => generated 19 bytes in 20 msecs (HTTP/1.1 200) 4 headers in 156 bytes (1 switches on core 0) [pid: 7|app: 0|req: 1751/3546] 199.204.45.116 () {34 vars in 1106 bytes} [Sat Jul 25 02:31:42 2026] GET /v2.0/floatingips?fixed_ip_address=fd77%3A1457%3A4cf0%3A26a8%3A%3A3ac&port_id=7e44c265-1cfe-4d39-aa36-2e3611c8b611 => generated 19 bytes in 26 msecs (HTTP/1.1 200) 4 headers in 156 bytes (1 switches on core 0) [pid: 8|app: 0|req: 1796/3547] 199.204.45.116 () {34 vars in 1064 bytes} [Sat Jul 25 02:31:43 2026] GET /v2.0/subnets?id=2183c83f-9168-4199-8646-e1dd48699d63&id=105fdb28-993c-4e0b-a53c-c901dded97c9 => generated 1415 bytes in 34 msecs (HTTP/1.1 200) 4 headers in 158 bytes (1 switches on core 0) [pid: 7|app: 0|req: 1752/3548] 199.204.45.116 () {34 vars in 1052 bytes} [Sat Jul 25 02:31:43 2026] GET /v2.0/ports?network_id=783a53a9-93ed-4eb3-a67a-8ad292e849eb&device_owner=network%3Adhcp => generated 12 bytes in 22 msecs (HTTP/1.1 200) 4 headers in 156 bytes (1 switches on core 0) [pid: 8|app: 0|req: 1797/3549] 199.204.45.116 () {34 vars in 1052 bytes} [Sat Jul 25 02:31:43 2026] GET /v2.0/ports?network_id=783a53a9-93ed-4eb3-a67a-8ad292e849eb&device_owner=network%3Adhcp => generated 12 bytes in 24 msecs (HTTP/1.1 200) 4 headers in 156 bytes (1 switches on core 0) [pid: 7|app: 0|req: 1753/3550] 199.204.45.116 () {34 vars in 1012 bytes} [Sat Jul 25 02:31:43 2026] GET /v2.0/networks/783a53a9-93ed-4eb3-a67a-8ad292e849eb?fields=segments => generated 14 bytes in 38 msecs (HTTP/1.1 200) 4 headers in 156 bytes (1 switches on core 0) [pid: 8|app: 0|req: 1798/3551] 199.204.45.116 () {34 vars in 1112 bytes} [Sat Jul 25 02:31:43 2026] GET /v2.0/networks/783a53a9-93ed-4eb3-a67a-8ad292e849eb?fields=provider%3Aphysical_network&fields=provider%3Anetwork_type => generated 79 bytes in 43 msecs (HTTP/1.1 200) 4 headers in 156 bytes (1 switches on core 0)
2026-07-25 02:31:43.529 7 INFO neutron.plugins.ml2.drivers.ovn.mech_driver.mech_driver [None req-77c2e3b9-cf0d-41d3-97f7-5f07afb2d576 - - - - - -] OVN reports status down for port: 7e44c265-1cfe-4d39-aa36-2e3611c8b611
2026-07-25 02:31:43.665 7 INFO neutron.notifiers.nova [-] Nova event matching ['req-a71273e0-92fd-4d48-90b4-e030d0d0ede5'] response: {'server_uuid': '854be68d-3ddc-4f8c-a08c-f9289948d14f', 'name': 'network-vif-unplugged', 'status': 'completed', 'tag': '7e44c265-1cfe-4d39-aa36-2e3611c8b611', 'code': 200}
2026-07-25 02:31:43.790 7 INFO neutron.db.ovn_revision_numbers_db [None req-77c2e3b9-cf0d-41d3-97f7-5f07afb2d576 - - - - - -] Successfully bumped revision number for resource 7e44c265-1cfe-4d39-aa36-2e3611c8b611 (type: ports) to 6 /var/lib/openstack/lib/python3.12/site-packages/pycadf/identifier.py:70: UserWarning: Invalid uuid: neutron. To ensure interoperability, identifiers should be a valid uuid. warnings.warn(('Invalid uuid: %s. To ensure interoperability, ' [pid: 7|app: 0|req: 1754/3552] 199.204.45.116 () {34 vars in 994 bytes} [Sat Jul 25 02:31:44 2026] GET /v2.0/ports?device_id=854be68d-3ddc-4f8c-a08c-f9289948d14f => generated 1202 bytes in 77 msecs (HTTP/1.1 200) 4 headers in 158 bytes (1 switches on core 0)
2026-07-25 02:31:44.940 8 INFO neutron_taas.services.taas.taas_plugin [req-44274a72-92f2-4171-809d-59a077ba2b2a req-86914141-29bd-4d11-a01a-7c116dac6360 4337b71931cd49aea646b8ca47afa460 39d6eaaf45d44188a8cae6a7215fec41 - - default default] TaaS: Handle Delete Port: 7e44c265-1cfe-4d39-aa36-2e3611c8b611
2026-07-25 02:31:44.943 8 INFO neutron_taas.services.taas.tap_mirror_plugin [req-44274a72-92f2-4171-809d-59a077ba2b2a req-86914141-29bd-4d11-a01a-7c116dac6360 4337b71931cd49aea646b8ca47afa460 39d6eaaf45d44188a8cae6a7215fec41 - - default default] Tap Mirror: Handle Delete Port: 7e44c265-1cfe-4d39-aa36-2e3611c8b611 [pid: 8|app: 0|req: 1799/3553] 199.204.45.116 () {36 vars in 997 bytes} [Sat Jul 25 02:31:44 2026] DELETE /v2.0/ports/7e44c265-1cfe-4d39-aa36-2e3611c8b611 => generated 0 bytes in 311 msecs (HTTP/1.1 204) 3 headers in 131 bytes (1 switches on core 0)
2026-07-25 02:31:45.160 8 INFO neutron.notifiers.nova [-] Nova event matching ['req-f7a3cf19-4f7e-4bec-9acb-a9a523ec256c'] response: {'server_uuid': '854be68d-3ddc-4f8c-a08c-f9289948d14f', 'name': 'network-vif-deleted', 'tag': '7e44c265-1cfe-4d39-aa36-2e3611c8b611', 'status': 'completed', 'code': 200}
2026-07-25 02:31:45.724 7 INFO neutron.notifiers.nova [-] Nova event matching ['req-12407ee8-e50f-4af4-9958-d872a8bf832a'] response: {'server_uuid': '854be68d-3ddc-4f8c-a08c-f9289948d14f', 'name': 'network-vif-unplugged', 'status': 'completed', 'tag': '7e44c265-1cfe-4d39-aa36-2e3611c8b611', 'code': 200} [pid: 7|app: 0|req: 1755/3554] 10.0.0.42 () {34 vars in 989 bytes} [Sat Jul 25 02:31:47 2026] GET /v2.0/ports?device_id=854be68d-3ddc-4f8c-a08c-f9289948d14f => generated 12 bytes in 22 msecs (HTTP/1.1 200) 4 headers in 156 bytes (1 switches on core 0)
2026-07-25 02:31:52.916 8 INFO neutron_taas.services.taas.taas_plugin [None req-5300f5cc-37b5-4c72-995d-b8b4393ee851 4337b71931cd49aea646b8ca47afa460 39d6eaaf45d44188a8cae6a7215fec41 - - default default] TaaS: Handle Delete Port: 8aba195f-6c25-423a-a6d3-eb0580669ef5
2026-07-25 02:31:52.920 8 INFO neutron_taas.services.taas.tap_mirror_plugin [None req-5300f5cc-37b5-4c72-995d-b8b4393ee851 4337b71931cd49aea646b8ca47afa460 39d6eaaf45d44188a8cae6a7215fec41 - - default default] Tap Mirror: Handle Delete Port: 8aba195f-6c25-423a-a6d3-eb0580669ef5
2026-07-25 02:31:53.110 8 INFO neutron.db.l3_db [None req-5300f5cc-37b5-4c72-995d-b8b4393ee851 4337b71931cd49aea646b8ca47afa460 39d6eaaf45d44188a8cae6a7215fec41 - - default default] Floating IP 140e6429-bbb1-4573-a6c3-def9aa034cba disassociated (deleted). External IP: 10.96.250.206, port: 76de841f-bde4-4062-b5ee-91554a810eb2. [pid: 8|app: 0|req: 1801/3557] 10.0.0.10 () {32 vars in 731 bytes} [Sat Jul 25 02:31:52 2026] DELETE /v2.0/floatingips/140e6429-bbb1-4573-a6c3-def9aa034cba => generated 0 bytes in 387 msecs (HTTP/1.1 204) 2 headers in 112 bytes (1 switches on core 0) /var/lib/openstack/lib/python3.12/site-packages/pycadf/identifier.py:70: UserWarning: Invalid uuid: neutron. To ensure interoperability, identifiers should be a valid uuid. warnings.warn(('Invalid uuid: %s. To ensure interoperability, '
2026-07-25 02:31:53.181 7 INFO neutron.api.v2.resource [None req-48ca31c9-9e59-4454-b8cf-ff74294c3477 4337b71931cd49aea646b8ca47afa460 39d6eaaf45d44188a8cae6a7215fec41 - - default default] show failed (client error): The resource could not be found. [pid: 7|app: 0|req: 1757/3558] 10.0.0.10 () {32 vars in 728 bytes} [Sat Jul 25 02:31:53 2026] GET /v2.0/floatingips/140e6429-bbb1-4573-a6c3-def9aa034cba => generated 144 bytes in 24 msecs (HTTP/1.1 404) 4 headers in 164 bytes (1 switches on core 0)
2026-07-25 02:31:53.187 8 INFO neutron.notifiers.nova [-] Nova event matching ['req-21542b51-ea7a-441b-b1ea-889f43791668'] response: {'name': 'network-changed', 'server_uuid': '30144ad2-fd82-4bee-a052-61125b8c6bf0', 'tag': '76de841f-bde4-4062-b5ee-91554a810eb2', 'status': 'completed', 'code': 200} [pid: 8|app: 0|req: 1802/3559] 10.0.0.42 () {34 vars in 989 bytes} [Sat Jul 25 02:31:53 2026] GET /v2.0/ports?device_id=30144ad2-fd82-4bee-a052-61125b8c6bf0 => generated 1192 bytes in 83 msecs (HTTP/1.1 200) 4 headers in 158 bytes (1 switches on core 0) [pid: 7|app: 0|req: 1758/3560] 10.0.0.42 () {34 vars in 1039 bytes} [Sat Jul 25 02:31:53 2026] GET /v2.0/security-groups?id=a33ef186-324c-4c08-a942-4c95ddc484c2&fields=id&fields=name => generated 112 bytes in 35 msecs (HTTP/1.1 200) 4 headers in 157 bytes (1 switches on core 0) [pid: 8|app: 0|req: 1803/3561] 199.204.45.116 () {34 vars in 1080 bytes} [Sat Jul 25 02:31:53 2026] GET /v2.0/ports?tenant_id=39d6eaaf45d44188a8cae6a7215fec41&device_id=30144ad2-fd82-4bee-a052-61125b8c6bf0 => generated 1430 bytes in 35 msecs (HTTP/1.1 200) 4 headers in 158 bytes (1 switches on core 0) [pid: 7|app: 0|req: 1759/3562] 199.204.45.116 () {34 vars in 986 bytes} [Sat Jul 25 02:31:53 2026] GET /v2.0/networks?id=30c367b8-8bb2-4ddf-a83f-ea9721b8b2cb => generated 804 bytes in 46 msecs (HTTP/1.1 200) 4 headers in 157 bytes (1 switches on core 0) [pid: 8|app: 0|req: 1804/3563] 199.204.45.116 () {34 vars in 1058 bytes} [Sat Jul 25 02:31:53 2026] GET /v2.0/floatingips?fixed_ip_address=10.2.1.134&port_id=76de841f-bde4-4062-b5ee-91554a810eb2 => generated 19 bytes in 22 msecs (HTTP/1.1 200) 4 headers in 156 bytes (1 switches on core 0) [pid: 7|app: 0|req: 1760/3564] 199.204.45.116 () {34 vars in 1100 bytes} [Sat Jul 25 02:31:53 2026] GET /v2.0/floatingips?fixed_ip_address=fd7b%3Af9f7%3Afff%3A4eca%3A%3A6&port_id=76de841f-bde4-4062-b5ee-91554a810eb2 => generated 19 bytes in 24 msecs (HTTP/1.1 200) 4 headers in 156 bytes (1 switches on core 0) [pid: 8|app: 0|req: 1805/3565] 199.204.45.116 () {34 vars in 1064 bytes} [Sat Jul 25 02:31:53 2026] GET /v2.0/subnets?id=2a38a4e5-0987-48a1-891e-a7f0ccd405a3&id=d74b6fa3-3a4c-48de-a8c4-3808e0f77396 => generated 1408 bytes in 29 msecs (HTTP/1.1 200) 4 headers in 158 bytes (1 switches on core 0) [pid: 7|app: 0|req: 1761/3566] 199.204.45.116 () {34 vars in 1052 bytes} [Sat Jul 25 02:31:53 2026] GET /v2.0/ports?network_id=30c367b8-8bb2-4ddf-a83f-ea9721b8b2cb&device_owner=network%3Adhcp => generated 12 bytes in 21 msecs (HTTP/1.1 200) 4 headers in 156 bytes (1 switches on core 0) [pid: 8|app: 0|req: 1806/3567] 199.204.45.116 () {34 vars in 1052 bytes} [Sat Jul 25 02:31:53 2026] GET /v2.0/ports?network_id=30c367b8-8bb2-4ddf-a83f-ea9721b8b2cb&device_owner=network%3Adhcp => generated 12 bytes in 26 msecs (HTTP/1.1 200) 4 headers in 156 bytes (1 switches on core 0) [pid: 7|app: 0|req: 1762/3568] 199.204.45.116 () {34 vars in 1012 bytes} [Sat Jul 25 02:31:53 2026] GET /v2.0/networks/30c367b8-8bb2-4ddf-a83f-ea9721b8b2cb?fields=segments => generated 14 bytes in 41 msecs (HTTP/1.1 200) 4 headers in 156 bytes (1 switches on core 0) [pid: 8|app: 0|req: 1807/3569] 199.204.45.116 () {34 vars in 1112 bytes} [Sat Jul 25 02:31:54 2026] GET /v2.0/networks/30c367b8-8bb2-4ddf-a83f-ea9721b8b2cb?fields=provider%3Aphysical_network&fields=provider%3Anetwork_type => generated 79 bytes in 48 msecs (HTTP/1.1 200) 4 headers in 156 bytes (1 switches on core 0)
2026-07-25 02:31:54.396 7 INFO neutron.plugins.ml2.drivers.ovn.mech_driver.mech_driver [None req-625756d2-c79c-43e6-9187-708b1d6608ee - - - - - -] OVN reports status down for port: 76de841f-bde4-4062-b5ee-91554a810eb2
2026-07-25 02:31:54.526 7 INFO neutron.notifiers.nova [-] Nova event matching ['req-a1b2f964-03f7-48f9-9049-151e70f182e5'] response: {'server_uuid': '30144ad2-fd82-4bee-a052-61125b8c6bf0', 'name': 'network-vif-unplugged', 'status': 'completed', 'tag': '76de841f-bde4-4062-b5ee-91554a810eb2', 'code': 200}
2026-07-25 02:31:54.675 7 INFO neutron.db.ovn_revision_numbers_db [None req-625756d2-c79c-43e6-9187-708b1d6608ee - - - - - -] Successfully bumped revision number for resource 76de841f-bde4-4062-b5ee-91554a810eb2 (type: ports) to 6 /var/lib/openstack/lib/python3.12/site-packages/pycadf/identifier.py:70: UserWarning: Invalid uuid: neutron. To ensure interoperability, identifiers should be a valid uuid. warnings.warn(('Invalid uuid: %s. To ensure interoperability, ' [pid: 7|app: 0|req: 1763/3570] 199.204.45.116 () {34 vars in 994 bytes} [Sat Jul 25 02:31:55 2026] GET /v2.0/ports?device_id=30144ad2-fd82-4bee-a052-61125b8c6bf0 => generated 1190 bytes in 77 msecs (HTTP/1.1 200) 4 headers in 158 bytes (1 switches on core 0)
2026-07-25 02:31:55.894 8 INFO neutron_taas.services.taas.taas_plugin [req-8c006f4a-9c84-4503-8f93-281d99c5311a req-2f441f87-87f4-43a3-a137-2239c495ae47 4337b71931cd49aea646b8ca47afa460 39d6eaaf45d44188a8cae6a7215fec41 - - default default] TaaS: Handle Delete Port: 76de841f-bde4-4062-b5ee-91554a810eb2
2026-07-25 02:31:55.899 8 INFO neutron_taas.services.taas.tap_mirror_plugin [req-8c006f4a-9c84-4503-8f93-281d99c5311a req-2f441f87-87f4-43a3-a137-2239c495ae47 4337b71931cd49aea646b8ca47afa460 39d6eaaf45d44188a8cae6a7215fec41 - - default default] Tap Mirror: Handle Delete Port: 76de841f-bde4-4062-b5ee-91554a810eb2 [pid: 8|app: 0|req: 1808/3571] 199.204.45.116 () {36 vars in 997 bytes} [Sat Jul 25 02:31:55 2026] DELETE /v2.0/ports/76de841f-bde4-4062-b5ee-91554a810eb2 => generated 0 bytes in 419 msecs (HTTP/1.1 204) 3 headers in 131 bytes (1 switches on core 0)
2026-07-25 02:31:56.099 8 INFO neutron.notifiers.nova [-] Nova event matching ['req-440abe02-00ca-46b0-a6f0-c0c9f7687ab4'] response: {'server_uuid': '30144ad2-fd82-4bee-a052-61125b8c6bf0', 'name': 'network-vif-deleted', 'tag': '76de841f-bde4-4062-b5ee-91554a810eb2', 'status': 'completed', 'code': 200}
2026-07-25 02:31:56.560 7 INFO neutron.notifiers.nova [-] Nova event matching ['req-8ed34bdf-3e52-42ca-8d9b-5cbcd7743df6'] response: {'server_uuid': '30144ad2-fd82-4bee-a052-61125b8c6bf0', 'name': 'network-vif-unplugged', 'status': 'completed', 'tag': '76de841f-bde4-4062-b5ee-91554a810eb2', 'code': 200} [pid: 7|app: 0|req: 1764/3572] 10.0.0.42 () {34 vars in 989 bytes} [Sat Jul 25 02:31:58 2026] GET /v2.0/ports?device_id=30144ad2-fd82-4bee-a052-61125b8c6bf0 => generated 12 bytes in 35 msecs (HTTP/1.1 200) 4 headers in 156 bytes (1 switches on core 0) [pid: 8|app: 0|req: 1809/3573] 10.0.0.10 () {32 vars in 749 bytes} [Sat Jul 25 02:32:03 2026] DELETE /v2.0/security-group-rules/74ba9f4e-90ca-456d-b27d-0f2fc731effd => generated 0 bytes in 167 msecs (HTTP/1.1 204) 2 headers in 112 bytes (1 switches on core 0)
2026-07-25 02:32:03.810 7 INFO neutron.api.v2.resource [None req-4deca4fa-90c6-4310-9fe4-04382dd2a9e2 4337b71931cd49aea646b8ca47afa460 39d6eaaf45d44188a8cae6a7215fec41 - - default default] show failed (client error): The resource could not be found. [pid: 7|app: 0|req: 1765/3574] 10.0.0.10 () {32 vars in 746 bytes} [Sat Jul 25 02:32:03 2026] GET /v2.0/security-group-rules/74ba9f4e-90ca-456d-b27d-0f2fc731effd => generated 155 bytes in 13 msecs (HTTP/1.1 404) 4 headers in 164 bytes (1 switches on core 0) [pid: 8|app: 0|req: 1810/3575] 10.0.0.10 () {32 vars in 749 bytes} [Sat Jul 25 02:32:03 2026] DELETE /v2.0/security-group-rules/2f5d18f1-593f-4526-9987-f2aed016d2be => generated 0 bytes in 130 msecs (HTTP/1.1 204) 2 headers in 112 bytes (1 switches on core 0)
2026-07-25 02:32:03.962 7 INFO neutron.api.v2.resource [None req-44e29d1b-eb32-47ac-ae71-bf88f566c821 4337b71931cd49aea646b8ca47afa460 39d6eaaf45d44188a8cae6a7215fec41 - - default default] show failed (client error): The resource could not be found. [pid: 7|app: 0|req: 1766/3576] 10.0.0.10 () {32 vars in 746 bytes} [Sat Jul 25 02:32:03 2026] GET /v2.0/security-group-rules/2f5d18f1-593f-4526-9987-f2aed016d2be => generated 155 bytes in 13 msecs (HTTP/1.1 404) 4 headers in 164 bytes (1 switches on core 0) [pid: 8|app: 0|req: 1811/3577] 10.0.0.10 () {32 vars in 749 bytes} [Sat Jul 25 02:32:03 2026] DELETE /v2.0/security-group-rules/1f4304d5-4945-452f-8c65-bcfed3e36a24 => generated 0 bytes in 130 msecs (HTTP/1.1 204) 2 headers in 112 bytes (1 switches on core 0)
2026-07-25 02:32:04.114 7 INFO neutron.api.v2.resource [None req-ef03ba0c-d65d-4ee8-819f-d1209a52e82d 4337b71931cd49aea646b8ca47afa460 39d6eaaf45d44188a8cae6a7215fec41 - - default default] show failed (client error): The resource could not be found. [pid: 7|app: 0|req: 1767/3578] 10.0.0.10 () {32 vars in 746 bytes} [Sat Jul 25 02:32:04 2026] GET /v2.0/security-group-rules/1f4304d5-4945-452f-8c65-bcfed3e36a24 => generated 155 bytes in 12 msecs (HTTP/1.1 404) 4 headers in 164 bytes (1 switches on core 0) [pid: 8|app: 0|req: 1812/3579] 10.0.0.10 () {32 vars in 749 bytes} [Sat Jul 25 02:32:04 2026] DELETE /v2.0/security-group-rules/85465617-8c7c-4cba-abe3-1f6125a82203 => generated 0 bytes in 127 msecs (HTTP/1.1 204) 2 headers in 112 bytes (1 switches on core 0)
2026-07-25 02:32:04.265 7 INFO neutron.api.v2.resource [None req-96baa87f-bdac-427a-8741-263fe0e8858b 4337b71931cd49aea646b8ca47afa460 39d6eaaf45d44188a8cae6a7215fec41 - - default default] show failed (client error): The resource could not be found. [pid: 7|app: 0|req: 1768/3580] 10.0.0.10 () {32 vars in 746 bytes} [Sat Jul 25 02:32:04 2026] GET /v2.0/security-group-rules/85465617-8c7c-4cba-abe3-1f6125a82203 => generated 155 bytes in 12 msecs (HTTP/1.1 404) 4 headers in 164 bytes (1 switches on core 0) [pid: 8|app: 0|req: 1813/3581] 10.0.0.10 () {32 vars in 749 bytes} [Sat Jul 25 02:32:04 2026] DELETE /v2.0/security-group-rules/cd31eff7-7ead-4594-89e4-4cb8e008feac => generated 0 bytes in 118 msecs (HTTP/1.1 204) 2 headers in 112 bytes (1 switches on core 0)
2026-07-25 02:32:04.402 7 INFO neutron.api.v2.resource [None req-6eb5cc47-4a63-4500-9e4c-5f5c87211a07 4337b71931cd49aea646b8ca47afa460 39d6eaaf45d44188a8cae6a7215fec41 - - default default] show failed (client error): The resource could not be found. [pid: 7|app: 0|req: 1769/3582] 10.0.0.10 () {32 vars in 746 bytes} [Sat Jul 25 02:32:04 2026] GET /v2.0/security-group-rules/cd31eff7-7ead-4594-89e4-4cb8e008feac => generated 155 bytes in 11 msecs (HTTP/1.1 404) 4 headers in 164 bytes (1 switches on core 0) [pid: 8|app: 0|req: 1814/3583] 10.0.0.10 () {32 vars in 749 bytes} [Sat Jul 25 02:32:04 2026] DELETE /v2.0/security-group-rules/c456c80e-e0f1-436e-9ff2-d6dea568eddf => generated 0 bytes in 131 msecs (HTTP/1.1 204) 2 headers in 112 bytes (1 switches on core 0)
2026-07-25 02:32:04.558 7 INFO neutron.api.v2.resource [None req-23e0b171-ac18-4493-b581-4f9bc2dd819d 4337b71931cd49aea646b8ca47afa460 39d6eaaf45d44188a8cae6a7215fec41 - - default default] show failed (client error): The resource could not be found. [pid: 7|app: 0|req: 1770/3584] 10.0.0.10 () {32 vars in 746 bytes} [Sat Jul 25 02:32:04 2026] GET /v2.0/security-group-rules/c456c80e-e0f1-436e-9ff2-d6dea568eddf => generated 155 bytes in 18 msecs (HTTP/1.1 404) 4 headers in 164 bytes (1 switches on core 0) [pid: 8|app: 0|req: 1815/3585] 10.0.0.10 () {32 vars in 749 bytes} [Sat Jul 25 02:32:04 2026] DELETE /v2.0/security-group-rules/dca9f149-e78f-4f16-86f2-ce539d143cb4 => generated 0 bytes in 132 msecs (HTTP/1.1 204) 2 headers in 112 bytes (1 switches on core 0)
2026-07-25 02:32:04.714 7 INFO neutron.api.v2.resource [None req-31c5e2c0-2f35-461e-ac17-11b5ae2bf6dc 4337b71931cd49aea646b8ca47afa460 39d6eaaf45d44188a8cae6a7215fec41 - - default default] show failed (client error): The resource could not be found. [pid: 7|app: 0|req: 1771/3586] 10.0.0.10 () {32 vars in 746 bytes} [Sat Jul 25 02:32:04 2026] GET /v2.0/security-group-rules/dca9f149-e78f-4f16-86f2-ce539d143cb4 => generated 155 bytes in 12 msecs (HTTP/1.1 404) 4 headers in 164 bytes (1 switches on core 0) [pid: 8|app: 0|req: 1816/3587] 10.0.0.10 () {32 vars in 749 bytes} [Sat Jul 25 02:32:04 2026] DELETE /v2.0/security-group-rules/aad9af06-0ab3-4aae-b357-eeb4b3b75df2 => generated 0 bytes in 114 msecs (HTTP/1.1 204) 2 headers in 112 bytes (1 switches on core 0)
2026-07-25 02:32:04.850 7 INFO neutron.api.v2.resource [None req-fc8c3694-6b73-4428-95fe-74afc0275a52 4337b71931cd49aea646b8ca47afa460 39d6eaaf45d44188a8cae6a7215fec41 - - default default] show failed (client error): The resource could not be found. [pid: 7|app: 0|req: 1772/3588] 10.0.0.10 () {32 vars in 746 bytes} [Sat Jul 25 02:32:04 2026] GET /v2.0/security-group-rules/aad9af06-0ab3-4aae-b357-eeb4b3b75df2 => generated 155 bytes in 14 msecs (HTTP/1.1 404) 4 headers in 164 bytes (1 switches on core 0) [pid: 8|app: 0|req: 1817/3589] 10.0.0.10 () {32 vars in 749 bytes} [Sat Jul 25 02:32:04 2026] DELETE /v2.0/security-group-rules/fa2cbb35-07c3-484b-b714-a8688a08dd20 => generated 0 bytes in 127 msecs (HTTP/1.1 204) 2 headers in 112 bytes (1 switches on core 0)
2026-07-25 02:32:04.997 7 INFO neutron.api.v2.resource [None req-350c9e96-07b2-4f78-98fd-7d9948540417 4337b71931cd49aea646b8ca47afa460 39d6eaaf45d44188a8cae6a7215fec41 - - default default] show failed (client error): The resource could not be found. [pid: 7|app: 0|req: 1773/3590] 10.0.0.10 () {32 vars in 746 bytes} [Sat Jul 25 02:32:04 2026] GET /v2.0/security-group-rules/fa2cbb35-07c3-484b-b714-a8688a08dd20 => generated 155 bytes in 11 msecs (HTTP/1.1 404) 4 headers in 164 bytes (1 switches on core 0) [pid: 8|app: 0|req: 1818/3591] 10.0.0.10 () {32 vars in 749 bytes} [Sat Jul 25 02:32:05 2026] DELETE /v2.0/security-group-rules/9071da31-e0ae-471c-9ba0-5afc9b2b12b5 => generated 0 bytes in 100 msecs (HTTP/1.1 204) 2 headers in 112 bytes (1 switches on core 0)
2026-07-25 02:32:05.117 7 INFO neutron.api.v2.resource [None req-773d288b-de70-429f-b570-7b4e266c4b2a 4337b71931cd49aea646b8ca47afa460 39d6eaaf45d44188a8cae6a7215fec41 - - default default] show failed (client error): The resource could not be found. [pid: 7|app: 0|req: 1774/3592] 10.0.0.10 () {32 vars in 746 bytes} [Sat Jul 25 02:32:05 2026] GET /v2.0/security-group-rules/9071da31-e0ae-471c-9ba0-5afc9b2b12b5 => generated 155 bytes in 12 msecs (HTTP/1.1 404) 4 headers in 164 bytes (1 switches on core 0) [pid: 8|app: 0|req: 1819/3593] 10.0.0.10 () {32 vars in 749 bytes} [Sat Jul 25 02:32:05 2026] DELETE /v2.0/security-group-rules/74b81bf1-9f34-4f0f-b3ec-f7678ca2dcb1 => generated 0 bytes in 105 msecs (HTTP/1.1 204) 2 headers in 112 bytes (1 switches on core 0)
2026-07-25 02:32:05.245 7 INFO neutron.api.v2.resource [None req-e9fac4ef-f7ad-4b02-9e55-f7ba96079dda 4337b71931cd49aea646b8ca47afa460 39d6eaaf45d44188a8cae6a7215fec41 - - default default] show failed (client error): The resource could not be found. [pid: 7|app: 0|req: 1775/3594] 10.0.0.10 () {32 vars in 746 bytes} [Sat Jul 25 02:32:05 2026] GET /v2.0/security-group-rules/74b81bf1-9f34-4f0f-b3ec-f7678ca2dcb1 => generated 155 bytes in 11 msecs (HTTP/1.1 404) 4 headers in 164 bytes (1 switches on core 0) [pid: 8|app: 0|req: 1820/3595] 10.0.0.10 () {32 vars in 739 bytes} [Sat Jul 25 02:32:05 2026] DELETE /v2.0/security-groups/a33ef186-324c-4c08-a942-4c95ddc484c2 => generated 0 bytes in 130 msecs (HTTP/1.1 204) 2 headers in 112 bytes (1 switches on core 0)
2026-07-25 02:32:05.400 7 INFO neutron.api.v2.resource [None req-2b5b10e3-b59b-4e13-9df3-b81ab4898a44 4337b71931cd49aea646b8ca47afa460 39d6eaaf45d44188a8cae6a7215fec41 - - default default] show failed (client error): The resource could not be found. [pid: 7|app: 0|req: 1776/3596] 10.0.0.10 () {32 vars in 736 bytes} [Sat Jul 25 02:32:05 2026] GET /v2.0/security-groups/a33ef186-324c-4c08-a942-4c95ddc484c2 => generated 146 bytes in 15 msecs (HTTP/1.1 404) 4 headers in 164 bytes (1 switches on core 0)
2026-07-25 02:32:05.762 8 INFO neutron_taas.services.taas.taas_plugin [None req-d63f1477-c903-40bc-bff4-a995ce94004d 4337b71931cd49aea646b8ca47afa460 39d6eaaf45d44188a8cae6a7215fec41 - - default default] TaaS: Handle Delete Port: b9a26b7c-3034-43fc-974f-979b2c78c7a1
2026-07-25 02:32:05.766 8 INFO neutron_taas.services.taas.tap_mirror_plugin [None req-d63f1477-c903-40bc-bff4-a995ce94004d 4337b71931cd49aea646b8ca47afa460 39d6eaaf45d44188a8cae6a7215fec41 - - default default] Tap Mirror: Handle Delete Port: b9a26b7c-3034-43fc-974f-979b2c78c7a1 [pid: 8|app: 0|req: 1821/3597] 10.0.0.10 () {34 vars in 788 bytes} [Sat Jul 25 02:32:05 2026] PUT /v2.0/routers/a4f7ef3e-8329-4ea1-9b6d-48137b5fd586/remove_router_interface => generated 309 bytes in 874 msecs (HTTP/1.1 200) 4 headers in 157 bytes (1 switches on core 0)
2026-07-25 02:32:06.448 7 INFO neutron.api.v2.resource [None req-394dfa06-2261-47ec-ac9f-68c6e406682f 4337b71931cd49aea646b8ca47afa460 39d6eaaf45d44188a8cae6a7215fec41 - - default default] remove_router_interface failed (client error): The resource could not be found. [pid: 7|app: 0|req: 1777/3598] 10.0.0.10 () {34 vars in 788 bytes} [Sat Jul 25 02:32:06 2026] PUT /v2.0/routers/a4f7ef3e-8329-4ea1-9b6d-48137b5fd586/remove_router_interface => generated 198 bytes in 111 msecs (HTTP/1.1 404) 4 headers in 164 bytes (1 switches on core 0) /var/lib/openstack/lib/python3.12/site-packages/pycadf/identifier.py:70: UserWarning: Invalid uuid: neutron. To ensure interoperability, identifiers should be a valid uuid. warnings.warn(('Invalid uuid: %s. To ensure interoperability, '
2026-07-25 02:32:06.740 8 INFO neutron_taas.services.taas.taas_plugin [None req-5ab1a31e-f4f9-4eda-ae0a-a53ef4bd1986 4337b71931cd49aea646b8ca47afa460 39d6eaaf45d44188a8cae6a7215fec41 - - default default] TaaS: Handle Delete Port: 9d880d5d-28db-45ce-b195-b97a47e6a971
2026-07-25 02:32:06.743 8 INFO neutron_taas.services.taas.tap_mirror_plugin [None req-5ab1a31e-f4f9-4eda-ae0a-a53ef4bd1986 4337b71931cd49aea646b8ca47afa460 39d6eaaf45d44188a8cae6a7215fec41 - - default default] Tap Mirror: Handle Delete Port: 9d880d5d-28db-45ce-b195-b97a47e6a971 [pid: 8|app: 0|req: 1822/3601] 10.0.0.10 () {34 vars in 788 bytes} [Sat Jul 25 02:32:06 2026] PUT /v2.0/routers/a4f7ef3e-8329-4ea1-9b6d-48137b5fd586/remove_router_interface => generated 309 bytes in 819 msecs (HTTP/1.1 200) 4 headers in 157 bytes (1 switches on core 0)
2026-07-25 02:32:07.380 7 INFO neutron.api.v2.resource [None req-6f11fa88-116b-4fc4-a15c-fca079b2cd2b 4337b71931cd49aea646b8ca47afa460 39d6eaaf45d44188a8cae6a7215fec41 - - default default] remove_router_interface failed (client error): The resource could not be found. [pid: 7|app: 0|req: 1780/3602] 10.0.0.10 () {34 vars in 788 bytes} [Sat Jul 25 02:32:07 2026] PUT /v2.0/routers/a4f7ef3e-8329-4ea1-9b6d-48137b5fd586/remove_router_interface => generated 198 bytes in 98 msecs (HTTP/1.1 404) 4 headers in 164 bytes (1 switches on core 0) /var/lib/openstack/lib/python3.12/site-packages/pycadf/identifier.py:70: UserWarning: Invalid uuid: neutron. To ensure interoperability, identifiers should be a valid uuid. warnings.warn(('Invalid uuid: %s. To ensure interoperability, '
2026-07-25 02:32:07.695 8 INFO neutron_taas.services.taas.taas_plugin [None req-06d9270e-8939-4f24-9f5c-50bdeed1e7a9 4337b71931cd49aea646b8ca47afa460 39d6eaaf45d44188a8cae6a7215fec41 - - default default] TaaS: Handle Delete Port: be950a9f-797b-4605-bf88-c6699f1a0ffd
2026-07-25 02:32:07.698 8 INFO neutron_taas.services.taas.tap_mirror_plugin [None req-06d9270e-8939-4f24-9f5c-50bdeed1e7a9 4337b71931cd49aea646b8ca47afa460 39d6eaaf45d44188a8cae6a7215fec41 - - default default] Tap Mirror: Handle Delete Port: be950a9f-797b-4605-bf88-c6699f1a0ffd [pid: 8|app: 0|req: 1823/3603] 10.0.0.10 () {34 vars in 788 bytes} [Sat Jul 25 02:32:07 2026] PUT /v2.0/routers/a4f7ef3e-8329-4ea1-9b6d-48137b5fd586/remove_router_interface => generated 309 bytes in 797 msecs (HTTP/1.1 200) 4 headers in 157 bytes (1 switches on core 0)
2026-07-25 02:32:08.271 7 INFO neutron.api.v2.resource [None req-dea99eed-cd2d-445c-8a4e-0bea34bdc592 4337b71931cd49aea646b8ca47afa460 39d6eaaf45d44188a8cae6a7215fec41 - - default default] remove_router_interface failed (client error): The resource could not be found. [pid: 7|app: 0|req: 1781/3604] 10.0.0.10 () {34 vars in 788 bytes} [Sat Jul 25 02:32:08 2026] PUT /v2.0/routers/a4f7ef3e-8329-4ea1-9b6d-48137b5fd586/remove_router_interface => generated 198 bytes in 85 msecs (HTTP/1.1 404) 4 headers in 164 bytes (1 switches on core 0) /var/lib/openstack/lib/python3.12/site-packages/pycadf/identifier.py:70: UserWarning: Invalid uuid: neutron. To ensure interoperability, identifiers should be a valid uuid. warnings.warn(('Invalid uuid: %s. To ensure interoperability, '
2026-07-25 02:32:08.616 8 INFO neutron_taas.services.taas.taas_plugin [None req-c21290e1-cf67-4793-872a-7d6910810388 4337b71931cd49aea646b8ca47afa460 39d6eaaf45d44188a8cae6a7215fec41 - - default default] TaaS: Handle Delete Port: f78e4350-9846-4624-bd86-bf629a2704d0
2026-07-25 02:32:08.619 8 INFO neutron_taas.services.taas.tap_mirror_plugin [None req-c21290e1-cf67-4793-872a-7d6910810388 4337b71931cd49aea646b8ca47afa460 39d6eaaf45d44188a8cae6a7215fec41 - - default default] Tap Mirror: Handle Delete Port: f78e4350-9846-4624-bd86-bf629a2704d0 [pid: 8|app: 0|req: 1824/3605] 10.0.0.10 () {32 vars in 723 bytes} [Sat Jul 25 02:32:08 2026] DELETE /v2.0/routers/a4f7ef3e-8329-4ea1-9b6d-48137b5fd586 => generated 0 bytes in 698 msecs (HTTP/1.1 204) 2 headers in 112 bytes (1 switches on core 0)
2026-07-25 02:32:08.999 7 INFO neutron.api.v2.resource [None req-7b33c93c-23e6-43a9-b7c2-1564f783eec1 4337b71931cd49aea646b8ca47afa460 39d6eaaf45d44188a8cae6a7215fec41 - - default default] show failed (client error): The resource could not be found. [pid: 7|app: 0|req: 1782/3606] 10.0.0.10 () {32 vars in 720 bytes} [Sat Jul 25 02:32:08 2026] GET /v2.0/routers/a4f7ef3e-8329-4ea1-9b6d-48137b5fd586 => generated 135 bytes in 17 msecs (HTTP/1.1 404) 4 headers in 164 bytes (1 switches on core 0) [pid: 8|app: 0|req: 1825/3607] 10.0.0.10 () {32 vars in 723 bytes} [Sat Jul 25 02:32:09 2026] DELETE /v2.0/subnets/105fdb28-993c-4e0b-a53c-c901dded97c9 => generated 0 bytes in 143 msecs (HTTP/1.1 204) 3 headers in 131 bytes (1 switches on core 0)
2026-07-25 02:32:09.170 7 INFO neutron.pecan_wsgi.hooks.translation [None req-6560ef94-b3e7-4758-826e-6867aa0f2d09 4337b71931cd49aea646b8ca47afa460 39d6eaaf45d44188a8cae6a7215fec41 - - default default] GET failed (client error): The resource could not be found. [pid: 7|app: 0|req: 1783/3608] 10.0.0.10 () {32 vars in 720 bytes} [Sat Jul 25 02:32:09 2026] GET /v2.0/subnets/105fdb28-993c-4e0b-a53c-c901dded97c9 => generated 136 bytes in 17 msecs (HTTP/1.1 404) 4 headers in 164 bytes (1 switches on core 0) [pid: 8|app: 0|req: 1826/3609] 10.0.0.10 () {32 vars in 723 bytes} [Sat Jul 25 02:32:09 2026] DELETE /v2.0/subnets/2183c83f-9168-4199-8646-e1dd48699d63 => generated 0 bytes in 163 msecs (HTTP/1.1 204) 3 headers in 131 bytes (1 switches on core 0)
2026-07-25 02:32:09.357 7 INFO neutron.pecan_wsgi.hooks.translation [None req-10c94f12-027e-4b14-b0ff-4fd1da02a055 4337b71931cd49aea646b8ca47afa460 39d6eaaf45d44188a8cae6a7215fec41 - - default default] GET failed (client error): The resource could not be found. [pid: 7|app: 0|req: 1784/3610] 10.0.0.10 () {32 vars in 720 bytes} [Sat Jul 25 02:32:09 2026] GET /v2.0/subnets/2183c83f-9168-4199-8646-e1dd48699d63 => generated 136 bytes in 14 msecs (HTTP/1.1 404) 4 headers in 164 bytes (1 switches on core 0)
2026-07-25 02:32:09.491 8 INFO neutron_taas.services.taas.taas_plugin [None req-6644db2f-92a6-4a06-8ab2-9e3cab2e2610 4337b71931cd49aea646b8ca47afa460 39d6eaaf45d44188a8cae6a7215fec41 - - default default] TaaS: Handle Delete Port: 7f05820f-0d50-44ab-b267-fd0e2e5c8f4e
2026-07-25 02:32:09.494 8 INFO neutron_taas.services.taas.tap_mirror_plugin [None req-6644db2f-92a6-4a06-8ab2-9e3cab2e2610 4337b71931cd49aea646b8ca47afa460 39d6eaaf45d44188a8cae6a7215fec41 - - default default] Tap Mirror: Handle Delete Port: 7f05820f-0d50-44ab-b267-fd0e2e5c8f4e
2026-07-25 02:32:09.692 8 INFO neutron.services.segments.plugin [-] Segment d936e972-da82-4943-9456-5a4e3dc14bbe resource provider aggregate not found
2026-07-25 02:32:09.693 8 INFO neutron.services.segments.plugin [-] Segment d936e972-da82-4943-9456-5a4e3dc14bbe resource provider aggregate not found
2026-07-25 02:32:09.717 8 INFO neutron.services.segments.plugin [-] Client error retrieving segment d936e972-da82-4943-9456-5a4e3dc14bbe resource provider; error: Placement Client Error (4xx): {"errors": [{"status": 404, "title": "Not Found", "detail": "The resource could not be found.\n\n No resource provider with uuid d936e972-da82-4943-9456-5a4e3dc14bbe found for delete ", "request_id": "req-ce7fbab5-84e9-4aed-a636-50063e420ef7"}]}
2026-07-25 02:32:09.719 8 INFO neutron.services.segments.plugin [-] Client error retrieving segment d936e972-da82-4943-9456-5a4e3dc14bbe resource provider; error: Placement Client Error (4xx): {"errors": [{"status": 404, "title": "Not Found", "detail": "The resource could not be found.\n\n No resource provider with uuid d936e972-da82-4943-9456-5a4e3dc14bbe found for delete ", "request_id": "req-e766207d-5428-4144-a8b5-9b2f0d6da4db"}]} [pid: 8|app: 0|req: 1827/3611] 10.0.0.10 () {32 vars in 725 bytes} [Sat Jul 25 02:32:09 2026] DELETE /v2.0/networks/783a53a9-93ed-4eb3-a67a-8ad292e849eb => generated 0 bytes in 381 msecs (HTTP/1.1 204) 3 headers in 131 bytes (1 switches on core 0)
2026-07-25 02:32:09.764 7 INFO neutron.pecan_wsgi.hooks.translation [None req-3ea225c7-da6b-4849-894f-1ef2268309f3 4337b71931cd49aea646b8ca47afa460 39d6eaaf45d44188a8cae6a7215fec41 - - default default] GET failed (client error): The resource could not be found. [pid: 7|app: 0|req: 1785/3612] 10.0.0.10 () {32 vars in 722 bytes} [Sat Jul 25 02:32:09 2026] GET /v2.0/networks/783a53a9-93ed-4eb3-a67a-8ad292e849eb => generated 138 bytes in 17 msecs (HTTP/1.1 404) 4 headers in 164 bytes (1 switches on core 0) [pid: 8|app: 0|req: 1828/3613] 10.0.0.10 () {32 vars in 723 bytes} [Sat Jul 25 02:32:09 2026] DELETE /v2.0/subnets/2a38a4e5-0987-48a1-891e-a7f0ccd405a3 => generated 0 bytes in 131 msecs (HTTP/1.1 204) 3 headers in 131 bytes (1 switches on core 0)
2026-07-25 02:32:09.922 7 INFO neutron.pecan_wsgi.hooks.translation [None req-794942ab-cd8c-4f65-9bbc-07991a8b90d1 4337b71931cd49aea646b8ca47afa460 39d6eaaf45d44188a8cae6a7215fec41 - - default default] GET failed (client error): The resource could not be found. [pid: 7|app: 0|req: 1786/3614] 10.0.0.10 () {32 vars in 720 bytes} [Sat Jul 25 02:32:09 2026] GET /v2.0/subnets/2a38a4e5-0987-48a1-891e-a7f0ccd405a3 => generated 136 bytes in 17 msecs (HTTP/1.1 404) 4 headers in 164 bytes (1 switches on core 0) [pid: 8|app: 0|req: 1829/3615] 10.0.0.10 () {32 vars in 723 bytes} [Sat Jul 25 02:32:09 2026] DELETE /v2.0/subnets/d74b6fa3-3a4c-48de-a8c4-3808e0f77396 => generated 0 bytes in 158 msecs (HTTP/1.1 204) 3 headers in 131 bytes (1 switches on core 0)
2026-07-25 02:32:10.109 7 INFO neutron.pecan_wsgi.hooks.translation [None req-3874e182-6565-4a67-9da5-75d905d137cc 4337b71931cd49aea646b8ca47afa460 39d6eaaf45d44188a8cae6a7215fec41 - - default default] GET failed (client error): The resource could not be found. [pid: 7|app: 0|req: 1787/3616] 10.0.0.10 () {32 vars in 720 bytes} [Sat Jul 25 02:32:10 2026] GET /v2.0/subnets/d74b6fa3-3a4c-48de-a8c4-3808e0f77396 => generated 136 bytes in 19 msecs (HTTP/1.1 404) 4 headers in 164 bytes (1 switches on core 0)
2026-07-25 02:32:10.211 8 INFO neutron_taas.services.taas.taas_plugin [None req-4e361f7d-c969-48b6-ad25-dcc2074768b6 4337b71931cd49aea646b8ca47afa460 39d6eaaf45d44188a8cae6a7215fec41 - - default default] TaaS: Handle Delete Port: bb83beff-234a-46bb-9bd9-34e0663589b0
2026-07-25 02:32:10.213 8 INFO neutron_taas.services.taas.tap_mirror_plugin [None req-4e361f7d-c969-48b6-ad25-dcc2074768b6 4337b71931cd49aea646b8ca47afa460 39d6eaaf45d44188a8cae6a7215fec41 - - default default] Tap Mirror: Handle Delete Port: bb83beff-234a-46bb-9bd9-34e0663589b0 [pid: 8|app: 0|req: 1830/3617] 10.0.0.10 () {32 vars in 725 bytes} [Sat Jul 25 02:32:10 2026] DELETE /v2.0/networks/30c367b8-8bb2-4ddf-a83f-ea9721b8b2cb => generated 0 bytes in 304 msecs (HTTP/1.1 204) 3 headers in 131 bytes (1 switches on core 0)
2026-07-25 02:32:10.444 7 INFO neutron.pecan_wsgi.hooks.translation [None req-13ec40cb-3c9a-4a0f-ac9e-99f5f57edfaa 4337b71931cd49aea646b8ca47afa460 39d6eaaf45d44188a8cae6a7215fec41 - - default default] GET failed (client error): The resource could not be found. [pid: 7|app: 0|req: 1788/3618] 10.0.0.10 () {32 vars in 722 bytes} [Sat Jul 25 02:32:10 2026] GET /v2.0/networks/30c367b8-8bb2-4ddf-a83f-ea9721b8b2cb => generated 138 bytes in 22 msecs (HTTP/1.1 404) 4 headers in 164 bytes (1 switches on core 0) [pid: 8|app: 0|req: 1831/3619] 10.0.0.10 () {32 vars in 723 bytes} [Sat Jul 25 02:32:10 2026] DELETE /v2.0/subnets/61f28e6a-61b8-482a-9ffa-381e7b124ea3 => generated 0 bytes in 172 msecs (HTTP/1.1 204) 3 headers in 131 bytes (1 switches on core 0)
2026-07-25 02:32:10.638 7 INFO neutron.pecan_wsgi.hooks.translation [None req-10dec6cf-5d42-4fb2-b40d-cb87cce94cff 4337b71931cd49aea646b8ca47afa460 39d6eaaf45d44188a8cae6a7215fec41 - - default default] GET failed (client error): The resource could not be found. [pid: 7|app: 0|req: 1789/3620] 10.0.0.10 () {32 vars in 720 bytes} [Sat Jul 25 02:32:10 2026] GET /v2.0/subnets/61f28e6a-61b8-482a-9ffa-381e7b124ea3 => generated 136 bytes in 15 msecs (HTTP/1.1 404) 4 headers in 164 bytes (1 switches on core 0) [pid: 8|app: 0|req: 1832/3621] 10.0.0.10 () {32 vars in 723 bytes} [Sat Jul 25 02:32:10 2026] DELETE /v2.0/subnets/5c9fa569-53a6-4cb1-aa49-80569021f91d => generated 0 bytes in 154 msecs (HTTP/1.1 204) 3 headers in 131 bytes (1 switches on core 0)
2026-07-25 02:32:10.816 7 INFO neutron.pecan_wsgi.hooks.translation [None req-b4ed0a56-9de4-48bc-80f8-79c590393f6d 4337b71931cd49aea646b8ca47afa460 39d6eaaf45d44188a8cae6a7215fec41 - - default default] GET failed (client error): The resource could not be found. [pid: 7|app: 0|req: 1790/3622] 10.0.0.10 () {32 vars in 720 bytes} [Sat Jul 25 02:32:10 2026] GET /v2.0/subnets/5c9fa569-53a6-4cb1-aa49-80569021f91d => generated 136 bytes in 14 msecs (HTTP/1.1 404) 4 headers in 164 bytes (1 switches on core 0)
2026-07-25 02:32:10.945 8 INFO neutron_taas.services.taas.taas_plugin [None req-02085095-1b80-46ca-b4c8-5f539114243f 4337b71931cd49aea646b8ca47afa460 39d6eaaf45d44188a8cae6a7215fec41 - - default default] TaaS: Handle Delete Port: 197ebc88-95cb-4781-9e64-37deb294401f
2026-07-25 02:32:10.949 8 INFO neutron_taas.services.taas.tap_mirror_plugin [None req-02085095-1b80-46ca-b4c8-5f539114243f 4337b71931cd49aea646b8ca47afa460 39d6eaaf45d44188a8cae6a7215fec41 - - default default] Tap Mirror: Handle Delete Port: 197ebc88-95cb-4781-9e64-37deb294401f [pid: 8|app: 0|req: 1833/3623] 10.0.0.10 () {32 vars in 725 bytes} [Sat Jul 25 02:32:10 2026] DELETE /v2.0/networks/0c5081d7-23af-482f-b7cf-3f362577e3a9 => generated 0 bytes in 356 msecs (HTTP/1.1 204) 3 headers in 131 bytes (1 switches on core 0)
2026-07-25 02:32:11.196 7 INFO neutron.pecan_wsgi.hooks.translation [None req-2a89ee08-74eb-4e3a-bb14-906e5d5af359 4337b71931cd49aea646b8ca47afa460 39d6eaaf45d44188a8cae6a7215fec41 - - default default] GET failed (client error): The resource could not be found. [pid: 7|app: 0|req: 1791/3624] 10.0.0.10 () {32 vars in 722 bytes} [Sat Jul 25 02:32:11 2026] GET /v2.0/networks/0c5081d7-23af-482f-b7cf-3f362577e3a9 => generated 138 bytes in 15 msecs (HTTP/1.1 404) 4 headers in 164 bytes (1 switches on core 0)
2026-07-25 02:32:11.740 8 INFO neutron.services.segments.plugin [-] Segment 3a98eb2e-7a63-4f0e-8592-e983cf1be482 resource provider aggregate not found
2026-07-25 02:32:11.748 8 INFO neutron.services.segments.plugin [-] Segment 3a98eb2e-7a63-4f0e-8592-e983cf1be482 resource provider aggregate not found
2026-07-25 02:32:11.758 8 INFO neutron.services.segments.plugin [-] Client error retrieving segment 3a98eb2e-7a63-4f0e-8592-e983cf1be482 resource provider; error: Placement Client Error (4xx): {"errors": [{"status": 404, "title": "Not Found", "detail": "The resource could not be found.\n\n No resource provider with uuid 3a98eb2e-7a63-4f0e-8592-e983cf1be482 found for delete ", "request_id": "req-efb9867b-a63c-4cff-bfd1-a162115c02a0"}]}
2026-07-25 02:32:11.765 8 INFO neutron.services.segments.plugin [-] Client error retrieving segment 3a98eb2e-7a63-4f0e-8592-e983cf1be482 resource provider; error: Placement Client Error (4xx): {"errors": [{"status": 404, "title": "Not Found", "detail": "The resource could not be found.\n\n No resource provider with uuid 3a98eb2e-7a63-4f0e-8592-e983cf1be482 found for delete ", "request_id": "req-e0d0c7ff-542d-4b30-9b04-dccef605bccb"}]}
2026-07-25 02:32:11.770 8 INFO neutron.services.segments.plugin [-] Segment 6e2ad92d-bb66-4c76-9ab2-b118035e084a resource provider aggregate not found
2026-07-25 02:32:11.782 8 INFO neutron.services.segments.plugin [-] Segment 6e2ad92d-bb66-4c76-9ab2-b118035e084a resource provider aggregate not found
2026-07-25 02:32:11.787 8 INFO neutron.services.segments.plugin [-] Client error retrieving segment 6e2ad92d-bb66-4c76-9ab2-b118035e084a resource provider; error: Placement Client Error (4xx): {"errors": [{"status": 404, "title": "Not Found", "detail": "The resource could not be found.\n\n No resource provider with uuid 6e2ad92d-bb66-4c76-9ab2-b118035e084a found for delete ", "request_id": "req-c44249be-e3bb-4d08-a470-920e560d8cab"}]}
2026-07-25 02:32:11.795 8 INFO neutron.services.segments.plugin [-] Client error retrieving segment 6e2ad92d-bb66-4c76-9ab2-b118035e084a resource provider; error: Placement Client Error (4xx): {"errors": [{"status": 404, "title": "Not Found", "detail": "The resource could not be found.\n\n No resource provider with uuid 6e2ad92d-bb66-4c76-9ab2-b118035e084a found for delete ", "request_id": "req-77c641b7-4da1-47fc-bf0e-460990870894"}]}
2026-07-25 02:32:13.336 8 INFO neutron.db.ovn_revision_numbers_db [None req-602576fb-5fa7-43e9-9b9b-0741b86c4fef 54f0523665e04d4a9cb3d01bb979ec9d 650b3bf8ba6943b6b9abce5090e25fdd - - default default] Successfully bumped revision number for resource 753709ab-2dd9-4e40-89ff-3c77f9e0de5a (type: security_groups) to 1
2026-07-25 02:32:13.347 8 INFO neutron.db.ovn_revision_numbers_db [None req-602576fb-5fa7-43e9-9b9b-0741b86c4fef 54f0523665e04d4a9cb3d01bb979ec9d 650b3bf8ba6943b6b9abce5090e25fdd - - default default] Successfully bumped revision number for resource 14be8c8f-309a-4697-9979-610497e67f10 (type: security_group_rules) to 0
2026-07-25 02:32:13.361 8 INFO neutron.db.ovn_revision_numbers_db [None req-602576fb-5fa7-43e9-9b9b-0741b86c4fef 54f0523665e04d4a9cb3d01bb979ec9d 650b3bf8ba6943b6b9abce5090e25fdd - - default default] Successfully bumped revision number for resource 5bd79f1b-0787-4926-8f5d-750b542239d9 (type: security_group_rules) to 0
2026-07-25 02:32:13.372 8 INFO neutron.db.ovn_revision_numbers_db [None req-602576fb-5fa7-43e9-9b9b-0741b86c4fef 54f0523665e04d4a9cb3d01bb979ec9d 650b3bf8ba6943b6b9abce5090e25fdd - - default default] Successfully bumped revision number for resource ad51cfb9-72d0-424e-9b38-ca6dbab4d1f0 (type: security_group_rules) to 0
2026-07-25 02:32:13.384 8 INFO neutron.db.ovn_revision_numbers_db [None req-602576fb-5fa7-43e9-9b9b-0741b86c4fef 54f0523665e04d4a9cb3d01bb979ec9d 650b3bf8ba6943b6b9abce5090e25fdd - - default default] Successfully bumped revision number for resource b31bcf62-64c6-40d1-a5b0-25d2e52cf2ca (type: security_group_rules) to 0 [pid: 8|app: 0|req: 1834/3625] 10.0.0.10 () {32 vars in 773 bytes} [Sat Jul 25 02:32:13 2026] GET /v2.0/security-groups?tenant_id=afda4f5da0454c81b6b41c4e9058c252&name=default => generated 2929 bytes in 350 msecs (HTTP/1.1 200) 4 headers in 158 bytes (1 switches on core 0) [pid: 7|app: 0|req: 1792/3626] 10.0.0.10 () {32 vars in 739 bytes} [Sat Jul 25 02:32:13 2026] DELETE /v2.0/security-groups/753709ab-2dd9-4e40-89ff-3c77f9e0de5a => generated 0 bytes in 257 msecs (HTTP/1.1 204) 2 headers in 112 bytes (1 switches on core 0)
2026-07-25 02:32:13.906 8 INFO neutron.db.ovn_revision_numbers_db [None req-b977177a-17db-4f3f-8714-2863ef52ae29 54f0523665e04d4a9cb3d01bb979ec9d 650b3bf8ba6943b6b9abce5090e25fdd - - default default] Successfully bumped revision number for resource 556ffa9a-3a47-4dec-9865-c153d16a3bd8 (type: security_groups) to 1
2026-07-25 02:32:13.918 8 INFO neutron.db.ovn_revision_numbers_db [None req-b977177a-17db-4f3f-8714-2863ef52ae29 54f0523665e04d4a9cb3d01bb979ec9d 650b3bf8ba6943b6b9abce5090e25fdd - - default default] Successfully bumped revision number for resource 2f892a47-6f5d-4002-bee0-6ecd8236fda5 (type: security_group_rules) to 0
2026-07-25 02:32:13.929 8 INFO neutron.db.ovn_revision_numbers_db [None req-b977177a-17db-4f3f-8714-2863ef52ae29 54f0523665e04d4a9cb3d01bb979ec9d 650b3bf8ba6943b6b9abce5090e25fdd - - default default] Successfully bumped revision number for resource 45e173a0-d6b4-4799-b7d3-80867f99be96 (type: security_group_rules) to 0
2026-07-25 02:32:13.941 8 INFO neutron.db.ovn_revision_numbers_db [None req-b977177a-17db-4f3f-8714-2863ef52ae29 54f0523665e04d4a9cb3d01bb979ec9d 650b3bf8ba6943b6b9abce5090e25fdd - - default default] Successfully bumped revision number for resource 7f402a4a-85a3-4e78-87dd-2e8ba064851e (type: security_group_rules) to 0
