2026-07-25 02:25:21.049 8 INFO neutron_taas.services.taas.taas_plugin [None req-7bf5a950-d965-40e5-b40f-299e088fe303 a427e2e082f141f2b2b47250c3e9b15c 89ec82f114394d5eae043a10cf955683 - - default default] TaaS: Handle Delete Port: a4d645d9-49ec-4ea8-87dd-61ef96c55595
2026-07-25 02:25:21.052 8 INFO neutron_taas.services.taas.tap_mirror_plugin [None req-7bf5a950-d965-40e5-b40f-299e088fe303 a427e2e082f141f2b2b47250c3e9b15c 89ec82f114394d5eae043a10cf955683 - - default default] Tap Mirror: Handle Delete Port: a4d645d9-49ec-4ea8-87dd-61ef96c55595 [pid: 7|app: 0|req: 521/1045] 10.0.0.10 () {32 vars in 723 bytes} [Sat Jul 25 02:25:20 2026] DELETE /v2.0/routers/2bcb6f9d-7e57-4f39-9d4c-f1c8b0926dfe => generated 0 bytes in 194 msecs (HTTP/1.1 204) 2 headers in 112 bytes (1 switches on core 0) [pid: 7|app: 0|req: 522/1046] 10.0.0.151 () {28 vars in 579 bytes} [Sat Jul 25 02:25:21 2026] GET /v2.0/ports => generated 12018 bytes in 81 msecs (HTTP/1.1 200) 4 headers in 159 bytes (1 switches on core 0) [pid: 8|app: 0|req: 525/1047] 10.0.0.10 () {32 vars in 731 bytes} [Sat Jul 25 02:25:20 2026] DELETE /v2.0/floatingips/cc53a837-b39f-4967-ad25-3b63b948423b => generated 0 bytes in 320 msecs (HTTP/1.1 204) 2 headers in 112 bytes (1 switches on core 0)
2026-07-25 02:25:21.272 7 INFO neutron_taas.services.taas.taas_plugin [None req-798eb5db-c135-48f9-b55a-7d74d488e994 54f0523665e04d4a9cb3d01bb979ec9d 650b3bf8ba6943b6b9abce5090e25fdd - - default default] TaaS: Handle Delete Port: b9a89417-a788-42e7-b527-cfc2f3344429
2026-07-25 02:25:21.277 7 INFO neutron_taas.services.taas.tap_mirror_plugin [None req-798eb5db-c135-48f9-b55a-7d74d488e994 54f0523665e04d4a9cb3d01bb979ec9d 650b3bf8ba6943b6b9abce5090e25fdd - - default default] Tap Mirror: Handle Delete Port: b9a89417-a788-42e7-b527-cfc2f3344429 [pid: 8|app: 0|req: 526/1048] 10.0.0.10 () {32 vars in 723 bytes} [Sat Jul 25 02:25:21 2026] DELETE /v2.0/subnets/c0e71f35-aea3-4f04-831b-24514bd4ecbe => generated 0 bytes in 134 msecs (HTTP/1.1 204) 3 headers in 131 bytes (1 switches on core 0) [pid: 8|app: 0|req: 527/1049] 10.0.0.151 () {28 vars in 585 bytes} [Sat Jul 25 02:25:21 2026] GET /v2.0/networks => generated 5125 bytes in 60 msecs (HTTP/1.1 200) 4 headers in 158 bytes (1 switches on core 0)
2026-07-25 02:25:21.469 7 INFO neutron.services.segments.plugin [-] Segment 60191875-b7b5-436e-b479-bd5edd52db4b resource provider aggregate not found
2026-07-25 02:25:21.477 7 INFO neutron.services.segments.plugin [-] Segment 60191875-b7b5-436e-b479-bd5edd52db4b resource provider aggregate not found
2026-07-25 02:25:21.488 7 INFO neutron.services.segments.plugin [-] Client error retrieving segment 60191875-b7b5-436e-b479-bd5edd52db4b resource provider; error: Placement Client Error (4xx): {"errors": [{"status": 404, "title": "Not Found", "detail": "The resource could not be found.\n\n No resource provider with uuid 60191875-b7b5-436e-b479-bd5edd52db4b found for delete ", "request_id": "req-882f32f2-8a05-4c83-b775-85325e222b8d"}]}
2026-07-25 02:25:21.495 7 INFO neutron.services.segments.plugin [-] Client error retrieving segment 60191875-b7b5-436e-b479-bd5edd52db4b resource provider; error: Placement Client Error (4xx): {"errors": [{"status": 404, "title": "Not Found", "detail": "The resource could not be found.\n\n No resource provider with uuid 60191875-b7b5-436e-b479-bd5edd52db4b found for delete ", "request_id": "req-efacfdf6-18a9-42d3-a4a3-e32bd5d9f554"}]} [pid: 7|app: 0|req: 523/1050] 10.0.0.10 () {32 vars in 725 bytes} [Sat Jul 25 02:25:21 2026] DELETE /v2.0/networks/fad38048-78d4-4cec-8ed9-ff22d7d8c075 => generated 0 bytes in 385 msecs (HTTP/1.1 204) 3 headers in 131 bytes (1 switches on core 0) [pid: 7|app: 0|req: 524/1051] 10.0.0.10 () {32 vars in 723 bytes} [Sat Jul 25 02:25:21 2026] DELETE /v2.0/subnets/82ddee84-48ce-444e-867d-45f10ec7be52 => generated 0 bytes in 137 msecs (HTTP/1.1 204) 3 headers in 131 bytes (1 switches on core 0)
2026-07-25 02:25:21.775 8 INFO neutron_taas.services.taas.taas_plugin [None req-25aa14f1-2ba9-486d-bd57-f683b0efaf28 54f0523665e04d4a9cb3d01bb979ec9d 650b3bf8ba6943b6b9abce5090e25fdd - - default default] TaaS: Handle Delete Port: 506e7cda-3e44-4552-8dc5-79f8dcf0eec2
2026-07-25 02:25:21.777 8 INFO neutron_taas.services.taas.tap_mirror_plugin [None req-25aa14f1-2ba9-486d-bd57-f683b0efaf28 54f0523665e04d4a9cb3d01bb979ec9d 650b3bf8ba6943b6b9abce5090e25fdd - - default default] Tap Mirror: Handle Delete Port: 506e7cda-3e44-4552-8dc5-79f8dcf0eec2
2026-07-25 02:25:21.784 7 INFO neutron_taas.services.taas.taas_plugin [None req-5c4741eb-4355-41ee-961f-fa325a9de10f 63abd6ef895b4c4b9ea5c43068ab68d1 0cb00983d3ec4d40b1e5b924c27c77bf - - default default] TaaS: Handle Delete Port: 85025c35-80d3-4d34-a009-c1a18c331a0c
2026-07-25 02:25:21.786 7 INFO neutron_taas.services.taas.tap_mirror_plugin [None req-5c4741eb-4355-41ee-961f-fa325a9de10f 63abd6ef895b4c4b9ea5c43068ab68d1 0cb00983d3ec4d40b1e5b924c27c77bf - - default default] Tap Mirror: Handle Delete Port: 85025c35-80d3-4d34-a009-c1a18c331a0c [pid: 7|app: 0|req: 525/1052] 10.0.0.10 () {32 vars in 725 bytes} [Sat Jul 25 02:25:21 2026] DELETE /v2.0/networks/fef5e2a7-da0b-4fde-9bea-57b0ffa1f98e => generated 0 bytes in 318 msecs (HTTP/1.1 204) 3 headers in 131 bytes (1 switches on core 0) [pid: 7|app: 0|req: 526/1053] 10.0.0.10 () {32 vars in 773 bytes} [Sat Jul 25 02:25:21 2026] GET /v2.0/security-groups?tenant_id=bcf2b8902cdf4d08b340d8a6611cbb98&name=default => generated 2925 bytes in 26 msecs (HTTP/1.1 200) 4 headers in 158 bytes (1 switches on core 0)
2026-07-25 02:25:22.110 7 INFO neutron_taas.services.taas.taas_plugin [None req-839437e1-a18e-4be6-8091-d4ae15053d32 63abd6ef895b4c4b9ea5c43068ab68d1 0cb00983d3ec4d40b1e5b924c27c77bf - - default default] TaaS: Handle Delete Port: 73cc3e56-28bd-432c-a87a-85c73f75981c
2026-07-25 02:25:22.113 7 INFO neutron_taas.services.taas.tap_mirror_plugin [None req-839437e1-a18e-4be6-8091-d4ae15053d32 63abd6ef895b4c4b9ea5c43068ab68d1 0cb00983d3ec4d40b1e5b924c27c77bf - - default default] Tap Mirror: Handle Delete Port: 73cc3e56-28bd-432c-a87a-85c73f75981c [pid: 7|app: 0|req: 529/1056] 10.0.0.10 () {32 vars in 725 bytes} [Sat Jul 25 02:25:22 2026] DELETE /v2.0/networks/e66842e9-0026-4f1f-9c94-613e8b877038 => generated 0 bytes in 304 msecs (HTTP/1.1 204) 3 headers in 131 bytes (1 switches on core 0) [pid: 8|app: 0|req: 528/1057] 10.0.0.10 () {34 vars in 788 bytes} [Sat Jul 25 02:25:21 2026] PUT /v2.0/routers/280cacc2-cf24-4bdb-8b1c-c9662f27eca6/remove_router_interface => generated 309 bytes in 936 msecs (HTTP/1.1 200) 4 headers in 157 bytes (1 switches on core 0) /var/lib/openstack/lib/python3.12/site-packages/pycadf/identifier.py:70: UserWarning: Invalid uuid: neutron. To ensure interoperability, identifiers should be a valid uuid. warnings.warn(('Invalid uuid: %s. To ensure interoperability, '
2026-07-25 02:25:22.485 8 INFO neutron.db.segments_db [None req-c99c7b5b-9f18-4487-b6d1-945138aef3dc 63abd6ef895b4c4b9ea5c43068ab68d1 0cb00983d3ec4d40b1e5b924c27c77bf - - default default] Added segment 952c7491-9e22-4fae-9e69-6f6907e5de6f of type geneve for network 86385749-7991-406c-b57e-a2bd51109e4d [pid: 7|app: 0|req: 530/1058] 10.0.0.10 () {32 vars in 739 bytes} [Sat Jul 25 02:25:22 2026] DELETE /v2.0/security-groups/16aa0298-3764-4de7-b44c-993a528c0e40 => generated 0 bytes in 242 msecs (HTTP/1.1 204) 2 headers in 112 bytes (1 switches on core 0)
2026-07-25 02:25:22.625 8 INFO neutron.db.ovn_revision_numbers_db [None req-c99c7b5b-9f18-4487-b6d1-945138aef3dc 63abd6ef895b4c4b9ea5c43068ab68d1 0cb00983d3ec4d40b1e5b924c27c77bf - - default default] Successfully bumped revision number for resource 86385749-7991-406c-b57e-a2bd51109e4d (type: networks) to 1
2026-07-25 02:25:22.798 8 WARNING neutron.scheduler.dhcp_agent_scheduler [None req-c99c7b5b-9f18-4487-b6d1-945138aef3dc 63abd6ef895b4c4b9ea5c43068ab68d1 0cb00983d3ec4d40b1e5b924c27c77bf - - default default] No more DHCP agents
2026-07-25 02:25:22.800 8 WARNING neutron.api.rpc.agentnotifiers.dhcp_rpc_agent_api [None req-c99c7b5b-9f18-4487-b6d1-945138aef3dc 63abd6ef895b4c4b9ea5c43068ab68d1 0cb00983d3ec4d40b1e5b924c27c77bf - - default default] Unable to schedule network 86385749-7991-406c-b57e-a2bd51109e4d: no agents available; will retry on subsequent port and subnet creation events.
2026-07-25 02:25:22.846 8 INFO neutron.plugins.ml2.drivers.ovn.mech_driver.mech_driver [None req-9cdd14e9-f884-45a5-954e-2a52eb6a44f9 - - - - - -] OVN reports status down for port: b8b362c2-3732-408d-ac70-ba9689d788c9
2026-07-25 02:25:22.888 7 INFO neutron_taas.services.taas.taas_plugin [None req-708fe072-3d56-4f5c-ad48-9d6cb011e4be 54f0523665e04d4a9cb3d01bb979ec9d 650b3bf8ba6943b6b9abce5090e25fdd - - default default] TaaS: Handle Delete Port: 5c7263a6-3058-4f18-ac8b-d89e6724498c
2026-07-25 02:25:22.891 7 INFO neutron_taas.services.taas.tap_mirror_plugin [None req-708fe072-3d56-4f5c-ad48-9d6cb011e4be 54f0523665e04d4a9cb3d01bb979ec9d 650b3bf8ba6943b6b9abce5090e25fdd - - default default] Tap Mirror: Handle Delete Port: 5c7263a6-3058-4f18-ac8b-d89e6724498c
2026-07-25 02:25:22.899 8 INFO neutron.db.ovn_revision_numbers_db [None req-c99c7b5b-9f18-4487-b6d1-945138aef3dc 63abd6ef895b4c4b9ea5c43068ab68d1 0cb00983d3ec4d40b1e5b924c27c77bf - - default default] Successfully bumped revision number for resource b8b362c2-3732-408d-ac70-ba9689d788c9 (type: ports) to 1 [pid: 8|app: 0|req: 529/1059] 10.0.0.10 () {34 vars in 669 bytes} [Sat Jul 25 02:25:22 2026] POST /v2.0/networks => generated 633 bytes in 568 msecs (HTTP/1.1 201) 4 headers in 162 bytes (1 switches on core 0)
2026-07-25 02:25:23.151 8 WARNING neutron.scheduler.dhcp_agent_scheduler [None req-00552b10-03cf-48d8-82bc-9b4cddbef38c 63abd6ef895b4c4b9ea5c43068ab68d1 0cb00983d3ec4d40b1e5b924c27c77bf - - default default] No more DHCP agents
2026-07-25 02:25:23.152 8 WARNING neutron.api.rpc.agentnotifiers.dhcp_rpc_agent_api [None req-00552b10-03cf-48d8-82bc-9b4cddbef38c 63abd6ef895b4c4b9ea5c43068ab68d1 0cb00983d3ec4d40b1e5b924c27c77bf - - default default] Unable to schedule network 86385749-7991-406c-b57e-a2bd51109e4d: no agents available; will retry on subsequent port and subnet creation events.
2026-07-25 02:25:23.177 8 INFO neutron.db.ovn_revision_numbers_db [None req-00552b10-03cf-48d8-82bc-9b4cddbef38c 63abd6ef895b4c4b9ea5c43068ab68d1 0cb00983d3ec4d40b1e5b924c27c77bf - - default default] Successfully bumped revision number for resource ad496afc-e88c-47ab-87c0-2b11326f0128 (type: subnets) to 0 [pid: 8|app: 0|req: 530/1060] 10.0.0.10 () {34 vars in 668 bytes} [Sat Jul 25 02:25:22 2026] POST /v2.0/subnets => generated 646 bytes in 243 msecs (HTTP/1.1 201) 4 headers in 162 bytes (1 switches on core 0) [pid: 7|app: 0|req: 531/1061] 10.0.0.10 () {32 vars in 723 bytes} [Sat Jul 25 02:25:22 2026] DELETE /v2.0/routers/280cacc2-cf24-4bdb-8b1c-c9662f27eca6 => generated 0 bytes in 727 msecs (HTTP/1.1 204) 2 headers in 112 bytes (1 switches on core 0)
2026-07-25 02:25:23.409 7 INFO neutron.db.ovn_revision_numbers_db [None req-cf887041-ea5c-4443-b0f4-8ac5c0b34c6f 63abd6ef895b4c4b9ea5c43068ab68d1 0cb00983d3ec4d40b1e5b924c27c77bf - - default default] Successfully bumped revision number for resource ff868831-7fbc-4f7d-b24f-6c481ee675d1 (type: routers) to 1
2026-07-25 02:25:23.432 8 INFO neutron.db.ovn_revision_numbers_db [None req-c8a3ddf0-af14-45c3-ba04-565e22fabbbb 54f0523665e04d4a9cb3d01bb979ec9d 650b3bf8ba6943b6b9abce5090e25fdd - - default default] Successfully bumped revision number for resource f77b54bf-a832-43c4-ad66-e77c93fbaba8 (type: security_groups) to 1 [pid: 7|app: 0|req: 532/1062] 10.0.0.10 () {34 vars in 668 bytes} [Sat Jul 25 02:25:23 2026] POST /v2.0/routers => generated 606 bytes in 144 msecs (HTTP/1.1 201) 4 headers in 162 bytes (1 switches on core 0)
2026-07-25 02:25:23.456 8 INFO neutron.db.ovn_revision_numbers_db [None req-c8a3ddf0-af14-45c3-ba04-565e22fabbbb 54f0523665e04d4a9cb3d01bb979ec9d 650b3bf8ba6943b6b9abce5090e25fdd - - default default] Successfully bumped revision number for resource 48490d38-0803-4a9f-a583-e6669f995074 (type: security_group_rules) to 0
2026-07-25 02:25:23.471 8 INFO neutron.db.ovn_revision_numbers_db [None req-c8a3ddf0-af14-45c3-ba04-565e22fabbbb 54f0523665e04d4a9cb3d01bb979ec9d 650b3bf8ba6943b6b9abce5090e25fdd - - default default] Successfully bumped revision number for resource 8afc60fe-f5f3-47b6-8cc3-fd6b940eaa6b (type: security_group_rules) to 0
2026-07-25 02:25:23.483 8 INFO neutron.db.ovn_revision_numbers_db [None req-c8a3ddf0-af14-45c3-ba04-565e22fabbbb 54f0523665e04d4a9cb3d01bb979ec9d 650b3bf8ba6943b6b9abce5090e25fdd - - default default] Successfully bumped revision number for resource a20ecc7e-be90-48e6-a737-c2503f7d0fdb (type: security_group_rules) to 0
2026-07-25 02:25:23.498 8 INFO neutron.db.ovn_revision_numbers_db [None req-c8a3ddf0-af14-45c3-ba04-565e22fabbbb 54f0523665e04d4a9cb3d01bb979ec9d 650b3bf8ba6943b6b9abce5090e25fdd - - default default] Successfully bumped revision number for resource ec20d341-5175-4d07-95f3-f2dc50c7e57b (type: security_group_rules) to 0
2026-07-25 02:25:23.517 7 INFO neutron.services.segments.plugin [-] Segment adb7e1de-b80d-49f5-99a6-f8901d5fb04b resource provider aggregate not found
2026-07-25 02:25:23.528 7 INFO neutron.services.segments.plugin [-] Segment adb7e1de-b80d-49f5-99a6-f8901d5fb04b resource provider aggregate not found
2026-07-25 02:25:23.540 7 INFO neutron.services.segments.plugin [-] Client error retrieving segment adb7e1de-b80d-49f5-99a6-f8901d5fb04b resource provider; error: Placement Client Error (4xx): {"errors": [{"status": 404, "title": "Not Found", "detail": "The resource could not be found.\n\n No resource provider with uuid adb7e1de-b80d-49f5-99a6-f8901d5fb04b found for delete ", "request_id": "req-15b0eda3-3daa-4365-bc25-2e7db549df7f"}]} [pid: 8|app: 0|req: 531/1063] 10.0.0.10 () {32 vars in 773 bytes} [Sat Jul 25 02:25:23 2026] GET /v2.0/security-groups?tenant_id=e3cb23b34f324c9c8231b6af80712157&name=default => generated 2925 bytes in 349 msecs (HTTP/1.1 200) 4 headers in 158 bytes (1 switches on core 0)
2026-07-25 02:25:23.552 7 INFO neutron.services.segments.plugin [-] Client error retrieving segment adb7e1de-b80d-49f5-99a6-f8901d5fb04b resource provider; error: Placement Client Error (4xx): {"errors": [{"status": 404, "title": "Not Found", "detail": "The resource could not be found.\n\n No resource provider with uuid adb7e1de-b80d-49f5-99a6-f8901d5fb04b found for delete ", "request_id": "req-a7e16410-93c7-4359-94cf-af4a6277cb6d"}]}
2026-07-25 02:25:23.557 7 INFO neutron.services.segments.plugin [-] Segment 12ba7c65-aa5f-4716-8924-302b4ecfbb4a resource provider aggregate not found
2026-07-25 02:25:23.579 7 INFO neutron.services.segments.plugin [-] Segment 12ba7c65-aa5f-4716-8924-302b4ecfbb4a resource provider aggregate not found
2026-07-25 02:25:23.590 7 INFO neutron.services.segments.plugin [-] Client error retrieving segment 12ba7c65-aa5f-4716-8924-302b4ecfbb4a resource provider; error: Placement Client Error (4xx): {"errors": [{"status": 404, "title": "Not Found", "detail": "The resource could not be found.\n\n No resource provider with uuid 12ba7c65-aa5f-4716-8924-302b4ecfbb4a found for delete ", "request_id": "req-3a45dd25-0f45-4540-bbec-5daae3ad397f"}]}
2026-07-25 02:25:23.602 7 INFO neutron.services.segments.plugin [-] Client error retrieving segment 12ba7c65-aa5f-4716-8924-302b4ecfbb4a resource provider; error: Placement Client Error (4xx): {"errors": [{"status": 404, "title": "Not Found", "detail": "The resource could not be found.\n\n No resource provider with uuid 12ba7c65-aa5f-4716-8924-302b4ecfbb4a found for delete ", "request_id": "req-9d3f7fbe-fc1a-4ffa-858f-e0ac0876833d"}]} [pid: 7|app: 0|req: 533/1064] 10.0.0.10 () {32 vars in 723 bytes} [Sat Jul 25 02:25:23 2026] DELETE /v2.0/subnets/eb4ed4bb-c28e-4fa7-a426-686d849ff585 => generated 0 bytes in 230 msecs (HTTP/1.1 204) 3 headers in 131 bytes (1 switches on core 0)
2026-07-25 02:25:23.824 8 WARNING neutron.scheduler.dhcp_agent_scheduler [None req-304a01da-9e37-45fb-8dfd-16a94c79db3f 63abd6ef895b4c4b9ea5c43068ab68d1 0cb00983d3ec4d40b1e5b924c27c77bf - - default default] No more DHCP agents
2026-07-25 02:25:23.825 8 WARNING neutron.api.rpc.agentnotifiers.dhcp_rpc_agent_api [None req-304a01da-9e37-45fb-8dfd-16a94c79db3f 63abd6ef895b4c4b9ea5c43068ab68d1 0cb00983d3ec4d40b1e5b924c27c77bf - - default default] Unable to schedule network 86385749-7991-406c-b57e-a2bd51109e4d: no agents available; will retry on subsequent port and subnet creation events. [pid: 7|app: 0|req: 534/1065] 10.0.0.10 () {32 vars in 739 bytes} [Sat Jul 25 02:25:23 2026] DELETE /v2.0/security-groups/f77b54bf-a832-43c4-ad66-e77c93fbaba8 => generated 0 bytes in 204 msecs (HTTP/1.1 204) 2 headers in 112 bytes (1 switches on core 0)
2026-07-25 02:25:23.908 8 INFO neutron.plugins.ml2.drivers.ovn.mech_driver.mech_driver [None req-9cdd14e9-f884-45a5-954e-2a52eb6a44f9 - - - - - -] OVN reports status down for port: ae9f347c-f6b7-4b32-8b82-00a08c202f55
2026-07-25 02:25:23.967 8 INFO neutron.db.ovn_revision_numbers_db [None req-304a01da-9e37-45fb-8dfd-16a94c79db3f 63abd6ef895b4c4b9ea5c43068ab68d1 0cb00983d3ec4d40b1e5b924c27c77bf - - default default] Successfully bumped revision number for resource ae9f347c-f6b7-4b32-8b82-00a08c202f55 (type: ports) to 1
2026-07-25 02:25:24.011 7 INFO neutron_taas.services.taas.taas_plugin [None req-6041d435-06e6-489d-9b6a-51145cf2dee8 54f0523665e04d4a9cb3d01bb979ec9d 650b3bf8ba6943b6b9abce5090e25fdd - - default default] TaaS: Handle Delete Port: 95713a14-d664-4b0e-a232-d334386bd62c
2026-07-25 02:25:24.016 7 INFO neutron_taas.services.taas.tap_mirror_plugin [None req-6041d435-06e6-489d-9b6a-51145cf2dee8 54f0523665e04d4a9cb3d01bb979ec9d 650b3bf8ba6943b6b9abce5090e25fdd - - default default] Tap Mirror: Handle Delete Port: 95713a14-d664-4b0e-a232-d334386bd62c [pid: 8|app: 0|req: 532/1066] 10.0.0.10 () {34 vars in 664 bytes} [Sat Jul 25 02:25:23 2026] POST /v2.0/ports => generated 964 bytes in 477 msecs (HTTP/1.1 201) 4 headers in 162 bytes (1 switches on core 0) /var/lib/openstack/lib/python3.12/site-packages/pycadf/identifier.py:70: UserWarning: Invalid uuid: neutron. To ensure interoperability, identifiers should be a valid uuid. warnings.warn(('Invalid uuid: %s. To ensure interoperability, '
2026-07-25 02:25:24.144 8 INFO neutron.db.ovn_revision_numbers_db [None req-e3f7924d-0bf0-456d-9abc-eb2ec4c5deed 54f0523665e04d4a9cb3d01bb979ec9d 650b3bf8ba6943b6b9abce5090e25fdd - - default default] Successfully bumped revision number for resource 4c175f50-daee-49b8-a83e-1a471baa5137 (type: security_groups) to 1
2026-07-25 02:25:24.156 8 INFO neutron.db.ovn_revision_numbers_db [None req-e3f7924d-0bf0-456d-9abc-eb2ec4c5deed 54f0523665e04d4a9cb3d01bb979ec9d 650b3bf8ba6943b6b9abce5090e25fdd - - default default] Successfully bumped revision number for resource 47bf80ef-018e-4b3b-86ee-2284cd770cf9 (type: security_group_rules) to 0
2026-07-25 02:25:24.166 8 INFO neutron.db.ovn_revision_numbers_db [None req-e3f7924d-0bf0-456d-9abc-eb2ec4c5deed 54f0523665e04d4a9cb3d01bb979ec9d 650b3bf8ba6943b6b9abce5090e25fdd - - default default] Successfully bumped revision number for resource 5a0d818f-b89f-4c3b-b422-d2b4a49f13e9 (type: security_group_rules) to 0
2026-07-25 02:25:24.178 8 INFO neutron.db.ovn_revision_numbers_db [None req-e3f7924d-0bf0-456d-9abc-eb2ec4c5deed 54f0523665e04d4a9cb3d01bb979ec9d 650b3bf8ba6943b6b9abce5090e25fdd - - default default] Successfully bumped revision number for resource 91a2bcfd-f71f-49df-aef2-612db8a305de (type: security_group_rules) to 0
2026-07-25 02:25:24.190 8 INFO neutron.db.ovn_revision_numbers_db [None req-e3f7924d-0bf0-456d-9abc-eb2ec4c5deed 54f0523665e04d4a9cb3d01bb979ec9d 650b3bf8ba6943b6b9abce5090e25fdd - - default default] Successfully bumped revision number for resource f6a3418a-190f-409b-811f-c67c69ee8714 (type: security_group_rules) to 0 [pid: 7|app: 0|req: 535/1067] 10.0.0.10 () {32 vars in 725 bytes} [Sat Jul 25 02:25:23 2026] DELETE /v2.0/networks/4a928ce0-c319-47b6-be1e-98e4cd05f6ad => generated 0 bytes in 350 msecs (HTTP/1.1 204) 3 headers in 131 bytes (1 switches on core 0) [pid: 8|app: 0|req: 533/1068] 10.0.0.10 () {32 vars in 773 bytes} [Sat Jul 25 02:25:24 2026] GET /v2.0/security-groups?tenant_id=32791a2a06d44f8892e8b0c4583b548d&name=default => generated 2925 bytes in 211 msecs (HTTP/1.1 200) 4 headers in 158 bytes (1 switches on core 0) [pid: 8|app: 0|req: 534/1069] 10.0.0.10 () {32 vars in 739 bytes} [Sat Jul 25 02:25:24 2026] DELETE /v2.0/security-groups/4c175f50-daee-49b8-a83e-1a471baa5137 => generated 0 bytes in 209 msecs (HTTP/1.1 204) 2 headers in 112 bytes (1 switches on core 0)
2026-07-25 02:25:24.805 8 INFO neutron.db.ovn_revision_numbers_db [None req-53712bb5-251a-48df-9030-52ba0c6c661f 54f0523665e04d4a9cb3d01bb979ec9d 650b3bf8ba6943b6b9abce5090e25fdd - - default default] Successfully bumped revision number for resource 7018cece-3ae3-4555-a042-e0207ff0f205 (type: security_groups) to 1
2026-07-25 02:25:24.818 8 INFO neutron.db.ovn_revision_numbers_db [None req-53712bb5-251a-48df-9030-52ba0c6c661f 54f0523665e04d4a9cb3d01bb979ec9d 650b3bf8ba6943b6b9abce5090e25fdd - - default default] Successfully bumped revision number for resource 053066df-7b97-4321-8337-25e5c15a9a1e (type: security_group_rules) to 0
2026-07-25 02:25:24.831 8 INFO neutron.db.ovn_revision_numbers_db [None req-53712bb5-251a-48df-9030-52ba0c6c661f 54f0523665e04d4a9cb3d01bb979ec9d 650b3bf8ba6943b6b9abce5090e25fdd - - default default] Successfully bumped revision number for resource 48652b48-3737-4636-b324-052132bb7ba8 (type: security_group_rules) to 0
2026-07-25 02:25:24.843 8 INFO neutron.db.ovn_revision_numbers_db [None req-53712bb5-251a-48df-9030-52ba0c6c661f 54f0523665e04d4a9cb3d01bb979ec9d 650b3bf8ba6943b6b9abce5090e25fdd - - default default] Successfully bumped revision number for resource 79c2bf45-4741-4d1d-bc10-3c747ab3314e (type: security_group_rules) to 0
2026-07-25 02:25:24.855 8 INFO neutron.db.ovn_revision_numbers_db [None req-53712bb5-251a-48df-9030-52ba0c6c661f 54f0523665e04d4a9cb3d01bb979ec9d 650b3bf8ba6943b6b9abce5090e25fdd - - default default] Successfully bumped revision number for resource b92b172f-561d-4aa6-b5da-675aa5322efd (type: security_group_rules) to 0
2026-07-25 02:25:24.926 8 INFO neutron.db.segments_db [None req-53712bb5-251a-48df-9030-52ba0c6c661f 54f0523665e04d4a9cb3d01bb979ec9d 650b3bf8ba6943b6b9abce5090e25fdd - - default default] Added segment e299abcf-26ce-496e-b40d-9bbab815fa74 of type geneve for network 2e86f8dd-e183-470a-8d19-7b43d607014a
2026-07-25 02:25:25.040 8 INFO neutron.db.ovn_revision_numbers_db [None req-53712bb5-251a-48df-9030-52ba0c6c661f 54f0523665e04d4a9cb3d01bb979ec9d 650b3bf8ba6943b6b9abce5090e25fdd - - default default] Successfully bumped revision number for resource 2e86f8dd-e183-470a-8d19-7b43d607014a (type: networks) to 1
2026-07-25 02:25:25.087 8 INFO neutron.plugins.ml2.drivers.ovn.mech_driver.mech_driver [None req-9cdd14e9-f884-45a5-954e-2a52eb6a44f9 - - - - - -] OVN reports status up for port: ae9f347c-f6b7-4b32-8b82-00a08c202f55
2026-07-25 02:25:25.112 8 INFO neutron.plugins.ml2.plugin [None req-9cdd14e9-f884-45a5-954e-2a52eb6a44f9 - - - - - -] Attempt 1 to provision port ae9f347c-f6b7-4b32-8b82-00a08c202f55
2026-07-25 02:25:25.113 7 INFO neutron.db.ovn_revision_numbers_db [None req-28a319b4-12b8-44e1-a229-b88f1912f07c 63abd6ef895b4c4b9ea5c43068ab68d1 0cb00983d3ec4d40b1e5b924c27c77bf - - default default] Successfully bumped revision number for resource ae9f347c-f6b7-4b32-8b82-00a08c202f55 (type: ports) to 2
2026-07-25 02:25:25.302 8 WARNING neutron.scheduler.dhcp_agent_scheduler [None req-53712bb5-251a-48df-9030-52ba0c6c661f 54f0523665e04d4a9cb3d01bb979ec9d 650b3bf8ba6943b6b9abce5090e25fdd - - default default] No more DHCP agents
2026-07-25 02:25:25.306 8 WARNING neutron.api.rpc.agentnotifiers.dhcp_rpc_agent_api [None req-53712bb5-251a-48df-9030-52ba0c6c661f 54f0523665e04d4a9cb3d01bb979ec9d 650b3bf8ba6943b6b9abce5090e25fdd - - default default] Unable to schedule network 2e86f8dd-e183-470a-8d19-7b43d607014a: no agents available; will retry on subsequent port and subnet creation events.
2026-07-25 02:25:25.445 8 INFO neutron.db.ovn_revision_numbers_db [None req-53712bb5-251a-48df-9030-52ba0c6c661f 54f0523665e04d4a9cb3d01bb979ec9d 650b3bf8ba6943b6b9abce5090e25fdd - - default default] Successfully bumped revision number for resource f9c735b7-03ae-43e8-8063-3a195460ca6a (type: ports) to 1 [pid: 8|app: 0|req: 535/1070] 10.0.0.10 () {34 vars in 670 bytes} [Sat Jul 25 02:25:24 2026] POST /v2.0/networks => generated 749 bytes in 1041 msecs (HTTP/1.1 201) 4 headers in 162 bytes (1 switches on core 0) [pid: 8|app: 0|req: 536/1071] 10.0.0.10 () {32 vars in 773 bytes} [Sat Jul 25 02:25:25 2026] GET /v2.0/security-groups?tenant_id=89ec82f114394d5eae043a10cf955683&name=default => generated 2921 bytes in 62 msecs (HTTP/1.1 200) 4 headers in 158 bytes (1 switches on core 0)
2026-07-25 02:25:25.610 7 INFO neutron.services.segments.plugin [-] Segment 6fe81d83-7183-4f21-b731-18276b62c933 resource provider aggregate not found
2026-07-25 02:25:25.621 7 INFO neutron.services.segments.plugin [-] Segment 6fe81d83-7183-4f21-b731-18276b62c933 resource provider aggregate not found
2026-07-25 02:25:25.625 7 INFO neutron.services.segments.plugin [-] Client error retrieving segment 6fe81d83-7183-4f21-b731-18276b62c933 resource provider; error: Placement Client Error (4xx): {"errors": [{"status": 404, "title": "Not Found", "detail": "The resource could not be found.\n\n No resource provider with uuid 6fe81d83-7183-4f21-b731-18276b62c933 found for delete ", "request_id": "req-2dd48029-ef4a-4b33-b806-12434b291ca7"}]}
2026-07-25 02:25:25.644 7 INFO neutron.services.segments.plugin [-] Client error retrieving segment 6fe81d83-7183-4f21-b731-18276b62c933 resource provider; error: Placement Client Error (4xx): {"errors": [{"status": 404, "title": "Not Found", "detail": "The resource could not be found.\n\n No resource provider with uuid 6fe81d83-7183-4f21-b731-18276b62c933 found for delete ", "request_id": "req-6656f8ff-85d1-4b30-a73d-cac36609a65d"}]}
2026-07-25 02:25:25.712 8 INFO neutron.db.ovn_revision_numbers_db [None req-9cdd14e9-f884-45a5-954e-2a52eb6a44f9 - - - - - -] Successfully bumped revision number for resource ae9f347c-f6b7-4b32-8b82-00a08c202f55 (type: ports) to 3
2026-07-25 02:25:25.780 8 INFO neutron.plugins.ml2.drivers.ovn.mech_driver.mech_driver [None req-5522d002-97f4-4d2b-920b-4f858c4ff25f - - - - - -] OVN reports status down for port: f9c735b7-03ae-43e8-8063-3a195460ca6a
2026-07-25 02:25:25.812 8 WARNING neutron.scheduler.dhcp_agent_scheduler [None req-0dab1edb-0b63-4101-a866-cb88897c3af6 54f0523665e04d4a9cb3d01bb979ec9d 650b3bf8ba6943b6b9abce5090e25fdd - - default default] No more DHCP agents
2026-07-25 02:25:25.815 8 WARNING neutron.api.rpc.agentnotifiers.dhcp_rpc_agent_api [None req-0dab1edb-0b63-4101-a866-cb88897c3af6 54f0523665e04d4a9cb3d01bb979ec9d 650b3bf8ba6943b6b9abce5090e25fdd - - default default] Unable to schedule network 2e86f8dd-e183-470a-8d19-7b43d607014a: no agents available; will retry on subsequent port and subnet creation events.
2026-07-25 02:25:26.289 7 WARNING neutron.scheduler.dhcp_agent_scheduler [None req-28a319b4-12b8-44e1-a229-b88f1912f07c 63abd6ef895b4c4b9ea5c43068ab68d1 0cb00983d3ec4d40b1e5b924c27c77bf - - default default] No more DHCP agents
2026-07-25 02:25:26.290 7 WARNING neutron.api.rpc.agentnotifiers.dhcp_rpc_agent_api [None req-28a319b4-12b8-44e1-a229-b88f1912f07c 63abd6ef895b4c4b9ea5c43068ab68d1 0cb00983d3ec4d40b1e5b924c27c77bf - - default default] Unable to schedule network 86385749-7991-406c-b57e-a2bd51109e4d: no agents available; will retry on subsequent port and subnet creation events.
2026-07-25 02:25:26.295 8 INFO neutron.db.ovn_revision_numbers_db [None req-5029c5c4-a1fe-4b38-b55b-b1a99c7e9237 - - - - - -] Successfully bumped revision number for resource f9c735b7-03ae-43e8-8063-3a195460ca6a (type: ports) to 2
2026-07-25 02:25:26.326 8 INFO neutron.db.ovn_revision_numbers_db [None req-5029c5c4-a1fe-4b38-b55b-b1a99c7e9237 - - - - - -] Successfully bumped revision number for resource c6935e0d-7c5a-4482-8aaf-3a08527f6f2a (type: subnets) to 0 [pid: 8|app: 0|req: 537/1072] 10.0.0.10 () {34 vars in 668 bytes} [Sat Jul 25 02:25:25 2026] POST /v2.0/subnets => generated 693 bytes in 789 msecs (HTTP/1.1 201) 4 headers in 162 bytes (1 switches on core 0) /var/lib/openstack/lib/python3.12/site-packages/pycadf/identifier.py:70: UserWarning: Invalid uuid: neutron. To ensure interoperability, identifiers should be a valid uuid. warnings.warn(('Invalid uuid: %s. To ensure interoperability, '
2026-07-25 02:25:26.437 7 INFO neutron.db.ovn_revision_numbers_db [None req-28a319b4-12b8-44e1-a229-b88f1912f07c 63abd6ef895b4c4b9ea5c43068ab68d1 0cb00983d3ec4d40b1e5b924c27c77bf - - default default] Successfully bumped revision number for resource ae9f347c-f6b7-4b32-8b82-00a08c202f55 (type: router_ports) to 3 [pid: 7|app: 0|req: 536/1073] 10.0.0.10 () {34 vars in 782 bytes} [Sat Jul 25 02:25:24 2026] PUT /v2.0/routers/ff868831-7fbc-4f7d-b24f-6c481ee675d1/add_router_interface => generated 309 bytes in 2225 msecs (HTTP/1.1 200) 4 headers in 157 bytes (1 switches on core 0) /var/lib/openstack/lib/python3.12/site-packages/pycadf/identifier.py:70: UserWarning: Invalid uuid: neutron. To ensure interoperability, identifiers should be a valid uuid. warnings.warn(('Invalid uuid: %s. To ensure interoperability, ' [pid: 8|app: 0|req: 538/1074] 10.0.0.10 () {32 vars in 739 bytes} [Sat Jul 25 02:25:26 2026] DELETE /v2.0/security-groups/9eed08c7-c15d-481e-828c-9d4200420a6d => generated 0 bytes in 297 msecs (HTTP/1.1 204) 2 headers in 112 bytes (1 switches on core 0) [pid: 8|app: 0|req: 539/1075] 10.0.0.10 () {32 vars in 716 bytes} [Sat Jul 25 02:25:26 2026] GET /v2.0/ports/ae9f347c-f6b7-4b32-8b82-00a08c202f55 => generated 1026 bytes in 31 msecs (HTTP/1.1 200) 4 headers in 158 bytes (1 switches on core 0)
2026-07-25 02:25:26.930 7 WARNING neutron.scheduler.dhcp_agent_scheduler [None req-c43d004b-df93-4fd3-9a85-29ad5d84b30e 54f0523665e04d4a9cb3d01bb979ec9d 650b3bf8ba6943b6b9abce5090e25fdd - - default default] No more DHCP agents
2026-07-25 02:25:26.932 7 WARNING neutron.api.rpc.agentnotifiers.dhcp_rpc_agent_api [None req-c43d004b-df93-4fd3-9a85-29ad5d84b30e 54f0523665e04d4a9cb3d01bb979ec9d 650b3bf8ba6943b6b9abce5090e25fdd - - default default] Unable to schedule network 9e2cf4c7-6bbb-4210-a0f3-c2e7f3f9bb8d: no agents available; will retry on subsequent port and subnet creation events.
2026-07-25 02:25:26.987 8 INFO neutron_taas.services.taas.taas_plugin [None req-8c78d89e-bf7f-4bb2-b991-b97f6de54ddb 63abd6ef895b4c4b9ea5c43068ab68d1 0cb00983d3ec4d40b1e5b924c27c77bf - - default default] TaaS: Handle Delete Port: ae9f347c-f6b7-4b32-8b82-00a08c202f55
2026-07-25 02:25:26.991 8 INFO neutron_taas.services.taas.tap_mirror_plugin [None req-8c78d89e-bf7f-4bb2-b991-b97f6de54ddb 63abd6ef895b4c4b9ea5c43068ab68d1 0cb00983d3ec4d40b1e5b924c27c77bf - - default default] Tap Mirror: Handle Delete Port: ae9f347c-f6b7-4b32-8b82-00a08c202f55
2026-07-25 02:25:27.053 8 INFO neutron.plugins.ml2.drivers.ovn.mech_driver.mech_driver [None req-5522d002-97f4-4d2b-920b-4f858c4ff25f - - - - - -] OVN reports status down for port: 81b8ae6b-e82e-4cf9-bad3-97430ce7d218
2026-07-25 02:25:27.088 7 INFO neutron.db.ovn_revision_numbers_db [None req-c43d004b-df93-4fd3-9a85-29ad5d84b30e 54f0523665e04d4a9cb3d01bb979ec9d 650b3bf8ba6943b6b9abce5090e25fdd - - default default] Successfully bumped revision number for resource 81b8ae6b-e82e-4cf9-bad3-97430ce7d218 (type: ports) to 1 [pid: 8|app: 0|req: 540/1076] 10.0.0.10 () {34 vars in 788 bytes} [Sat Jul 25 02:25:26 2026] PUT /v2.0/routers/ff868831-7fbc-4f7d-b24f-6c481ee675d1/remove_router_interface => generated 309 bytes in 666 msecs (HTTP/1.1 200) 4 headers in 157 bytes (1 switches on core 0) /var/lib/openstack/lib/python3.12/site-packages/pycadf/identifier.py:70: UserWarning: Invalid uuid: neutron. To ensure interoperability, identifiers should be a valid uuid. warnings.warn(('Invalid uuid: %s. To ensure interoperability, '
2026-07-25 02:25:27.634 8 INFO neutron.db.ovn_revision_numbers_db [None req-6a593bcc-9944-419c-a2b2-067f5fb37158 54f0523665e04d4a9cb3d01bb979ec9d 650b3bf8ba6943b6b9abce5090e25fdd - - default default] Successfully bumped revision number for resource f5e47b2e-ec5c-4de6-ac04-ca272559f1e2 (type: security_groups) to 1
2026-07-25 02:25:27.649 8 INFO neutron.db.ovn_revision_numbers_db [None req-6a593bcc-9944-419c-a2b2-067f5fb37158 54f0523665e04d4a9cb3d01bb979ec9d 650b3bf8ba6943b6b9abce5090e25fdd - - default default] Successfully bumped revision number for resource 0bc1eced-6d73-40a1-94b6-d619a30fd7dd (type: security_group_rules) to 0
2026-07-25 02:25:27.660 8 INFO neutron.db.ovn_revision_numbers_db [None req-6a593bcc-9944-419c-a2b2-067f5fb37158 54f0523665e04d4a9cb3d01bb979ec9d 650b3bf8ba6943b6b9abce5090e25fdd - - default default] Successfully bumped revision number for resource 1399ea49-a074-41eb-a90f-977807b72afb (type: security_group_rules) to 0
2026-07-25 02:25:27.672 8 INFO neutron.db.ovn_revision_numbers_db [None req-6a593bcc-9944-419c-a2b2-067f5fb37158 54f0523665e04d4a9cb3d01bb979ec9d 650b3bf8ba6943b6b9abce5090e25fdd - - default default] Successfully bumped revision number for resource 16092f7c-7257-4f19-a87f-740cb258c2d9 (type: security_group_rules) to 0
2026-07-25 02:25:27.682 8 INFO neutron.db.ovn_revision_numbers_db [None req-6a593bcc-9944-419c-a2b2-067f5fb37158 54f0523665e04d4a9cb3d01bb979ec9d 650b3bf8ba6943b6b9abce5090e25fdd - - default default] Successfully bumped revision number for resource 5711802f-94f3-4fb0-8560-1b82881f3c7e (type: security_group_rules) to 0 [pid: 8|app: 0|req: 541/1077] 10.0.0.10 () {32 vars in 773 bytes} [Sat Jul 25 02:25:27 2026] GET /v2.0/security-groups?tenant_id=22751236f15f41cf84ce7fffdae0481c&name=default => generated 2925 bytes in 379 msecs (HTTP/1.1 200) 4 headers in 158 bytes (1 switches on core 0)
2026-07-25 02:25:27.732 7 INFO neutron.plugins.ml2.drivers.ovn.mech_driver.ovsdb.commands [None req-d5afe6b4-50ef-4b3c-86bd-b2a3ce1e7e18 - - - - - -] Schedule LRP lrp-81b8ae6b-e82e-4cf9-bad3-97430ce7d218 on gateway 9463955c-6a56-47c5-920e-60f317512287 with priority 1
2026-07-25 02:25:27.770 8 INFO neutron.plugins.ml2.drivers.ovn.mech_driver.mech_driver [None req-5522d002-97f4-4d2b-920b-4f858c4ff25f - - - - - -] OVN reports status up for port: 81b8ae6b-e82e-4cf9-bad3-97430ce7d218
2026-07-25 02:25:27.773 8 INFO neutron.plugins.ml2.drivers.ovn.mech_driver.ovsdb.ovsdb_monitor [None req-291ee30b-8a35-49ef-9865-633bb8947ab0 - - - - - -] Router 9f343b90-2890-4846-9fe7-d8d2c6fc2ec1 is bound to host instance
2026-07-25 02:25:27.787 7 INFO neutron.db.ovn_revision_numbers_db [None req-c43d004b-df93-4fd3-9a85-29ad5d84b30e 54f0523665e04d4a9cb3d01bb979ec9d 650b3bf8ba6943b6b9abce5090e25fdd - - default default] Successfully bumped revision number for resource 81b8ae6b-e82e-4cf9-bad3-97430ce7d218 (type: router_ports) to 1
2026-07-25 02:25:27.805 8 INFO neutron.plugins.ml2.plugin [None req-5522d002-97f4-4d2b-920b-4f858c4ff25f - - - - - -] Attempt 1 to provision port 81b8ae6b-e82e-4cf9-bad3-97430ce7d218
2026-07-25 02:25:27.844 8 INFO neutron.api.v2.resource [None req-799b28ac-26c5-4ec7-9b4a-93de64c980fc 63abd6ef895b4c4b9ea5c43068ab68d1 0cb00983d3ec4d40b1e5b924c27c77bf - - default default] remove_router_interface failed (client error): The resource could not be found. [pid: 8|app: 0|req: 542/1078] 10.0.0.10 () {34 vars in 788 bytes} [Sat Jul 25 02:25:27 2026] PUT /v2.0/routers/ff868831-7fbc-4f7d-b24f-6c481ee675d1/remove_router_interface => generated 197 bytes in 125 msecs (HTTP/1.1 404) 4 headers in 164 bytes (1 switches on core 0)
2026-07-25 02:25:27.858 7 INFO neutron.db.ovn_revision_numbers_db [None req-c43d004b-df93-4fd3-9a85-29ad5d84b30e 54f0523665e04d4a9cb3d01bb979ec9d 650b3bf8ba6943b6b9abce5090e25fdd - - default default] Successfully bumped revision number for resource 9f343b90-2890-4846-9fe7-d8d2c6fc2ec1 (type: routers) to 2 [pid: 7|app: 0|req: 537/1079] 10.0.0.10 () {34 vars in 668 bytes} [Sat Jul 25 02:25:26 2026] POST /v2.0/routers => generated 971 bytes in 1429 msecs (HTTP/1.1 201) 4 headers in 162 bytes (1 switches on core 0) [pid: 7|app: 0|req: 538/1080] 10.0.0.10 () {32 vars in 735 bytes} [Sat Jul 25 02:25:27 2026] GET /v2.0/ports?device_id=ff868831-7fbc-4f7d-b24f-6c481ee675d1 => generated 12 bytes in 19 msecs (HTTP/1.1 200) 4 headers in 156 bytes (1 switches on core 0) [pid: 8|app: 0|req: 543/1081] 10.0.0.10 () {32 vars in 739 bytes} [Sat Jul 25 02:25:27 2026] DELETE /v2.0/security-groups/f5e47b2e-ec5c-4de6-ac04-ca272559f1e2 => generated 0 bytes in 459 msecs (HTTP/1.1 204) 2 headers in 112 bytes (1 switches on core 0)
2026-07-25 02:25:28.310 7 WARNING neutron.scheduler.dhcp_agent_scheduler [None req-4a5cf53f-d332-4f95-89c6-575081f9d23b 54f0523665e04d4a9cb3d01bb979ec9d 650b3bf8ba6943b6b9abce5090e25fdd - - default default] No more DHCP agents
2026-07-25 02:25:28.312 7 WARNING neutron.api.rpc.agentnotifiers.dhcp_rpc_agent_api [None req-4a5cf53f-d332-4f95-89c6-575081f9d23b 54f0523665e04d4a9cb3d01bb979ec9d 650b3bf8ba6943b6b9abce5090e25fdd - - default default] Unable to schedule network 2e86f8dd-e183-470a-8d19-7b43d607014a: no agents available; will retry on subsequent port and subnet creation events.
2026-07-25 02:25:28.407 7 INFO neutron.plugins.ml2.drivers.ovn.mech_driver.mech_driver [None req-b3118d3d-3450-45d2-a0a3-fba2b391866b - - - - - -] OVN reports status down for port: 882728c2-5aa0-4e25-89ec-f2553ec2827b
2026-07-25 02:25:28.467 7 INFO neutron.db.ovn_revision_numbers_db [None req-4a5cf53f-d332-4f95-89c6-575081f9d23b 54f0523665e04d4a9cb3d01bb979ec9d 650b3bf8ba6943b6b9abce5090e25fdd - - default default] Successfully bumped revision number for resource 882728c2-5aa0-4e25-89ec-f2553ec2827b (type: ports) to 1 [pid: 8|app: 0|req: 544/1082] 10.0.0.10 () {32 vars in 723 bytes} [Sat Jul 25 02:25:28 2026] DELETE /v2.0/routers/ff868831-7fbc-4f7d-b24f-6c481ee675d1 => generated 0 bytes in 374 msecs (HTTP/1.1 204) 2 headers in 112 bytes (1 switches on core 0)
2026-07-25 02:25:29.056 8 INFO neutron.db.ovn_revision_numbers_db [None req-a1559b63-054f-4f0a-bbe3-60e80bc7c541 54f0523665e04d4a9cb3d01bb979ec9d 650b3bf8ba6943b6b9abce5090e25fdd - - default default] Successfully bumped revision number for resource 3dd98be4-427f-4524-9434-89dbe4d12683 (type: security_groups) to 1
2026-07-25 02:25:29.070 7 INFO neutron.plugins.ml2.drivers.ovn.mech_driver.mech_driver [None req-b3118d3d-3450-45d2-a0a3-fba2b391866b - - - - - -] OVN reports status up for port: 882728c2-5aa0-4e25-89ec-f2553ec2827b
2026-07-25 02:25:29.089 8 INFO neutron.db.ovn_revision_numbers_db [None req-a1559b63-054f-4f0a-bbe3-60e80bc7c541 54f0523665e04d4a9cb3d01bb979ec9d 650b3bf8ba6943b6b9abce5090e25fdd - - default default] Successfully bumped revision number for resource 30c6dc78-e0cb-4a41-bba0-df1ae56746a8 (type: security_group_rules) to 0
2026-07-25 02:25:29.094 7 INFO neutron.plugins.ml2.plugin [None req-b3118d3d-3450-45d2-a0a3-fba2b391866b - - - - - -] Attempt 1 to provision port 882728c2-5aa0-4e25-89ec-f2553ec2827b
2026-07-25 02:25:29.115 8 INFO neutron.db.ovn_revision_numbers_db [None req-a1559b63-054f-4f0a-bbe3-60e80bc7c541 54f0523665e04d4a9cb3d01bb979ec9d 650b3bf8ba6943b6b9abce5090e25fdd - - default default] Successfully bumped revision number for resource 8a0f1779-8281-4497-8572-131c9b925dd4 (type: security_group_rules) to 0
2026-07-25 02:25:29.135 8 INFO neutron.db.ovn_revision_numbers_db [None req-a1559b63-054f-4f0a-bbe3-60e80bc7c541 54f0523665e04d4a9cb3d01bb979ec9d 650b3bf8ba6943b6b9abce5090e25fdd - - default default] Successfully bumped revision number for resource ac124aba-56e1-468e-8645-5db54024f895 (type: security_group_rules) to 0
2026-07-25 02:25:29.161 8 INFO neutron.db.ovn_revision_numbers_db [None req-a1559b63-054f-4f0a-bbe3-60e80bc7c541 54f0523665e04d4a9cb3d01bb979ec9d 650b3bf8ba6943b6b9abce5090e25fdd - - default default] Successfully bumped revision number for resource ed599e06-4714-4f3b-94a0-87b73358a4d8 (type: security_group_rules) to 0
2026-07-25 02:25:29.204 7 WARNING neutron.scheduler.dhcp_agent_scheduler [None req-4a5cf53f-d332-4f95-89c6-575081f9d23b 54f0523665e04d4a9cb3d01bb979ec9d 650b3bf8ba6943b6b9abce5090e25fdd - - default default] No more DHCP agents
2026-07-25 02:25:29.207 7 WARNING neutron.api.rpc.agentnotifiers.dhcp_rpc_agent_api [None req-4a5cf53f-d332-4f95-89c6-575081f9d23b 54f0523665e04d4a9cb3d01bb979ec9d 650b3bf8ba6943b6b9abce5090e25fdd - - default default] Unable to schedule network 2e86f8dd-e183-470a-8d19-7b43d607014a: no agents available; will retry on subsequent port and subnet creation events.
2026-07-25 02:25:29.218 8 INFO neutron.db.ovn_revision_numbers_db [None req-14ead5eb-2522-4320-9062-665268942148 - - - - - -] Successfully bumped revision number for resource 81b8ae6b-e82e-4cf9-bad3-97430ce7d218 (type: ports) to 4
2026-07-25 02:25:29.275 8 INFO neutron.db.segments_db [None req-a1559b63-054f-4f0a-bbe3-60e80bc7c541 54f0523665e04d4a9cb3d01bb979ec9d 650b3bf8ba6943b6b9abce5090e25fdd - - default default] Added segment ea09830b-dfe1-49ef-b645-6e29f920b979 of type geneve for network 57ecaf0c-6573-42b8-ad57-619d8746bef7
2026-07-25 02:25:29.454 8 INFO neutron.db.ovn_revision_numbers_db [None req-a1559b63-054f-4f0a-bbe3-60e80bc7c541 54f0523665e04d4a9cb3d01bb979ec9d 650b3bf8ba6943b6b9abce5090e25fdd - - default default] Successfully bumped revision number for resource 57ecaf0c-6573-42b8-ad57-619d8746bef7 (type: networks) to 1
2026-07-25 02:25:29.758 7 INFO neutron.db.ovn_revision_numbers_db [None req-b3118d3d-3450-45d2-a0a3-fba2b391866b - - - - - -] Successfully bumped revision number for resource 882728c2-5aa0-4e25-89ec-f2553ec2827b (type: ports) to 2
2026-07-25 02:25:29.780 8 WARNING neutron.scheduler.dhcp_agent_scheduler [None req-a1559b63-054f-4f0a-bbe3-60e80bc7c541 54f0523665e04d4a9cb3d01bb979ec9d 650b3bf8ba6943b6b9abce5090e25fdd - - default default] No more DHCP agents
2026-07-25 02:25:29.782 8 WARNING neutron.api.rpc.agentnotifiers.dhcp_rpc_agent_api [None req-a1559b63-054f-4f0a-bbe3-60e80bc7c541 54f0523665e04d4a9cb3d01bb979ec9d 650b3bf8ba6943b6b9abce5090e25fdd - - default default] Unable to schedule network 57ecaf0c-6573-42b8-ad57-619d8746bef7: no agents available; will retry on subsequent port and subnet creation events.
2026-07-25 02:25:29.785 8 INFO neutron.db.ovn_revision_numbers_db [None req-14ead5eb-2522-4320-9062-665268942148 - - - - - -] Successfully bumped revision number for resource 81b8ae6b-e82e-4cf9-bad3-97430ce7d218 (type: ports) to 5
2026-07-25 02:25:29.901 8 INFO neutron.db.ovn_revision_numbers_db [None req-a1559b63-054f-4f0a-bbe3-60e80bc7c541 54f0523665e04d4a9cb3d01bb979ec9d 650b3bf8ba6943b6b9abce5090e25fdd - - default default] Successfully bumped revision number for resource 713ab50e-eecd-4ffa-8ace-b5ec1c4638d1 (type: ports) to 1 [pid: 8|app: 0|req: 545/1083] 10.0.0.10 () {34 vars in 670 bytes} [Sat Jul 25 02:25:28 2026] POST /v2.0/networks => generated 746 bytes in 1271 msecs (HTTP/1.1 201) 4 headers in 162 bytes (1 switches on core 0)
2026-07-25 02:25:30.071 7 INFO neutron.db.ovn_revision_numbers_db [None req-4a5cf53f-d332-4f95-89c6-575081f9d23b 54f0523665e04d4a9cb3d01bb979ec9d 650b3bf8ba6943b6b9abce5090e25fdd - - default default] Successfully bumped revision number for resource 882728c2-5aa0-4e25-89ec-f2553ec2827b (type: router_ports) to 1 [pid: 7|app: 0|req: 539/1084] 10.0.0.10 () {34 vars in 782 bytes} [Sat Jul 25 02:25:27 2026] PUT /v2.0/routers/9f343b90-2890-4846-9fe7-d8d2c6fc2ec1/add_router_interface => generated 309 bytes in 2191 msecs (HTTP/1.1 200) 4 headers in 157 bytes (1 switches on core 0) [pid: 8|app: 0|req: 546/1085] 10.0.0.10 () {32 vars in 723 bytes} [Sat Jul 25 02:25:29 2026] DELETE /v2.0/subnets/ad496afc-e88c-47ab-87c0-2b11326f0128 => generated 0 bytes in 135 msecs (HTTP/1.1 204) 3 headers in 131 bytes (1 switches on core 0)
2026-07-25 02:25:30.141 7 INFO neutron.db.ovn_revision_numbers_db [None req-bc1fa1b0-d97e-4c9c-be99-96531650c1a8 - - - - - -] Successfully bumped revision number for resource 882728c2-5aa0-4e25-89ec-f2553ec2827b (type: router_ports) to 2
2026-07-25 02:25:30.241 8 INFO neutron_taas.services.taas.taas_plugin [None req-828d29e0-dd1f-494b-9201-31ce9139152d 63abd6ef895b4c4b9ea5c43068ab68d1 0cb00983d3ec4d40b1e5b924c27c77bf - - default default] TaaS: Handle Delete Port: b8b362c2-3732-408d-ac70-ba9689d788c9
2026-07-25 02:25:30.246 8 INFO neutron_taas.services.taas.tap_mirror_plugin [None req-828d29e0-dd1f-494b-9201-31ce9139152d 63abd6ef895b4c4b9ea5c43068ab68d1 0cb00983d3ec4d40b1e5b924c27c77bf - - default default] Tap Mirror: Handle Delete Port: b8b362c2-3732-408d-ac70-ba9689d788c9
2026-07-25 02:25:30.249 7 WARNING neutron.scheduler.dhcp_agent_scheduler [None req-48015f9d-1ee9-4da2-b53f-d10fb4ab720a 54f0523665e04d4a9cb3d01bb979ec9d 650b3bf8ba6943b6b9abce5090e25fdd - - default default] No more DHCP agents
2026-07-25 02:25:30.251 7 WARNING neutron.api.rpc.agentnotifiers.dhcp_rpc_agent_api [None req-48015f9d-1ee9-4da2-b53f-d10fb4ab720a 54f0523665e04d4a9cb3d01bb979ec9d 650b3bf8ba6943b6b9abce5090e25fdd - - default default] Unable to schedule network 57ecaf0c-6573-42b8-ad57-619d8746bef7: no agents available; will retry on subsequent port and subnet creation events.
2026-07-25 02:25:30.312 8 INFO neutron.plugins.ml2.drivers.ovn.mech_driver.mech_driver [None req-5522d002-97f4-4d2b-920b-4f858c4ff25f - - - - - -] OVN reports status down for port: 713ab50e-eecd-4ffa-8ace-b5ec1c4638d1
2026-07-25 02:25:30.555 8 INFO neutron.services.segments.plugin [-] Segment 952c7491-9e22-4fae-9e69-6f6907e5de6f resource provider aggregate not found
2026-07-25 02:25:30.563 8 INFO neutron.services.segments.plugin [-] Segment 952c7491-9e22-4fae-9e69-6f6907e5de6f resource provider aggregate not found
2026-07-25 02:25:30.582 8 INFO neutron.services.segments.plugin [-] Client error retrieving segment 952c7491-9e22-4fae-9e69-6f6907e5de6f resource provider; error: Placement Client Error (4xx): {"errors": [{"status": 404, "title": "Not Found", "detail": "The resource could not be found.\n\n No resource provider with uuid 952c7491-9e22-4fae-9e69-6f6907e5de6f found for delete ", "request_id": "req-b5d9b4e3-d3d7-4c43-af70-20ac24471dc0"}]}
2026-07-25 02:25:30.589 8 INFO neutron.services.segments.plugin [-] Client error retrieving segment 952c7491-9e22-4fae-9e69-6f6907e5de6f resource provider; error: Placement Client Error (4xx): {"errors": [{"status": 404, "title": "Not Found", "detail": "The resource could not be found.\n\n No resource provider with uuid 952c7491-9e22-4fae-9e69-6f6907e5de6f found for delete ", "request_id": "req-61adcd34-8a25-4ab5-a6ee-9943cc540c65"}]} [pid: 8|app: 0|req: 547/1086] 10.0.0.10 () {32 vars in 725 bytes} [Sat Jul 25 02:25:30 2026] DELETE /v2.0/networks/86385749-7991-406c-b57e-a2bd51109e4d => generated 0 bytes in 520 msecs (HTTP/1.1 204) 3 headers in 131 bytes (1 switches on core 0)
2026-07-25 02:25:30.714 8 INFO neutron.db.segments_db [None req-7e500b1e-1571-4e8f-a319-f68861833390 63abd6ef895b4c4b9ea5c43068ab68d1 0cb00983d3ec4d40b1e5b924c27c77bf - - default default] Added segment 64705a06-6fad-4bd9-a6cd-3b78dfa15ef4 of type geneve for network 7766cb9d-53fb-4476-aa06-4d159a7b0b9b
2026-07-25 02:25:30.813 7 INFO neutron.db.ovn_revision_numbers_db [None req-eb37448d-c5cd-4f8d-86c5-c1aa91779ceb - - - - - -] Successfully bumped revision number for resource 713ab50e-eecd-4ffa-8ace-b5ec1c4638d1 (type: ports) to 2
2026-07-25 02:25:30.824 8 INFO neutron.db.ovn_revision_numbers_db [None req-7e500b1e-1571-4e8f-a319-f68861833390 63abd6ef895b4c4b9ea5c43068ab68d1 0cb00983d3ec4d40b1e5b924c27c77bf - - default default] Successfully bumped revision number for resource 7766cb9d-53fb-4476-aa06-4d159a7b0b9b (type: networks) to 1
2026-07-25 02:25:30.863 7 INFO neutron.db.ovn_revision_numbers_db [None req-eb37448d-c5cd-4f8d-86c5-c1aa91779ceb - - - - - -] Successfully bumped revision number for resource 3e58f424-4169-43a3-9c06-f5a2410416aa (type: subnets) to 0 [pid: 7|app: 0|req: 540/1087] 10.0.0.10 () {34 vars in 668 bytes} [Sat Jul 25 02:25:30 2026] POST /v2.0/subnets => generated 690 bytes in 797 msecs (HTTP/1.1 201) 4 headers in 162 bytes (1 switches on core 0)
2026-07-25 02:25:30.977 8 WARNING neutron.scheduler.dhcp_agent_scheduler [None req-7e500b1e-1571-4e8f-a319-f68861833390 63abd6ef895b4c4b9ea5c43068ab68d1 0cb00983d3ec4d40b1e5b924c27c77bf - - default default] No more DHCP agents
2026-07-25 02:25:30.979 8 WARNING neutron.api.rpc.agentnotifiers.dhcp_rpc_agent_api [None req-7e500b1e-1571-4e8f-a319-f68861833390 63abd6ef895b4c4b9ea5c43068ab68d1 0cb00983d3ec4d40b1e5b924c27c77bf - - default default] Unable to schedule network 7766cb9d-53fb-4476-aa06-4d159a7b0b9b: no agents available; will retry on subsequent port and subnet creation events.
2026-07-25 02:25:31.025 7 INFO neutron.plugins.ml2.drivers.ovn.mech_driver.mech_driver [None req-bc1fa1b0-d97e-4c9c-be99-96531650c1a8 - - - - - -] OVN reports status down for port: 3a499174-6b63-4881-9c72-5534b633e28f
2026-07-25 02:25:31.050 8 INFO neutron.db.ovn_revision_numbers_db [None req-7e500b1e-1571-4e8f-a319-f68861833390 63abd6ef895b4c4b9ea5c43068ab68d1 0cb00983d3ec4d40b1e5b924c27c77bf - - default default] Successfully bumped revision number for resource 3a499174-6b63-4881-9c72-5534b633e28f (type: ports) to 1 [pid: 8|app: 0|req: 548/1088] 10.0.0.10 () {34 vars in 669 bytes} [Sat Jul 25 02:25:30 2026] POST /v2.0/networks => generated 634 bytes in 460 msecs (HTTP/1.1 201) 4 headers in 162 bytes (1 switches on core 0)
2026-07-25 02:25:31.269 8 WARNING neutron.scheduler.dhcp_agent_scheduler [None req-5cc957c1-1d55-4e25-b3b8-c630ad55ee88 63abd6ef895b4c4b9ea5c43068ab68d1 0cb00983d3ec4d40b1e5b924c27c77bf - - default default] No more DHCP agents
