2026-07-25 02:26:01.466 7 INFO neutron.services.segments.plugin [-] Client error retrieving segment 3ea726f6-ffee-4863-8a8d-f15d51763c37 resource provider; error: Placement Client Error (4xx): {"errors": [{"status": 404, "title": "Not Found", "detail": "The resource could not be found.\n\n No resource provider with uuid 3ea726f6-ffee-4863-8a8d-f15d51763c37 found for delete ", "request_id": "req-b7247a06-f11c-47fb-b776-024e1e1cb4db"}]}
2026-07-25 02:26:01.468 7 INFO neutron.services.segments.plugin [-] Client error retrieving segment 3ea726f6-ffee-4863-8a8d-f15d51763c37 resource provider; error: Placement Client Error (4xx): {"errors": [{"status": 404, "title": "Not Found", "detail": "The resource could not be found.\n\n No resource provider with uuid 3ea726f6-ffee-4863-8a8d-f15d51763c37 found for delete ", "request_id": "req-8e7184d2-11e4-4384-85f3-c5154e2f0c54"}]} [pid: 7|app: 0|req: 702/1393] 10.0.0.10 () {32 vars in 648 bytes} [Sat Jul 25 02:26:01 2026] GET /v2.0/networks => generated 651 bytes in 59 msecs (HTTP/1.1 200) 4 headers in 157 bytes (1 switches on core 0)
2026-07-25 02:26:01.653 7 INFO neutron_taas.services.taas.taas_plugin [None req-5ec7d6a0-42da-419b-8cfb-55fa81665998 62f1d8ca1b634734bdcab88cb7a02d7d 04ddcb2183ff468fbcbe65aa49ad7ba5 - - default default] TaaS: Handle Delete Port: c6ee72b4-aa36-4997-bc83-8ebc8a131176
2026-07-25 02:26:01.656 7 INFO neutron_taas.services.taas.tap_mirror_plugin [None req-5ec7d6a0-42da-419b-8cfb-55fa81665998 62f1d8ca1b634734bdcab88cb7a02d7d 04ddcb2183ff468fbcbe65aa49ad7ba5 - - default default] Tap Mirror: Handle Delete Port: c6ee72b4-aa36-4997-bc83-8ebc8a131176 [pid: 7|app: 0|req: 703/1394] 10.0.0.10 () {32 vars in 731 bytes} [Sat Jul 25 02:26:01 2026] DELETE /v2.0/floatingips/346e73bf-8949-473e-859b-d2fdf5ef1f57 => generated 0 bytes in 331 msecs (HTTP/1.1 204) 2 headers in 112 bytes (1 switches on core 0)
2026-07-25 02:26:01.928 7 INFO neutron.db.segments_db [None req-f7da326a-30c2-42e9-94a1-d90670bcbb88 9e80b27635b04baab0439d164f79a4ad 98d308eaf2764c95b629bab28667e440 - - default default] Added segment 79acc10a-b498-4e17-8158-61aadb4bf672 of type geneve for network e7c3c2a1-15a7-46e0-bef2-0310407844bf
2026-07-25 02:26:02.034 7 INFO neutron.db.ovn_revision_numbers_db [None req-f7da326a-30c2-42e9-94a1-d90670bcbb88 9e80b27635b04baab0439d164f79a4ad 98d308eaf2764c95b629bab28667e440 - - default default] Successfully bumped revision number for resource e7c3c2a1-15a7-46e0-bef2-0310407844bf (type: networks) to 1
2026-07-25 02:26:02.154 8 INFO neutron.db.ovn_revision_numbers_db [None req-ef7cf452-7160-41d2-b02f-88645de45cd2 54f0523665e04d4a9cb3d01bb979ec9d 650b3bf8ba6943b6b9abce5090e25fdd - - default default] Successfully bumped revision number for resource 141afac1-a825-49ae-af32-e8edefad6b02 (type: security_groups) to 1
2026-07-25 02:26:02.166 8 INFO neutron.db.ovn_revision_numbers_db [None req-ef7cf452-7160-41d2-b02f-88645de45cd2 54f0523665e04d4a9cb3d01bb979ec9d 650b3bf8ba6943b6b9abce5090e25fdd - - default default] Successfully bumped revision number for resource 0e4bbe7f-0a7e-453d-a54c-2b4d74ae8f65 (type: security_group_rules) to 0
2026-07-25 02:26:02.178 8 INFO neutron.db.ovn_revision_numbers_db [None req-ef7cf452-7160-41d2-b02f-88645de45cd2 54f0523665e04d4a9cb3d01bb979ec9d 650b3bf8ba6943b6b9abce5090e25fdd - - default default] Successfully bumped revision number for resource 69ae2923-2eca-41cf-ab38-d5f49a106dd5 (type: security_group_rules) to 0
2026-07-25 02:26:02.195 8 INFO neutron.db.ovn_revision_numbers_db [None req-ef7cf452-7160-41d2-b02f-88645de45cd2 54f0523665e04d4a9cb3d01bb979ec9d 650b3bf8ba6943b6b9abce5090e25fdd - - default default] Successfully bumped revision number for resource a57b366a-fbdd-470f-97e0-e6396f162eb2 (type: security_group_rules) to 0
2026-07-25 02:26:02.208 8 INFO neutron.db.ovn_revision_numbers_db [None req-ef7cf452-7160-41d2-b02f-88645de45cd2 54f0523665e04d4a9cb3d01bb979ec9d 650b3bf8ba6943b6b9abce5090e25fdd - - default default] Successfully bumped revision number for resource fe85e730-224c-4164-a5fe-92eda897e99a (type: security_group_rules) to 0
2026-07-25 02:26:02.213 7 WARNING neutron.scheduler.dhcp_agent_scheduler [None req-f7da326a-30c2-42e9-94a1-d90670bcbb88 9e80b27635b04baab0439d164f79a4ad 98d308eaf2764c95b629bab28667e440 - - default default] No more DHCP agents
2026-07-25 02:26:02.214 7 WARNING neutron.api.rpc.agentnotifiers.dhcp_rpc_agent_api [None req-f7da326a-30c2-42e9-94a1-d90670bcbb88 9e80b27635b04baab0439d164f79a4ad 98d308eaf2764c95b629bab28667e440 - - default default] Unable to schedule network e7c3c2a1-15a7-46e0-bef2-0310407844bf: no agents available; will retry on subsequent port and subnet creation events.
2026-07-25 02:26:02.263 7 INFO neutron.plugins.ml2.drivers.ovn.mech_driver.mech_driver [None req-5f20eefa-3b63-49d8-b786-dc489cca472c - - - - - -] OVN reports status down for port: c111a28b-2a40-4cd1-a335-f05fbb3fcd26 [pid: 8|app: 0|req: 692/1395] 10.0.0.10 () {32 vars in 773 bytes} [Sat Jul 25 02:26:01 2026] GET /v2.0/security-groups?tenant_id=9d44fdc82aab413a955d229002873e2a&name=default => generated 2925 bytes in 864 msecs (HTTP/1.1 200) 4 headers in 158 bytes (1 switches on core 0)
2026-07-25 02:26:02.322 7 INFO neutron.db.ovn_revision_numbers_db [None req-f7da326a-30c2-42e9-94a1-d90670bcbb88 9e80b27635b04baab0439d164f79a4ad 98d308eaf2764c95b629bab28667e440 - - default default] Successfully bumped revision number for resource c111a28b-2a40-4cd1-a335-f05fbb3fcd26 (type: ports) to 1 [pid: 7|app: 0|req: 704/1396] 10.0.0.10 () {34 vars in 669 bytes} [Sat Jul 25 02:26:01 2026] POST /v2.0/networks => generated 650 bytes in 519 msecs (HTTP/1.1 201) 4 headers in 162 bytes (1 switches on core 0)
2026-07-25 02:26:02.590 8 INFO neutron_taas.services.taas.taas_plugin [None req-90c65784-b7cf-4ee8-8c16-3dfc8254044f 54f0523665e04d4a9cb3d01bb979ec9d 650b3bf8ba6943b6b9abce5090e25fdd - - default default] TaaS: Handle Delete Port: b1d92dda-caf0-4853-b3fa-e52c43ca7bd2
2026-07-25 02:26:02.601 8 INFO neutron_taas.services.taas.tap_mirror_plugin [None req-90c65784-b7cf-4ee8-8c16-3dfc8254044f 54f0523665e04d4a9cb3d01bb979ec9d 650b3bf8ba6943b6b9abce5090e25fdd - - default default] Tap Mirror: Handle Delete Port: b1d92dda-caf0-4853-b3fa-e52c43ca7bd2 [pid: 7|app: 0|req: 705/1397] 10.0.0.10 () {32 vars in 739 bytes} [Sat Jul 25 02:26:02 2026] DELETE /v2.0/security-groups/141afac1-a825-49ae-af32-e8edefad6b02 => generated 0 bytes in 259 msecs (HTTP/1.1 204) 2 headers in 112 bytes (1 switches on core 0)
2026-07-25 02:26:02.705 7 INFO neutron.db.segments_db [None req-2fd8bc80-1bbe-4230-9e9f-5ddc1e088bd4 9e80b27635b04baab0439d164f79a4ad 98d308eaf2764c95b629bab28667e440 - - default default] Added segment b77995eb-6d74-4dc2-b952-5af7e75b991e of type geneve for network 336c3b68-68eb-4162-86a9-caecbc537c26
2026-07-25 02:26:02.832 7 INFO neutron.db.ovn_revision_numbers_db [None req-2fd8bc80-1bbe-4230-9e9f-5ddc1e088bd4 9e80b27635b04baab0439d164f79a4ad 98d308eaf2764c95b629bab28667e440 - - default default] Successfully bumped revision number for resource 336c3b68-68eb-4162-86a9-caecbc537c26 (type: networks) to 1
2026-07-25 02:26:02.991 7 WARNING neutron.scheduler.dhcp_agent_scheduler [None req-2fd8bc80-1bbe-4230-9e9f-5ddc1e088bd4 9e80b27635b04baab0439d164f79a4ad 98d308eaf2764c95b629bab28667e440 - - default default] No more DHCP agents
2026-07-25 02:26:02.993 7 WARNING neutron.api.rpc.agentnotifiers.dhcp_rpc_agent_api [None req-2fd8bc80-1bbe-4230-9e9f-5ddc1e088bd4 9e80b27635b04baab0439d164f79a4ad 98d308eaf2764c95b629bab28667e440 - - default default] Unable to schedule network 336c3b68-68eb-4162-86a9-caecbc537c26: no agents available; will retry on subsequent port and subnet creation events.
2026-07-25 02:26:03.043 7 INFO neutron.plugins.ml2.drivers.ovn.mech_driver.mech_driver [None req-5f20eefa-3b63-49d8-b786-dc489cca472c - - - - - -] OVN reports status down for port: 28da87c8-a96f-412a-852b-95a301bceede
2026-07-25 02:26:03.103 7 INFO neutron.db.ovn_revision_numbers_db [None req-2fd8bc80-1bbe-4230-9e9f-5ddc1e088bd4 9e80b27635b04baab0439d164f79a4ad 98d308eaf2764c95b629bab28667e440 - - default default] Successfully bumped revision number for resource 28da87c8-a96f-412a-852b-95a301bceede (type: ports) to 1 [pid: 7|app: 0|req: 706/1398] 10.0.0.10 () {34 vars in 669 bytes} [Sat Jul 25 02:26:02 2026] POST /v2.0/networks => generated 650 bytes in 536 msecs (HTTP/1.1 201) 4 headers in 162 bytes (1 switches on core 0) [pid: 8|app: 0|req: 693/1399] 10.0.0.10 () {34 vars in 788 bytes} [Sat Jul 25 02:26:02 2026] PUT /v2.0/routers/3e796b44-cc83-4242-95b8-78a8ef53e0e3/remove_router_interface => generated 309 bytes in 973 msecs (HTTP/1.1 200) 4 headers in 157 bytes (1 switches on core 0) /var/lib/openstack/lib/python3.12/site-packages/pycadf/identifier.py:70: UserWarning: Invalid uuid: neutron. To ensure interoperability, identifiers should be a valid uuid. warnings.warn(('Invalid uuid: %s. To ensure interoperability, '
2026-07-25 02:26:03.485 7 INFO neutron.db.ovn_revision_numbers_db [None req-024062aa-a276-49d3-8e42-3a185aec700d 54f0523665e04d4a9cb3d01bb979ec9d 650b3bf8ba6943b6b9abce5090e25fdd - - default default] Successfully bumped revision number for resource 61ef6bbb-d527-41aa-970e-d41fc9f81276 (type: security_groups) to 1
2026-07-25 02:26:03.505 7 INFO neutron.db.ovn_revision_numbers_db [None req-024062aa-a276-49d3-8e42-3a185aec700d 54f0523665e04d4a9cb3d01bb979ec9d 650b3bf8ba6943b6b9abce5090e25fdd - - default default] Successfully bumped revision number for resource 3f6a84e9-258f-4a8c-8bb6-d07c29fbd0f5 (type: security_group_rules) to 0
2026-07-25 02:26:03.523 7 INFO neutron.db.ovn_revision_numbers_db [None req-024062aa-a276-49d3-8e42-3a185aec700d 54f0523665e04d4a9cb3d01bb979ec9d 650b3bf8ba6943b6b9abce5090e25fdd - - default default] Successfully bumped revision number for resource 89805137-c90d-4de3-9daa-bd260050105f (type: security_group_rules) to 0
2026-07-25 02:26:03.538 7 INFO neutron.db.ovn_revision_numbers_db [None req-024062aa-a276-49d3-8e42-3a185aec700d 54f0523665e04d4a9cb3d01bb979ec9d 650b3bf8ba6943b6b9abce5090e25fdd - - default default] Successfully bumped revision number for resource e48fd9c5-ca9d-490e-b296-2b1a3b7737e6 (type: security_group_rules) to 0
2026-07-25 02:26:03.550 7 INFO neutron.db.ovn_revision_numbers_db [None req-024062aa-a276-49d3-8e42-3a185aec700d 54f0523665e04d4a9cb3d01bb979ec9d 650b3bf8ba6943b6b9abce5090e25fdd - - default default] Successfully bumped revision number for resource f428e95a-a21e-4b20-983c-f57a61c3fec2 (type: security_group_rules) to 0 [pid: 7|app: 0|req: 707/1400] 10.0.0.10 () {32 vars in 773 bytes} [Sat Jul 25 02:26:03 2026] GET /v2.0/security-groups?tenant_id=b7b4487117e34eba9186ab7b6546aeba&name=default => generated 2925 bytes in 434 msecs (HTTP/1.1 200) 4 headers in 158 bytes (1 switches on core 0)
2026-07-25 02:26:03.640 8 WARNING neutron.scheduler.dhcp_agent_scheduler [None req-150c6213-0140-4b74-adfd-facfad23f377 9e80b27635b04baab0439d164f79a4ad 98d308eaf2764c95b629bab28667e440 - - default default] No more DHCP agents
2026-07-25 02:26:03.641 8 WARNING neutron.api.rpc.agentnotifiers.dhcp_rpc_agent_api [None req-150c6213-0140-4b74-adfd-facfad23f377 9e80b27635b04baab0439d164f79a4ad 98d308eaf2764c95b629bab28667e440 - - default default] Unable to schedule network e7c3c2a1-15a7-46e0-bef2-0310407844bf: no agents available; will retry on subsequent port and subnet creation events.
2026-07-25 02:26:03.698 8 INFO neutron.plugins.ml2.drivers.ovn.mech_driver.mech_driver [None req-f68142b2-f23c-42c7-bd00-8a73ac10ef05 - - - - - -] OVN reports status down for port: a31a54c6-1362-42a7-bfe7-95689be95d8b
2026-07-25 02:26:03.772 8 INFO neutron.db.ovn_revision_numbers_db [None req-150c6213-0140-4b74-adfd-facfad23f377 9e80b27635b04baab0439d164f79a4ad 98d308eaf2764c95b629bab28667e440 - - default default] Successfully bumped revision number for resource a31a54c6-1362-42a7-bfe7-95689be95d8b (type: ports) to 1
2026-07-25 02:26:03.840 8 WARNING neutron.scheduler.dhcp_agent_scheduler [None req-150c6213-0140-4b74-adfd-facfad23f377 9e80b27635b04baab0439d164f79a4ad 98d308eaf2764c95b629bab28667e440 - - default default] No more DHCP agents
2026-07-25 02:26:03.842 8 WARNING neutron.api.rpc.agentnotifiers.dhcp_rpc_agent_api [None req-150c6213-0140-4b74-adfd-facfad23f377 9e80b27635b04baab0439d164f79a4ad 98d308eaf2764c95b629bab28667e440 - - default default] Unable to schedule network 336c3b68-68eb-4162-86a9-caecbc537c26: no agents available; will retry on subsequent port and subnet creation events.
2026-07-25 02:26:03.901 8 INFO neutron.plugins.ml2.drivers.ovn.mech_driver.mech_driver [None req-f68142b2-f23c-42c7-bd00-8a73ac10ef05 - - - - - -] OVN reports status down for port: 2f335514-8f2e-4bd3-bd99-0af8a1171924
2026-07-25 02:26:04.408 7 INFO neutron_taas.services.taas.taas_plugin [None req-8e96aa7c-63d3-4312-95ff-33864cb817db 54f0523665e04d4a9cb3d01bb979ec9d 650b3bf8ba6943b6b9abce5090e25fdd - - default default] TaaS: Handle Delete Port: fb21a196-7e3e-4feb-811b-c8014018851c
2026-07-25 02:26:04.411 7 INFO neutron_taas.services.taas.tap_mirror_plugin [None req-8e96aa7c-63d3-4312-95ff-33864cb817db 54f0523665e04d4a9cb3d01bb979ec9d 650b3bf8ba6943b6b9abce5090e25fdd - - default default] Tap Mirror: Handle Delete Port: fb21a196-7e3e-4feb-811b-c8014018851c
2026-07-25 02:26:04.418 8 INFO neutron.db.ovn_revision_numbers_db [None req-150c6213-0140-4b74-adfd-facfad23f377 9e80b27635b04baab0439d164f79a4ad 98d308eaf2764c95b629bab28667e440 - - default default] Successfully bumped revision number for resource 2f335514-8f2e-4bd3-bd99-0af8a1171924 (type: ports) to 1 [pid: 8|app: 0|req: 694/1401] 10.0.0.10 () {34 vars in 664 bytes} [Sat Jul 25 02:26:03 2026] POST /v2.0/ports => generated 1505 bytes in 1297 msecs (HTTP/1.1 201) 4 headers in 163 bytes (1 switches on core 0) /var/lib/openstack/lib/python3.12/site-packages/pycadf/identifier.py:70: UserWarning: Invalid uuid: neutron. To ensure interoperability, identifiers should be a valid uuid. warnings.warn(('Invalid uuid: %s. To ensure interoperability, ' [pid: 8|app: 0|req: 695/1402] 10.0.0.10 () {32 vars in 739 bytes} [Sat Jul 25 02:26:04 2026] DELETE /v2.0/security-groups/61ef6bbb-d527-41aa-970e-d41fc9f81276 => generated 0 bytes in 265 msecs (HTTP/1.1 204) 2 headers in 112 bytes (1 switches on core 0) [pid: 7|app: 0|req: 708/1403] 10.0.0.10 () {32 vars in 723 bytes} [Sat Jul 25 02:26:03 2026] DELETE /v2.0/routers/3e796b44-cc83-4242-95b8-78a8ef53e0e3 => generated 0 bytes in 1282 msecs (HTTP/1.1 204) 2 headers in 112 bytes (1 switches on core 0) [pid: 8|app: 0|req: 696/1404] 10.0.0.10 () {32 vars in 642 bytes} [Sat Jul 25 02:26:04 2026] GET /v2.0/ports => generated 3017 bytes in 81 msecs (HTTP/1.1 200) 4 headers in 158 bytes (1 switches on core 0)
2026-07-25 02:26:05.018 8 INFO neutron_taas.services.taas.taas_plugin [None req-2df9fbcf-9fc8-4306-ba21-6f87b18fc7d9 9e80b27635b04baab0439d164f79a4ad 98d308eaf2764c95b629bab28667e440 - - default default] TaaS: Handle Delete Port: a31a54c6-1362-42a7-bfe7-95689be95d8b
2026-07-25 02:26:05.021 8 INFO neutron_taas.services.taas.tap_mirror_plugin [None req-2df9fbcf-9fc8-4306-ba21-6f87b18fc7d9 9e80b27635b04baab0439d164f79a4ad 98d308eaf2764c95b629bab28667e440 - - default default] Tap Mirror: Handle Delete Port: a31a54c6-1362-42a7-bfe7-95689be95d8b [pid: 7|app: 0|req: 709/1405] 10.0.0.10 () {32 vars in 723 bytes} [Sat Jul 25 02:26:04 2026] DELETE /v2.0/subnets/3e58f424-4169-43a3-9c06-f5a2410416aa => generated 0 bytes in 176 msecs (HTTP/1.1 204) 3 headers in 131 bytes (1 switches on core 0) [pid: 8|app: 0|req: 697/1406] 10.0.0.10 () {32 vars in 719 bytes} [Sat Jul 25 02:26:04 2026] DELETE /v2.0/ports/a31a54c6-1362-42a7-bfe7-95689be95d8b => generated 0 bytes in 267 msecs (HTTP/1.1 204) 3 headers in 131 bytes (1 switches on core 0)
2026-07-25 02:26:05.217 7 INFO neutron_taas.services.taas.taas_plugin [None req-1de82834-5857-4646-8ed8-93794c72747d 54f0523665e04d4a9cb3d01bb979ec9d 650b3bf8ba6943b6b9abce5090e25fdd - - default default] TaaS: Handle Delete Port: 713ab50e-eecd-4ffa-8ace-b5ec1c4638d1
2026-07-25 02:26:05.221 7 INFO neutron_taas.services.taas.tap_mirror_plugin [None req-1de82834-5857-4646-8ed8-93794c72747d 54f0523665e04d4a9cb3d01bb979ec9d 650b3bf8ba6943b6b9abce5090e25fdd - - default default] Tap Mirror: Handle Delete Port: 713ab50e-eecd-4ffa-8ace-b5ec1c4638d1
2026-07-25 02:26:05.280 8 INFO neutron_taas.services.taas.taas_plugin [None req-f0a02e75-b9c8-4be1-9156-16d316183aa1 9e80b27635b04baab0439d164f79a4ad 98d308eaf2764c95b629bab28667e440 - - default default] TaaS: Handle Delete Port: 2f335514-8f2e-4bd3-bd99-0af8a1171924
2026-07-25 02:26:05.284 8 INFO neutron_taas.services.taas.tap_mirror_plugin [None req-f0a02e75-b9c8-4be1-9156-16d316183aa1 9e80b27635b04baab0439d164f79a4ad 98d308eaf2764c95b629bab28667e440 - - default default] Tap Mirror: Handle Delete Port: 2f335514-8f2e-4bd3-bd99-0af8a1171924
2026-07-25 02:26:05.448 7 INFO neutron.services.segments.plugin [-] Segment ea09830b-dfe1-49ef-b645-6e29f920b979 resource provider aggregate not found [pid: 8|app: 0|req: 698/1407] 10.0.0.10 () {32 vars in 719 bytes} [Sat Jul 25 02:26:05 2026] DELETE /v2.0/ports/2f335514-8f2e-4bd3-bd99-0af8a1171924 => generated 0 bytes in 291 msecs (HTTP/1.1 204) 3 headers in 131 bytes (1 switches on core 0)
2026-07-25 02:26:05.456 7 INFO neutron.services.segments.plugin [-] Segment ea09830b-dfe1-49ef-b645-6e29f920b979 resource provider aggregate not found
2026-07-25 02:26:05.471 7 INFO neutron.services.segments.plugin [-] Client error retrieving segment ea09830b-dfe1-49ef-b645-6e29f920b979 resource provider; error: Placement Client Error (4xx): {"errors": [{"status": 404, "title": "Not Found", "detail": "The resource could not be found.\n\n No resource provider with uuid ea09830b-dfe1-49ef-b645-6e29f920b979 found for delete ", "request_id": "req-12393416-b524-455a-8978-33cff374870c"}]}
2026-07-25 02:26:05.492 7 INFO neutron.services.segments.plugin [-] Client error retrieving segment ea09830b-dfe1-49ef-b645-6e29f920b979 resource provider; error: Placement Client Error (4xx): {"errors": [{"status": 404, "title": "Not Found", "detail": "The resource could not be found.\n\n No resource provider with uuid ea09830b-dfe1-49ef-b645-6e29f920b979 found for delete ", "request_id": "req-b53b51df-18eb-40c8-9294-5861f4662172"}]} [pid: 7|app: 0|req: 710/1408] 10.0.0.10 () {32 vars in 725 bytes} [Sat Jul 25 02:26:05 2026] DELETE /v2.0/networks/57ecaf0c-6573-42b8-ad57-619d8746bef7 => generated 0 bytes in 444 msecs (HTTP/1.1 204) 3 headers in 131 bytes (1 switches on core 0) [pid: 8|app: 0|req: 699/1409] 10.0.0.10 () {32 vars in 642 bytes} [Sat Jul 25 02:26:05 2026] GET /v2.0/ports => generated 1523 bytes in 58 msecs (HTTP/1.1 200) 4 headers in 158 bytes (1 switches on core 0)
2026-07-25 02:26:05.610 7 INFO neutron.db.segments_db [None req-784e79c3-5a34-4a60-86ee-b3fdb315afe5 9e80b27635b04baab0439d164f79a4ad 98d308eaf2764c95b629bab28667e440 - - default default] Added segment 0aac6e79-aac7-4527-889d-9be4a21e5ae4 of type geneve for network 7596edc5-cb4f-4db9-8b53-dfffe58b73b9 [pid: 8|app: 0|req: 700/1410] 10.0.0.10 () {32 vars in 773 bytes} [Sat Jul 25 02:26:05 2026] GET /v2.0/security-groups?tenant_id=04ddcb2183ff468fbcbe65aa49ad7ba5&name=default => generated 2925 bytes in 26 msecs (HTTP/1.1 200) 4 headers in 158 bytes (1 switches on core 0)
2026-07-25 02:26:05.715 7 INFO neutron.db.ovn_revision_numbers_db [None req-784e79c3-5a34-4a60-86ee-b3fdb315afe5 9e80b27635b04baab0439d164f79a4ad 98d308eaf2764c95b629bab28667e440 - - default default] Successfully bumped revision number for resource 7596edc5-cb4f-4db9-8b53-dfffe58b73b9 (type: networks) to 1 [pid: 8|app: 0|req: 701/1411] 10.0.0.10 () {32 vars in 739 bytes} [Sat Jul 25 02:26:05 2026] DELETE /v2.0/security-groups/3dd98be4-427f-4524-9434-89dbe4d12683 => generated 0 bytes in 226 msecs (HTTP/1.1 204) 2 headers in 112 bytes (1 switches on core 0)
2026-07-25 02:26:05.947 7 WARNING neutron.scheduler.dhcp_agent_scheduler [None req-784e79c3-5a34-4a60-86ee-b3fdb315afe5 9e80b27635b04baab0439d164f79a4ad 98d308eaf2764c95b629bab28667e440 - - default default] No more DHCP agents
2026-07-25 02:26:05.948 7 WARNING neutron.api.rpc.agentnotifiers.dhcp_rpc_agent_api [None req-784e79c3-5a34-4a60-86ee-b3fdb315afe5 9e80b27635b04baab0439d164f79a4ad 98d308eaf2764c95b629bab28667e440 - - default default] Unable to schedule network 7596edc5-cb4f-4db9-8b53-dfffe58b73b9: no agents available; will retry on subsequent port and subnet creation events.
2026-07-25 02:26:06.004 7 INFO neutron.plugins.ml2.drivers.ovn.mech_driver.mech_driver [None req-5f20eefa-3b63-49d8-b786-dc489cca472c - - - - - -] OVN reports status down for port: 6b790406-ba6c-4edf-924c-419d0d09bd8c
2026-07-25 02:26:06.071 7 INFO neutron.db.ovn_revision_numbers_db [None req-784e79c3-5a34-4a60-86ee-b3fdb315afe5 9e80b27635b04baab0439d164f79a4ad 98d308eaf2764c95b629bab28667e440 - - default default] Successfully bumped revision number for resource 6b790406-ba6c-4edf-924c-419d0d09bd8c (type: ports) to 1 [pid: 7|app: 0|req: 711/1412] 10.0.0.10 () {34 vars in 669 bytes} [Sat Jul 25 02:26:05 2026] POST /v2.0/networks => generated 650 bytes in 580 msecs (HTTP/1.1 201) 4 headers in 162 bytes (1 switches on core 0)
2026-07-25 02:26:06.228 8 INFO neutron.db.segments_db [None req-539412df-f493-4385-8d5a-015ef7d0c509 9e80b27635b04baab0439d164f79a4ad 98d308eaf2764c95b629bab28667e440 - - default default] Added segment c9afb5cf-9c92-42c0-a583-575418b4883c of type geneve for network 18970389-2d35-4486-937e-ef93ded3419b
2026-07-25 02:26:06.329 8 INFO neutron.db.ovn_revision_numbers_db [None req-539412df-f493-4385-8d5a-015ef7d0c509 9e80b27635b04baab0439d164f79a4ad 98d308eaf2764c95b629bab28667e440 - - default default] Successfully bumped revision number for resource 18970389-2d35-4486-937e-ef93ded3419b (type: networks) to 1
2026-07-25 02:26:06.494 8 WARNING neutron.scheduler.dhcp_agent_scheduler [None req-539412df-f493-4385-8d5a-015ef7d0c509 9e80b27635b04baab0439d164f79a4ad 98d308eaf2764c95b629bab28667e440 - - default default] No more DHCP agents
2026-07-25 02:26:06.495 8 WARNING neutron.api.rpc.agentnotifiers.dhcp_rpc_agent_api [None req-539412df-f493-4385-8d5a-015ef7d0c509 9e80b27635b04baab0439d164f79a4ad 98d308eaf2764c95b629bab28667e440 - - default default] Unable to schedule network 18970389-2d35-4486-937e-ef93ded3419b: no agents available; will retry on subsequent port and subnet creation events.
2026-07-25 02:26:06.552 7 INFO neutron.plugins.ml2.drivers.ovn.mech_driver.mech_driver [None req-5f20eefa-3b63-49d8-b786-dc489cca472c - - - - - -] OVN reports status down for port: e0b73d46-e8e2-4fba-b1c0-bc1ba08ecb75
2026-07-25 02:26:06.566 8 INFO neutron.db.ovn_revision_numbers_db [None req-539412df-f493-4385-8d5a-015ef7d0c509 9e80b27635b04baab0439d164f79a4ad 98d308eaf2764c95b629bab28667e440 - - default default] Successfully bumped revision number for resource e0b73d46-e8e2-4fba-b1c0-bc1ba08ecb75 (type: ports) to 1 [pid: 8|app: 0|req: 702/1413] 10.0.0.10 () {34 vars in 669 bytes} [Sat Jul 25 02:26:06 2026] POST /v2.0/networks => generated 650 bytes in 494 msecs (HTTP/1.1 201) 4 headers in 162 bytes (1 switches on core 0)
2026-07-25 02:26:07.014 7 WARNING neutron.scheduler.dhcp_agent_scheduler [None req-61232f32-d5f2-4157-9216-2f737ddd3937 9e80b27635b04baab0439d164f79a4ad 98d308eaf2764c95b629bab28667e440 - - default default] No more DHCP agents
2026-07-25 02:26:07.015 7 WARNING neutron.api.rpc.agentnotifiers.dhcp_rpc_agent_api [None req-61232f32-d5f2-4157-9216-2f737ddd3937 9e80b27635b04baab0439d164f79a4ad 98d308eaf2764c95b629bab28667e440 - - default default] Unable to schedule network 7596edc5-cb4f-4db9-8b53-dfffe58b73b9: no agents available; will retry on subsequent port and subnet creation events.
2026-07-25 02:26:07.195 8 INFO neutron.db.ovn_revision_numbers_db [None req-d98e089d-8849-444a-a2df-defa23be8b9d 3d36faa590fc4ca39be523634b014a7b f39bf21b4efe46d4871f53681531c4a9 - - default default] Successfully bumped revision number for resource 6e39a03b-92eb-4f69-8747-b4ccd8bf848d (type: security_groups) to 1
2026-07-25 02:26:07.216 8 INFO neutron.db.ovn_revision_numbers_db [None req-d98e089d-8849-444a-a2df-defa23be8b9d 3d36faa590fc4ca39be523634b014a7b f39bf21b4efe46d4871f53681531c4a9 - - default default] Successfully bumped revision number for resource 592bcf3b-4e4a-45df-a681-7fd1c99a3df7 (type: security_group_rules) to 0
2026-07-25 02:26:07.233 8 INFO neutron.db.ovn_revision_numbers_db [None req-d98e089d-8849-444a-a2df-defa23be8b9d 3d36faa590fc4ca39be523634b014a7b f39bf21b4efe46d4871f53681531c4a9 - - default default] Successfully bumped revision number for resource 9d1c0dba-810e-4a65-b522-0b191863ec27 (type: security_group_rules) to 0
2026-07-25 02:26:07.247 8 INFO neutron.db.ovn_revision_numbers_db [None req-d98e089d-8849-444a-a2df-defa23be8b9d 3d36faa590fc4ca39be523634b014a7b f39bf21b4efe46d4871f53681531c4a9 - - default default] Successfully bumped revision number for resource b6cc8a1d-ac3a-437f-9f44-783595c5bda8 (type: security_group_rules) to 0
2026-07-25 02:26:07.259 8 INFO neutron.db.ovn_revision_numbers_db [None req-d98e089d-8849-444a-a2df-defa23be8b9d 3d36faa590fc4ca39be523634b014a7b f39bf21b4efe46d4871f53681531c4a9 - - default default] Successfully bumped revision number for resource b9dbf3ce-875c-4da7-8a55-e81d7dbed960 (type: security_group_rules) to 0
2026-07-25 02:26:07.338 8 INFO neutron.db.segments_db [None req-d98e089d-8849-444a-a2df-defa23be8b9d 3d36faa590fc4ca39be523634b014a7b f39bf21b4efe46d4871f53681531c4a9 - - default default] Added segment 9c1834e4-495f-4351-bcfd-a7581e1fd1b6 of type geneve for network 98782cc8-89a9-4c5b-b7b0-7b646da85c6f
2026-07-25 02:26:07.454 8 INFO neutron.db.ovn_revision_numbers_db [None req-d98e089d-8849-444a-a2df-defa23be8b9d 3d36faa590fc4ca39be523634b014a7b f39bf21b4efe46d4871f53681531c4a9 - - default default] Successfully bumped revision number for resource 98782cc8-89a9-4c5b-b7b0-7b646da85c6f (type: networks) to 1
2026-07-25 02:26:07.525 7 INFO neutron.db.ovn_revision_numbers_db [None req-cbf30cc5-0388-4c22-a596-747eae005ca6 - - - - - -] Successfully bumped revision number for resource 6b790406-ba6c-4edf-924c-419d0d09bd8c (type: ports) to 2
2026-07-25 02:26:07.567 7 INFO neutron.db.ovn_revision_numbers_db [None req-cbf30cc5-0388-4c22-a596-747eae005ca6 - - - - - -] Successfully bumped revision number for resource 594cc591-5b16-4858-b78c-21171c9d97ae (type: subnets) to 0
2026-07-25 02:26:07.597 7 WARNING neutron.scheduler.dhcp_agent_scheduler [None req-61232f32-d5f2-4157-9216-2f737ddd3937 9e80b27635b04baab0439d164f79a4ad 98d308eaf2764c95b629bab28667e440 - - default default] No more DHCP agents
2026-07-25 02:26:07.598 7 WARNING neutron.api.rpc.agentnotifiers.dhcp_rpc_agent_api [None req-61232f32-d5f2-4157-9216-2f737ddd3937 9e80b27635b04baab0439d164f79a4ad 98d308eaf2764c95b629bab28667e440 - - default default] Unable to schedule network 18970389-2d35-4486-937e-ef93ded3419b: no agents available; will retry on subsequent port and subnet creation events.
2026-07-25 02:26:07.647 8 WARNING neutron.scheduler.dhcp_agent_scheduler [None req-d98e089d-8849-444a-a2df-defa23be8b9d 3d36faa590fc4ca39be523634b014a7b f39bf21b4efe46d4871f53681531c4a9 - - default default] No more DHCP agents
2026-07-25 02:26:07.648 8 WARNING neutron.api.rpc.agentnotifiers.dhcp_rpc_agent_api [None req-d98e089d-8849-444a-a2df-defa23be8b9d 3d36faa590fc4ca39be523634b014a7b f39bf21b4efe46d4871f53681531c4a9 - - default default] Unable to schedule network 98782cc8-89a9-4c5b-b7b0-7b646da85c6f: no agents available; will retry on subsequent port and subnet creation events.
2026-07-25 02:26:07.698 8 INFO neutron.plugins.ml2.drivers.ovn.mech_driver.mech_driver [None req-f68142b2-f23c-42c7-bd00-8a73ac10ef05 - - - - - -] OVN reports status down for port: a6e3443c-33a7-4e9c-89d4-5fc25f077b1b
2026-07-25 02:26:07.753 8 INFO neutron.db.ovn_revision_numbers_db [None req-d98e089d-8849-444a-a2df-defa23be8b9d 3d36faa590fc4ca39be523634b014a7b f39bf21b4efe46d4871f53681531c4a9 - - default default] Successfully bumped revision number for resource a6e3443c-33a7-4e9c-89d4-5fc25f077b1b (type: ports) to 1 [pid: 8|app: 0|req: 703/1414] 10.0.0.10 () {34 vars in 669 bytes} [Sat Jul 25 02:26:06 2026] POST /v2.0/networks => generated 648 bytes in 967 msecs (HTTP/1.1 201) 4 headers in 162 bytes (1 switches on core 0)
2026-07-25 02:26:08.013 7 INFO neutron.db.ovn_revision_numbers_db [None req-0a02b886-d337-499c-aea3-011d5a14779c - - - - - -] Successfully bumped revision number for resource e0b73d46-e8e2-4fba-b1c0-bc1ba08ecb75 (type: ports) to 2
2026-07-25 02:26:08.063 7 INFO neutron.db.ovn_revision_numbers_db [None req-0a02b886-d337-499c-aea3-011d5a14779c - - - - - -] Successfully bumped revision number for resource 826a98ea-1c16-4cac-a7db-b38200b45bdc (type: subnets) to 0
2026-07-25 02:26:08.075 8 INFO neutron.db.ovn_revision_numbers_db [None req-e7fc2078-5083-426f-915d-df8ddfa894a0 54f0523665e04d4a9cb3d01bb979ec9d 650b3bf8ba6943b6b9abce5090e25fdd - - default default] Successfully bumped revision number for resource 3f04e2c1-cfc7-4f95-a483-51b4147b5374 (type: security_groups) to 1 [pid: 7|app: 0|req: 712/1417] 10.0.0.10 () {34 vars in 668 bytes} [Sat Jul 25 02:26:06 2026] POST /v2.0/subnets => generated 1274 bytes in 1462 msecs (HTTP/1.1 201) 4 headers in 163 bytes (1 switches on core 0)
2026-07-25 02:26:08.096 8 INFO neutron.db.ovn_revision_numbers_db [None req-e7fc2078-5083-426f-915d-df8ddfa894a0 54f0523665e04d4a9cb3d01bb979ec9d 650b3bf8ba6943b6b9abce5090e25fdd - - default default] Successfully bumped revision number for resource 5a63cb18-0944-4061-8ed1-f6ae530a9865 (type: security_group_rules) to 0
2026-07-25 02:26:08.112 8 INFO neutron.db.ovn_revision_numbers_db [None req-e7fc2078-5083-426f-915d-df8ddfa894a0 54f0523665e04d4a9cb3d01bb979ec9d 650b3bf8ba6943b6b9abce5090e25fdd - - default default] Successfully bumped revision number for resource 665b00bf-c6e2-4d2d-87a0-646caa581ded (type: security_group_rules) to 0
2026-07-25 02:26:08.126 8 INFO neutron.db.ovn_revision_numbers_db [None req-e7fc2078-5083-426f-915d-df8ddfa894a0 54f0523665e04d4a9cb3d01bb979ec9d 650b3bf8ba6943b6b9abce5090e25fdd - - default default] Successfully bumped revision number for resource c5490291-ec9e-472e-8dba-49017e055100 (type: security_group_rules) to 0
2026-07-25 02:26:08.138 8 INFO neutron.db.ovn_revision_numbers_db [None req-e7fc2078-5083-426f-915d-df8ddfa894a0 54f0523665e04d4a9cb3d01bb979ec9d 650b3bf8ba6943b6b9abce5090e25fdd - - default default] Successfully bumped revision number for resource db49db32-ce1c-487c-86e0-dace61071fcb (type: security_group_rules) to 0 [pid: 7|app: 0|req: 713/1418] 10.0.0.10 () {32 vars in 646 bytes} [Sat Jul 25 02:26:08 2026] GET /v2.0/subnets => generated 1910 bytes in 43 msecs (HTTP/1.1 200) 4 headers in 158 bytes (1 switches on core 0)
2026-07-25 02:26:08.218 8 INFO neutron.db.segments_db [None req-e7fc2078-5083-426f-915d-df8ddfa894a0 54f0523665e04d4a9cb3d01bb979ec9d 650b3bf8ba6943b6b9abce5090e25fdd - - default default] Added segment 9bc6eaca-8ef1-49db-8fa5-2634f742876e of type geneve for network 37031715-48b9-47de-9ec5-c4b04d9e4534 [pid: 7|app: 0|req: 714/1419] 10.0.0.10 () {32 vars in 723 bytes} [Sat Jul 25 02:26:08 2026] DELETE /v2.0/subnets/594cc591-5b16-4858-b78c-21171c9d97ae => generated 0 bytes in 137 msecs (HTTP/1.1 204) 3 headers in 131 bytes (1 switches on core 0)
2026-07-25 02:26:08.329 8 INFO neutron.db.ovn_revision_numbers_db [None req-e7fc2078-5083-426f-915d-df8ddfa894a0 54f0523665e04d4a9cb3d01bb979ec9d 650b3bf8ba6943b6b9abce5090e25fdd - - default default] Successfully bumped revision number for resource 37031715-48b9-47de-9ec5-c4b04d9e4534 (type: networks) to 1
2026-07-25 02:26:08.473 7 WARNING neutron.scheduler.dhcp_agent_scheduler [None req-636e1eea-7aa4-4f05-b91a-fa97bff4689a 3d36faa590fc4ca39be523634b014a7b f39bf21b4efe46d4871f53681531c4a9 - - default default] No more DHCP agents
2026-07-25 02:26:08.473 7 WARNING neutron.api.rpc.agentnotifiers.dhcp_rpc_agent_api [None req-636e1eea-7aa4-4f05-b91a-fa97bff4689a 3d36faa590fc4ca39be523634b014a7b f39bf21b4efe46d4871f53681531c4a9 - - default default] Unable to schedule network 98782cc8-89a9-4c5b-b7b0-7b646da85c6f: no agents available; will retry on subsequent port and subnet creation events.
2026-07-25 02:26:08.489 8 WARNING neutron.scheduler.dhcp_agent_scheduler [None req-e7fc2078-5083-426f-915d-df8ddfa894a0 54f0523665e04d4a9cb3d01bb979ec9d 650b3bf8ba6943b6b9abce5090e25fdd - - default default] No more DHCP agents
2026-07-25 02:26:08.492 8 WARNING neutron.api.rpc.agentnotifiers.dhcp_rpc_agent_api [None req-e7fc2078-5083-426f-915d-df8ddfa894a0 54f0523665e04d4a9cb3d01bb979ec9d 650b3bf8ba6943b6b9abce5090e25fdd - - default default] Unable to schedule network 37031715-48b9-47de-9ec5-c4b04d9e4534: no agents available; will retry on subsequent port and subnet creation events.
2026-07-25 02:26:08.521 7 INFO neutron.db.ovn_revision_numbers_db [None req-636e1eea-7aa4-4f05-b91a-fa97bff4689a 3d36faa590fc4ca39be523634b014a7b f39bf21b4efe46d4871f53681531c4a9 - - default default] Successfully bumped revision number for resource 6a6357f8-6f77-49bc-886e-b631d57aed2f (type: subnets) to 0 [pid: 7|app: 0|req: 715/1420] 10.0.0.10 () {34 vars in 668 bytes} [Sat Jul 25 02:26:08 2026] POST /v2.0/subnets => generated 673 bytes in 265 msecs (HTTP/1.1 201) 4 headers in 162 bytes (1 switches on core 0)
2026-07-25 02:26:08.566 8 INFO neutron.db.ovn_revision_numbers_db [None req-e7fc2078-5083-426f-915d-df8ddfa894a0 54f0523665e04d4a9cb3d01bb979ec9d 650b3bf8ba6943b6b9abce5090e25fdd - - default default] Successfully bumped revision number for resource 48004efa-7ce4-469e-ae4d-67de9f9f7346 (type: ports) to 1
2026-07-25 02:26:08.577 7 INFO neutron.plugins.ml2.drivers.ovn.mech_driver.mech_driver [None req-5f20eefa-3b63-49d8-b786-dc489cca472c - - - - - -] OVN reports status down for port: 48004efa-7ce4-469e-ae4d-67de9f9f7346 [pid: 8|app: 0|req: 706/1421] 10.0.0.10 () {34 vars in 670 bytes} [Sat Jul 25 02:26:07 2026] POST /v2.0/networks => generated 747 bytes in 785 msecs (HTTP/1.1 201) 4 headers in 162 bytes (1 switches on core 0)
2026-07-25 02:26:08.671 8 INFO neutron.db.segments_db [None req-ad72faee-7e54-48be-a50b-09c029811d01 3d36faa590fc4ca39be523634b014a7b f39bf21b4efe46d4871f53681531c4a9 - - default default] Added segment 0aac5577-ebb2-4958-b65a-9263ce1ec5d7 of type geneve for network 4e6e511b-0797-406c-92f6-09702dc6b223 [pid: 7|app: 0|req: 716/1422] 10.0.0.10 () {32 vars in 723 bytes} [Sat Jul 25 02:26:08 2026] DELETE /v2.0/subnets/826a98ea-1c16-4cac-a7db-b38200b45bdc => generated 0 bytes in 219 msecs (HTTP/1.1 204) 3 headers in 131 bytes (1 switches on core 0)
2026-07-25 02:26:08.785 8 INFO neutron.db.ovn_revision_numbers_db [None req-ad72faee-7e54-48be-a50b-09c029811d01 3d36faa590fc4ca39be523634b014a7b f39bf21b4efe46d4871f53681531c4a9 - - default default] Successfully bumped revision number for resource 4e6e511b-0797-406c-92f6-09702dc6b223 (type: networks) to 1
2026-07-25 02:26:08.898 7 WARNING neutron.scheduler.dhcp_agent_scheduler [None req-ef0b6f19-0632-4777-94c2-f4ba1a0f35e9 54f0523665e04d4a9cb3d01bb979ec9d 650b3bf8ba6943b6b9abce5090e25fdd - - default default] No more DHCP agents
2026-07-25 02:26:08.900 7 WARNING neutron.api.rpc.agentnotifiers.dhcp_rpc_agent_api [None req-ef0b6f19-0632-4777-94c2-f4ba1a0f35e9 54f0523665e04d4a9cb3d01bb979ec9d 650b3bf8ba6943b6b9abce5090e25fdd - - default default] Unable to schedule network 37031715-48b9-47de-9ec5-c4b04d9e4534: no agents available; will retry on subsequent port and subnet creation events.
2026-07-25 02:26:08.946 8 WARNING neutron.scheduler.dhcp_agent_scheduler [None req-ad72faee-7e54-48be-a50b-09c029811d01 3d36faa590fc4ca39be523634b014a7b f39bf21b4efe46d4871f53681531c4a9 - - default default] No more DHCP agents
2026-07-25 02:26:08.948 8 WARNING neutron.api.rpc.agentnotifiers.dhcp_rpc_agent_api [None req-ad72faee-7e54-48be-a50b-09c029811d01 3d36faa590fc4ca39be523634b014a7b f39bf21b4efe46d4871f53681531c4a9 - - default default] Unable to schedule network 4e6e511b-0797-406c-92f6-09702dc6b223: no agents available; will retry on subsequent port and subnet creation events.
2026-07-25 02:26:08.997 8 INFO neutron.plugins.ml2.drivers.ovn.mech_driver.mech_driver [None req-f68142b2-f23c-42c7-bd00-8a73ac10ef05 - - - - - -] OVN reports status down for port: 312f8e5f-0f07-445c-97e9-8cfd7d16683d
2026-07-25 02:26:09.064 8 INFO neutron.db.ovn_revision_numbers_db [None req-ad72faee-7e54-48be-a50b-09c029811d01 3d36faa590fc4ca39be523634b014a7b f39bf21b4efe46d4871f53681531c4a9 - - default default] Successfully bumped revision number for resource 312f8e5f-0f07-445c-97e9-8cfd7d16683d (type: ports) to 1 [pid: 8|app: 0|req: 707/1423] 10.0.0.10 () {34 vars in 669 bytes} [Sat Jul 25 02:26:08 2026] POST /v2.0/networks => generated 648 bytes in 523 msecs (HTTP/1.1 201) 4 headers in 162 bytes (1 switches on core 0) [pid: 8|app: 0|req: 708/1424] 10.0.0.10 () {32 vars in 646 bytes} [Sat Jul 25 02:26:09 2026] GET /v2.0/subnets => generated 649 bytes in 26 msecs (HTTP/1.1 200) 4 headers in 157 bytes (1 switches on core 0)
2026-07-25 02:26:09.271 8 INFO neutron.db.ovn_revision_numbers_db [None req-5feded1e-9cf6-488a-b5c2-87974739da62 3d36faa590fc4ca39be523634b014a7b f39bf21b4efe46d4871f53681531c4a9 - - default default] Successfully bumped revision number for resource 4e6e511b-0797-406c-92f6-09702dc6b223 (type: networks) to 2 [pid: 8|app: 0|req: 709/1425] 10.0.0.10 () {34 vars in 742 bytes} [Sat Jul 25 02:26:09 2026] PUT /v2.0/networks/4e6e511b-0797-406c-92f6-09702dc6b223 => generated 598 bytes in 136 msecs (HTTP/1.1 200) 4 headers in 157 bytes (1 switches on core 0)
2026-07-25 02:26:09.370 7 INFO neutron.db.ovn_revision_numbers_db [None req-81b9d2e6-ff1a-4c62-9f32-c7381a256691 - - - - - -] Successfully bumped revision number for resource 48004efa-7ce4-469e-ae4d-67de9f9f7346 (type: ports) to 2
2026-07-25 02:26:09.410 7 INFO neutron.db.ovn_revision_numbers_db [None req-81b9d2e6-ff1a-4c62-9f32-c7381a256691 - - - - - -] Successfully bumped revision number for resource 2648c5a7-dada-45ff-8754-2aa09e7b350a (type: subnets) to 0
2026-07-25 02:26:09.422 8 INFO neutron_taas.services.taas.taas_plugin [None req-8b2c177c-f9b9-4362-a705-cc3fc5f55727 9e80b27635b04baab0439d164f79a4ad 98d308eaf2764c95b629bab28667e440 - - default default] TaaS: Handle Delete Port: e0b73d46-e8e2-4fba-b1c0-bc1ba08ecb75
2026-07-25 02:26:09.426 8 INFO neutron_taas.services.taas.tap_mirror_plugin [None req-8b2c177c-f9b9-4362-a705-cc3fc5f55727 9e80b27635b04baab0439d164f79a4ad 98d308eaf2764c95b629bab28667e440 - - default default] Tap Mirror: Handle Delete Port: e0b73d46-e8e2-4fba-b1c0-bc1ba08ecb75 [pid: 7|app: 0|req: 717/1426] 10.0.0.10 () {34 vars in 668 bytes} [Sat Jul 25 02:26:08 2026] POST /v2.0/subnets => generated 691 bytes in 651 msecs (HTTP/1.1 201) 4 headers in 162 bytes (1 switches on core 0)
2026-07-25 02:26:09.637 8 INFO neutron.services.segments.plugin [-] Segment c9afb5cf-9c92-42c0-a583-575418b4883c resource provider aggregate not found
2026-07-25 02:26:09.646 8 INFO neutron.services.segments.plugin [-] Segment c9afb5cf-9c92-42c0-a583-575418b4883c resource provider aggregate not found
2026-07-25 02:26:09.655 8 INFO neutron.services.segments.plugin [-] Client error retrieving segment c9afb5cf-9c92-42c0-a583-575418b4883c resource provider; error: Placement Client Error (4xx): {"errors": [{"status": 404, "title": "Not Found", "detail": "The resource could not be found.\n\n No resource provider with uuid c9afb5cf-9c92-42c0-a583-575418b4883c found for delete ", "request_id": "req-5d044105-44bb-42d5-b2d1-e8f111becce7"}]}
2026-07-25 02:26:09.664 8 INFO neutron.services.segments.plugin [-] Client error retrieving segment c9afb5cf-9c92-42c0-a583-575418b4883c resource provider; error: Placement Client Error (4xx): {"errors": [{"status": 404, "title": "Not Found", "detail": "The resource could not be found.\n\n No resource provider with uuid c9afb5cf-9c92-42c0-a583-575418b4883c found for delete ", "request_id": "req-edebbe88-7057-4092-88f5-cd2a86600427"}]}
2026-07-25 02:26:09.668 7 WARNING neutron.scheduler.dhcp_agent_scheduler [None req-da0d5c94-fc69-4883-9a13-ebb89548b388 3d36faa590fc4ca39be523634b014a7b f39bf21b4efe46d4871f53681531c4a9 - - default default] No more DHCP agents
2026-07-25 02:26:09.669 7 WARNING neutron.api.rpc.agentnotifiers.dhcp_rpc_agent_api [None req-da0d5c94-fc69-4883-9a13-ebb89548b388 3d36faa590fc4ca39be523634b014a7b f39bf21b4efe46d4871f53681531c4a9 - - default default] Unable to schedule network 4e6e511b-0797-406c-92f6-09702dc6b223: no agents available; will retry on subsequent port and subnet creation events. [pid: 8|app: 0|req: 710/1427] 10.0.0.10 () {32 vars in 725 bytes} [Sat Jul 25 02:26:09 2026] DELETE /v2.0/networks/18970389-2d35-4486-937e-ef93ded3419b => generated 0 bytes in 405 msecs (HTTP/1.1 204) 3 headers in 131 bytes (1 switches on core 0)
2026-07-25 02:26:09.700 7 INFO neutron.db.ovn_revision_numbers_db [None req-da0d5c94-fc69-4883-9a13-ebb89548b388 3d36faa590fc4ca39be523634b014a7b f39bf21b4efe46d4871f53681531c4a9 - - default default] Successfully bumped revision number for resource e6c3c28a-acec-49e9-9018-a176b8146d79 (type: subnets) to 0 [pid: 7|app: 0|req: 718/1428] 10.0.0.10 () {34 vars in 668 bytes} [Sat Jul 25 02:26:09 2026] POST /v2.0/subnets => generated 646 bytes in 290 msecs (HTTP/1.1 201) 4 headers in 162 bytes (1 switches on core 0)
2026-07-25 02:26:09.826 7 INFO neutron_taas.services.taas.taas_plugin [None req-cc7cbd43-84fd-484e-9174-f13ab771043a 9e80b27635b04baab0439d164f79a4ad 98d308eaf2764c95b629bab28667e440 - - default default] TaaS: Handle Delete Port: 6b790406-ba6c-4edf-924c-419d0d09bd8c
2026-07-25 02:26:09.829 7 INFO neutron_taas.services.taas.tap_mirror_plugin [None req-cc7cbd43-84fd-484e-9174-f13ab771043a 9e80b27635b04baab0439d164f79a4ad 98d308eaf2764c95b629bab28667e440 - - default default] Tap Mirror: Handle Delete Port: 6b790406-ba6c-4edf-924c-419d0d09bd8c
2026-07-25 02:26:10.000 7 INFO neutron.services.segments.plugin [-] Segment 0aac6e79-aac7-4527-889d-9be4a21e5ae4 resource provider aggregate not found
2026-07-25 02:26:10.011 7 INFO neutron.services.segments.plugin [-] Segment 0aac6e79-aac7-4527-889d-9be4a21e5ae4 resource provider aggregate not found
2026-07-25 02:26:10.025 7 INFO neutron.services.segments.plugin [-] Client error retrieving segment 0aac6e79-aac7-4527-889d-9be4a21e5ae4 resource provider; error: Placement Client Error (4xx): {"errors": [{"status": 404, "title": "Not Found", "detail": "The resource could not be found.\n\n No resource provider with uuid 0aac6e79-aac7-4527-889d-9be4a21e5ae4 found for delete ", "request_id": "req-c2ecfd18-e06f-4154-830d-428843d9bf89"}]}
2026-07-25 02:26:10.029 7 INFO neutron.services.segments.plugin [-] Client error retrieving segment 0aac6e79-aac7-4527-889d-9be4a21e5ae4 resource provider; error: Placement Client Error (4xx): {"errors": [{"status": 404, "title": "Not Found", "detail": "The resource could not be found.\n\n No resource provider with uuid 0aac6e79-aac7-4527-889d-9be4a21e5ae4 found for delete ", "request_id": "req-7cf528df-7ed1-4567-91d4-1fe66bb3a893"}]} [pid: 7|app: 0|req: 719/1429] 10.0.0.10 () {32 vars in 725 bytes} [Sat Jul 25 02:26:09 2026] DELETE /v2.0/networks/7596edc5-cb4f-4db9-8b53-dfffe58b73b9 => generated 0 bytes in 340 msecs (HTTP/1.1 204) 3 headers in 131 bytes (1 switches on core 0)
2026-07-25 02:26:10.081 8 WARNING neutron.scheduler.dhcp_agent_scheduler [None req-304a6a75-97d0-4bd3-bf9b-93dc8ce7d26a 54f0523665e04d4a9cb3d01bb979ec9d 650b3bf8ba6943b6b9abce5090e25fdd - - default default] No more DHCP agents
2026-07-25 02:26:10.082 8 WARNING neutron.api.rpc.agentnotifiers.dhcp_rpc_agent_api [None req-304a6a75-97d0-4bd3-bf9b-93dc8ce7d26a 54f0523665e04d4a9cb3d01bb979ec9d 650b3bf8ba6943b6b9abce5090e25fdd - - default default] Unable to schedule network 9e2cf4c7-6bbb-4210-a0f3-c2e7f3f9bb8d: no agents available; will retry on subsequent port and subnet creation events.
2026-07-25 02:26:10.186 7 INFO neutron.plugins.ml2.drivers.ovn.mech_driver.mech_driver [None req-5f20eefa-3b63-49d8-b786-dc489cca472c - - - - - -] OVN reports status down for port: 954a870c-43a5-4073-b1d4-83ed89fc57d8
2026-07-25 02:26:10.222 8 INFO neutron.db.ovn_revision_numbers_db [None req-304a6a75-97d0-4bd3-bf9b-93dc8ce7d26a 54f0523665e04d4a9cb3d01bb979ec9d 650b3bf8ba6943b6b9abce5090e25fdd - - default default] Successfully bumped revision number for resource 954a870c-43a5-4073-b1d4-83ed89fc57d8 (type: ports) to 1
2026-07-25 02:26:10.790 7 INFO neutron.db.ovn_revision_numbers_db [None req-1d34efab-c074-4b05-b7fe-a05bcff18b81 - - - - - -] Successfully bumped revision number for resource 312f8e5f-0f07-445c-97e9-8cfd7d16683d (type: ports) to 2
2026-07-25 02:26:10.836 7 INFO neutron.db.ovn_revision_numbers_db [None req-1d34efab-c074-4b05-b7fe-a05bcff18b81 - - - - - -] Successfully bumped revision number for resource e6c3c28a-acec-49e9-9018-a176b8146d79 (type: subnets) to 1 [pid: 7|app: 0|req: 720/1430] 10.0.0.10 () {34 vars in 740 bytes} [Sat Jul 25 02:26:10 2026] PUT /v2.0/subnets/e6c3c28a-acec-49e9-9018-a176b8146d79 => generated 656 bytes in 782 msecs (HTTP/1.1 200) 4 headers in 157 bytes (1 switches on core 0)
2026-07-25 02:26:10.932 8 INFO neutron.plugins.ml2.drivers.ovn.mech_driver.ovsdb.commands [None req-29d37469-5ed8-48fe-9e5f-ffa7c6bff338 - - - - - -] Schedule LRP lrp-954a870c-43a5-4073-b1d4-83ed89fc57d8 on gateway 9463955c-6a56-47c5-920e-60f317512287 with priority 1
2026-07-25 02:26:10.973 8 INFO neutron.plugins.ml2.drivers.ovn.mech_driver.ovsdb.ovsdb_monitor [None req-b967181a-ebd8-49b8-9be8-3d62d9322c69 - - - - - -] Router d9426fc3-c040-4a65-9e6c-6b3f0dcddc84 is bound to host instance
2026-07-25 02:26:10.975 7 INFO neutron.plugins.ml2.drivers.ovn.mech_driver.mech_driver [None req-5f20eefa-3b63-49d8-b786-dc489cca472c - - - - - -] OVN reports status up for port: 954a870c-43a5-4073-b1d4-83ed89fc57d8
2026-07-25 02:26:10.995 7 INFO neutron_taas.services.taas.taas_plugin [None req-6876213c-f780-4cb5-bd9f-ad72a1a5f531 9e80b27635b04baab0439d164f79a4ad 98d308eaf2764c95b629bab28667e440 - - default default] TaaS: Handle Delete Port: 28da87c8-a96f-412a-852b-95a301bceede
2026-07-25 02:26:10.999 7 INFO neutron_taas.services.taas.tap_mirror_plugin [None req-6876213c-f780-4cb5-bd9f-ad72a1a5f531 9e80b27635b04baab0439d164f79a4ad 98d308eaf2764c95b629bab28667e440 - - default default] Tap Mirror: Handle Delete Port: 28da87c8-a96f-412a-852b-95a301bceede
2026-07-25 02:26:10.999 7 INFO neutron.plugins.ml2.plugin [None req-5f20eefa-3b63-49d8-b786-dc489cca472c - - - - - -] Attempt 1 to provision port 954a870c-43a5-4073-b1d4-83ed89fc57d8
2026-07-25 02:26:11.036 8 INFO neutron.db.ovn_revision_numbers_db [None req-304a6a75-97d0-4bd3-bf9b-93dc8ce7d26a 54f0523665e04d4a9cb3d01bb979ec9d 650b3bf8ba6943b6b9abce5090e25fdd - - default default] Successfully bumped revision number for resource 954a870c-43a5-4073-b1d4-83ed89fc57d8 (type: router_ports) to 1
2026-07-25 02:26:11.193 8 INFO neutron.db.ovn_revision_numbers_db [None req-304a6a75-97d0-4bd3-bf9b-93dc8ce7d26a 54f0523665e04d4a9cb3d01bb979ec9d 650b3bf8ba6943b6b9abce5090e25fdd - - default default] Successfully bumped revision number for resource d9426fc3-c040-4a65-9e6c-6b3f0dcddc84 (type: routers) to 2 [pid: 8|app: 0|req: 711/1431] 10.0.0.10 () {34 vars in 668 bytes} [Sat Jul 25 02:26:09 2026] POST /v2.0/routers => generated 969 bytes in 1539 msecs (HTTP/1.1 201) 4 headers in 162 bytes (1 switches on core 0) [pid: 7|app: 0|req: 721/1432] 10.0.0.10 () {32 vars in 725 bytes} [Sat Jul 25 02:26:10 2026] DELETE /v2.0/networks/336c3b68-68eb-4162-86a9-caecbc537c26 => generated 0 bytes in 416 msecs (HTTP/1.1 204) 3 headers in 131 bytes (1 switches on core 0)
2026-07-25 02:26:11.497 8 INFO neutron_taas.services.taas.taas_plugin [None req-96e44fee-74d5-4a0c-8dc0-dd492c01ec3c 3d36faa590fc4ca39be523634b014a7b f39bf21b4efe46d4871f53681531c4a9 - - default default] TaaS: Handle Delete Port: 312f8e5f-0f07-445c-97e9-8cfd7d16683d
2026-07-25 02:26:11.505 8 INFO neutron_taas.services.taas.tap_mirror_plugin [None req-96e44fee-74d5-4a0c-8dc0-dd492c01ec3c 3d36faa590fc4ca39be523634b014a7b f39bf21b4efe46d4871f53681531c4a9 - - default default] Tap Mirror: Handle Delete Port: 312f8e5f-0f07-445c-97e9-8cfd7d16683d
2026-07-25 02:26:11.758 7 WARNING neutron.scheduler.dhcp_agent_scheduler [None req-8305a07f-5f29-4257-ba72-a957e30ffe85 54f0523665e04d4a9cb3d01bb979ec9d 650b3bf8ba6943b6b9abce5090e25fdd - - default default] No more DHCP agents
2026-07-25 02:26:11.759 7 WARNING neutron.api.rpc.agentnotifiers.dhcp_rpc_agent_api [None req-8305a07f-5f29-4257-ba72-a957e30ffe85 54f0523665e04d4a9cb3d01bb979ec9d 650b3bf8ba6943b6b9abce5090e25fdd - - default default] Unable to schedule network 37031715-48b9-47de-9ec5-c4b04d9e4534: no agents available; will retry on subsequent port and subnet creation events.
2026-07-25 02:26:11.966 7 INFO neutron.db.ovn_revision_numbers_db [None req-8305a07f-5f29-4257-ba72-a957e30ffe85 54f0523665e04d4a9cb3d01bb979ec9d 650b3bf8ba6943b6b9abce5090e25fdd - - default default] Successfully bumped revision number for resource 0e3a400d-3af7-4252-a277-b09a919897c3 (type: ports) to 1
2026-07-25 02:26:12.064 8 INFO neutron.services.segments.plugin [-] Segment 0aac5577-ebb2-4958-b65a-9263ce1ec5d7 resource provider aggregate not found
2026-07-25 02:26:12.065 7 INFO neutron.services.segments.plugin [-] Segment b77995eb-6d74-4dc2-b952-5af7e75b991e resource provider aggregate not found
2026-07-25 02:26:12.065 7 INFO neutron.services.segments.plugin [-] Segment b77995eb-6d74-4dc2-b952-5af7e75b991e resource provider aggregate not found
2026-07-25 02:26:12.074 8 INFO neutron.services.segments.plugin [-] Segment 0aac5577-ebb2-4958-b65a-9263ce1ec5d7 resource provider aggregate not found
