2026-07-25 02:26:12.089 7 INFO neutron.services.segments.plugin [-] Client error retrieving segment b77995eb-6d74-4dc2-b952-5af7e75b991e resource provider; error: Placement Client Error (4xx): {"errors": [{"status": 404, "title": "Not Found", "detail": "The resource could not be found.\n\n No resource provider with uuid b77995eb-6d74-4dc2-b952-5af7e75b991e found for delete ", "request_id": "req-0b89c8e0-3f70-446b-b9bf-b353b7a95983"}]}
2026-07-25 02:26:12.089 8 INFO neutron.services.segments.plugin [-] Client error retrieving segment 0aac5577-ebb2-4958-b65a-9263ce1ec5d7 resource provider; error: Placement Client Error (4xx): {"errors": [{"status": 404, "title": "Not Found", "detail": "The resource could not be found.\n\n No resource provider with uuid 0aac5577-ebb2-4958-b65a-9263ce1ec5d7 found for delete ", "request_id": "req-50fe3fa2-7555-4b89-aa6d-75fa47485453"}]}
2026-07-25 02:26:12.094 7 INFO neutron.services.segments.plugin [-] Client error retrieving segment b77995eb-6d74-4dc2-b952-5af7e75b991e resource provider; error: Placement Client Error (4xx): {"errors": [{"status": 404, "title": "Not Found", "detail": "The resource could not be found.\n\n No resource provider with uuid b77995eb-6d74-4dc2-b952-5af7e75b991e found for delete ", "request_id": "req-54017516-eeb7-491f-adfa-0ee793dc98fc"}]}
2026-07-25 02:26:12.097 8 INFO neutron.services.segments.plugin [-] Client error retrieving segment 0aac5577-ebb2-4958-b65a-9263ce1ec5d7 resource provider; error: Placement Client Error (4xx): {"errors": [{"status": 404, "title": "Not Found", "detail": "The resource could not be found.\n\n No resource provider with uuid 0aac5577-ebb2-4958-b65a-9263ce1ec5d7 found for delete ", "request_id": "req-ff53ee17-9364-45a4-8c2d-3a8abc01a530"}]} [pid: 8|app: 0|req: 712/1433] 10.0.0.10 () {32 vars in 725 bytes} [Sat Jul 25 02:26:11 2026] DELETE /v2.0/networks/4e6e511b-0797-406c-92f6-09702dc6b223 => generated 0 bytes in 938 msecs (HTTP/1.1 204) 3 headers in 131 bytes (1 switches on core 0)
2026-07-25 02:26:12.375 8 INFO neutron_taas.services.taas.taas_plugin [None req-a1bb116e-09c6-4c47-99b2-a5d64fbeb6f6 9e80b27635b04baab0439d164f79a4ad 98d308eaf2764c95b629bab28667e440 - - default default] TaaS: Handle Delete Port: c111a28b-2a40-4cd1-a335-f05fbb3fcd26
2026-07-25 02:26:12.380 8 INFO neutron_taas.services.taas.tap_mirror_plugin [None req-a1bb116e-09c6-4c47-99b2-a5d64fbeb6f6 9e80b27635b04baab0439d164f79a4ad 98d308eaf2764c95b629bab28667e440 - - default default] Tap Mirror: Handle Delete Port: c111a28b-2a40-4cd1-a335-f05fbb3fcd26
2026-07-25 02:26:12.503 8 INFO neutron.db.ovn_revision_numbers_db [None req-210de54b-7a7d-4c57-8cd4-d31c1de2a85b - - - - - -] Successfully bumped revision number for resource 954a870c-43a5-4073-b1d4-83ed89fc57d8 (type: ports) to 4
2026-07-25 02:26:12.700 7 WARNING neutron.scheduler.dhcp_agent_scheduler [None req-8305a07f-5f29-4257-ba72-a957e30ffe85 54f0523665e04d4a9cb3d01bb979ec9d 650b3bf8ba6943b6b9abce5090e25fdd - - default default] No more DHCP agents
2026-07-25 02:26:12.711 7 WARNING neutron.api.rpc.agentnotifiers.dhcp_rpc_agent_api [None req-8305a07f-5f29-4257-ba72-a957e30ffe85 54f0523665e04d4a9cb3d01bb979ec9d 650b3bf8ba6943b6b9abce5090e25fdd - - default default] Unable to schedule network 37031715-48b9-47de-9ec5-c4b04d9e4534: no agents available; will retry on subsequent port and subnet creation events. [pid: 8|app: 0|req: 713/1434] 10.0.0.10 () {32 vars in 725 bytes} [Sat Jul 25 02:26:12 2026] DELETE /v2.0/networks/e7c3c2a1-15a7-46e0-bef2-0310407844bf => generated 0 bytes in 638 msecs (HTTP/1.1 204) 3 headers in 131 bytes (1 switches on core 0)
2026-07-25 02:26:12.824 8 INFO neutron.pecan_wsgi.hooks.translation [None req-fa24d9e8-6a3a-4f58-a161-02ebff538177 3d36faa590fc4ca39be523634b014a7b f39bf21b4efe46d4871f53681531c4a9 - - default default] DELETE failed (client error): The resource could not be found. [pid: 8|app: 0|req: 714/1435] 10.0.0.10 () {32 vars in 725 bytes} [Sat Jul 25 02:26:12 2026] DELETE /v2.0/networks/4e6e511b-0797-406c-92f6-09702dc6b223 => generated 138 bytes in 30 msecs (HTTP/1.1 404) 4 headers in 164 bytes (1 switches on core 0) [pid: 8|app: 0|req: 715/1436] 10.0.0.10 () {32 vars in 693 bytes} [Sat Jul 25 02:26:12 2026] GET /v2.0/networks?router%3Aexternal=True => generated 651 bytes in 99 msecs (HTTP/1.1 200) 4 headers in 157 bytes (1 switches on core 0) [pid: 8|app: 0|req: 716/1437] 10.0.0.10 () {32 vars in 741 bytes} [Sat Jul 25 02:26:12 2026] GET /v2.0/subnets?network_id=9e2cf4c7-6bbb-4210-a0f3-c2e7f3f9bb8d => generated 649 bytes in 68 msecs (HTTP/1.1 200) 4 headers in 157 bytes (1 switches on core 0) [pid: 8|app: 0|req: 717/1438] 10.0.0.10 () {32 vars in 652 bytes} [Sat Jul 25 02:26:13 2026] GET /v2.0/extensions => generated 20118 bytes in 8 msecs (HTTP/1.1 200) 4 headers in 159 bytes (1 switches on core 0)
2026-07-25 02:26:13.032 8 INFO neutron.db.ovn_revision_numbers_db [None req-210de54b-7a7d-4c57-8cd4-d31c1de2a85b - - - - - -] Successfully bumped revision number for resource 954a870c-43a5-4073-b1d4-83ed89fc57d8 (type: ports) to 5 [pid: 8|app: 0|req: 718/1439] 10.0.0.10 () {32 vars in 648 bytes} [Sat Jul 25 02:26:13 2026] GET /v2.0/networks => generated 1313 bytes in 133 msecs (HTTP/1.1 200) 4 headers in 158 bytes (1 switches on core 0)
2026-07-25 02:26:13.211 7 INFO neutron.db.ovn_revision_numbers_db [None req-8305a07f-5f29-4257-ba72-a957e30ffe85 54f0523665e04d4a9cb3d01bb979ec9d 650b3bf8ba6943b6b9abce5090e25fdd - - default default] Successfully bumped revision number for resource 0e3a400d-3af7-4252-a277-b09a919897c3 (type: router_ports) to 1 [pid: 7|app: 0|req: 722/1440] 10.0.0.10 () {34 vars in 782 bytes} [Sat Jul 25 02:26:11 2026] PUT /v2.0/routers/d9426fc3-c040-4a65-9e6c-6b3f0dcddc84/add_router_interface => generated 309 bytes in 1961 msecs (HTTP/1.1 200) 4 headers in 157 bytes (1 switches on core 0) [pid: 7|app: 0|req: 723/1441] 10.0.0.10 () {32 vars in 646 bytes} [Sat Jul 25 02:26:13 2026] GET /v2.0/subnets => generated 1312 bytes in 46 msecs (HTTP/1.1 200) 4 headers in 158 bytes (1 switches on core 0)
2026-07-25 02:26:13.280 7 INFO neutron.plugins.ml2.drivers.ovn.mech_driver.mech_driver [None req-5f20eefa-3b63-49d8-b786-dc489cca472c - - - - - -] OVN reports status down for port: 0e3a400d-3af7-4252-a277-b09a919897c3 [pid: 7|app: 0|req: 724/1442] 10.0.0.10 () {32 vars in 722 bytes} [Sat Jul 25 02:26:13 2026] GET /v2.0/networks/98782cc8-89a9-4c5b-b7b0-7b646da85c6f => generated 673 bytes in 69 msecs (HTTP/1.1 200) 4 headers in 157 bytes (1 switches on core 0)
2026-07-25 02:26:13.389 7 INFO neutron.plugins.ml2.drivers.ovn.mech_driver.mech_driver [None req-5f20eefa-3b63-49d8-b786-dc489cca472c - - - - - -] OVN reports status up for port: 0e3a400d-3af7-4252-a277-b09a919897c3 [pid: 7|app: 0|req: 725/1443] 10.0.0.10 () {32 vars in 720 bytes} [Sat Jul 25 02:26:13 2026] GET /v2.0/subnets/6a6357f8-6f77-49bc-886e-b631d57aed2f => generated 673 bytes in 48 msecs (HTTP/1.1 200) 4 headers in 157 bytes (1 switches on core 0)
2026-07-25 02:26:13.408 7 INFO neutron.plugins.ml2.plugin [None req-5f20eefa-3b63-49d8-b786-dc489cca472c - - - - - -] Attempt 1 to provision port 0e3a400d-3af7-4252-a277-b09a919897c3
2026-07-25 02:26:13.574 8 INFO neutron.db.ovn_revision_numbers_db [None req-4fa03c26-ec4b-46d5-90d2-374ccc2cd015 54f0523665e04d4a9cb3d01bb979ec9d 650b3bf8ba6943b6b9abce5090e25fdd - - default default] Successfully bumped revision number for resource 12cd50e6-d0a7-40fd-ad91-39d8c96bf544 (type: security_groups) to 1
2026-07-25 02:26:13.590 8 INFO neutron.db.ovn_revision_numbers_db [None req-4fa03c26-ec4b-46d5-90d2-374ccc2cd015 54f0523665e04d4a9cb3d01bb979ec9d 650b3bf8ba6943b6b9abce5090e25fdd - - default default] Successfully bumped revision number for resource 04696902-b2a4-42d1-a768-f15e9f093c84 (type: security_group_rules) to 0
2026-07-25 02:26:13.601 8 INFO neutron.db.ovn_revision_numbers_db [None req-4fa03c26-ec4b-46d5-90d2-374ccc2cd015 54f0523665e04d4a9cb3d01bb979ec9d 650b3bf8ba6943b6b9abce5090e25fdd - - default default] Successfully bumped revision number for resource 20e41ad3-e749-42bb-9b4f-1de160717be8 (type: security_group_rules) to 0 [pid: 7|app: 0|req: 726/1444] 10.0.0.10 () {32 vars in 773 bytes} [Sat Jul 25 02:26:13 2026] GET /v2.0/security-groups?tenant_id=98d308eaf2764c95b629bab28667e440&name=default => generated 2925 bytes in 212 msecs (HTTP/1.1 200) 4 headers in 158 bytes (1 switches on core 0)
2026-07-25 02:26:13.616 8 INFO neutron.db.ovn_revision_numbers_db [None req-4fa03c26-ec4b-46d5-90d2-374ccc2cd015 54f0523665e04d4a9cb3d01bb979ec9d 650b3bf8ba6943b6b9abce5090e25fdd - - default default] Successfully bumped revision number for resource e5952157-741c-490a-b433-de5f5222e20d (type: security_group_rules) to 0
2026-07-25 02:26:13.626 8 INFO neutron.db.ovn_revision_numbers_db [None req-4fa03c26-ec4b-46d5-90d2-374ccc2cd015 54f0523665e04d4a9cb3d01bb979ec9d 650b3bf8ba6943b6b9abce5090e25fdd - - default default] Successfully bumped revision number for resource f043835f-7227-40d3-9916-2455634dacb9 (type: security_group_rules) to 0
2026-07-25 02:26:13.631 7 INFO neutron.pecan_wsgi.hooks.translation [None req-3d906196-1b43-4d4e-9347-2ffccef655db 3d36faa590fc4ca39be523634b014a7b f39bf21b4efe46d4871f53681531c4a9 - - default default] DELETE failed (client error): The resource could not be found. [pid: 7|app: 0|req: 727/1445] 10.0.0.10 () {32 vars in 723 bytes} [Sat Jul 25 02:26:13 2026] DELETE /v2.0/subnets/e6c3c28a-acec-49e9-9018-a176b8146d79 => generated 136 bytes in 25 msecs (HTTP/1.1 404) 4 headers in 164 bytes (1 switches on core 0) [pid: 8|app: 0|req: 719/1446] 10.0.0.10 () {32 vars in 773 bytes} [Sat Jul 25 02:26:13 2026] GET /v2.0/security-groups?tenant_id=2c19652209114b2ab3b29222df9ea0fd&name=default => generated 2925 bytes in 512 msecs (HTTP/1.1 200) 4 headers in 158 bytes (1 switches on core 0)
2026-07-25 02:26:13.683 8 INFO neutron.pecan_wsgi.hooks.translation [None req-f6bc7f52-753b-4521-9a19-d26e06ab858b 3d36faa590fc4ca39be523634b014a7b f39bf21b4efe46d4871f53681531c4a9 - - default default] DELETE failed (client error): The resource could not be found. [pid: 8|app: 0|req: 720/1447] 10.0.0.10 () {32 vars in 725 bytes} [Sat Jul 25 02:26:13 2026] DELETE /v2.0/networks/4e6e511b-0797-406c-92f6-09702dc6b223 => generated 138 bytes in 11 msecs (HTTP/1.1 404) 4 headers in 164 bytes (1 switches on core 0) [pid: 8|app: 0|req: 721/1448] 10.0.0.10 () {32 vars in 739 bytes} [Sat Jul 25 02:26:13 2026] DELETE /v2.0/security-groups/12cd50e6-d0a7-40fd-ad91-39d8c96bf544 => generated 0 bytes in 219 msecs (HTTP/1.1 204) 2 headers in 112 bytes (1 switches on core 0)
2026-07-25 02:26:14.046 7 INFO neutron.db.ovn_revision_numbers_db [None req-5f20eefa-3b63-49d8-b786-dc489cca472c - - - - - -] Successfully bumped revision number for resource 0e3a400d-3af7-4252-a277-b09a919897c3 (type: ports) to 2 [pid: 7|app: 0|req: 728/1449] 10.0.0.10 () {32 vars in 739 bytes} [Sat Jul 25 02:26:13 2026] DELETE /v2.0/security-groups/8461a5a0-b79c-4f19-87c5-8b863a08859b => generated 0 bytes in 443 msecs (HTTP/1.1 204) 2 headers in 112 bytes (1 switches on core 0) [pid: 8|app: 0|req: 722/1450] 10.0.0.10 () {32 vars in 723 bytes} [Sat Jul 25 02:26:13 2026] DELETE /v2.0/subnets/6a6357f8-6f77-49bc-886e-b631d57aed2f => generated 0 bytes in 188 msecs (HTTP/1.1 204) 3 headers in 131 bytes (1 switches on core 0)
2026-07-25 02:26:14.120 8 INFO neutron.services.segments.plugin [-] Segment 79acc10a-b498-4e17-8158-61aadb4bf672 resource provider aggregate not found
2026-07-25 02:26:14.130 8 INFO neutron.services.segments.plugin [-] Segment 79acc10a-b498-4e17-8158-61aadb4bf672 resource provider aggregate not found
2026-07-25 02:26:14.150 8 INFO neutron.services.segments.plugin [-] Client error retrieving segment 79acc10a-b498-4e17-8158-61aadb4bf672 resource provider; error: Placement Client Error (4xx): {"errors": [{"status": 404, "title": "Not Found", "detail": "The resource could not be found.\n\n No resource provider with uuid 79acc10a-b498-4e17-8158-61aadb4bf672 found for delete ", "request_id": "req-80f21a8b-b0d4-4ef2-90a8-37c4e77a5525"}]}
2026-07-25 02:26:14.152 8 INFO neutron.services.segments.plugin [-] Client error retrieving segment 79acc10a-b498-4e17-8158-61aadb4bf672 resource provider; error: Placement Client Error (4xx): {"errors": [{"status": 404, "title": "Not Found", "detail": "The resource could not be found.\n\n No resource provider with uuid 79acc10a-b498-4e17-8158-61aadb4bf672 found for delete ", "request_id": "req-31f4d60d-86ef-42b3-a3d6-cd9b8b0005c8"}]}
2026-07-25 02:26:14.225 8 INFO neutron_taas.services.taas.taas_plugin [None req-8f08b241-947c-441f-b973-c1597e6cad69 3d36faa590fc4ca39be523634b014a7b f39bf21b4efe46d4871f53681531c4a9 - - default default] TaaS: Handle Delete Port: a6e3443c-33a7-4e9c-89d4-5fc25f077b1b
2026-07-25 02:26:14.227 8 INFO neutron_taas.services.taas.tap_mirror_plugin [None req-8f08b241-947c-441f-b973-c1597e6cad69 3d36faa590fc4ca39be523634b014a7b f39bf21b4efe46d4871f53681531c4a9 - - default default] Tap Mirror: Handle Delete Port: a6e3443c-33a7-4e9c-89d4-5fc25f077b1b
2026-07-25 02:26:14.287 7 INFO neutron.db.ovn_revision_numbers_db [None req-7b830e20-0379-40cf-b3d7-bde824b87ca7 2acc1ad4123b4fe3a01fe3d1f9de71ef f9671daecfdb4e0b95b8e2bc1b69d0a3 - - default default] Successfully bumped revision number for resource b32fcf18-22e2-4387-a75e-19646d05aa55 (type: security_groups) to 1
2026-07-25 02:26:14.311 7 INFO neutron.db.ovn_revision_numbers_db [None req-7b830e20-0379-40cf-b3d7-bde824b87ca7 2acc1ad4123b4fe3a01fe3d1f9de71ef f9671daecfdb4e0b95b8e2bc1b69d0a3 - - default default] Successfully bumped revision number for resource 5d5bfdb8-f724-486f-8ea0-5e40dd52a533 (type: security_group_rules) to 0
2026-07-25 02:26:14.312 7 INFO neutron.db.ovn_revision_numbers_db [None req-8d2a7860-c489-42f7-b3d8-49861d82b345 - - - - - -] Successfully bumped revision number for resource 0e3a400d-3af7-4252-a277-b09a919897c3 (type: router_ports) to 2
2026-07-25 02:26:14.337 7 INFO neutron.db.ovn_revision_numbers_db [None req-7b830e20-0379-40cf-b3d7-bde824b87ca7 2acc1ad4123b4fe3a01fe3d1f9de71ef f9671daecfdb4e0b95b8e2bc1b69d0a3 - - default default] Successfully bumped revision number for resource 6d4d8f9b-5f01-499f-b3f6-48cb946ed4da (type: security_group_rules) to 0 [pid: 7|app: 0|req: 729/1451] 10.0.0.10 () {34 vars in 684 bytes} [Sat Jul 25 02:26:14 2026] POST /v2.0/security-groups => generated 1660 bytes in 339 msecs (HTTP/1.1 201) 4 headers in 163 bytes (1 switches on core 0) [pid: 8|app: 0|req: 723/1452] 10.0.0.10 () {32 vars in 725 bytes} [Sat Jul 25 02:26:14 2026] DELETE /v2.0/networks/98782cc8-89a9-4c5b-b7b0-7b646da85c6f => generated 0 bytes in 364 msecs (HTTP/1.1 204) 3 headers in 131 bytes (1 switches on core 0)
2026-07-25 02:26:14.583 7 INFO neutron.db.ovn_revision_numbers_db [None req-bac88a62-fff4-41ea-b7aa-71ada9d5eb19 2acc1ad4123b4fe3a01fe3d1f9de71ef f9671daecfdb4e0b95b8e2bc1b69d0a3 - - default default] Successfully bumped revision number for resource 4084bf08-0867-40eb-ba2f-4c7f16381d3c (type: security_group_rules) to 0 [pid: 7|app: 0|req: 730/1453] 10.0.0.10 () {34 vars in 694 bytes} [Sat Jul 25 02:26:14 2026] POST /v2.0/security-group-rules => generated 597 bytes in 197 msecs (HTTP/1.1 201) 4 headers in 162 bytes (1 switches on core 0)
2026-07-25 02:26:14.760 8 INFO neutron.db.ovn_revision_numbers_db [None req-b54cfd66-1709-447c-943b-4a0979b31223 2acc1ad4123b4fe3a01fe3d1f9de71ef f9671daecfdb4e0b95b8e2bc1b69d0a3 - - default default] Successfully bumped revision number for resource c3497536-af8c-41aa-a687-cff67154ec38 (type: security_group_rules) to 0 [pid: 8|app: 0|req: 724/1454] 10.0.0.10 () {34 vars in 694 bytes} [Sat Jul 25 02:26:14 2026] POST /v2.0/security-group-rules => generated 602 bytes in 167 msecs (HTTP/1.1 201) 4 headers in 162 bytes (1 switches on core 0)
2026-07-25 02:26:15.000 7 WARNING neutron.scheduler.dhcp_agent_scheduler [None req-22e6f3fc-ff83-4d3d-9266-e64a2a13ac72 2acc1ad4123b4fe3a01fe3d1f9de71ef f9671daecfdb4e0b95b8e2bc1b69d0a3 - - default default] No more DHCP agents
2026-07-25 02:26:15.002 7 WARNING neutron.api.rpc.agentnotifiers.dhcp_rpc_agent_api [None req-22e6f3fc-ff83-4d3d-9266-e64a2a13ac72 2acc1ad4123b4fe3a01fe3d1f9de71ef f9671daecfdb4e0b95b8e2bc1b69d0a3 - - default default] Unable to schedule network 9e2cf4c7-6bbb-4210-a0f3-c2e7f3f9bb8d: no agents available; will retry on subsequent port and subnet creation events. [pid: 8|app: 0|req: 725/1455] 10.0.0.10 () {32 vars in 773 bytes} [Sat Jul 25 02:26:14 2026] GET /v2.0/security-groups?tenant_id=f39bf21b4efe46d4871f53681531c4a9&name=default => generated 2925 bytes in 110 msecs (HTTP/1.1 200) 4 headers in 158 bytes (1 switches on core 0) [pid: 8|app: 0|req: 726/1456] 10.0.0.10 () {32 vars in 739 bytes} [Sat Jul 25 02:26:15 2026] DELETE /v2.0/security-groups/6e39a03b-92eb-4f69-8747-b4ccd8bf848d => generated 0 bytes in 229 msecs (HTTP/1.1 204) 2 headers in 112 bytes (1 switches on core 0) [pid: 7|app: 0|req: 731/1457] 10.0.0.10 () {34 vars in 675 bytes} [Sat Jul 25 02:26:14 2026] POST /v2.0/floatingips => generated 552 bytes in 576 msecs (HTTP/1.1 201) 4 headers in 162 bytes (1 switches on core 0) [pid: 8|app: 0|req: 727/1458] 10.0.0.42 () {34 vars in 1097 bytes} [Sat Jul 25 02:26:15 2026] GET /v2.0/security-groups?name=tempest-securitygroup--807816890&fields=id&tenant_id=f9671daecfdb4e0b95b8e2bc1b69d0a3 => generated 69 bytes in 30 msecs (HTTP/1.1 200) 4 headers in 156 bytes (1 switches on core 0) [pid: 7|app: 0|req: 732/1459] 10.0.0.42 () {34 vars in 981 bytes} [Sat Jul 25 02:26:15 2026] GET /v2.0/networks?id=37031715-48b9-47de-9ec5-c4b04d9e4534 => generated 676 bytes in 46 msecs (HTTP/1.1 200) 4 headers in 157 bytes (1 switches on core 0) [pid: 8|app: 0|req: 728/1460] 10.0.0.42 () {34 vars in 964 bytes} [Sat Jul 25 02:26:15 2026] GET /v2.0/quotas/f9671daecfdb4e0b95b8e2bc1b69d0a3 => generated 292 bytes in 13 msecs (HTTP/1.1 200) 4 headers in 157 bytes (1 switches on core 0) [pid: 7|app: 0|req: 733/1461] 10.0.0.42 () {34 vars in 1001 bytes} [Sat Jul 25 02:26:15 2026] GET /v2.0/ports?tenant_id=f9671daecfdb4e0b95b8e2bc1b69d0a3&fields=id => generated 103 bytes in 78 msecs (HTTP/1.1 200) 4 headers in 157 bytes (1 switches on core 0) [pid: 8|app: 0|req: 729/1462] 10.0.0.42 () {34 vars in 1007 bytes} [Sat Jul 25 02:26:16 2026] GET /v2.0/networks/37031715-48b9-47de-9ec5-c4b04d9e4534?fields=segments => generated 14 bytes in 42 msecs (HTTP/1.1 200) 4 headers in 156 bytes (1 switches on core 0) [pid: 7|app: 0|req: 734/1463] 10.0.0.42 () {34 vars in 1107 bytes} [Sat Jul 25 02:26:16 2026] GET /v2.0/networks/37031715-48b9-47de-9ec5-c4b04d9e4534?fields=provider%3Aphysical_network&fields=provider%3Anetwork_type => generated 79 bytes in 54 msecs (HTTP/1.1 200) 4 headers in 156 bytes (1 switches on core 0)
2026-07-25 02:26:16.165 8 INFO neutron.services.segments.plugin [-] Segment 9c1834e4-495f-4351-bcfd-a7581e1fd1b6 resource provider aggregate not found
2026-07-25 02:26:16.169 8 INFO neutron.services.segments.plugin [-] Segment 9c1834e4-495f-4351-bcfd-a7581e1fd1b6 resource provider aggregate not found
2026-07-25 02:26:16.185 8 INFO neutron.services.segments.plugin [-] Client error retrieving segment 9c1834e4-495f-4351-bcfd-a7581e1fd1b6 resource provider; error: Placement Client Error (4xx): {"errors": [{"status": 404, "title": "Not Found", "detail": "The resource could not be found.\n\n No resource provider with uuid 9c1834e4-495f-4351-bcfd-a7581e1fd1b6 found for delete ", "request_id": "req-7dbba6cd-d008-4407-8a65-bbce6bb876f7"}]}
2026-07-25 02:26:16.189 8 INFO neutron.services.segments.plugin [-] Client error retrieving segment 9c1834e4-495f-4351-bcfd-a7581e1fd1b6 resource provider; error: Placement Client Error (4xx): {"errors": [{"status": 404, "title": "Not Found", "detail": "The resource could not be found.\n\n No resource provider with uuid 9c1834e4-495f-4351-bcfd-a7581e1fd1b6 found for delete ", "request_id": "req-76320771-63b3-4975-b44e-a4acebacdf98"}]} [pid: 8|app: 0|req: 730/1464] 10.0.0.42 () {34 vars in 989 bytes} [Sat Jul 25 02:26:16 2026] GET /v2.0/ports?device_id=cc7484cd-6c19-40c2-afd3-3c19f2bcbb9b => generated 12 bytes in 46 msecs (HTTP/1.1 200) 4 headers in 156 bytes (1 switches on core 0) [pid: 8|app: 0|req: 731/1465] 10.0.0.42 () {34 vars in 989 bytes} [Sat Jul 25 02:26:17 2026] GET /v2.0/ports?device_id=cc7484cd-6c19-40c2-afd3-3c19f2bcbb9b => generated 12 bytes in 26 msecs (HTTP/1.1 200) 4 headers in 156 bytes (1 switches on core 0)
2026-07-25 02:26:17.515 7 INFO neutron.db.ovn_revision_numbers_db [None req-6129385d-ef10-4311-89fc-59a4cfa2207e d3e5c0808537433c897942e04b783b55 faf4a5966c5c405595023b3bb8c3584c - - default default] Successfully bumped revision number for resource afcae1da-dcb0-4332-936c-99080ec50a5a (type: security_groups) to 1
2026-07-25 02:26:17.532 7 INFO neutron.db.ovn_revision_numbers_db [None req-6129385d-ef10-4311-89fc-59a4cfa2207e d3e5c0808537433c897942e04b783b55 faf4a5966c5c405595023b3bb8c3584c - - default default] Successfully bumped revision number for resource 411014b9-2eb7-4872-88f3-a94556436f52 (type: security_group_rules) to 0
2026-07-25 02:26:17.547 7 INFO neutron.db.ovn_revision_numbers_db [None req-6129385d-ef10-4311-89fc-59a4cfa2207e d3e5c0808537433c897942e04b783b55 faf4a5966c5c405595023b3bb8c3584c - - default default] Successfully bumped revision number for resource 45c1d5d4-7b31-4bc6-9de3-e1b35ce8356f (type: security_group_rules) to 0
2026-07-25 02:26:17.570 7 INFO neutron.db.ovn_revision_numbers_db [None req-6129385d-ef10-4311-89fc-59a4cfa2207e d3e5c0808537433c897942e04b783b55 faf4a5966c5c405595023b3bb8c3584c - - default default] Successfully bumped revision number for resource be943a03-dda4-4efd-8a1c-688d9afa8552 (type: security_group_rules) to 0
2026-07-25 02:26:17.583 7 INFO neutron.db.ovn_revision_numbers_db [None req-6129385d-ef10-4311-89fc-59a4cfa2207e d3e5c0808537433c897942e04b783b55 faf4a5966c5c405595023b3bb8c3584c - - default default] Successfully bumped revision number for resource f392c746-eab1-4cf2-bcd0-c7d346f563f4 (type: security_group_rules) to 0
2026-07-25 02:26:17.665 7 INFO neutron.db.segments_db [None req-6129385d-ef10-4311-89fc-59a4cfa2207e d3e5c0808537433c897942e04b783b55 faf4a5966c5c405595023b3bb8c3584c - - default default] Added segment 1c8e9172-76d2-40f6-beb4-56b975d693ec of type geneve for network d92d7e8e-f310-4f31-87fd-3747c23a4005
2026-07-25 02:26:17.812 7 INFO neutron.db.ovn_revision_numbers_db [None req-6129385d-ef10-4311-89fc-59a4cfa2207e d3e5c0808537433c897942e04b783b55 faf4a5966c5c405595023b3bb8c3584c - - default default] Successfully bumped revision number for resource d92d7e8e-f310-4f31-87fd-3747c23a4005 (type: networks) to 1
2026-07-25 02:26:17.996 7 WARNING neutron.scheduler.dhcp_agent_scheduler [None req-6129385d-ef10-4311-89fc-59a4cfa2207e d3e5c0808537433c897942e04b783b55 faf4a5966c5c405595023b3bb8c3584c - - default default] No more DHCP agents
2026-07-25 02:26:17.997 7 WARNING neutron.api.rpc.agentnotifiers.dhcp_rpc_agent_api [None req-6129385d-ef10-4311-89fc-59a4cfa2207e d3e5c0808537433c897942e04b783b55 faf4a5966c5c405595023b3bb8c3584c - - default default] Unable to schedule network d92d7e8e-f310-4f31-87fd-3747c23a4005: no agents available; will retry on subsequent port and subnet creation events.
2026-07-25 02:26:18.056 7 INFO neutron.plugins.ml2.drivers.ovn.mech_driver.mech_driver [None req-8d2a7860-c489-42f7-b3d8-49861d82b345 - - - - - -] OVN reports status down for port: 685e62a8-0b4b-4863-a721-6cddee770280
2026-07-25 02:26:18.124 7 INFO neutron.db.ovn_revision_numbers_db [None req-6129385d-ef10-4311-89fc-59a4cfa2207e d3e5c0808537433c897942e04b783b55 faf4a5966c5c405595023b3bb8c3584c - - default default] Successfully bumped revision number for resource 685e62a8-0b4b-4863-a721-6cddee770280 (type: ports) to 1 [pid: 7|app: 0|req: 735/1466] 10.0.0.10 () {34 vars in 669 bytes} [Sat Jul 25 02:26:17 2026] POST /v2.0/networks => generated 648 bytes in 914 msecs (HTTP/1.1 201) 4 headers in 162 bytes (1 switches on core 0)
2026-07-25 02:26:18.435 7 INFO neutron.db.ovn_revision_numbers_db [None req-4ca41d76-3be8-4299-9ede-28cb02a804ee ccaec21c60864f57baa2b035c5f27235 da8ab24122ff4ce3b4f58d11ed402dad - - default default] Successfully bumped revision number for resource dd52a34a-de51-4567-8172-43a555f6e910 (type: security_groups) to 1
2026-07-25 02:26:18.446 7 INFO neutron.db.ovn_revision_numbers_db [None req-4ca41d76-3be8-4299-9ede-28cb02a804ee ccaec21c60864f57baa2b035c5f27235 da8ab24122ff4ce3b4f58d11ed402dad - - default default] Successfully bumped revision number for resource 279fc175-7db9-44bd-99c0-0b538f3b4dd0 (type: security_group_rules) to 0
2026-07-25 02:26:18.448 8 WARNING neutron.scheduler.dhcp_agent_scheduler [None req-9e02e130-7db0-44b6-b2a1-88f4be100422 d3e5c0808537433c897942e04b783b55 faf4a5966c5c405595023b3bb8c3584c - - default default] No more DHCP agents
2026-07-25 02:26:18.452 8 WARNING neutron.api.rpc.agentnotifiers.dhcp_rpc_agent_api [None req-9e02e130-7db0-44b6-b2a1-88f4be100422 d3e5c0808537433c897942e04b783b55 faf4a5966c5c405595023b3bb8c3584c - - default default] Unable to schedule network d92d7e8e-f310-4f31-87fd-3747c23a4005: no agents available; will retry on subsequent port and subnet creation events.
2026-07-25 02:26:18.465 7 INFO neutron.db.ovn_revision_numbers_db [None req-4ca41d76-3be8-4299-9ede-28cb02a804ee ccaec21c60864f57baa2b035c5f27235 da8ab24122ff4ce3b4f58d11ed402dad - - default default] Successfully bumped revision number for resource 39948944-261b-4821-9714-3fd3e7163b1e (type: security_group_rules) to 0
2026-07-25 02:26:18.482 7 INFO neutron.db.ovn_revision_numbers_db [None req-4ca41d76-3be8-4299-9ede-28cb02a804ee ccaec21c60864f57baa2b035c5f27235 da8ab24122ff4ce3b4f58d11ed402dad - - default default] Successfully bumped revision number for resource c54342d2-9c65-4d1a-a7b6-7cc1234097b7 (type: security_group_rules) to 0
2026-07-25 02:26:18.513 7 INFO neutron.db.ovn_revision_numbers_db [None req-4ca41d76-3be8-4299-9ede-28cb02a804ee ccaec21c60864f57baa2b035c5f27235 da8ab24122ff4ce3b4f58d11ed402dad - - default default] Successfully bumped revision number for resource ed8ce250-a9ae-472f-8664-de2b0b11e581 (type: security_group_rules) to 0
2026-07-25 02:26:18.542 7 INFO neutron.plugins.ml2.drivers.ovn.mech_driver.mech_driver [None req-8d2a7860-c489-42f7-b3d8-49861d82b345 - - - - - -] OVN reports status down for port: c68411bf-306c-4b53-8c5d-f85739709da8
2026-07-25 02:26:18.547 8 INFO neutron.db.ovn_revision_numbers_db [None req-9e02e130-7db0-44b6-b2a1-88f4be100422 d3e5c0808537433c897942e04b783b55 faf4a5966c5c405595023b3bb8c3584c - - default default] Successfully bumped revision number for resource c68411bf-306c-4b53-8c5d-f85739709da8 (type: ports) to 1 [pid: 8|app: 0|req: 732/1467] 10.0.0.10 () {34 vars in 664 bytes} [Sat Jul 25 02:26:18 2026] POST /v2.0/ports => generated 778 bytes in 417 msecs (HTTP/1.1 201) 4 headers in 162 bytes (1 switches on core 0)
2026-07-25 02:26:18.617 7 INFO neutron.db.segments_db [None req-4ca41d76-3be8-4299-9ede-28cb02a804ee ccaec21c60864f57baa2b035c5f27235 da8ab24122ff4ce3b4f58d11ed402dad - - default default] Added segment f9e8aee3-a02d-48da-a136-3a36004a0ef9 of type geneve for network 6a61defc-b52a-40e4-9cb5-4ff4d6a7997b /var/lib/openstack/lib/python3.12/site-packages/pycadf/identifier.py:70: UserWarning: Invalid uuid: neutron. To ensure interoperability, identifiers should be a valid uuid. warnings.warn(('Invalid uuid: %s. To ensure interoperability, '
2026-07-25 02:26:18.748 7 INFO neutron.db.ovn_revision_numbers_db [None req-4ca41d76-3be8-4299-9ede-28cb02a804ee ccaec21c60864f57baa2b035c5f27235 da8ab24122ff4ce3b4f58d11ed402dad - - default default] Successfully bumped revision number for resource 6a61defc-b52a-40e4-9cb5-4ff4d6a7997b (type: networks) to 1 [pid: 8|app: 0|req: 733/1468] 10.0.0.151 () {28 vars in 583 bytes} [Sat Jul 25 02:26:18 2026] GET /v2.0/routers => generated 978 bytes in 218 msecs (HTTP/1.1 200) 4 headers in 157 bytes (1 switches on core 0) [pid: 8|app: 0|req: 734/1469] 10.0.0.42 () {34 vars in 989 bytes} [Sat Jul 25 02:26:18 2026] GET /v2.0/ports?device_id=cc7484cd-6c19-40c2-afd3-3c19f2bcbb9b => generated 12 bytes in 17 msecs (HTTP/1.1 200) 4 headers in 156 bytes (1 switches on core 0)
2026-07-25 02:26:18.901 7 WARNING neutron.scheduler.dhcp_agent_scheduler [None req-4ca41d76-3be8-4299-9ede-28cb02a804ee ccaec21c60864f57baa2b035c5f27235 da8ab24122ff4ce3b4f58d11ed402dad - - default default] No more DHCP agents
2026-07-25 02:26:18.902 7 WARNING neutron.api.rpc.agentnotifiers.dhcp_rpc_agent_api [None req-4ca41d76-3be8-4299-9ede-28cb02a804ee ccaec21c60864f57baa2b035c5f27235 da8ab24122ff4ce3b4f58d11ed402dad - - default default] Unable to schedule network 6a61defc-b52a-40e4-9cb5-4ff4d6a7997b: no agents available; will retry on subsequent port and subnet creation events.
2026-07-25 02:26:18.917 8 INFO neutron.db.segments_db [None req-56080c8e-af9c-43b6-9c41-314037f88d32 d3e5c0808537433c897942e04b783b55 faf4a5966c5c405595023b3bb8c3584c - - default default] Added segment 69ec099a-eff8-4238-97b4-f7e70c5e4903 of type geneve for network 66556ba3-0e48-44f9-975f-03abf310940c
2026-07-25 02:26:18.972 8 INFO neutron.plugins.ml2.drivers.ovn.mech_driver.mech_driver [None req-f68142b2-f23c-42c7-bd00-8a73ac10ef05 - - - - - -] OVN reports status down for port: b155eb1b-d436-421a-987a-db07aa8d301d
2026-07-25 02:26:18.983 7 INFO neutron.db.ovn_revision_numbers_db [None req-4ca41d76-3be8-4299-9ede-28cb02a804ee ccaec21c60864f57baa2b035c5f27235 da8ab24122ff4ce3b4f58d11ed402dad - - default default] Successfully bumped revision number for resource b155eb1b-d436-421a-987a-db07aa8d301d (type: ports) to 1 [pid: 7|app: 0|req: 736/1470] 10.0.0.10 () {34 vars in 669 bytes} [Sat Jul 25 02:26:18 2026] POST /v2.0/networks => generated 730 bytes in 829 msecs (HTTP/1.1 201) 4 headers in 162 bytes (1 switches on core 0)
2026-07-25 02:26:19.102 8 INFO neutron.db.ovn_revision_numbers_db [None req-56080c8e-af9c-43b6-9c41-314037f88d32 d3e5c0808537433c897942e04b783b55 faf4a5966c5c405595023b3bb8c3584c - - default default] Successfully bumped revision number for resource 66556ba3-0e48-44f9-975f-03abf310940c (type: networks) to 1
2026-07-25 02:26:19.181 7 INFO neutron.db.ovn_revision_numbers_db [None req-ce907c41-2111-4c1b-b995-091e7e129de9 54f0523665e04d4a9cb3d01bb979ec9d 650b3bf8ba6943b6b9abce5090e25fdd - - default default] Successfully bumped revision number for resource b0a1b39c-3d39-4089-9f9d-0862e90e2b7e (type: security_groups) to 1
2026-07-25 02:26:19.194 7 INFO neutron.db.ovn_revision_numbers_db [None req-ce907c41-2111-4c1b-b995-091e7e129de9 54f0523665e04d4a9cb3d01bb979ec9d 650b3bf8ba6943b6b9abce5090e25fdd - - default default] Successfully bumped revision number for resource 09177424-e275-4090-81f5-c420d7ef835d (type: security_group_rules) to 0
2026-07-25 02:26:19.205 7 INFO neutron.db.ovn_revision_numbers_db [None req-ce907c41-2111-4c1b-b995-091e7e129de9 54f0523665e04d4a9cb3d01bb979ec9d 650b3bf8ba6943b6b9abce5090e25fdd - - default default] Successfully bumped revision number for resource 3d2f5980-76ae-4db5-a3c1-b264cef3956c (type: security_group_rules) to 0
2026-07-25 02:26:19.219 7 INFO neutron.db.ovn_revision_numbers_db [None req-ce907c41-2111-4c1b-b995-091e7e129de9 54f0523665e04d4a9cb3d01bb979ec9d 650b3bf8ba6943b6b9abce5090e25fdd - - default default] Successfully bumped revision number for resource 8a6b5548-e518-4e19-96d4-1919db9aa661 (type: security_group_rules) to 0
2026-07-25 02:26:19.231 7 INFO neutron.db.ovn_revision_numbers_db [None req-ce907c41-2111-4c1b-b995-091e7e129de9 54f0523665e04d4a9cb3d01bb979ec9d 650b3bf8ba6943b6b9abce5090e25fdd - - default default] Successfully bumped revision number for resource e4b520dc-6c4e-452d-a015-ecde6b3d3382 (type: security_group_rules) to 0
2026-07-25 02:26:19.258 8 WARNING neutron.scheduler.dhcp_agent_scheduler [None req-56080c8e-af9c-43b6-9c41-314037f88d32 d3e5c0808537433c897942e04b783b55 faf4a5966c5c405595023b3bb8c3584c - - default default] No more DHCP agents
2026-07-25 02:26:19.259 8 WARNING neutron.api.rpc.agentnotifiers.dhcp_rpc_agent_api [None req-56080c8e-af9c-43b6-9c41-314037f88d32 d3e5c0808537433c897942e04b783b55 faf4a5966c5c405595023b3bb8c3584c - - default default] Unable to schedule network 66556ba3-0e48-44f9-975f-03abf310940c: no agents available; will retry on subsequent port and subnet creation events. [pid: 7|app: 0|req: 737/1471] 10.0.0.10 () {32 vars in 773 bytes} [Sat Jul 25 02:26:19 2026] GET /v2.0/security-groups?tenant_id=7a624e7eb5644f9eb6df963a64485278&name=default => generated 2925 bytes in 261 msecs (HTTP/1.1 200) 4 headers in 158 bytes (1 switches on core 0) [pid: 7|app: 0|req: 738/1472] 10.0.0.151 () {28 vars in 624 bytes} [Sat Jul 25 02:26:19 2026] GET /v2.0/agents?binary=ovn-controller => generated 416 bytes in 9 msecs (HTTP/1.1 200) 4 headers in 157 bytes (1 switches on core 0)
2026-07-25 02:26:19.303 8 INFO neutron.plugins.ml2.drivers.ovn.mech_driver.mech_driver [None req-f68142b2-f23c-42c7-bd00-8a73ac10ef05 - - - - - -] OVN reports status down for port: cc518c9f-ab64-4865-824e-873710f83d0a
2026-07-25 02:26:19.360 8 INFO neutron.db.ovn_revision_numbers_db [None req-56080c8e-af9c-43b6-9c41-314037f88d32 d3e5c0808537433c897942e04b783b55 faf4a5966c5c405595023b3bb8c3584c - - default default] Successfully bumped revision number for resource cc518c9f-ab64-4865-824e-873710f83d0a (type: ports) to 1 [pid: 8|app: 0|req: 735/1473] 10.0.0.10 () {34 vars in 669 bytes} [Sat Jul 25 02:26:18 2026] POST /v2.0/networks => generated 634 bytes in 575 msecs (HTTP/1.1 201) 4 headers in 162 bytes (1 switches on core 0)
2026-07-25 02:26:19.419 7 WARNING neutron.scheduler.dhcp_agent_scheduler [None req-1c59a541-1d08-4ab9-b5ad-1c274aa89e83 ccaec21c60864f57baa2b035c5f27235 da8ab24122ff4ce3b4f58d11ed402dad - - default default] No more DHCP agents
2026-07-25 02:26:19.420 7 WARNING neutron.api.rpc.agentnotifiers.dhcp_rpc_agent_api [None req-1c59a541-1d08-4ab9-b5ad-1c274aa89e83 ccaec21c60864f57baa2b035c5f27235 da8ab24122ff4ce3b4f58d11ed402dad - - default default] Unable to schedule network 6a61defc-b52a-40e4-9cb5-4ff4d6a7997b: no agents available; will retry on subsequent port and subnet creation events. [pid: 8|app: 0|req: 736/1474] 10.0.0.10 () {32 vars in 739 bytes} [Sat Jul 25 02:26:19 2026] DELETE /v2.0/security-groups/b0a1b39c-3d39-4089-9f9d-0862e90e2b7e => generated 0 bytes in 235 msecs (HTTP/1.1 204) 2 headers in 112 bytes (1 switches on core 0) [pid: 8|app: 0|req: 737/1475] 10.0.0.151 () {28 vars in 581 bytes} [Sat Jul 25 02:26:19 2026] GET /v2.0/agents => generated 1214 bytes in 11 msecs (HTTP/1.1 200) 4 headers in 158 bytes (1 switches on core 0)
2026-07-25 02:26:19.825 8 WARNING neutron.scheduler.dhcp_agent_scheduler [None req-0efcae2a-c15a-485d-9b81-5976083ed19a d3e5c0808537433c897942e04b783b55 faf4a5966c5c405595023b3bb8c3584c - - default default] No more DHCP agents
2026-07-25 02:26:19.826 8 WARNING neutron.api.rpc.agentnotifiers.dhcp_rpc_agent_api [None req-0efcae2a-c15a-485d-9b81-5976083ed19a d3e5c0808537433c897942e04b783b55 faf4a5966c5c405595023b3bb8c3584c - - default default] Unable to schedule network 66556ba3-0e48-44f9-975f-03abf310940c: no agents available; will retry on subsequent port and subnet creation events.
2026-07-25 02:26:19.865 8 INFO neutron.db.ovn_revision_numbers_db [None req-0efcae2a-c15a-485d-9b81-5976083ed19a d3e5c0808537433c897942e04b783b55 faf4a5966c5c405595023b3bb8c3584c - - default default] Successfully bumped revision number for resource cee54498-d686-48f8-94d7-7ad26726637a (type: subnets) to 0
2026-07-25 02:26:19.871 7 INFO neutron.db.ovn_revision_numbers_db [None req-98754da3-0cf7-4810-9962-46f9a17b47d4 - - - - - -] Successfully bumped revision number for resource b155eb1b-d436-421a-987a-db07aa8d301d (type: ports) to 2 [pid: 8|app: 0|req: 738/1476] 10.0.0.10 () {34 vars in 668 bytes} [Sat Jul 25 02:26:19 2026] POST /v2.0/subnets => generated 646 bytes in 227 msecs (HTTP/1.1 201) 4 headers in 162 bytes (1 switches on core 0)
2026-07-25 02:26:19.906 7 INFO neutron.db.ovn_revision_numbers_db [None req-98754da3-0cf7-4810-9962-46f9a17b47d4 - - - - - -] Successfully bumped revision number for resource 22d5091e-d701-40af-bfaa-e910585d289a (type: subnets) to 0 [pid: 7|app: 0|req: 739/1477] 10.0.0.10 () {34 vars in 668 bytes} [Sat Jul 25 02:26:19 2026] POST /v2.0/subnets => generated 644 bytes in 639 msecs (HTTP/1.1 201) 4 headers in 162 bytes (1 switches on core 0) [pid: 8|app: 0|req: 739/1478] 10.0.0.151 () {28 vars in 585 bytes} [Sat Jul 25 02:26:19 2026] GET /v2.0/networks => generated 5149 bytes in 62 msecs (HTTP/1.1 200) 4 headers in 158 bytes (1 switches on core 0)
2026-07-25 02:26:20.059 7 INFO neutron.db.ovn_revision_numbers_db [None req-69aaef59-49c2-4ac4-a815-07e8108e2855 54f0523665e04d4a9cb3d01bb979ec9d 650b3bf8ba6943b6b9abce5090e25fdd - - default default] Successfully bumped revision number for resource 8622f842-5069-4ce5-95dd-5d323652b008 (type: security_groups) to 1
2026-07-25 02:26:20.073 7 INFO neutron.db.ovn_revision_numbers_db [None req-69aaef59-49c2-4ac4-a815-07e8108e2855 54f0523665e04d4a9cb3d01bb979ec9d 650b3bf8ba6943b6b9abce5090e25fdd - - default default] Successfully bumped revision number for resource 38d379dd-4585-463b-94bc-ba3e53c79f65 (type: security_group_rules) to 0
2026-07-25 02:26:20.087 7 INFO neutron.db.ovn_revision_numbers_db [None req-69aaef59-49c2-4ac4-a815-07e8108e2855 54f0523665e04d4a9cb3d01bb979ec9d 650b3bf8ba6943b6b9abce5090e25fdd - - default default] Successfully bumped revision number for resource 5a266102-f872-421c-b66e-927911aba085 (type: security_group_rules) to 0
2026-07-25 02:26:20.103 7 INFO neutron.db.ovn_revision_numbers_db [None req-69aaef59-49c2-4ac4-a815-07e8108e2855 54f0523665e04d4a9cb3d01bb979ec9d 650b3bf8ba6943b6b9abce5090e25fdd - - default default] Successfully bumped revision number for resource 84a3caac-a38b-4907-b3be-794797e2bd53 (type: security_group_rules) to 0
2026-07-25 02:26:20.114 7 INFO neutron.db.ovn_revision_numbers_db [None req-69aaef59-49c2-4ac4-a815-07e8108e2855 54f0523665e04d4a9cb3d01bb979ec9d 650b3bf8ba6943b6b9abce5090e25fdd - - default default] Successfully bumped revision number for resource 9a08b4d5-7627-4fbc-b901-cc71e415baeb (type: security_group_rules) to 0 [pid: 7|app: 0|req: 740/1479] 10.0.0.10 () {32 vars in 773 bytes} [Sat Jul 25 02:26:19 2026] GET /v2.0/security-groups?tenant_id=d9fdf8a2fb9842cb8d30e866a09e344c&name=default => generated 2925 bytes in 230 msecs (HTTP/1.1 200) 4 headers in 158 bytes (1 switches on core 0) [pid: 7|app: 0|req: 741/1480] 10.0.0.42 () {34 vars in 989 bytes} [Sat Jul 25 02:26:20 2026] GET /v2.0/ports?device_id=cc7484cd-6c19-40c2-afd3-3c19f2bcbb9b => generated 12 bytes in 15 msecs (HTTP/1.1 200) 4 headers in 156 bytes (1 switches on core 0)
2026-07-25 02:26:20.172 7 WARNING neutron.api.v2.base [None req-109d788d-a5ca-4a1d-9475-9e7f2aa94c83 ccaec21c60864f57baa2b035c5f27235 da8ab24122ff4ce3b4f58d11ed402dad - - default default] An exception happened while processing the request body. The exception message is [Invalid input for target_tenant. Reason: 'None' is not a valid string.].: webob.exc.HTTPBadRequest: Invalid input for target_tenant. Reason: 'None' is not a valid string.
2026-07-25 02:26:20.173 7 INFO neutron.api.v2.resource [None req-109d788d-a5ca-4a1d-9475-9e7f2aa94c83 ccaec21c60864f57baa2b035c5f27235 da8ab24122ff4ce3b4f58d11ed402dad - - default default] create failed (client error): Invalid input for target_tenant. Reason: 'None' is not a valid string. [pid: 7|app: 0|req: 742/1481] 10.0.0.10 () {34 vars in 680 bytes} [Sat Jul 25 02:26:20 2026] POST /v2.0/rbac-policies => generated 143 bytes in 6 msecs (HTTP/1.1 400) 4 headers in 166 bytes (1 switches on core 0) [pid: 7|app: 0|req: 743/1482] 10.0.0.151 () {28 vars in 619 bytes} [Sat Jul 25 02:26:20 2026] GET /v2.0/network-ip-availabilities => generated 2733 bytes in 14 msecs (HTTP/1.1 200) 4 headers in 158 bytes (1 switches on core 0)
2026-07-25 02:26:20.208 8 WARNING neutron.scheduler.dhcp_agent_scheduler [None req-5920a229-0c81-4a97-94fe-8bda8e6e63a1 d3e5c0808537433c897942e04b783b55 faf4a5966c5c405595023b3bb8c3584c - - default default] No more DHCP agents
2026-07-25 02:26:20.209 8 WARNING neutron.api.rpc.agentnotifiers.dhcp_rpc_agent_api [None req-5920a229-0c81-4a97-94fe-8bda8e6e63a1 d3e5c0808537433c897942e04b783b55 faf4a5966c5c405595023b3bb8c3584c - - default default] Unable to schedule network 66556ba3-0e48-44f9-975f-03abf310940c: no agents available; will retry on subsequent port and subnet creation events.
2026-07-25 02:26:20.284 8 INFO neutron.plugins.ml2.drivers.ovn.mech_driver.mech_driver [None req-f68142b2-f23c-42c7-bd00-8a73ac10ef05 - - - - - -] OVN reports status down for port: ec8eab45-d2a6-4a32-a155-8cfd3ec799a8
2026-07-25 02:26:20.343 8 INFO neutron.db.ovn_revision_numbers_db [None req-5920a229-0c81-4a97-94fe-8bda8e6e63a1 d3e5c0808537433c897942e04b783b55 faf4a5966c5c405595023b3bb8c3584c - - default default] Successfully bumped revision number for resource ec8eab45-d2a6-4a32-a155-8cfd3ec799a8 (type: ports) to 1 [pid: 8|app: 0|req: 740/1483] 10.0.0.10 () {34 vars in 664 bytes} [Sat Jul 25 02:26:19 2026] POST /v2.0/ports => generated 966 bytes in 459 msecs (HTTP/1.1 201) 4 headers in 162 bytes (1 switches on core 0) /var/lib/openstack/lib/python3.12/site-packages/pycadf/identifier.py:70: UserWarning: Invalid uuid: neutron. To ensure interoperability, identifiers should be a valid uuid. warnings.warn(('Invalid uuid: %s. To ensure interoperability, ' [pid: 7|app: 0|req: 744/1484] 10.0.0.10 () {32 vars in 739 bytes} [Sat Jul 25 02:26:20 2026] DELETE /v2.0/security-groups/8622f842-5069-4ce5-95dd-5d323652b008 => generated 0 bytes in 242 msecs (HTTP/1.1 204) 2 headers in 112 bytes (1 switches on core 0) [pid: 7|app: 0|req: 745/1485] 10.0.0.151 () {28 vars in 583 bytes} [Sat Jul 25 02:26:20 2026] GET /v2.0/subnets => generated 3277 bytes in 63 msecs (HTTP/1.1 200) 4 headers in 158 bytes (1 switches on core 0)
2026-07-25 02:26:20.558 8 INFO neutron_taas.services.taas.taas_plugin [None req-51b4193d-2fc6-47bb-848b-f9955dc2fb2c ccaec21c60864f57baa2b035c5f27235 da8ab24122ff4ce3b4f58d11ed402dad - - default default] TaaS: Handle Delete Port: b155eb1b-d436-421a-987a-db07aa8d301d
2026-07-25 02:26:20.560 8 INFO neutron_taas.services.taas.tap_mirror_plugin [None req-51b4193d-2fc6-47bb-848b-f9955dc2fb2c ccaec21c60864f57baa2b035c5f27235 da8ab24122ff4ce3b4f58d11ed402dad - - default default] Tap Mirror: Handle Delete Port: b155eb1b-d436-421a-987a-db07aa8d301d
2026-07-25 02:26:20.697 7 INFO neutron_taas.services.taas.taas_plugin [None req-c80cdc27-67b6-4d25-8ee2-534eb5ef7963 d3e5c0808537433c897942e04b783b55 faf4a5966c5c405595023b3bb8c3584c - - default default] TaaS: Handle Delete Port: ec8eab45-d2a6-4a32-a155-8cfd3ec799a8
2026-07-25 02:26:20.700 7 INFO neutron_taas.services.taas.tap_mirror_plugin [None req-c80cdc27-67b6-4d25-8ee2-534eb5ef7963 d3e5c0808537433c897942e04b783b55 faf4a5966c5c405595023b3bb8c3584c - - default default] Tap Mirror: Handle Delete Port: ec8eab45-d2a6-4a32-a155-8cfd3ec799a8 [pid: 7|app: 0|req: 746/1486] 10.0.0.10 () {32 vars in 719 bytes} [Sat Jul 25 02:26:20 2026] DELETE /v2.0/ports/ec8eab45-d2a6-4a32-a155-8cfd3ec799a8 => generated 0 bytes in 340 msecs (HTTP/1.1 204) 3 headers in 131 bytes (1 switches on core 0)
2026-07-25 02:26:20.897 8 INFO neutron.services.segments.plugin [-] Segment f9e8aee3-a02d-48da-a136-3a36004a0ef9 resource provider aggregate not found
2026-07-25 02:26:20.906 8 INFO neutron.services.segments.plugin [-] Segment f9e8aee3-a02d-48da-a136-3a36004a0ef9 resource provider aggregate not found [pid: 7|app: 0|req: 747/1487] 10.0.0.151 () {28 vars in 579 bytes} [Sat Jul 25 02:26:20 2026] GET /v2.0/ports => generated 12032 bytes in 81 msecs (HTTP/1.1 200) 4 headers in 159 bytes (1 switches on core 0)
2026-07-25 02:26:20.917 8 INFO neutron.services.segments.plugin [-] Client error retrieving segment f9e8aee3-a02d-48da-a136-3a36004a0ef9 resource provider; error: Placement Client Error (4xx): {"errors": [{"status": 404, "title": "Not Found", "detail": "The resource could not be found.\n\n No resource provider with uuid f9e8aee3-a02d-48da-a136-3a36004a0ef9 found for delete ", "request_id": "req-93e9a044-b095-4e9c-9179-71b0eba1ad31"}]}
2026-07-25 02:26:20.928 8 INFO neutron.services.segments.plugin [-] Client error retrieving segment f9e8aee3-a02d-48da-a136-3a36004a0ef9 resource provider; error: Placement Client Error (4xx): {"errors": [{"status": 404, "title": "Not Found", "detail": "The resource could not be found.\n\n No resource provider with uuid f9e8aee3-a02d-48da-a136-3a36004a0ef9 found for delete ", "request_id": "req-d957ab74-3857-4208-a590-fbac40dc2b63"}]} [pid: 8|app: 0|req: 741/1488] 10.0.0.10 () {32 vars in 725 bytes} [Sat Jul 25 02:26:20 2026] DELETE /v2.0/networks/6a61defc-b52a-40e4-9cb5-4ff4d6a7997b => generated 0 bytes in 539 msecs (HTTP/1.1 204) 3 headers in 131 bytes (1 switches on core 0)
2026-07-25 02:26:20.959 8 INFO neutron.pecan_wsgi.hooks.translation [None req-aface528-17ea-409e-9007-bb65fb39a734 d3e5c0808537433c897942e04b783b55 faf4a5966c5c405595023b3bb8c3584c - - default default] DELETE failed (client error): The resource could not be found. [pid: 8|app: 0|req: 742/1489] 10.0.0.10 () {32 vars in 719 bytes} [Sat Jul 25 02:26:20 2026] DELETE /v2.0/ports/ec8eab45-d2a6-4a32-a155-8cfd3ec799a8 => generated 132 bytes in 18 msecs (HTTP/1.1 404) 4 headers in 164 bytes (1 switches on core 0) [pid: 7|app: 0|req: 748/1490] 199.204.45.116 () {34 vars in 986 bytes} [Sat Jul 25 02:26:20 2026] GET /v2.0/networks?id=37031715-48b9-47de-9ec5-c4b04d9e4534 => generated 676 bytes in 54 msecs (HTTP/1.1 200) 4 headers in 157 bytes (1 switches on core 0) [pid: 8|app: 0|req: 743/1491] 10.0.0.151 () {28 vars in 591 bytes} [Sat Jul 25 02:26:20 2026] GET /v2.0/floatingips => generated 555 bytes in 20 msecs (HTTP/1.1 200) 4 headers in 157 bytes (1 switches on core 0)
2026-07-25 02:26:20.997 8 INFO neutron.pecan_wsgi.hooks.translation [None req-a40302fd-c50a-4690-b7fe-e6544696b203 d3e5c0808537433c897942e04b783b55 faf4a5966c5c405595023b3bb8c3584c - - default default] GET failed (client error): The resource could not be found. [pid: 8|app: 0|req: 744/1492] 10.0.0.10 () {32 vars in 716 bytes} [Sat Jul 25 02:26:20 2026] GET /v2.0/ports/ec8eab45-d2a6-4a32-a155-8cfd3ec799a8 => generated 132 bytes in 16 msecs (HTTP/1.1 404) 4 headers in 164 bytes (1 switches on core 0) [pid: 8|app: 0|req: 745/1493] 199.204.45.116 () {34 vars in 1050 bytes} [Sat Jul 25 02:26:20 2026] GET /v2.0/security-groups?fields=id&fields=name&tenant_id=f9671daecfdb4e0b95b8e2bc1b69d0a3 => generated 180 bytes in 33 msecs (HTTP/1.1 200) 4 headers in 157 bytes (1 switches on core 0) [pid: 8|app: 0|req: 746/1494] 10.0.0.151 () {28 vars in 599 bytes} [Sat Jul 25 02:26:21 2026] GET /v2.0/security-groups => generated 28974 bytes in 36 msecs (HTTP/1.1 200) 4 headers in 159 bytes (1 switches on core 0)
2026-07-25 02:26:21.072 7 INFO neutron.db.segments_db [None req-68ec24a3-a032-41cc-84d4-389b63bb56f0 ccaec21c60864f57baa2b035c5f27235 da8ab24122ff4ce3b4f58d11ed402dad - - default default] Added segment 7af1140c-0bcf-4e62-88a9-30390f8bcda6 of type geneve for network 3da55d5a-f045-427b-88f1-7c294fc046a7
2026-07-25 02:26:21.186 7 INFO neutron.db.ovn_revision_numbers_db [None req-68ec24a3-a032-41cc-84d4-389b63bb56f0 ccaec21c60864f57baa2b035c5f27235 da8ab24122ff4ce3b4f58d11ed402dad - - default default] Successfully bumped revision number for resource 3da55d5a-f045-427b-88f1-7c294fc046a7 (type: networks) to 1 [pid: 8|app: 0|req: 747/1495] 10.0.0.10 () {32 vars in 723 bytes} [Sat Jul 25 02:26:21 2026] DELETE /v2.0/subnets/cee54498-d686-48f8-94d7-7ad26726637a => generated 0 bytes in 128 msecs (HTTP/1.1 204) 3 headers in 131 bytes (1 switches on core 0)
2026-07-25 02:26:21.362 7 WARNING neutron.scheduler.dhcp_agent_scheduler [None req-68ec24a3-a032-41cc-84d4-389b63bb56f0 ccaec21c60864f57baa2b035c5f27235 da8ab24122ff4ce3b4f58d11ed402dad - - default default] No more DHCP agents
2026-07-25 02:26:21.363 7 WARNING neutron.api.rpc.agentnotifiers.dhcp_rpc_agent_api [None req-68ec24a3-a032-41cc-84d4-389b63bb56f0 ccaec21c60864f57baa2b035c5f27235 da8ab24122ff4ce3b4f58d11ed402dad - - default default] Unable to schedule network 3da55d5a-f045-427b-88f1-7c294fc046a7: no agents available; will retry on subsequent port and subnet creation events.
2026-07-25 02:26:21.401 8 INFO neutron.plugins.ml2.drivers.ovn.mech_driver.mech_driver [None req-f68142b2-f23c-42c7-bd00-8a73ac10ef05 - - - - - -] OVN reports status down for port: 230e3941-59bc-40ff-93fc-ff5b240b6beb
2026-07-25 02:26:21.429 7 INFO neutron.db.ovn_revision_numbers_db [None req-68ec24a3-a032-41cc-84d4-389b63bb56f0 ccaec21c60864f57baa2b035c5f27235 da8ab24122ff4ce3b4f58d11ed402dad - - default default] Successfully bumped revision number for resource 230e3941-59bc-40ff-93fc-ff5b240b6beb (type: ports) to 1 [pid: 7|app: 0|req: 749/1496] 10.0.0.10 () {34 vars in 669 bytes} [Sat Jul 25 02:26:20 2026] POST /v2.0/networks => generated 730 bytes in 480 msecs (HTTP/1.1 201) 4 headers in 162 bytes (1 switches on core 0) [pid: 7|app: 0|req: 750/1497] 10.0.0.151 () {28 vars in 583 bytes} [Sat Jul 25 02:26:21 2026] GET /v2.0/subnets => generated 1989 bytes in 37 msecs (HTTP/1.1 200) 4 headers in 158 bytes (1 switches on core 0)
2026-07-25 02:26:21.512 8 WARNING neutron.scheduler.dhcp_agent_scheduler [req-dd28ecbc-2daf-4b3a-8e28-e87acf24b8fb req-b344bb51-babf-4e6a-8685-ae06874cc4c1 2acc1ad4123b4fe3a01fe3d1f9de71ef f9671daecfdb4e0b95b8e2bc1b69d0a3 - - default default] No more DHCP agents
2026-07-25 02:26:21.516 8 WARNING neutron.api.rpc.agentnotifiers.dhcp_rpc_agent_api [req-dd28ecbc-2daf-4b3a-8e28-e87acf24b8fb req-b344bb51-babf-4e6a-8685-ae06874cc4c1 2acc1ad4123b4fe3a01fe3d1f9de71ef f9671daecfdb4e0b95b8e2bc1b69d0a3 - - default default] Unable to schedule network 37031715-48b9-47de-9ec5-c4b04d9e4534: no agents available; will retry on subsequent port and subnet creation events.
