2026-07-25 02:27:20.425 8 INFO neutron_taas.services.taas.taas_plugin [None req-9329dbaa-7647-4c23-8ec5-567583964fea 54f0523665e04d4a9cb3d01bb979ec9d 650b3bf8ba6943b6b9abce5090e25fdd - - default default] TaaS: Handle Delete Port: 48004efa-7ce4-469e-ae4d-67de9f9f7346
2026-07-25 02:27:20.428 8 INFO neutron_taas.services.taas.tap_mirror_plugin [None req-9329dbaa-7647-4c23-8ec5-567583964fea 54f0523665e04d4a9cb3d01bb979ec9d 650b3bf8ba6943b6b9abce5090e25fdd - - default default] Tap Mirror: Handle Delete Port: 48004efa-7ce4-469e-ae4d-67de9f9f7346 [pid: 7|app: 0|req: 1004/2006] 10.0.0.151 () {28 vars in 583 bytes} [Sat Jul 25 02:27:20 2026] GET /v2.0/routers => generated 15 bytes in 13 msecs (HTTP/1.1 200) 4 headers in 156 bytes (1 switches on core 0) [pid: 7|app: 0|req: 1005/2007] 10.0.0.10 () {34 vars in 752 bytes} [Sat Jul 25 02:27:20 2026] PUT /v2.0/networks/05469d3a-979e-41f8-a336-2429fef8454d/tags => generated 25 bytes in 86 msecs (HTTP/1.1 200) 4 headers in 156 bytes (1 switches on core 0)
2026-07-25 02:27:20.653 8 INFO neutron.services.segments.plugin [-] Segment 9bc6eaca-8ef1-49db-8fa5-2634f742876e resource provider aggregate not found
2026-07-25 02:27:20.662 8 INFO neutron.services.segments.plugin [-] Segment 9bc6eaca-8ef1-49db-8fa5-2634f742876e resource provider aggregate not found
2026-07-25 02:27:20.678 8 INFO neutron.services.segments.plugin [-] Client error retrieving segment 9bc6eaca-8ef1-49db-8fa5-2634f742876e resource provider; error: Placement Client Error (4xx): {"errors": [{"status": 404, "title": "Not Found", "detail": "The resource could not be found.\n\n No resource provider with uuid 9bc6eaca-8ef1-49db-8fa5-2634f742876e found for delete ", "request_id": "req-6ed0d8ef-f2a2-451e-bc30-2b867110e195"}]}
2026-07-25 02:27:20.682 8 INFO neutron.services.segments.plugin [-] Client error retrieving segment 9bc6eaca-8ef1-49db-8fa5-2634f742876e resource provider; error: Placement Client Error (4xx): {"errors": [{"status": 404, "title": "Not Found", "detail": "The resource could not be found.\n\n No resource provider with uuid 9bc6eaca-8ef1-49db-8fa5-2634f742876e found for delete ", "request_id": "req-183f187a-e73e-49bb-aa95-3ee99e366ef2"}]} [pid: 8|app: 0|req: 1003/2008] 10.0.0.10 () {32 vars in 725 bytes} [Sat Jul 25 02:27:20 2026] DELETE /v2.0/networks/37031715-48b9-47de-9ec5-c4b04d9e4534 => generated 0 bytes in 391 msecs (HTTP/1.1 204) 3 headers in 131 bytes (1 switches on core 0) [pid: 8|app: 0|req: 1004/2009] 10.0.0.151 () {28 vars in 624 bytes} [Sat Jul 25 02:27:20 2026] GET /v2.0/agents?binary=ovn-controller => generated 416 bytes in 9 msecs (HTTP/1.1 200) 4 headers in 157 bytes (1 switches on core 0)
2026-07-25 02:27:20.731 7 WARNING neutron.scheduler.dhcp_agent_scheduler [None req-03aa1fad-5e69-4dec-8faf-455648f7868e 4337b71931cd49aea646b8ca47afa460 39d6eaaf45d44188a8cae6a7215fec41 - - default default] No more DHCP agents
2026-07-25 02:27:20.733 7 WARNING neutron.api.rpc.agentnotifiers.dhcp_rpc_agent_api [None req-03aa1fad-5e69-4dec-8faf-455648f7868e 4337b71931cd49aea646b8ca47afa460 39d6eaaf45d44188a8cae6a7215fec41 - - default default] Unable to schedule network 0c5081d7-23af-482f-b7cf-3f362577e3a9: no agents available; will retry on subsequent port and subnet creation events.
2026-07-25 02:27:20.758 7 INFO neutron.db.ovn_revision_numbers_db [None req-03aa1fad-5e69-4dec-8faf-455648f7868e 4337b71931cd49aea646b8ca47afa460 39d6eaaf45d44188a8cae6a7215fec41 - - default default] Successfully bumped revision number for resource 61f28e6a-61b8-482a-9ffa-381e7b124ea3 (type: subnets) to 0 [pid: 8|app: 0|req: 1005/2010] 10.0.0.10 () {32 vars in 732 bytes} [Sat Jul 25 02:27:20 2026] GET /v2.0/networks/05469d3a-979e-41f8-a336-2429fef8454d/tags => generated 25 bytes in 49 msecs (HTTP/1.1 200) 4 headers in 156 bytes (1 switches on core 0) [pid: 8|app: 0|req: 1006/2011] 10.0.0.151 () {28 vars in 581 bytes} [Sat Jul 25 02:27:20 2026] GET /v2.0/agents => generated 1214 bytes in 10 msecs (HTTP/1.1 200) 4 headers in 158 bytes (1 switches on core 0) [pid: 7|app: 0|req: 1006/2012] 10.0.0.10 () {34 vars in 668 bytes} [Sat Jul 25 02:27:20 2026] POST /v2.0/subnets => generated 732 bytes in 258 msecs (HTTP/1.1 201) 4 headers in 162 bytes (1 switches on core 0) [pid: 7|app: 0|req: 1007/2013] 10.0.0.151 () {28 vars in 619 bytes} [Sat Jul 25 02:27:20 2026] GET /v2.0/network-ip-availabilities => generated 2336 bytes in 20 msecs (HTTP/1.1 200) 4 headers in 158 bytes (1 switches on core 0) [pid: 8|app: 0|req: 1007/2014] 10.0.0.10 () {34 vars in 752 bytes} [Sat Jul 25 02:27:20 2026] PUT /v2.0/networks/8835e5c7-e9f6-4286-b17a-597a351a9721/tags => generated 17 bytes in 52 msecs (HTTP/1.1 200) 4 headers in 156 bytes (1 switches on core 0) [pid: 8|app: 0|req: 1008/2015] 10.0.0.10 () {32 vars in 773 bytes} [Sat Jul 25 02:27:20 2026] GET /v2.0/security-groups?tenant_id=f9671daecfdb4e0b95b8e2bc1b69d0a3&name=default => generated 2925 bytes in 27 msecs (HTTP/1.1 200) 4 headers in 158 bytes (1 switches on core 0)
2026-07-25 02:27:20.878 7 INFO neutron.db.segments_db [None req-9177de92-aef7-457b-b91c-6abe90457fb3 4337b71931cd49aea646b8ca47afa460 39d6eaaf45d44188a8cae6a7215fec41 - - default default] Added segment 3a98eb2e-7a63-4f0e-8592-e983cf1be482 of type geneve for network 30c367b8-8bb2-4ddf-a83f-ea9721b8b2cb [pid: 8|app: 0|req: 1009/2016] 10.0.0.151 () {28 vars in 591 bytes} [Sat Jul 25 02:27:20 2026] GET /v2.0/floatingips => generated 19 bytes in 30 msecs (HTTP/1.1 200) 4 headers in 156 bytes (1 switches on core 0) [pid: 8|app: 0|req: 1010/2017] 10.0.0.10 () {32 vars in 732 bytes} [Sat Jul 25 02:27:20 2026] GET /v2.0/networks/8835e5c7-e9f6-4286-b17a-597a351a9721/tags => generated 17 bytes in 58 msecs (HTTP/1.1 200) 4 headers in 156 bytes (1 switches on core 0)
2026-07-25 02:27:21.005 7 INFO neutron.db.ovn_revision_numbers_db [None req-9177de92-aef7-457b-b91c-6abe90457fb3 4337b71931cd49aea646b8ca47afa460 39d6eaaf45d44188a8cae6a7215fec41 - - default default] Successfully bumped revision number for resource 30c367b8-8bb2-4ddf-a83f-ea9721b8b2cb (type: networks) to 1
2026-07-25 02:27:21.176 7 WARNING neutron.scheduler.dhcp_agent_scheduler [None req-9177de92-aef7-457b-b91c-6abe90457fb3 4337b71931cd49aea646b8ca47afa460 39d6eaaf45d44188a8cae6a7215fec41 - - default default] No more DHCP agents
2026-07-25 02:27:21.178 7 WARNING neutron.api.rpc.agentnotifiers.dhcp_rpc_agent_api [None req-9177de92-aef7-457b-b91c-6abe90457fb3 4337b71931cd49aea646b8ca47afa460 39d6eaaf45d44188a8cae6a7215fec41 - - default default] Unable to schedule network 30c367b8-8bb2-4ddf-a83f-ea9721b8b2cb: no agents available; will retry on subsequent port and subnet creation events. [pid: 8|app: 0|req: 1011/2018] 10.0.0.10 () {32 vars in 739 bytes} [Sat Jul 25 02:27:20 2026] DELETE /v2.0/security-groups/3f04e2c1-cfc7-4f95-a483-51b4147b5374 => generated 0 bytes in 239 msecs (HTTP/1.1 204) 2 headers in 112 bytes (1 switches on core 0) [pid: 8|app: 0|req: 1012/2019] 10.0.0.151 () {28 vars in 583 bytes} [Sat Jul 25 02:27:21 2026] GET /v2.0/subnets => generated 2713 bytes in 30 msecs (HTTP/1.1 200) 4 headers in 158 bytes (1 switches on core 0)
2026-07-25 02:27:21.215 7 INFO neutron.plugins.ml2.drivers.ovn.mech_driver.mech_driver [None req-56c1fb2b-9aba-41a5-8871-19440537c07d - - - - - -] OVN reports status down for port: bb83beff-234a-46bb-9bd9-34e0663589b0
2026-07-25 02:27:21.270 7 INFO neutron.db.ovn_revision_numbers_db [None req-9177de92-aef7-457b-b91c-6abe90457fb3 4337b71931cd49aea646b8ca47afa460 39d6eaaf45d44188a8cae6a7215fec41 - - default default] Successfully bumped revision number for resource bb83beff-234a-46bb-9bd9-34e0663589b0 (type: ports) to 1 [pid: 8|app: 0|req: 1013/2020] 10.0.0.10 () {34 vars in 752 bytes} [Sat Jul 25 02:27:21 2026] PUT /v2.0/networks/8835e5c7-e9f6-4286-b17a-597a351a9721/tags => generated 12 bytes in 65 msecs (HTTP/1.1 200) 4 headers in 156 bytes (1 switches on core 0) [pid: 8|app: 0|req: 1014/2021] 10.0.0.151 () {28 vars in 591 bytes} [Sat Jul 25 02:27:21 2026] GET /v2.0/subnetpools => generated 19 bytes in 7 msecs (HTTP/1.1 200) 4 headers in 156 bytes (1 switches on core 0) [pid: 7|app: 0|req: 1008/2022] 10.0.0.10 () {34 vars in 669 bytes} [Sat Jul 25 02:27:20 2026] POST /v2.0/networks => generated 638 bytes in 506 msecs (HTTP/1.1 201) 4 headers in 162 bytes (1 switches on core 0) [pid: 8|app: 0|req: 1015/2023] 10.0.0.10 () {32 vars in 732 bytes} [Sat Jul 25 02:27:21 2026] GET /v2.0/networks/8835e5c7-e9f6-4286-b17a-597a351a9721/tags => generated 12 bytes in 33 msecs (HTTP/1.1 200) 4 headers in 156 bytes (1 switches on core 0) [pid: 7|app: 0|req: 1009/2024] 10.0.0.151 () {28 vars in 599 bytes} [Sat Jul 25 02:27:21 2026] GET /v2.0/security-groups => generated 23205 bytes in 44 msecs (HTTP/1.1 200) 4 headers in 159 bytes (1 switches on core 0) [pid: 7|app: 0|req: 1010/2025] 10.0.0.10 () {32 vars in 732 bytes} [Sat Jul 25 02:27:21 2026] GET /v2.0/networks/05469d3a-979e-41f8-a336-2429fef8454d/tags => generated 25 bytes in 39 msecs (HTTP/1.1 200) 4 headers in 156 bytes (1 switches on core 0)
2026-07-25 02:27:21.484 8 WARNING neutron.scheduler.dhcp_agent_scheduler [None req-ae6d15e7-9fb6-4417-b4d7-7d73dbc96960 4337b71931cd49aea646b8ca47afa460 39d6eaaf45d44188a8cae6a7215fec41 - - default default] No more DHCP agents
2026-07-25 02:27:21.486 8 WARNING neutron.api.rpc.agentnotifiers.dhcp_rpc_agent_api [None req-ae6d15e7-9fb6-4417-b4d7-7d73dbc96960 4337b71931cd49aea646b8ca47afa460 39d6eaaf45d44188a8cae6a7215fec41 - - default default] Unable to schedule network 30c367b8-8bb2-4ddf-a83f-ea9721b8b2cb: no agents available; will retry on subsequent port and subnet creation events.
2026-07-25 02:27:21.525 7 INFO neutron_taas.services.taas.taas_plugin [None req-4b4e4dcb-df69-46ee-91f6-e4dc7921d565 3d24af026a1a4483bcb51cffc56c8e5a 263c009b76624783bbfb446e7ec5dadd - - default default] TaaS: Handle Delete Port: 4d72d5ca-2ec7-49a7-bd2d-7d4c1c6fe565
2026-07-25 02:27:21.528 7 INFO neutron_taas.services.taas.tap_mirror_plugin [None req-4b4e4dcb-df69-46ee-91f6-e4dc7921d565 3d24af026a1a4483bcb51cffc56c8e5a 263c009b76624783bbfb446e7ec5dadd - - default default] Tap Mirror: Handle Delete Port: 4d72d5ca-2ec7-49a7-bd2d-7d4c1c6fe565
2026-07-25 02:27:21.700 7 INFO neutron.services.segments.plugin [-] Segment 0f25cdcb-dff7-4060-946a-563a10735c67 resource provider aggregate not found
2026-07-25 02:27:21.704 7 INFO neutron.services.segments.plugin [-] Segment 0f25cdcb-dff7-4060-946a-563a10735c67 resource provider aggregate not found
2026-07-25 02:27:21.723 7 INFO neutron.services.segments.plugin [-] Client error retrieving segment 0f25cdcb-dff7-4060-946a-563a10735c67 resource provider; error: Placement Client Error (4xx): {"errors": [{"status": 404, "title": "Not Found", "detail": "The resource could not be found.\n\n No resource provider with uuid 0f25cdcb-dff7-4060-946a-563a10735c67 found for delete ", "request_id": "req-59d4ea6e-12a2-4934-b947-82b6e0d7aa45"}]}
2026-07-25 02:27:21.723 7 INFO neutron.services.segments.plugin [-] Client error retrieving segment 0f25cdcb-dff7-4060-946a-563a10735c67 resource provider; error: Placement Client Error (4xx): {"errors": [{"status": 404, "title": "Not Found", "detail": "The resource could not be found.\n\n No resource provider with uuid 0f25cdcb-dff7-4060-946a-563a10735c67 found for delete ", "request_id": "req-3d12f8ac-9760-47d6-8147-fa81e7c1aac5"}]} [pid: 7|app: 0|req: 1011/2026] 10.0.0.10 () {32 vars in 725 bytes} [Sat Jul 25 02:27:21 2026] DELETE /v2.0/networks/05469d3a-979e-41f8-a336-2429fef8454d => generated 0 bytes in 341 msecs (HTTP/1.1 204) 3 headers in 131 bytes (1 switches on core 0)
2026-07-25 02:27:21.917 8 INFO neutron.db.ovn_revision_numbers_db [None req-9c5eba21-0ccd-4126-ade0-096225e19964 - - - - - -] Successfully bumped revision number for resource bb83beff-234a-46bb-9bd9-34e0663589b0 (type: ports) to 2
2026-07-25 02:27:21.957 8 INFO neutron.db.ovn_revision_numbers_db [None req-9c5eba21-0ccd-4126-ade0-096225e19964 - - - - - -] Successfully bumped revision number for resource d74b6fa3-3a4c-48de-a8c4-3808e0f77396 (type: subnets) to 0
2026-07-25 02:27:21.969 7 INFO neutron.db.ovn_revision_numbers_db [None req-57ec8253-2e37-44fb-8a63-8bc63150d006 54f0523665e04d4a9cb3d01bb979ec9d 650b3bf8ba6943b6b9abce5090e25fdd - - default default] Successfully bumped revision number for resource c45c0b5b-ad44-4ba3-9500-b8bd30e616ff (type: security_groups) to 1 [pid: 8|app: 0|req: 1016/2027] 10.0.0.10 () {34 vars in 668 bytes} [Sat Jul 25 02:27:21 2026] POST /v2.0/subnets => generated 654 bytes in 658 msecs (HTTP/1.1 201) 4 headers in 162 bytes (1 switches on core 0)
2026-07-25 02:27:21.981 7 INFO neutron.db.ovn_revision_numbers_db [None req-57ec8253-2e37-44fb-8a63-8bc63150d006 54f0523665e04d4a9cb3d01bb979ec9d 650b3bf8ba6943b6b9abce5090e25fdd - - default default] Successfully bumped revision number for resource 4b0a473b-dee5-4988-b820-b9fc65059878 (type: security_group_rules) to 0
2026-07-25 02:27:21.992 7 INFO neutron.db.ovn_revision_numbers_db [None req-57ec8253-2e37-44fb-8a63-8bc63150d006 54f0523665e04d4a9cb3d01bb979ec9d 650b3bf8ba6943b6b9abce5090e25fdd - - default default] Successfully bumped revision number for resource d2ad882d-86ef-4765-9157-4ff1e4f9d3b8 (type: security_group_rules) to 0
2026-07-25 02:27:22.007 7 INFO neutron.db.ovn_revision_numbers_db [None req-57ec8253-2e37-44fb-8a63-8bc63150d006 54f0523665e04d4a9cb3d01bb979ec9d 650b3bf8ba6943b6b9abce5090e25fdd - - default default] Successfully bumped revision number for resource d4625719-fbce-4805-a982-c3786e3d44ae (type: security_group_rules) to 0
2026-07-25 02:27:22.018 7 INFO neutron.db.ovn_revision_numbers_db [None req-57ec8253-2e37-44fb-8a63-8bc63150d006 54f0523665e04d4a9cb3d01bb979ec9d 650b3bf8ba6943b6b9abce5090e25fdd - - default default] Successfully bumped revision number for resource e91830c5-79e8-43d3-924a-5150959b0ee2 (type: security_group_rules) to 0
2026-07-25 02:27:22.088 8 INFO neutron_taas.services.taas.taas_plugin [None req-f871fa4a-bd8a-4e58-be2d-07db6f40c711 3d24af026a1a4483bcb51cffc56c8e5a 263c009b76624783bbfb446e7ec5dadd - - default default] TaaS: Handle Delete Port: 47bc7e36-ff42-4227-84c7-27431f217f57
2026-07-25 02:27:22.091 8 INFO neutron_taas.services.taas.tap_mirror_plugin [None req-f871fa4a-bd8a-4e58-be2d-07db6f40c711 3d24af026a1a4483bcb51cffc56c8e5a 263c009b76624783bbfb446e7ec5dadd - - default default] Tap Mirror: Handle Delete Port: 47bc7e36-ff42-4227-84c7-27431f217f57
2026-07-25 02:27:22.093 7 INFO neutron.db.segments_db [None req-57ec8253-2e37-44fb-8a63-8bc63150d006 54f0523665e04d4a9cb3d01bb979ec9d 650b3bf8ba6943b6b9abce5090e25fdd - - default default] Added segment b1e51b28-2868-4ea6-9c13-738bef61703c of type geneve for network 830a3a4c-6c57-47c1-9b78-65ead3956fed
2026-07-25 02:27:22.212 7 INFO neutron.db.ovn_revision_numbers_db [None req-57ec8253-2e37-44fb-8a63-8bc63150d006 54f0523665e04d4a9cb3d01bb979ec9d 650b3bf8ba6943b6b9abce5090e25fdd - - default default] Successfully bumped revision number for resource 830a3a4c-6c57-47c1-9b78-65ead3956fed (type: networks) to 1 [pid: 8|app: 0|req: 1017/2028] 10.0.0.10 () {32 vars in 725 bytes} [Sat Jul 25 02:27:21 2026] DELETE /v2.0/networks/8835e5c7-e9f6-4286-b17a-597a351a9721 => generated 0 bytes in 276 msecs (HTTP/1.1 204) 3 headers in 131 bytes (1 switches on core 0)
2026-07-25 02:27:22.376 7 WARNING neutron.scheduler.dhcp_agent_scheduler [None req-57ec8253-2e37-44fb-8a63-8bc63150d006 54f0523665e04d4a9cb3d01bb979ec9d 650b3bf8ba6943b6b9abce5090e25fdd - - default default] No more DHCP agents
2026-07-25 02:27:22.377 7 WARNING neutron.api.rpc.agentnotifiers.dhcp_rpc_agent_api [None req-57ec8253-2e37-44fb-8a63-8bc63150d006 54f0523665e04d4a9cb3d01bb979ec9d 650b3bf8ba6943b6b9abce5090e25fdd - - default default] Unable to schedule network 830a3a4c-6c57-47c1-9b78-65ead3956fed: no agents available; will retry on subsequent port and subnet creation events.
2026-07-25 02:27:22.427 8 INFO neutron.plugins.ml2.drivers.ovn.mech_driver.mech_driver [None req-9b0d4e4e-273d-4f34-9b9b-1a9acd7955c9 - - - - - -] OVN reports status down for port: 34d35782-397e-4bfe-9f58-7e1f080c26e0
2026-07-25 02:27:22.450 7 INFO neutron.db.ovn_revision_numbers_db [None req-57ec8253-2e37-44fb-8a63-8bc63150d006 54f0523665e04d4a9cb3d01bb979ec9d 650b3bf8ba6943b6b9abce5090e25fdd - - default default] Successfully bumped revision number for resource 34d35782-397e-4bfe-9f58-7e1f080c26e0 (type: ports) to 1
2026-07-25 02:27:22.459 8 WARNING neutron.scheduler.dhcp_agent_scheduler [None req-10c30055-878d-45dd-ba25-55be4082d1ee 4337b71931cd49aea646b8ca47afa460 39d6eaaf45d44188a8cae6a7215fec41 - - default default] No more DHCP agents
2026-07-25 02:27:22.463 8 WARNING neutron.api.rpc.agentnotifiers.dhcp_rpc_agent_api [None req-10c30055-878d-45dd-ba25-55be4082d1ee 4337b71931cd49aea646b8ca47afa460 39d6eaaf45d44188a8cae6a7215fec41 - - default default] Unable to schedule network 30c367b8-8bb2-4ddf-a83f-ea9721b8b2cb: no agents available; will retry on subsequent port and subnet creation events. [pid: 7|app: 0|req: 1012/2031] 10.0.0.10 () {34 vars in 670 bytes} [Sat Jul 25 02:27:21 2026] POST /v2.0/networks => generated 743 bytes in 738 msecs (HTTP/1.1 201) 4 headers in 162 bytes (1 switches on core 0)
2026-07-25 02:27:22.521 8 INFO neutron.db.ovn_revision_numbers_db [None req-10c30055-878d-45dd-ba25-55be4082d1ee 4337b71931cd49aea646b8ca47afa460 39d6eaaf45d44188a8cae6a7215fec41 - - default default] Successfully bumped revision number for resource 2a38a4e5-0987-48a1-891e-a7f0ccd405a3 (type: subnets) to 0 [pid: 8|app: 0|req: 1020/2032] 10.0.0.10 () {34 vars in 668 bytes} [Sat Jul 25 02:27:22 2026] POST /v2.0/subnets => generated 725 bytes in 296 msecs (HTTP/1.1 201) 4 headers in 162 bytes (1 switches on core 0)
2026-07-25 02:27:22.629 7 WARNING neutron.scheduler.dhcp_agent_scheduler [None req-42f1468b-feb7-4580-b59e-71cd2098ab25 54f0523665e04d4a9cb3d01bb979ec9d 650b3bf8ba6943b6b9abce5090e25fdd - - default default] No more DHCP agents
2026-07-25 02:27:22.631 7 WARNING neutron.api.rpc.agentnotifiers.dhcp_rpc_agent_api [None req-42f1468b-feb7-4580-b59e-71cd2098ab25 54f0523665e04d4a9cb3d01bb979ec9d 650b3bf8ba6943b6b9abce5090e25fdd - - default default] Unable to schedule network 830a3a4c-6c57-47c1-9b78-65ead3956fed: no agents available; will retry on subsequent port and subnet creation events.
2026-07-25 02:27:22.644 8 INFO neutron.db.segments_db [None req-dc34a4f3-687e-47a4-bfd8-628fe668890e 4337b71931cd49aea646b8ca47afa460 39d6eaaf45d44188a8cae6a7215fec41 - - default default] Added segment d936e972-da82-4943-9456-5a4e3dc14bbe of type geneve for network 783a53a9-93ed-4eb3-a67a-8ad292e849eb
2026-07-25 02:27:22.709 8 INFO neutron.services.segments.plugin [-] Segment 5074578e-1bc8-4738-8e80-26becfe90433 resource provider aggregate not found
2026-07-25 02:27:22.725 8 INFO neutron.services.segments.plugin [-] Segment 5074578e-1bc8-4738-8e80-26becfe90433 resource provider aggregate not found
2026-07-25 02:27:22.742 8 INFO neutron.services.segments.plugin [-] Client error retrieving segment 5074578e-1bc8-4738-8e80-26becfe90433 resource provider; error: Placement Client Error (4xx): {"errors": [{"status": 404, "title": "Not Found", "detail": "The resource could not be found.\n\n No resource provider with uuid 5074578e-1bc8-4738-8e80-26becfe90433 found for delete ", "request_id": "req-ae6f4919-f7a3-4e3b-b253-cdf4de8a9046"}]}
2026-07-25 02:27:22.750 8 INFO neutron.services.segments.plugin [-] Client error retrieving segment 5074578e-1bc8-4738-8e80-26becfe90433 resource provider; error: Placement Client Error (4xx): {"errors": [{"status": 404, "title": "Not Found", "detail": "The resource could not be found.\n\n No resource provider with uuid 5074578e-1bc8-4738-8e80-26becfe90433 found for delete ", "request_id": "req-888e67c6-ca13-455b-8a88-9877c481e76e"}]}
2026-07-25 02:27:22.787 8 INFO neutron.db.ovn_revision_numbers_db [None req-dc34a4f3-687e-47a4-bfd8-628fe668890e 4337b71931cd49aea646b8ca47afa460 39d6eaaf45d44188a8cae6a7215fec41 - - default default] Successfully bumped revision number for resource 783a53a9-93ed-4eb3-a67a-8ad292e849eb (type: networks) to 1
2026-07-25 02:27:22.955 8 WARNING neutron.scheduler.dhcp_agent_scheduler [None req-dc34a4f3-687e-47a4-bfd8-628fe668890e 4337b71931cd49aea646b8ca47afa460 39d6eaaf45d44188a8cae6a7215fec41 - - default default] No more DHCP agents
2026-07-25 02:27:22.956 8 WARNING neutron.api.rpc.agentnotifiers.dhcp_rpc_agent_api [None req-dc34a4f3-687e-47a4-bfd8-628fe668890e 4337b71931cd49aea646b8ca47afa460 39d6eaaf45d44188a8cae6a7215fec41 - - default default] Unable to schedule network 783a53a9-93ed-4eb3-a67a-8ad292e849eb: no agents available; will retry on subsequent port and subnet creation events.
2026-07-25 02:27:23.011 7 INFO neutron.plugins.ml2.drivers.ovn.mech_driver.mech_driver [None req-56c1fb2b-9aba-41a5-8871-19440537c07d - - - - - -] OVN reports status down for port: 7f05820f-0d50-44ab-b267-fd0e2e5c8f4e
2026-07-25 02:27:23.036 8 INFO neutron.db.ovn_revision_numbers_db [None req-dc34a4f3-687e-47a4-bfd8-628fe668890e 4337b71931cd49aea646b8ca47afa460 39d6eaaf45d44188a8cae6a7215fec41 - - default default] Successfully bumped revision number for resource 7f05820f-0d50-44ab-b267-fd0e2e5c8f4e (type: ports) to 1 [pid: 8|app: 0|req: 1021/2033] 10.0.0.10 () {34 vars in 669 bytes} [Sat Jul 25 02:27:22 2026] POST /v2.0/networks => generated 637 bytes in 502 msecs (HTTP/1.1 201) 4 headers in 162 bytes (1 switches on core 0)
2026-07-25 02:27:23.133 7 INFO neutron.db.ovn_revision_numbers_db [None req-3e91eccf-0fc1-4db7-bdb7-cceba6b66190 - - - - - -] Successfully bumped revision number for resource 34d35782-397e-4bfe-9f58-7e1f080c26e0 (type: ports) to 2
2026-07-25 02:27:23.171 7 INFO neutron.db.ovn_revision_numbers_db [None req-3e91eccf-0fc1-4db7-bdb7-cceba6b66190 - - - - - -] Successfully bumped revision number for resource 811d4847-933b-4c67-bc4f-79a1a056a4e9 (type: subnets) to 0 [pid: 7|app: 0|req: 1013/2034] 10.0.0.10 () {34 vars in 668 bytes} [Sat Jul 25 02:27:22 2026] POST /v2.0/subnets => generated 688 bytes in 706 msecs (HTTP/1.1 201) 4 headers in 162 bytes (1 switches on core 0)
2026-07-25 02:27:23.367 7 WARNING neutron.scheduler.dhcp_agent_scheduler [None req-20bd0f44-6e10-4ecd-8cce-6569be9643f5 4337b71931cd49aea646b8ca47afa460 39d6eaaf45d44188a8cae6a7215fec41 - - default default] No more DHCP agents
2026-07-25 02:27:23.368 7 WARNING neutron.api.rpc.agentnotifiers.dhcp_rpc_agent_api [None req-20bd0f44-6e10-4ecd-8cce-6569be9643f5 4337b71931cd49aea646b8ca47afa460 39d6eaaf45d44188a8cae6a7215fec41 - - default default] Unable to schedule network 783a53a9-93ed-4eb3-a67a-8ad292e849eb: no agents available; will retry on subsequent port and subnet creation events.
2026-07-25 02:27:23.435 8 INFO neutron.db.ovn_revision_numbers_db [None req-ae4a0c8b-2a86-4c24-af7f-5d81c3b7dafc 54f0523665e04d4a9cb3d01bb979ec9d 650b3bf8ba6943b6b9abce5090e25fdd - - default default] Successfully bumped revision number for resource a7e6cabb-fde6-4fc8-8504-5a51e05604dc (type: security_groups) to 1
2026-07-25 02:27:23.451 8 INFO neutron.db.ovn_revision_numbers_db [None req-ae4a0c8b-2a86-4c24-af7f-5d81c3b7dafc 54f0523665e04d4a9cb3d01bb979ec9d 650b3bf8ba6943b6b9abce5090e25fdd - - default default] Successfully bumped revision number for resource 6312f8ed-c6b9-4490-ba51-b67ecfadf32f (type: security_group_rules) to 0
2026-07-25 02:27:23.464 8 INFO neutron.db.ovn_revision_numbers_db [None req-ae4a0c8b-2a86-4c24-af7f-5d81c3b7dafc 54f0523665e04d4a9cb3d01bb979ec9d 650b3bf8ba6943b6b9abce5090e25fdd - - default default] Successfully bumped revision number for resource 768173ac-9bc3-4f5a-87a4-971635d733bb (type: security_group_rules) to 0
2026-07-25 02:27:23.486 8 INFO neutron.db.ovn_revision_numbers_db [None req-ae4a0c8b-2a86-4c24-af7f-5d81c3b7dafc 54f0523665e04d4a9cb3d01bb979ec9d 650b3bf8ba6943b6b9abce5090e25fdd - - default default] Successfully bumped revision number for resource a12c5a85-a0d1-4630-82f5-0245aa1a2f62 (type: security_group_rules) to 0
2026-07-25 02:27:23.506 8 INFO neutron.db.ovn_revision_numbers_db [None req-ae4a0c8b-2a86-4c24-af7f-5d81c3b7dafc 54f0523665e04d4a9cb3d01bb979ec9d 650b3bf8ba6943b6b9abce5090e25fdd - - default default] Successfully bumped revision number for resource f167a494-d1f5-4188-b78b-2ae03756983b (type: security_group_rules) to 0 [pid: 8|app: 0|req: 1022/2035] 10.0.0.10 () {32 vars in 773 bytes} [Sat Jul 25 02:27:23 2026] GET /v2.0/security-groups?tenant_id=0099bb01702d4436b5658da48a2be7d4&name=default => generated 2925 bytes in 482 msecs (HTTP/1.1 200) 4 headers in 158 bytes (1 switches on core 0)
2026-07-25 02:27:23.809 7 INFO neutron.db.ovn_revision_numbers_db [None req-5aecb247-1b0b-4379-b725-c8ce38ab0cbb - - - - - -] Successfully bumped revision number for resource 7f05820f-0d50-44ab-b267-fd0e2e5c8f4e (type: ports) to 2
2026-07-25 02:27:23.841 7 INFO neutron.db.ovn_revision_numbers_db [None req-5aecb247-1b0b-4379-b725-c8ce38ab0cbb - - - - - -] Successfully bumped revision number for resource 2183c83f-9168-4199-8646-e1dd48699d63 (type: subnets) to 0 [pid: 7|app: 0|req: 1014/2036] 10.0.0.10 () {34 vars in 668 bytes} [Sat Jul 25 02:27:23 2026] POST /v2.0/subnets => generated 656 bytes in 668 msecs (HTTP/1.1 201) 4 headers in 162 bytes (1 switches on core 0) [pid: 7|app: 0|req: 1015/2037] 10.0.0.10 () {32 vars in 739 bytes} [Sat Jul 25 02:27:23 2026] DELETE /v2.0/security-groups/a7e6cabb-fde6-4fc8-8504-5a51e05604dc => generated 0 bytes in 207 msecs (HTTP/1.1 204) 2 headers in 112 bytes (1 switches on core 0)
2026-07-25 02:27:24.251 7 WARNING neutron.scheduler.dhcp_agent_scheduler [None req-74878235-a7bf-4d9b-ae3e-a0fea0db54f6 4337b71931cd49aea646b8ca47afa460 39d6eaaf45d44188a8cae6a7215fec41 - - default default] No more DHCP agents
2026-07-25 02:27:24.253 7 WARNING neutron.api.rpc.agentnotifiers.dhcp_rpc_agent_api [None req-74878235-a7bf-4d9b-ae3e-a0fea0db54f6 4337b71931cd49aea646b8ca47afa460 39d6eaaf45d44188a8cae6a7215fec41 - - default default] Unable to schedule network 783a53a9-93ed-4eb3-a67a-8ad292e849eb: no agents available; will retry on subsequent port and subnet creation events.
2026-07-25 02:27:24.278 7 INFO neutron.db.ovn_revision_numbers_db [None req-74878235-a7bf-4d9b-ae3e-a0fea0db54f6 4337b71931cd49aea646b8ca47afa460 39d6eaaf45d44188a8cae6a7215fec41 - - default default] Successfully bumped revision number for resource 105fdb28-993c-4e0b-a53c-c901dded97c9 (type: subnets) to 0 [pid: 7|app: 0|req: 1016/2038] 10.0.0.10 () {34 vars in 668 bytes} [Sat Jul 25 02:27:24 2026] POST /v2.0/subnets => generated 730 bytes in 227 msecs (HTTP/1.1 201) 4 headers in 162 bytes (1 switches on core 0) [pid: 7|app: 0|req: 1017/2039] 10.0.0.10 () {32 vars in 773 bytes} [Sat Jul 25 02:27:24 2026] GET /v2.0/security-groups?tenant_id=263c009b76624783bbfb446e7ec5dadd&name=default => generated 2925 bytes in 33 msecs (HTTP/1.1 200) 4 headers in 158 bytes (1 switches on core 0)
2026-07-25 02:27:24.366 8 WARNING neutron.scheduler.dhcp_agent_scheduler [None req-807f3575-a96b-49e9-bf2b-cebc9c354a73 54f0523665e04d4a9cb3d01bb979ec9d 650b3bf8ba6943b6b9abce5090e25fdd - - default default] No more DHCP agents
2026-07-25 02:27:24.368 8 WARNING neutron.api.rpc.agentnotifiers.dhcp_rpc_agent_api [None req-807f3575-a96b-49e9-bf2b-cebc9c354a73 54f0523665e04d4a9cb3d01bb979ec9d 650b3bf8ba6943b6b9abce5090e25fdd - - default default] Unable to schedule network 9e2cf4c7-6bbb-4210-a0f3-c2e7f3f9bb8d: no agents available; will retry on subsequent port and subnet creation events.
2026-07-25 02:27:24.485 7 INFO neutron.plugins.ml2.drivers.ovn.mech_driver.mech_driver [None req-56c1fb2b-9aba-41a5-8871-19440537c07d - - - - - -] OVN reports status down for port: 10aadaa7-81aa-41ce-9f06-4cd2c52c8c58
2026-07-25 02:27:24.510 8 INFO neutron.db.ovn_revision_numbers_db [None req-807f3575-a96b-49e9-bf2b-cebc9c354a73 54f0523665e04d4a9cb3d01bb979ec9d 650b3bf8ba6943b6b9abce5090e25fdd - - default default] Successfully bumped revision number for resource 10aadaa7-81aa-41ce-9f06-4cd2c52c8c58 (type: ports) to 1
2026-07-25 02:27:24.812 7 WARNING neutron.scheduler.dhcp_agent_scheduler [None req-8ab14ca4-f473-4143-a1cc-cce707f3b7a3 4337b71931cd49aea646b8ca47afa460 39d6eaaf45d44188a8cae6a7215fec41 - - default default] No more DHCP agents
2026-07-25 02:27:24.814 7 WARNING neutron.api.rpc.agentnotifiers.dhcp_rpc_agent_api [None req-8ab14ca4-f473-4143-a1cc-cce707f3b7a3 4337b71931cd49aea646b8ca47afa460 39d6eaaf45d44188a8cae6a7215fec41 - - default default] Unable to schedule network 9e2cf4c7-6bbb-4210-a0f3-c2e7f3f9bb8d: no agents available; will retry on subsequent port and subnet creation events.
2026-07-25 02:27:24.901 8 INFO neutron.plugins.ml2.drivers.ovn.mech_driver.mech_driver [None req-9b0d4e4e-273d-4f34-9b9b-1a9acd7955c9 - - - - - -] OVN reports status down for port: f78e4350-9846-4624-bd86-bf629a2704d0
2026-07-25 02:27:24.934 7 INFO neutron.db.ovn_revision_numbers_db [None req-8ab14ca4-f473-4143-a1cc-cce707f3b7a3 4337b71931cd49aea646b8ca47afa460 39d6eaaf45d44188a8cae6a7215fec41 - - default default] Successfully bumped revision number for resource f78e4350-9846-4624-bd86-bf629a2704d0 (type: ports) to 1
2026-07-25 02:27:25.156 8 INFO neutron.plugins.ml2.drivers.ovn.mech_driver.ovsdb.commands [None req-29d37469-5ed8-48fe-9e5f-ffa7c6bff338 - - - - - -] Schedule LRP lrp-10aadaa7-81aa-41ce-9f06-4cd2c52c8c58 on gateway 9463955c-6a56-47c5-920e-60f317512287 with priority 1
2026-07-25 02:27:25.185 7 INFO neutron.plugins.ml2.drivers.ovn.mech_driver.mech_driver [None req-56c1fb2b-9aba-41a5-8871-19440537c07d - - - - - -] OVN reports status up for port: 10aadaa7-81aa-41ce-9f06-4cd2c52c8c58
2026-07-25 02:27:25.185 8 INFO neutron.plugins.ml2.drivers.ovn.mech_driver.ovsdb.ovsdb_monitor [None req-210de54b-7a7d-4c57-8cd4-d31c1de2a85b - - - - - -] Router 94d138bb-1f91-4805-8b12-48c49a75d58e is bound to host instance
2026-07-25 02:27:25.210 7 INFO neutron.plugins.ml2.plugin [None req-56c1fb2b-9aba-41a5-8871-19440537c07d - - - - - -] Attempt 1 to provision port 10aadaa7-81aa-41ce-9f06-4cd2c52c8c58
2026-07-25 02:27:25.242 8 INFO neutron.db.ovn_revision_numbers_db [None req-807f3575-a96b-49e9-bf2b-cebc9c354a73 54f0523665e04d4a9cb3d01bb979ec9d 650b3bf8ba6943b6b9abce5090e25fdd - - default default] Successfully bumped revision number for resource 10aadaa7-81aa-41ce-9f06-4cd2c52c8c58 (type: router_ports) to 1
2026-07-25 02:27:25.353 8 INFO neutron.db.ovn_revision_numbers_db [None req-807f3575-a96b-49e9-bf2b-cebc9c354a73 54f0523665e04d4a9cb3d01bb979ec9d 650b3bf8ba6943b6b9abce5090e25fdd - - default default] Successfully bumped revision number for resource 94d138bb-1f91-4805-8b12-48c49a75d58e (type: routers) to 2 [pid: 8|app: 0|req: 1023/2040] 10.0.0.10 () {34 vars in 668 bytes} [Sat Jul 25 02:27:23 2026] POST /v2.0/routers => generated 966 bytes in 1837 msecs (HTTP/1.1 201) 4 headers in 162 bytes (1 switches on core 0)
2026-07-25 02:27:25.613 7 INFO neutron.plugins.ml2.drivers.ovn.mech_driver.ovsdb.commands [None req-d5afe6b4-50ef-4b3c-86bd-b2a3ce1e7e18 - - - - - -] Schedule LRP lrp-f78e4350-9846-4624-bd86-bf629a2704d0 on gateway 9463955c-6a56-47c5-920e-60f317512287 with priority 1
2026-07-25 02:27:25.639 8 INFO neutron.plugins.ml2.drivers.ovn.mech_driver.mech_driver [None req-9b0d4e4e-273d-4f34-9b9b-1a9acd7955c9 - - - - - -] OVN reports status up for port: f78e4350-9846-4624-bd86-bf629a2704d0
2026-07-25 02:27:25.639 7 INFO neutron.plugins.ml2.drivers.ovn.mech_driver.ovsdb.ovsdb_monitor [None req-06d6c3c5-40ca-4069-86b7-93aedec9dd1b - - - - - -] Router a4f7ef3e-8329-4ea1-9b6d-48137b5fd586 is bound to host instance
2026-07-25 02:27:25.676 8 INFO neutron.plugins.ml2.plugin [None req-9b0d4e4e-273d-4f34-9b9b-1a9acd7955c9 - - - - - -] Attempt 1 to provision port f78e4350-9846-4624-bd86-bf629a2704d0
2026-07-25 02:27:25.697 7 INFO neutron.db.ovn_revision_numbers_db [None req-8ab14ca4-f473-4143-a1cc-cce707f3b7a3 4337b71931cd49aea646b8ca47afa460 39d6eaaf45d44188a8cae6a7215fec41 - - default default] Successfully bumped revision number for resource f78e4350-9846-4624-bd86-bf629a2704d0 (type: router_ports) to 1
2026-07-25 02:27:25.823 7 INFO neutron.db.ovn_revision_numbers_db [None req-8ab14ca4-f473-4143-a1cc-cce707f3b7a3 4337b71931cd49aea646b8ca47afa460 39d6eaaf45d44188a8cae6a7215fec41 - - default default] Successfully bumped revision number for resource a4f7ef3e-8329-4ea1-9b6d-48137b5fd586 (type: routers) to 2 [pid: 7|app: 0|req: 1018/2041] 10.0.0.10 () {34 vars in 668 bytes} [Sat Jul 25 02:27:24 2026] POST /v2.0/routers => generated 944 bytes in 1535 msecs (HTTP/1.1 201) 4 headers in 162 bytes (1 switches on core 0) [pid: 8|app: 0|req: 1024/2042] 10.0.0.10 () {32 vars in 739 bytes} [Sat Jul 25 02:27:25 2026] DELETE /v2.0/security-groups/5b005bf2-4896-477f-9efc-261879921a16 => generated 0 bytes in 514 msecs (HTTP/1.1 204) 2 headers in 112 bytes (1 switches on core 0)
2026-07-25 02:27:26.264 7 INFO neutron.db.ovn_revision_numbers_db [None req-2aabe6ca-c1ab-42e4-b21c-4264175ad52c 54f0523665e04d4a9cb3d01bb979ec9d 650b3bf8ba6943b6b9abce5090e25fdd - - default default] Successfully bumped revision number for resource 51724b0b-533d-498b-9cc8-8fa1071bf035 (type: security_groups) to 1
2026-07-25 02:27:26.285 7 INFO neutron.db.ovn_revision_numbers_db [None req-2aabe6ca-c1ab-42e4-b21c-4264175ad52c 54f0523665e04d4a9cb3d01bb979ec9d 650b3bf8ba6943b6b9abce5090e25fdd - - default default] Successfully bumped revision number for resource 69f20188-e9cb-4f74-85af-b83372a3ca98 (type: security_group_rules) to 0
2026-07-25 02:27:26.307 7 INFO neutron.db.ovn_revision_numbers_db [None req-2aabe6ca-c1ab-42e4-b21c-4264175ad52c 54f0523665e04d4a9cb3d01bb979ec9d 650b3bf8ba6943b6b9abce5090e25fdd - - default default] Successfully bumped revision number for resource 6cc82794-a92f-49ec-a37a-6b2343ee1a32 (type: security_group_rules) to 0
2026-07-25 02:27:26.340 7 INFO neutron.db.ovn_revision_numbers_db [None req-2aabe6ca-c1ab-42e4-b21c-4264175ad52c 54f0523665e04d4a9cb3d01bb979ec9d 650b3bf8ba6943b6b9abce5090e25fdd - - default default] Successfully bumped revision number for resource 84c71367-db51-4a92-90d5-ec41685b4113 (type: security_group_rules) to 0
2026-07-25 02:27:26.360 7 INFO neutron.db.ovn_revision_numbers_db [None req-2aabe6ca-c1ab-42e4-b21c-4264175ad52c 54f0523665e04d4a9cb3d01bb979ec9d 650b3bf8ba6943b6b9abce5090e25fdd - - default default] Successfully bumped revision number for resource f32d5590-2f83-4b4c-91dc-aa6f60f8f2e1 (type: security_group_rules) to 0 [pid: 7|app: 0|req: 1019/2043] 10.0.0.10 () {32 vars in 773 bytes} [Sat Jul 25 02:27:25 2026] GET /v2.0/security-groups?tenant_id=4e7b598adecf4f7f98828d1679efdbac&name=default => generated 2925 bytes in 568 msecs (HTTP/1.1 200) 4 headers in 158 bytes (1 switches on core 0)
2026-07-25 02:27:26.724 8 INFO neutron.db.ovn_revision_numbers_db [None req-9635e406-8ac9-4757-9689-11cf77a04757 - - - - - -] Successfully bumped revision number for resource 10aadaa7-81aa-41ce-9f06-4cd2c52c8c58 (type: ports) to 4
2026-07-25 02:27:26.738 8 WARNING neutron.scheduler.dhcp_agent_scheduler [None req-45f188ac-564f-4852-80ab-ca36666c158c 54f0523665e04d4a9cb3d01bb979ec9d 650b3bf8ba6943b6b9abce5090e25fdd - - default default] No more DHCP agents
2026-07-25 02:27:26.739 8 WARNING neutron.api.rpc.agentnotifiers.dhcp_rpc_agent_api [None req-45f188ac-564f-4852-80ab-ca36666c158c 54f0523665e04d4a9cb3d01bb979ec9d 650b3bf8ba6943b6b9abce5090e25fdd - - default default] Unable to schedule network 830a3a4c-6c57-47c1-9b78-65ead3956fed: no agents available; will retry on subsequent port and subnet creation events.
2026-07-25 02:27:26.977 8 INFO neutron.db.ovn_revision_numbers_db [None req-45f188ac-564f-4852-80ab-ca36666c158c 54f0523665e04d4a9cb3d01bb979ec9d 650b3bf8ba6943b6b9abce5090e25fdd - - default default] Successfully bumped revision number for resource 079a6719-2319-48a3-8b5e-c8e96f9fcca2 (type: ports) to 1
2026-07-25 02:27:27.014 7 INFO neutron.db.ovn_revision_numbers_db [None req-d8288810-a431-402b-95d5-b15e519580a9 - - - - - -] Successfully bumped revision number for resource f78e4350-9846-4624-bd86-bf629a2704d0 (type: ports) to 4
2026-07-25 02:27:27.288 8 INFO neutron.db.ovn_revision_numbers_db [None req-9635e406-8ac9-4757-9689-11cf77a04757 - - - - - -] Successfully bumped revision number for resource 10aadaa7-81aa-41ce-9f06-4cd2c52c8c58 (type: ports) to 5
2026-07-25 02:27:27.423 7 WARNING neutron.scheduler.dhcp_agent_scheduler [None req-df0d896a-c24c-45aa-a585-692dd8ce5fb6 4337b71931cd49aea646b8ca47afa460 39d6eaaf45d44188a8cae6a7215fec41 - - default default] No more DHCP agents
2026-07-25 02:27:27.433 7 WARNING neutron.api.rpc.agentnotifiers.dhcp_rpc_agent_api [None req-df0d896a-c24c-45aa-a585-692dd8ce5fb6 4337b71931cd49aea646b8ca47afa460 39d6eaaf45d44188a8cae6a7215fec41 - - default default] Unable to schedule network 0c5081d7-23af-482f-b7cf-3f362577e3a9: no agents available; will retry on subsequent port and subnet creation events.
2026-07-25 02:27:27.527 7 INFO neutron.plugins.ml2.drivers.ovn.mech_driver.mech_driver [None req-56c1fb2b-9aba-41a5-8871-19440537c07d - - - - - -] OVN reports status down for port: 079a6719-2319-48a3-8b5e-c8e96f9fcca2
2026-07-25 02:27:27.705 7 INFO neutron.db.ovn_revision_numbers_db [None req-d8288810-a431-402b-95d5-b15e519580a9 - - - - - -] Successfully bumped revision number for resource f78e4350-9846-4624-bd86-bf629a2704d0 (type: ports) to 5
2026-07-25 02:27:27.733 7 INFO neutron.plugins.ml2.drivers.ovn.mech_driver.mech_driver [None req-56c1fb2b-9aba-41a5-8871-19440537c07d - - - - - -] OVN reports status down for port: be950a9f-797b-4605-bf88-c6699f1a0ffd
2026-07-25 02:27:27.827 8 WARNING neutron.scheduler.dhcp_agent_scheduler [None req-45f188ac-564f-4852-80ab-ca36666c158c 54f0523665e04d4a9cb3d01bb979ec9d 650b3bf8ba6943b6b9abce5090e25fdd - - default default] No more DHCP agents
2026-07-25 02:27:27.828 8 WARNING neutron.api.rpc.agentnotifiers.dhcp_rpc_agent_api [None req-45f188ac-564f-4852-80ab-ca36666c158c 54f0523665e04d4a9cb3d01bb979ec9d 650b3bf8ba6943b6b9abce5090e25fdd - - default default] Unable to schedule network 830a3a4c-6c57-47c1-9b78-65ead3956fed: no agents available; will retry on subsequent port and subnet creation events.
2026-07-25 02:27:27.844 7 INFO neutron.db.ovn_revision_numbers_db [None req-df0d896a-c24c-45aa-a585-692dd8ce5fb6 4337b71931cd49aea646b8ca47afa460 39d6eaaf45d44188a8cae6a7215fec41 - - default default] Successfully bumped revision number for resource be950a9f-797b-4605-bf88-c6699f1a0ffd (type: ports) to 1
2026-07-25 02:27:27.936 7 INFO neutron.plugins.ml2.drivers.ovn.mech_driver.mech_driver [None req-56c1fb2b-9aba-41a5-8871-19440537c07d - - - - - -] OVN reports status up for port: 079a6719-2319-48a3-8b5e-c8e96f9fcca2
2026-07-25 02:27:27.961 7 INFO neutron.plugins.ml2.plugin [None req-56c1fb2b-9aba-41a5-8871-19440537c07d - - - - - -] Attempt 1 to provision port 079a6719-2319-48a3-8b5e-c8e96f9fcca2
2026-07-25 02:27:28.278 8 INFO neutron.db.ovn_revision_numbers_db [None req-45f188ac-564f-4852-80ab-ca36666c158c 54f0523665e04d4a9cb3d01bb979ec9d 650b3bf8ba6943b6b9abce5090e25fdd - - default default] Successfully bumped revision number for resource 079a6719-2319-48a3-8b5e-c8e96f9fcca2 (type: router_ports) to 1 [pid: 8|app: 0|req: 1025/2044] 10.0.0.10 () {34 vars in 782 bytes} [Sat Jul 25 02:27:25 2026] PUT /v2.0/routers/94d138bb-1f91-4805-8b12-48c49a75d58e/add_router_interface => generated 309 bytes in 2387 msecs (HTTP/1.1 200) 4 headers in 157 bytes (1 switches on core 0) [pid: 8|app: 0|req: 1026/2045] 10.0.0.10 () {32 vars in 739 bytes} [Sat Jul 25 02:27:28 2026] DELETE /v2.0/security-groups/51724b0b-533d-498b-9cc8-8fa1071bf035 => generated 0 bytes in 215 msecs (HTTP/1.1 204) 2 headers in 112 bytes (1 switches on core 0)
2026-07-25 02:27:28.754 8 INFO neutron.db.ovn_revision_numbers_db [None req-06c9762d-6620-4b76-862e-1364e889caf3 54f0523665e04d4a9cb3d01bb979ec9d 650b3bf8ba6943b6b9abce5090e25fdd - - default default] Successfully bumped revision number for resource 16a5e0b8-1960-4b86-8631-908a1289c86f (type: security_groups) to 1
2026-07-25 02:27:28.774 8 INFO neutron.db.ovn_revision_numbers_db [None req-06c9762d-6620-4b76-862e-1364e889caf3 54f0523665e04d4a9cb3d01bb979ec9d 650b3bf8ba6943b6b9abce5090e25fdd - - default default] Successfully bumped revision number for resource 8113f076-0cb1-41b9-9c7c-fc882dd1df4f (type: security_group_rules) to 0
2026-07-25 02:27:28.794 8 INFO neutron.db.ovn_revision_numbers_db [None req-06c9762d-6620-4b76-862e-1364e889caf3 54f0523665e04d4a9cb3d01bb979ec9d 650b3bf8ba6943b6b9abce5090e25fdd - - default default] Successfully bumped revision number for resource c796c684-5fdb-4ed0-a9d1-3300c8045234 (type: security_group_rules) to 0
2026-07-25 02:27:28.809 8 INFO neutron.db.ovn_revision_numbers_db [None req-06c9762d-6620-4b76-862e-1364e889caf3 54f0523665e04d4a9cb3d01bb979ec9d 650b3bf8ba6943b6b9abce5090e25fdd - - default default] Successfully bumped revision number for resource ef8b38c3-65f6-4db1-97a9-c53437efe3fe (type: security_group_rules) to 0
2026-07-25 02:27:28.826 8 INFO neutron.db.ovn_revision_numbers_db [None req-06c9762d-6620-4b76-862e-1364e889caf3 54f0523665e04d4a9cb3d01bb979ec9d 650b3bf8ba6943b6b9abce5090e25fdd - - default default] Successfully bumped revision number for resource f6319215-841c-4eb9-a88c-e278e9847a82 (type: security_group_rules) to 0
2026-07-25 02:27:28.857 7 INFO neutron.db.ovn_revision_numbers_db [None req-56c1fb2b-9aba-41a5-8871-19440537c07d - - - - - -] Successfully bumped revision number for resource 079a6719-2319-48a3-8b5e-c8e96f9fcca2 (type: ports) to 2 [pid: 8|app: 0|req: 1027/2046] 10.0.0.10 () {32 vars in 773 bytes} [Sat Jul 25 02:27:28 2026] GET /v2.0/security-groups?tenant_id=a6eeac5436ab402daf897d68c65664aa&name=default => generated 2925 bytes in 236 msecs (HTTP/1.1 200) 4 headers in 158 bytes (1 switches on core 0) [pid: 8|app: 0|req: 1028/2047] 10.0.0.10 () {32 vars in 739 bytes} [Sat Jul 25 02:27:28 2026] DELETE /v2.0/security-groups/16a5e0b8-1960-4b86-8631-908a1289c86f => generated 0 bytes in 228 msecs (HTTP/1.1 204) 2 headers in 112 bytes (1 switches on core 0)
2026-07-25 02:27:29.172 7 INFO neutron.db.ovn_revision_numbers_db [None req-cbf9a3a9-4119-4609-a139-41844a993e1a - - - - - -] Successfully bumped revision number for resource 079a6719-2319-48a3-8b5e-c8e96f9fcca2 (type: router_ports) to 2
2026-07-25 02:27:29.242 7 INFO neutron.plugins.ml2.drivers.ovn.mech_driver.mech_driver [None req-cbf9a3a9-4119-4609-a139-41844a993e1a - - - - - -] OVN reports status up for port: be950a9f-797b-4605-bf88-c6699f1a0ffd
2026-07-25 02:27:29.257 7 WARNING neutron.scheduler.dhcp_agent_scheduler [None req-df0d896a-c24c-45aa-a585-692dd8ce5fb6 4337b71931cd49aea646b8ca47afa460 39d6eaaf45d44188a8cae6a7215fec41 - - default default] No more DHCP agents
2026-07-25 02:27:29.258 7 INFO neutron.plugins.ml2.plugin [None req-cbf9a3a9-4119-4609-a139-41844a993e1a - - - - - -] Attempt 1 to provision port be950a9f-797b-4605-bf88-c6699f1a0ffd
2026-07-25 02:27:29.259 7 WARNING neutron.api.rpc.agentnotifiers.dhcp_rpc_agent_api [None req-df0d896a-c24c-45aa-a585-692dd8ce5fb6 4337b71931cd49aea646b8ca47afa460 39d6eaaf45d44188a8cae6a7215fec41 - - default default] Unable to schedule network 0c5081d7-23af-482f-b7cf-3f362577e3a9: no agents available; will retry on subsequent port and subnet creation events.
2026-07-25 02:27:29.436 8 INFO neutron.db.ovn_revision_numbers_db [None req-432ddc0e-ff3c-48ea-b593-03302fd2d2bc ba7e1002818c4ecca890dcc15f3af790 5fc3b8b35a224c54a9b160f31ac05024 - - default default] Successfully bumped revision number for resource 243f35e5-bbfa-4484-9592-766a5a4d78ff (type: security_groups) to 1
2026-07-25 02:27:29.451 8 INFO neutron.db.ovn_revision_numbers_db [None req-432ddc0e-ff3c-48ea-b593-03302fd2d2bc ba7e1002818c4ecca890dcc15f3af790 5fc3b8b35a224c54a9b160f31ac05024 - - default default] Successfully bumped revision number for resource a6bfdcab-6b94-49d1-8ed3-142eee042a8a (type: security_group_rules) to 0
2026-07-25 02:27:29.472 8 INFO neutron.db.ovn_revision_numbers_db [None req-432ddc0e-ff3c-48ea-b593-03302fd2d2bc ba7e1002818c4ecca890dcc15f3af790 5fc3b8b35a224c54a9b160f31ac05024 - - default default] Successfully bumped revision number for resource b7856eb9-979c-465a-b5f5-8239b709f9a7 (type: security_group_rules) to 0
2026-07-25 02:27:29.490 8 INFO neutron.db.ovn_revision_numbers_db [None req-432ddc0e-ff3c-48ea-b593-03302fd2d2bc ba7e1002818c4ecca890dcc15f3af790 5fc3b8b35a224c54a9b160f31ac05024 - - default default] Successfully bumped revision number for resource d0c8a843-dfc0-496b-b985-b303d25425d5 (type: security_group_rules) to 0
2026-07-25 02:27:29.503 8 INFO neutron.db.ovn_revision_numbers_db [None req-432ddc0e-ff3c-48ea-b593-03302fd2d2bc ba7e1002818c4ecca890dcc15f3af790 5fc3b8b35a224c54a9b160f31ac05024 - - default default] Successfully bumped revision number for resource ec20b7b0-c613-4f9c-8bc2-57fc9cd6035d (type: security_group_rules) to 0
2026-07-25 02:27:29.592 8 INFO neutron.db.segments_db [None req-432ddc0e-ff3c-48ea-b593-03302fd2d2bc ba7e1002818c4ecca890dcc15f3af790 5fc3b8b35a224c54a9b160f31ac05024 - - default default] Added segment 6091dcd2-42c9-4a04-a686-84645fc67405 of type geneve for network 45d97bc0-1406-4a3e-8cad-322af3e71613
2026-07-25 02:27:29.691 8 INFO neutron.db.ovn_revision_numbers_db [None req-432ddc0e-ff3c-48ea-b593-03302fd2d2bc ba7e1002818c4ecca890dcc15f3af790 5fc3b8b35a224c54a9b160f31ac05024 - - default default] Successfully bumped revision number for resource 45d97bc0-1406-4a3e-8cad-322af3e71613 (type: networks) to 1
2026-07-25 02:27:29.868 8 WARNING neutron.scheduler.dhcp_agent_scheduler [None req-432ddc0e-ff3c-48ea-b593-03302fd2d2bc ba7e1002818c4ecca890dcc15f3af790 5fc3b8b35a224c54a9b160f31ac05024 - - default default] No more DHCP agents
2026-07-25 02:27:29.873 8 WARNING neutron.api.rpc.agentnotifiers.dhcp_rpc_agent_api [None req-432ddc0e-ff3c-48ea-b593-03302fd2d2bc ba7e1002818c4ecca890dcc15f3af790 5fc3b8b35a224c54a9b160f31ac05024 - - default default] Unable to schedule network 45d97bc0-1406-4a3e-8cad-322af3e71613: no agents available; will retry on subsequent port and subnet creation events.
2026-07-25 02:27:29.919 7 INFO neutron.db.ovn_revision_numbers_db [None req-cbf9a3a9-4119-4609-a139-41844a993e1a - - - - - -] Successfully bumped revision number for resource be950a9f-797b-4605-bf88-c6699f1a0ffd (type: ports) to 2
2026-07-25 02:27:29.969 8 INFO neutron.db.ovn_revision_numbers_db [None req-432ddc0e-ff3c-48ea-b593-03302fd2d2bc ba7e1002818c4ecca890dcc15f3af790 5fc3b8b35a224c54a9b160f31ac05024 - - default default] Successfully bumped revision number for resource 5063c732-754d-4b13-8ab8-0b554e81327c (type: ports) to 1 [pid: 8|app: 0|req: 1029/2048] 10.0.0.10 () {34 vars in 669 bytes} [Sat Jul 25 02:27:29 2026] POST /v2.0/networks => generated 626 bytes in 888 msecs (HTTP/1.1 201) 4 headers in 162 bytes (1 switches on core 0)
2026-07-25 02:27:30.064 7 INFO neutron.db.ovn_revision_numbers_db [None req-df0d896a-c24c-45aa-a585-692dd8ce5fb6 4337b71931cd49aea646b8ca47afa460 39d6eaaf45d44188a8cae6a7215fec41 - - default default] Successfully bumped revision number for resource be950a9f-797b-4605-bf88-c6699f1a0ffd (type: router_ports) to 1 [pid: 7|app: 0|req: 1020/2049] 10.0.0.10 () {34 vars in 782 bytes} [Sat Jul 25 02:27:26 2026] PUT /v2.0/routers/a4f7ef3e-8329-4ea1-9b6d-48137b5fd586/add_router_interface => generated 309 bytes in 3641 msecs (HTTP/1.1 200) 4 headers in 157 bytes (1 switches on core 0)
2026-07-25 02:27:30.197 8 WARNING neutron.scheduler.dhcp_agent_scheduler [None req-7d01f4b9-c787-4b8e-9ab5-4da7e3d1a670 ba7e1002818c4ecca890dcc15f3af790 5fc3b8b35a224c54a9b160f31ac05024 - - default default] No more DHCP agents
2026-07-25 02:27:30.199 8 WARNING neutron.api.rpc.agentnotifiers.dhcp_rpc_agent_api [None req-7d01f4b9-c787-4b8e-9ab5-4da7e3d1a670 ba7e1002818c4ecca890dcc15f3af790 5fc3b8b35a224c54a9b160f31ac05024 - - default default] Unable to schedule network 45d97bc0-1406-4a3e-8cad-322af3e71613: no agents available; will retry on subsequent port and subnet creation events.
2026-07-25 02:27:30.258 7 INFO neutron.db.ovn_revision_numbers_db [None req-7154666b-1b2a-4a52-be8e-e1d26520c665 - - - - - -] Successfully bumped revision number for resource be950a9f-797b-4605-bf88-c6699f1a0ffd (type: router_ports) to 2
2026-07-25 02:27:30.259 7 INFO neutron.plugins.ml2.drivers.ovn.mech_driver.mech_driver [None req-7154666b-1b2a-4a52-be8e-e1d26520c665 - - - - - -] OVN reports status down for port: 5063c732-754d-4b13-8ab8-0b554e81327c
2026-07-25 02:27:30.620 8 INFO neutron.db.ovn_revision_numbers_db [None req-bedfc123-ded0-4805-81c6-f37dcaee03cb - - - - - -] Successfully bumped revision number for resource 5063c732-754d-4b13-8ab8-0b554e81327c (type: ports) to 2
2026-07-25 02:27:30.653 8 INFO neutron.db.ovn_revision_numbers_db [None req-bedfc123-ded0-4805-81c6-f37dcaee03cb - - - - - -] Successfully bumped revision number for resource 33320c6c-b881-4f5e-bd3a-e6b7e8d0c3f9 (type: subnets) to 0 [pid: 8|app: 0|req: 1030/2050] 10.0.0.10 () {34 vars in 668 bytes} [Sat Jul 25 02:27:30 2026] POST /v2.0/subnets => generated 626 bytes in 668 msecs (HTTP/1.1 201) 4 headers in 162 bytes (1 switches on core 0) [pid: 8|app: 0|req: 1031/2051] 10.0.0.42 () {34 vars in 981 bytes} [Sat Jul 25 02:27:30 2026] GET /v2.0/networks?id=830a3a4c-6c57-47c1-9b78-65ead3956fed => generated 673 bytes in 41 msecs (HTTP/1.1 200) 4 headers in 157 bytes (1 switches on core 0)
2026-07-25 02:27:30.738 7 WARNING neutron.scheduler.dhcp_agent_scheduler [None req-9be79f4d-eccb-43ec-bbd4-20d88e5fa624 4337b71931cd49aea646b8ca47afa460 39d6eaaf45d44188a8cae6a7215fec41 - - default default] No more DHCP agents
2026-07-25 02:27:30.740 7 WARNING neutron.api.rpc.agentnotifiers.dhcp_rpc_agent_api [None req-9be79f4d-eccb-43ec-bbd4-20d88e5fa624 4337b71931cd49aea646b8ca47afa460 39d6eaaf45d44188a8cae6a7215fec41 - - default default] Unable to schedule network 30c367b8-8bb2-4ddf-a83f-ea9721b8b2cb: no agents available; will retry on subsequent port and subnet creation events.
