2026-07-25 02:27:30.834 7 INFO neutron.plugins.ml2.drivers.ovn.mech_driver.mech_driver [None req-7154666b-1b2a-4a52-be8e-e1d26520c665 - - - - - -] OVN reports status down for port: 9d880d5d-28db-45ce-b195-b97a47e6a971
2026-07-25 02:27:30.889 7 INFO neutron.db.ovn_revision_numbers_db [None req-9be79f4d-eccb-43ec-bbd4-20d88e5fa624 4337b71931cd49aea646b8ca47afa460 39d6eaaf45d44188a8cae6a7215fec41 - - default default] Successfully bumped revision number for resource 9d880d5d-28db-45ce-b195-b97a47e6a971 (type: ports) to 1
2026-07-25 02:27:31.128 8 WARNING neutron.scheduler.dhcp_agent_scheduler [None req-bae13957-8fcf-43c3-8bd7-e1de23b9a82f ba7e1002818c4ecca890dcc15f3af790 5fc3b8b35a224c54a9b160f31ac05024 - - default default] No more DHCP agents
2026-07-25 02:27:31.129 8 WARNING neutron.api.rpc.agentnotifiers.dhcp_rpc_agent_api [None req-bae13957-8fcf-43c3-8bd7-e1de23b9a82f ba7e1002818c4ecca890dcc15f3af790 5fc3b8b35a224c54a9b160f31ac05024 - - default default] Unable to schedule network 9e2cf4c7-6bbb-4210-a0f3-c2e7f3f9bb8d: no agents available; will retry on subsequent port and subnet creation events.
2026-07-25 02:27:31.230 7 INFO neutron.plugins.ml2.drivers.ovn.mech_driver.mech_driver [None req-7154666b-1b2a-4a52-be8e-e1d26520c665 - - - - - -] OVN reports status down for port: 7cc34b7e-96bc-4cb9-8139-3b0aa47a8c79
2026-07-25 02:27:31.251 8 INFO neutron.db.ovn_revision_numbers_db [None req-bae13957-8fcf-43c3-8bd7-e1de23b9a82f ba7e1002818c4ecca890dcc15f3af790 5fc3b8b35a224c54a9b160f31ac05024 - - default default] Successfully bumped revision number for resource 7cc34b7e-96bc-4cb9-8139-3b0aa47a8c79 (type: ports) to 1
2026-07-25 02:27:31.656 7 INFO neutron.plugins.ml2.drivers.ovn.mech_driver.mech_driver [None req-7154666b-1b2a-4a52-be8e-e1d26520c665 - - - - - -] OVN reports status up for port: 9d880d5d-28db-45ce-b195-b97a47e6a971
2026-07-25 02:27:31.696 7 INFO neutron.plugins.ml2.plugin [None req-7154666b-1b2a-4a52-be8e-e1d26520c665 - - - - - -] Attempt 1 to provision port 9d880d5d-28db-45ce-b195-b97a47e6a971
2026-07-25 02:27:31.804 7 WARNING neutron.scheduler.dhcp_agent_scheduler [None req-9be79f4d-eccb-43ec-bbd4-20d88e5fa624 4337b71931cd49aea646b8ca47afa460 39d6eaaf45d44188a8cae6a7215fec41 - - default default] No more DHCP agents
2026-07-25 02:27:31.806 7 WARNING neutron.api.rpc.agentnotifiers.dhcp_rpc_agent_api [None req-9be79f4d-eccb-43ec-bbd4-20d88e5fa624 4337b71931cd49aea646b8ca47afa460 39d6eaaf45d44188a8cae6a7215fec41 - - default default] Unable to schedule network 30c367b8-8bb2-4ddf-a83f-ea9721b8b2cb: no agents available; will retry on subsequent port and subnet creation events.
2026-07-25 02:27:31.859 8 INFO neutron.plugins.ml2.drivers.ovn.mech_driver.ovsdb.commands [None req-29d37469-5ed8-48fe-9e5f-ffa7c6bff338 - - - - - -] Schedule LRP lrp-7cc34b7e-96bc-4cb9-8139-3b0aa47a8c79 on gateway 9463955c-6a56-47c5-920e-60f317512287 with priority 1
2026-07-25 02:27:31.903 8 INFO neutron.db.ovn_revision_numbers_db [None req-bae13957-8fcf-43c3-8bd7-e1de23b9a82f ba7e1002818c4ecca890dcc15f3af790 5fc3b8b35a224c54a9b160f31ac05024 - - default default] Successfully bumped revision number for resource 7cc34b7e-96bc-4cb9-8139-3b0aa47a8c79 (type: router_ports) to 1
2026-07-25 02:27:31.967 8 INFO neutron.db.ovn_revision_numbers_db [None req-bae13957-8fcf-43c3-8bd7-e1de23b9a82f ba7e1002818c4ecca890dcc15f3af790 5fc3b8b35a224c54a9b160f31ac05024 - - default default] Successfully bumped revision number for resource 8e0b119e-fc02-415e-b740-54f15457b215 (type: routers) to 2 [pid: 8|app: 0|req: 1032/2052] 10.0.0.10 () {34 vars in 668 bytes} [Sat Jul 25 02:27:30 2026] POST /v2.0/routers => generated 935 bytes in 1279 msecs (HTTP/1.1 201) 4 headers in 162 bytes (1 switches on core 0) [pid: 8|app: 0|req: 1033/2053] 10.0.0.42 () {34 vars in 964 bytes} [Sat Jul 25 02:27:31 2026] GET /v2.0/quotas/e8d0f04911e346b88728502bae958311 => generated 292 bytes in 13 msecs (HTTP/1.1 200) 4 headers in 157 bytes (1 switches on core 0)
2026-07-25 02:27:32.358 7 INFO neutron.db.ovn_revision_numbers_db [None req-7154666b-1b2a-4a52-be8e-e1d26520c665 - - - - - -] Successfully bumped revision number for resource 9d880d5d-28db-45ce-b195-b97a47e6a971 (type: ports) to 2
2026-07-25 02:27:32.480 8 WARNING neutron.scheduler.dhcp_agent_scheduler [None req-bdfd3809-26cc-4715-8256-f4540652f16e ba7e1002818c4ecca890dcc15f3af790 5fc3b8b35a224c54a9b160f31ac05024 - - default default] No more DHCP agents
2026-07-25 02:27:32.481 8 WARNING neutron.api.rpc.agentnotifiers.dhcp_rpc_agent_api [None req-bdfd3809-26cc-4715-8256-f4540652f16e ba7e1002818c4ecca890dcc15f3af790 5fc3b8b35a224c54a9b160f31ac05024 - - default default] Unable to schedule network 45d97bc0-1406-4a3e-8cad-322af3e71613: no agents available; will retry on subsequent port and subnet creation events.
2026-07-25 02:27:32.510 7 INFO neutron.db.ovn_revision_numbers_db [None req-9be79f4d-eccb-43ec-bbd4-20d88e5fa624 4337b71931cd49aea646b8ca47afa460 39d6eaaf45d44188a8cae6a7215fec41 - - default default] Successfully bumped revision number for resource 9d880d5d-28db-45ce-b195-b97a47e6a971 (type: router_ports) to 1
2026-07-25 02:27:32.524 7 INFO neutron.plugins.ml2.drivers.ovn.mech_driver.mech_driver [None req-03a225bf-de5a-413c-b45c-f6e38628ecc3 - - - - - -] OVN reports status up for port: 7cc34b7e-96bc-4cb9-8139-3b0aa47a8c79 [pid: 7|app: 0|req: 1021/2054] 10.0.0.10 () {34 vars in 782 bytes} [Sat Jul 25 02:27:30 2026] PUT /v2.0/routers/a4f7ef3e-8329-4ea1-9b6d-48137b5fd586/add_router_interface => generated 309 bytes in 2455 msecs (HTTP/1.1 200) 4 headers in 157 bytes (1 switches on core 0)
2026-07-25 02:27:32.559 7 INFO neutron.plugins.ml2.plugin [None req-03a225bf-de5a-413c-b45c-f6e38628ecc3 - - - - - -] Attempt 1 to provision port 7cc34b7e-96bc-4cb9-8139-3b0aa47a8c79
2026-07-25 02:27:32.643 8 INFO neutron.db.ovn_revision_numbers_db [None req-bdfd3809-26cc-4715-8256-f4540652f16e ba7e1002818c4ecca890dcc15f3af790 5fc3b8b35a224c54a9b160f31ac05024 - - default default] Successfully bumped revision number for resource afd3050c-c4f7-4575-ba7d-529b6e68efd9 (type: ports) to 1 [pid: 7|app: 0|req: 1022/2055] 10.0.0.42 () {34 vars in 1001 bytes} [Sat Jul 25 02:27:32 2026] GET /v2.0/ports?tenant_id=e8d0f04911e346b88728502bae958311&fields=id => generated 103 bytes in 139 msecs (HTTP/1.1 200) 4 headers in 157 bytes (1 switches on core 0)
2026-07-25 02:27:33.193 7 WARNING neutron.scheduler.dhcp_agent_scheduler [None req-201a2be4-4ab8-4e27-bb8d-5ac8a58e7c39 4337b71931cd49aea646b8ca47afa460 39d6eaaf45d44188a8cae6a7215fec41 - - default default] No more DHCP agents
2026-07-25 02:27:33.194 7 WARNING neutron.api.rpc.agentnotifiers.dhcp_rpc_agent_api [None req-201a2be4-4ab8-4e27-bb8d-5ac8a58e7c39 4337b71931cd49aea646b8ca47afa460 39d6eaaf45d44188a8cae6a7215fec41 - - default default] Unable to schedule network 783a53a9-93ed-4eb3-a67a-8ad292e849eb: no agents available; will retry on subsequent port and subnet creation events.
2026-07-25 02:27:33.343 8 WARNING neutron.scheduler.dhcp_agent_scheduler [None req-bdfd3809-26cc-4715-8256-f4540652f16e ba7e1002818c4ecca890dcc15f3af790 5fc3b8b35a224c54a9b160f31ac05024 - - default default] No more DHCP agents
2026-07-25 02:27:33.344 8 WARNING neutron.api.rpc.agentnotifiers.dhcp_rpc_agent_api [None req-bdfd3809-26cc-4715-8256-f4540652f16e ba7e1002818c4ecca890dcc15f3af790 5fc3b8b35a224c54a9b160f31ac05024 - - default default] Unable to schedule network 45d97bc0-1406-4a3e-8cad-322af3e71613: no agents available; will retry on subsequent port and subnet creation events.
2026-07-25 02:27:33.351 7 INFO neutron.db.ovn_revision_numbers_db [None req-201a2be4-4ab8-4e27-bb8d-5ac8a58e7c39 4337b71931cd49aea646b8ca47afa460 39d6eaaf45d44188a8cae6a7215fec41 - - default default] Successfully bumped revision number for resource b9a26b7c-3034-43fc-974f-979b2c78c7a1 (type: ports) to 1
2026-07-25 02:27:33.671 8 INFO neutron.db.ovn_revision_numbers_db [None req-bdfd3809-26cc-4715-8256-f4540652f16e ba7e1002818c4ecca890dcc15f3af790 5fc3b8b35a224c54a9b160f31ac05024 - - default default] Successfully bumped revision number for resource afd3050c-c4f7-4575-ba7d-529b6e68efd9 (type: router_ports) to 1 [pid: 8|app: 0|req: 1034/2056] 10.0.0.10 () {34 vars in 782 bytes} [Sat Jul 25 02:27:32 2026] PUT /v2.0/routers/8e0b119e-fc02-415e-b740-54f15457b215/add_router_interface => generated 309 bytes in 1674 msecs (HTTP/1.1 200) 4 headers in 157 bytes (1 switches on core 0) [pid: 8|app: 0|req: 1035/2057] 10.0.0.42 () {34 vars in 1007 bytes} [Sat Jul 25 02:27:33 2026] GET /v2.0/networks/830a3a4c-6c57-47c1-9b78-65ead3956fed?fields=segments => generated 14 bytes in 39 msecs (HTTP/1.1 200) 4 headers in 156 bytes (1 switches on core 0)
2026-07-25 02:27:34.007 8 INFO neutron.db.ovn_revision_numbers_db [None req-2e4422f7-0f82-4f3c-b705-0bd9aa447dfd 54f0523665e04d4a9cb3d01bb979ec9d 650b3bf8ba6943b6b9abce5090e25fdd - - default default] Successfully bumped revision number for resource d24de3b3-2f59-4f33-a69f-6013f71bd68c (type: security_groups) to 1
2026-07-25 02:27:34.019 8 INFO neutron.db.ovn_revision_numbers_db [None req-2e4422f7-0f82-4f3c-b705-0bd9aa447dfd 54f0523665e04d4a9cb3d01bb979ec9d 650b3bf8ba6943b6b9abce5090e25fdd - - default default] Successfully bumped revision number for resource 2022d1e5-5c12-4abe-80f2-453c9c22e9c1 (type: security_group_rules) to 0
2026-07-25 02:27:34.056 8 INFO neutron.db.ovn_revision_numbers_db [None req-2e4422f7-0f82-4f3c-b705-0bd9aa447dfd 54f0523665e04d4a9cb3d01bb979ec9d 650b3bf8ba6943b6b9abce5090e25fdd - - default default] Successfully bumped revision number for resource 46db4310-c035-4964-87e1-5e25f09e5ee5 (type: security_group_rules) to 0
2026-07-25 02:27:34.071 8 INFO neutron.db.ovn_revision_numbers_db [None req-2e4422f7-0f82-4f3c-b705-0bd9aa447dfd 54f0523665e04d4a9cb3d01bb979ec9d 650b3bf8ba6943b6b9abce5090e25fdd - - default default] Successfully bumped revision number for resource 7b9e725c-093e-4df9-a539-587056f1f348 (type: security_group_rules) to 0
2026-07-25 02:27:34.086 8 INFO neutron.db.ovn_revision_numbers_db [None req-2e4422f7-0f82-4f3c-b705-0bd9aa447dfd 54f0523665e04d4a9cb3d01bb979ec9d 650b3bf8ba6943b6b9abce5090e25fdd - - default default] Successfully bumped revision number for resource 9929e149-1685-4f58-9fb1-30a73db1c4e9 (type: security_group_rules) to 0 [pid: 8|app: 0|req: 1036/2058] 10.0.0.10 () {32 vars in 773 bytes} [Sat Jul 25 02:27:33 2026] GET /v2.0/security-groups?tenant_id=d2abd2853c1e4eba856f0e6a20c0c346&name=default => generated 2925 bytes in 408 msecs (HTTP/1.1 200) 4 headers in 158 bytes (1 switches on core 0)
2026-07-25 02:27:34.692 7 WARNING neutron.scheduler.dhcp_agent_scheduler [None req-201a2be4-4ab8-4e27-bb8d-5ac8a58e7c39 4337b71931cd49aea646b8ca47afa460 39d6eaaf45d44188a8cae6a7215fec41 - - default default] No more DHCP agents
2026-07-25 02:27:34.694 7 WARNING neutron.api.rpc.agentnotifiers.dhcp_rpc_agent_api [None req-201a2be4-4ab8-4e27-bb8d-5ac8a58e7c39 4337b71931cd49aea646b8ca47afa460 39d6eaaf45d44188a8cae6a7215fec41 - - default default] Unable to schedule network 783a53a9-93ed-4eb3-a67a-8ad292e849eb: no agents available; will retry on subsequent port and subnet creation events.
2026-07-25 02:27:34.785 8 WARNING neutron.scheduler.dhcp_agent_scheduler [None req-cd9ed67f-5604-401f-aa8e-b45ca0da9940 - - - - - -] No more DHCP agents
2026-07-25 02:27:34.786 8 WARNING neutron.api.rpc.agentnotifiers.dhcp_rpc_agent_api [None req-cd9ed67f-5604-401f-aa8e-b45ca0da9940 - - - - - -] Unable to schedule network 9e2cf4c7-6bbb-4210-a0f3-c2e7f3f9bb8d: no agents available; will retry on subsequent port and subnet creation events.
2026-07-25 02:27:34.922 8 INFO neutron.db.ovn_revision_numbers_db [None req-cd9ed67f-5604-401f-aa8e-b45ca0da9940 - - - - - -] Successfully bumped revision number for resource 5f164950-b7d3-4f94-9e41-960dd4619ca1 (type: ports) to 1
2026-07-25 02:27:35.108 7 INFO neutron.db.ovn_revision_numbers_db [None req-201a2be4-4ab8-4e27-bb8d-5ac8a58e7c39 4337b71931cd49aea646b8ca47afa460 39d6eaaf45d44188a8cae6a7215fec41 - - default default] Successfully bumped revision number for resource b9a26b7c-3034-43fc-974f-979b2c78c7a1 (type: router_ports) to 1 [pid: 7|app: 0|req: 1023/2059] 10.0.0.10 () {34 vars in 782 bytes} [Sat Jul 25 02:27:32 2026] PUT /v2.0/routers/a4f7ef3e-8329-4ea1-9b6d-48137b5fd586/add_router_interface => generated 309 bytes in 2441 msecs (HTTP/1.1 200) 4 headers in 157 bytes (1 switches on core 0) [pid: 7|app: 0|req: 1024/2060] 10.0.0.42 () {34 vars in 1107 bytes} [Sat Jul 25 02:27:35 2026] GET /v2.0/networks/830a3a4c-6c57-47c1-9b78-65ead3956fed?fields=provider%3Aphysical_network&fields=provider%3Anetwork_type => generated 79 bytes in 66 msecs (HTTP/1.1 200) 4 headers in 156 bytes (1 switches on core 0)
2026-07-25 02:27:35.181 8 INFO neutron.db.ovn_revision_numbers_db [None req-cd9ed67f-5604-401f-aa8e-b45ca0da9940 - - - - - -] Successfully bumped revision number for resource 5f164950-b7d3-4f94-9e41-960dd4619ca1 (type: ports) to 3
2026-07-25 02:27:35.246 8 INFO neutron.db.segments_db [None req-cd9ed67f-5604-401f-aa8e-b45ca0da9940 - - - - - -] Added segment 8fbefc96-cc05-4025-886e-92e426a98b09 of type geneve for network ee34e400-2488-4391-a48b-8c95092eb321
2026-07-25 02:27:35.371 8 INFO neutron.db.ovn_revision_numbers_db [None req-cb1dda22-9277-460e-87d6-eb9dc99caff1 - - - - - -] Successfully bumped revision number for resource ee34e400-2488-4391-a48b-8c95092eb321 (type: networks) to 1 [pid: 7|app: 0|req: 1025/2061] 10.0.0.10 () {32 vars in 739 bytes} [Sat Jul 25 02:27:35 2026] DELETE /v2.0/security-groups/d24de3b3-2f59-4f33-a69f-6013f71bd68c => generated 0 bytes in 276 msecs (HTTP/1.1 204) 2 headers in 112 bytes (1 switches on core 0)
2026-07-25 02:27:35.559 8 WARNING neutron.scheduler.dhcp_agent_scheduler [None req-cb1dda22-9277-460e-87d6-eb9dc99caff1 - - - - - -] No more DHCP agents
2026-07-25 02:27:35.561 8 WARNING neutron.api.rpc.agentnotifiers.dhcp_rpc_agent_api [None req-cb1dda22-9277-460e-87d6-eb9dc99caff1 - - - - - -] Unable to schedule network ee34e400-2488-4391-a48b-8c95092eb321: no agents available; will retry on subsequent port and subnet creation events.
2026-07-25 02:27:35.631 7 INFO neutron.db.ovn_revision_numbers_db [None req-5c72b63e-1a3a-447e-85bf-a1bf8e2c2fd5 4337b71931cd49aea646b8ca47afa460 39d6eaaf45d44188a8cae6a7215fec41 - - default default] Successfully bumped revision number for resource a33ef186-324c-4c08-a942-4c95ddc484c2 (type: security_groups) to 1
2026-07-25 02:27:35.641 7 INFO neutron.db.ovn_revision_numbers_db [None req-5c72b63e-1a3a-447e-85bf-a1bf8e2c2fd5 4337b71931cd49aea646b8ca47afa460 39d6eaaf45d44188a8cae6a7215fec41 - - default default] Successfully bumped revision number for resource 0bd726ce-ef98-4040-b005-4e54facc187b (type: security_group_rules) to 0
2026-07-25 02:27:35.646 8 INFO neutron.db.ovn_revision_numbers_db [None req-cb1dda22-9277-460e-87d6-eb9dc99caff1 - - - - - -] Successfully bumped revision number for resource 29777fbe-cc24-42ad-9b04-6917cc6d1d13 (type: ports) to 1
2026-07-25 02:27:35.652 7 INFO neutron.db.ovn_revision_numbers_db [None req-5c72b63e-1a3a-447e-85bf-a1bf8e2c2fd5 4337b71931cd49aea646b8ca47afa460 39d6eaaf45d44188a8cae6a7215fec41 - - default default] Successfully bumped revision number for resource e60e2899-10e7-4e67-9eb6-5d94f89e0b5a (type: security_group_rules) to 0 [pid: 7|app: 0|req: 1026/2062] 10.0.0.10 () {34 vars in 683 bytes} [Sat Jul 25 02:27:35 2026] POST /v2.0/security-groups => generated 1628 bytes in 233 msecs (HTTP/1.1 201) 4 headers in 163 bytes (1 switches on core 0) [pid: 7|app: 0|req: 1027/2063] 10.0.0.42 () {34 vars in 989 bytes} [Sat Jul 25 02:27:35 2026] GET /v2.0/ports?device_id=841a0435-ef01-49b7-908d-878c8f5afcd1 => generated 12 bytes in 18 msecs (HTTP/1.1 200) 4 headers in 156 bytes (1 switches on core 0)
2026-07-25 02:27:35.766 8 WARNING neutron.scheduler.dhcp_agent_scheduler [None req-cb1dda22-9277-460e-87d6-eb9dc99caff1 - - - - - -] No more DHCP agents
2026-07-25 02:27:35.767 8 WARNING neutron.api.rpc.agentnotifiers.dhcp_rpc_agent_api [None req-cb1dda22-9277-460e-87d6-eb9dc99caff1 - - - - - -] Unable to schedule network ee34e400-2488-4391-a48b-8c95092eb321: no agents available; will retry on subsequent port and subnet creation events.
2026-07-25 02:27:35.791 8 INFO neutron.db.ovn_revision_numbers_db [None req-cb1dda22-9277-460e-87d6-eb9dc99caff1 - - - - - -] Successfully bumped revision number for resource ed6b4839-57e2-434b-87de-40252db30d0e (type: subnets) to 0
2026-07-25 02:27:35.839 7 INFO neutron.db.ovn_revision_numbers_db [None req-88ec8ec0-c4a3-48b0-83d5-0ff36ca49510 54f0523665e04d4a9cb3d01bb979ec9d 650b3bf8ba6943b6b9abce5090e25fdd - - default default] Successfully bumped revision number for resource ab03fdc9-dae5-4103-bd1d-4e91092c6b4e (type: security_groups) to 1
2026-07-25 02:27:35.853 7 INFO neutron.db.ovn_revision_numbers_db [None req-88ec8ec0-c4a3-48b0-83d5-0ff36ca49510 54f0523665e04d4a9cb3d01bb979ec9d 650b3bf8ba6943b6b9abce5090e25fdd - - default default] Successfully bumped revision number for resource 23ac4bb3-e52b-4f12-902d-345c8643a711 (type: security_group_rules) to 0
2026-07-25 02:27:35.868 7 INFO neutron.db.ovn_revision_numbers_db [None req-88ec8ec0-c4a3-48b0-83d5-0ff36ca49510 54f0523665e04d4a9cb3d01bb979ec9d 650b3bf8ba6943b6b9abce5090e25fdd - - default default] Successfully bumped revision number for resource 33c1f5ac-d119-4245-81aa-1e1d7cfbfac1 (type: security_group_rules) to 0
2026-07-25 02:27:35.879 7 INFO neutron.db.ovn_revision_numbers_db [None req-88ec8ec0-c4a3-48b0-83d5-0ff36ca49510 54f0523665e04d4a9cb3d01bb979ec9d 650b3bf8ba6943b6b9abce5090e25fdd - - default default] Successfully bumped revision number for resource 3d771098-dd1d-40b0-b6d1-ac9e8af8f464 (type: security_group_rules) to 0
2026-07-25 02:27:35.891 7 INFO neutron.db.ovn_revision_numbers_db [None req-88ec8ec0-c4a3-48b0-83d5-0ff36ca49510 54f0523665e04d4a9cb3d01bb979ec9d 650b3bf8ba6943b6b9abce5090e25fdd - - default default] Successfully bumped revision number for resource b4b40a7b-8e20-4716-96f7-c2d9df0ee332 (type: security_group_rules) to 0 [pid: 7|app: 0|req: 1028/2064] 10.0.0.10 () {32 vars in 773 bytes} [Sat Jul 25 02:27:35 2026] GET /v2.0/security-groups?tenant_id=1f74c093df4c44758573bc81d70e8e2c&name=default => generated 2925 bytes in 219 msecs (HTTP/1.1 200) 4 headers in 158 bytes (1 switches on core 0)
2026-07-25 02:27:36.060 7 INFO neutron.db.ovn_revision_numbers_db [None req-475049e8-c24c-477e-b33b-cb371ee0b7e3 4337b71931cd49aea646b8ca47afa460 39d6eaaf45d44188a8cae6a7215fec41 - - default default] Successfully bumped revision number for resource 74b81bf1-9f34-4f0f-b3ec-f7678ca2dcb1 (type: security_group_rules) to 0 [pid: 7|app: 0|req: 1029/2065] 10.0.0.10 () {34 vars in 694 bytes} [Sat Jul 25 02:27:35 2026] POST /v2.0/security-group-rules => generated 597 bytes in 160 msecs (HTTP/1.1 201) 4 headers in 162 bytes (1 switches on core 0)
2026-07-25 02:27:36.138 8 WARNING neutron.scheduler.dhcp_agent_scheduler [None req-cb1dda22-9277-460e-87d6-eb9dc99caff1 - - - - - -] No more DHCP agents
2026-07-25 02:27:36.140 8 WARNING neutron.api.rpc.agentnotifiers.dhcp_rpc_agent_api [None req-cb1dda22-9277-460e-87d6-eb9dc99caff1 - - - - - -] Unable to schedule network ee34e400-2488-4391-a48b-8c95092eb321: no agents available; will retry on subsequent port and subnet creation events.
2026-07-25 02:27:36.294 8 INFO neutron.db.ovn_revision_numbers_db [None req-cb1dda22-9277-460e-87d6-eb9dc99caff1 - - - - - -] Successfully bumped revision number for resource 1f756e81-c4c5-42bd-990c-85cd90db4b08 (type: ports) to 1 [pid: 7|app: 0|req: 1030/2066] 10.0.0.10 () {32 vars in 739 bytes} [Sat Jul 25 02:27:36 2026] DELETE /v2.0/security-groups/ab03fdc9-dae5-4103-bd1d-4e91092c6b4e => generated 0 bytes in 211 msecs (HTTP/1.1 204) 2 headers in 112 bytes (1 switches on core 0)
2026-07-25 02:27:36.425 7 INFO neutron.db.ovn_revision_numbers_db [None req-aee0b67f-130e-4789-b006-d5c21afc66de 4337b71931cd49aea646b8ca47afa460 39d6eaaf45d44188a8cae6a7215fec41 - - default default] Successfully bumped revision number for resource 9071da31-e0ae-471c-9ba0-5afc9b2b12b5 (type: security_group_rules) to 0 [pid: 7|app: 0|req: 1031/2067] 10.0.0.10 () {34 vars in 694 bytes} [Sat Jul 25 02:27:36 2026] POST /v2.0/security-group-rules => generated 597 bytes in 152 msecs (HTTP/1.1 201) 4 headers in 162 bytes (1 switches on core 0)
2026-07-25 02:27:36.593 7 INFO neutron.db.ovn_revision_numbers_db [None req-eb64741c-4736-45b5-9fa7-ae2dcdd841a2 4337b71931cd49aea646b8ca47afa460 39d6eaaf45d44188a8cae6a7215fec41 - - default default] Successfully bumped revision number for resource fa2cbb35-07c3-484b-b714-a8688a08dd20 (type: security_group_rules) to 0 [pid: 7|app: 0|req: 1032/2068] 10.0.0.10 () {34 vars in 694 bytes} [Sat Jul 25 02:27:36 2026] POST /v2.0/security-group-rules => generated 599 bytes in 161 msecs (HTTP/1.1 201) 4 headers in 162 bytes (1 switches on core 0)
2026-07-25 02:27:36.783 7 INFO neutron.db.ovn_revision_numbers_db [None req-2b23af51-a8b7-4027-8378-9741d52873f9 4337b71931cd49aea646b8ca47afa460 39d6eaaf45d44188a8cae6a7215fec41 - - default default] Successfully bumped revision number for resource aad9af06-0ab3-4aae-b357-eeb4b3b75df2 (type: security_group_rules) to 0 [pid: 7|app: 0|req: 1033/2069] 10.0.0.10 () {34 vars in 694 bytes} [Sat Jul 25 02:27:36 2026] POST /v2.0/security-group-rules => generated 601 bytes in 178 msecs (HTTP/1.1 201) 4 headers in 162 bytes (1 switches on core 0) [pid: 7|app: 0|req: 1034/2070] 10.0.0.42 () {34 vars in 989 bytes} [Sat Jul 25 02:27:36 2026] GET /v2.0/ports?device_id=841a0435-ef01-49b7-908d-878c8f5afcd1 => generated 12 bytes in 16 msecs (HTTP/1.1 200) 4 headers in 156 bytes (1 switches on core 0)
2026-07-25 02:27:36.962 8 WARNING neutron.scheduler.dhcp_agent_scheduler [None req-cb1dda22-9277-460e-87d6-eb9dc99caff1 - - - - - -] No more DHCP agents
2026-07-25 02:27:36.963 8 WARNING neutron.api.rpc.agentnotifiers.dhcp_rpc_agent_api [None req-cb1dda22-9277-460e-87d6-eb9dc99caff1 - - - - - -] Unable to schedule network ee34e400-2488-4391-a48b-8c95092eb321: no agents available; will retry on subsequent port and subnet creation events.
2026-07-25 02:27:37.001 7 INFO neutron.db.ovn_revision_numbers_db [None req-8ca32dcb-f8d7-4b66-b57f-56e94c0f9947 4337b71931cd49aea646b8ca47afa460 39d6eaaf45d44188a8cae6a7215fec41 - - default default] Successfully bumped revision number for resource dca9f149-e78f-4f16-86f2-ce539d143cb4 (type: security_group_rules) to 0 [pid: 7|app: 0|req: 1035/2071] 10.0.0.10 () {34 vars in 694 bytes} [Sat Jul 25 02:27:36 2026] POST /v2.0/security-group-rules => generated 601 bytes in 201 msecs (HTTP/1.1 201) 4 headers in 162 bytes (1 switches on core 0)
2026-07-25 02:27:37.195 7 INFO neutron.db.ovn_revision_numbers_db [None req-b0e94451-54c9-4102-9554-d9bc930307bd 4337b71931cd49aea646b8ca47afa460 39d6eaaf45d44188a8cae6a7215fec41 - - default default] Successfully bumped revision number for resource c456c80e-e0f1-436e-9ff2-d6dea568eddf (type: security_group_rules) to 0 [pid: 7|app: 0|req: 1038/2074] 10.0.0.10 () {34 vars in 694 bytes} [Sat Jul 25 02:27:37 2026] POST /v2.0/security-group-rules => generated 597 bytes in 187 msecs (HTTP/1.1 201) 4 headers in 162 bytes (1 switches on core 0)
2026-07-25 02:27:37.426 8 INFO neutron.db.ovn_revision_numbers_db [None req-cb1dda22-9277-460e-87d6-eb9dc99caff1 - - - - - -] Successfully bumped revision number for resource 1f756e81-c4c5-42bd-990c-85cd90db4b08 (type: router_ports) to 1
2026-07-25 02:27:37.517 7 WARNING neutron.plugins.ml2.drivers.ovn.mech_driver.ovsdb.ovn_client [None req-03a225bf-de5a-413c-b45c-f6e38628ecc3 - - - - - -] No hosting information found for port 7cc34b7e-96bc-4cb9-8139-3b0aa47a8c79: RuntimeError: No hosting information found for port 7cc34b7e-96bc-4cb9-8139-3b0aa47a8c79
2026-07-25 02:27:37.550 7 INFO neutron.db.ovn_revision_numbers_db [None req-0bc630cd-2178-4a3c-9d66-0573cf081f49 4337b71931cd49aea646b8ca47afa460 39d6eaaf45d44188a8cae6a7215fec41 - - default default] Successfully bumped revision number for resource cd31eff7-7ead-4594-89e4-4cb8e008feac (type: security_group_rules) to 0 [pid: 7|app: 0|req: 1039/2075] 10.0.0.10 () {34 vars in 694 bytes} [Sat Jul 25 02:27:37 2026] POST /v2.0/security-group-rules => generated 597 bytes in 402 msecs (HTTP/1.1 201) 4 headers in 162 bytes (1 switches on core 0)
2026-07-25 02:27:37.642 7 INFO neutron.db.ovn_revision_numbers_db [None req-03a225bf-de5a-413c-b45c-f6e38628ecc3 - - - - - -] Successfully bumped revision number for resource 9d880d5d-28db-45ce-b195-b97a47e6a971 (type: router_ports) to 2
2026-07-25 02:27:37.642 7 INFO neutron.plugins.ml2.drivers.ovn.mech_driver.mech_driver [None req-03a225bf-de5a-413c-b45c-f6e38628ecc3 - - - - - -] OVN reports status down for port: afd3050c-c4f7-4575-ba7d-529b6e68efd9
2026-07-25 02:27:37.694 8 WARNING neutron.scheduler.dhcp_agent_scheduler [None req-cb1dda22-9277-460e-87d6-eb9dc99caff1 - - - - - -] No more DHCP agents
2026-07-25 02:27:37.696 8 WARNING neutron.api.rpc.agentnotifiers.dhcp_rpc_agent_api [None req-cb1dda22-9277-460e-87d6-eb9dc99caff1 - - - - - -] Unable to schedule network ee34e400-2488-4391-a48b-8c95092eb321: no agents available; will retry on subsequent port and subnet creation events.
2026-07-25 02:27:37.747 7 INFO neutron.plugins.ml2.drivers.ovn.mech_driver.mech_driver [None req-03a225bf-de5a-413c-b45c-f6e38628ecc3 - - - - - -] OVN reports status up for port: afd3050c-c4f7-4575-ba7d-529b6e68efd9
2026-07-25 02:27:37.776 7 INFO neutron.plugins.ml2.plugin [None req-03a225bf-de5a-413c-b45c-f6e38628ecc3 - - - - - -] Attempt 1 to provision port afd3050c-c4f7-4575-ba7d-529b6e68efd9
2026-07-25 02:27:37.837 8 INFO neutron.db.ovn_revision_numbers_db [None req-cb1dda22-9277-460e-87d6-eb9dc99caff1 - - - - - -] Successfully bumped revision number for resource 763cd30a-c748-4749-81c9-68ab78bd4696 (type: ports) to 1
2026-07-25 02:27:37.930 7 INFO neutron.db.ovn_revision_numbers_db [None req-58a01fa6-5a06-4dfb-b188-b2dd7b3a8c35 4337b71931cd49aea646b8ca47afa460 39d6eaaf45d44188a8cae6a7215fec41 - - default default] Successfully bumped revision number for resource 85465617-8c7c-4cba-abe3-1f6125a82203 (type: security_group_rules) to 0 [pid: 7|app: 0|req: 1040/2076] 10.0.0.10 () {34 vars in 694 bytes} [Sat Jul 25 02:27:37 2026] POST /v2.0/security-group-rules => generated 597 bytes in 355 msecs (HTTP/1.1 201) 4 headers in 162 bytes (1 switches on core 0) [pid: 7|app: 0|req: 1041/2077] 10.0.0.42 () {34 vars in 989 bytes} [Sat Jul 25 02:27:37 2026] GET /v2.0/ports?device_id=841a0435-ef01-49b7-908d-878c8f5afcd1 => generated 12 bytes in 39 msecs (HTTP/1.1 200) 4 headers in 156 bytes (1 switches on core 0)
2026-07-25 02:27:38.088 8 INFO neutron.db.ovn_revision_numbers_db [None req-cb1dda22-9277-460e-87d6-eb9dc99caff1 - - - - - -] Successfully bumped revision number for resource 763cd30a-c748-4749-81c9-68ab78bd4696 (type: ports) to 3 [pid: 8|app: 0|req: 1037/2078] 10.0.0.10 () {34 vars in 684 bytes} [Sat Jul 25 02:27:34 2026] POST /v2.0/vpn/vpnservices => generated 457 bytes in 4182 msecs (HTTP/1.1 201) 4 headers in 162 bytes (1 switches on core 0)
2026-07-25 02:27:38.374 7 INFO neutron.db.ovn_revision_numbers_db [None req-fb615aa2-c5da-445f-8eea-22af528d7f33 4337b71931cd49aea646b8ca47afa460 39d6eaaf45d44188a8cae6a7215fec41 - - default default] Successfully bumped revision number for resource 1f4304d5-4945-452f-8c65-bcfed3e36a24 (type: security_group_rules) to 0 [pid: 7|app: 0|req: 1042/2079] 10.0.0.10 () {34 vars in 694 bytes} [Sat Jul 25 02:27:38 2026] POST /v2.0/security-group-rules => generated 599 bytes in 409 msecs (HTTP/1.1 201) 4 headers in 162 bytes (1 switches on core 0)
2026-07-25 02:27:38.537 7 INFO neutron.db.ovn_revision_numbers_db [None req-03a225bf-de5a-413c-b45c-f6e38628ecc3 - - - - - -] Successfully bumped revision number for resource afd3050c-c4f7-4575-ba7d-529b6e68efd9 (type: ports) to 2 [pid: 8|app: 0|req: 1038/2080] 10.0.0.10 () {34 vars in 684 bytes} [Sat Jul 25 02:27:38 2026] POST /v2.0/vpn/vpnservices => generated 423 bytes in 364 msecs (HTTP/1.1 201) 4 headers in 162 bytes (1 switches on core 0)
2026-07-25 02:27:38.694 7 INFO neutron.plugins.ml2.drivers.ovn.mech_driver.mech_driver [None req-a39a9adf-26de-4c95-8c7c-d7d756d2374c - - - - - -] OVN reports status down for port: b9a26b7c-3034-43fc-974f-979b2c78c7a1 [pid: 8|app: 0|req: 1039/2081] 10.0.0.10 () {34 vars in 683 bytes} [Sat Jul 25 02:27:38 2026] POST /v2.0/vpn/ikepolicies => generated 404 bytes in 48 msecs (HTTP/1.1 201) 4 headers in 162 bytes (1 switches on core 0)
2026-07-25 02:27:38.770 7 INFO neutron.db.ovn_revision_numbers_db [None req-87445f58-b088-4150-8357-b8893f051af2 4337b71931cd49aea646b8ca47afa460 39d6eaaf45d44188a8cae6a7215fec41 - - default default] Successfully bumped revision number for resource 2f5d18f1-593f-4526-9987-f2aed016d2be (type: security_group_rules) to 0 [pid: 8|app: 0|req: 1040/2082] 10.0.0.10 () {34 vars in 687 bytes} [Sat Jul 25 02:27:38 2026] POST /v2.0/vpn/ipsecpolicies => generated 413 bytes in 43 msecs (HTTP/1.1 201) 4 headers in 162 bytes (1 switches on core 0) [pid: 7|app: 0|req: 1043/2083] 10.0.0.10 () {34 vars in 694 bytes} [Sat Jul 25 02:27:38 2026] POST /v2.0/security-group-rules => generated 601 bytes in 380 msecs (HTTP/1.1 201) 4 headers in 162 bytes (1 switches on core 0) [pid: 8|app: 0|req: 1041/2084] 10.0.0.10 () {34 vars in 692 bytes} [Sat Jul 25 02:27:38 2026] POST /v2.0/vpn/endpoint-groups => generated 328 bytes in 58 msecs (HTTP/1.1 201) 4 headers in 162 bytes (1 switches on core 0) [pid: 8|app: 0|req: 1042/2085] 10.0.0.10 () {34 vars in 692 bytes} [Sat Jul 25 02:27:38 2026] POST /v2.0/vpn/endpoint-groups => generated 320 bytes in 40 msecs (HTTP/1.1 201) 4 headers in 162 bytes (1 switches on core 0)
2026-07-25 02:27:38.917 7 INFO neutron.db.ovn_revision_numbers_db [None req-a39a9adf-26de-4c95-8c7c-d7d756d2374c - - - - - -] Successfully bumped revision number for resource afd3050c-c4f7-4575-ba7d-529b6e68efd9 (type: router_ports) to 2
2026-07-25 02:27:38.917 7 INFO neutron.plugins.ml2.drivers.ovn.mech_driver.mech_driver [None req-a39a9adf-26de-4c95-8c7c-d7d756d2374c - - - - - -] OVN reports status up for port: b9a26b7c-3034-43fc-974f-979b2c78c7a1
2026-07-25 02:27:38.939 7 INFO neutron.plugins.ml2.plugin [None req-a39a9adf-26de-4c95-8c7c-d7d756d2374c - - - - - -] Attempt 1 to provision port b9a26b7c-3034-43fc-974f-979b2c78c7a1
2026-07-25 02:27:39.195 7 INFO neutron.db.ovn_revision_numbers_db [None req-3262a091-d74b-4cd3-bbbc-e04ed96ec7f0 4337b71931cd49aea646b8ca47afa460 39d6eaaf45d44188a8cae6a7215fec41 - - default default] Successfully bumped revision number for resource 74ba9f4e-90ca-456d-b27d-0f2fc731effd (type: security_group_rules) to 0 [pid: 7|app: 0|req: 1044/2086] 10.0.0.10 () {34 vars in 694 bytes} [Sat Jul 25 02:27:38 2026] POST /v2.0/security-group-rules => generated 597 bytes in 421 msecs (HTTP/1.1 201) 4 headers in 162 bytes (1 switches on core 0) [pid: 7|app: 0|req: 1045/2087] 10.0.0.42 () {34 vars in 989 bytes} [Sat Jul 25 02:27:39 2026] GET /v2.0/ports?device_id=841a0435-ef01-49b7-908d-878c8f5afcd1 => generated 12 bytes in 19 msecs (HTTP/1.1 200) 4 headers in 156 bytes (1 switches on core 0)
2026-07-25 02:27:39.578 8 INFO neutron.db.ovn_revision_numbers_db [None req-09de5f2f-a6f5-4360-b98e-74363cfa283d ba7e1002818c4ecca890dcc15f3af790 5fc3b8b35a224c54a9b160f31ac05024 - - default default] Successfully bumped revision number for resource 8e0b119e-fc02-415e-b740-54f15457b215 (type: routers) to 5
2026-07-25 02:27:39.599 7 INFO neutron.db.ovn_revision_numbers_db [None req-a39a9adf-26de-4c95-8c7c-d7d756d2374c - - - - - -] Successfully bumped revision number for resource b9a26b7c-3034-43fc-974f-979b2c78c7a1 (type: ports) to 2 [pid: 8|app: 0|req: 1043/2088] 10.0.0.10 () {34 vars in 706 bytes} [Sat Jul 25 02:27:38 2026] POST /v2.0/vpn/ipsec-site-connections => generated 802 bytes in 728 msecs (HTTP/1.1 201) 4 headers in 162 bytes (1 switches on core 0) [pid: 7|app: 0|req: 1046/2089] 199.204.45.116 () {34 vars in 986 bytes} [Sat Jul 25 02:27:39 2026] GET /v2.0/networks?id=830a3a4c-6c57-47c1-9b78-65ead3956fed => generated 673 bytes in 95 msecs (HTTP/1.1 200) 4 headers in 157 bytes (1 switches on core 0) [pid: 8|app: 0|req: 1044/2090] 10.0.0.42 () {34 vars in 1095 bytes} [Sat Jul 25 02:27:39 2026] GET /v2.0/security-groups?name=tempest-lb_member_SG-1341309189&fields=id&tenant_id=39d6eaaf45d44188a8cae6a7215fec41 => generated 69 bytes in 39 msecs (HTTP/1.1 200) 4 headers in 156 bytes (1 switches on core 0) [pid: 7|app: 0|req: 1047/2091] 10.0.0.10 () {34 vars in 692 bytes} [Sat Jul 25 02:27:39 2026] POST /v2.0/vpn/endpoint-groups => generated 290 bytes in 79 msecs (HTTP/1.1 201) 4 headers in 162 bytes (1 switches on core 0)
2026-07-25 02:27:39.714 7 INFO neutron.plugins.ml2.drivers.ovn.mech_driver.mech_driver [None req-5a1392a9-cf12-4cd5-8a76-b5d0ef050ba4 - - - - - -] OVN reports status down for port: 5f164950-b7d3-4f94-9e41-960dd4619ca1 [pid: 7|app: 0|req: 1048/2092] 10.0.0.42 () {34 vars in 981 bytes} [Sat Jul 25 02:27:39 2026] GET /v2.0/networks?id=30c367b8-8bb2-4ddf-a83f-ea9721b8b2cb => generated 705 bytes in 73 msecs (HTTP/1.1 200) 4 headers in 157 bytes (1 switches on core 0) [pid: 7|app: 0|req: 1049/2093] 10.0.0.10 () {32 vars in 747 bytes} [Sat Jul 25 02:27:39 2026] DELETE /v2.0/vpn/endpoint-groups/ba825169-59e1-4dc9-a61a-0760c0e2acc4 => generated 0 bytes in 65 msecs (HTTP/1.1 204) 2 headers in 112 bytes (1 switches on core 0) [pid: 7|app: 0|req: 1050/2094] 10.0.0.42 () {34 vars in 964 bytes} [Sat Jul 25 02:27:39 2026] GET /v2.0/quotas/39d6eaaf45d44188a8cae6a7215fec41 => generated 292 bytes in 21 msecs (HTTP/1.1 200) 4 headers in 157 bytes (1 switches on core 0) [pid: 7|app: 0|req: 1051/2095] 10.0.0.10 () {32 vars in 670 bytes} [Sat Jul 25 02:27:39 2026] GET /v2.0/vpn/endpoint-groups => generated 633 bytes in 21 msecs (HTTP/1.1 200) 4 headers in 157 bytes (1 switches on core 0)
2026-07-25 02:27:39.947 8 WARNING neutron.scheduler.dhcp_agent_scheduler [req-8f2b7a1b-d79e-4bfc-ae4c-b9a9d4928c6a req-9a8ed1a6-7abc-4f97-87db-8cb18274a146 d41b8b61929b4419880fedffbd335cef e8d0f04911e346b88728502bae958311 - - default default] No more DHCP agents
2026-07-25 02:27:39.948 8 WARNING neutron.api.rpc.agentnotifiers.dhcp_rpc_agent_api [req-8f2b7a1b-d79e-4bfc-ae4c-b9a9d4928c6a req-9a8ed1a6-7abc-4f97-87db-8cb18274a146 d41b8b61929b4419880fedffbd335cef e8d0f04911e346b88728502bae958311 - - default default] Unable to schedule network 830a3a4c-6c57-47c1-9b78-65ead3956fed: no agents available; will retry on subsequent port and subnet creation events.
2026-07-25 02:27:39.976 7 INFO neutron.db.ovn_revision_numbers_db [None req-5a1392a9-cf12-4cd5-8a76-b5d0ef050ba4 - - - - - -] Successfully bumped revision number for resource b9a26b7c-3034-43fc-974f-979b2c78c7a1 (type: router_ports) to 2
2026-07-25 02:27:39.978 7 INFO neutron.plugins.ml2.drivers.ovn.mech_driver.mech_driver [None req-5a1392a9-cf12-4cd5-8a76-b5d0ef050ba4 - - - - - -] OVN reports status down for port: 29777fbe-cc24-42ad-9b04-6917cc6d1d13
2026-07-25 02:27:40.103 7 INFO neutron.plugins.ml2.drivers.ovn.mech_driver.mech_driver [None req-5a1392a9-cf12-4cd5-8a76-b5d0ef050ba4 - - - - - -] OVN reports status down for port: 1f756e81-c4c5-42bd-990c-85cd90db4b08
2026-07-25 02:27:40.108 8 INFO neutron.db.ovn_revision_numbers_db [req-8f2b7a1b-d79e-4bfc-ae4c-b9a9d4928c6a req-9a8ed1a6-7abc-4f97-87db-8cb18274a146 d41b8b61929b4419880fedffbd335cef e8d0f04911e346b88728502bae958311 - - default default] Successfully bumped revision number for resource 3feb0117-0b4a-437d-8fe1-889c2aea5d4d (type: ports) to 1 [pid: 7|app: 0|req: 1052/2096] 10.0.0.42 () {34 vars in 1001 bytes} [Sat Jul 25 02:27:39 2026] GET /v2.0/ports?tenant_id=39d6eaaf45d44188a8cae6a7215fec41&fields=id => generated 287 bytes in 278 msecs (HTTP/1.1 200) 4 headers in 157 bytes (1 switches on core 0) [pid: 7|app: 0|req: 1053/2097] 10.0.0.10 () {32 vars in 670 bytes} [Sat Jul 25 02:27:40 2026] GET /v2.0/vpn/endpoint-groups => generated 633 bytes in 18 msecs (HTTP/1.1 200) 4 headers in 157 bytes (1 switches on core 0) [pid: 8|app: 0|req: 1045/2098] 199.204.45.116 () {38 vars in 955 bytes} [Sat Jul 25 02:27:39 2026] POST /v2.0/ports => generated 954 bytes in 539 msecs (HTTP/1.1 201) 4 headers in 162 bytes (1 switches on core 0) /var/lib/openstack/lib/python3.12/site-packages/pycadf/identifier.py:70: UserWarning: Invalid uuid: neutron. To ensure interoperability, identifiers should be a valid uuid. warnings.warn(('Invalid uuid: %s. To ensure interoperability, '
2026-07-25 02:27:40.221 7 INFO neutron.plugins.ml2.drivers.ovn.mech_driver.mech_driver [None req-5a1392a9-cf12-4cd5-8a76-b5d0ef050ba4 - - - - - -] OVN reports status up for port: 1f756e81-c4c5-42bd-990c-85cd90db4b08
2026-07-25 02:27:40.242 7 INFO neutron.plugins.ml2.plugin [None req-5a1392a9-cf12-4cd5-8a76-b5d0ef050ba4 - - - - - -] Attempt 1 to provision port 1f756e81-c4c5-42bd-990c-85cd90db4b08 [pid: 7|app: 0|req: 1054/2099] 10.0.0.42 () {34 vars in 1007 bytes} [Sat Jul 25 02:27:40 2026] GET /v2.0/networks/30c367b8-8bb2-4ddf-a83f-ea9721b8b2cb?fields=segments => generated 14 bytes in 73 msecs (HTTP/1.1 200) 4 headers in 156 bytes (1 switches on core 0)
2026-07-25 02:27:40.745 7 INFO neutron.db.ovn_revision_numbers_db [None req-8977142d-883a-4de6-8218-b213a15bc1a5 54f0523665e04d4a9cb3d01bb979ec9d 650b3bf8ba6943b6b9abce5090e25fdd - - default default] Successfully bumped revision number for resource 78421265-1af5-42b1-94a0-4e6e6743ae5d (type: security_groups) to 1
2026-07-25 02:27:40.778 7 INFO neutron.db.ovn_revision_numbers_db [None req-8977142d-883a-4de6-8218-b213a15bc1a5 54f0523665e04d4a9cb3d01bb979ec9d 650b3bf8ba6943b6b9abce5090e25fdd - - default default] Successfully bumped revision number for resource 0149a061-bb7d-4650-ad41-38c7db456b37 (type: security_group_rules) to 0
2026-07-25 02:27:40.814 7 INFO neutron.db.ovn_revision_numbers_db [None req-8977142d-883a-4de6-8218-b213a15bc1a5 54f0523665e04d4a9cb3d01bb979ec9d 650b3bf8ba6943b6b9abce5090e25fdd - - default default] Successfully bumped revision number for resource 06eeee2c-9142-4d09-a14d-afd74ae064d0 (type: security_group_rules) to 0
2026-07-25 02:27:40.835 7 INFO neutron.db.ovn_revision_numbers_db [None req-8977142d-883a-4de6-8218-b213a15bc1a5 54f0523665e04d4a9cb3d01bb979ec9d 650b3bf8ba6943b6b9abce5090e25fdd - - default default] Successfully bumped revision number for resource 0897dc0f-aaf4-42dc-a59f-df69c06cd72a (type: security_group_rules) to 0
2026-07-25 02:27:40.870 7 INFO neutron.db.ovn_revision_numbers_db [None req-8977142d-883a-4de6-8218-b213a15bc1a5 54f0523665e04d4a9cb3d01bb979ec9d 650b3bf8ba6943b6b9abce5090e25fdd - - default default] Successfully bumped revision number for resource 16fba7fb-2498-4fbf-866d-af27fba1fd16 (type: security_group_rules) to 0 [pid: 7|app: 0|req: 1055/2100] 10.0.0.10 () {32 vars in 773 bytes} [Sat Jul 25 02:27:40 2026] GET /v2.0/security-groups?tenant_id=c1ee009df70b4587bef467be07d3be3f&name=default => generated 2925 bytes in 671 msecs (HTTP/1.1 200) 4 headers in 158 bytes (1 switches on core 0)
2026-07-25 02:27:40.997 7 INFO neutron.db.ovn_revision_numbers_db [None req-5a1392a9-cf12-4cd5-8a76-b5d0ef050ba4 - - - - - -] Successfully bumped revision number for resource 1f756e81-c4c5-42bd-990c-85cd90db4b08 (type: ports) to 2 [pid: 7|app: 0|req: 1056/2101] 10.0.0.42 () {34 vars in 1107 bytes} [Sat Jul 25 02:27:40 2026] GET /v2.0/networks/30c367b8-8bb2-4ddf-a83f-ea9721b8b2cb?fields=provider%3Aphysical_network&fields=provider%3Anetwork_type => generated 79 bytes in 68 msecs (HTTP/1.1 200) 4 headers in 156 bytes (1 switches on core 0)
2026-07-25 02:27:41.074 8 INFO neutron.db.ovn_revision_numbers_db [req-8f2b7a1b-d79e-4bfc-ae4c-b9a9d4928c6a req-ba2631f3-8342-420c-8971-565cb91fcaa4 c937423b596945408e14cbde30e68059 878e2cadfe154de0b8831b89e8182fb3 - - 77de418a631c46f0ace217a563008741 77de418a631c46f0ace217a563008741] Successfully bumped revision number for resource 3feb0117-0b4a-437d-8fe1-889c2aea5d4d (type: ports) to 2 [pid: 7|app: 0|req: 1057/2102] 10.0.0.42 () {34 vars in 989 bytes} [Sat Jul 25 02:27:41 2026] GET /v2.0/ports?device_id=841a0435-ef01-49b7-908d-878c8f5afcd1 => generated 969 bytes in 138 msecs (HTTP/1.1 200) 4 headers in 157 bytes (1 switches on core 0)
2026-07-25 02:27:41.241 7 INFO neutron.db.ovn_revision_numbers_db [None req-780b1bd7-cf75-46f0-8d68-6d6f0986f7bb - - - - - -] Successfully bumped revision number for resource 1f756e81-c4c5-42bd-990c-85cd90db4b08 (type: router_ports) to 2
2026-07-25 02:27:41.242 7 INFO neutron.plugins.ml2.drivers.ovn.mech_driver.mech_driver [None req-780b1bd7-cf75-46f0-8d68-6d6f0986f7bb - - - - - -] OVN reports status down for port: 763cd30a-c748-4749-81c9-68ab78bd4696 [pid: 7|app: 0|req: 1058/2103] 10.0.0.10 () {34 vars in 684 bytes} [Sat Jul 25 02:27:41 2026] POST /v2.0/vpn/ikepolicies => generated 402 bytes in 106 msecs (HTTP/1.1 201) 4 headers in 162 bytes (1 switches on core 0)
2026-07-25 02:27:41.267 8 INFO neutron.db.ovn_revision_numbers_db [req-8f2b7a1b-d79e-4bfc-ae4c-b9a9d4928c6a req-ba2631f3-8342-420c-8971-565cb91fcaa4 c937423b596945408e14cbde30e68059 878e2cadfe154de0b8831b89e8182fb3 - - 77de418a631c46f0ace217a563008741 77de418a631c46f0ace217a563008741] Successfully bumped revision number for resource 3feb0117-0b4a-437d-8fe1-889c2aea5d4d (type: ports) to 4 [pid: 8|app: 0|req: 1046/2104] 199.204.45.116 () {38 vars in 1028 bytes} [Sat Jul 25 02:27:40 2026] PUT /v2.0/ports/3feb0117-0b4a-437d-8fe1-889c2aea5d4d => generated 1204 bytes in 1084 msecs (HTTP/1.1 200) 4 headers in 158 bytes (1 switches on core 0) /var/lib/openstack/lib/python3.12/site-packages/pycadf/identifier.py:70: UserWarning: Invalid uuid: neutron. To ensure interoperability, identifiers should be a valid uuid. warnings.warn(('Invalid uuid: %s. To ensure interoperability, ' [pid: 8|app: 0|req: 1047/2105] 10.0.0.42 () {34 vars in 989 bytes} [Sat Jul 25 02:27:41 2026] GET /v2.0/ports?device_id=30144ad2-fd82-4bee-a052-61125b8c6bf0 => generated 12 bytes in 23 msecs (HTTP/1.1 200) 4 headers in 156 bytes (1 switches on core 0) [pid: 8|app: 0|req: 1048/2106] 10.0.0.42 () {34 vars in 1039 bytes} [Sat Jul 25 02:27:41 2026] GET /v2.0/security-groups?id=c45c0b5b-ad44-4ba3-9500-b8bd30e616ff&fields=id&fields=name => generated 88 bytes in 25 msecs (HTTP/1.1 200) 4 headers in 156 bytes (1 switches on core 0)
2026-07-25 02:27:41.343 8 INFO neutron.notifiers.nova [-] Nova event matching ['req-d1d17048-e772-4f83-8189-46ad5f402636'] response: {'name': 'network-changed', 'server_uuid': '841a0435-ef01-49b7-908d-878c8f5afcd1', 'tag': '3feb0117-0b4a-437d-8fe1-889c2aea5d4d', 'status': 'completed', 'code': 200} [pid: 8|app: 0|req: 1049/2107] 10.0.0.10 () {32 vars in 662 bytes} [Sat Jul 25 02:27:41 2026] GET /v2.0/vpn/ikepolicies => generated 797 bytes in 13 msecs (HTTP/1.1 200) 4 headers in 157 bytes (1 switches on core 0) [pid: 8|app: 0|req: 1050/2108] 10.0.0.10 () {32 vars in 739 bytes} [Sat Jul 25 02:27:41 2026] DELETE /v2.0/vpn/ikepolicies/e65ed76e-1adb-483c-98fd-7b0812d4cd64 => generated 0 bytes in 29 msecs (HTTP/1.1 204) 2 headers in 112 bytes (1 switches on core 0) [pid: 8|app: 0|req: 1051/2109] 10.0.0.10 () {34 vars in 688 bytes} [Sat Jul 25 02:27:41 2026] POST /v2.0/vpn/ipsecpolicies => generated 411 bytes in 40 msecs (HTTP/1.1 201) 4 headers in 162 bytes (1 switches on core 0) [pid: 8|app: 0|req: 1052/2110] 10.0.0.10 () {32 vars in 666 bytes} [Sat Jul 25 02:27:41 2026] GET /v2.0/vpn/ipsecpolicies => generated 813 bytes in 16 msecs (HTTP/1.1 200) 4 headers in 157 bytes (1 switches on core 0) [pid: 8|app: 0|req: 1053/2111] 10.0.0.10 () {32 vars in 743 bytes} [Sat Jul 25 02:27:41 2026] DELETE /v2.0/vpn/ipsecpolicies/375f6157-76ab-4489-b505-1c50b04d9c91 => generated 0 bytes in 41 msecs (HTTP/1.1 204) 2 headers in 112 bytes (1 switches on core 0)
2026-07-25 02:27:41.531 7 INFO neutron.plugins.ml2.drivers.ovn.mech_driver.mech_driver [None req-780b1bd7-cf75-46f0-8d68-6d6f0986f7bb - - - - - -] OVN reports status down for port: 3feb0117-0b4a-437d-8fe1-889c2aea5d4d
2026-07-25 02:27:41.654 8 INFO neutron.db.segments_db [None req-f7c93a61-20ef-46b9-97c5-f1652e5e2bb7 ba7e1002818c4ecca890dcc15f3af790 5fc3b8b35a224c54a9b160f31ac05024 - - default default] Added segment aa2c2cdc-f258-4e27-8a75-0990d9b10b87 of type geneve for network 2fcab60a-0a70-43aa-96df-73b0a39d2fd7 [pid: 7|app: 0|req: 1059/2112] 10.0.0.10 () {32 vars in 739 bytes} [Sat Jul 25 02:27:41 2026] DELETE /v2.0/security-groups/78421265-1af5-42b1-94a0-4e6e6743ae5d => generated 0 bytes in 457 msecs (HTTP/1.1 204) 2 headers in 112 bytes (1 switches on core 0)
2026-07-25 02:27:41.725 7 INFO neutron.notifiers.nova [-] Nova event matching ['req-5ecb95c9-690d-4e2f-99e9-cf3d9fa29de9'] response: {'server_uuid': '841a0435-ef01-49b7-908d-878c8f5afcd1', 'name': 'network-vif-unplugged', 'status': 'completed', 'tag': '3feb0117-0b4a-437d-8fe1-889c2aea5d4d', 'code': 200}
2026-07-25 02:27:41.776 8 INFO neutron.db.ovn_revision_numbers_db [None req-f7c93a61-20ef-46b9-97c5-f1652e5e2bb7 ba7e1002818c4ecca890dcc15f3af790 5fc3b8b35a224c54a9b160f31ac05024 - - default default] Successfully bumped revision number for resource 2fcab60a-0a70-43aa-96df-73b0a39d2fd7 (type: networks) to 1
2026-07-25 02:27:41.954 7 INFO neutron.db.ovn_revision_numbers_db [None req-1d32a201-869f-4914-b835-256fa27ceca2 54f0523665e04d4a9cb3d01bb979ec9d 650b3bf8ba6943b6b9abce5090e25fdd - - default default] Successfully bumped revision number for resource 816ae658-2b87-4749-bb52-20cfffb4bc1b (type: security_groups) to 1
2026-07-25 02:27:41.955 8 WARNING neutron.scheduler.dhcp_agent_scheduler [None req-f7c93a61-20ef-46b9-97c5-f1652e5e2bb7 ba7e1002818c4ecca890dcc15f3af790 5fc3b8b35a224c54a9b160f31ac05024 - - default default] No more DHCP agents
2026-07-25 02:27:41.956 8 WARNING neutron.api.rpc.agentnotifiers.dhcp_rpc_agent_api [None req-f7c93a61-20ef-46b9-97c5-f1652e5e2bb7 ba7e1002818c4ecca890dcc15f3af790 5fc3b8b35a224c54a9b160f31ac05024 - - default default] Unable to schedule network 2fcab60a-0a70-43aa-96df-73b0a39d2fd7: no agents available; will retry on subsequent port and subnet creation events.
2026-07-25 02:27:41.970 7 INFO neutron.db.ovn_revision_numbers_db [None req-1d32a201-869f-4914-b835-256fa27ceca2 54f0523665e04d4a9cb3d01bb979ec9d 650b3bf8ba6943b6b9abce5090e25fdd - - default default] Successfully bumped revision number for resource 6ddd4972-97d6-41d7-89f1-e0461514a4aa (type: security_group_rules) to 0
2026-07-25 02:27:41.981 7 INFO neutron.db.ovn_revision_numbers_db [None req-1d32a201-869f-4914-b835-256fa27ceca2 54f0523665e04d4a9cb3d01bb979ec9d 650b3bf8ba6943b6b9abce5090e25fdd - - default default] Successfully bumped revision number for resource bc0e2a30-7d91-4681-b73f-00e4da5c3247 (type: security_group_rules) to 0
2026-07-25 02:27:42.004 7 INFO neutron.db.ovn_revision_numbers_db [None req-1d32a201-869f-4914-b835-256fa27ceca2 54f0523665e04d4a9cb3d01bb979ec9d 650b3bf8ba6943b6b9abce5090e25fdd - - default default] Successfully bumped revision number for resource c9fd5d51-751a-4d7e-89a7-20fd7336779e (type: security_group_rules) to 0
2026-07-25 02:27:42.027 7 INFO neutron.plugins.ml2.drivers.ovn.mech_driver.mech_driver [None req-780b1bd7-cf75-46f0-8d68-6d6f0986f7bb - - - - - -] OVN reports status down for port: 90be7f0a-cec5-45d8-b704-039ca225aeb7
2026-07-25 02:27:42.029 7 INFO neutron.db.ovn_revision_numbers_db [None req-1d32a201-869f-4914-b835-256fa27ceca2 54f0523665e04d4a9cb3d01bb979ec9d 650b3bf8ba6943b6b9abce5090e25fdd - - default default] Successfully bumped revision number for resource ce71e4dc-bc0f-41f7-a431-e35a26e275e2 (type: security_group_rules) to 0
2026-07-25 02:27:42.034 8 INFO neutron.db.ovn_revision_numbers_db [None req-f7c93a61-20ef-46b9-97c5-f1652e5e2bb7 ba7e1002818c4ecca890dcc15f3af790 5fc3b8b35a224c54a9b160f31ac05024 - - default default] Successfully bumped revision number for resource 90be7f0a-cec5-45d8-b704-039ca225aeb7 (type: ports) to 1 [pid: 8|app: 0|req: 1054/2113] 10.0.0.10 () {34 vars in 669 bytes} [Sat Jul 25 02:27:41 2026] POST /v2.0/networks => generated 630 bytes in 554 msecs (HTTP/1.1 201) 4 headers in 162 bytes (1 switches on core 0) [pid: 8|app: 0|req: 1055/2114] 199.204.45.116 () {34 vars in 1080 bytes} [Sat Jul 25 02:27:42 2026] GET /v2.0/ports?tenant_id=e8d0f04911e346b88728502bae958311&device_id=841a0435-ef01-49b7-908d-878c8f5afcd1 => generated 1207 bytes in 33 msecs (HTTP/1.1 200) 4 headers in 158 bytes (1 switches on core 0) [pid: 7|app: 0|req: 1060/2115] 10.0.0.10 () {32 vars in 773 bytes} [Sat Jul 25 02:27:41 2026] GET /v2.0/security-groups?tenant_id=4c7cb9106e66406385bb8cc946ecf462&name=default => generated 2925 bytes in 603 msecs (HTTP/1.1 200) 4 headers in 158 bytes (1 switches on core 0) [pid: 7|app: 0|req: 1061/2116] 199.204.45.116 () {34 vars in 1018 bytes} [Sat Jul 25 02:27:42 2026] GET /v2.0/networks?tenant_id=e8d0f04911e346b88728502bae958311&shared=False => generated 771 bytes in 66 msecs (HTTP/1.1 200) 4 headers in 157 bytes (1 switches on core 0) [pid: 7|app: 0|req: 1062/2117] 199.204.45.116 () {34 vars in 930 bytes} [Sat Jul 25 02:27:42 2026] GET /v2.0/networks?shared=True => generated 753 bytes in 35 msecs (HTTP/1.1 200) 4 headers in 157 bytes (1 switches on core 0)
2026-07-25 02:27:42.556 8 WARNING neutron.scheduler.dhcp_agent_scheduler [None req-a604c8c3-71c3-4437-b150-db0a26f0bb01 ba7e1002818c4ecca890dcc15f3af790 5fc3b8b35a224c54a9b160f31ac05024 - - default default] No more DHCP agents
2026-07-25 02:27:42.558 8 WARNING neutron.api.rpc.agentnotifiers.dhcp_rpc_agent_api [None req-a604c8c3-71c3-4437-b150-db0a26f0bb01 ba7e1002818c4ecca890dcc15f3af790 5fc3b8b35a224c54a9b160f31ac05024 - - default default] Unable to schedule network 2fcab60a-0a70-43aa-96df-73b0a39d2fd7: no agents available; will retry on subsequent port and subnet creation events.
2026-07-25 02:27:43.202 8 INFO neutron.db.ovn_revision_numbers_db [None req-207c3230-4c7c-49c2-ab00-a221eacc460a - - - - - -] Successfully bumped revision number for resource 90be7f0a-cec5-45d8-b704-039ca225aeb7 (type: ports) to 2
