2026-07-15 06:05:06.740 8 INFO cinder.api.openstack.wsgi [None req-a5ab919d-e687-4487-8948-91bd9b1381db 075f5682994a413dbd828f7df95f5524 87db8853565c4a21bea8ad13428e7854 - - default default] http://cinder-api.openstack.svc.cluster.local:8776/v3/87db8853565c4a21bea8ad13428e7854/volumes returned with HTTP 202 [pid: 8|app: 0|req: 341/685] 10.0.0.208 () {34 vars in 723 bytes} [Wed Jul 15 06:05:05 2026] POST /v3/87db8853565c4a21bea8ad13428e7854/volumes => generated 864 bytes in 1119 msecs (HTTP/1.1 202) 7 headers in 291 bytes (1 switches on core 0)
2026-07-15 06:05:06.768 7 INFO cinder.api.openstack.wsgi [None req-51c0a165-384c-4823-af73-bc3f90da24f6 075f5682994a413dbd828f7df95f5524 87db8853565c4a21bea8ad13428e7854 - - default default] GET http://cinder-api.openstack.svc.cluster.local:8776/v3/87db8853565c4a21bea8ad13428e7854/volumes/1438fbc6-9ca8-4d19-a092-aa7203d90238 /var/lib/openstack/lib/python3.10/site-packages/oslo_context/context.py:100: DeprecationWarning: Policy enforcement is depending on the value of is_admin. This key is deprecated. Please update your policy file to use the standard policy values. warnings.warn('Policy enforcement is depending on the value of '
2026-07-15 06:05:06.818 7 INFO cinder.volume.api [None req-51c0a165-384c-4823-af73-bc3f90da24f6 075f5682994a413dbd828f7df95f5524 87db8853565c4a21bea8ad13428e7854 - - default default] Volume info retrieved successfully.
2026-07-15 06:05:06.826 7 INFO cinder.api.openstack.wsgi [None req-51c0a165-384c-4823-af73-bc3f90da24f6 075f5682994a413dbd828f7df95f5524 87db8853565c4a21bea8ad13428e7854 - - default default] http://cinder-api.openstack.svc.cluster.local:8776/v3/87db8853565c4a21bea8ad13428e7854/volumes/1438fbc6-9ca8-4d19-a092-aa7203d90238 returned with HTTP 200 [pid: 7|app: 0|req: 345/686] 10.0.0.208 () {32 vars in 775 bytes} [Wed Jul 15 06:05:06 2026] GET /v3/87db8853565c4a21bea8ad13428e7854/volumes/1438fbc6-9ca8-4d19-a092-aa7203d90238 => generated 932 bytes in 68 msecs (HTTP/1.1 200) 7 headers in 285 bytes (1 switches on core 0) /var/lib/openstack/lib/python3.10/site-packages/pycadf/identifier.py:71: UserWarning: Invalid uuid: cinderv3. To ensure interoperability, identifiers should be a valid uuid. warnings.warn(('Invalid uuid: %s. To ensure interoperability, '
2026-07-15 06:05:07.849 8 INFO cinder.api.openstack.wsgi [None req-78277e92-facc-424c-9c3d-6f139530cf4a 075f5682994a413dbd828f7df95f5524 87db8853565c4a21bea8ad13428e7854 - - default default] GET http://cinder-api.openstack.svc.cluster.local:8776/v3/87db8853565c4a21bea8ad13428e7854/volumes/1438fbc6-9ca8-4d19-a092-aa7203d90238 /var/lib/openstack/lib/python3.10/site-packages/oslo_context/context.py:100: DeprecationWarning: Policy enforcement is depending on the value of is_admin. This key is deprecated. Please update your policy file to use the standard policy values. warnings.warn('Policy enforcement is depending on the value of '
2026-07-15 06:05:07.871 8 INFO cinder.volume.api [None req-78277e92-facc-424c-9c3d-6f139530cf4a 075f5682994a413dbd828f7df95f5524 87db8853565c4a21bea8ad13428e7854 - - default default] Volume info retrieved successfully.
2026-07-15 06:05:07.880 8 INFO cinder.api.openstack.wsgi [None req-78277e92-facc-424c-9c3d-6f139530cf4a 075f5682994a413dbd828f7df95f5524 87db8853565c4a21bea8ad13428e7854 - - default default] http://cinder-api.openstack.svc.cluster.local:8776/v3/87db8853565c4a21bea8ad13428e7854/volumes/1438fbc6-9ca8-4d19-a092-aa7203d90238 returned with HTTP 200 [pid: 8|app: 0|req: 342/687] 10.0.0.208 () {32 vars in 775 bytes} [Wed Jul 15 06:05:07 2026] GET /v3/87db8853565c4a21bea8ad13428e7854/volumes/1438fbc6-9ca8-4d19-a092-aa7203d90238 => generated 956 bytes in 39 msecs (HTTP/1.1 200) 7 headers in 285 bytes (1 switches on core 0) /var/lib/openstack/lib/python3.10/site-packages/pycadf/identifier.py:71: UserWarning: Invalid uuid: cinderv3. To ensure interoperability, identifiers should be a valid uuid. warnings.warn(('Invalid uuid: %s. To ensure interoperability, '
2026-07-15 06:05:08.905 7 INFO cinder.api.openstack.wsgi [None req-732f7933-c28d-4422-8410-4e9bf4d3a001 075f5682994a413dbd828f7df95f5524 87db8853565c4a21bea8ad13428e7854 - - default default] GET http://cinder-api.openstack.svc.cluster.local:8776/v3/87db8853565c4a21bea8ad13428e7854/volumes/1438fbc6-9ca8-4d19-a092-aa7203d90238 /var/lib/openstack/lib/python3.10/site-packages/oslo_context/context.py:100: DeprecationWarning: Policy enforcement is depending on the value of is_admin. This key is deprecated. Please update your policy file to use the standard policy values. warnings.warn('Policy enforcement is depending on the value of '
2026-07-15 06:05:08.940 7 INFO cinder.volume.api [None req-732f7933-c28d-4422-8410-4e9bf4d3a001 075f5682994a413dbd828f7df95f5524 87db8853565c4a21bea8ad13428e7854 - - default default] Volume info retrieved successfully.
2026-07-15 06:05:08.949 7 INFO cinder.api.openstack.wsgi [None req-732f7933-c28d-4422-8410-4e9bf4d3a001 075f5682994a413dbd828f7df95f5524 87db8853565c4a21bea8ad13428e7854 - - default default] http://cinder-api.openstack.svc.cluster.local:8776/v3/87db8853565c4a21bea8ad13428e7854/volumes/1438fbc6-9ca8-4d19-a092-aa7203d90238 returned with HTTP 200 [pid: 7|app: 0|req: 346/688] 10.0.0.208 () {32 vars in 775 bytes} [Wed Jul 15 06:05:08 2026] GET /v3/87db8853565c4a21bea8ad13428e7854/volumes/1438fbc6-9ca8-4d19-a092-aa7203d90238 => generated 956 bytes in 52 msecs (HTTP/1.1 200) 7 headers in 285 bytes (1 switches on core 0) /var/lib/openstack/lib/python3.10/site-packages/pycadf/identifier.py:71: UserWarning: Invalid uuid: cinderv3. To ensure interoperability, identifiers should be a valid uuid. warnings.warn(('Invalid uuid: %s. To ensure interoperability, '
2026-07-15 06:05:09.976 8 INFO cinder.api.openstack.wsgi [None req-308d64cb-03aa-4726-bfa1-4307d638d5c0 075f5682994a413dbd828f7df95f5524 87db8853565c4a21bea8ad13428e7854 - - default default] GET http://cinder-api.openstack.svc.cluster.local:8776/v3/87db8853565c4a21bea8ad13428e7854/volumes/1438fbc6-9ca8-4d19-a092-aa7203d90238 /var/lib/openstack/lib/python3.10/site-packages/oslo_context/context.py:100: DeprecationWarning: Policy enforcement is depending on the value of is_admin. This key is deprecated. Please update your policy file to use the standard policy values. warnings.warn('Policy enforcement is depending on the value of '
2026-07-15 06:05:10.007 8 INFO cinder.volume.api [None req-308d64cb-03aa-4726-bfa1-4307d638d5c0 075f5682994a413dbd828f7df95f5524 87db8853565c4a21bea8ad13428e7854 - - default default] Volume info retrieved successfully.
2026-07-15 06:05:10.016 8 INFO cinder.api.openstack.wsgi [None req-308d64cb-03aa-4726-bfa1-4307d638d5c0 075f5682994a413dbd828f7df95f5524 87db8853565c4a21bea8ad13428e7854 - - default default] http://cinder-api.openstack.svc.cluster.local:8776/v3/87db8853565c4a21bea8ad13428e7854/volumes/1438fbc6-9ca8-4d19-a092-aa7203d90238 returned with HTTP 200 [pid: 8|app: 0|req: 343/689] 10.0.0.208 () {32 vars in 775 bytes} [Wed Jul 15 06:05:09 2026] GET /v3/87db8853565c4a21bea8ad13428e7854/volumes/1438fbc6-9ca8-4d19-a092-aa7203d90238 => generated 1482 bytes in 49 msecs (HTTP/1.1 200) 7 headers in 286 bytes (1 switches on core 0) /var/lib/openstack/lib/python3.10/site-packages/pycadf/identifier.py:71: UserWarning: Invalid uuid: cinderv3. To ensure interoperability, identifiers should be a valid uuid. warnings.warn(('Invalid uuid: %s. To ensure interoperability, '
2026-07-15 06:05:10.114 7 INFO cinder.api.openstack.wsgi [req-3719321c-b674-4457-8df9-41d556b72964 req-2704e350-bdfe-4e3b-a009-67c583ef7055 075f5682994a413dbd828f7df95f5524 87db8853565c4a21bea8ad13428e7854 - - default default] GET http://cinder-api.openstack.svc.cluster.local:8776/v3/87db8853565c4a21bea8ad13428e7854/volumes/1438fbc6-9ca8-4d19-a092-aa7203d90238 /var/lib/openstack/lib/python3.10/site-packages/oslo_context/context.py:100: DeprecationWarning: Policy enforcement is depending on the value of is_admin. This key is deprecated. Please update your policy file to use the standard policy values. warnings.warn('Policy enforcement is depending on the value of '
2026-07-15 06:05:10.130 7 INFO cinder.volume.api [req-3719321c-b674-4457-8df9-41d556b72964 req-2704e350-bdfe-4e3b-a009-67c583ef7055 075f5682994a413dbd828f7df95f5524 87db8853565c4a21bea8ad13428e7854 - - default default] Volume info retrieved successfully.
2026-07-15 06:05:10.138 7 INFO cinder.api.openstack.wsgi [req-3719321c-b674-4457-8df9-41d556b72964 req-2704e350-bdfe-4e3b-a009-67c583ef7055 075f5682994a413dbd828f7df95f5524 87db8853565c4a21bea8ad13428e7854 - - default default] http://cinder-api.openstack.svc.cluster.local:8776/v3/87db8853565c4a21bea8ad13428e7854/volumes/1438fbc6-9ca8-4d19-a092-aa7203d90238 returned with HTTP 200 [pid: 7|app: 0|req: 347/690] 10.0.0.24 () {34 vars in 1027 bytes} [Wed Jul 15 06:05:10 2026] GET /v3/87db8853565c4a21bea8ad13428e7854/volumes/1438fbc6-9ca8-4d19-a092-aa7203d90238 => generated 1482 bytes in 32 msecs (HTTP/1.1 200) 7 headers in 286 bytes (1 switches on core 0) /var/lib/openstack/lib/python3.10/site-packages/pycadf/identifier.py:71: UserWarning: Invalid uuid: cinderv3. To ensure interoperability, identifiers should be a valid uuid. warnings.warn(('Invalid uuid: %s. To ensure interoperability, '
2026-07-15 06:05:11.737 8 INFO cinder.api.openstack.wsgi [req-3719321c-b674-4457-8df9-41d556b72964 req-120ecfe6-f6c3-477c-b813-ecc2c7db0b93 075f5682994a413dbd828f7df95f5524 87db8853565c4a21bea8ad13428e7854 - - default default] GET http://cinder-api.openstack.svc.cluster.local:8776/v3/87db8853565c4a21bea8ad13428e7854/volumes/1438fbc6-9ca8-4d19-a092-aa7203d90238 /var/lib/openstack/lib/python3.10/site-packages/oslo_context/context.py:100: DeprecationWarning: Policy enforcement is depending on the value of is_admin. This key is deprecated. Please update your policy file to use the standard policy values. warnings.warn('Policy enforcement is depending on the value of '
2026-07-15 06:05:11.754 8 INFO cinder.volume.api [req-3719321c-b674-4457-8df9-41d556b72964 req-120ecfe6-f6c3-477c-b813-ecc2c7db0b93 075f5682994a413dbd828f7df95f5524 87db8853565c4a21bea8ad13428e7854 - - default default] Volume info retrieved successfully.
2026-07-15 06:05:11.760 8 INFO cinder.api.openstack.wsgi [req-3719321c-b674-4457-8df9-41d556b72964 req-120ecfe6-f6c3-477c-b813-ecc2c7db0b93 075f5682994a413dbd828f7df95f5524 87db8853565c4a21bea8ad13428e7854 - - default default] http://cinder-api.openstack.svc.cluster.local:8776/v3/87db8853565c4a21bea8ad13428e7854/volumes/1438fbc6-9ca8-4d19-a092-aa7203d90238 returned with HTTP 200 [pid: 8|app: 0|req: 344/691] 10.0.0.24 () {34 vars in 1027 bytes} [Wed Jul 15 06:05:11 2026] GET /v3/87db8853565c4a21bea8ad13428e7854/volumes/1438fbc6-9ca8-4d19-a092-aa7203d90238 => generated 1482 bytes in 34 msecs (HTTP/1.1 200) 7 headers in 286 bytes (1 switches on core 0)
2026-07-15 06:05:11.771 7 INFO cinder.api.openstack.wsgi [req-3719321c-b674-4457-8df9-41d556b72964 req-2704e350-bdfe-4e3b-a009-67c583ef7055 075f5682994a413dbd828f7df95f5524 87db8853565c4a21bea8ad13428e7854 - - default default] GET http://cinder-api.openstack.svc.cluster.local:8776/
2026-07-15 06:05:11.772 7 INFO cinder.api.openstack.wsgi [req-3719321c-b674-4457-8df9-41d556b72964 req-2704e350-bdfe-4e3b-a009-67c583ef7055 075f5682994a413dbd828f7df95f5524 87db8853565c4a21bea8ad13428e7854 - - default default] http://cinder-api.openstack.svc.cluster.local:8776/ returned with HTTP 300 [pid: 7|app: 0|req: 348/692] 10.0.0.24 () {32 vars in 828 bytes} [Wed Jul 15 06:05:11 2026] GET / => generated 411 bytes in 3 msecs (HTTP/1.1 300) 5 headers in 169 bytes (1 switches on core 0) /var/lib/openstack/lib/python3.10/site-packages/pycadf/identifier.py:71: UserWarning: Invalid uuid: cinderv3. To ensure interoperability, identifiers should be a valid uuid. warnings.warn(('Invalid uuid: %s. To ensure interoperability, '
2026-07-15 06:05:11.787 8 INFO cinder.api.openstack.wsgi [req-3719321c-b674-4457-8df9-41d556b72964 req-6d0e74f3-e5be-497d-b263-fa4636516d01 075f5682994a413dbd828f7df95f5524 87db8853565c4a21bea8ad13428e7854 - - default default] POST http://cinder-api.openstack.svc.cluster.local:8776/v3/87db8853565c4a21bea8ad13428e7854/attachments /var/lib/openstack/lib/python3.10/site-packages/oslo_context/context.py:100: DeprecationWarning: Policy enforcement is depending on the value of is_admin. This key is deprecated. Please update your policy file to use the standard policy values. warnings.warn('Policy enforcement is depending on the value of '
2026-07-15 06:05:11.860 8 INFO cinder.api.openstack.wsgi [req-3719321c-b674-4457-8df9-41d556b72964 req-6d0e74f3-e5be-497d-b263-fa4636516d01 075f5682994a413dbd828f7df95f5524 87db8853565c4a21bea8ad13428e7854 - - default default] http://cinder-api.openstack.svc.cluster.local:8776/v3/87db8853565c4a21bea8ad13428e7854/attachments returned with HTTP 200 [pid: 8|app: 0|req: 345/693] 10.0.0.24 () {40 vars in 1056 bytes} [Wed Jul 15 06:05:11 2026] POST /v3/87db8853565c4a21bea8ad13428e7854/attachments => generated 273 bytes in 82 msecs (HTTP/1.1 200) 7 headers in 286 bytes (1 switches on core 0)
2026-07-15 06:05:12.784 7 INFO cinder.api.openstack.wsgi [req-3719321c-b674-4457-8df9-41d556b72964 req-2704e350-bdfe-4e3b-a009-67c583ef7055 075f5682994a413dbd828f7df95f5524 87db8853565c4a21bea8ad13428e7854 - - default default] GET http://cinder-api.openstack.svc.cluster.local:8776/
2026-07-15 06:05:12.786 7 INFO cinder.api.openstack.wsgi [req-3719321c-b674-4457-8df9-41d556b72964 req-2704e350-bdfe-4e3b-a009-67c583ef7055 075f5682994a413dbd828f7df95f5524 87db8853565c4a21bea8ad13428e7854 - - default default] http://cinder-api.openstack.svc.cluster.local:8776/ returned with HTTP 300 [pid: 7|app: 0|req: 349/694] 199.204.45.210 () {32 vars in 840 bytes} [Wed Jul 15 06:05:12 2026] GET / => generated 411 bytes in 3 msecs (HTTP/1.1 300) 5 headers in 169 bytes (1 switches on core 0) /var/lib/openstack/lib/python3.10/site-packages/pycadf/identifier.py:71: UserWarning: Invalid uuid: cinderv3. To ensure interoperability, identifiers should be a valid uuid. warnings.warn(('Invalid uuid: %s. To ensure interoperability, '
2026-07-15 06:05:12.824 8 INFO cinder.api.openstack.wsgi [req-3719321c-b674-4457-8df9-41d556b72964 req-c45b136a-34b0-451f-a77e-2301c755873e 075f5682994a413dbd828f7df95f5524 87db8853565c4a21bea8ad13428e7854 - - default default] GET http://cinder-api.openstack.svc.cluster.local:8776/v3/87db8853565c4a21bea8ad13428e7854/volumes/1438fbc6-9ca8-4d19-a092-aa7203d90238 /var/lib/openstack/lib/python3.10/site-packages/oslo_context/context.py:100: DeprecationWarning: Policy enforcement is depending on the value of is_admin. This key is deprecated. Please update your policy file to use the standard policy values. warnings.warn('Policy enforcement is depending on the value of '
2026-07-15 06:05:12.849 8 INFO cinder.volume.api [req-3719321c-b674-4457-8df9-41d556b72964 req-c45b136a-34b0-451f-a77e-2301c755873e 075f5682994a413dbd828f7df95f5524 87db8853565c4a21bea8ad13428e7854 - - default default] Volume info retrieved successfully.
2026-07-15 06:05:12.856 8 INFO cinder.api.openstack.wsgi [req-3719321c-b674-4457-8df9-41d556b72964 req-c45b136a-34b0-451f-a77e-2301c755873e 075f5682994a413dbd828f7df95f5524 87db8853565c4a21bea8ad13428e7854 - - default default] http://cinder-api.openstack.svc.cluster.local:8776/v3/87db8853565c4a21bea8ad13428e7854/volumes/1438fbc6-9ca8-4d19-a092-aa7203d90238 returned with HTTP 200 [pid: 8|app: 0|req: 346/695] 199.204.45.210 () {36 vars in 1073 bytes} [Wed Jul 15 06:05:12 2026] GET /v3/87db8853565c4a21bea8ad13428e7854/volumes/1438fbc6-9ca8-4d19-a092-aa7203d90238 => generated 1580 bytes in 37 msecs (HTTP/1.1 200) 7 headers in 287 bytes (1 switches on core 0) /var/lib/openstack/lib/python3.10/site-packages/pycadf/identifier.py:71: UserWarning: Invalid uuid: cinderv3. To ensure interoperability, identifiers should be a valid uuid. warnings.warn(('Invalid uuid: %s. To ensure interoperability, '
2026-07-15 06:05:14.435 7 INFO cinder.api.openstack.wsgi [req-3719321c-b674-4457-8df9-41d556b72964 req-0c00ad00-eb3a-41bd-80d7-66e919f7717b 075f5682994a413dbd828f7df95f5524 87db8853565c4a21bea8ad13428e7854 - - default default] PUT http://cinder-api.openstack.svc.cluster.local:8776/v3/87db8853565c4a21bea8ad13428e7854/attachments/2396e31d-d5cf-4b97-beb0-ea693d6145cd /var/lib/openstack/lib/python3.10/site-packages/oslo_context/context.py:100: DeprecationWarning: Policy enforcement is depending on the value of is_admin. This key is deprecated. Please update your policy file to use the standard policy values. warnings.warn('Policy enforcement is depending on the value of '
2026-07-15 06:05:15.147 7 INFO cinder.api.openstack.wsgi [req-3719321c-b674-4457-8df9-41d556b72964 req-0c00ad00-eb3a-41bd-80d7-66e919f7717b 075f5682994a413dbd828f7df95f5524 87db8853565c4a21bea8ad13428e7854 - - default default] http://cinder-api.openstack.svc.cluster.local:8776/v3/87db8853565c4a21bea8ad13428e7854/attachments/2396e31d-d5cf-4b97-beb0-ea693d6145cd returned with HTTP 200 [pid: 7|app: 0|req: 350/696] 199.204.45.210 () {40 vars in 1134 bytes} [Wed Jul 15 06:05:14 2026] PUT /v3/87db8853565c4a21bea8ad13428e7854/attachments/2396e31d-d5cf-4b97-beb0-ea693d6145cd => generated 775 bytes in 720 msecs (HTTP/1.1 200) 7 headers in 286 bytes (1 switches on core 0) /var/lib/openstack/lib/python3.10/site-packages/pycadf/identifier.py:71: UserWarning: Invalid uuid: cinderv3. To ensure interoperability, identifiers should be a valid uuid. warnings.warn(('Invalid uuid: %s. To ensure interoperability, '
2026-07-15 06:05:15.188 8 INFO cinder.api.openstack.wsgi [req-3719321c-b674-4457-8df9-41d556b72964 req-22a06f3c-eae1-4fec-a0d2-863d1fa8d596 075f5682994a413dbd828f7df95f5524 87db8853565c4a21bea8ad13428e7854 - - default default] POST http://cinder-api.openstack.svc.cluster.local:8776/v3/87db8853565c4a21bea8ad13428e7854/attachments/2396e31d-d5cf-4b97-beb0-ea693d6145cd/action /var/lib/openstack/lib/python3.10/site-packages/oslo_context/context.py:100: DeprecationWarning: Policy enforcement is depending on the value of is_admin. This key is deprecated. Please update your policy file to use the standard policy values. warnings.warn('Policy enforcement is depending on the value of '
2026-07-15 06:05:15.229 8 INFO cinder.api.openstack.wsgi [req-3719321c-b674-4457-8df9-41d556b72964 req-22a06f3c-eae1-4fec-a0d2-863d1fa8d596 075f5682994a413dbd828f7df95f5524 87db8853565c4a21bea8ad13428e7854 - - default default] http://cinder-api.openstack.svc.cluster.local:8776/v3/87db8853565c4a21bea8ad13428e7854/attachments/2396e31d-d5cf-4b97-beb0-ea693d6145cd/action returned with HTTP 204 [pid: 8|app: 0|req: 347/697] 199.204.45.210 () {40 vars in 1148 bytes} [Wed Jul 15 06:05:15 2026] POST /v3/87db8853565c4a21bea8ad13428e7854/attachments/2396e31d-d5cf-4b97-beb0-ea693d6145cd/action => generated 0 bytes in 53 msecs (HTTP/1.1 204) 7 headers in 292 bytes (1 switches on core 0)
2026-07-15 06:05:16.694 7 INFO cinder.api.openstack.wsgi [req-3719321c-b674-4457-8df9-41d556b72964 req-0c00ad00-eb3a-41bd-80d7-66e919f7717b 075f5682994a413dbd828f7df95f5524 87db8853565c4a21bea8ad13428e7854 - - default default] GET http://10.0.0.43:8776/
2026-07-15 06:05:16.696 7 INFO cinder.api.openstack.wsgi [req-3719321c-b674-4457-8df9-41d556b72964 req-0c00ad00-eb3a-41bd-80d7-66e919f7717b 075f5682994a413dbd828f7df95f5524 87db8853565c4a21bea8ad13428e7854 - - default default] http://10.0.0.43:8776/ returned with HTTP 300
2026-07-15 06:05:16.694 8 INFO cinder.api.openstack.wsgi [req-3719321c-b674-4457-8df9-41d556b72964 req-22a06f3c-eae1-4fec-a0d2-863d1fa8d596 075f5682994a413dbd828f7df95f5524 87db8853565c4a21bea8ad13428e7854 - - default default] GET http://10.0.0.43:8776/
2026-07-15 06:05:16.698 8 INFO cinder.api.openstack.wsgi [req-3719321c-b674-4457-8df9-41d556b72964 req-22a06f3c-eae1-4fec-a0d2-863d1fa8d596 075f5682994a413dbd828f7df95f5524 87db8853565c4a21bea8ad13428e7854 - - default default] http://10.0.0.43:8776/ returned with HTTP 300 /var/lib/openstack/lib/python3.10/site-packages/pycadf/identifier.py:71: UserWarning: Invalid uuid: cinderv3. To ensure interoperability, identifiers should be a valid uuid. warnings.warn(('Invalid uuid: %s. To ensure interoperability, '
2026-07-15 06:05:23.454 7 INFO cinder.api.openstack.wsgi [req-69ea91a3-0ca0-400d-8d51-f9898442c0f7 req-102b3fd6-9b73-47e5-9c4d-09b623ba345b 075f5682994a413dbd828f7df95f5524 87db8853565c4a21bea8ad13428e7854 - - default default] DELETE http://cinder-api.openstack.svc.cluster.local:8776/v3/87db8853565c4a21bea8ad13428e7854/attachments/2396e31d-d5cf-4b97-beb0-ea693d6145cd /var/lib/openstack/lib/python3.10/site-packages/oslo_context/context.py:100: DeprecationWarning: Policy enforcement is depending on the value of is_admin. This key is deprecated. Please update your policy file to use the standard policy values. warnings.warn('Policy enforcement is depending on the value of '
2026-07-15 06:05:23.543 7 INFO cinder.api.openstack.wsgi [req-69ea91a3-0ca0-400d-8d51-f9898442c0f7 req-102b3fd6-9b73-47e5-9c4d-09b623ba345b 075f5682994a413dbd828f7df95f5524 87db8853565c4a21bea8ad13428e7854 - - default default] http://cinder-api.openstack.svc.cluster.local:8776/v3/87db8853565c4a21bea8ad13428e7854/attachments/2396e31d-d5cf-4b97-beb0-ea693d6145cd returned with HTTP 200 [pid: 7|app: 0|req: 352/700] 199.204.45.210 () {38 vars in 1103 bytes} [Wed Jul 15 06:05:23 2026] DELETE /v3/87db8853565c4a21bea8ad13428e7854/attachments/2396e31d-d5cf-4b97-beb0-ea693d6145cd => generated 19 bytes in 97 msecs (HTTP/1.1 200) 7 headers in 285 bytes (1 switches on core 0) /var/lib/openstack/lib/python3.10/site-packages/pycadf/identifier.py:71: UserWarning: Invalid uuid: cinderv3. To ensure interoperability, identifiers should be a valid uuid. warnings.warn(('Invalid uuid: %s. To ensure interoperability, '
2026-07-15 06:05:23.559 8 INFO cinder.api.openstack.wsgi [req-69ea91a3-0ca0-400d-8d51-f9898442c0f7 req-f4050c3f-aab3-4e74-82b9-24bf8c844a00 075f5682994a413dbd828f7df95f5524 87db8853565c4a21bea8ad13428e7854 - - default default] DELETE http://cinder-api.openstack.svc.cluster.local:8776/v3/87db8853565c4a21bea8ad13428e7854/volumes/1438fbc6-9ca8-4d19-a092-aa7203d90238
2026-07-15 06:05:23.559 8 INFO cinder.api.v3.volumes [req-69ea91a3-0ca0-400d-8d51-f9898442c0f7 req-f4050c3f-aab3-4e74-82b9-24bf8c844a00 075f5682994a413dbd828f7df95f5524 87db8853565c4a21bea8ad13428e7854 - - default default] Delete volume with id: 1438fbc6-9ca8-4d19-a092-aa7203d90238  /var/lib/openstack/lib/python3.10/site-packages/oslo_context/context.py:100: DeprecationWarning: Policy enforcement is depending on the value of is_admin. This key is deprecated. Please update your policy file to use the standard policy values. warnings.warn('Policy enforcement is depending on the value of '
2026-07-15 06:05:23.570 8 INFO cinder.volume.api [req-69ea91a3-0ca0-400d-8d51-f9898442c0f7 req-f4050c3f-aab3-4e74-82b9-24bf8c844a00 075f5682994a413dbd828f7df95f5524 87db8853565c4a21bea8ad13428e7854 - - default default] Volume info retrieved successfully.
2026-07-15 06:05:23.598 8 INFO cinder.volume.api [req-69ea91a3-0ca0-400d-8d51-f9898442c0f7 req-f4050c3f-aab3-4e74-82b9-24bf8c844a00 075f5682994a413dbd828f7df95f5524 87db8853565c4a21bea8ad13428e7854 - - default default] Delete volume request issued successfully.
2026-07-15 06:05:23.599 8 INFO cinder.api.openstack.wsgi [req-69ea91a3-0ca0-400d-8d51-f9898442c0f7 req-f4050c3f-aab3-4e74-82b9-24bf8c844a00 075f5682994a413dbd828f7df95f5524 87db8853565c4a21bea8ad13428e7854 - - default default] http://cinder-api.openstack.svc.cluster.local:8776/v3/87db8853565c4a21bea8ad13428e7854/volumes/1438fbc6-9ca8-4d19-a092-aa7203d90238 returned with HTTP 202 [pid: 8|app: 0|req: 349/701] 199.204.45.210 () {36 vars in 1054 bytes} [Wed Jul 15 06:05:23 2026] DELETE /v3/87db8853565c4a21bea8ad13428e7854/volumes/1438fbc6-9ca8-4d19-a092-aa7203d90238 => generated 0 bytes in 49 msecs (HTTP/1.1 202) 6 headers in 233 bytes (1 switches on core 0)
2026-07-15 06:05:26.694 7 INFO cinder.api.openstack.wsgi [req-69ea91a3-0ca0-400d-8d51-f9898442c0f7 req-102b3fd6-9b73-47e5-9c4d-09b623ba345b 075f5682994a413dbd828f7df95f5524 87db8853565c4a21bea8ad13428e7854 - - default default] GET http://10.0.0.43:8776/
2026-07-15 06:05:26.694 8 INFO cinder.api.openstack.wsgi [req-69ea91a3-0ca0-400d-8d51-f9898442c0f7 req-f4050c3f-aab3-4e74-82b9-24bf8c844a00 075f5682994a413dbd828f7df95f5524 87db8853565c4a21bea8ad13428e7854 - - default default] GET http://10.0.0.43:8776/
2026-07-15 06:05:26.695 7 INFO cinder.api.openstack.wsgi [req-69ea91a3-0ca0-400d-8d51-f9898442c0f7 req-102b3fd6-9b73-47e5-9c4d-09b623ba345b 075f5682994a413dbd828f7df95f5524 87db8853565c4a21bea8ad13428e7854 - - default default] http://10.0.0.43:8776/ returned with HTTP 300
2026-07-15 06:05:26.696 8 INFO cinder.api.openstack.wsgi [req-69ea91a3-0ca0-400d-8d51-f9898442c0f7 req-f4050c3f-aab3-4e74-82b9-24bf8c844a00 075f5682994a413dbd828f7df95f5524 87db8853565c4a21bea8ad13428e7854 - - default default] http://10.0.0.43:8776/ returned with HTTP 300
2026-07-15 06:05:36.694 7 INFO cinder.api.openstack.wsgi [req-69ea91a3-0ca0-400d-8d51-f9898442c0f7 req-102b3fd6-9b73-47e5-9c4d-09b623ba345b 075f5682994a413dbd828f7df95f5524 87db8853565c4a21bea8ad13428e7854 - - default default] GET http://10.0.0.43:8776/
2026-07-15 06:05:36.694 8 INFO cinder.api.openstack.wsgi [req-69ea91a3-0ca0-400d-8d51-f9898442c0f7 req-f4050c3f-aab3-4e74-82b9-24bf8c844a00 075f5682994a413dbd828f7df95f5524 87db8853565c4a21bea8ad13428e7854 - - default default] GET http://10.0.0.43:8776/
2026-07-15 06:05:36.695 8 INFO cinder.api.openstack.wsgi [req-69ea91a3-0ca0-400d-8d51-f9898442c0f7 req-f4050c3f-aab3-4e74-82b9-24bf8c844a00 075f5682994a413dbd828f7df95f5524 87db8853565c4a21bea8ad13428e7854 - - default default] http://10.0.0.43:8776/ returned with HTTP 300
2026-07-15 06:05:36.695 7 INFO cinder.api.openstack.wsgi [req-69ea91a3-0ca0-400d-8d51-f9898442c0f7 req-102b3fd6-9b73-47e5-9c4d-09b623ba345b 075f5682994a413dbd828f7df95f5524 87db8853565c4a21bea8ad13428e7854 - - default default] http://10.0.0.43:8776/ returned with HTTP 300
2026-07-15 06:05:46.694 7 INFO cinder.api.openstack.wsgi [req-69ea91a3-0ca0-400d-8d51-f9898442c0f7 req-102b3fd6-9b73-47e5-9c4d-09b623ba345b 075f5682994a413dbd828f7df95f5524 87db8853565c4a21bea8ad13428e7854 - - default default] GET http://10.0.0.43:8776/
2026-07-15 06:05:46.695 8 INFO cinder.api.openstack.wsgi [req-69ea91a3-0ca0-400d-8d51-f9898442c0f7 req-f4050c3f-aab3-4e74-82b9-24bf8c844a00 075f5682994a413dbd828f7df95f5524 87db8853565c4a21bea8ad13428e7854 - - default default] GET http://10.0.0.43:8776/
2026-07-15 06:05:46.696 7 INFO cinder.api.openstack.wsgi [req-69ea91a3-0ca0-400d-8d51-f9898442c0f7 req-102b3fd6-9b73-47e5-9c4d-09b623ba345b 075f5682994a413dbd828f7df95f5524 87db8853565c4a21bea8ad13428e7854 - - default default] http://10.0.0.43:8776/ returned with HTTP 300
2026-07-15 06:05:46.697 8 INFO cinder.api.openstack.wsgi [req-69ea91a3-0ca0-400d-8d51-f9898442c0f7 req-f4050c3f-aab3-4e74-82b9-24bf8c844a00 075f5682994a413dbd828f7df95f5524 87db8853565c4a21bea8ad13428e7854 - - default default] http://10.0.0.43:8776/ returned with HTTP 300 /var/lib/openstack/lib/python3.10/site-packages/pycadf/identifier.py:71: UserWarning: Invalid uuid: cinderv3. To ensure interoperability, identifiers should be a valid uuid. warnings.warn(('Invalid uuid: %s. To ensure interoperability, '
2026-07-15 06:05:47.934 7 INFO cinder.api.openstack.wsgi [None req-68531e69-1281-436a-9d34-74dee7a85d4f 4239e68166ed4136927cb286b7fb9c8a 4df009eeb35b4bdeb722721d47d8db55 - - default default] GET http://cinder-api.openstack.svc.cluster.local:8776/v3/4df009eeb35b4bdeb722721d47d8db55/os-quota-sets/31202f57d21c470ca2651d489462184f?usage=true /var/lib/openstack/lib/python3.10/site-packages/oslo_context/context.py:100: DeprecationWarning: Policy enforcement is depending on the value of is_admin. This key is deprecated. Please update your policy file to use the standard policy values. warnings.warn('Policy enforcement is depending on the value of '
2026-07-15 06:05:47.960 7 INFO cinder.api.openstack.wsgi [None req-68531e69-1281-436a-9d34-74dee7a85d4f 4239e68166ed4136927cb286b7fb9c8a 4df009eeb35b4bdeb722721d47d8db55 - - default default] http://cinder-api.openstack.svc.cluster.local:8776/v3/4df009eeb35b4bdeb722721d47d8db55/os-quota-sets/31202f57d21c470ca2651d489462184f?usage=true returned with HTTP 200 [pid: 7|app: 0|req: 356/708] 10.0.0.3 () {28 vars in 734 bytes} [Wed Jul 15 06:05:47 2026] GET /v3/4df009eeb35b4bdeb722721d47d8db55/os-quota-sets/31202f57d21c470ca2651d489462184f?usage=true => generated 847 bytes in 293 msecs (HTTP/1.1 200) 7 headers in 285 bytes (1 switches on core 0) /var/lib/openstack/lib/python3.10/site-packages/pycadf/identifier.py:71: UserWarning: Invalid uuid: cinderv3. To ensure interoperability, identifiers should be a valid uuid. warnings.warn(('Invalid uuid: %s. To ensure interoperability, '
2026-07-15 06:05:47.974 8 INFO cinder.api.openstack.wsgi [None req-f33bfff8-9d69-4826-bd09-cca775d5618e 4239e68166ed4136927cb286b7fb9c8a 4df009eeb35b4bdeb722721d47d8db55 - - default default] GET http://cinder-api.openstack.svc.cluster.local:8776/v3/4df009eeb35b4bdeb722721d47d8db55/os-quota-sets/4c3d4ae95494411391313bf7a6e53af7?usage=true
2026-07-15 06:05:48.011 8 INFO cinder.api.openstack.wsgi [None req-f33bfff8-9d69-4826-bd09-cca775d5618e 4239e68166ed4136927cb286b7fb9c8a 4df009eeb35b4bdeb722721d47d8db55 - - default default] http://cinder-api.openstack.svc.cluster.local:8776/v3/4df009eeb35b4bdeb722721d47d8db55/os-quota-sets/4c3d4ae95494411391313bf7a6e53af7?usage=true returned with HTTP 200 [pid: 8|app: 0|req: 353/709] 10.0.0.3 () {28 vars in 734 bytes} [Wed Jul 15 06:05:47 2026] GET /v3/4df009eeb35b4bdeb722721d47d8db55/os-quota-sets/4c3d4ae95494411391313bf7a6e53af7?usage=true => generated 847 bytes in 46 msecs (HTTP/1.1 200) 7 headers in 285 bytes (1 switches on core 0)
2026-07-15 06:05:48.027 7 INFO cinder.api.openstack.wsgi [None req-fe2a1115-856f-4abe-8dc6-220cb63c2b79 4239e68166ed4136927cb286b7fb9c8a 4df009eeb35b4bdeb722721d47d8db55 - - default default] GET http://cinder-api.openstack.svc.cluster.local:8776/v3/4df009eeb35b4bdeb722721d47d8db55/os-quota-sets/4df009eeb35b4bdeb722721d47d8db55?usage=true
2026-07-15 06:05:48.057 7 INFO cinder.api.openstack.wsgi [None req-fe2a1115-856f-4abe-8dc6-220cb63c2b79 4239e68166ed4136927cb286b7fb9c8a 4df009eeb35b4bdeb722721d47d8db55 - - default default] http://cinder-api.openstack.svc.cluster.local:8776/v3/4df009eeb35b4bdeb722721d47d8db55/os-quota-sets/4df009eeb35b4bdeb722721d47d8db55?usage=true returned with HTTP 200 [pid: 7|app: 0|req: 357/710] 10.0.0.3 () {28 vars in 734 bytes} [Wed Jul 15 06:05:48 2026] GET /v3/4df009eeb35b4bdeb722721d47d8db55/os-quota-sets/4df009eeb35b4bdeb722721d47d8db55?usage=true => generated 845 bytes in 41 msecs (HTTP/1.1 200) 7 headers in 285 bytes (1 switches on core 0)
2026-07-15 06:05:48.071 8 INFO cinder.api.openstack.wsgi [None req-09c15af9-2d5f-45ce-ac01-0cef86a37432 4239e68166ed4136927cb286b7fb9c8a 4df009eeb35b4bdeb722721d47d8db55 - - default default] GET http://cinder-api.openstack.svc.cluster.local:8776/v3/4df009eeb35b4bdeb722721d47d8db55/os-quota-sets/5b4a2ac1bfcd453ea4f3668c1273042c?usage=true
2026-07-15 06:05:48.101 8 INFO cinder.api.openstack.wsgi [None req-09c15af9-2d5f-45ce-ac01-0cef86a37432 4239e68166ed4136927cb286b7fb9c8a 4df009eeb35b4bdeb722721d47d8db55 - - default default] http://cinder-api.openstack.svc.cluster.local:8776/v3/4df009eeb35b4bdeb722721d47d8db55/os-quota-sets/5b4a2ac1bfcd453ea4f3668c1273042c?usage=true returned with HTTP 200 [pid: 8|app: 0|req: 354/711] 10.0.0.3 () {28 vars in 734 bytes} [Wed Jul 15 06:05:48 2026] GET /v3/4df009eeb35b4bdeb722721d47d8db55/os-quota-sets/5b4a2ac1bfcd453ea4f3668c1273042c?usage=true => generated 847 bytes in 37 msecs (HTTP/1.1 200) 7 headers in 285 bytes (1 switches on core 0)
2026-07-15 06:05:48.115 7 INFO cinder.api.openstack.wsgi [None req-0976fa28-1b5c-4fdf-ba8f-3ee4139802ce 4239e68166ed4136927cb286b7fb9c8a 4df009eeb35b4bdeb722721d47d8db55 - - default default] GET http://cinder-api.openstack.svc.cluster.local:8776/v3/4df009eeb35b4bdeb722721d47d8db55/os-quota-sets/77c7d908e9bf44a5a2fe13acd906911f?usage=true
2026-07-15 06:05:48.142 7 INFO cinder.api.openstack.wsgi [None req-0976fa28-1b5c-4fdf-ba8f-3ee4139802ce 4239e68166ed4136927cb286b7fb9c8a 4df009eeb35b4bdeb722721d47d8db55 - - default default] http://cinder-api.openstack.svc.cluster.local:8776/v3/4df009eeb35b4bdeb722721d47d8db55/os-quota-sets/77c7d908e9bf44a5a2fe13acd906911f?usage=true returned with HTTP 200 [pid: 7|app: 0|req: 358/712] 10.0.0.3 () {28 vars in 734 bytes} [Wed Jul 15 06:05:48 2026] GET /v3/4df009eeb35b4bdeb722721d47d8db55/os-quota-sets/77c7d908e9bf44a5a2fe13acd906911f?usage=true => generated 847 bytes in 38 msecs (HTTP/1.1 200) 7 headers in 285 bytes (1 switches on core 0)
2026-07-15 06:05:48.155 8 INFO cinder.api.openstack.wsgi [None req-0b940c46-a2df-420e-8504-fdcdc4f05e11 4239e68166ed4136927cb286b7fb9c8a 4df009eeb35b4bdeb722721d47d8db55 - - default default] GET http://cinder-api.openstack.svc.cluster.local:8776/v3/4df009eeb35b4bdeb722721d47d8db55/os-quota-sets/9f13fd3be919402e8c727544a7862b14?usage=true
2026-07-15 06:05:48.183 8 INFO cinder.api.openstack.wsgi [None req-0b940c46-a2df-420e-8504-fdcdc4f05e11 4239e68166ed4136927cb286b7fb9c8a 4df009eeb35b4bdeb722721d47d8db55 - - default default] http://cinder-api.openstack.svc.cluster.local:8776/v3/4df009eeb35b4bdeb722721d47d8db55/os-quota-sets/9f13fd3be919402e8c727544a7862b14?usage=true returned with HTTP 200 [pid: 8|app: 0|req: 355/713] 10.0.0.3 () {28 vars in 734 bytes} [Wed Jul 15 06:05:48 2026] GET /v3/4df009eeb35b4bdeb722721d47d8db55/os-quota-sets/9f13fd3be919402e8c727544a7862b14?usage=true => generated 847 bytes in 37 msecs (HTTP/1.1 200) 7 headers in 285 bytes (1 switches on core 0)
2026-07-15 06:05:48.203 7 INFO cinder.api.openstack.wsgi [None req-aba300d2-d5e3-4e8e-9998-ab2e34fdd8fe 4239e68166ed4136927cb286b7fb9c8a 4df009eeb35b4bdeb722721d47d8db55 - - default default] GET http://cinder-api.openstack.svc.cluster.local:8776/v3/4df009eeb35b4bdeb722721d47d8db55/os-quota-sets/bb373aa1806d4c2b9f1d01c0b9a6587b?usage=true
2026-07-15 06:05:48.230 7 INFO cinder.api.openstack.wsgi [None req-aba300d2-d5e3-4e8e-9998-ab2e34fdd8fe 4239e68166ed4136927cb286b7fb9c8a 4df009eeb35b4bdeb722721d47d8db55 - - default default] http://cinder-api.openstack.svc.cluster.local:8776/v3/4df009eeb35b4bdeb722721d47d8db55/os-quota-sets/bb373aa1806d4c2b9f1d01c0b9a6587b?usage=true returned with HTTP 200 [pid: 7|app: 0|req: 359/714] 10.0.0.3 () {28 vars in 734 bytes} [Wed Jul 15 06:05:48 2026] GET /v3/4df009eeb35b4bdeb722721d47d8db55/os-quota-sets/bb373aa1806d4c2b9f1d01c0b9a6587b?usage=true => generated 847 bytes in 33 msecs (HTTP/1.1 200) 7 headers in 285 bytes (1 switches on core 0)
2026-07-15 06:05:48.242 8 INFO cinder.api.openstack.wsgi [None req-cf4cbc64-fbf3-402b-a7c0-95964ac9737b 4239e68166ed4136927cb286b7fb9c8a 4df009eeb35b4bdeb722721d47d8db55 - - default default] GET http://cinder-api.openstack.svc.cluster.local:8776/v3/4df009eeb35b4bdeb722721d47d8db55/os-quota-sets/c8d08d18f7d94675b83d1e79b3f6bd18?usage=true
2026-07-15 06:05:48.269 8 INFO cinder.api.openstack.wsgi [None req-cf4cbc64-fbf3-402b-a7c0-95964ac9737b 4239e68166ed4136927cb286b7fb9c8a 4df009eeb35b4bdeb722721d47d8db55 - - default default] http://cinder-api.openstack.svc.cluster.local:8776/v3/4df009eeb35b4bdeb722721d47d8db55/os-quota-sets/c8d08d18f7d94675b83d1e79b3f6bd18?usage=true returned with HTTP 200 [pid: 8|app: 0|req: 356/715] 10.0.0.3 () {28 vars in 734 bytes} [Wed Jul 15 06:05:48 2026] GET /v3/4df009eeb35b4bdeb722721d47d8db55/os-quota-sets/c8d08d18f7d94675b83d1e79b3f6bd18?usage=true => generated 847 bytes in 36 msecs (HTTP/1.1 200) 7 headers in 285 bytes (1 switches on core 0)
2026-07-15 06:05:48.286 7 INFO cinder.api.openstack.wsgi [None req-23701307-093a-4e1a-9566-8d2c9d6474ba 4239e68166ed4136927cb286b7fb9c8a 4df009eeb35b4bdeb722721d47d8db55 - - default default] GET http://cinder-api.openstack.svc.cluster.local:8776/v3/4df009eeb35b4bdeb722721d47d8db55/os-quota-sets/dfcca62c60f942559238de17f9258104?usage=true
2026-07-15 06:05:48.314 7 INFO cinder.api.openstack.wsgi [None req-23701307-093a-4e1a-9566-8d2c9d6474ba 4239e68166ed4136927cb286b7fb9c8a 4df009eeb35b4bdeb722721d47d8db55 - - default default] http://cinder-api.openstack.svc.cluster.local:8776/v3/4df009eeb35b4bdeb722721d47d8db55/os-quota-sets/dfcca62c60f942559238de17f9258104?usage=true returned with HTTP 200 [pid: 7|app: 0|req: 360/716] 10.0.0.3 () {28 vars in 734 bytes} [Wed Jul 15 06:05:48 2026] GET /v3/4df009eeb35b4bdeb722721d47d8db55/os-quota-sets/dfcca62c60f942559238de17f9258104?usage=true => generated 845 bytes in 40 msecs (HTTP/1.1 200) 7 headers in 285 bytes (1 switches on core 0)
2026-07-15 06:05:48.327 8 INFO cinder.api.openstack.wsgi [None req-5529cb25-ef12-4dbc-9767-bc3f2308feb0 4239e68166ed4136927cb286b7fb9c8a 4df009eeb35b4bdeb722721d47d8db55 - - default default] GET http://cinder-api.openstack.svc.cluster.local:8776/v3/4df009eeb35b4bdeb722721d47d8db55/volumes/detail?all_tenants=true
2026-07-15 06:05:48.339 8 INFO cinder.volume.api [None req-5529cb25-ef12-4dbc-9767-bc3f2308feb0 4239e68166ed4136927cb286b7fb9c8a 4df009eeb35b4bdeb722721d47d8db55 - - default default] Get all volumes completed successfully.
2026-07-15 06:05:48.343 8 INFO cinder.api.openstack.wsgi [None req-5529cb25-ef12-4dbc-9767-bc3f2308feb0 4239e68166ed4136927cb286b7fb9c8a 4df009eeb35b4bdeb722721d47d8db55 - - default default] http://cinder-api.openstack.svc.cluster.local:8776/v3/4df009eeb35b4bdeb722721d47d8db55/volumes/detail?all_tenants=true returned with HTTP 200 [pid: 8|app: 0|req: 357/717] 10.0.0.3 () {28 vars in 682 bytes} [Wed Jul 15 06:05:48 2026] GET /v3/4df009eeb35b4bdeb722721d47d8db55/volumes/detail?all_tenants=true => generated 15 bytes in 26 msecs (HTTP/1.1 200) 7 headers in 284 bytes (1 switches on core 0)
2026-07-15 06:05:48.360 7 INFO cinder.api.openstack.wsgi [None req-7cbdf2db-023e-487b-8f1d-d70f1e5576b3 4239e68166ed4136927cb286b7fb9c8a 4df009eeb35b4bdeb722721d47d8db55 - - default default] GET http://cinder-api.openstack.svc.cluster.local:8776/v3/4df009eeb35b4bdeb722721d47d8db55/snapshots?all_tenants=true
2026-07-15 06:05:48.371 7 INFO cinder.volume.api [None req-7cbdf2db-023e-487b-8f1d-d70f1e5576b3 4239e68166ed4136927cb286b7fb9c8a 4df009eeb35b4bdeb722721d47d8db55 - - default default] Get all snapshots completed successfully.
2026-07-15 06:05:48.372 7 INFO cinder.api.openstack.wsgi [None req-7cbdf2db-023e-487b-8f1d-d70f1e5576b3 4239e68166ed4136927cb286b7fb9c8a 4df009eeb35b4bdeb722721d47d8db55 - - default default] http://cinder-api.openstack.svc.cluster.local:8776/v3/4df009eeb35b4bdeb722721d47d8db55/snapshots?all_tenants=true returned with HTTP 200 [pid: 7|app: 0|req: 361/718] 10.0.0.3 () {28 vars in 672 bytes} [Wed Jul 15 06:05:48 2026] GET /v3/4df009eeb35b4bdeb722721d47d8db55/snapshots?all_tenants=true => generated 17 bytes in 24 msecs (HTTP/1.1 200) 7 headers in 284 bytes (1 switches on core 0)
2026-07-15 06:05:48.382 8 INFO cinder.api.openstack.wsgi [None req-6024eeb3-b60f-411e-8c4a-e7bb551895f4 4239e68166ed4136927cb286b7fb9c8a 4df009eeb35b4bdeb722721d47d8db55 - - default default] GET http://cinder-api.openstack.svc.cluster.local:8776/v3/4df009eeb35b4bdeb722721d47d8db55/os-services
2026-07-15 06:05:48.389 8 INFO cinder.api.openstack.wsgi [None req-6024eeb3-b60f-411e-8c4a-e7bb551895f4 4239e68166ed4136927cb286b7fb9c8a 4df009eeb35b4bdeb722721d47d8db55 - - default default] http://cinder-api.openstack.svc.cluster.local:8776/v3/4df009eeb35b4bdeb722721d47d8db55/os-services returned with HTTP 200 [pid: 8|app: 0|req: 358/719] 10.0.0.3 () {28 vars in 643 bytes} [Wed Jul 15 06:05:48 2026] GET /v3/4df009eeb35b4bdeb722721d47d8db55/os-services => generated 646 bytes in 13 msecs (HTTP/1.1 200) 7 headers in 285 bytes (1 switches on core 0)
2026-07-15 06:05:48.398 7 INFO cinder.api.openstack.wsgi [None req-2c9b3854-6c9b-46a4-abb7-311502dfc6e2 4239e68166ed4136927cb286b7fb9c8a 4df009eeb35b4bdeb722721d47d8db55 - - default default] GET http://cinder-api.openstack.svc.cluster.local:8776/v3/4df009eeb35b4bdeb722721d47d8db55/volumes/detail?all_tenants=true
2026-07-15 06:05:48.407 7 INFO cinder.volume.api [None req-2c9b3854-6c9b-46a4-abb7-311502dfc6e2 4239e68166ed4136927cb286b7fb9c8a 4df009eeb35b4bdeb722721d47d8db55 - - default default] Get all volumes completed successfully.
2026-07-15 06:05:48.410 7 INFO cinder.api.openstack.wsgi [None req-2c9b3854-6c9b-46a4-abb7-311502dfc6e2 4239e68166ed4136927cb286b7fb9c8a 4df009eeb35b4bdeb722721d47d8db55 - - default default] http://cinder-api.openstack.svc.cluster.local:8776/v3/4df009eeb35b4bdeb722721d47d8db55/volumes/detail?all_tenants=true returned with HTTP 200 [pid: 7|app: 0|req: 362/720] 10.0.0.3 () {28 vars in 682 bytes} [Wed Jul 15 06:05:48 2026] GET /v3/4df009eeb35b4bdeb722721d47d8db55/volumes/detail?all_tenants=true => generated 15 bytes in 16 msecs (HTTP/1.1 200) 7 headers in 284 bytes (1 switches on core 0)
2026-07-15 06:05:48.432 8 INFO cinder.api.openstack.wsgi [None req-46831aa0-f576-4b44-8baa-ba40f9270acc 4239e68166ed4136927cb286b7fb9c8a 4df009eeb35b4bdeb722721d47d8db55 - - default default] GET http://cinder-api.openstack.svc.cluster.local:8776/v3/4df009eeb35b4bdeb722721d47d8db55/scheduler-stats/get_pools?detail=true
2026-07-15 06:05:48.449 8 INFO cinder.api.openstack.wsgi [None req-46831aa0-f576-4b44-8baa-ba40f9270acc 4239e68166ed4136927cb286b7fb9c8a 4df009eeb35b4bdeb722721d47d8db55 - - default default] http://cinder-api.openstack.svc.cluster.local:8776/v3/4df009eeb35b4bdeb722721d47d8db55/scheduler-stats/get_pools?detail=true returned with HTTP 200 [pid: 8|app: 0|req: 359/721] 10.0.0.3 () {28 vars in 694 bytes} [Wed Jul 15 06:05:48 2026] GET /v3/4df009eeb35b4bdeb722721d47d8db55/scheduler-stats/get_pools?detail=true => generated 670 bytes in 27 msecs (HTTP/1.1 200) 7 headers in 285 bytes (1 switches on core 0)
2026-07-15 06:05:56.694 7 INFO cinder.api.openstack.wsgi [None req-2c9b3854-6c9b-46a4-abb7-311502dfc6e2 4239e68166ed4136927cb286b7fb9c8a 4df009eeb35b4bdeb722721d47d8db55 - - default default] GET http://10.0.0.43:8776/
2026-07-15 06:05:56.696 8 INFO cinder.api.openstack.wsgi [None req-46831aa0-f576-4b44-8baa-ba40f9270acc 4239e68166ed4136927cb286b7fb9c8a 4df009eeb35b4bdeb722721d47d8db55 - - default default] GET http://10.0.0.43:8776/
2026-07-15 06:05:56.696 7 INFO cinder.api.openstack.wsgi [None req-2c9b3854-6c9b-46a4-abb7-311502dfc6e2 4239e68166ed4136927cb286b7fb9c8a 4df009eeb35b4bdeb722721d47d8db55 - - default default] http://10.0.0.43:8776/ returned with HTTP 300
2026-07-15 06:05:56.697 8 INFO cinder.api.openstack.wsgi [None req-46831aa0-f576-4b44-8baa-ba40f9270acc 4239e68166ed4136927cb286b7fb9c8a 4df009eeb35b4bdeb722721d47d8db55 - - default default] http://10.0.0.43:8776/ returned with HTTP 300
2026-07-15 06:06:02.541 7 INFO cinder.api.openstack.wsgi [req-b29c7767-fcab-4d08-a472-639065753957 req-8068f477-7d5e-4936-a341-d38bc355be51 2101693d77b14345b06216b4f0813ac1 77c7d908e9bf44a5a2fe13acd906911f - - default default] GET http://cinder-api.openstack.svc.cluster.local:8776/v3/77c7d908e9bf44a5a2fe13acd906911f/attachments?instance_id=1b66663b-2d1c-4c83-8432-69d05ff9fa66
2026-07-15 06:06:02.554 7 INFO cinder.api.openstack.wsgi [req-b29c7767-fcab-4d08-a472-639065753957 req-8068f477-7d5e-4936-a341-d38bc355be51 2101693d77b14345b06216b4f0813ac1 77c7d908e9bf44a5a2fe13acd906911f - - default default] http://cinder-api.openstack.svc.cluster.local:8776/v3/77c7d908e9bf44a5a2fe13acd906911f/attachments?instance_id=1b66663b-2d1c-4c83-8432-69d05ff9fa66 returned with HTTP 200 [pid: 7|app: 0|req: 364/724] 199.204.45.210 () {36 vars in 1104 bytes} [Wed Jul 15 06:06:02 2026] GET /v3/77c7d908e9bf44a5a2fe13acd906911f/attachments?instance_id=1b66663b-2d1c-4c83-8432-69d05ff9fa66 => generated 19 bytes in 22 msecs (HTTP/1.1 200) 7 headers in 285 bytes (1 switches on core 0)
2026-07-15 06:06:06.695 8 INFO cinder.api.openstack.wsgi [None req-46831aa0-f576-4b44-8baa-ba40f9270acc 4239e68166ed4136927cb286b7fb9c8a 4df009eeb35b4bdeb722721d47d8db55 - - default default] GET http://10.0.0.43:8776/
2026-07-15 06:06:06.696 8 INFO cinder.api.openstack.wsgi [None req-46831aa0-f576-4b44-8baa-ba40f9270acc 4239e68166ed4136927cb286b7fb9c8a 4df009eeb35b4bdeb722721d47d8db55 - - default default] http://10.0.0.43:8776/ returned with HTTP 300
2026-07-15 06:06:06.697 7 INFO cinder.api.openstack.wsgi [req-b29c7767-fcab-4d08-a472-639065753957 req-8068f477-7d5e-4936-a341-d38bc355be51 2101693d77b14345b06216b4f0813ac1 77c7d908e9bf44a5a2fe13acd906911f - - default default] GET http://10.0.0.43:8776/
2026-07-15 06:06:06.698 7 INFO cinder.api.openstack.wsgi [req-b29c7767-fcab-4d08-a472-639065753957 req-8068f477-7d5e-4936-a341-d38bc355be51 2101693d77b14345b06216b4f0813ac1 77c7d908e9bf44a5a2fe13acd906911f - - default default] http://10.0.0.43:8776/ returned with HTTP 300
2026-07-15 06:06:16.695 8 INFO cinder.api.openstack.wsgi [None req-46831aa0-f576-4b44-8baa-ba40f9270acc 4239e68166ed4136927cb286b7fb9c8a 4df009eeb35b4bdeb722721d47d8db55 - - default default] GET http://10.0.0.43:8776/
2026-07-15 06:06:16.695 7 INFO cinder.api.openstack.wsgi [req-b29c7767-fcab-4d08-a472-639065753957 req-8068f477-7d5e-4936-a341-d38bc355be51 2101693d77b14345b06216b4f0813ac1 77c7d908e9bf44a5a2fe13acd906911f - - default default] GET http://10.0.0.43:8776/
2026-07-15 06:06:16.696 8 INFO cinder.api.openstack.wsgi [None req-46831aa0-f576-4b44-8baa-ba40f9270acc 4239e68166ed4136927cb286b7fb9c8a 4df009eeb35b4bdeb722721d47d8db55 - - default default] http://10.0.0.43:8776/ returned with HTTP 300
2026-07-15 06:06:16.697 7 INFO cinder.api.openstack.wsgi [req-b29c7767-fcab-4d08-a472-639065753957 req-8068f477-7d5e-4936-a341-d38bc355be51 2101693d77b14345b06216b4f0813ac1 77c7d908e9bf44a5a2fe13acd906911f - - default default] http://10.0.0.43:8776/ returned with HTTP 300
2026-07-15 06:06:26.693 8 INFO cinder.api.openstack.wsgi [None req-46831aa0-f576-4b44-8baa-ba40f9270acc 4239e68166ed4136927cb286b7fb9c8a 4df009eeb35b4bdeb722721d47d8db55 - - default default] GET http://10.0.0.43:8776/
2026-07-15 06:06:26.694 8 INFO cinder.api.openstack.wsgi [None req-46831aa0-f576-4b44-8baa-ba40f9270acc 4239e68166ed4136927cb286b7fb9c8a 4df009eeb35b4bdeb722721d47d8db55 - - default default] http://10.0.0.43:8776/ returned with HTTP 300
2026-07-15 06:06:26.695 7 INFO cinder.api.openstack.wsgi [req-b29c7767-fcab-4d08-a472-639065753957 req-8068f477-7d5e-4936-a341-d38bc355be51 2101693d77b14345b06216b4f0813ac1 77c7d908e9bf44a5a2fe13acd906911f - - default default] GET http://10.0.0.43:8776/
2026-07-15 06:06:26.697 7 INFO cinder.api.openstack.wsgi [req-b29c7767-fcab-4d08-a472-639065753957 req-8068f477-7d5e-4936-a341-d38bc355be51 2101693d77b14345b06216b4f0813ac1 77c7d908e9bf44a5a2fe13acd906911f - - default default] http://10.0.0.43:8776/ returned with HTTP 300
2026-07-15 06:06:36.014 8 INFO cinder.api.openstack.wsgi [None req-f1da19aa-a695-46f2-9ec4-a30bdff34322 d90cf0b31ac1488bbffea899268f9612 ad99f0d6d7ce426792074802c2bc2b3b - - default default] GET http://cinder-api.openstack.svc.cluster.local:8776/v3/ad99f0d6d7ce426792074802c2bc2b3b/volumes
2026-07-15 06:06:36.053 8 INFO cinder.volume.api [None req-f1da19aa-a695-46f2-9ec4-a30bdff34322 d90cf0b31ac1488bbffea899268f9612 ad99f0d6d7ce426792074802c2bc2b3b - - default default] Get all volumes completed successfully.
2026-07-15 06:06:36.054 8 INFO cinder.api.openstack.wsgi [None req-f1da19aa-a695-46f2-9ec4-a30bdff34322 d90cf0b31ac1488bbffea899268f9612 ad99f0d6d7ce426792074802c2bc2b3b - - default default] http://cinder-api.openstack.svc.cluster.local:8776/v3/ad99f0d6d7ce426792074802c2bc2b3b/volumes returned with HTTP 200 [pid: 8|app: 0|req: 364/731] 10.0.0.208 () {32 vars in 701 bytes} [Wed Jul 15 06:06:35 2026] GET /v3/ad99f0d6d7ce426792074802c2bc2b3b/volumes => generated 15 bytes in 163 msecs (HTTP/1.1 200) 7 headers in 284 bytes (1 switches on core 0)
2026-07-15 06:06:36.067 7 INFO cinder.api.openstack.wsgi [None req-867226c4-ac9b-4425-a311-f1b20c5f1b28 d90cf0b31ac1488bbffea899268f9612 ad99f0d6d7ce426792074802c2bc2b3b - - default default] POST http://cinder-api.openstack.svc.cluster.local:8776/v3/ad99f0d6d7ce426792074802c2bc2b3b/volumes
2026-07-15 06:06:36.070 7 INFO cinder.api.v3.volumes [None req-867226c4-ac9b-4425-a311-f1b20c5f1b28 d90cf0b31ac1488bbffea899268f9612 ad99f0d6d7ce426792074802c2bc2b3b - - default default] Create volume of 1 GB
2026-07-15 06:06:36.081 7 INFO cinder.volume.api [None req-867226c4-ac9b-4425-a311-f1b20c5f1b28 d90cf0b31ac1488bbffea899268f9612 ad99f0d6d7ce426792074802c2bc2b3b - - default default] Availability Zones retrieved successfully. /var/lib/openstack/lib/python3.10/site-packages/taskflow/engines/action_engine/process_executor.py:17: DeprecationWarning: The asyncore module is deprecated and will be removed in Python 3.12. The recommended replacement is asyncio import asyncore
2026-07-15 06:06:36.345 7 INFO cinder.volume.api [None req-867226c4-ac9b-4425-a311-f1b20c5f1b28 d90cf0b31ac1488bbffea899268f9612 ad99f0d6d7ce426792074802c2bc2b3b - - default default] Create volume request issued successfully.
2026-07-15 06:06:36.347 7 INFO cinder.api.openstack.wsgi [None req-867226c4-ac9b-4425-a311-f1b20c5f1b28 d90cf0b31ac1488bbffea899268f9612 ad99f0d6d7ce426792074802c2bc2b3b - - default default] http://cinder-api.openstack.svc.cluster.local:8776/v3/ad99f0d6d7ce426792074802c2bc2b3b/volumes returned with HTTP 202 [pid: 7|app: 0|req: 368/732] 10.0.0.208 () {34 vars in 723 bytes} [Wed Jul 15 06:06:36 2026] POST /v3/ad99f0d6d7ce426792074802c2bc2b3b/volumes => generated 876 bytes in 288 msecs (HTTP/1.1 202) 7 headers in 291 bytes (1 switches on core 0)
