2026-07-15 06:07:31.589 9 WARNING neutron.api.rpc.agentnotifiers.dhcp_rpc_agent_api [None req-5843c75a-5c18-4e26-b525-ff305829ac6f d0c4f147df4e49e38e01cafc736ab6cc 59d42af7ca8d4040bda658e1afa23e09 - - default default] Unable to schedule network 51de0f4f-85e7-4c10-b8e0-271218cb2b5e: no agents available; will retry on subsequent port and subnet creation events.
2026-07-15 06:07:31.678 9 INFO neutron.db.ovn_revision_numbers_db [None req-5843c75a-5c18-4e26-b525-ff305829ac6f d0c4f147df4e49e38e01cafc736ab6cc 59d42af7ca8d4040bda658e1afa23e09 - - default default] Successfully bumped revision number for resource 065a24df-c82f-4aa0-a64b-674a3efd5349 (type: ports) to 1
2026-07-15 06:07:31.706 9 INFO neutron.wsgi [None req-5843c75a-5c18-4e26-b525-ff305829ac6f d0c4f147df4e49e38e01cafc736ab6cc 59d42af7ca8d4040bda658e1afa23e09 - - default default] 10.0.0.208 "POST /v2.0/networks HTTP/1.1" status: 201 len: 831 time: 0.9292848
2026-07-15 06:07:31.716 9 WARNING neutron_lib.context [None req-1340a5ec-a434-404a-9fa2-d507c82bba8d d0c4f147df4e49e38e01cafc736ab6cc 59d42af7ca8d4040bda658e1afa23e09 - - default default] Method 'is_advsvc' is deprecated since 2023.2 release (neutron-lib 3.8.0) and will be removed once support for the old RBAC API policies will be removed from Neutron. Please use method 'is_service_role' instead.
2026-07-15 06:07:31.807 9 INFO neutron.db.segments_db [None req-1340a5ec-a434-404a-9fa2-d507c82bba8d d0c4f147df4e49e38e01cafc736ab6cc 59d42af7ca8d4040bda658e1afa23e09 - - default default] Added segment 97a6855e-e0bc-400a-9eda-1bc5eb91a28e of type geneve for network 7b67aaee-8129-4da4-bac8-675a6c2028bd
2026-07-15 06:07:31.834 9 INFO neutron.db.ovn_revision_numbers_db [None req-ea9a14d1-6b6d-4af7-a7da-58711ec22d70 4239e68166ed4136927cb286b7fb9c8a 4df009eeb35b4bdeb722721d47d8db55 - - default default] Successfully bumped revision number for resource b4a4a404-1c0e-4a88-aae7-6d7f360fcac7 (type: security_groups) to 1
2026-07-15 06:07:31.860 9 INFO neutron.db.ovn_revision_numbers_db [None req-ea9a14d1-6b6d-4af7-a7da-58711ec22d70 4239e68166ed4136927cb286b7fb9c8a 4df009eeb35b4bdeb722721d47d8db55 - - default default] Successfully bumped revision number for resource 17c5cce5-418b-497a-83ef-045efee72886 (type: security_group_rules) to 0
2026-07-15 06:07:31.878 9 INFO neutron.db.ovn_revision_numbers_db [None req-ea9a14d1-6b6d-4af7-a7da-58711ec22d70 4239e68166ed4136927cb286b7fb9c8a 4df009eeb35b4bdeb722721d47d8db55 - - default default] Successfully bumped revision number for resource 1f407f9e-50e8-4cd6-afa9-1bf1b6204275 (type: security_group_rules) to 0
2026-07-15 06:07:31.907 9 INFO neutron.db.ovn_revision_numbers_db [None req-ea9a14d1-6b6d-4af7-a7da-58711ec22d70 4239e68166ed4136927cb286b7fb9c8a 4df009eeb35b4bdeb722721d47d8db55 - - default default] Successfully bumped revision number for resource 7f9be3d7-07fb-4e5e-9909-edd702c2a223 (type: security_group_rules) to 0
2026-07-15 06:07:31.928 9 INFO neutron.db.ovn_revision_numbers_db [None req-ea9a14d1-6b6d-4af7-a7da-58711ec22d70 4239e68166ed4136927cb286b7fb9c8a 4df009eeb35b4bdeb722721d47d8db55 - - default default] Successfully bumped revision number for resource 8b6f375a-5277-4dfe-a31a-f0954653f1de (type: security_group_rules) to 0
2026-07-15 06:07:31.962 9 INFO neutron.db.ovn_revision_numbers_db [None req-1340a5ec-a434-404a-9fa2-d507c82bba8d d0c4f147df4e49e38e01cafc736ab6cc 59d42af7ca8d4040bda658e1afa23e09 - - default default] Successfully bumped revision number for resource 7b67aaee-8129-4da4-bac8-675a6c2028bd (type: networks) to 1
2026-07-15 06:07:31.996 9 INFO neutron.db.segments_db [None req-ea9a14d1-6b6d-4af7-a7da-58711ec22d70 4239e68166ed4136927cb286b7fb9c8a 4df009eeb35b4bdeb722721d47d8db55 - - default default] Added segment 069d5628-f940-4def-a003-c647c18940d7 of type geneve for network fec8de7d-de3e-49b4-8491-a2c5371e84c0
2026-07-15 06:07:32.153 10 INFO neutron.plugins.ml2.drivers.ovn.mech_driver.ovsdb.commands [None req-d8de29cb-c2fd-48f0-8f07-05123539ebb3 - - - - - -] Schedule LRP lrp-7c7f4c1e-2c7a-4513-bbc0-06392e204684 on gateway 09dc8415-5e84-46b1-8c1e-26d17f8a839a with priority 1
2026-07-15 06:07:32.180 10 INFO neutron.plugins.ml2.drivers.ovn.mech_driver.ovsdb.ovsdb_monitor [None req-738ee074-ef3a-40a1-b4a3-aa7af4e30fbd - - - - - -] Router a94f644c-7402-4009-983c-711b5d04e13a is bound to host instance
2026-07-15 06:07:32.218 10 INFO neutron.db.ovn_revision_numbers_db [None req-19ddfaa1-59a5-4805-bc59-af72f42808d7 4239e68166ed4136927cb286b7fb9c8a 4df009eeb35b4bdeb722721d47d8db55 - - default default] Successfully bumped revision number for resource 7c7f4c1e-2c7a-4513-bbc0-06392e204684 (type: router_ports) to 1
2026-07-15 06:07:32.335 10 INFO neutron.db.ovn_revision_numbers_db [None req-19ddfaa1-59a5-4805-bc59-af72f42808d7 4239e68166ed4136927cb286b7fb9c8a 4df009eeb35b4bdeb722721d47d8db55 - - default default] Successfully bumped revision number for resource a94f644c-7402-4009-983c-711b5d04e13a (type: routers) to 2
2026-07-15 06:07:32.345 9 INFO neutron.plugins.ml2.drivers.ovn.mech_driver.mech_driver [None req-424360a4-b402-4a28-b76b-5c5ebb5779bb - - - - - -] OVN reports status up for port: 7c7f4c1e-2c7a-4513-bbc0-06392e204684
2026-07-15 06:07:32.357 10 INFO neutron.wsgi [None req-19ddfaa1-59a5-4805-bc59-af72f42808d7 4239e68166ed4136927cb286b7fb9c8a 4df009eeb35b4bdeb722721d47d8db55 - - default default] 10.0.0.208 "POST /v2.0/routers HTTP/1.1" status: 201 len: 1165 time: 2.9767992
2026-07-15 06:07:32.373 9 INFO neutron.plugins.ml2.plugin [None req-424360a4-b402-4a28-b76b-5c5ebb5779bb - - - - - -] Attempt 1 to provision port 7c7f4c1e-2c7a-4513-bbc0-06392e204684
2026-07-15 06:07:32.485 9 INFO neutron.db.ovn_revision_numbers_db [None req-ea9a14d1-6b6d-4af7-a7da-58711ec22d70 4239e68166ed4136927cb286b7fb9c8a 4df009eeb35b4bdeb722721d47d8db55 - - default default] Successfully bumped revision number for resource fec8de7d-de3e-49b4-8491-a2c5371e84c0 (type: networks) to 1
2026-07-15 06:07:32.525 9 WARNING neutron.scheduler.dhcp_agent_scheduler [None req-1340a5ec-a434-404a-9fa2-d507c82bba8d d0c4f147df4e49e38e01cafc736ab6cc 59d42af7ca8d4040bda658e1afa23e09 - - default default] No more DHCP agents
2026-07-15 06:07:32.536 9 WARNING neutron.api.rpc.agentnotifiers.dhcp_rpc_agent_api [None req-1340a5ec-a434-404a-9fa2-d507c82bba8d d0c4f147df4e49e38e01cafc736ab6cc 59d42af7ca8d4040bda658e1afa23e09 - - default default] Unable to schedule network 7b67aaee-8129-4da4-bac8-675a6c2028bd: no agents available; will retry on subsequent port and subnet creation events.
2026-07-15 06:07:32.671 9 INFO neutron.db.ovn_revision_numbers_db [None req-1340a5ec-a434-404a-9fa2-d507c82bba8d d0c4f147df4e49e38e01cafc736ab6cc 59d42af7ca8d4040bda658e1afa23e09 - - default default] Successfully bumped revision number for resource 7066aaa3-4670-4869-8d4f-b4feafcb0aed (type: ports) to 1
2026-07-15 06:07:32.710 9 INFO neutron.wsgi [None req-1340a5ec-a434-404a-9fa2-d507c82bba8d d0c4f147df4e49e38e01cafc736ab6cc 59d42af7ca8d4040bda658e1afa23e09 - - default default] 10.0.0.208 "POST /v2.0/networks HTTP/1.1" status: 201 len: 830 time: 0.9982746
2026-07-15 06:07:32.758 9 WARNING neutron.scheduler.dhcp_agent_scheduler [None req-ea9a14d1-6b6d-4af7-a7da-58711ec22d70 4239e68166ed4136927cb286b7fb9c8a 4df009eeb35b4bdeb722721d47d8db55 - - default default] No more DHCP agents
2026-07-15 06:07:32.763 9 WARNING neutron.api.rpc.agentnotifiers.dhcp_rpc_agent_api [None req-ea9a14d1-6b6d-4af7-a7da-58711ec22d70 4239e68166ed4136927cb286b7fb9c8a 4df009eeb35b4bdeb722721d47d8db55 - - default default] Unable to schedule network fec8de7d-de3e-49b4-8491-a2c5371e84c0: no agents available; will retry on subsequent port and subnet creation events.
2026-07-15 06:07:32.785 9 INFO neutron.wsgi [None req-fb299291-dd34-4f2d-8bd3-a0015bb5411c d0c4f147df4e49e38e01cafc736ab6cc 59d42af7ca8d4040bda658e1afa23e09 - - default default] 10.0.0.208 "PUT /v2.0/networks/51de0f4f-85e7-4c10-b8e0-271218cb2b5e/tags HTTP/1.1" status: 200 len: 218 time: 0.0698845
2026-07-15 06:07:32.855 9 INFO neutron.wsgi [None req-a537830b-49cd-4f0b-bd47-80c17aee3ecb d0c4f147df4e49e38e01cafc736ab6cc 59d42af7ca8d4040bda658e1afa23e09 - - default default] 10.0.0.208 "GET /v2.0/networks/51de0f4f-85e7-4c10-b8e0-271218cb2b5e/tags HTTP/1.1" status: 200 len: 218 time: 0.0624390
2026-07-15 06:07:32.887 9 INFO neutron.db.ovn_revision_numbers_db [None req-ea9a14d1-6b6d-4af7-a7da-58711ec22d70 4239e68166ed4136927cb286b7fb9c8a 4df009eeb35b4bdeb722721d47d8db55 - - default default] Successfully bumped revision number for resource 7d604950-1cc1-4ab4-af6f-1b2a945ca9fc (type: ports) to 1
2026-07-15 06:07:32.911 9 INFO neutron.wsgi [None req-89a9d76a-5924-4fb4-88c5-0b389224e25a d0c4f147df4e49e38e01cafc736ab6cc 59d42af7ca8d4040bda658e1afa23e09 - - default default] 10.0.0.208 "PUT /v2.0/networks/7b67aaee-8129-4da4-bac8-675a6c2028bd/tags HTTP/1.1" status: 200 len: 210 time: 0.0506961
2026-07-15 06:07:32.913 9 INFO neutron.wsgi [None req-ea9a14d1-6b6d-4af7-a7da-58711ec22d70 4239e68166ed4136927cb286b7fb9c8a 4df009eeb35b4bdeb722721d47d8db55 - - default default] 10.0.0.208 "POST /v2.0/networks HTTP/1.1" status: 201 len: 942 time: 1.2309563
2026-07-15 06:07:32.953 9 INFO neutron.wsgi [None req-f2b215a4-67af-49c6-b57e-7f2c2623a787 d0c4f147df4e49e38e01cafc736ab6cc 59d42af7ca8d4040bda658e1afa23e09 - - default default] 10.0.0.208 "GET /v2.0/networks/7b67aaee-8129-4da4-bac8-675a6c2028bd/tags HTTP/1.1" status: 200 len: 210 time: 0.0362437
2026-07-15 06:07:33.002 9 INFO neutron.wsgi [None req-de17ffd6-11b3-43dd-b14e-5029faa324e2 d0c4f147df4e49e38e01cafc736ab6cc 59d42af7ca8d4040bda658e1afa23e09 - - default default] 10.0.0.208 "PUT /v2.0/networks/7b67aaee-8129-4da4-bac8-675a6c2028bd/tags HTTP/1.1" status: 200 len: 205 time: 0.0439396
2026-07-15 06:07:33.039 9 INFO neutron.wsgi [None req-abb487ef-2413-41ec-8f14-b5101bf294ab d0c4f147df4e49e38e01cafc736ab6cc 59d42af7ca8d4040bda658e1afa23e09 - - default default] 10.0.0.208 "GET /v2.0/networks/7b67aaee-8129-4da4-bac8-675a6c2028bd/tags HTTP/1.1" status: 200 len: 205 time: 0.0325742
2026-07-15 06:07:33.081 9 INFO neutron.wsgi [None req-969f52ac-cdf2-4f22-8de6-8abb089a9cf7 d0c4f147df4e49e38e01cafc736ab6cc 59d42af7ca8d4040bda658e1afa23e09 - - default default] 10.0.0.208 "GET /v2.0/networks/51de0f4f-85e7-4c10-b8e0-271218cb2b5e/tags HTTP/1.1" status: 200 len: 218 time: 0.0364661
2026-07-15 06:07:33.110 10 WARNING neutron.scheduler.dhcp_agent_scheduler [None req-91973d3c-ca74-4850-9747-7526ab159697 4239e68166ed4136927cb286b7fb9c8a 4df009eeb35b4bdeb722721d47d8db55 - - default default] No more DHCP agents
2026-07-15 06:07:33.121 10 WARNING neutron.api.rpc.agentnotifiers.dhcp_rpc_agent_api [None req-91973d3c-ca74-4850-9747-7526ab159697 4239e68166ed4136927cb286b7fb9c8a 4df009eeb35b4bdeb722721d47d8db55 - - default default] Unable to schedule network d5d5ef3c-bad4-4f1c-892d-a99841349236: no agents available; will retry on subsequent port and subnet creation events.
2026-07-15 06:07:33.207 10 WARNING neutron.scheduler.dhcp_agent_scheduler [None req-81dba9b7-f22f-4e25-ac4c-288a6baac632 4239e68166ed4136927cb286b7fb9c8a 4df009eeb35b4bdeb722721d47d8db55 - - default default] No more DHCP agents
2026-07-15 06:07:33.212 10 WARNING neutron.api.rpc.agentnotifiers.dhcp_rpc_agent_api [None req-81dba9b7-f22f-4e25-ac4c-288a6baac632 4239e68166ed4136927cb286b7fb9c8a 4df009eeb35b4bdeb722721d47d8db55 - - default default] Unable to schedule network fec8de7d-de3e-49b4-8491-a2c5371e84c0: no agents available; will retry on subsequent port and subnet creation events.
2026-07-15 06:07:33.231 10 INFO neutron.db.ovn_revision_numbers_db [None req-738ee074-ef3a-40a1-b4a3-aa7af4e30fbd - - - - - -] Successfully bumped revision number for resource 7c7f4c1e-2c7a-4513-bbc0-06392e204684 (type: ports) to 1
2026-07-15 06:07:33.509 9 INFO neutron.services.segments.plugin [-] Segment 03a902fb-c6f7-4fc6-8c23-7ce211d30ce4 resource provider aggregate not found
2026-07-15 06:07:33.517 9 INFO neutron.services.segments.plugin [-] Segment 03a902fb-c6f7-4fc6-8c23-7ce211d30ce4 resource provider aggregate not found
2026-07-15 06:07:33.540 9 INFO neutron.wsgi [None req-14a56dac-276a-4b51-a59c-7a4b32f8e216 d0c4f147df4e49e38e01cafc736ab6cc 59d42af7ca8d4040bda658e1afa23e09 - - default default] 10.0.0.208 "DELETE /v2.0/networks/51de0f4f-85e7-4c10-b8e0-271218cb2b5e HTTP/1.1" status: 204 len: 168 time: 0.4399836
2026-07-15 06:07:33.541 9 INFO neutron.services.segments.plugin [-] Segment 03a902fb-c6f7-4fc6-8c23-7ce211d30ce4 resource provider not found; error: Placement Client Error (4xx): {"errors": [{"status": 404, "title": "Not Found", "detail": "The resource could not be found.\n\n No resource provider with uuid 03a902fb-c6f7-4fc6-8c23-7ce211d30ce4 found for delete ", "request_id": "req-ec80263f-e9c5-486b-b63e-441eba8153b9"}]}
2026-07-15 06:07:33.544 9 INFO neutron.services.segments.plugin [-] Segment 03a902fb-c6f7-4fc6-8c23-7ce211d30ce4 resource provider not found; error: Placement Client Error (4xx): {"errors": [{"status": 404, "title": "Not Found", "detail": "The resource could not be found.\n\n No resource provider with uuid 03a902fb-c6f7-4fc6-8c23-7ce211d30ce4 found for delete ", "request_id": "req-41f96103-92e8-4289-bcbb-fc966045b5ce"}]}
2026-07-15 06:07:33.687 10 INFO neutron.db.ovn_revision_numbers_db [None req-91973d3c-ca74-4850-9747-7526ab159697 4239e68166ed4136927cb286b7fb9c8a 4df009eeb35b4bdeb722721d47d8db55 - - default default] Successfully bumped revision number for resource ab4108c8-884a-473e-9906-2baac7c29589 (type: ports) to 1
2026-07-15 06:07:33.966 9 INFO neutron.wsgi [None req-8e3bb71d-9255-4d32-b05d-085d042a7a59 d0c4f147df4e49e38e01cafc736ab6cc 59d42af7ca8d4040bda658e1afa23e09 - - default default] 10.0.0.208 "DELETE /v2.0/networks/7b67aaee-8129-4da4-bac8-675a6c2028bd HTTP/1.1" status: 204 len: 168 time: 0.4176238
2026-07-15 06:07:34.212 10 INFO neutron.db.ovn_revision_numbers_db [None req-738ee074-ef3a-40a1-b4a3-aa7af4e30fbd - - - - - -] Successfully bumped revision number for resource 7c7f4c1e-2c7a-4513-bbc0-06392e204684 (type: router_ports) to 3
2026-07-15 06:07:34.295 10 INFO neutron.wsgi [req-20a2b2ba-2cad-4637-b3c7-b52cfbfc1dd9 req-f670a98b-a53b-44da-b37d-86fbd2aa81c3 cd9b9ee205c84cddbe4d7c10fe1a120b dfcca62c60f942559238de17f9258104 - - 69172da1aae54a58bc71ea00e04f72f7 69172da1aae54a58bc71ea00e04f72f7] 10.0.0.182 "GET /v2.0/ports?device_id=743f2f98-8089-420b-aed5-ce6c867bc2b0 HTTP/1.1" status: 200 len: 1413 time: 0.0628738
2026-07-15 06:07:34.424 10 INFO neutron.wsgi [req-20a2b2ba-2cad-4637-b3c7-b52cfbfc1dd9 req-9ff1ea91-b4ce-4df0-8a1f-5a54ee2422cd cd9b9ee205c84cddbe4d7c10fe1a120b dfcca62c60f942559238de17f9258104 - - 69172da1aae54a58bc71ea00e04f72f7 69172da1aae54a58bc71ea00e04f72f7] 10.0.0.182 "GET /v2.0/security-groups?id=37269a00-0769-4398-aa12-f028902b7503&fields=id&fields=name HTTP/1.1" status: 200 len: 313 time: 0.1103649
2026-07-15 06:07:34.766 10 INFO neutron.db.ovn_revision_numbers_db [None req-81dba9b7-f22f-4e25-ac4c-288a6baac632 4239e68166ed4136927cb286b7fb9c8a 4df009eeb35b4bdeb722721d47d8db55 - - default default] Successfully bumped revision number for resource 7d604950-1cc1-4ab4-af6f-1b2a945ca9fc (type: ports) to 2
2026-07-15 06:07:34.853 10 INFO neutron.db.ovn_revision_numbers_db [None req-81dba9b7-f22f-4e25-ac4c-288a6baac632 4239e68166ed4136927cb286b7fb9c8a 4df009eeb35b4bdeb722721d47d8db55 - - default default] Successfully bumped revision number for resource 3b5971fe-cc84-4780-90de-b49585cc4f40 (type: subnets) to 0
2026-07-15 06:07:34.878 9 INFO neutron.wsgi [None req-6667d69d-3c10-4584-820a-60b5e557d03d 4239e68166ed4136927cb286b7fb9c8a 4df009eeb35b4bdeb722721d47d8db55 - - default default] 10.0.0.208 "GET /v2.0/security-groups?tenant_id=59d42af7ca8d4040bda658e1afa23e09&name=default HTTP/1.1" status: 200 len: 3120 time: 0.2396946
2026-07-15 06:07:34.895 10 INFO neutron.wsgi [None req-81dba9b7-f22f-4e25-ac4c-288a6baac632 4239e68166ed4136927cb286b7fb9c8a 4df009eeb35b4bdeb722721d47d8db55 - - default default] 10.0.0.208 "POST /v2.0/subnets HTTP/1.1" status: 201 len: 862 time: 1.9742448
2026-07-15 06:07:34.946 10 INFO neutron.db.ovn_revision_numbers_db [None req-738ee074-ef3a-40a1-b4a3-aa7af4e30fbd - - - - - -] Successfully bumped revision number for resource 7c7f4c1e-2c7a-4513-bbc0-06392e204684 (type: ports) to 2
2026-07-15 06:07:34.986 10 ERROR ovsdbapp.backend.ovs_idl.command [None req-91973d3c-ca74-4850-9747-7526ab159697 4239e68166ed4136927cb286b7fb9c8a 4df009eeb35b4bdeb722721d47d8db55 - - default default] Error executing command (DbGetCommand): ovsdbapp.backend.ovs_idl.idlutils.RowNotFound: Cannot find Logical_Router_Port with name=lrp-ab4108c8-884a-473e-9906-2baac7c29589
2026-07-15 06:07:34.986 10 ERROR ovsdbapp.backend.ovs_idl.command
Traceback (most recent call last):
2026-07-15 06:07:34.986 10 ERROR ovsdbapp.backend.ovs_idl.command
File "/var/lib/openstack/lib/python3.10/site-packages/ovsdbapp/backend/ovs_idl/command.py", line 47, in execute
2026-07-15 06:07:34.986 10 ERROR ovsdbapp.backend.ovs_idl.command self.run_idl(None)
2026-07-15 06:07:34.986 10 ERROR ovsdbapp.backend.ovs_idl.command
File "/var/lib/openstack/lib/python3.10/site-packages/ovsdbapp/backend/ovs_idl/command.py", line 235, in run_idl
2026-07-15 06:07:34.986 10 ERROR ovsdbapp.backend.ovs_idl.command record = self.api.lookup(self.table, self.record)
2026-07-15 06:07:34.986 10 ERROR ovsdbapp.backend.ovs_idl.command
File "/var/lib/openstack/lib/python3.10/site-packages/ovsdbapp/backend/ovs_idl/__init__.py", line 184, in lookup
2026-07-15 06:07:34.986 10 ERROR ovsdbapp.backend.ovs_idl.command return self._lookup(table, record)
2026-07-15 06:07:34.986 10 ERROR ovsdbapp.backend.ovs_idl.command
File "/var/lib/openstack/lib/python3.10/site-packages/ovsdbapp/backend/ovs_idl/__init__.py", line 235, in _lookup
2026-07-15 06:07:34.986 10 ERROR ovsdbapp.backend.ovs_idl.command row = idlutils.row_by_value(self, rl.table, rl.column, record)
2026-07-15 06:07:34.986 10 ERROR ovsdbapp.backend.ovs_idl.command
File "/var/lib/openstack/lib/python3.10/site-packages/ovsdbapp/backend/ovs_idl/idlutils.py", line 114, in row_by_value
2026-07-15 06:07:34.986 10 ERROR ovsdbapp.backend.ovs_idl.command raise RowNotFound(table=table, col=column, match=match)
2026-07-15 06:07:34.986 10 ERROR ovsdbapp.backend.ovs_idl.command ovsdbapp.backend.ovs_idl.idlutils.RowNotFound: Cannot find Logical_Router_Port with name=lrp-ab4108c8-884a-473e-9906-2baac7c29589
2026-07-15 06:07:34.986 10 ERROR ovsdbapp.backend.ovs_idl.command 
2026-07-15 06:07:34.987 10 ERROR neutron_lib.callbacks.manager [None req-91973d3c-ca74-4850-9747-7526ab159697 4239e68166ed4136927cb286b7fb9c8a 4df009eeb35b4bdeb722721d47d8db55 - - default default] Error during notification for neutron.services.ovn_l3.plugin.OVNL3RouterPlugin._port_update-8739481113318 port, after_update: ovsdbapp.backend.ovs_idl.idlutils.RowNotFound: Cannot find Logical_Router_Port with name=lrp-ab4108c8-884a-473e-9906-2baac7c29589
2026-07-15 06:07:34.987 10 ERROR neutron_lib.callbacks.manager
Traceback (most recent call last):
2026-07-15 06:07:34.987 10 ERROR neutron_lib.callbacks.manager
File "/var/lib/openstack/lib/python3.10/site-packages/neutron_lib/callbacks/manager.py", line 189, in _notify_loop
2026-07-15 06:07:34.987 10 ERROR neutron_lib.callbacks.manager callback.method(resource, event, trigger, payload=payload)
2026-07-15 06:07:34.987 10 ERROR neutron_lib.callbacks.manager
File "/var/lib/openstack/lib/python3.10/site-packages/neutron/services/ovn_l3/plugin.py", line 391, in _port_update
2026-07-15 06:07:34.987 10 ERROR neutron_lib.callbacks.manager l3plugin._ovn_client.update_router_port(context,
2026-07-15 06:07:34.987 10 ERROR neutron_lib.callbacks.manager
File "/var/lib/openstack/lib/python3.10/site-packages/neutron/plugins/ml2/drivers/ovn/mech_driver/ovsdb/ovn_client.py", line 1878, in update_router_port
2026-07-15 06:07:34.987 10 ERROR neutron_lib.callbacks.manager self._update_lrouter_port(context, port, if_exists=if_exists,
2026-07-15 06:07:34.987 10 ERROR neutron_lib.callbacks.manager
File "/var/lib/openstack/lib/python3.10/site-packages/neutron/plugins/ml2/drivers/ovn/mech_driver/ovsdb/ovn_client.py", line 1855, in _update_lrouter_port
2026-07-15 06:07:34.987 10 ERROR neutron_lib.callbacks.manager external_ids = self._nb_idl.db_get(
2026-07-15 06:07:34.987 10 ERROR neutron_lib.callbacks.manager
File "/var/lib/openstack/lib/python3.10/site-packages/ovsdbapp/backend/ovs_idl/command.py", line 47, in execute
2026-07-15 06:07:34.987 10 ERROR neutron_lib.callbacks.manager self.run_idl(None)
2026-07-15 06:07:34.987 10 ERROR neutron_lib.callbacks.manager
File "/var/lib/openstack/lib/python3.10/site-packages/ovsdbapp/backend/ovs_idl/command.py", line 235, in run_idl
2026-07-15 06:07:34.987 10 ERROR neutron_lib.callbacks.manager record = self.api.lookup(self.table, self.record)
2026-07-15 06:07:34.987 10 ERROR neutron_lib.callbacks.manager
File "/var/lib/openstack/lib/python3.10/site-packages/ovsdbapp/backend/ovs_idl/__init__.py", line 184, in lookup
2026-07-15 06:07:34.987 10 ERROR neutron_lib.callbacks.manager return self._lookup(table, record)
2026-07-15 06:07:34.987 10 ERROR neutron_lib.callbacks.manager
File "/var/lib/openstack/lib/python3.10/site-packages/ovsdbapp/backend/ovs_idl/__init__.py", line 235, in _lookup
2026-07-15 06:07:34.987 10 ERROR neutron_lib.callbacks.manager row = idlutils.row_by_value(self, rl.table, rl.column, record)
2026-07-15 06:07:34.987 10 ERROR neutron_lib.callbacks.manager
File "/var/lib/openstack/lib/python3.10/site-packages/ovsdbapp/backend/ovs_idl/idlutils.py", line 114, in row_by_value
2026-07-15 06:07:34.987 10 ERROR neutron_lib.callbacks.manager raise RowNotFound(table=table, col=column, match=match)
2026-07-15 06:07:34.987 10 ERROR neutron_lib.callbacks.manager ovsdbapp.backend.ovs_idl.idlutils.RowNotFound: Cannot find Logical_Router_Port with name=lrp-ab4108c8-884a-473e-9906-2baac7c29589
2026-07-15 06:07:34.987 10 ERROR neutron_lib.callbacks.manager 
2026-07-15 06:07:35.247 9 INFO neutron.wsgi [None req-ee7ddc79-6db4-4676-b35e-9ac49ea1c1c3 4239e68166ed4136927cb286b7fb9c8a 4df009eeb35b4bdeb722721d47d8db55 - - default default] 10.0.0.208 "DELETE /v2.0/security-groups/f4fe4c40-7c47-4c73-a39f-095d76b2b43b HTTP/1.1" status: 204 len: 168 time: 0.3637936
2026-07-15 06:07:35.320 10 INFO neutron.db.ovn_revision_numbers_db [None req-91973d3c-ca74-4850-9747-7526ab159697 4239e68166ed4136927cb286b7fb9c8a 4df009eeb35b4bdeb722721d47d8db55 - - default default] Successfully bumped revision number for resource ab4108c8-884a-473e-9906-2baac7c29589 (type: ports) to 1
2026-07-15 06:07:35.434 10 WARNING neutron.scheduler.dhcp_agent_scheduler [None req-91973d3c-ca74-4850-9747-7526ab159697 4239e68166ed4136927cb286b7fb9c8a 4df009eeb35b4bdeb722721d47d8db55 - - default default] No more DHCP agents
2026-07-15 06:07:35.437 10 WARNING neutron.api.rpc.agentnotifiers.dhcp_rpc_agent_api [None req-91973d3c-ca74-4850-9747-7526ab159697 4239e68166ed4136927cb286b7fb9c8a 4df009eeb35b4bdeb722721d47d8db55 - - default default] Unable to schedule network d5d5ef3c-bad4-4f1c-892d-a99841349236: no agents available; will retry on subsequent port and subnet creation events.
2026-07-15 06:07:35.459 10 INFO neutron.db.ovn_revision_numbers_db [None req-738ee074-ef3a-40a1-b4a3-aa7af4e30fbd - - - - - -] Successfully bumped revision number for resource 7c7f4c1e-2c7a-4513-bbc0-06392e204684 (type: ports) to 4
2026-07-15 06:07:35.489 9 WARNING neutron.scheduler.dhcp_agent_scheduler [None req-5b1879b1-4f53-442b-8d93-2f5a6c54dd8a 4239e68166ed4136927cb286b7fb9c8a 4df009eeb35b4bdeb722721d47d8db55 - - default default] No more DHCP agents
2026-07-15 06:07:35.492 9 WARNING neutron.api.rpc.agentnotifiers.dhcp_rpc_agent_api [None req-5b1879b1-4f53-442b-8d93-2f5a6c54dd8a 4239e68166ed4136927cb286b7fb9c8a 4df009eeb35b4bdeb722721d47d8db55 - - default default] Unable to schedule network 61d64043-fc3e-466a-9133-8257a54ec247: no agents available; will retry on subsequent port and subnet creation events.
2026-07-15 06:07:35.573 9 INFO neutron.services.segments.plugin [-] Segment 97a6855e-e0bc-400a-9eda-1bc5eb91a28e resource provider aggregate not found
2026-07-15 06:07:35.578 9 INFO neutron.services.segments.plugin [-] Segment 97a6855e-e0bc-400a-9eda-1bc5eb91a28e resource provider aggregate not found
2026-07-15 06:07:35.608 9 INFO neutron.services.segments.plugin [-] Segment 97a6855e-e0bc-400a-9eda-1bc5eb91a28e resource provider not found; error: Placement Client Error (4xx): {"errors": [{"status": 404, "title": "Not Found", "detail": "The resource could not be found.\n\n No resource provider with uuid 97a6855e-e0bc-400a-9eda-1bc5eb91a28e found for delete ", "request_id": "req-ff6a3de7-2daa-4572-8322-bb61535549d6"}]}
2026-07-15 06:07:35.609 9 INFO neutron.services.segments.plugin [-] Segment 97a6855e-e0bc-400a-9eda-1bc5eb91a28e resource provider not found; error: Placement Client Error (4xx): {"errors": [{"status": 404, "title": "Not Found", "detail": "The resource could not be found.\n\n No resource provider with uuid 97a6855e-e0bc-400a-9eda-1bc5eb91a28e found for delete ", "request_id": "req-c248482f-3a21-4e91-ad1d-1cae1d273208"}]}
2026-07-15 06:07:35.642 10 INFO neutron.db.ovn_revision_numbers_db [None req-1ea1abb7-767b-4d16-91eb-601b7a69bd52 4239e68166ed4136927cb286b7fb9c8a 4df009eeb35b4bdeb722721d47d8db55 - - default default] Successfully bumped revision number for resource 1b5bff1d-59ed-4515-a337-ff7bc1158f67 (type: security_groups) to 1
2026-07-15 06:07:35.644 9 INFO neutron.plugins.ml2.drivers.ovn.mech_driver.mech_driver [None req-424360a4-b402-4a28-b76b-5c5ebb5779bb - - - - - -] OVN reports status down for port: 364aec5c-796f-4a20-a0b5-772397caf6c6
2026-07-15 06:07:35.676 10 INFO neutron.db.ovn_revision_numbers_db [None req-1ea1abb7-767b-4d16-91eb-601b7a69bd52 4239e68166ed4136927cb286b7fb9c8a 4df009eeb35b4bdeb722721d47d8db55 - - default default] Successfully bumped revision number for resource 1948e073-9f0b-466c-b53a-ac25639710cf (type: security_group_rules) to 0
2026-07-15 06:07:35.699 9 INFO neutron.db.ovn_revision_numbers_db [None req-5b1879b1-4f53-442b-8d93-2f5a6c54dd8a 4239e68166ed4136927cb286b7fb9c8a 4df009eeb35b4bdeb722721d47d8db55 - - default default] Successfully bumped revision number for resource 74195537-c2a5-4aca-8752-0a36aacf0549 (type: ports) to 1
2026-07-15 06:07:35.734 10 INFO neutron.db.ovn_revision_numbers_db [None req-1ea1abb7-767b-4d16-91eb-601b7a69bd52 4239e68166ed4136927cb286b7fb9c8a 4df009eeb35b4bdeb722721d47d8db55 - - default default] Successfully bumped revision number for resource 28ebfad2-c468-482b-ba95-b6b52309c1c9 (type: security_group_rules) to 0
2026-07-15 06:07:35.766 10 INFO neutron.wsgi [req-83701cd1-925d-4d8b-9c01-4b80819480f6 req-ac79414f-66c8-4a08-a1bf-ca584e687a55 3551f3ade1674dd7b584bbb8a56fd353 8afcf190b57e46e6ac5fdd87e8f07164 - - default default] 10.0.0.24 "GET /v2.0/ports?device_id=743f2f98-8089-420b-aed5-ce6c867bc2b0 HTTP/1.1" status: 200 len: 1174 time: 0.1736443
2026-07-15 06:07:35.790 10 INFO neutron.db.ovn_revision_numbers_db [None req-1ea1abb7-767b-4d16-91eb-601b7a69bd52 4239e68166ed4136927cb286b7fb9c8a 4df009eeb35b4bdeb722721d47d8db55 - - default default] Successfully bumped revision number for resource 3771ac8f-f55c-4152-9eaa-2046a248690f (type: security_group_rules) to 0
2026-07-15 06:07:35.847 10 INFO neutron.db.ovn_revision_numbers_db [None req-1ea1abb7-767b-4d16-91eb-601b7a69bd52 4239e68166ed4136927cb286b7fb9c8a 4df009eeb35b4bdeb722721d47d8db55 - - default default] Successfully bumped revision number for resource cc9fdbc4-eb7c-41b2-95f4-54a6de6b47b5 (type: security_group_rules) to 0
2026-07-15 06:07:35.855 10 INFO neutron.wsgi [req-83701cd1-925d-4d8b-9c01-4b80819480f6 req-97f8eadc-b803-4695-a0a1-db714df91d9d 3551f3ade1674dd7b584bbb8a56fd353 8afcf190b57e46e6ac5fdd87e8f07164 - - default default] 10.0.0.24 "GET /v2.0/security-groups?id=37269a00-0769-4398-aa12-f028902b7503&fields=id&fields=name HTTP/1.1" status: 200 len: 313 time: 0.0743616
2026-07-15 06:07:35.870 9 INFO neutron.notifiers.nova [-] Nova event matching ['req-438b802a-85b2-4657-8849-79e01606e713'] response: {'server_uuid': '743f2f98-8089-420b-aed5-ce6c867bc2b0', 'name': 'network-vif-unplugged', 'status': 'completed', 'tag': '364aec5c-796f-4a20-a0b5-772397caf6c6', 'code': 200}
2026-07-15 06:07:35.975 9 INFO neutron.wsgi [-] 10.0.0.19 "GET / HTTP/1.1" status: 200 len: 246 time: 0.0016077
2026-07-15 06:07:35.976 9 INFO neutron.wsgi [-] 10.0.0.19 "GET / HTTP/1.1" status: 200 len: 246 time: 0.0008800
2026-07-15 06:07:36.100 9 INFO neutron.wsgi [req-c49c3b3b-07d8-4b08-a88c-4265e58630d2 req-93233e06-c826-4d35-8441-c80c92315e96 3551f3ade1674dd7b584bbb8a56fd353 8afcf190b57e46e6ac5fdd87e8f07164 - - default default] 199.204.45.210 "GET /v2.0/ports?device_id=743f2f98-8089-420b-aed5-ce6c867bc2b0 HTTP/1.1" status: 200 len: 1172 time: 0.1814167
2026-07-15 06:07:36.169 10 INFO neutron.wsgi [None req-1ea1abb7-767b-4d16-91eb-601b7a69bd52 4239e68166ed4136927cb286b7fb9c8a 4df009eeb35b4bdeb722721d47d8db55 - - default default] 10.0.0.208 "GET /v2.0/security-groups?tenant_id=324e7984bf3d4d53b06359f3d19ee02a&name=default HTTP/1.1" status: 200 len: 3120 time: 0.8007891
2026-07-15 06:07:36.303 10 INFO neutron.db.ovn_revision_numbers_db [None req-738ee074-ef3a-40a1-b4a3-aa7af4e30fbd - - - - - -] Successfully bumped revision number for resource 7c7f4c1e-2c7a-4513-bbc0-06392e204684 (type: router_ports) to 4
2026-07-15 06:07:36.395 10 WARNING neutron.plugins.ml2.drivers.ovn.mech_driver.ovsdb.ovn_client [None req-d90ae858-aa8d-4b21-9d44-4f81669ce97e - - - - - -] No hosting information found for port 4e7c6a26-be2d-4633-aa88-370217d251b6: RuntimeError: No hosting information found for port 4e7c6a26-be2d-4633-aa88-370217d251b6
2026-07-15 06:07:36.396 10 INFO neutron.plugins.ml2.drivers.ovn.mech_driver.mech_driver [None req-d90ae858-aa8d-4b21-9d44-4f81669ce97e - - - - - -] OVN reports status up for port: ab4108c8-884a-473e-9906-2baac7c29589
2026-07-15 06:07:36.417 10 INFO neutron.plugins.ml2.plugin [None req-d90ae858-aa8d-4b21-9d44-4f81669ce97e - - - - - -] Attempt 1 to provision port ab4108c8-884a-473e-9906-2baac7c29589
2026-07-15 06:07:36.456 9 INFO neutron.db.ovn_revision_numbers_db [None req-424360a4-b402-4a28-b76b-5c5ebb5779bb - - - - - -] Successfully bumped revision number for resource 364aec5c-796f-4a20-a0b5-772397caf6c6 (type: ports) to 5
2026-07-15 06:07:36.666 10 INFO neutron.wsgi [None req-78321ad6-7017-48f2-942f-724c60c3420d 4239e68166ed4136927cb286b7fb9c8a 4df009eeb35b4bdeb722721d47d8db55 - - default default] 10.0.0.208 "DELETE /v2.0/security-groups/1b5bff1d-59ed-4515-a337-ff7bc1158f67 HTTP/1.1" status: 204 len: 168 time: 0.4891338
2026-07-15 06:07:37.010 10 INFO neutron.wsgi [req-7208154f-6cd7-46c5-8c33-8ec91f58b842 req-e6b5dc40-3b1d-4f7b-902b-a3c774d083ed 3551f3ade1674dd7b584bbb8a56fd353 8afcf190b57e46e6ac5fdd87e8f07164 - - default default] 10.0.0.24 "GET /v2.0/ports?device_id=743f2f98-8089-420b-aed5-ce6c867bc2b0 HTTP/1.1" status: 200 len: 1172 time: 0.0762737
2026-07-15 06:07:37.064 9 INFO neutron.db.l3_db [req-c49c3b3b-07d8-4b08-a88c-4265e58630d2 req-4b225d93-0bc4-4aa8-9e01-763ec95bf380 3551f3ade1674dd7b584bbb8a56fd353 8afcf190b57e46e6ac5fdd87e8f07164 - - default default] Floating IP ff98473f-9348-46c9-934a-fef074c108a7 disassociated. External IP: 10.96.250.215, port: 364aec5c-796f-4a20-a0b5-772397caf6c6.
2026-07-15 06:07:37.106 10 INFO neutron.wsgi [req-7208154f-6cd7-46c5-8c33-8ec91f58b842 req-2047695b-c2cf-49ee-8247-f3c3359dcd03 3551f3ade1674dd7b584bbb8a56fd353 8afcf190b57e46e6ac5fdd87e8f07164 - - default default] 10.0.0.24 "GET /v2.0/security-groups?id=37269a00-0769-4398-aa12-f028902b7503&fields=id&fields=name HTTP/1.1" status: 200 len: 313 time: 0.0914793
2026-07-15 06:07:37.158 9 INFO neutron.plugins.ml2.drivers.ovn.mech_driver.ovsdb.commands [None req-94d80a61-0f9b-46e0-9929-59e5e401525e - - - - - -] Schedule LRP lrp-74195537-c2a5-4aca-8752-0a36aacf0549 on gateway 09dc8415-5e84-46b1-8c1e-26d17f8a839a with priority 1
2026-07-15 06:07:37.188 10 INFO neutron.db.ovn_revision_numbers_db [None req-d90ae858-aa8d-4b21-9d44-4f81669ce97e - - - - - -] Successfully bumped revision number for resource ab4108c8-884a-473e-9906-2baac7c29589 (type: ports) to 2
2026-07-15 06:07:37.208 10 INFO neutron.plugins.ml2.drivers.ovn.mech_driver.ovsdb.ovsdb_monitor [None req-738ee074-ef3a-40a1-b4a3-aa7af4e30fbd - - - - - -] Router 52105260-bbca-4ea5-8eee-88e8a4d91fd8 is bound to host instance
2026-07-15 06:07:37.254 9 INFO neutron.db.ovn_revision_numbers_db [None req-5b1879b1-4f53-442b-8d93-2f5a6c54dd8a 4239e68166ed4136927cb286b7fb9c8a 4df009eeb35b4bdeb722721d47d8db55 - - default default] Successfully bumped revision number for resource 74195537-c2a5-4aca-8752-0a36aacf0549 (type: router_ports) to 1
2026-07-15 06:07:37.275 10 INFO neutron.db.ovn_revision_numbers_db [None req-91973d3c-ca74-4850-9747-7526ab159697 4239e68166ed4136927cb286b7fb9c8a 4df009eeb35b4bdeb722721d47d8db55 - - default default] Successfully bumped revision number for resource ab4108c8-884a-473e-9906-2baac7c29589 (type: router_ports) to 1
2026-07-15 06:07:37.282 10 INFO neutron.wsgi [None req-91973d3c-ca74-4850-9747-7526ab159697 4239e68166ed4136927cb286b7fb9c8a 4df009eeb35b4bdeb722721d47d8db55 - - default default] 10.0.0.208 "PUT /v2.0/routers/a94f644c-7402-4009-983c-711b5d04e13a/add_router_interface HTTP/1.1" status: 200 len: 503 time: 4.9200680
2026-07-15 06:07:37.347 9 INFO neutron.wsgi [req-c49c3b3b-07d8-4b08-a88c-4265e58630d2 req-4b225d93-0bc4-4aa8-9e01-763ec95bf380 3551f3ade1674dd7b584bbb8a56fd353 8afcf190b57e46e6ac5fdd87e8f07164 - - default default] 199.204.45.210 "DELETE /v2.0/ports/364aec5c-796f-4a20-a0b5-772397caf6c6 HTTP/1.1" status: 204 len: 173 time: 1.2277188
2026-07-15 06:07:37.385 9 INFO neutron.db.ovn_revision_numbers_db [None req-5b1879b1-4f53-442b-8d93-2f5a6c54dd8a 4239e68166ed4136927cb286b7fb9c8a 4df009eeb35b4bdeb722721d47d8db55 - - default default] Successfully bumped revision number for resource 52105260-bbca-4ea5-8eee-88e8a4d91fd8 (type: routers) to 2
2026-07-15 06:07:37.415 9 INFO neutron.wsgi [None req-5b1879b1-4f53-442b-8d93-2f5a6c54dd8a 4239e68166ed4136927cb286b7fb9c8a 4df009eeb35b4bdeb722721d47d8db55 - - default default] 10.0.0.208 "POST /v2.0/routers HTTP/1.1" status: 201 len: 1164 time: 2.5137858 /var/lib/openstack/lib/python3.10/site-packages/pycadf/identifier.py:71: UserWarning: Invalid uuid: neutron. To ensure interoperability, identifiers should be a valid uuid. warnings.warn(('Invalid uuid: %s. To ensure interoperability, '
2026-07-15 06:07:37.546 10 INFO neutron.db.ovn_revision_numbers_db [None req-d90ae858-aa8d-4b21-9d44-4f81669ce97e - - - - - -] Successfully bumped revision number for resource ab4108c8-884a-473e-9906-2baac7c29589 (type: router_ports) to 2
2026-07-15 06:07:37.922 9 INFO neutron.notifiers.nova [-] Nova event matching ['req-27be2d75-c6ba-4e5c-8a2d-d4983d69ca5d'] response: {'server_uuid': '743f2f98-8089-420b-aed5-ce6c867bc2b0', 'name': 'network-vif-unplugged', 'status': 'completed', 'tag': '364aec5c-796f-4a20-a0b5-772397caf6c6', 'code': 200}
2026-07-15 06:07:37.922 9 INFO neutron.notifiers.nova [-] Nova event matching ['req-27be2d75-c6ba-4e5c-8a2d-d4983d69ca5d'] response: {'server_uuid': '743f2f98-8089-420b-aed5-ce6c867bc2b0', 'name': 'network-vif-deleted', 'tag': '364aec5c-796f-4a20-a0b5-772397caf6c6', 'status': 'completed', 'code': 200}
2026-07-15 06:07:38.044 9 WARNING neutron.scheduler.dhcp_agent_scheduler [None req-e5792713-76b5-4692-9860-976f8f86c370 4239e68166ed4136927cb286b7fb9c8a 4df009eeb35b4bdeb722721d47d8db55 - - default default] No more DHCP agents
2026-07-15 06:07:38.047 9 WARNING neutron.api.rpc.agentnotifiers.dhcp_rpc_agent_api [None req-e5792713-76b5-4692-9860-976f8f86c370 4239e68166ed4136927cb286b7fb9c8a 4df009eeb35b4bdeb722721d47d8db55 - - default default] Unable to schedule network fec8de7d-de3e-49b4-8491-a2c5371e84c0: no agents available; will retry on subsequent port and subnet creation events.
2026-07-15 06:07:38.294 9 INFO neutron.db.ovn_revision_numbers_db [None req-e5792713-76b5-4692-9860-976f8f86c370 4239e68166ed4136927cb286b7fb9c8a 4df009eeb35b4bdeb722721d47d8db55 - - default default] Successfully bumped revision number for resource a372425a-1923-4fde-98bc-1627946dc6dc (type: ports) to 1
2026-07-15 06:07:38.415 9 INFO neutron.wsgi [None req-bf0281ec-d491-4169-a82c-226aaa755f74 3551f3ade1674dd7b584bbb8a56fd353 8afcf190b57e46e6ac5fdd87e8f07164 - - default default] 10.0.0.208 "DELETE /v2.0/security-groups/37269a00-0769-4398-aa12-f028902b7503 HTTP/1.1" status: 204 len: 168 time: 0.2468073
2026-07-15 06:07:38.458 10 INFO neutron.db.ovn_revision_numbers_db [None req-738ee074-ef3a-40a1-b4a3-aa7af4e30fbd - - - - - -] Successfully bumped revision number for resource 74195537-c2a5-4aca-8752-0a36aacf0549 (type: ports) to 1
2026-07-15 06:07:38.851 9 ERROR ovsdbapp.backend.ovs_idl.command [None req-e5792713-76b5-4692-9860-976f8f86c370 4239e68166ed4136927cb286b7fb9c8a 4df009eeb35b4bdeb722721d47d8db55 - - default default] Error executing command (DbGetCommand): ovsdbapp.backend.ovs_idl.idlutils.RowNotFound: Cannot find Logical_Router_Port with name=lrp-a372425a-1923-4fde-98bc-1627946dc6dc
2026-07-15 06:07:38.851 9 ERROR ovsdbapp.backend.ovs_idl.command
Traceback (most recent call last):
2026-07-15 06:07:38.851 9 ERROR ovsdbapp.backend.ovs_idl.command
File "/var/lib/openstack/lib/python3.10/site-packages/ovsdbapp/backend/ovs_idl/command.py", line 47, in execute
2026-07-15 06:07:38.851 9 ERROR ovsdbapp.backend.ovs_idl.command self.run_idl(None)
2026-07-15 06:07:38.851 9 ERROR ovsdbapp.backend.ovs_idl.command
File "/var/lib/openstack/lib/python3.10/site-packages/ovsdbapp/backend/ovs_idl/command.py", line 235, in run_idl
2026-07-15 06:07:38.851 9 ERROR ovsdbapp.backend.ovs_idl.command record = self.api.lookup(self.table, self.record)
2026-07-15 06:07:38.851 9 ERROR ovsdbapp.backend.ovs_idl.command
File "/var/lib/openstack/lib/python3.10/site-packages/ovsdbapp/backend/ovs_idl/__init__.py", line 184, in lookup
2026-07-15 06:07:38.851 9 ERROR ovsdbapp.backend.ovs_idl.command return self._lookup(table, record)
2026-07-15 06:07:38.851 9 ERROR ovsdbapp.backend.ovs_idl.command
File "/var/lib/openstack/lib/python3.10/site-packages/ovsdbapp/backend/ovs_idl/__init__.py", line 235, in _lookup
2026-07-15 06:07:38.851 9 ERROR ovsdbapp.backend.ovs_idl.command row = idlutils.row_by_value(self, rl.table, rl.column, record)
2026-07-15 06:07:38.851 9 ERROR ovsdbapp.backend.ovs_idl.command
File "/var/lib/openstack/lib/python3.10/site-packages/ovsdbapp/backend/ovs_idl/idlutils.py", line 114, in row_by_value
2026-07-15 06:07:38.851 9 ERROR ovsdbapp.backend.ovs_idl.command raise RowNotFound(table=table, col=column, match=match)
2026-07-15 06:07:38.851 9 ERROR ovsdbapp.backend.ovs_idl.command ovsdbapp.backend.ovs_idl.idlutils.RowNotFound: Cannot find Logical_Router_Port with name=lrp-a372425a-1923-4fde-98bc-1627946dc6dc
2026-07-15 06:07:38.851 9 ERROR ovsdbapp.backend.ovs_idl.command 
2026-07-15 06:07:38.851 9 ERROR neutron_lib.callbacks.manager [None req-e5792713-76b5-4692-9860-976f8f86c370 4239e68166ed4136927cb286b7fb9c8a 4df009eeb35b4bdeb722721d47d8db55 - - default default] Error during notification for neutron.services.ovn_l3.plugin.OVNL3RouterPlugin._port_update-8739481113318 port, after_update: ovsdbapp.backend.ovs_idl.idlutils.RowNotFound: Cannot find Logical_Router_Port with name=lrp-a372425a-1923-4fde-98bc-1627946dc6dc
2026-07-15 06:07:38.851 9 ERROR neutron_lib.callbacks.manager
Traceback (most recent call last):
2026-07-15 06:07:38.851 9 ERROR neutron_lib.callbacks.manager
File "/var/lib/openstack/lib/python3.10/site-packages/neutron_lib/callbacks/manager.py", line 189, in _notify_loop
2026-07-15 06:07:38.851 9 ERROR neutron_lib.callbacks.manager callback.method(resource, event, trigger, payload=payload)
2026-07-15 06:07:38.851 9 ERROR neutron_lib.callbacks.manager
File "/var/lib/openstack/lib/python3.10/site-packages/neutron/services/ovn_l3/plugin.py", line 391, in _port_update
2026-07-15 06:07:38.851 9 ERROR neutron_lib.callbacks.manager l3plugin._ovn_client.update_router_port(context,
2026-07-15 06:07:38.851 9 ERROR neutron_lib.callbacks.manager
File "/var/lib/openstack/lib/python3.10/site-packages/neutron/plugins/ml2/drivers/ovn/mech_driver/ovsdb/ovn_client.py", line 1878, in update_router_port
2026-07-15 06:07:38.851 9 ERROR neutron_lib.callbacks.manager self._update_lrouter_port(context, port, if_exists=if_exists,
2026-07-15 06:07:38.851 9 ERROR neutron_lib.callbacks.manager
File "/var/lib/openstack/lib/python3.10/site-packages/neutron/plugins/ml2/drivers/ovn/mech_driver/ovsdb/ovn_client.py", line 1855, in _update_lrouter_port
2026-07-15 06:07:38.851 9 ERROR neutron_lib.callbacks.manager external_ids = self._nb_idl.db_get(
2026-07-15 06:07:38.851 9 ERROR neutron_lib.callbacks.manager
File "/var/lib/openstack/lib/python3.10/site-packages/ovsdbapp/backend/ovs_idl/command.py", line 47, in execute
2026-07-15 06:07:38.851 9 ERROR neutron_lib.callbacks.manager self.run_idl(None)
2026-07-15 06:07:38.851 9 ERROR neutron_lib.callbacks.manager
File "/var/lib/openstack/lib/python3.10/site-packages/ovsdbapp/backend/ovs_idl/command.py", line 235, in run_idl
2026-07-15 06:07:38.851 9 ERROR neutron_lib.callbacks.manager record = self.api.lookup(self.table, self.record)
2026-07-15 06:07:38.851 9 ERROR neutron_lib.callbacks.manager
File "/var/lib/openstack/lib/python3.10/site-packages/ovsdbapp/backend/ovs_idl/__init__.py", line 184, in lookup
2026-07-15 06:07:38.851 9 ERROR neutron_lib.callbacks.manager return self._lookup(table, record)
2026-07-15 06:07:38.851 9 ERROR neutron_lib.callbacks.manager
File "/var/lib/openstack/lib/python3.10/site-packages/ovsdbapp/backend/ovs_idl/__init__.py", line 235, in _lookup
2026-07-15 06:07:38.851 9 ERROR neutron_lib.callbacks.manager row = idlutils.row_by_value(self, rl.table, rl.column, record)
2026-07-15 06:07:38.851 9 ERROR neutron_lib.callbacks.manager
File "/var/lib/openstack/lib/python3.10/site-packages/ovsdbapp/backend/ovs_idl/idlutils.py", line 114, in row_by_value
2026-07-15 06:07:38.851 9 ERROR neutron_lib.callbacks.manager raise RowNotFound(table=table, col=column, match=match)
2026-07-15 06:07:38.851 9 ERROR neutron_lib.callbacks.manager ovsdbapp.backend.ovs_idl.idlutils.RowNotFound: Cannot find Logical_Router_Port with name=lrp-a372425a-1923-4fde-98bc-1627946dc6dc
2026-07-15 06:07:38.851 9 ERROR neutron_lib.callbacks.manager 
2026-07-15 06:07:38.960 10 INFO neutron.wsgi [None req-9ff4076f-a2d1-4398-aa7c-f6b1acd57e92 3551f3ade1674dd7b584bbb8a56fd353 8afcf190b57e46e6ac5fdd87e8f07164 - - default default] 10.0.0.208 "DELETE /v2.0/floatingips/ff98473f-9348-46c9-934a-fef074c108a7 HTTP/1.1" status: 204 len: 168 time: 0.5026207
2026-07-15 06:07:39.001 10 INFO neutron.db.ovn_revision_numbers_db [None req-738ee074-ef3a-40a1-b4a3-aa7af4e30fbd - - - - - -] Successfully bumped revision number for resource 74195537-c2a5-4aca-8752-0a36aacf0549 (type: router_ports) to 3
2026-07-15 06:07:39.078 9 INFO neutron.db.ovn_revision_numbers_db [None req-e5792713-76b5-4692-9860-976f8f86c370 4239e68166ed4136927cb286b7fb9c8a 4df009eeb35b4bdeb722721d47d8db55 - - default default] Successfully bumped revision number for resource a372425a-1923-4fde-98bc-1627946dc6dc (type: ports) to 1
2026-07-15 06:07:39.169 9 WARNING neutron.scheduler.dhcp_agent_scheduler [None req-e5792713-76b5-4692-9860-976f8f86c370 4239e68166ed4136927cb286b7fb9c8a 4df009eeb35b4bdeb722721d47d8db55 - - default default] No more DHCP agents
2026-07-15 06:07:39.169 10 INFO neutron.wsgi [req-9e80e5a4-ef48-4518-99a9-e3ee1371433e req-2badb19b-6c9f-4ad5-b1b0-f8319d3bff84 3551f3ade1674dd7b584bbb8a56fd353 8afcf190b57e46e6ac5fdd87e8f07164 - - default default] 10.0.0.24 "GET /v2.0/ports?device_id=11b760a3-12ce-4e1d-a370-fdd987d8b77d HTTP/1.1" status: 200 len: 1170 time: 0.0610867
2026-07-15 06:07:39.170 9 WARNING neutron.api.rpc.agentnotifiers.dhcp_rpc_agent_api [None req-e5792713-76b5-4692-9860-976f8f86c370 4239e68166ed4136927cb286b7fb9c8a 4df009eeb35b4bdeb722721d47d8db55 - - default default] Unable to schedule network fec8de7d-de3e-49b4-8491-a2c5371e84c0: no agents available; will retry on subsequent port and subnet creation events.
2026-07-15 06:07:39.256 10 INFO neutron.wsgi [req-9e80e5a4-ef48-4518-99a9-e3ee1371433e req-10d5cd66-a168-4afb-bc19-79dcfed712a9 3551f3ade1674dd7b584bbb8a56fd353 8afcf190b57e46e6ac5fdd87e8f07164 - - default default] 10.0.0.24 "GET /v2.0/security-groups?id=d0931fdc-6917-41a9-9fc0-4dba5459fecd&fields=id&fields=name HTTP/1.1" status: 200 len: 310 time: 0.0695443
2026-07-15 06:07:39.307 10 INFO neutron.db.ovn_revision_numbers_db [None req-738ee074-ef3a-40a1-b4a3-aa7af4e30fbd - - - - - -] Successfully bumped revision number for resource 74195537-c2a5-4aca-8752-0a36aacf0549 (type: ports) to 2
2026-07-15 06:07:39.498 9 INFO neutron.wsgi [req-46e82d78-a297-4786-b111-569f20f0d21a req-657e2bc8-53d3-4f89-8e33-9fdcd2c22ef3 3551f3ade1674dd7b584bbb8a56fd353 8afcf190b57e46e6ac5fdd87e8f07164 - - default default] 199.204.45.210 "GET /v2.0/ports?device_id=11b760a3-12ce-4e1d-a370-fdd987d8b77d HTTP/1.1" status: 200 len: 1170 time: 0.0573874
2026-07-15 06:07:39.685 10 INFO neutron.wsgi [req-ca919140-de05-4ffb-b9dd-6e7813d90900 req-b49e25c2-b4af-4023-91e9-493bc62d47ce d48a0c5da59f418f88634d23e7237c80 b9c29d2d19a648d18d4dfbc9d309b775 - - default default] 10.0.0.24 "GET /v2.0/networks?id=d5d5ef3c-bad4-4f1c-892d-a99841349236 HTTP/1.1" status: 200 len: 872 time: 0.1189506
2026-07-15 06:07:39.704 10 INFO neutron.wsgi [req-ca919140-de05-4ffb-b9dd-6e7813d90900 req-9a7396bb-d38b-41ad-81d6-2ffb7d151f50 d48a0c5da59f418f88634d23e7237c80 b9c29d2d19a648d18d4dfbc9d309b775 - - default default] 10.0.0.24 "GET /v2.0/quotas/b9c29d2d19a648d18d4dfbc9d309b775 HTTP/1.1" status: 200 len: 491 time: 0.0125263
2026-07-15 06:07:39.759 10 INFO neutron.db.ovn_revision_numbers_db [None req-738ee074-ef3a-40a1-b4a3-aa7af4e30fbd - - - - - -] Successfully bumped revision number for resource 74195537-c2a5-4aca-8752-0a36aacf0549 (type: ports) to 4
2026-07-15 06:07:39.864 10 INFO neutron.wsgi [req-ca919140-de05-4ffb-b9dd-6e7813d90900 req-a61f916c-9a43-49ec-8aea-8370973d9086 d48a0c5da59f418f88634d23e7237c80 b9c29d2d19a648d18d4dfbc9d309b775 - - default default] 10.0.0.24 "GET /v2.0/ports?tenant_id=b9c29d2d19a648d18d4dfbc9d309b775&fields=id HTTP/1.1" status: 200 len: 302 time: 0.1524305
2026-07-15 06:07:39.973 10 INFO neutron.wsgi [req-ca919140-de05-4ffb-b9dd-6e7813d90900 req-a5cc9fc0-7560-40e1-9e9b-b0285a55673d cd9b9ee205c84cddbe4d7c10fe1a120b dfcca62c60f942559238de17f9258104 - - 69172da1aae54a58bc71ea00e04f72f7 69172da1aae54a58bc71ea00e04f72f7] 10.0.0.24 "GET /v2.0/networks/d5d5ef3c-bad4-4f1c-892d-a99841349236?fields=segments HTTP/1.1" status: 200 len: 212 time: 0.1002388
2026-07-15 06:07:40.065 10 INFO neutron.wsgi [req-ca919140-de05-4ffb-b9dd-6e7813d90900 req-8a2c13a8-53e4-47b4-b7b7-7ac9234477aa cd9b9ee205c84cddbe4d7c10fe1a120b dfcca62c60f942559238de17f9258104 - - 69172da1aae54a58bc71ea00e04f72f7 69172da1aae54a58bc71ea00e04f72f7] 10.0.0.24 "GET /v2.0/networks/d5d5ef3c-bad4-4f1c-892d-a99841349236?fields=provider%3Aphysical_network&fields=provider%3Anetwork_type HTTP/1.1" status: 200 len: 277 time: 0.0669737
2026-07-15 06:07:40.120 10 INFO neutron.db.ovn_revision_numbers_db [None req-738ee074-ef3a-40a1-b4a3-aa7af4e30fbd - - - - - -] Successfully bumped revision number for resource 74195537-c2a5-4aca-8752-0a36aacf0549 (type: router_ports) to 4
2026-07-15 06:07:40.193 10 INFO neutron.wsgi [req-da7d126a-637b-4e65-bba5-518861f40aa9 req-db35723b-6867-4292-a810-a3769b3a0bf2 d48a0c5da59f418f88634d23e7237c80 b9c29d2d19a648d18d4dfbc9d309b775 - - default default] 10.0.0.24 "GET /v2.0/ports?device_id=19636e94-8976-4d22-a6df-86127cbecc79 HTTP/1.1" status: 200 len: 210 time: 0.0239868
2026-07-15 06:07:40.253 9 INFO neutron.wsgi [req-46e82d78-a297-4786-b111-569f20f0d21a req-fb335185-5fd2-4000-b56f-1ce97538bfe0 3551f3ade1674dd7b584bbb8a56fd353 8afcf190b57e46e6ac5fdd87e8f07164 - - default default] 199.204.45.210 "DELETE /v2.0/ports/6aafdc6f-0427-4727-a671-e1141743cb7c HTTP/1.1" status: 204 len: 173 time: 0.7500749
2026-07-15 06:07:40.324 9 INFO neutron.notifiers.nova [-] Nova event matching ['req-47ea5e0c-9e5d-4e84-a25a-b11e818def08'] response: {'server_uuid': '11b760a3-12ce-4e1d-a370-fdd987d8b77d', 'name': 'network-vif-deleted', 'tag': '6aafdc6f-0427-4727-a671-e1141743cb7c', 'status': 'completed', 'code': 200}
2026-07-15 06:07:40.364 10 INFO neutron.wsgi [req-eb57dc08-9649-4f56-813e-aaaafbbc3623 req-2a884b11-65a6-457f-a3b8-700d03a09807 3551f3ade1674dd7b584bbb8a56fd353 8afcf190b57e46e6ac5fdd87e8f07164 - - default default] 10.0.0.24 "GET /v2.0/ports?device_id=11b760a3-12ce-4e1d-a370-fdd987d8b77d HTTP/1.1" status: 200 len: 210 time: 0.0287092
2026-07-15 06:07:40.578 9 INFO neutron.db.ovn_revision_numbers_db [None req-e5792713-76b5-4692-9860-976f8f86c370 4239e68166ed4136927cb286b7fb9c8a 4df009eeb35b4bdeb722721d47d8db55 - - default default] Successfully bumped revision number for resource a372425a-1923-4fde-98bc-1627946dc6dc (type: router_ports) to 1
2026-07-15 06:07:40.584 9 INFO neutron.wsgi [None req-e5792713-76b5-4692-9860-976f8f86c370 4239e68166ed4136927cb286b7fb9c8a 4df009eeb35b4bdeb722721d47d8db55 - - default default] 10.0.0.208 "PUT /v2.0/routers/52105260-bbca-4ea5-8eee-88e8a4d91fd8/add_router_interface HTTP/1.1" status: 200 len: 503 time: 3.1440010
2026-07-15 06:07:40.959 9 INFO neutron.wsgi [req-ca919140-de05-4ffb-b9dd-6e7813d90900 req-465e689e-6b4c-4af7-929f-53eb021f152b d48a0c5da59f418f88634d23e7237c80 b9c29d2d19a648d18d4dfbc9d309b775 - - default default] 199.204.45.210 "GET /v2.0/networks?id=d5d5ef3c-bad4-4f1c-892d-a99841349236 HTTP/1.1" status: 200 len: 872 time: 0.1008537
