2026-07-15 06:06:55.020 10 INFO neutron.db.ovn_revision_numbers_db [None req-006e15e8-534c-45cd-866e-35ca4bfb86d2 3551f3ade1674dd7b584bbb8a56fd353 8afcf190b57e46e6ac5fdd87e8f07164 - - default default] Successfully bumped revision number for resource 6fd3fb0e-2b54-48aa-bac9-484166d61ca5 (type: security_group_rules) to 0
2026-07-15 06:06:55.061 10 INFO neutron.wsgi [None req-006e15e8-534c-45cd-866e-35ca4bfb86d2 3551f3ade1674dd7b584bbb8a56fd353 8afcf190b57e46e6ac5fdd87e8f07164 - - default default] 10.0.0.208 "POST /v2.0/security-group-rules HTTP/1.1" status: 201 len: 800 time: 0.2483451
2026-07-15 06:06:55.063 9 INFO neutron.wsgi [None req-308b51d1-9d37-4c92-afe4-e6e14ca50c5c 6c3164c1a74a4ce89531958530aae27b d503c072d6c84477a4e277f27b7c76ca - - default default] 10.0.0.208 "GET /v2.0/networks?not-tags=red%2Cblue HTTP/1.1" status: 200 len: 2681 time: 0.1256480
2026-07-15 06:06:55.070 9 WARNING neutron_lib.context [None req-cd358b02-1bc7-43bc-8aaf-3fb863685fec 3551f3ade1674dd7b584bbb8a56fd353 8afcf190b57e46e6ac5fdd87e8f07164 - - default default] Method 'is_advsvc' is deprecated since 2023.2 release (neutron-lib 3.8.0) and will be removed once support for the old RBAC API policies will be removed from Neutron. Please use method 'is_service_role' instead.
2026-07-15 06:06:55.108 9 INFO neutron.db.securitygroups_db [None req-cd358b02-1bc7-43bc-8aaf-3fb863685fec 3551f3ade1674dd7b584bbb8a56fd353 8afcf190b57e46e6ac5fdd87e8f07164 - - default default] Project 8afcf190b57e46e6ac5fdd87e8f07164 added a security group rule with legacy IPv6 ICMP protocol name icmp, ipv6-icmp should be used instead. It was automatically converted.
2026-07-15 06:06:55.197 10 INFO neutron.wsgi [None req-a1854d62-69cb-42d9-91a2-885fc539c88c 6c3164c1a74a4ce89531958530aae27b d503c072d6c84477a4e277f27b7c76ca - - default default] 10.0.0.208 "GET /v2.0/networks?not-tags-any=blue HTTP/1.1" status: 200 len: 2681 time: 0.1284540
2026-07-15 06:06:55.222 9 INFO neutron.db.ovn_revision_numbers_db [None req-cd358b02-1bc7-43bc-8aaf-3fb863685fec 3551f3ade1674dd7b584bbb8a56fd353 8afcf190b57e46e6ac5fdd87e8f07164 - - default default] Successfully bumped revision number for resource b1e6d440-0169-4e3c-b5cf-3cf226820bc9 (type: security_group_rules) to 0
2026-07-15 06:06:55.295 10 INFO neutron.wsgi [None req-a840f401-810a-4036-9059-c0fb174abf2a 6c3164c1a74a4ce89531958530aae27b d503c072d6c84477a4e277f27b7c76ca - - default default] 10.0.0.208 "GET /v2.0/networks?not-tags-any=red%2Cblue HTTP/1.1" status: 200 len: 2068 time: 0.0912468
2026-07-15 06:06:55.313 10 WARNING neutron.scheduler.dhcp_agent_scheduler [None req-407732f1-c81c-4541-8426-0ba30be56394 e59d064fceb9495a8a5ecc3c81324120 b32b50c895a846ffbb27decb331c5859 - - default default] No more DHCP agents
2026-07-15 06:06:55.315 10 WARNING neutron.api.rpc.agentnotifiers.dhcp_rpc_agent_api [None req-407732f1-c81c-4541-8426-0ba30be56394 e59d064fceb9495a8a5ecc3c81324120 b32b50c895a846ffbb27decb331c5859 - - default default] Unable to schedule network fce35da7-3222-443c-b7d9-36a2b756f009: no agents available; will retry on subsequent port and subnet creation events.
2026-07-15 06:06:55.515 9 INFO neutron.wsgi [None req-cd358b02-1bc7-43bc-8aaf-3fb863685fec 3551f3ade1674dd7b584bbb8a56fd353 8afcf190b57e46e6ac5fdd87e8f07164 - - default default] 10.0.0.208 "POST /v2.0/security-group-rules HTTP/1.1" status: 201 len: 806 time: 0.4486513
2026-07-15 06:06:55.526 9 WARNING neutron_lib.context [None req-313ce0eb-14fb-44db-babb-7201543239b3 3551f3ade1674dd7b584bbb8a56fd353 8afcf190b57e46e6ac5fdd87e8f07164 - - default default] Method 'is_advsvc' is deprecated since 2023.2 release (neutron-lib 3.8.0) and will be removed once support for the old RBAC API policies will be removed from Neutron. Please use method 'is_service_role' instead.
2026-07-15 06:06:55.612 9 INFO neutron.db.securitygroups_db [None req-313ce0eb-14fb-44db-babb-7201543239b3 3551f3ade1674dd7b584bbb8a56fd353 8afcf190b57e46e6ac5fdd87e8f07164 - - default default] Project 8afcf190b57e46e6ac5fdd87e8f07164 added a security group rule with legacy IPv6 ICMP protocol name icmp, ipv6-icmp should be used instead. It was automatically converted.
2026-07-15 06:06:55.673 10 INFO neutron.db.ovn_revision_numbers_db [None req-407732f1-c81c-4541-8426-0ba30be56394 e59d064fceb9495a8a5ecc3c81324120 b32b50c895a846ffbb27decb331c5859 - - default default] Successfully bumped revision number for resource 5e568349-9856-4c3e-bb31-e311ac5c87a4 (type: ports) to 1
2026-07-15 06:06:55.707 10 INFO neutron.wsgi [None req-407732f1-c81c-4541-8426-0ba30be56394 e59d064fceb9495a8a5ecc3c81324120 b32b50c895a846ffbb27decb331c5859 - - default default] 10.0.0.208 "POST /v2.0/networks HTTP/1.1" status: 201 len: 831 time: 0.9400058
2026-07-15 06:06:55.721 9 WARNING neutron_lib.context [None req-43a96094-de4c-4f97-a875-9ce86a92fa16 e59d064fceb9495a8a5ecc3c81324120 b32b50c895a846ffbb27decb331c5859 - - default default] Method 'is_advsvc' is deprecated since 2023.2 release (neutron-lib 3.8.0) and will be removed once support for the old RBAC API policies will be removed from Neutron. Please use method 'is_service_role' instead.
2026-07-15 06:06:55.753 9 INFO neutron.db.ovn_revision_numbers_db [None req-313ce0eb-14fb-44db-babb-7201543239b3 3551f3ade1674dd7b584bbb8a56fd353 8afcf190b57e46e6ac5fdd87e8f07164 - - default default] Successfully bumped revision number for resource f7db8561-2a8b-456e-9ed2-8ccee3bf1a6f (type: security_group_rules) to 0
2026-07-15 06:06:55.796 9 INFO neutron.wsgi [None req-313ce0eb-14fb-44db-babb-7201543239b3 3551f3ade1674dd7b584bbb8a56fd353 8afcf190b57e46e6ac5fdd87e8f07164 - - default default] 10.0.0.208 "POST /v2.0/security-group-rules HTTP/1.1" status: 201 len: 805 time: 0.2758067
2026-07-15 06:06:55.987 9 WARNING neutron.scheduler.dhcp_agent_scheduler [None req-43a96094-de4c-4f97-a875-9ce86a92fa16 e59d064fceb9495a8a5ecc3c81324120 b32b50c895a846ffbb27decb331c5859 - - default default] No more DHCP agents
2026-07-15 06:06:55.989 9 WARNING neutron.api.rpc.agentnotifiers.dhcp_rpc_agent_api [None req-43a96094-de4c-4f97-a875-9ce86a92fa16 e59d064fceb9495a8a5ecc3c81324120 b32b50c895a846ffbb27decb331c5859 - - default default] Unable to schedule network fce35da7-3222-443c-b7d9-36a2b756f009: no agents available; will retry on subsequent port and subnet creation events.
2026-07-15 06:06:56.050 10 INFO neutron.wsgi [None req-2a58a962-69fc-4bdf-9d25-24f6eb1538fe 6c3164c1a74a4ce89531958530aae27b d503c072d6c84477a4e277f27b7c76ca - - default default] 10.0.0.208 "DELETE /v2.0/networks/2dacbaa4-2ae4-47a1-b0b9-2c4effeda503 HTTP/1.1" status: 204 len: 168 time: 0.7449696
2026-07-15 06:06:56.373 10 INFO neutron.wsgi [None req-16a12d48-6813-4e04-90c4-35dd1ab10a4c 3551f3ade1674dd7b584bbb8a56fd353 8afcf190b57e46e6ac5fdd87e8f07164 - - default default] 10.0.0.208 "GET /v2.0/networks HTTP/1.1" status: 200 len: 1492 time: 0.1887219
2026-07-15 06:06:56.396 9 INFO neutron.db.ovn_revision_numbers_db [None req-1225e2b5-03c3-4620-88f4-8e8c43a3d34a 4239e68166ed4136927cb286b7fb9c8a 4df009eeb35b4bdeb722721d47d8db55 - - default default] Successfully bumped revision number for resource 767927b5-2c37-4626-a7c8-e28a433f8b30 (type: security_groups) to 1
2026-07-15 06:06:56.436 9 INFO neutron.db.ovn_revision_numbers_db [None req-1225e2b5-03c3-4620-88f4-8e8c43a3d34a 4239e68166ed4136927cb286b7fb9c8a 4df009eeb35b4bdeb722721d47d8db55 - - default default] Successfully bumped revision number for resource 06612122-b641-4d0d-b6c1-2cbb12ffdf66 (type: security_group_rules) to 0
2026-07-15 06:06:56.461 9 INFO neutron.db.ovn_revision_numbers_db [None req-1225e2b5-03c3-4620-88f4-8e8c43a3d34a 4239e68166ed4136927cb286b7fb9c8a 4df009eeb35b4bdeb722721d47d8db55 - - default default] Successfully bumped revision number for resource 5ad6963e-2b4d-4e25-9111-05d1f59aae74 (type: security_group_rules) to 0
2026-07-15 06:06:56.488 9 INFO neutron.db.ovn_revision_numbers_db [None req-1225e2b5-03c3-4620-88f4-8e8c43a3d34a 4239e68166ed4136927cb286b7fb9c8a 4df009eeb35b4bdeb722721d47d8db55 - - default default] Successfully bumped revision number for resource 9b1550c5-34d7-4358-8061-cd726153ebed (type: security_group_rules) to 0
2026-07-15 06:06:56.506 10 INFO neutron.wsgi [req-eac7011c-5351-4b7a-9fe0-dac459ac514c req-2abebaa9-75c8-4ba6-8d08-bec8fcb46446 3551f3ade1674dd7b584bbb8a56fd353 8afcf190b57e46e6ac5fdd87e8f07164 - - default default] 10.0.0.24 "GET /v2.0/security-groups?name=tempest-secgroup-smoke-7740231&fields=id&tenant_id=8afcf190b57e46e6ac5fdd87e8f07164 HTTP/1.1" status: 200 len: 267 time: 0.0475767
2026-07-15 06:06:56.517 9 INFO neutron.db.ovn_revision_numbers_db [None req-1225e2b5-03c3-4620-88f4-8e8c43a3d34a 4239e68166ed4136927cb286b7fb9c8a 4df009eeb35b4bdeb722721d47d8db55 - - default default] Successfully bumped revision number for resource c138e46b-07dc-4002-9898-f1057ccfe0b6 (type: security_group_rules) to 0
2026-07-15 06:06:56.566 9 INFO neutron.wsgi [None req-1225e2b5-03c3-4620-88f4-8e8c43a3d34a 4239e68166ed4136927cb286b7fb9c8a 4df009eeb35b4bdeb722721d47d8db55 - - default default] 10.0.0.208 "GET /v2.0/security-groups?tenant_id=de25c30e2515498f8e8b38cef1e7ed6b&name=default HTTP/1.1" status: 200 len: 3120 time: 0.6837745
2026-07-15 06:06:56.602 10 INFO neutron.wsgi [req-eac7011c-5351-4b7a-9fe0-dac459ac514c req-2bb1010d-7b44-4742-916e-6e2e3dbd1e09 3551f3ade1674dd7b584bbb8a56fd353 8afcf190b57e46e6ac5fdd87e8f07164 - - default default] 10.0.0.24 "GET /v2.0/networks?id=cb4737b5-157d-4425-8da8-a1ac7b55c6fb HTTP/1.1" status: 200 len: 859 time: 0.0876193
2026-07-15 06:06:56.620 10 INFO neutron.wsgi [req-eac7011c-5351-4b7a-9fe0-dac459ac514c req-f6d9beb5-bcf8-46d7-9453-273ada8aaf37 3551f3ade1674dd7b584bbb8a56fd353 8afcf190b57e46e6ac5fdd87e8f07164 - - default default] 10.0.0.24 "GET /v2.0/quotas/8afcf190b57e46e6ac5fdd87e8f07164 HTTP/1.1" status: 200 len: 491 time: 0.0105348
2026-07-15 06:06:56.735 10 INFO neutron.wsgi [req-eac7011c-5351-4b7a-9fe0-dac459ac514c req-47e44fdf-b1a7-4779-b486-636d6e57da21 3551f3ade1674dd7b584bbb8a56fd353 8afcf190b57e46e6ac5fdd87e8f07164 - - default default] 10.0.0.24 "GET /v2.0/ports?tenant_id=8afcf190b57e46e6ac5fdd87e8f07164&fields=id HTTP/1.1" status: 200 len: 302 time: 0.1075630
2026-07-15 06:06:56.783 10 INFO neutron.services.segments.plugin [-] Segment ebc90d1e-828e-4918-8015-76813018299d resource provider aggregate not found
2026-07-15 06:06:56.788 10 INFO neutron.services.segments.plugin [-] Segment ebc90d1e-828e-4918-8015-76813018299d resource provider aggregate not found
2026-07-15 06:06:56.801 10 INFO neutron.services.segments.plugin [-] Segment ebc90d1e-828e-4918-8015-76813018299d resource provider not found; error: Placement Client Error (4xx): {"errors": [{"status": 404, "title": "Not Found", "detail": "The resource could not be found.\n\n No resource provider with uuid ebc90d1e-828e-4918-8015-76813018299d found for delete ", "request_id": "req-53b13995-2437-4afb-beed-06b1e6ce8fc1"}]}
2026-07-15 06:06:56.802 10 INFO neutron.services.segments.plugin [-] Segment ebc90d1e-828e-4918-8015-76813018299d resource provider not found; error: Placement Client Error (4xx): {"errors": [{"status": 404, "title": "Not Found", "detail": "The resource could not be found.\n\n No resource provider with uuid ebc90d1e-828e-4918-8015-76813018299d found for delete ", "request_id": "req-9d19b229-fd08-4274-bf32-31b37833ea05"}]}
2026-07-15 06:06:56.812 9 INFO neutron.services.segments.plugin [-] Segment 3d316371-d804-41cd-bd46-dee442da77c1 resource provider aggregate not found
2026-07-15 06:06:56.818 9 INFO neutron.services.segments.plugin [-] Segment 3d316371-d804-41cd-bd46-dee442da77c1 resource provider aggregate not found
2026-07-15 06:06:56.822 10 INFO neutron.wsgi [req-eac7011c-5351-4b7a-9fe0-dac459ac514c req-5c020f60-ae90-4828-8511-00f57ad8eaac cd9b9ee205c84cddbe4d7c10fe1a120b dfcca62c60f942559238de17f9258104 - - 69172da1aae54a58bc71ea00e04f72f7 69172da1aae54a58bc71ea00e04f72f7] 10.0.0.24 "GET /v2.0/networks/cb4737b5-157d-4425-8da8-a1ac7b55c6fb?fields=segments HTTP/1.1" status: 200 len: 212 time: 0.0707223
2026-07-15 06:06:56.835 9 INFO neutron.services.segments.plugin [-] Segment 3d316371-d804-41cd-bd46-dee442da77c1 resource provider not found; error: Placement Client Error (4xx): {"errors": [{"status": 404, "title": "Not Found", "detail": "The resource could not be found.\n\n No resource provider with uuid 3d316371-d804-41cd-bd46-dee442da77c1 found for delete ", "request_id": "req-32492a27-63b0-435d-a400-fa94b9a47919"}]}
2026-07-15 06:06:56.837 9 INFO neutron.services.segments.plugin [-] Segment 3d316371-d804-41cd-bd46-dee442da77c1 resource provider not found; error: Placement Client Error (4xx): {"errors": [{"status": 404, "title": "Not Found", "detail": "The resource could not be found.\n\n No resource provider with uuid 3d316371-d804-41cd-bd46-dee442da77c1 found for delete ", "request_id": "req-8dc3ac7a-70ed-44a4-8f19-489fe0ab36cc"}]}
2026-07-15 06:06:56.877 9 INFO neutron.wsgi [None req-ec56e0c9-32a1-42ac-8e1a-d7277c199677 6c3164c1a74a4ce89531958530aae27b d503c072d6c84477a4e277f27b7c76ca - - default default] 10.0.0.208 "DELETE /v2.0/networks/3ec79ed7-ebe5-4d51-8b91-e0d80918ea59 HTTP/1.1" status: 204 len: 168 time: 0.8174546
2026-07-15 06:06:56.895 10 INFO neutron.wsgi [req-eac7011c-5351-4b7a-9fe0-dac459ac514c req-970f9679-856e-4f11-bdab-dc5bc1cbf97c cd9b9ee205c84cddbe4d7c10fe1a120b dfcca62c60f942559238de17f9258104 - - 69172da1aae54a58bc71ea00e04f72f7 69172da1aae54a58bc71ea00e04f72f7] 10.0.0.24 "GET /v2.0/networks/cb4737b5-157d-4425-8da8-a1ac7b55c6fb?fields=provider%3Aphysical_network&fields=provider%3Anetwork_type HTTP/1.1" status: 200 len: 277 time: 0.0673561
2026-07-15 06:06:56.926 9 INFO neutron.db.ovn_revision_numbers_db [None req-43a96094-de4c-4f97-a875-9ce86a92fa16 e59d064fceb9495a8a5ecc3c81324120 b32b50c895a846ffbb27decb331c5859 - - default default] Successfully bumped revision number for resource 5e568349-9856-4c3e-bb31-e311ac5c87a4 (type: ports) to 2
2026-07-15 06:06:56.980 9 INFO neutron.db.ovn_revision_numbers_db [None req-43a96094-de4c-4f97-a875-9ce86a92fa16 e59d064fceb9495a8a5ecc3c81324120 b32b50c895a846ffbb27decb331c5859 - - default default] Successfully bumped revision number for resource 6a34194b-305f-480f-91ef-d85d4a8ce879 (type: subnets) to 0
2026-07-15 06:06:57.009 9 INFO neutron.wsgi [None req-43a96094-de4c-4f97-a875-9ce86a92fa16 e59d064fceb9495a8a5ecc3c81324120 b32b50c895a846ffbb27decb331c5859 - - default default] 10.0.0.208 "POST /v2.0/subnets HTTP/1.1" status: 201 len: 801 time: 1.2949722
2026-07-15 06:06:57.019 9 WARNING neutron_lib.context [None req-9109f8ff-61cc-434b-a362-69f5f98ec4ce e59d064fceb9495a8a5ecc3c81324120 b32b50c895a846ffbb27decb331c5859 - - default default] Method 'is_advsvc' is deprecated since 2023.2 release (neutron-lib 3.8.0) and will be removed once support for the old RBAC API policies will be removed from Neutron. Please use method 'is_service_role' instead.
2026-07-15 06:06:57.035 10 INFO neutron.wsgi [req-8e2c9a40-835b-4a6e-aa97-9d3b2522ac3f req-4ec38a58-8dba-4381-bdc7-2ff465f18cf3 3551f3ade1674dd7b584bbb8a56fd353 8afcf190b57e46e6ac5fdd87e8f07164 - - default default] 10.0.0.24 "GET /v2.0/ports?device_id=11b760a3-12ce-4e1d-a370-fdd987d8b77d HTTP/1.1" status: 200 len: 210 time: 0.0232842
2026-07-15 06:06:57.066 9 INFO neutron.wsgi [None req-0bee0e0b-6fa4-4bfd-94cf-4099fa4b0409 4239e68166ed4136927cb286b7fb9c8a 4df009eeb35b4bdeb722721d47d8db55 - - default default] 10.0.0.208 "DELETE /v2.0/security-groups/767927b5-2c37-4626-a7c8-e28a433f8b30 HTTP/1.1" status: 204 len: 168 time: 0.4946840
2026-07-15 06:06:57.442 9 WARNING neutron.scheduler.dhcp_agent_scheduler [None req-9109f8ff-61cc-434b-a362-69f5f98ec4ce e59d064fceb9495a8a5ecc3c81324120 b32b50c895a846ffbb27decb331c5859 - - default default] No more DHCP agents
2026-07-15 06:06:57.448 9 WARNING neutron.api.rpc.agentnotifiers.dhcp_rpc_agent_api [None req-9109f8ff-61cc-434b-a362-69f5f98ec4ce e59d064fceb9495a8a5ecc3c81324120 b32b50c895a846ffbb27decb331c5859 - - default default] Unable to schedule network fce35da7-3222-443c-b7d9-36a2b756f009: no agents available; will retry on subsequent port and subnet creation events.
2026-07-15 06:06:57.501 9 INFO neutron.wsgi [None req-47ec20f2-2a99-4328-8857-6225c0833b7a 6c3164c1a74a4ce89531958530aae27b d503c072d6c84477a4e277f27b7c76ca - - default default] 10.0.0.208 "DELETE /v2.0/networks/5c9aaebe-768a-4340-8539-dd9f67fb4260 HTTP/1.1" status: 204 len: 168 time: 0.6163769
2026-07-15 06:06:57.648 9 INFO neutron.db.ovn_revision_numbers_db [None req-9109f8ff-61cc-434b-a362-69f5f98ec4ce e59d064fceb9495a8a5ecc3c81324120 b32b50c895a846ffbb27decb331c5859 - - default default] Successfully bumped revision number for resource 1344c597-1193-4081-9304-c23193d002db (type: ports) to 1
2026-07-15 06:06:57.692 9 INFO neutron.wsgi [None req-9109f8ff-61cc-434b-a362-69f5f98ec4ce e59d064fceb9495a8a5ecc3c81324120 b32b50c895a846ffbb27decb331c5859 - - default default] 10.0.0.208 "POST /v2.0/ports HTTP/1.1" status: 201 len: 1111 time: 0.6787837
2026-07-15 06:06:57.852 9 INFO neutron.wsgi [req-eac7011c-5351-4b7a-9fe0-dac459ac514c req-31782023-e1e5-4e4e-b21c-77ed35914871 3551f3ade1674dd7b584bbb8a56fd353 8afcf190b57e46e6ac5fdd87e8f07164 - - default default] 199.204.45.210 "GET /v2.0/networks?id=cb4737b5-157d-4425-8da8-a1ac7b55c6fb HTTP/1.1" status: 200 len: 859 time: 0.1234257
2026-07-15 06:06:57.903 9 INFO neutron.wsgi [req-eac7011c-5351-4b7a-9fe0-dac459ac514c req-2f6bc890-4b50-4b66-9cb8-1861853a913a 3551f3ade1674dd7b584bbb8a56fd353 8afcf190b57e46e6ac5fdd87e8f07164 - - default default] 199.204.45.210 "GET /v2.0/security-groups?fields=id&fields=name&tenant_id=8afcf190b57e46e6ac5fdd87e8f07164 HTTP/1.1" status: 200 len: 377 time: 0.0445306
2026-07-15 06:06:57.918 9 WARNING neutron_lib.context [req-eac7011c-5351-4b7a-9fe0-dac459ac514c req-2646d32a-fe64-4c6a-b7f1-67b018d77ea1 3551f3ade1674dd7b584bbb8a56fd353 8afcf190b57e46e6ac5fdd87e8f07164 - - default default] Method 'is_advsvc' is deprecated since 2023.2 release (neutron-lib 3.8.0) and will be removed once support for the old RBAC API policies will be removed from Neutron. Please use method 'is_service_role' instead.
2026-07-15 06:06:58.028 10 INFO neutron.wsgi [None req-7de1db63-b012-495f-822b-f076237defa4 6c3164c1a74a4ce89531958530aae27b d503c072d6c84477a4e277f27b7c76ca - - default default] 10.0.0.208 "DELETE /v2.0/networks/ceb2e699-c75d-4e71-ab60-077a17960491 HTTP/1.1" status: 204 len: 168 time: 0.5220258
2026-07-15 06:06:58.138 10 INFO neutron.wsgi [req-a3dd694e-0c2d-4b08-a82e-968b138124db req-4757e3e3-d468-49eb-b7ce-86177560ed0b 3551f3ade1674dd7b584bbb8a56fd353 8afcf190b57e46e6ac5fdd87e8f07164 - - default default] 10.0.0.24 "GET /v2.0/ports?device_id=11b760a3-12ce-4e1d-a370-fdd987d8b77d HTTP/1.1" status: 200 len: 210 time: 0.0234189
2026-07-15 06:06:58.186 10 INFO neutron.wsgi [None req-0cfc2b90-62b5-4ec8-a9ef-19cc597694f1 e59d064fceb9495a8a5ecc3c81324120 b32b50c895a846ffbb27decb331c5859 - - default default] 10.0.0.208 "DELETE /v2.0/ports/1344c597-1193-4081-9304-c23193d002db HTTP/1.1" status: 204 len: 168 time: 0.4873519
2026-07-15 06:06:58.217 10 INFO neutron.pecan_wsgi.hooks.translation [None req-cf80803a-8873-4b53-8b08-a19863ea7b8c e59d064fceb9495a8a5ecc3c81324120 b32b50c895a846ffbb27decb331c5859 - - default default] GET failed (client error): The resource could not be found.
2026-07-15 06:06:58.219 10 INFO neutron.wsgi [None req-cf80803a-8873-4b53-8b08-a19863ea7b8c e59d064fceb9495a8a5ecc3c81324120 b32b50c895a846ffbb27decb331c5859 - - default default] 10.0.0.208 "GET /v2.0/ports/1344c597-1193-4081-9304-c23193d002db HTTP/1.1" status: 404 len: 333 time: 0.0266953
2026-07-15 06:06:58.303 9 WARNING neutron.scheduler.dhcp_agent_scheduler [req-eac7011c-5351-4b7a-9fe0-dac459ac514c req-2646d32a-fe64-4c6a-b7f1-67b018d77ea1 3551f3ade1674dd7b584bbb8a56fd353 8afcf190b57e46e6ac5fdd87e8f07164 - - default default] No more DHCP agents
2026-07-15 06:06:58.306 9 WARNING neutron.api.rpc.agentnotifiers.dhcp_rpc_agent_api [req-eac7011c-5351-4b7a-9fe0-dac459ac514c req-2646d32a-fe64-4c6a-b7f1-67b018d77ea1 3551f3ade1674dd7b584bbb8a56fd353 8afcf190b57e46e6ac5fdd87e8f07164 - - default default] Unable to schedule network cb4737b5-157d-4425-8da8-a1ac7b55c6fb: no agents available; will retry on subsequent port and subnet creation events.
2026-07-15 06:06:58.454 10 INFO neutron.wsgi [None req-12b7618b-ba53-4923-b96e-3b95ff121a11 e59d064fceb9495a8a5ecc3c81324120 b32b50c895a846ffbb27decb331c5859 - - default default] 10.0.0.208 "DELETE /v2.0/subnets/6a34194b-305f-480f-91ef-d85d4a8ce879 HTTP/1.1" status: 204 len: 168 time: 0.2289503
2026-07-15 06:06:58.521 9 INFO neutron.db.ovn_revision_numbers_db [req-eac7011c-5351-4b7a-9fe0-dac459ac514c req-2646d32a-fe64-4c6a-b7f1-67b018d77ea1 3551f3ade1674dd7b584bbb8a56fd353 8afcf190b57e46e6ac5fdd87e8f07164 - - default default] Successfully bumped revision number for resource 6aafdc6f-0427-4727-a671-e1141743cb7c (type: ports) to 1
2026-07-15 06:06:58.532 9 INFO neutron.wsgi [None req-02aff9d9-686c-4566-bc7d-594c699bcfb5 6c3164c1a74a4ce89531958530aae27b d503c072d6c84477a4e277f27b7c76ca - - default default] 10.0.0.208 "DELETE /v2.0/networks/9fd91382-1a0e-48cc-9f64-5e78e2f55728 HTTP/1.1" status: 204 len: 168 time: 0.4951499
2026-07-15 06:06:58.552 9 INFO neutron.wsgi [req-eac7011c-5351-4b7a-9fe0-dac459ac514c req-2646d32a-fe64-4c6a-b7f1-67b018d77ea1 3551f3ade1674dd7b584bbb8a56fd353 8afcf190b57e46e6ac5fdd87e8f07164 - - default default] 199.204.45.210 "POST /v2.0/ports HTTP/1.1" status: 201 len: 1158 time: 0.6392572 /var/lib/openstack/lib/python3.10/site-packages/pycadf/identifier.py:71: UserWarning: Invalid uuid: neutron. To ensure interoperability, identifiers should be a valid uuid. warnings.warn(('Invalid uuid: %s. To ensure interoperability, '
2026-07-15 06:06:58.823 10 INFO neutron.services.segments.plugin [-] Segment 2a0b29ce-40e7-4722-8326-d5b0ad885ea8 resource provider aggregate not found
2026-07-15 06:06:58.830 10 INFO neutron.services.segments.plugin [-] Segment 2a0b29ce-40e7-4722-8326-d5b0ad885ea8 resource provider aggregate not found
2026-07-15 06:06:58.850 10 INFO neutron.services.segments.plugin [-] Segment 2a0b29ce-40e7-4722-8326-d5b0ad885ea8 resource provider not found; error: Placement Client Error (4xx): {"errors": [{"status": 404, "title": "Not Found", "detail": "The resource could not be found.\n\n No resource provider with uuid 2a0b29ce-40e7-4722-8326-d5b0ad885ea8 found for delete ", "request_id": "req-dd93e2ca-1063-47e9-80b2-9f118819a581"}]}
2026-07-15 06:06:58.856 10 INFO neutron.services.segments.plugin [-] Segment 2a0b29ce-40e7-4722-8326-d5b0ad885ea8 resource provider not found; error: Placement Client Error (4xx): {"errors": [{"status": 404, "title": "Not Found", "detail": "The resource could not be found.\n\n No resource provider with uuid 2a0b29ce-40e7-4722-8326-d5b0ad885ea8 found for delete ", "request_id": "req-1001b995-8f5a-426b-aca6-10629a86992f"}]}
2026-07-15 06:06:58.862 9 INFO neutron.services.segments.plugin [-] Segment a29c4eda-e07a-40be-a39c-99b93032a346 resource provider aggregate not found
2026-07-15 06:06:58.867 9 INFO neutron.services.segments.plugin [-] Segment a29c4eda-e07a-40be-a39c-99b93032a346 resource provider aggregate not found
2026-07-15 06:06:58.886 10 INFO neutron.wsgi [None req-3653893e-b45f-49a1-9ba7-6794e5dce039 e59d064fceb9495a8a5ecc3c81324120 b32b50c895a846ffbb27decb331c5859 - - default default] 10.0.0.208 "DELETE /v2.0/networks/fce35da7-3222-443c-b7d9-36a2b756f009 HTTP/1.1" status: 204 len: 168 time: 0.4241111
2026-07-15 06:06:58.889 9 INFO neutron.services.segments.plugin [-] Segment a29c4eda-e07a-40be-a39c-99b93032a346 resource provider not found; error: Placement Client Error (4xx): {"errors": [{"status": 404, "title": "Not Found", "detail": "The resource could not be found.\n\n No resource provider with uuid a29c4eda-e07a-40be-a39c-99b93032a346 found for delete ", "request_id": "req-b2d06205-4550-4c09-921a-16f7065eb5cf"}]}
2026-07-15 06:06:58.896 10 WARNING neutron_lib.context [None req-1604dcc8-4d45-4171-8c67-61c196e9fa13 e59d064fceb9495a8a5ecc3c81324120 b32b50c895a846ffbb27decb331c5859 - - default default] Method 'is_advsvc' is deprecated since 2023.2 release (neutron-lib 3.8.0) and will be removed once support for the old RBAC API policies will be removed from Neutron. Please use method 'is_service_role' instead.
2026-07-15 06:06:58.906 9 INFO neutron.services.segments.plugin [-] Segment a29c4eda-e07a-40be-a39c-99b93032a346 resource provider not found; error: Placement Client Error (4xx): {"errors": [{"status": 404, "title": "Not Found", "detail": "The resource could not be found.\n\n No resource provider with uuid a29c4eda-e07a-40be-a39c-99b93032a346 found for delete ", "request_id": "req-221e2d3c-b526-4f2d-8554-5511de2e6c82"}]}
2026-07-15 06:06:58.920 9 INFO neutron.services.segments.plugin [-] Segment d592db1b-f517-49c2-b6ac-2c88d4aa8c2d resource provider aggregate not found
2026-07-15 06:06:58.934 9 INFO neutron.services.segments.plugin [-] Segment d592db1b-f517-49c2-b6ac-2c88d4aa8c2d resource provider aggregate not found
2026-07-15 06:06:58.940 9 INFO neutron.services.segments.plugin [-] Segment d592db1b-f517-49c2-b6ac-2c88d4aa8c2d resource provider not found; error: Placement Client Error (4xx): {"errors": [{"status": 404, "title": "Not Found", "detail": "The resource could not be found.\n\n No resource provider with uuid d592db1b-f517-49c2-b6ac-2c88d4aa8c2d found for delete ", "request_id": "req-45fb76e2-3de6-47ae-9656-71bb8466c7e3"}]}
2026-07-15 06:06:58.954 9 INFO neutron.services.segments.plugin [-] Segment d592db1b-f517-49c2-b6ac-2c88d4aa8c2d resource provider not found; error: Placement Client Error (4xx): {"errors": [{"status": 404, "title": "Not Found", "detail": "The resource could not be found.\n\n No resource provider with uuid d592db1b-f517-49c2-b6ac-2c88d4aa8c2d found for delete ", "request_id": "req-bc5416ea-918a-4feb-a4dd-a785dd86e4b2"}]} /var/lib/openstack/lib/python3.10/site-packages/pycadf/identifier.py:71: UserWarning: Invalid uuid: neutron. To ensure interoperability, identifiers should be a valid uuid. warnings.warn(('Invalid uuid: %s. To ensure interoperability, '
2026-07-15 06:06:59.048 9 INFO neutron.wsgi [None req-2e5791b4-9328-4bfe-a099-83b557f569fb 98e94d60904a45af9f6c4346fe91224a f72e5dd7aa75428692fdd6b31b90ef84 - - default default] 10.0.0.208 "GET /v2.0/extensions HTTP/1.1" status: 200 len: 18678 time: 0.2386982
2026-07-15 06:06:59.062 9 INFO neutron.wsgi [None req-d04b1622-c5d7-4c64-988d-bb31350a3325 98e94d60904a45af9f6c4346fe91224a f72e5dd7aa75428692fdd6b31b90ef84 - - default default] 10.0.0.208 "GET /v2.0/extensions/address-group HTTP/1.1" status: 200 len: 353 time: 0.0062904
2026-07-15 06:06:59.070 9 INFO neutron.wsgi [None req-3a545e55-80ef-476f-a55d-4933529e127b 98e94d60904a45af9f6c4346fe91224a f72e5dd7aa75428692fdd6b31b90ef84 - - default default] 10.0.0.208 "GET /v2.0/extensions/address-scope HTTP/1.1" status: 200 len: 357 time: 0.0034130
2026-07-15 06:06:59.080 10 INFO neutron.wsgi [None req-55e1bf57-6ea6-4928-80a9-604bb62a47c9 98e94d60904a45af9f6c4346fe91224a f72e5dd7aa75428692fdd6b31b90ef84 - - default default] 10.0.0.208 "GET /v2.0/extensions/agent HTTP/1.1" status: 200 len: 347 time: 0.0060246
2026-07-15 06:06:59.089 9 INFO neutron.wsgi [None req-dc866cd7-0500-4cbd-a0e4-ede1618b3f97 98e94d60904a45af9f6c4346fe91224a f72e5dd7aa75428692fdd6b31b90ef84 - - default default] 10.0.0.208 "GET /v2.0/extensions/allowed-address-pairs HTTP/1.1" status: 200 len: 378 time: 0.0053146
2026-07-15 06:06:59.097 10 INFO neutron.wsgi [None req-d631d1b7-23c5-4116-a031-4d91eac5e227 98e94d60904a45af9f6c4346fe91224a f72e5dd7aa75428692fdd6b31b90ef84 - - default default] 10.0.0.208 "GET /v2.0/extensions/auto-allocated-topology HTTP/1.1" status: 200 len: 394 time: 0.0043206
2026-07-15 06:06:59.101 9 INFO neutron.db.ovn_revision_numbers_db [req-eac7011c-5351-4b7a-9fe0-dac459ac514c req-e1c7f134-4e0e-422e-a86b-c97d5b9c50f8 cd9b9ee205c84cddbe4d7c10fe1a120b dfcca62c60f942559238de17f9258104 - - 69172da1aae54a58bc71ea00e04f72f7 69172da1aae54a58bc71ea00e04f72f7] Successfully bumped revision number for resource 6aafdc6f-0427-4727-a671-e1141743cb7c (type: ports) to 2
2026-07-15 06:06:59.107 9 INFO neutron.wsgi [None req-495b7729-489d-4d5a-aed4-2ce2e7a4ffe0 98e94d60904a45af9f6c4346fe91224a f72e5dd7aa75428692fdd6b31b90ef84 - - default default] 10.0.0.208 "GET /v2.0/extensions/availability_zone HTTP/1.1" status: 200 len: 372 time: 0.0062320
2026-07-15 06:06:59.121 9 INFO neutron.wsgi [None req-afa0ccd3-1ecf-4a22-8f18-a1afe5070174 98e94d60904a45af9f6c4346fe91224a f72e5dd7aa75428692fdd6b31b90ef84 - - default default] 10.0.0.208 "GET /v2.0/extensions/default-subnetpools HTTP/1.1" status: 200 len: 405 time: 0.0073609
2026-07-15 06:06:59.133 10 INFO neutron.wsgi [None req-b640a24c-718d-416e-87aa-c7777fdf0fa2 98e94d60904a45af9f6c4346fe91224a f72e5dd7aa75428692fdd6b31b90ef84 - - default default] 10.0.0.208 "GET /v2.0/extensions/dhcp_agent_scheduler HTTP/1.1" status: 200 len: 381 time: 0.0064445 /var/lib/openstack/lib/python3.10/site-packages/pycadf/identifier.py:71: UserWarning: Invalid uuid: neutron. To ensure interoperability, identifiers should be a valid uuid. warnings.warn(('Invalid uuid: %s. To ensure interoperability, '
2026-07-15 06:06:59.139 10 INFO neutron.wsgi [None req-b9443b2e-86c3-4c76-9040-c2b0b387fbb9 98e94d60904a45af9f6c4346fe91224a f72e5dd7aa75428692fdd6b31b90ef84 - - default default] 10.0.0.208 "GET /v2.0/extensions/dns-integration HTTP/1.1" status: 200 len: 366 time: 0.0030518
2026-07-15 06:06:59.151 9 INFO neutron.wsgi [None req-f9e8ecf3-b715-42af-8291-6c3e8463057d 98e94d60904a45af9f6c4346fe91224a f72e5dd7aa75428692fdd6b31b90ef84 - - default default] 10.0.0.208 "GET /v2.0/extensions/dns-domain-ports HTTP/1.1" status: 200 len: 399 time: 0.0080826
2026-07-15 06:06:59.163 9 INFO neutron.wsgi [None req-32c8f12a-2f29-4855-9398-41b41111b40d 98e94d60904a45af9f6c4346fe91224a f72e5dd7aa75428692fdd6b31b90ef84 - - default default] 10.0.0.208 "GET /v2.0/extensions/dns-integration-domain-keywords HTTP/1.1" status: 200 len: 477 time: 0.0052531
2026-07-15 06:06:59.167 10 WARNING neutron.scheduler.dhcp_agent_scheduler [None req-1604dcc8-4d45-4171-8c67-61c196e9fa13 e59d064fceb9495a8a5ecc3c81324120 b32b50c895a846ffbb27decb331c5859 - - default default] No more DHCP agents
2026-07-15 06:06:59.169 10 WARNING neutron.api.rpc.agentnotifiers.dhcp_rpc_agent_api [None req-1604dcc8-4d45-4171-8c67-61c196e9fa13 e59d064fceb9495a8a5ecc3c81324120 b32b50c895a846ffbb27decb331c5859 - - default default] Unable to schedule network 87499b31-89d8-4065-b0ae-d39dd732cf34: no agents available; will retry on subsequent port and subnet creation events.
2026-07-15 06:06:59.172 9 INFO neutron.wsgi [None req-cbbb7a96-fc4d-4898-a206-1f5c504e93f8 98e94d60904a45af9f6c4346fe91224a f72e5dd7aa75428692fdd6b31b90ef84 - - default default] 10.0.0.208 "GET /v2.0/extensions/empty-string-filtering HTTP/1.1" status: 200 len: 413 time: 0.0051765
2026-07-15 06:06:59.181 9 INFO neutron.wsgi [None req-367e5878-c8f0-4202-8416-ba75b8112ce3 98e94d60904a45af9f6c4346fe91224a f72e5dd7aa75428692fdd6b31b90ef84 - - default default] 10.0.0.208 "GET /v2.0/extensions/external-net HTTP/1.1" status: 200 len: 394 time: 0.0045173
2026-07-15 06:06:59.188 9 INFO neutron.wsgi [None req-59b0a70c-ab5d-41a6-94c2-34f7966fc761 98e94d60904a45af9f6c4346fe91224a f72e5dd7aa75428692fdd6b31b90ef84 - - default default] 10.0.0.208 "GET /v2.0/extensions/extra_dhcp_opt HTTP/1.1" status: 200 len: 498 time: 0.0034852 /var/lib/openstack/lib/python3.10/site-packages/pycadf/identifier.py:71: UserWarning: Invalid uuid: neutron. To ensure interoperability, identifiers should be a valid uuid. warnings.warn(('Invalid uuid: %s. To ensure interoperability, '
2026-07-15 06:06:59.208 10 INFO neutron.wsgi [None req-36fd29d0-35cb-4b4f-b44a-d1f7f195359c 98e94d60904a45af9f6c4346fe91224a f72e5dd7aa75428692fdd6b31b90ef84 - - default default] 10.0.0.208 "GET /v2.0/extensions/extraroute HTTP/1.1" status: 200 len: 375 time: 0.0062191
2026-07-15 06:06:59.219 9 INFO neutron.wsgi [None req-f1645615-82f4-4a53-86f7-55e7c5f2ee6b 98e94d60904a45af9f6c4346fe91224a f72e5dd7aa75428692fdd6b31b90ef84 - - default default] 10.0.0.208 "GET /v2.0/extensions/floating-ip-port-forwarding-detail HTTP/1.1" status: 200 len: 465 time: 0.0043633
2026-07-15 06:06:59.232 9 INFO neutron.wsgi [None req-fd8bd37e-62dd-4f28-a078-e773b6e76d48 98e94d60904a45af9f6c4346fe91224a f72e5dd7aa75428692fdd6b31b90ef84 - - default default] 10.0.0.208 "GET /v2.0/extensions/fip-port-details HTTP/1.1" status: 200 len: 406 time: 0.0069332
2026-07-15 06:06:59.241 9 INFO neutron.wsgi [None req-83648b76-a99d-4317-9f8c-88ae3a339d23 98e94d60904a45af9f6c4346fe91224a f72e5dd7aa75428692fdd6b31b90ef84 - - default default] 10.0.0.208 "GET /v2.0/extensions/flavors HTTP/1.1" status: 200 len: 387 time: 0.0055068
2026-07-15 06:06:59.253 9 INFO neutron.wsgi [None req-42b1aec3-8a52-4fa1-b094-e31c1dacf770 98e94d60904a45af9f6c4346fe91224a f72e5dd7aa75428692fdd6b31b90ef84 - - default default] 10.0.0.208 "GET /v2.0/extensions/floatingip-pools HTTP/1.1" status: 200 len: 382 time: 0.0063894
2026-07-15 06:06:59.265 10 INFO neutron.wsgi [req-e7f9c9e0-cac5-4324-abbf-689979bf8b54 req-f73e0190-780c-4719-9878-9718d042281a 3551f3ade1674dd7b584bbb8a56fd353 8afcf190b57e46e6ac5fdd87e8f07164 - - default default] 10.0.0.24 "GET /v2.0/ports?device_id=11b760a3-12ce-4e1d-a370-fdd987d8b77d HTTP/1.1" status: 200 len: 1168 time: 0.0612211
2026-07-15 06:06:59.270 10 INFO neutron.wsgi [None req-c9e05d7a-e971-4daf-a07d-0a25b65a8b6a 98e94d60904a45af9f6c4346fe91224a f72e5dd7aa75428692fdd6b31b90ef84 - - default default] 10.0.0.208 "GET /v2.0/extensions/ip_allocation HTTP/1.1" status: 200 len: 356 time: 0.0040183
2026-07-15 06:06:59.284 9 INFO neutron.wsgi [None req-bfff8b30-9d5a-4d9a-b204-58b6f7e7c114 98e94d60904a45af9f6c4346fe91224a f72e5dd7aa75428692fdd6b31b90ef84 - - default default] 10.0.0.208 "GET /v2.0/extensions/l2_adjacency HTTP/1.1" status: 200 len: 372 time: 0.0067225
2026-07-15 06:06:59.296 10 INFO neutron.wsgi [None req-ce839257-c6a7-4b2e-9c6d-53f6d47a5589 98e94d60904a45af9f6c4346fe91224a f72e5dd7aa75428692fdd6b31b90ef84 - - default default] 10.0.0.208 "GET /v2.0/extensions/router HTTP/1.1" status: 200 len: 450 time: 0.0065391
2026-07-15 06:06:59.308 9 INFO neutron.wsgi [None req-40e0cb59-596e-45a1-8f18-79d744124fde 98e94d60904a45af9f6c4346fe91224a f72e5dd7aa75428692fdd6b31b90ef84 - - default default] 10.0.0.208 "GET /v2.0/extensions/enable-default-route-bfd HTTP/1.1" status: 200 len: 406 time: 0.0064995
2026-07-15 06:06:59.320 10 INFO neutron.wsgi [None req-ed3803c7-04f8-4279-95c9-53ca431620df 98e94d60904a45af9f6c4346fe91224a f72e5dd7aa75428692fdd6b31b90ef84 - - default default] 10.0.0.208 "GET /v2.0/extensions/enable-default-route-ecmp HTTP/1.1" status: 200 len: 409 time: 0.0064967
2026-07-15 06:06:59.324 10 INFO neutron.db.ovn_revision_numbers_db [None req-1604dcc8-4d45-4171-8c67-61c196e9fa13 e59d064fceb9495a8a5ecc3c81324120 b32b50c895a846ffbb27decb331c5859 - - default default] Successfully bumped revision number for resource 662141e9-6787-43be-aaa7-82c08226b559 (type: ports) to 1
2026-07-15 06:06:59.331 10 INFO neutron.wsgi [None req-598efa7d-e4e9-4765-bfce-b15c8e5e33e5 98e94d60904a45af9f6c4346fe91224a f72e5dd7aa75428692fdd6b31b90ef84 - - default default] 10.0.0.208 "GET /v2.0/extensions/ext-gw-mode HTTP/1.1" status: 200 len: 462 time: 0.0041311
2026-07-15 06:06:59.336 10 INFO neutron.wsgi [req-e7f9c9e0-cac5-4324-abbf-689979bf8b54 req-92be9046-419e-4a89-907a-755ba2c1b0a7 3551f3ade1674dd7b584bbb8a56fd353 8afcf190b57e46e6ac5fdd87e8f07164 - - default default] 10.0.0.24 "GET /v2.0/security-groups?id=d0931fdc-6917-41a9-9fc0-4dba5459fecd&fields=id&fields=name HTTP/1.1" status: 200 len: 310 time: 0.0645213 /var/lib/openstack/lib/python3.10/site-packages/pycadf/identifier.py:71: UserWarning: Invalid uuid: neutron. To ensure interoperability, identifiers should be a valid uuid. warnings.warn(('Invalid uuid: %s. To ensure interoperability, '
2026-07-15 06:06:59.343 9 INFO neutron.wsgi [None req-b74b6699-3f20-4e54-bc41-f4cd3d75bbec 98e94d60904a45af9f6c4346fe91224a f72e5dd7aa75428692fdd6b31b90ef84 - - default default] 10.0.0.208 "GET /v2.0/extensions/l3-ha HTTP/1.1" status: 200 len: 360 time: 0.0066433
2026-07-15 06:06:59.353 9 INFO neutron.wsgi [None req-ffb3028d-c39f-43b4-8e3c-f591d21ac053 98e94d60904a45af9f6c4346fe91224a f72e5dd7aa75428692fdd6b31b90ef84 - - default default] 10.0.0.208 "GET /v2.0/extensions/external-gateway-multihoming HTTP/1.1" status: 200 len: 421 time: 0.0047424
2026-07-15 06:06:59.355 10 INFO neutron.wsgi [None req-1604dcc8-4d45-4171-8c67-61c196e9fa13 e59d064fceb9495a8a5ecc3c81324120 b32b50c895a846ffbb27decb331c5859 - - default default] 10.0.0.208 "POST /v2.0/ports HTTP/1.1" status: 201 len: 974 time: 0.4626179
2026-07-15 06:06:59.364 10 INFO neutron.wsgi [None req-c8997ab0-1464-474c-b7d2-4ca8f9c23bb4 98e94d60904a45af9f6c4346fe91224a f72e5dd7aa75428692fdd6b31b90ef84 - - default default] 10.0.0.208 "GET /v2.0/extensions/l3-flavors HTTP/1.1" status: 200 len: 366 time: 0.0055189
2026-07-15 06:06:59.375 9 INFO neutron.wsgi [None req-bbcdf2dc-fce7-4fc6-a4db-71252dce909b 98e94d60904a45af9f6c4346fe91224a f72e5dd7aa75428692fdd6b31b90ef84 - - default default] 10.0.0.208 "GET /v2.0/extensions/logging HTTP/1.1" status: 200 len: 407 time: 0.0065126
2026-07-15 06:06:59.383 9 INFO neutron.wsgi [None req-fc677c53-fce9-4387-abbc-3ed06bcf9f3f 98e94d60904a45af9f6c4346fe91224a f72e5dd7aa75428692fdd6b31b90ef84 - - default default] 10.0.0.208 "GET /v2.0/extensions/multi-provider HTTP/1.1" status: 200 len: 406 time: 0.0033724
2026-07-15 06:06:59.392 10 INFO neutron.wsgi [None req-61213552-9030-4d98-8437-7031976f3f8a 98e94d60904a45af9f6c4346fe91224a f72e5dd7aa75428692fdd6b31b90ef84 - - default default] 10.0.0.208 "GET /v2.0/extensions/net-mtu HTTP/1.1" status: 200 len: 370 time: 0.0046449
2026-07-15 06:06:59.404 9 INFO neutron.wsgi [None req-2c9ac62d-a269-4601-8d95-f9d5b525f51c 98e94d60904a45af9f6c4346fe91224a f72e5dd7aa75428692fdd6b31b90ef84 - - default default] 10.0.0.208 "GET /v2.0/extensions/net-mtu-writable HTTP/1.1" status: 200 len: 401 time: 0.0058897
2026-07-15 06:06:59.415 9 INFO neutron.wsgi [None req-24711ffa-2dfa-44ee-b6c7-75431dc774eb 98e94d60904a45af9f6c4346fe91224a f72e5dd7aa75428692fdd6b31b90ef84 - - default default] 10.0.0.208 "GET /v2.0/extensions/network_availability_zone HTTP/1.1" status: 200 len: 394 time: 0.0049291
2026-07-15 06:06:59.419 9 INFO neutron.db.ovn_revision_numbers_db [req-eac7011c-5351-4b7a-9fe0-dac459ac514c req-e1c7f134-4e0e-422e-a86b-c97d5b9c50f8 cd9b9ee205c84cddbe4d7c10fe1a120b dfcca62c60f942559238de17f9258104 - - 69172da1aae54a58bc71ea00e04f72f7 69172da1aae54a58bc71ea00e04f72f7] Successfully bumped revision number for resource 6aafdc6f-0427-4727-a671-e1141743cb7c (type: ports) to 2
2026-07-15 06:06:59.425 10 INFO neutron.wsgi [None req-ae97071e-2954-4bfd-91eb-1796019af33b 98e94d60904a45af9f6c4346fe91224a f72e5dd7aa75428692fdd6b31b90ef84 - - default default] 10.0.0.208 "GET /v2.0/extensions/network-ip-availability HTTP/1.1" status: 200 len: 410 time: 0.0051405
2026-07-15 06:06:59.435 9 INFO neutron.wsgi [None req-d6616391-0ee6-4cfc-bf0d-becd70e7bc0f 98e94d60904a45af9f6c4346fe91224a f72e5dd7aa75428692fdd6b31b90ef84 - - default default] 10.0.0.208 "GET /v2.0/extensions/pagination HTTP/1.1" status: 200 len: 386 time: 0.0061135
2026-07-15 06:06:59.441 9 INFO neutron.wsgi [None req-45e12406-43e0-42f6-a279-726144ad66a8 98e94d60904a45af9f6c4346fe91224a f72e5dd7aa75428692fdd6b31b90ef84 - - default default] 10.0.0.208 "GET /v2.0/extensions/port-device-profile HTTP/1.1" status: 200 len: 383 time: 0.0030472
2026-07-15 06:06:59.445 9 INFO neutron.wsgi [req-eac7011c-5351-4b7a-9fe0-dac459ac514c req-e1c7f134-4e0e-422e-a86b-c97d5b9c50f8 cd9b9ee205c84cddbe4d7c10fe1a120b dfcca62c60f942559238de17f9258104 - - 69172da1aae54a58bc71ea00e04f72f7 69172da1aae54a58bc71ea00e04f72f7] 199.204.45.210 "PUT /v2.0/ports/6aafdc6f-0427-4727-a671-e1141743cb7c HTTP/1.1" status: 200 len: 1376 time: 0.8813250
2026-07-15 06:06:59.451 10 INFO neutron.wsgi [None req-c20848b4-891a-4aed-bce5-01df314f3a9b 98e94d60904a45af9f6c4346fe91224a f72e5dd7aa75428692fdd6b31b90ef84 - - default default] 10.0.0.208 "GET /v2.0/extensions/port-mac-address-regenerate HTTP/1.1" status: 200 len: 403 time: 0.0053065
2026-07-15 06:06:59.458 10 INFO neutron.wsgi [None req-61c7d8d2-553b-4bd8-9350-2e03b4218f2e 98e94d60904a45af9f6c4346fe91224a f72e5dd7aa75428692fdd6b31b90ef84 - - default default] 10.0.0.208 "GET /v2.0/extensions/port-numa-affinity-policy HTTP/1.1" status: 200 len: 392 time: 0.0037138
2026-07-15 06:06:59.471 9 INFO neutron.wsgi [None req-512855ba-d10a-4990-b48d-938a848f40cf 98e94d60904a45af9f6c4346fe91224a f72e5dd7aa75428692fdd6b31b90ef84 - - default default] 10.0.0.208 "GET /v2.0/extensions/port-resource-request HTTP/1.1" status: 200 len: 379 time: 0.0072644
2026-07-15 06:06:59.480 9 INFO neutron.wsgi [None req-8dc7b892-736d-4a71-9e6d-0f725d6f2de4 98e94d60904a45af9f6c4346fe91224a f72e5dd7aa75428692fdd6b31b90ef84 - - default default] 10.0.0.208 "GET /v2.0/extensions/port-resource-request-groups HTTP/1.1" status: 200 len: 465 time: 0.0048444
2026-07-15 06:06:59.485 9 INFO neutron.notifiers.nova [-] Nova event matching ['req-f27f2782-81b2-4bf6-898c-3294c3230b42'] response: {'name': 'network-changed', 'server_uuid': '11b760a3-12ce-4e1d-a370-fdd987d8b77d', 'tag': '6aafdc6f-0427-4727-a671-e1141743cb7c', 'status': 'completed', 'code': 200}
2026-07-15 06:06:59.490 9 INFO neutron.wsgi [None req-9d76a501-fe27-4352-9c95-efee7b60128a 98e94d60904a45af9f6c4346fe91224a f72e5dd7aa75428692fdd6b31b90ef84 - - default default] 10.0.0.208 "GET /v2.0/extensions/binding HTTP/1.1" status: 200 len: 387 time: 0.0065644
2026-07-15 06:06:59.503 10 INFO neutron.wsgi [None req-81d4577f-ab75-4f95-acea-805dda746186 98e94d60904a45af9f6c4346fe91224a f72e5dd7aa75428692fdd6b31b90ef84 - - default default] 10.0.0.208 "GET /v2.0/extensions/binding-extended HTTP/1.1" status: 200 len: 406 time: 0.0065427
2026-07-15 06:06:59.509 9 INFO neutron.wsgi [None req-300816cd-948c-4bab-881a-3e1905d91648 98e94d60904a45af9f6c4346fe91224a f72e5dd7aa75428692fdd6b31b90ef84 - - default default] 10.0.0.208 "GET /v2.0/extensions/port-security HTTP/1.1" status: 200 len: 354 time: 0.0034056
2026-07-15 06:06:59.520 10 INFO neutron.wsgi [None req-de0ce239-a52a-4f9c-a927-47fcc5f997e9 98e94d60904a45af9f6c4346fe91224a f72e5dd7aa75428692fdd6b31b90ef84 - - default default] 10.0.0.208 "GET /v2.0/extensions/project-id HTTP/1.1" status: 200 len: 398 time: 0.0049806
2026-07-15 06:06:59.527 9 INFO neutron.wsgi [None req-4cc24d0c-39cb-4029-aa11-3d1862d36879 98e94d60904a45af9f6c4346fe91224a f72e5dd7aa75428692fdd6b31b90ef84 - - default default] 10.0.0.208 "GET /v2.0/extensions/provider HTTP/1.1" status: 200 len: 385 time: 0.0036891
2026-07-15 06:06:59.534 10 INFO neutron.wsgi [None req-f59342ed-f77d-42d0-9042-4def95116317 98e94d60904a45af9f6c4346fe91224a f72e5dd7aa75428692fdd6b31b90ef84 - - default default] 10.0.0.208 "GET /v2.0/extensions/qos HTTP/1.1" status: 200 len: 360 time: 0.0033240
2026-07-15 06:06:59.543 9 INFO neutron.wsgi [None req-050e6e89-1d7e-42e2-af4a-f9002941fa96 98e94d60904a45af9f6c4346fe91224a f72e5dd7aa75428692fdd6b31b90ef84 - - default default] 10.0.0.208 "GET /v2.0/extensions/qos-bw-limit-direction HTTP/1.1" status: 200 len: 452 time: 0.0066907
2026-07-15 06:06:59.548 9 INFO neutron.wsgi [req-eac7011c-5351-4b7a-9fe0-dac459ac514c req-0b78d8fa-0385-45df-884c-47c91983eb2e cd9b9ee205c84cddbe4d7c10fe1a120b dfcca62c60f942559238de17f9258104 - - 69172da1aae54a58bc71ea00e04f72f7 69172da1aae54a58bc71ea00e04f72f7] 199.204.45.210 "GET /v2.0/ports?tenant_id=8afcf190b57e46e6ac5fdd87e8f07164&device_id=11b760a3-12ce-4e1d-a370-fdd987d8b77d HTTP/1.1" status: 200 len: 1407 time: 0.0569851
2026-07-15 06:06:59.555 10 INFO neutron.wsgi [None req-d62ac4fd-3952-42b1-890b-e53c65525137 98e94d60904a45af9f6c4346fe91224a f72e5dd7aa75428692fdd6b31b90ef84 - - default default] 10.0.0.208 "GET /v2.0/extensions/qos-bw-minimum-ingress HTTP/1.1" status: 200 len: 445 time: 0.0079234
2026-07-15 06:06:59.565 10 INFO neutron.wsgi [None req-b1c3a8a4-85b9-49e9-95e4-19dad17e7e4e 98e94d60904a45af9f6c4346fe91224a f72e5dd7aa75428692fdd6b31b90ef84 - - default default] 10.0.0.208 "GET /v2.0/extensions/qos-default HTTP/1.1" status: 200 len: 377 time: 0.0072739
2026-07-15 06:06:59.578 10 INFO neutron.wsgi [None req-ad5f2765-dc76-42b8-931c-6ea132999077 98e94d60904a45af9f6c4346fe91224a f72e5dd7aa75428692fdd6b31b90ef84 - - default default] 10.0.0.208 "GET /v2.0/extensions/qos-fip HTTP/1.1" status: 200 len: 372 time: 0.0071812
2026-07-15 06:06:59.593 10 INFO neutron.wsgi [None req-37a49ee1-9f93-42a0-adda-844a6a51a64e 98e94d60904a45af9f6c4346fe91224a f72e5dd7aa75428692fdd6b31b90ef84 - - default default] 10.0.0.208 "GET /v2.0/extensions/qos-gateway-ip HTTP/1.1" status: 200 len: 391 time: 0.0046070
2026-07-15 06:06:59.602 10 INFO neutron.wsgi [None req-642a3c2e-0381-4040-9f82-e3a5d66f7230 98e94d60904a45af9f6c4346fe91224a f72e5dd7aa75428692fdd6b31b90ef84 - - default default] 10.0.0.208 "GET /v2.0/extensions/qos-port-network-policy HTTP/1.1" status: 200 len: 403 time: 0.0043299
2026-07-15 06:06:59.607 10 INFO neutron.wsgi [None req-4fd9bcca-c7c9-4760-9a6e-b69f823acf9d 4239e68166ed4136927cb286b7fb9c8a 4df009eeb35b4bdeb722721d47d8db55 - - default default] 10.0.0.208 "GET /v2.0/security-groups?tenant_id=d503c072d6c84477a4e277f27b7c76ca&name=default HTTP/1.1" status: 200 len: 3120 time: 0.2018180
2026-07-15 06:06:59.613 10 INFO neutron.wsgi [None req-dec039ba-0449-462a-a086-9dca6f6f885c 98e94d60904a45af9f6c4346fe91224a f72e5dd7aa75428692fdd6b31b90ef84 - - default default] 10.0.0.208 "GET /v2.0/extensions/qos-pps-minimum HTTP/1.1" status: 200 len: 397 time: 0.0037007
2026-07-15 06:06:59.627 10 INFO neutron.wsgi [None req-8dd6be7d-4fe0-4ed2-818b-6b44a9355363 98e94d60904a45af9f6c4346fe91224a f72e5dd7aa75428692fdd6b31b90ef84 - - default default] 10.0.0.208 "GET /v2.0/extensions/qos-pps-minimum-rule-alias HTTP/1.1" status: 200 len: 471 time: 0.0052390
2026-07-15 06:06:59.648 10 INFO neutron.wsgi [None req-b1b3d2ce-9df3-474c-88b7-f690945a6c9f 98e94d60904a45af9f6c4346fe91224a f72e5dd7aa75428692fdd6b31b90ef84 - - default default] 10.0.0.208 "GET /v2.0/extensions/qos-pps HTTP/1.1" status: 200 len: 389 time: 0.0061963
2026-07-15 06:06:59.675 10 INFO neutron.wsgi [None req-478a1b17-8ed1-432a-90d0-87bab6897b62 98e94d60904a45af9f6c4346fe91224a f72e5dd7aa75428692fdd6b31b90ef84 - - default default] 10.0.0.208 "GET /v2.0/extensions/qos-rule-type-details HTTP/1.1" status: 200 len: 423 time: 0.0173130 /var/lib/openstack/lib/python3.10/site-packages/pycadf/identifier.py:71: UserWarning: Invalid uuid: neutron. To ensure interoperability, identifiers should be a valid uuid. warnings.warn(('Invalid uuid: %s. To ensure interoperability, '
2026-07-15 06:06:59.698 10 INFO neutron.wsgi [None req-921a3a81-1ea6-49f9-9c10-aadb0900bebd 98e94d60904a45af9f6c4346fe91224a f72e5dd7aa75428692fdd6b31b90ef84 - - default default] 10.0.0.208 "GET /v2.0/extensions/qos-rule-type-filter HTTP/1.1" status: 200 len: 567 time: 0.0061998
2026-07-15 06:06:59.710 10 INFO neutron.wsgi [None req-7b3b778b-a8b5-46dc-86d3-5a8e24666b21 98e94d60904a45af9f6c4346fe91224a f72e5dd7aa75428692fdd6b31b90ef84 - - default default] 10.0.0.208 "GET /v2.0/extensions/qos-rules-alias HTTP/1.1" status: 200 len: 448 time: 0.0058987
2026-07-15 06:06:59.720 10 INFO neutron.wsgi [None req-de36fe5f-9185-41f0-8fbb-44a66073ac08 98e94d60904a45af9f6c4346fe91224a f72e5dd7aa75428692fdd6b31b90ef84 - - default default] 10.0.0.208 "GET /v2.0/extensions/quota-check-limit HTTP/1.1" status: 200 len: 420 time: 0.0039315
2026-07-15 06:06:59.732 10 INFO neutron.wsgi [None req-0e4b83d3-3388-4d23-acf1-ae745fa89d93 98e94d60904a45af9f6c4346fe91224a f72e5dd7aa75428692fdd6b31b90ef84 - - default default] 10.0.0.208 "GET /v2.0/extensions/quotas HTTP/1.1" status: 200 len: 386 time: 0.0084431
2026-07-15 06:06:59.743 10 INFO neutron.wsgi [None req-524857c9-48ef-43fd-8871-670273627f42 98e94d60904a45af9f6c4346fe91224a f72e5dd7aa75428692fdd6b31b90ef84 - - default default] 10.0.0.208 "GET /v2.0/extensions/quota_details HTTP/1.1" status: 200 len: 407 time: 0.0055270
2026-07-15 06:06:59.753 10 INFO neutron.wsgi [None req-b15263b0-9046-43a8-a49f-c2cbf9cea4bb 98e94d60904a45af9f6c4346fe91224a f72e5dd7aa75428692fdd6b31b90ef84 - - default default] 10.0.0.208 "GET /v2.0/extensions/rbac-policies HTTP/1.1" status: 200 len: 417 time: 0.0055444
2026-07-15 06:06:59.771 10 INFO neutron.wsgi [None req-3f93914b-ba9b-4458-a6ab-f990e282bfb8 98e94d60904a45af9f6c4346fe91224a f72e5dd7aa75428692fdd6b31b90ef84 - - default default] 10.0.0.208 "GET /v2.0/extensions/rbac-address-scope HTTP/1.1" status: 200 len: 384 time: 0.0058689
2026-07-15 06:06:59.785 10 INFO neutron.wsgi [None req-247be34a-a8e7-4a6c-946c-13d3714ff854 98e94d60904a45af9f6c4346fe91224a f72e5dd7aa75428692fdd6b31b90ef84 - - default default] 10.0.0.208 "GET /v2.0/extensions/rbac-security-groups HTTP/1.1" status: 200 len: 404 time: 0.0075138
2026-07-15 06:06:59.797 10 INFO neutron.wsgi [None req-f3d7cb14-a67e-4f22-a5c8-7abdd6aa1b0b 98e94d60904a45af9f6c4346fe91224a f72e5dd7aa75428692fdd6b31b90ef84 - - default default] 10.0.0.208 "GET /v2.0/extensions/revision-if-match HTTP/1.1" status: 200 len: 441 time: 0.0057666
2026-07-15 06:06:59.809 10 INFO neutron.wsgi [None req-248fb3de-7f6e-4c56-a789-5a8180f8b839 98e94d60904a45af9f6c4346fe91224a f72e5dd7aa75428692fdd6b31b90ef84 - - default default] 10.0.0.208 "GET /v2.0/extensions/standard-attr-revisions HTTP/1.1" status: 200 len: 423 time: 0.0078356
2026-07-15 06:06:59.817 10 INFO neutron.wsgi [None req-13a05e8a-854d-47aa-bc80-b5444730ff4d 98e94d60904a45af9f6c4346fe91224a f72e5dd7aa75428692fdd6b31b90ef84 - - default default] 10.0.0.208 "GET /v2.0/extensions/router_availability_zone HTTP/1.1" status: 200 len: 391 time: 0.0055320
