2026-07-15 06:08:31.876 10 INFO neutron.wsgi [None req-6e6c11b4-2a16-4527-b46a-6e593bdb771e 05dbf5565f60415984bebcbe8253513d fe849c8f8d3147d9b89304a6f62b1c5d - - default default] 10.0.0.208 "DELETE /v2.0/subnets/50bb1862-1f9f-4817-9e1e-cc77711aaf83 HTTP/1.1" status: 404 len: 337 time: 0.0238204
2026-07-15 06:08:31.899 10 INFO neutron.pecan_wsgi.hooks.translation [None req-ed79d95e-c6ab-4c59-9b5b-6bbe951bbdff 05dbf5565f60415984bebcbe8253513d fe849c8f8d3147d9b89304a6f62b1c5d - - default default] DELETE failed (client error): The resource could not be found.
2026-07-15 06:08:31.901 10 INFO neutron.wsgi [None req-ed79d95e-c6ab-4c59-9b5b-6bbe951bbdff 05dbf5565f60415984bebcbe8253513d fe849c8f8d3147d9b89304a6f62b1c5d - - default default] 10.0.0.208 "DELETE /v2.0/subnets/dfa2a097-60d9-43c3-80ee-a2e40b543051 HTTP/1.1" status: 404 len: 337 time: 0.0189395
2026-07-15 06:08:31.921 10 INFO neutron.wsgi [None req-40674a9c-933d-45da-abee-1883c5803d83 91a24070ca1c4729b447e641db620be6 f8fa5a25e590401a80893f4cd9037c6c - - default default] 10.0.0.208 "DELETE /v2.0/qos/policies/2fa7b28b-e9cf-4e9e-a3de-a23b5bacdf16 HTTP/1.1" status: 204 len: 168 time: 0.0963480
2026-07-15 06:08:32.127 9 INFO neutron.wsgi [None req-b9fcce09-f878-4efb-920e-6ee22fd558e6 d177f7eb14a84bb0839cdfdab95c43ba 6af13de81c77464fb271d8c8aa9e2ee5 - - default default] 10.0.0.208 "POST /v2.0/floatingips HTTP/1.1" status: 201 len: 751 time: 0.6628327
2026-07-15 06:08:32.136 9 WARNING neutron_lib.context [None req-9bba2618-6136-4c82-9b08-6c89b5e6b79a d177f7eb14a84bb0839cdfdab95c43ba 6af13de81c77464fb271d8c8aa9e2ee5 - - default default] Method 'is_advsvc' is deprecated since 2023.2 release (neutron-lib 3.8.0) and will be removed once support for the old RBAC API policies will be removed from Neutron. Please use method 'is_service_role' instead.
2026-07-15 06:08:32.446 9 WARNING neutron.scheduler.dhcp_agent_scheduler [None req-9bba2618-6136-4c82-9b08-6c89b5e6b79a d177f7eb14a84bb0839cdfdab95c43ba 6af13de81c77464fb271d8c8aa9e2ee5 - - default default] No more DHCP agents
2026-07-15 06:08:32.449 9 WARNING neutron.api.rpc.agentnotifiers.dhcp_rpc_agent_api [None req-9bba2618-6136-4c82-9b08-6c89b5e6b79a d177f7eb14a84bb0839cdfdab95c43ba 6af13de81c77464fb271d8c8aa9e2ee5 - - default default] Unable to schedule network 61d64043-fc3e-466a-9133-8257a54ec247: no agents available; will retry on subsequent port and subnet creation events.
2026-07-15 06:08:32.826 9 INFO neutron.wsgi [None req-9bba2618-6136-4c82-9b08-6c89b5e6b79a d177f7eb14a84bb0839cdfdab95c43ba 6af13de81c77464fb271d8c8aa9e2ee5 - - default default] 10.0.0.208 "POST /v2.0/floatingips HTTP/1.1" status: 201 len: 751 time: 0.6953626
2026-07-15 06:08:32.836 9 WARNING neutron_lib.context [None req-22195e2f-2755-4641-bb2e-3bb62957b823 d177f7eb14a84bb0839cdfdab95c43ba 6af13de81c77464fb271d8c8aa9e2ee5 - - default default] Method 'is_advsvc' is deprecated since 2023.2 release (neutron-lib 3.8.0) and will be removed once support for the old RBAC API policies will be removed from Neutron. Please use method 'is_service_role' instead.
2026-07-15 06:08:32.903 10 INFO neutron.db.ovn_revision_numbers_db [None req-15963295-bc61-4d2a-bf34-9096a0ea1aae 4239e68166ed4136927cb286b7fb9c8a 4df009eeb35b4bdeb722721d47d8db55 - - default default] Successfully bumped revision number for resource 830def97-641a-4ab5-9f48-de5f22a238e3 (type: security_groups) to 1
2026-07-15 06:08:32.916 10 INFO neutron.db.ovn_revision_numbers_db [None req-15963295-bc61-4d2a-bf34-9096a0ea1aae 4239e68166ed4136927cb286b7fb9c8a 4df009eeb35b4bdeb722721d47d8db55 - - default default] Successfully bumped revision number for resource 0cd8a583-a404-41d5-9507-7f75a5c0cb97 (type: security_group_rules) to 0
2026-07-15 06:08:32.935 10 INFO neutron.db.ovn_revision_numbers_db [None req-15963295-bc61-4d2a-bf34-9096a0ea1aae 4239e68166ed4136927cb286b7fb9c8a 4df009eeb35b4bdeb722721d47d8db55 - - default default] Successfully bumped revision number for resource 353dc9b9-997b-47e1-b716-1b697d097214 (type: security_group_rules) to 0
2026-07-15 06:08:32.950 10 INFO neutron.db.ovn_revision_numbers_db [None req-15963295-bc61-4d2a-bf34-9096a0ea1aae 4239e68166ed4136927cb286b7fb9c8a 4df009eeb35b4bdeb722721d47d8db55 - - default default] Successfully bumped revision number for resource a91b114e-2883-4939-9e92-637a5658e61c (type: security_group_rules) to 0
2026-07-15 06:08:32.970 10 INFO neutron.db.ovn_revision_numbers_db [None req-15963295-bc61-4d2a-bf34-9096a0ea1aae 4239e68166ed4136927cb286b7fb9c8a 4df009eeb35b4bdeb722721d47d8db55 - - default default] Successfully bumped revision number for resource ef6b21a5-1611-4566-85f8-6f99235dbfa6 (type: security_group_rules) to 0
2026-07-15 06:08:32.995 10 INFO neutron.wsgi [None req-15963295-bc61-4d2a-bf34-9096a0ea1aae 4239e68166ed4136927cb286b7fb9c8a 4df009eeb35b4bdeb722721d47d8db55 - - default default] 10.0.0.208 "GET /v2.0/security-groups?tenant_id=b0607b2a56044b6ba21ec7b0c9d14e5d&name=default HTTP/1.1" status: 200 len: 3120 time: 0.3781779
2026-07-15 06:08:32.996 9 INFO neutron.db.ovn_revision_numbers_db [None req-9d798b38-3747-4cc9-a882-c376c00eb421 4239e68166ed4136927cb286b7fb9c8a 4df009eeb35b4bdeb722721d47d8db55 - - default default] Successfully bumped revision number for resource b5732cdd-b04f-4751-91e8-37d12935971c (type: security_groups) to 1
2026-07-15 06:08:33.019 9 INFO neutron.db.ovn_revision_numbers_db [None req-9d798b38-3747-4cc9-a882-c376c00eb421 4239e68166ed4136927cb286b7fb9c8a 4df009eeb35b4bdeb722721d47d8db55 - - default default] Successfully bumped revision number for resource a997d37a-7d85-41b7-a9ad-be1025685695 (type: security_group_rules) to 0
2026-07-15 06:08:33.036 9 INFO neutron.db.ovn_revision_numbers_db [None req-9d798b38-3747-4cc9-a882-c376c00eb421 4239e68166ed4136927cb286b7fb9c8a 4df009eeb35b4bdeb722721d47d8db55 - - default default] Successfully bumped revision number for resource b00130d7-ec0b-4f21-bc26-2498f3c0d206 (type: security_group_rules) to 0
2026-07-15 06:08:33.061 9 INFO neutron.db.ovn_revision_numbers_db [None req-9d798b38-3747-4cc9-a882-c376c00eb421 4239e68166ed4136927cb286b7fb9c8a 4df009eeb35b4bdeb722721d47d8db55 - - default default] Successfully bumped revision number for resource b6ba4561-27b8-4c45-a9e9-2bbd53fd5d55 (type: security_group_rules) to 0
2026-07-15 06:08:33.080 9 INFO neutron.db.ovn_revision_numbers_db [None req-9d798b38-3747-4cc9-a882-c376c00eb421 4239e68166ed4136927cb286b7fb9c8a 4df009eeb35b4bdeb722721d47d8db55 - - default default] Successfully bumped revision number for resource bc8ee4b9-2dcf-4e36-aa26-2d0db2a361dc (type: security_group_rules) to 0
2026-07-15 06:08:33.112 9 INFO neutron.wsgi [None req-9d798b38-3747-4cc9-a882-c376c00eb421 4239e68166ed4136927cb286b7fb9c8a 4df009eeb35b4bdeb722721d47d8db55 - - default default] 10.0.0.208 "GET /v2.0/security-groups?tenant_id=fd67ec55b9154abe997235e8d0d0b81b&name=default HTTP/1.1" status: 200 len: 3120 time: 0.4139564
2026-07-15 06:08:33.148 9 WARNING neutron.scheduler.dhcp_agent_scheduler [None req-22195e2f-2755-4641-bb2e-3bb62957b823 d177f7eb14a84bb0839cdfdab95c43ba 6af13de81c77464fb271d8c8aa9e2ee5 - - default default] No more DHCP agents
2026-07-15 06:08:33.150 9 WARNING neutron.api.rpc.agentnotifiers.dhcp_rpc_agent_api [None req-22195e2f-2755-4641-bb2e-3bb62957b823 d177f7eb14a84bb0839cdfdab95c43ba 6af13de81c77464fb271d8c8aa9e2ee5 - - default default] Unable to schedule network 61d64043-fc3e-466a-9133-8257a54ec247: no agents available; will retry on subsequent port and subnet creation events.
2026-07-15 06:08:33.270 10 INFO neutron.wsgi [None req-3d42791b-cbdd-4ae8-a01d-2da6d8fc3a4e 4239e68166ed4136927cb286b7fb9c8a 4df009eeb35b4bdeb722721d47d8db55 - - default default] 10.0.0.208 "DELETE /v2.0/security-groups/830def97-641a-4ab5-9f48-de5f22a238e3 HTTP/1.1" status: 204 len: 168 time: 0.2673192
2026-07-15 06:08:33.399 10 INFO neutron.wsgi [None req-3a5edd38-cef1-4ebe-8d20-4f103e321ceb 4239e68166ed4136927cb286b7fb9c8a 4df009eeb35b4bdeb722721d47d8db55 - - default default] 10.0.0.208 "DELETE /v2.0/security-groups/b5732cdd-b04f-4751-91e8-37d12935971c HTTP/1.1" status: 204 len: 168 time: 0.2784534
2026-07-15 06:08:33.529 9 INFO neutron.wsgi [None req-22195e2f-2755-4641-bb2e-3bb62957b823 d177f7eb14a84bb0839cdfdab95c43ba 6af13de81c77464fb271d8c8aa9e2ee5 - - default default] 10.0.0.208 "POST /v2.0/floatingips HTTP/1.1" status: 201 len: 751 time: 0.6969838
2026-07-15 06:08:33.539 9 WARNING neutron_lib.context [None req-cb45c1f5-b731-4d8e-99f2-4a57ef08320d d177f7eb14a84bb0839cdfdab95c43ba 6af13de81c77464fb271d8c8aa9e2ee5 - - default default] Method 'is_advsvc' is deprecated since 2023.2 release (neutron-lib 3.8.0) and will be removed once support for the old RBAC API policies will be removed from Neutron. Please use method 'is_service_role' instead.
2026-07-15 06:08:33.566 10 INFO neutron.db.ovn_revision_numbers_db [None req-3b6a950e-69ad-44de-a8ad-475b76e0e80e 4239e68166ed4136927cb286b7fb9c8a 4df009eeb35b4bdeb722721d47d8db55 - - default default] Successfully bumped revision number for resource 45ff0c6a-46a4-4d8a-a83a-798dc527f05f (type: security_groups) to 1
2026-07-15 06:08:33.582 10 INFO neutron.db.ovn_revision_numbers_db [None req-3b6a950e-69ad-44de-a8ad-475b76e0e80e 4239e68166ed4136927cb286b7fb9c8a 4df009eeb35b4bdeb722721d47d8db55 - - default default] Successfully bumped revision number for resource 31fd8e83-874c-4ec3-a458-f487563b8ad2 (type: security_group_rules) to 0
2026-07-15 06:08:33.598 10 INFO neutron.db.ovn_revision_numbers_db [None req-3b6a950e-69ad-44de-a8ad-475b76e0e80e 4239e68166ed4136927cb286b7fb9c8a 4df009eeb35b4bdeb722721d47d8db55 - - default default] Successfully bumped revision number for resource 872e1922-4065-4135-a343-71d54e08c851 (type: security_group_rules) to 0
2026-07-15 06:08:33.612 10 INFO neutron.db.ovn_revision_numbers_db [None req-3b6a950e-69ad-44de-a8ad-475b76e0e80e 4239e68166ed4136927cb286b7fb9c8a 4df009eeb35b4bdeb722721d47d8db55 - - default default] Successfully bumped revision number for resource 9524b3ab-678a-469e-96f3-a00c220cafab (type: security_group_rules) to 0
2026-07-15 06:08:33.629 10 INFO neutron.db.ovn_revision_numbers_db [None req-3b6a950e-69ad-44de-a8ad-475b76e0e80e 4239e68166ed4136927cb286b7fb9c8a 4df009eeb35b4bdeb722721d47d8db55 - - default default] Successfully bumped revision number for resource b447ca78-627c-477b-8d8e-03ae8698652f (type: security_group_rules) to 0
2026-07-15 06:08:33.653 10 INFO neutron.wsgi [None req-3b6a950e-69ad-44de-a8ad-475b76e0e80e 4239e68166ed4136927cb286b7fb9c8a 4df009eeb35b4bdeb722721d47d8db55 - - default default] 10.0.0.208 "GET /v2.0/security-groups?tenant_id=f8fa5a25e590401a80893f4cd9037c6c&name=default HTTP/1.1" status: 200 len: 3120 time: 0.2315612
2026-07-15 06:08:33.782 9 INFO neutron.db.ovn_revision_numbers_db [None req-4c7f3d4a-7200-4822-952c-34aa061188b2 4239e68166ed4136927cb286b7fb9c8a 4df009eeb35b4bdeb722721d47d8db55 - - default default] Successfully bumped revision number for resource a0e05578-2896-492d-8bc8-174dcd9a3325 (type: security_groups) to 1
2026-07-15 06:08:33.808 9 INFO neutron.db.ovn_revision_numbers_db [None req-4c7f3d4a-7200-4822-952c-34aa061188b2 4239e68166ed4136927cb286b7fb9c8a 4df009eeb35b4bdeb722721d47d8db55 - - default default] Successfully bumped revision number for resource 0ab5adf1-0dea-4ded-a5a5-4586f7d2473f (type: security_group_rules) to 0
2026-07-15 06:08:33.821 9 INFO neutron.db.ovn_revision_numbers_db [None req-4c7f3d4a-7200-4822-952c-34aa061188b2 4239e68166ed4136927cb286b7fb9c8a 4df009eeb35b4bdeb722721d47d8db55 - - default default] Successfully bumped revision number for resource 2ca847f5-88e6-4073-9a04-47e2e500844a (type: security_group_rules) to 0
2026-07-15 06:08:33.848 9 INFO neutron.db.ovn_revision_numbers_db [None req-4c7f3d4a-7200-4822-952c-34aa061188b2 4239e68166ed4136927cb286b7fb9c8a 4df009eeb35b4bdeb722721d47d8db55 - - default default] Successfully bumped revision number for resource 6fb49891-5fd0-4c55-a8af-7dbaeb6dcaa9 (type: security_group_rules) to 0
2026-07-15 06:08:33.858 9 WARNING neutron.scheduler.dhcp_agent_scheduler [None req-cb45c1f5-b731-4d8e-99f2-4a57ef08320d d177f7eb14a84bb0839cdfdab95c43ba 6af13de81c77464fb271d8c8aa9e2ee5 - - default default] No more DHCP agents
2026-07-15 06:08:33.864 9 WARNING neutron.api.rpc.agentnotifiers.dhcp_rpc_agent_api [None req-cb45c1f5-b731-4d8e-99f2-4a57ef08320d d177f7eb14a84bb0839cdfdab95c43ba 6af13de81c77464fb271d8c8aa9e2ee5 - - default default] Unable to schedule network 61d64043-fc3e-466a-9133-8257a54ec247: no agents available; will retry on subsequent port and subnet creation events.
2026-07-15 06:08:33.873 9 INFO neutron.db.ovn_revision_numbers_db [None req-4c7f3d4a-7200-4822-952c-34aa061188b2 4239e68166ed4136927cb286b7fb9c8a 4df009eeb35b4bdeb722721d47d8db55 - - default default] Successfully bumped revision number for resource 7b070c26-3839-4b21-8d89-ec9edc5fd245 (type: security_group_rules) to 0
2026-07-15 06:08:33.891 10 INFO neutron.wsgi [None req-d6dd7661-fa77-46ff-98f9-e3aac8cac7f5 4239e68166ed4136927cb286b7fb9c8a 4df009eeb35b4bdeb722721d47d8db55 - - default default] 10.0.0.208 "DELETE /v2.0/security-groups/45ff0c6a-46a4-4d8a-a83a-798dc527f05f HTTP/1.1" status: 204 len: 168 time: 0.2325580
2026-07-15 06:08:33.901 9 INFO neutron.wsgi [None req-4c7f3d4a-7200-4822-952c-34aa061188b2 4239e68166ed4136927cb286b7fb9c8a 4df009eeb35b4bdeb722721d47d8db55 - - default default] 10.0.0.208 "GET /v2.0/security-groups?tenant_id=889451c8521349a1ad023c548c78d848&name=default HTTP/1.1" status: 200 len: 3120 time: 0.3093572
2026-07-15 06:08:34.136 10 INFO neutron.wsgi [None req-45779944-bac0-4120-a96f-824aac448e39 4239e68166ed4136927cb286b7fb9c8a 4df009eeb35b4bdeb722721d47d8db55 - - default default] 10.0.0.208 "DELETE /v2.0/security-groups/a0e05578-2896-492d-8bc8-174dcd9a3325 HTTP/1.1" status: 204 len: 168 time: 0.2293117
2026-07-15 06:08:34.207 9 INFO neutron.wsgi [None req-cb45c1f5-b731-4d8e-99f2-4a57ef08320d d177f7eb14a84bb0839cdfdab95c43ba 6af13de81c77464fb271d8c8aa9e2ee5 - - default default] 10.0.0.208 "POST /v2.0/floatingips HTTP/1.1" status: 201 len: 751 time: 0.6726229
2026-07-15 06:08:34.216 9 WARNING neutron_lib.context [None req-777fce30-5d6f-47f1-a79c-cd1cf49d399d d177f7eb14a84bb0839cdfdab95c43ba 6af13de81c77464fb271d8c8aa9e2ee5 - - default default] Method 'is_advsvc' is deprecated since 2023.2 release (neutron-lib 3.8.0) and will be removed once support for the old RBAC API policies will be removed from Neutron. Please use method 'is_service_role' instead.
2026-07-15 06:08:34.375 10 INFO neutron.wsgi [None req-78f4d5c5-2f80-4886-991f-55b3c7d4fc08 4239e68166ed4136927cb286b7fb9c8a 4df009eeb35b4bdeb722721d47d8db55 - - default default] 10.0.0.208 "GET /v2.0/security-groups?tenant_id=fe849c8f8d3147d9b89304a6f62b1c5d&name=default HTTP/1.1" status: 200 len: 3120 time: 0.0671780
2026-07-15 06:08:34.516 9 WARNING neutron.scheduler.dhcp_agent_scheduler [None req-777fce30-5d6f-47f1-a79c-cd1cf49d399d d177f7eb14a84bb0839cdfdab95c43ba 6af13de81c77464fb271d8c8aa9e2ee5 - - default default] No more DHCP agents
2026-07-15 06:08:34.518 9 WARNING neutron.api.rpc.agentnotifiers.dhcp_rpc_agent_api [None req-777fce30-5d6f-47f1-a79c-cd1cf49d399d d177f7eb14a84bb0839cdfdab95c43ba 6af13de81c77464fb271d8c8aa9e2ee5 - - default default] Unable to schedule network 61d64043-fc3e-466a-9133-8257a54ec247: no agents available; will retry on subsequent port and subnet creation events.
2026-07-15 06:08:34.608 10 INFO neutron.wsgi [None req-9bc85e25-4c52-49fd-8745-ef47b3bf749c 4239e68166ed4136927cb286b7fb9c8a 4df009eeb35b4bdeb722721d47d8db55 - - default default] 10.0.0.208 "DELETE /v2.0/security-groups/3e8e3553-c226-4482-8138-26fd4e6a9d56 HTTP/1.1" status: 204 len: 168 time: 0.2264566
2026-07-15 06:08:34.822 9 INFO neutron.wsgi [None req-777fce30-5d6f-47f1-a79c-cd1cf49d399d d177f7eb14a84bb0839cdfdab95c43ba 6af13de81c77464fb271d8c8aa9e2ee5 - - default default] 10.0.0.208 "POST /v2.0/floatingips HTTP/1.1" status: 201 len: 751 time: 0.6106973
2026-07-15 06:08:34.869 9 INFO neutron.wsgi [None req-a57f9df3-dd8d-423f-81d9-3bb8a1de174e d177f7eb14a84bb0839cdfdab95c43ba 6af13de81c77464fb271d8c8aa9e2ee5 - - default default] 10.0.0.208 "PUT /v2.0/floatingips/9128f654-15cb-4ee6-99d5-d5ea02d70027/tags HTTP/1.1" status: 200 len: 210 time: 0.0422435
2026-07-15 06:08:34.936 9 INFO neutron.wsgi [None req-4a16c96f-2e6c-4956-8374-71f4891f2144 d177f7eb14a84bb0839cdfdab95c43ba 6af13de81c77464fb271d8c8aa9e2ee5 - - default default] 10.0.0.208 "PUT /v2.0/floatingips/e251fc39-53d7-4a01-a47d-28f9b07b5186/tags HTTP/1.1" status: 200 len: 218 time: 0.0635736
2026-07-15 06:08:34.989 9 INFO neutron.wsgi [None req-ca1904d3-1fcb-4a18-a1a2-b426b36c517d d177f7eb14a84bb0839cdfdab95c43ba 6af13de81c77464fb271d8c8aa9e2ee5 - - default default] 10.0.0.208 "PUT /v2.0/floatingips/6e96dfb2-3c2f-4b53-b2f3-9030d098ef62/tags HTTP/1.1" status: 200 len: 227 time: 0.0472932
2026-07-15 06:08:35.043 10 INFO neutron.wsgi [None req-6a543970-f38a-468c-a3d0-1b9efd053a57 d177f7eb14a84bb0839cdfdab95c43ba 6af13de81c77464fb271d8c8aa9e2ee5 - - default default] 10.0.0.208 "PUT /v2.0/floatingips/c8c412ac-9faf-4597-9b93-c267e617171c/tags HTTP/1.1" status: 200 len: 212 time: 0.0483267
2026-07-15 06:08:35.088 10 INFO neutron.wsgi [None req-4862d674-1d39-48ec-b309-55062c440146 d177f7eb14a84bb0839cdfdab95c43ba 6af13de81c77464fb271d8c8aa9e2ee5 - - default default] 10.0.0.208 "GET /v2.0/floatingips?tags=red HTTP/1.1" status: 200 len: 1866 time: 0.0392671
2026-07-15 06:08:35.135 10 INFO neutron.wsgi [None req-769a8e52-102f-4850-895a-2fd5cd2187cb d177f7eb14a84bb0839cdfdab95c43ba 6af13de81c77464fb271d8c8aa9e2ee5 - - default default] 10.0.0.208 "GET /v2.0/floatingips?tags=red%2Cblue HTTP/1.1" status: 200 len: 1323 time: 0.0416174
2026-07-15 06:08:35.186 10 INFO neutron.wsgi [None req-8d53de28-85af-4321-9b70-5310611740cb d177f7eb14a84bb0839cdfdab95c43ba 6af13de81c77464fb271d8c8aa9e2ee5 - - default default] 10.0.0.208 "GET /v2.0/floatingips?tags-any=blue HTTP/1.1" status: 200 len: 1323 time: 0.0464532
2026-07-15 06:08:35.236 10 INFO neutron.wsgi [None req-f5ed6db2-5841-4e3f-800c-45db0025bcb0 d177f7eb14a84bb0839cdfdab95c43ba 6af13de81c77464fb271d8c8aa9e2ee5 - - default default] 10.0.0.208 "GET /v2.0/floatingips?tags-any=red%2Cblue HTTP/1.1" status: 200 len: 1866 time: 0.0438550
2026-07-15 06:08:35.261 10 INFO neutron.wsgi [req-3eff7756-5954-4422-b820-5167bfe44d8a req-bd68b074-842c-49f8-a55f-9a634c4f0372 cd9b9ee205c84cddbe4d7c10fe1a120b dfcca62c60f942559238de17f9258104 - - 69172da1aae54a58bc71ea00e04f72f7 69172da1aae54a58bc71ea00e04f72f7] 10.0.0.182 "GET /v2.0/ports?device_id=e75c8a55-9ec2-4851-b1ae-d3c1f5cb89c5 HTTP/1.1" status: 200 len: 1638 time: 0.0466788
2026-07-15 06:08:35.293 10 INFO neutron.wsgi [None req-a0ddc0ac-0ef0-4a4a-aa09-a11cd3cc28be d177f7eb14a84bb0839cdfdab95c43ba 6af13de81c77464fb271d8c8aa9e2ee5 - - default default] 10.0.0.208 "GET /v2.0/floatingips?not-tags=red HTTP/1.1" status: 200 len: 1295 time: 0.0519321
2026-07-15 06:08:35.326 10 INFO neutron.wsgi [req-3eff7756-5954-4422-b820-5167bfe44d8a req-7805f221-86d7-44a8-9578-4f3f309619dd cd9b9ee205c84cddbe4d7c10fe1a120b dfcca62c60f942559238de17f9258104 - - 69172da1aae54a58bc71ea00e04f72f7 69172da1aae54a58bc71ea00e04f72f7] 10.0.0.182 "GET /v2.0/security-groups?id=0b5c1244-0d19-4893-a00c-2f22f78440b0&fields=id&fields=name HTTP/1.1" status: 200 len: 311 time: 0.0487466
2026-07-15 06:08:35.358 9 INFO neutron.wsgi [None req-b6fc50f4-2263-4e02-abf7-0521cff2e394 d177f7eb14a84bb0839cdfdab95c43ba 6af13de81c77464fb271d8c8aa9e2ee5 - - default default] 10.0.0.208 "GET /v2.0/floatingips?not-tags=red%2Cblue HTTP/1.1" status: 200 len: 1838 time: 0.0603199
2026-07-15 06:08:35.415 9 INFO neutron.wsgi [None req-beb55ac1-446a-4545-ae32-a1f79391f4a1 d177f7eb14a84bb0839cdfdab95c43ba 6af13de81c77464fb271d8c8aa9e2ee5 - - default default] 10.0.0.208 "GET /v2.0/floatingips?not-tags-any=blue HTTP/1.1" status: 200 len: 1838 time: 0.0523226
2026-07-15 06:08:35.455 9 INFO neutron.wsgi [None req-38e75903-965d-49a5-9345-e7e0d553ab43 d177f7eb14a84bb0839cdfdab95c43ba 6af13de81c77464fb271d8c8aa9e2ee5 - - default default] 10.0.0.208 "GET /v2.0/floatingips?not-tags-any=red%2Cblue HTTP/1.1" status: 200 len: 1295 time: 0.0332382
2026-07-15 06:08:35.816 9 INFO neutron.wsgi [None req-ad3c29f0-5f02-43c7-890e-4c3c9ce34809 d177f7eb14a84bb0839cdfdab95c43ba 6af13de81c77464fb271d8c8aa9e2ee5 - - default default] 10.0.0.208 "DELETE /v2.0/floatingips/9128f654-15cb-4ee6-99d5-d5ea02d70027 HTTP/1.1" status: 204 len: 168 time: 0.3544488
2026-07-15 06:08:35.975 10 INFO neutron.wsgi [-] 10.0.0.19 "GET / HTTP/1.1" status: 200 len: 246 time: 0.0014710
2026-07-15 06:08:35.982 9 INFO neutron.wsgi [-] 10.0.0.19 "GET / HTTP/1.1" status: 200 len: 246 time: 0.0022385
2026-07-15 06:08:36.162 10 INFO neutron.wsgi [None req-436f0a9f-9173-42bb-b60f-76014d5bd3a3 d177f7eb14a84bb0839cdfdab95c43ba 6af13de81c77464fb271d8c8aa9e2ee5 - - default default] 10.0.0.208 "DELETE /v2.0/floatingips/e251fc39-53d7-4a01-a47d-28f9b07b5186 HTTP/1.1" status: 204 len: 168 time: 0.3400509
2026-07-15 06:08:36.549 10 INFO neutron.wsgi [None req-cd7ba688-51b0-47d0-9e1b-3791c537eb92 d177f7eb14a84bb0839cdfdab95c43ba 6af13de81c77464fb271d8c8aa9e2ee5 - - default default] 10.0.0.208 "DELETE /v2.0/floatingips/6e96dfb2-3c2f-4b53-b2f3-9030d098ef62 HTTP/1.1" status: 204 len: 168 time: 0.3809447
2026-07-15 06:08:36.922 10 INFO neutron.wsgi [None req-02efe0d7-04b3-4858-b141-3fce793fbe75 d177f7eb14a84bb0839cdfdab95c43ba 6af13de81c77464fb271d8c8aa9e2ee5 - - default default] 10.0.0.208 "DELETE /v2.0/floatingips/c8c412ac-9faf-4597-9b93-c267e617171c HTTP/1.1" status: 204 len: 168 time: 0.3677089
2026-07-15 06:08:37.262 10 INFO neutron.wsgi [None req-c3a59edb-152d-4437-ba8b-494076882bfb d177f7eb14a84bb0839cdfdab95c43ba 6af13de81c77464fb271d8c8aa9e2ee5 - - default default] 10.0.0.208 "DELETE /v2.0/floatingips/14dc4a83-3aea-48c1-8956-a19c508e46dd HTTP/1.1" status: 204 len: 168 time: 0.3360753
2026-07-15 06:08:37.484 9 WARNING neutron_lib.context [None req-e8cabfe7-f02f-48a5-9617-cee89842dbda d06595816d6846eeb8b0722db5d77122 fbe77c7775a24759a20ac831a23a6f3e - - default default] Method 'is_advsvc' is deprecated since 2023.2 release (neutron-lib 3.8.0) and will be removed once support for the old RBAC API policies will be removed from Neutron. Please use method 'is_service_role' instead.
2026-07-15 06:08:37.665 9 INFO neutron.db.ovn_revision_numbers_db [None req-e8cabfe7-f02f-48a5-9617-cee89842dbda d06595816d6846eeb8b0722db5d77122 fbe77c7775a24759a20ac831a23a6f3e - - default default] Successfully bumped revision number for resource 8dd3f784-a023-4bff-a327-9f1c79d6ea63 (type: security_groups) to 1
2026-07-15 06:08:37.680 9 INFO neutron.db.ovn_revision_numbers_db [None req-e8cabfe7-f02f-48a5-9617-cee89842dbda d06595816d6846eeb8b0722db5d77122 fbe77c7775a24759a20ac831a23a6f3e - - default default] Successfully bumped revision number for resource 2439ca81-b27a-4002-9e70-4c49c74514e9 (type: security_group_rules) to 0
2026-07-15 06:08:37.699 9 INFO neutron.db.ovn_revision_numbers_db [None req-e8cabfe7-f02f-48a5-9617-cee89842dbda d06595816d6846eeb8b0722db5d77122 fbe77c7775a24759a20ac831a23a6f3e - - default default] Successfully bumped revision number for resource 8840ccce-1a6e-4d6a-af36-17ebd5caed9c (type: security_group_rules) to 0
2026-07-15 06:08:37.722 9 INFO neutron.db.ovn_revision_numbers_db [None req-e8cabfe7-f02f-48a5-9617-cee89842dbda d06595816d6846eeb8b0722db5d77122 fbe77c7775a24759a20ac831a23a6f3e - - default default] Successfully bumped revision number for resource 926e87e5-6bd0-4370-a876-a5d33cb4f7ac (type: security_group_rules) to 0
2026-07-15 06:08:37.735 9 INFO neutron.db.ovn_revision_numbers_db [None req-e8cabfe7-f02f-48a5-9617-cee89842dbda d06595816d6846eeb8b0722db5d77122 fbe77c7775a24759a20ac831a23a6f3e - - default default] Successfully bumped revision number for resource d94e2a48-956c-41e9-b2e5-697e8dabcd75 (type: security_group_rules) to 0
2026-07-15 06:08:37.861 9 INFO neutron.db.ovn_revision_numbers_db [None req-e8cabfe7-f02f-48a5-9617-cee89842dbda d06595816d6846eeb8b0722db5d77122 fbe77c7775a24759a20ac831a23a6f3e - - default default] Successfully bumped revision number for resource e08fcae5-5185-4c2e-993f-e1ecbff5a107 (type: security_groups) to 1
2026-07-15 06:08:37.877 9 INFO neutron.db.ovn_revision_numbers_db [None req-e8cabfe7-f02f-48a5-9617-cee89842dbda d06595816d6846eeb8b0722db5d77122 fbe77c7775a24759a20ac831a23a6f3e - - default default] Successfully bumped revision number for resource 3da0585c-f937-4e63-bc0a-7a05d224b4a7 (type: security_group_rules) to 0
2026-07-15 06:08:37.899 9 INFO neutron.db.ovn_revision_numbers_db [None req-e8cabfe7-f02f-48a5-9617-cee89842dbda d06595816d6846eeb8b0722db5d77122 fbe77c7775a24759a20ac831a23a6f3e - - default default] Successfully bumped revision number for resource f945154c-ae8d-44ba-a051-2e08f15dcf55 (type: security_group_rules) to 0
2026-07-15 06:08:37.921 9 INFO neutron.wsgi [None req-e8cabfe7-f02f-48a5-9617-cee89842dbda d06595816d6846eeb8b0722db5d77122 fbe77c7775a24759a20ac831a23a6f3e - - default default] 10.0.0.208 "POST /v2.0/security-groups HTTP/1.1" status: 201 len: 1801 time: 0.6710849
2026-07-15 06:08:37.971 9 INFO neutron.wsgi [None req-c13e2cf6-edd0-4fd7-8bfa-76f1c0c7a249 d06595816d6846eeb8b0722db5d77122 fbe77c7775a24759a20ac831a23a6f3e - - default default] 10.0.0.208 "PUT /v2.0/security-groups/e08fcae5-5185-4c2e-993f-e1ecbff5a107/tags HTTP/1.1" status: 200 len: 218 time: 0.0439458
2026-07-15 06:08:37.999 9 INFO neutron.wsgi [None req-de1d1472-6261-4552-839d-6b0d0d110a2c d06595816d6846eeb8b0722db5d77122 fbe77c7775a24759a20ac831a23a6f3e - - default default] 10.0.0.208 "GET /v2.0/security-groups/e08fcae5-5185-4c2e-993f-e1ecbff5a107/tags HTTP/1.1" status: 200 len: 218 time: 0.0234587
2026-07-15 06:08:38.041 9 INFO neutron.wsgi [None req-892e6a4a-1ec1-45d5-8cbb-e887c3460c4f d06595816d6846eeb8b0722db5d77122 fbe77c7775a24759a20ac831a23a6f3e - - default default] 10.0.0.208 "PUT /v2.0/security-groups/e08fcae5-5185-4c2e-993f-e1ecbff5a107/tags/green HTTP/1.1" status: 201 len: 201 time: 0.0354452
2026-07-15 06:08:38.070 9 INFO neutron.wsgi [None req-45e98052-fa68-4996-8040-14da78a7e5fc d06595816d6846eeb8b0722db5d77122 fbe77c7775a24759a20ac831a23a6f3e - - default default] 10.0.0.208 "GET /v2.0/security-groups/e08fcae5-5185-4c2e-993f-e1ecbff5a107/tags HTTP/1.1" status: 200 len: 227 time: 0.0238495
2026-07-15 06:08:38.107 9 INFO neutron.wsgi [None req-97b10ae8-db64-4b07-99ca-8c36a0ebaf93 d06595816d6846eeb8b0722db5d77122 fbe77c7775a24759a20ac831a23a6f3e - - default default] 10.0.0.208 "PUT /v2.0/security-groups/e08fcae5-5185-4c2e-993f-e1ecbff5a107/tags/red HTTP/1.1" status: 201 len: 201 time: 0.0317488
2026-07-15 06:08:38.140 9 INFO neutron.wsgi [None req-95369b95-636f-4aad-9e3d-10450ed46d9b d06595816d6846eeb8b0722db5d77122 fbe77c7775a24759a20ac831a23a6f3e - - default default] 10.0.0.208 "GET /v2.0/security-groups/e08fcae5-5185-4c2e-993f-e1ecbff5a107/tags HTTP/1.1" status: 200 len: 227 time: 0.0276949
2026-07-15 06:08:38.187 10 INFO neutron.wsgi [None req-d1ee1e07-5867-4fdc-9cb8-7cccfa64a56b d06595816d6846eeb8b0722db5d77122 fbe77c7775a24759a20ac831a23a6f3e - - default default] 10.0.0.208 "PUT /v2.0/security-groups/e08fcae5-5185-4c2e-993f-e1ecbff5a107/tags/black.or.white HTTP/1.1" status: 201 len: 201 time: 0.0417795
2026-07-15 06:08:38.216 10 INFO neutron.wsgi [None req-b4ddb65a-b97c-466a-b578-8b36b842235f d06595816d6846eeb8b0722db5d77122 fbe77c7775a24759a20ac831a23a6f3e - - default default] 10.0.0.208 "GET /v2.0/security-groups/e08fcae5-5185-4c2e-993f-e1ecbff5a107/tags HTTP/1.1" status: 200 len: 245 time: 0.0238199
2026-07-15 06:08:38.263 10 INFO neutron.wsgi [None req-7717603a-972e-4cb5-b366-57a8a12f3f1e d06595816d6846eeb8b0722db5d77122 fbe77c7775a24759a20ac831a23a6f3e - - default default] 10.0.0.208 "PUT /v2.0/security-groups/e08fcae5-5185-4c2e-993f-e1ecbff5a107/tags HTTP/1.1" status: 200 len: 230 time: 0.0402761
2026-07-15 06:08:38.287 10 INFO neutron.wsgi [None req-3d8444ff-1d58-48dd-bd17-4a087b8926ce d06595816d6846eeb8b0722db5d77122 fbe77c7775a24759a20ac831a23a6f3e - - default default] 10.0.0.208 "GET /v2.0/security-groups/e08fcae5-5185-4c2e-993f-e1ecbff5a107/tags HTTP/1.1" status: 200 len: 230 time: 0.0198760
2026-07-15 06:08:38.325 9 INFO neutron.wsgi [None req-2d4038e7-f56a-4524-8dd2-391494253f3a d06595816d6846eeb8b0722db5d77122 fbe77c7775a24759a20ac831a23a6f3e - - default default] 10.0.0.208 "GET /v2.0/security-groups/e08fcae5-5185-4c2e-993f-e1ecbff5a107/tags/red HTTP/1.1" status: 204 len: 168 time: 0.0338473
2026-07-15 06:08:38.359 9 INFO neutron.api.v2.resource [None req-58207649-ce62-466c-a2c9-12c68aca1321 d06595816d6846eeb8b0722db5d77122 fbe77c7775a24759a20ac831a23a6f3e - - default default] show failed (client error): The resource could not be found.
2026-07-15 06:08:38.361 9 INFO neutron.wsgi [None req-58207649-ce62-466c-a2c9-12c68aca1321 d06595816d6846eeb8b0722db5d77122 fbe77c7775a24759a20ac831a23a6f3e - - default default] 10.0.0.208 "GET /v2.0/security-groups/e08fcae5-5185-4c2e-993f-e1ecbff5a107/tags/green HTTP/1.1" status: 404 len: 299 time: 0.0289345
2026-07-15 06:08:38.407 9 INFO neutron.wsgi [None req-ccd32cad-7ee9-4942-ba53-f3355b5cf8e9 d06595816d6846eeb8b0722db5d77122 fbe77c7775a24759a20ac831a23a6f3e - - default default] 10.0.0.208 "DELETE /v2.0/security-groups/e08fcae5-5185-4c2e-993f-e1ecbff5a107/tags/red HTTP/1.1" status: 204 len: 168 time: 0.0398109
2026-07-15 06:08:38.448 10 INFO neutron.wsgi [None req-9d2d4b64-5695-4662-b19d-64d49c1c2aaf d06595816d6846eeb8b0722db5d77122 fbe77c7775a24759a20ac831a23a6f3e - - default default] 10.0.0.208 "GET /v2.0/security-groups/e08fcae5-5185-4c2e-993f-e1ecbff5a107/tags HTTP/1.1" status: 200 len: 223 time: 0.0326335
2026-07-15 06:08:38.498 10 INFO neutron.api.v2.resource [None req-3dacdbca-4a5b-43b4-9144-3aa4ffdd008b d06595816d6846eeb8b0722db5d77122 fbe77c7775a24759a20ac831a23a6f3e - - default default] delete failed (client error): The resource could not be found.
2026-07-15 06:08:38.499 10 INFO neutron.wsgi [None req-3dacdbca-4a5b-43b4-9144-3aa4ffdd008b d06595816d6846eeb8b0722db5d77122 fbe77c7775a24759a20ac831a23a6f3e - - default default] 10.0.0.208 "DELETE /v2.0/security-groups/e08fcae5-5185-4c2e-993f-e1ecbff5a107/tags/green HTTP/1.1" status: 404 len: 299 time: 0.0439246
2026-07-15 06:08:38.559 9 INFO neutron.db.ovn_revision_numbers_db [None req-c4e32623-91c2-4ea3-980e-0d9a64479bad 4239e68166ed4136927cb286b7fb9c8a 4df009eeb35b4bdeb722721d47d8db55 - - default default] Successfully bumped revision number for resource 689c14cb-47db-4f0e-b541-701b461ccc28 (type: security_groups) to 1
2026-07-15 06:08:38.559 10 INFO neutron.wsgi [None req-eb37670b-a763-4628-b80a-ecd080960c7d d06595816d6846eeb8b0722db5d77122 fbe77c7775a24759a20ac831a23a6f3e - - default default] 10.0.0.208 "DELETE /v2.0/security-groups/e08fcae5-5185-4c2e-993f-e1ecbff5a107/tags HTTP/1.1" status: 204 len: 168 time: 0.0551596
2026-07-15 06:08:38.581 9 INFO neutron.db.ovn_revision_numbers_db [None req-c4e32623-91c2-4ea3-980e-0d9a64479bad 4239e68166ed4136927cb286b7fb9c8a 4df009eeb35b4bdeb722721d47d8db55 - - default default] Successfully bumped revision number for resource 136dff27-8151-498d-b896-9faa5c949a0a (type: security_group_rules) to 0
2026-07-15 06:08:38.590 10 INFO neutron.wsgi [None req-65d17125-8ecd-40cc-89fd-50dea5db7bf2 d06595816d6846eeb8b0722db5d77122 fbe77c7775a24759a20ac831a23a6f3e - - default default] 10.0.0.208 "GET /v2.0/security-groups/e08fcae5-5185-4c2e-993f-e1ecbff5a107/tags HTTP/1.1" status: 200 len: 205 time: 0.0267873
2026-07-15 06:08:38.600 9 INFO neutron.db.ovn_revision_numbers_db [None req-c4e32623-91c2-4ea3-980e-0d9a64479bad 4239e68166ed4136927cb286b7fb9c8a 4df009eeb35b4bdeb722721d47d8db55 - - default default] Successfully bumped revision number for resource 20284747-eb17-4395-9809-c5abc119957d (type: security_group_rules) to 0
2026-07-15 06:08:38.621 9 INFO neutron.db.ovn_revision_numbers_db [None req-c4e32623-91c2-4ea3-980e-0d9a64479bad 4239e68166ed4136927cb286b7fb9c8a 4df009eeb35b4bdeb722721d47d8db55 - - default default] Successfully bumped revision number for resource 3268f5a1-f3e0-4ad1-984a-3a8117ad84d7 (type: security_group_rules) to 0
2026-07-15 06:08:38.635 9 INFO neutron.db.ovn_revision_numbers_db [None req-c4e32623-91c2-4ea3-980e-0d9a64479bad 4239e68166ed4136927cb286b7fb9c8a 4df009eeb35b4bdeb722721d47d8db55 - - default default] Successfully bumped revision number for resource ca1f713d-9a02-4aa7-bbdc-5278770d4e9e (type: security_group_rules) to 0
2026-07-15 06:08:38.651 9 INFO neutron.wsgi [None req-c4e32623-91c2-4ea3-980e-0d9a64479bad 4239e68166ed4136927cb286b7fb9c8a 4df009eeb35b4bdeb722721d47d8db55 - - default default] 10.0.0.208 "GET /v2.0/security-groups?tenant_id=6b4e0def269144bbbf0df3151aa3e456&name=default HTTP/1.1" status: 200 len: 3120 time: 0.4608362
2026-07-15 06:08:38.741 10 INFO neutron.wsgi [None req-b838f449-b9fb-4797-8bc1-8284e96b2221 d06595816d6846eeb8b0722db5d77122 fbe77c7775a24759a20ac831a23a6f3e - - default default] 10.0.0.208 "DELETE /v2.0/security-groups/e08fcae5-5185-4c2e-993f-e1ecbff5a107 HTTP/1.1" status: 204 len: 168 time: 0.1452677
2026-07-15 06:08:38.890 9 INFO neutron.wsgi [None req-bbb3faf0-e1fe-47d3-b7cc-6218b31163a0 4239e68166ed4136927cb286b7fb9c8a 4df009eeb35b4bdeb722721d47d8db55 - - default default] 10.0.0.208 "DELETE /v2.0/security-groups/689c14cb-47db-4f0e-b541-701b461ccc28 HTTP/1.1" status: 204 len: 168 time: 0.2341535
2026-07-15 06:08:39.124 10 INFO neutron.wsgi [None req-418f6f57-3c0a-4352-b36a-a7ddddcf8843 eb5a754c58f84660a535c87e17e0a25a 84733b33877b4610bd59efa67453c1bf - - default default] 10.0.0.208 "GET /v2.0/subnets/aa7caf5e-5f9f-45af-bd1b-e9614f5a832a HTTP/1.1" status: 200 len: 846 time: 0.0442450
2026-07-15 06:08:39.227 9 INFO neutron.db.ovn_revision_numbers_db [None req-c8b0b349-848d-48b1-8189-9ad6596dcd6d 4239e68166ed4136927cb286b7fb9c8a 4df009eeb35b4bdeb722721d47d8db55 - - default default] Successfully bumped revision number for resource 46f8d1d2-953f-4fdb-a737-e4f523b1110c (type: security_groups) to 1
2026-07-15 06:08:39.243 9 INFO neutron.db.ovn_revision_numbers_db [None req-c8b0b349-848d-48b1-8189-9ad6596dcd6d 4239e68166ed4136927cb286b7fb9c8a 4df009eeb35b4bdeb722721d47d8db55 - - default default] Successfully bumped revision number for resource 5ed9eceb-9d3c-47b8-82ad-784e113ca1b2 (type: security_group_rules) to 0
2026-07-15 06:08:39.257 9 INFO neutron.db.ovn_revision_numbers_db [None req-c8b0b349-848d-48b1-8189-9ad6596dcd6d 4239e68166ed4136927cb286b7fb9c8a 4df009eeb35b4bdeb722721d47d8db55 - - default default] Successfully bumped revision number for resource 7b3bbb5e-33c1-4acb-bf64-a7a35f555e15 (type: security_group_rules) to 0
2026-07-15 06:08:39.270 9 INFO neutron.db.ovn_revision_numbers_db [None req-c8b0b349-848d-48b1-8189-9ad6596dcd6d 4239e68166ed4136927cb286b7fb9c8a 4df009eeb35b4bdeb722721d47d8db55 - - default default] Successfully bumped revision number for resource ac633ca7-6d2d-40dc-b7cd-57e879de95b5 (type: security_group_rules) to 0
2026-07-15 06:08:39.284 9 INFO neutron.db.ovn_revision_numbers_db [None req-c8b0b349-848d-48b1-8189-9ad6596dcd6d 4239e68166ed4136927cb286b7fb9c8a 4df009eeb35b4bdeb722721d47d8db55 - - default default] Successfully bumped revision number for resource cadb54c2-0145-4348-8b1c-0706df1b6915 (type: security_group_rules) to 0
2026-07-15 06:08:39.306 9 INFO neutron.wsgi [None req-c8b0b349-848d-48b1-8189-9ad6596dcd6d 4239e68166ed4136927cb286b7fb9c8a 4df009eeb35b4bdeb722721d47d8db55 - - default default] 10.0.0.208 "GET /v2.0/security-groups?tenant_id=9cd8c68da0e642d69a5ae453b89c2cb8&name=default HTTP/1.1" status: 200 len: 3120 time: 0.2199578
2026-07-15 06:08:39.351 9 WARNING neutron_lib.context [None req-054fd2d8-526a-4d25-9eb9-2b8d90783451 fb17b9c614ff4e0085225235e9b5f5ae 9ba623521dbd4b5b8cf7710e247aceef - - default default] Method 'is_advsvc' is deprecated since 2023.2 release (neutron-lib 3.8.0) and will be removed once support for the old RBAC API policies will be removed from Neutron. Please use method 'is_service_role' instead.
2026-07-15 06:08:39.525 9 INFO neutron.db.ovn_revision_numbers_db [None req-054fd2d8-526a-4d25-9eb9-2b8d90783451 fb17b9c614ff4e0085225235e9b5f5ae 9ba623521dbd4b5b8cf7710e247aceef - - default default] Successfully bumped revision number for resource 5c29e06b-4f64-40b4-8d23-ccb4757d316d (type: security_groups) to 1
2026-07-15 06:08:39.547 9 INFO neutron.db.ovn_revision_numbers_db [None req-054fd2d8-526a-4d25-9eb9-2b8d90783451 fb17b9c614ff4e0085225235e9b5f5ae 9ba623521dbd4b5b8cf7710e247aceef - - default default] Successfully bumped revision number for resource 14c9e595-fddb-412b-88c9-4b9293ce6166 (type: security_group_rules) to 0
2026-07-15 06:08:39.570 9 INFO neutron.db.ovn_revision_numbers_db [None req-054fd2d8-526a-4d25-9eb9-2b8d90783451 fb17b9c614ff4e0085225235e9b5f5ae 9ba623521dbd4b5b8cf7710e247aceef - - default default] Successfully bumped revision number for resource 69a8aebd-f6e8-450c-b92a-b1de2322c0ea (type: security_group_rules) to 0
2026-07-15 06:08:39.608 9 INFO neutron.db.ovn_revision_numbers_db [None req-054fd2d8-526a-4d25-9eb9-2b8d90783451 fb17b9c614ff4e0085225235e9b5f5ae 9ba623521dbd4b5b8cf7710e247aceef - - default default] Successfully bumped revision number for resource 769583c4-b0e6-4f6c-97b3-204e55ca0491 (type: security_group_rules) to 0
2026-07-15 06:08:39.611 10 INFO neutron.wsgi [None req-22ad2ea8-2d04-4fe5-95a1-83b5818a65f6 4239e68166ed4136927cb286b7fb9c8a 4df009eeb35b4bdeb722721d47d8db55 - - default default] 10.0.0.208 "DELETE /v2.0/security-groups/46f8d1d2-953f-4fdb-a737-e4f523b1110c HTTP/1.1" status: 204 len: 168 time: 0.2996511
2026-07-15 06:08:39.626 9 INFO neutron.db.ovn_revision_numbers_db [None req-054fd2d8-526a-4d25-9eb9-2b8d90783451 fb17b9c614ff4e0085225235e9b5f5ae 9ba623521dbd4b5b8cf7710e247aceef - - default default] Successfully bumped revision number for resource f612b557-7a9c-4fe4-bfef-508c777d0f17 (type: security_group_rules) to 0
2026-07-15 06:08:39.691 9 INFO neutron.db.segments_db [None req-054fd2d8-526a-4d25-9eb9-2b8d90783451 fb17b9c614ff4e0085225235e9b5f5ae 9ba623521dbd4b5b8cf7710e247aceef - - default default] Added segment 15df2c73-682f-4949-bd70-f6eb5c84767d of type geneve for network 3d87ef3b-2c11-4108-b60a-faa5a710023d
2026-07-15 06:08:39.710 9 INFO neutron.db.ovn_revision_numbers_db [None req-fcfae573-b16a-4ccf-ab7f-eb6c664310c1 4239e68166ed4136927cb286b7fb9c8a 4df009eeb35b4bdeb722721d47d8db55 - - default default] Successfully bumped revision number for resource e6bf5a0b-a837-4865-a786-7e096ed01acb (type: security_groups) to 1
2026-07-15 06:08:39.750 9 INFO neutron.db.ovn_revision_numbers_db [None req-fcfae573-b16a-4ccf-ab7f-eb6c664310c1 4239e68166ed4136927cb286b7fb9c8a 4df009eeb35b4bdeb722721d47d8db55 - - default default] Successfully bumped revision number for resource 841224d5-9dbc-40c2-85c3-b9109f32a181 (type: security_group_rules) to 0
2026-07-15 06:08:39.769 9 INFO neutron.db.ovn_revision_numbers_db [None req-fcfae573-b16a-4ccf-ab7f-eb6c664310c1 4239e68166ed4136927cb286b7fb9c8a 4df009eeb35b4bdeb722721d47d8db55 - - default default] Successfully bumped revision number for resource 99fdfc9b-2c43-47e7-ae4d-335976954d77 (type: security_group_rules) to 0
2026-07-15 06:08:39.791 9 INFO neutron.db.ovn_revision_numbers_db [None req-fcfae573-b16a-4ccf-ab7f-eb6c664310c1 4239e68166ed4136927cb286b7fb9c8a 4df009eeb35b4bdeb722721d47d8db55 - - default default] Successfully bumped revision number for resource b8a78cde-feba-4e49-a3d2-f50d33b96a55 (type: security_group_rules) to 0
2026-07-15 06:08:39.832 9 INFO neutron.db.ovn_revision_numbers_db [None req-fcfae573-b16a-4ccf-ab7f-eb6c664310c1 4239e68166ed4136927cb286b7fb9c8a 4df009eeb35b4bdeb722721d47d8db55 - - default default] Successfully bumped revision number for resource d8fa3ae0-d1d0-40e8-812a-4e7e99637279 (type: security_group_rules) to 0
2026-07-15 06:08:39.854 10 INFO neutron.db.ovn_revision_numbers_db [None req-bca97a97-e6e5-4460-9f3f-44a069deaf90 4239e68166ed4136927cb286b7fb9c8a 4df009eeb35b4bdeb722721d47d8db55 - - default default] Successfully bumped revision number for resource e444ffb5-749a-477c-9504-db58bf1cbe02 (type: security_groups) to 1
2026-07-15 06:08:39.855 9 INFO neutron.wsgi [None req-fcfae573-b16a-4ccf-ab7f-eb6c664310c1 4239e68166ed4136927cb286b7fb9c8a 4df009eeb35b4bdeb722721d47d8db55 - - default default] 10.0.0.208 "GET /v2.0/security-groups?tenant_id=1414b02667b041508f88c6f31ec82c88&name=default HTTP/1.1" status: 200 len: 3124 time: 0.3746397
2026-07-15 06:08:39.868 9 INFO neutron.db.ovn_revision_numbers_db [None req-054fd2d8-526a-4d25-9eb9-2b8d90783451 fb17b9c614ff4e0085225235e9b5f5ae 9ba623521dbd4b5b8cf7710e247aceef - - default default] Successfully bumped revision number for resource 3d87ef3b-2c11-4108-b60a-faa5a710023d (type: networks) to 1
2026-07-15 06:08:39.879 10 INFO neutron.db.ovn_revision_numbers_db [None req-bca97a97-e6e5-4460-9f3f-44a069deaf90 4239e68166ed4136927cb286b7fb9c8a 4df009eeb35b4bdeb722721d47d8db55 - - default default] Successfully bumped revision number for resource 0f71fb22-f037-4bcc-8eda-9e41dfd2857f (type: security_group_rules) to 0
2026-07-15 06:08:39.899 10 INFO neutron.db.ovn_revision_numbers_db [None req-bca97a97-e6e5-4460-9f3f-44a069deaf90 4239e68166ed4136927cb286b7fb9c8a 4df009eeb35b4bdeb722721d47d8db55 - - default default] Successfully bumped revision number for resource 35865fe4-4277-493a-839e-c23ae1840923 (type: security_group_rules) to 0
2026-07-15 06:08:39.927 10 INFO neutron.db.ovn_revision_numbers_db [None req-bca97a97-e6e5-4460-9f3f-44a069deaf90 4239e68166ed4136927cb286b7fb9c8a 4df009eeb35b4bdeb722721d47d8db55 - - default default] Successfully bumped revision number for resource d088ea6f-f187-44d5-af40-82ca0f4ace42 (type: security_group_rules) to 0
2026-07-15 06:08:39.952 10 INFO neutron.db.ovn_revision_numbers_db [None req-bca97a97-e6e5-4460-9f3f-44a069deaf90 4239e68166ed4136927cb286b7fb9c8a 4df009eeb35b4bdeb722721d47d8db55 - - default default] Successfully bumped revision number for resource f1172bde-49bd-402e-bb26-9c0231edca01 (type: security_group_rules) to 0
2026-07-15 06:08:39.983 10 INFO neutron.wsgi [None req-bca97a97-e6e5-4460-9f3f-44a069deaf90 4239e68166ed4136927cb286b7fb9c8a 4df009eeb35b4bdeb722721d47d8db55 - - default default] 10.0.0.208 "GET /v2.0/security-groups?tenant_id=6af13de81c77464fb271d8c8aa9e2ee5&name=default HTTP/1.1" status: 200 len: 3124 time: 0.2710822
2026-07-15 06:08:40.123 10 INFO neutron.wsgi [None req-d328cf85-4685-4e2c-b685-04cefcfe71e3 4239e68166ed4136927cb286b7fb9c8a 4df009eeb35b4bdeb722721d47d8db55 - - default default] 10.0.0.208 "DELETE /v2.0/security-groups/e6bf5a0b-a837-4865-a786-7e096ed01acb HTTP/1.1" status: 204 len: 168 time: 0.2588472
2026-07-15 06:08:40.226 10 INFO neutron.wsgi [None req-a33db48c-9f62-4791-b988-d2d0cd908de5 4239e68166ed4136927cb286b7fb9c8a 4df009eeb35b4bdeb722721d47d8db55 - - default default] 10.0.0.161 "GET /v2.0/extensions/security-group HTTP/1.1" status: 200 len: 369 time: 0.1443779
2026-07-15 06:08:40.238 10 INFO neutron.wsgi [None req-0e92716d-b581-472a-b57c-43511709d321 4239e68166ed4136927cb286b7fb9c8a 4df009eeb35b4bdeb722721d47d8db55 - - default default] 10.0.0.161 "GET /v2.0/extensions/dns-integration HTTP/1.1" status: 200 len: 371 time: 0.0052054
2026-07-15 06:08:40.249 10 INFO neutron.wsgi [None req-a987ca25-8c66-4460-9b82-ea513c440a02 4239e68166ed4136927cb286b7fb9c8a 4df009eeb35b4bdeb722721d47d8db55 - - default default] 10.0.0.161 "GET /v2.0/extensions/qos HTTP/1.1" status: 200 len: 365 time: 0.0055542
2026-07-15 06:08:40.264 10 INFO neutron.wsgi [None req-48ccb341-8377-450f-8230-e7b648c12673 4239e68166ed4136927cb286b7fb9c8a 4df009eeb35b4bdeb722721d47d8db55 - - default default] 10.0.0.161 "GET /v2.0/extensions/allowed-address-pairs HTTP/1.1" status: 200 len: 383 time: 0.0055430
2026-07-15 06:08:40.310 10 INFO neutron.wsgi [None req-6b6fb8d6-a685-4a30-a679-4444c5836349 4239e68166ed4136927cb286b7fb9c8a 4df009eeb35b4bdeb722721d47d8db55 - - default default] 10.0.0.208 "GET /v2.0/security-groups?tenant_id=fbe77c7775a24759a20ac831a23a6f3e&name=default HTTP/1.1" status: 200 len: 3120 time: 0.0581474
2026-07-15 06:08:40.415 9 WARNING neutron.scheduler.dhcp_agent_scheduler [None req-054fd2d8-526a-4d25-9eb9-2b8d90783451 fb17b9c614ff4e0085225235e9b5f5ae 9ba623521dbd4b5b8cf7710e247aceef - - default default] No more DHCP agents
2026-07-15 06:08:40.420 9 WARNING neutron.api.rpc.agentnotifiers.dhcp_rpc_agent_api [None req-054fd2d8-526a-4d25-9eb9-2b8d90783451 fb17b9c614ff4e0085225235e9b5f5ae 9ba623521dbd4b5b8cf7710e247aceef - - default default] Unable to schedule network 3d87ef3b-2c11-4108-b60a-faa5a710023d: no agents available; will retry on subsequent port and subnet creation events.
2026-07-15 06:08:40.535 9 INFO neutron.db.ovn_revision_numbers_db [None req-054fd2d8-526a-4d25-9eb9-2b8d90783451 fb17b9c614ff4e0085225235e9b5f5ae 9ba623521dbd4b5b8cf7710e247aceef - - default default] Successfully bumped revision number for resource 4b445907-ddd6-4fc4-a84f-306a04eadee0 (type: ports) to 1
2026-07-15 06:08:40.566 9 INFO neutron.wsgi [None req-054fd2d8-526a-4d25-9eb9-2b8d90783451 fb17b9c614ff4e0085225235e9b5f5ae 9ba623521dbd4b5b8cf7710e247aceef - - default default] 10.0.0.208 "POST /v2.0/networks HTTP/1.1" status: 201 len: 830 time: 1.4072568
2026-07-15 06:08:40.575 9 WARNING neutron_lib.context [None req-7cab90ed-859d-4429-909f-ef29e529f3bb fb17b9c614ff4e0085225235e9b5f5ae 9ba623521dbd4b5b8cf7710e247aceef - - default default] Method 'is_advsvc' is deprecated since 2023.2 release (neutron-lib 3.8.0) and will be removed once support for the old RBAC API policies will be removed from Neutron. Please use method 'is_service_role' instead.
2026-07-15 06:08:40.582 10 INFO neutron.wsgi [None req-56e242ec-c296-44b3-a938-bd1374f2361c 4239e68166ed4136927cb286b7fb9c8a 4df009eeb35b4bdeb722721d47d8db55 - - default default] 10.0.0.208 "DELETE /v2.0/security-groups/8dd3f784-a023-4bff-a327-9f1c79d6ea63 HTTP/1.1" status: 204 len: 168 time: 0.2650037
2026-07-15 06:08:40.631 9 INFO neutron.wsgi [None req-2c9f81e5-cbcf-48e3-a8d1-f2e8bfc45911 4239e68166ed4136927cb286b7fb9c8a 4df009eeb35b4bdeb722721d47d8db55 - - default default] 10.0.0.208 "DELETE /v2.0/security-groups/e444ffb5-749a-477c-9504-db58bf1cbe02 HTTP/1.1" status: 204 len: 168 time: 0.6431017
2026-07-15 06:08:40.802 9 WARNING neutron.scheduler.dhcp_agent_scheduler [None req-7cab90ed-859d-4429-909f-ef29e529f3bb fb17b9c614ff4e0085225235e9b5f5ae 9ba623521dbd4b5b8cf7710e247aceef - - default default] No more DHCP agents
2026-07-15 06:08:40.805 9 WARNING neutron.api.rpc.agentnotifiers.dhcp_rpc_agent_api [None req-7cab90ed-859d-4429-909f-ef29e529f3bb fb17b9c614ff4e0085225235e9b5f5ae 9ba623521dbd4b5b8cf7710e247aceef - - default default] Unable to schedule network 3d87ef3b-2c11-4108-b60a-faa5a710023d: no agents available; will retry on subsequent port and subnet creation events.
2026-07-15 06:08:40.975 10 INFO neutron.wsgi [-] 10.0.0.161 "GET / HTTP/1.1" status: 200 len: 284 time: 0.0027821
2026-07-15 06:08:41.026 10 INFO neutron.wsgi [None req-f9c16b0d-033a-49f8-8012-1bf44f41dcfb 4cd888ccc21e41aebfefc15d72634313 9aeb65e06d2e4d678f2f7d56175684c7 - - default default] 10.0.0.161 "GET /v2.0/subnets/aa7caf5e-5f9f-45af-bd1b-e9614f5a832a HTTP/1.1" status: 200 len: 833 time: 0.0341856
2026-07-15 06:08:41.044 10 INFO neutron.wsgi [None req-9f2b7ca6-301a-4ee5-93e5-43a1a4d993f5 4239e68166ed4136927cb286b7fb9c8a 4df009eeb35b4bdeb722721d47d8db55 - - default default] 10.0.0.161 "GET /v2.0/extensions/security-group HTTP/1.1" status: 200 len: 369 time: 0.0078137
2026-07-15 06:08:41.053 10 INFO neutron.wsgi [None req-9f9d0bbd-32e6-4ff0-a7ae-29bb7303b707 4239e68166ed4136927cb286b7fb9c8a 4df009eeb35b4bdeb722721d47d8db55 - - default default] 10.0.0.161 "GET /v2.0/extensions/dns-integration HTTP/1.1" status: 200 len: 371 time: 0.0037851
2026-07-15 06:08:41.063 10 INFO neutron.wsgi [None req-9816b94f-75ba-4afe-b25b-302889198c24 4239e68166ed4136927cb286b7fb9c8a 4df009eeb35b4bdeb722721d47d8db55 - - default default] 10.0.0.161 "GET /v2.0/extensions/qos HTTP/1.1" status: 200 len: 365 time: 0.0043793
2026-07-15 06:08:41.073 10 INFO neutron.wsgi [None req-4ff34162-1506-4831-935b-89e97f858495 4239e68166ed4136927cb286b7fb9c8a 4df009eeb35b4bdeb722721d47d8db55 - - default default] 10.0.0.161 "GET /v2.0/extensions/allowed-address-pairs HTTP/1.1" status: 200 len: 383 time: 0.0049462
2026-07-15 06:08:41.110 10 INFO neutron.wsgi [None req-7e3d1cef-4a9c-4292-8cfb-a23b2721bb69 4239e68166ed4136927cb286b7fb9c8a 4df009eeb35b4bdeb722721d47d8db55 - - default default] 10.0.0.161 "GET /v2.0/subnets/aa7caf5e-5f9f-45af-bd1b-e9614f5a832a HTTP/1.1" status: 200 len: 851 time: 0.0304437
2026-07-15 06:08:41.192 10 INFO neutron.wsgi [None req-1b58a82e-a05a-4ff5-9499-1b4b66cd675b 4239e68166ed4136927cb286b7fb9c8a 4df009eeb35b4bdeb722721d47d8db55 - - default default] 10.0.0.161 "GET /v2.0/extensions/security-group HTTP/1.1" status: 200 len: 369 time: 0.0080607
2026-07-15 06:08:41.200 10 INFO neutron.wsgi [None req-50934781-3245-4525-8d18-97653d31d01c 4239e68166ed4136927cb286b7fb9c8a 4df009eeb35b4bdeb722721d47d8db55 - - default default] 10.0.0.161 "GET /v2.0/extensions/dns-integration HTTP/1.1" status: 200 len: 371 time: 0.0036991
2026-07-15 06:08:41.207 10 INFO neutron.wsgi [None req-ad0d3d0c-4e64-4e77-906d-db1c7c8a538a 4239e68166ed4136927cb286b7fb9c8a 4df009eeb35b4bdeb722721d47d8db55 - - default default] 10.0.0.161 "GET /v2.0/extensions/qos HTTP/1.1" status: 200 len: 365 time: 0.0042133
2026-07-15 06:08:41.216 10 INFO neutron.wsgi [None req-92389cfe-37e5-4f7a-aae4-8d469f003d00 4239e68166ed4136927cb286b7fb9c8a 4df009eeb35b4bdeb722721d47d8db55 - - default default] 10.0.0.161 "GET /v2.0/extensions/allowed-address-pairs HTTP/1.1" status: 200 len: 383 time: 0.0041068
2026-07-15 06:08:41.301 10 INFO neutron.wsgi [None req-d8a431b2-ab90-40ae-9310-f2a6f53e0984 4239e68166ed4136927cb286b7fb9c8a 4df009eeb35b4bdeb722721d47d8db55 - - default default] 10.0.0.161 "GET /v2.0/networks/41f1327b-41df-420c-b256-3c656a0fc32d HTTP/1.1" status: 200 len: 1001 time: 0.0786393
