2026-07-15 06:04:35.078 10 INFO neutron.plugins.ml2.drivers.ovn.mech_driver.mech_driver [None req-d90ae858-aa8d-4b21-9d44-4f81669ce97e - - - - - -] OVN reports status up for port: 3bdb055a-0975-41e5-b053-17cd7c7d5fcc
2026-07-15 06:04:35.088 10 INFO neutron.plugins.ml2.plugin [None req-d90ae858-aa8d-4b21-9d44-4f81669ce97e - - - - - -] Attempt 1 to provision port 3bdb055a-0975-41e5-b053-17cd7c7d5fcc
2026-07-15 06:04:35.435 10 INFO neutron.db.ovn_revision_numbers_db [None req-ee45b2a2-1360-4435-95b7-5f2688c01c43 4239e68166ed4136927cb286b7fb9c8a 4df009eeb35b4bdeb722721d47d8db55 - - default default] Successfully bumped revision number for resource 3bdb055a-0975-41e5-b053-17cd7c7d5fcc (type: router_ports) to 1
2026-07-15 06:04:35.443 10 INFO neutron.wsgi [None req-ee45b2a2-1360-4435-95b7-5f2688c01c43 4239e68166ed4136927cb286b7fb9c8a 4df009eeb35b4bdeb722721d47d8db55 - - default default] 10.0.0.208 "PUT /v2.0/routers/d6f06c1b-deb6-48d0-9210-dfa02f23e19d/add_router_interface HTTP/1.1" status: 200 len: 503 time: 3.7595797
2026-07-15 06:04:35.499 9 WARNING neutron.scheduler.dhcp_agent_scheduler [None req-d70e6b32-bca1-4518-abe0-aab8c68e4125 4239e68166ed4136927cb286b7fb9c8a 4df009eeb35b4bdeb722721d47d8db55 - - default default] No more DHCP agents
2026-07-15 06:04:35.505 9 WARNING neutron.api.rpc.agentnotifiers.dhcp_rpc_agent_api [None req-d70e6b32-bca1-4518-abe0-aab8c68e4125 4239e68166ed4136927cb286b7fb9c8a 4df009eeb35b4bdeb722721d47d8db55 - - default default] Unable to schedule network 88420403-3a67-41e2-8511-124cf8506b72: no agents available; will retry on subsequent port and subnet creation events.
2026-07-15 06:04:35.634 9 WARNING neutron.scheduler.dhcp_agent_scheduler [None req-27d866cb-bfc5-4a70-a30c-e67a75d9c487 4239e68166ed4136927cb286b7fb9c8a 4df009eeb35b4bdeb722721d47d8db55 - - default default] No more DHCP agents
2026-07-15 06:04:35.636 10 INFO neutron.db.ovn_revision_numbers_db [None req-d90ae858-aa8d-4b21-9d44-4f81669ce97e - - - - - -] Successfully bumped revision number for resource 3bdb055a-0975-41e5-b053-17cd7c7d5fcc (type: ports) to 2
2026-07-15 06:04:35.642 9 WARNING neutron.api.rpc.agentnotifiers.dhcp_rpc_agent_api [None req-27d866cb-bfc5-4a70-a30c-e67a75d9c487 4239e68166ed4136927cb286b7fb9c8a 4df009eeb35b4bdeb722721d47d8db55 - - default default] Unable to schedule network 61d64043-fc3e-466a-9133-8257a54ec247: no agents available; will retry on subsequent port and subnet creation events.
2026-07-15 06:04:35.804 10 INFO neutron.db.ovn_revision_numbers_db [None req-d90ae858-aa8d-4b21-9d44-4f81669ce97e - - - - - -] Successfully bumped revision number for resource 3bdb055a-0975-41e5-b053-17cd7c7d5fcc (type: router_ports) to 2
2026-07-15 06:04:35.826 9 INFO neutron.db.ovn_revision_numbers_db [None req-57b51e7d-9201-405a-9ea5-2ca8532a1ff4 - - - - - -] Successfully bumped revision number for resource 18478ade-684e-455b-8493-e92720687b92 (type: ports) to 4
2026-07-15 06:04:35.839 9 ERROR ovsdbapp.backend.ovs_idl.command [None req-71e1d5af-8ed0-41dc-8a90-de9437099314 4239e68166ed4136927cb286b7fb9c8a 4df009eeb35b4bdeb722721d47d8db55 - - default default] Error executing command (DbGetCommand): ovsdbapp.backend.ovs_idl.idlutils.RowNotFound: Cannot find Logical_Router_Port with name=lrp-bc240bf7-543c-472b-b733-3a70e918ca7a
2026-07-15 06:04:35.839 9 ERROR ovsdbapp.backend.ovs_idl.command
Traceback (most recent call last):
2026-07-15 06:04:35.839 9 ERROR ovsdbapp.backend.ovs_idl.command
File "/var/lib/openstack/lib/python3.10/site-packages/ovsdbapp/backend/ovs_idl/command.py", line 47, in execute
2026-07-15 06:04:35.839 9 ERROR ovsdbapp.backend.ovs_idl.command self.run_idl(None)
2026-07-15 06:04:35.839 9 ERROR ovsdbapp.backend.ovs_idl.command
File "/var/lib/openstack/lib/python3.10/site-packages/ovsdbapp/backend/ovs_idl/command.py", line 235, in run_idl
2026-07-15 06:04:35.839 9 ERROR ovsdbapp.backend.ovs_idl.command record = self.api.lookup(self.table, self.record)
2026-07-15 06:04:35.839 9 ERROR ovsdbapp.backend.ovs_idl.command
File "/var/lib/openstack/lib/python3.10/site-packages/ovsdbapp/backend/ovs_idl/__init__.py", line 184, in lookup
2026-07-15 06:04:35.839 9 ERROR ovsdbapp.backend.ovs_idl.command return self._lookup(table, record)
2026-07-15 06:04:35.839 9 ERROR ovsdbapp.backend.ovs_idl.command
File "/var/lib/openstack/lib/python3.10/site-packages/ovsdbapp/backend/ovs_idl/__init__.py", line 235, in _lookup
2026-07-15 06:04:35.839 9 ERROR ovsdbapp.backend.ovs_idl.command row = idlutils.row_by_value(self, rl.table, rl.column, record)
2026-07-15 06:04:35.839 9 ERROR ovsdbapp.backend.ovs_idl.command
File "/var/lib/openstack/lib/python3.10/site-packages/ovsdbapp/backend/ovs_idl/idlutils.py", line 114, in row_by_value
2026-07-15 06:04:35.839 9 ERROR ovsdbapp.backend.ovs_idl.command raise RowNotFound(table=table, col=column, match=match)
2026-07-15 06:04:35.839 9 ERROR ovsdbapp.backend.ovs_idl.command ovsdbapp.backend.ovs_idl.idlutils.RowNotFound: Cannot find Logical_Router_Port with name=lrp-bc240bf7-543c-472b-b733-3a70e918ca7a
2026-07-15 06:04:35.839 9 ERROR ovsdbapp.backend.ovs_idl.command 
2026-07-15 06:04:35.840 9 ERROR neutron_lib.callbacks.manager [None req-71e1d5af-8ed0-41dc-8a90-de9437099314 4239e68166ed4136927cb286b7fb9c8a 4df009eeb35b4bdeb722721d47d8db55 - - default default] Error during notification for neutron.services.ovn_l3.plugin.OVNL3RouterPlugin._port_update-8739481113318 port, after_update: ovsdbapp.backend.ovs_idl.idlutils.RowNotFound: Cannot find Logical_Router_Port with name=lrp-bc240bf7-543c-472b-b733-3a70e918ca7a
2026-07-15 06:04:35.840 9 ERROR neutron_lib.callbacks.manager
Traceback (most recent call last):
2026-07-15 06:04:35.840 9 ERROR neutron_lib.callbacks.manager
File "/var/lib/openstack/lib/python3.10/site-packages/neutron_lib/callbacks/manager.py", line 189, in _notify_loop
2026-07-15 06:04:35.840 9 ERROR neutron_lib.callbacks.manager callback.method(resource, event, trigger, payload=payload)
2026-07-15 06:04:35.840 9 ERROR neutron_lib.callbacks.manager
File "/var/lib/openstack/lib/python3.10/site-packages/neutron/services/ovn_l3/plugin.py", line 391, in _port_update
2026-07-15 06:04:35.840 9 ERROR neutron_lib.callbacks.manager l3plugin._ovn_client.update_router_port(context,
2026-07-15 06:04:35.840 9 ERROR neutron_lib.callbacks.manager
File "/var/lib/openstack/lib/python3.10/site-packages/neutron/plugins/ml2/drivers/ovn/mech_driver/ovsdb/ovn_client.py", line 1878, in update_router_port
2026-07-15 06:04:35.840 9 ERROR neutron_lib.callbacks.manager self._update_lrouter_port(context, port, if_exists=if_exists,
2026-07-15 06:04:35.840 9 ERROR neutron_lib.callbacks.manager
File "/var/lib/openstack/lib/python3.10/site-packages/neutron/plugins/ml2/drivers/ovn/mech_driver/ovsdb/ovn_client.py", line 1855, in _update_lrouter_port
2026-07-15 06:04:35.840 9 ERROR neutron_lib.callbacks.manager external_ids = self._nb_idl.db_get(
2026-07-15 06:04:35.840 9 ERROR neutron_lib.callbacks.manager
File "/var/lib/openstack/lib/python3.10/site-packages/ovsdbapp/backend/ovs_idl/command.py", line 47, in execute
2026-07-15 06:04:35.840 9 ERROR neutron_lib.callbacks.manager self.run_idl(None)
2026-07-15 06:04:35.840 9 ERROR neutron_lib.callbacks.manager
File "/var/lib/openstack/lib/python3.10/site-packages/ovsdbapp/backend/ovs_idl/command.py", line 235, in run_idl
2026-07-15 06:04:35.840 9 ERROR neutron_lib.callbacks.manager record = self.api.lookup(self.table, self.record)
2026-07-15 06:04:35.840 9 ERROR neutron_lib.callbacks.manager
File "/var/lib/openstack/lib/python3.10/site-packages/ovsdbapp/backend/ovs_idl/__init__.py", line 184, in lookup
2026-07-15 06:04:35.840 9 ERROR neutron_lib.callbacks.manager return self._lookup(table, record)
2026-07-15 06:04:35.840 9 ERROR neutron_lib.callbacks.manager
File "/var/lib/openstack/lib/python3.10/site-packages/ovsdbapp/backend/ovs_idl/__init__.py", line 235, in _lookup
2026-07-15 06:04:35.840 9 ERROR neutron_lib.callbacks.manager row = idlutils.row_by_value(self, rl.table, rl.column, record)
2026-07-15 06:04:35.840 9 ERROR neutron_lib.callbacks.manager
File "/var/lib/openstack/lib/python3.10/site-packages/ovsdbapp/backend/ovs_idl/idlutils.py", line 114, in row_by_value
2026-07-15 06:04:35.840 9 ERROR neutron_lib.callbacks.manager raise RowNotFound(table=table, col=column, match=match)
2026-07-15 06:04:35.840 9 ERROR neutron_lib.callbacks.manager ovsdbapp.backend.ovs_idl.idlutils.RowNotFound: Cannot find Logical_Router_Port with name=lrp-bc240bf7-543c-472b-b733-3a70e918ca7a
2026-07-15 06:04:35.840 9 ERROR neutron_lib.callbacks.manager 
2026-07-15 06:04:35.975 10 INFO neutron.wsgi [-] 10.0.0.19 "GET / HTTP/1.1" status: 200 len: 246 time: 0.0016184
2026-07-15 06:04:35.977 10 INFO neutron.wsgi [-] 10.0.0.19 "GET / HTTP/1.1" status: 200 len: 246 time: 0.0014155
2026-07-15 06:04:36.027 9 INFO neutron.db.ovn_revision_numbers_db [None req-27d866cb-bfc5-4a70-a30c-e67a75d9c487 4239e68166ed4136927cb286b7fb9c8a 4df009eeb35b4bdeb722721d47d8db55 - - default default] Successfully bumped revision number for resource f3f91554-23b4-4bb0-8006-39ea31f1ee52 (type: ports) to 1
2026-07-15 06:04:36.415 10 WARNING neutron_lib.context [req-2fd2416f-955a-491e-9534-7fecbf593090 req-a122fbb7-6b84-4384-bdac-24e24a06e839 07c9c6988da14b2db8d413dcc4a4ce54 39b68d896f34445ba5c285318f7f9904 - - default default] Method 'is_advsvc' is deprecated since 2023.2 release (neutron-lib 3.8.0) and will be removed once support for the old RBAC API policies will be removed from Neutron. Please use method 'is_service_role' instead.
2026-07-15 06:04:36.550 10 INFO neutron.db.ovn_revision_numbers_db [req-2fd2416f-955a-491e-9534-7fecbf593090 req-a122fbb7-6b84-4384-bdac-24e24a06e839 07c9c6988da14b2db8d413dcc4a4ce54 39b68d896f34445ba5c285318f7f9904 - - default default] Successfully bumped revision number for resource d3220d9f-4d6c-43d4-ae7c-17a2fc8aba27 (type: security_groups) to 1
2026-07-15 06:04:36.564 9 INFO neutron.db.ovn_revision_numbers_db [None req-71e1d5af-8ed0-41dc-8a90-de9437099314 4239e68166ed4136927cb286b7fb9c8a 4df009eeb35b4bdeb722721d47d8db55 - - default default] Successfully bumped revision number for resource bc240bf7-543c-472b-b733-3a70e918ca7a (type: ports) to 1
2026-07-15 06:04:36.567 10 INFO neutron.db.ovn_revision_numbers_db [req-2fd2416f-955a-491e-9534-7fecbf593090 req-a122fbb7-6b84-4384-bdac-24e24a06e839 07c9c6988da14b2db8d413dcc4a4ce54 39b68d896f34445ba5c285318f7f9904 - - default default] Successfully bumped revision number for resource 46e6fbd1-edeb-44d8-a986-3f46fc4716dd (type: security_group_rules) to 0
2026-07-15 06:04:36.582 10 INFO neutron.db.ovn_revision_numbers_db [req-2fd2416f-955a-491e-9534-7fecbf593090 req-a122fbb7-6b84-4384-bdac-24e24a06e839 07c9c6988da14b2db8d413dcc4a4ce54 39b68d896f34445ba5c285318f7f9904 - - default default] Successfully bumped revision number for resource 9d018c6e-8352-457c-85bf-f606789cc90a (type: security_group_rules) to 0
2026-07-15 06:04:36.605 10 INFO neutron.wsgi [req-2fd2416f-955a-491e-9534-7fecbf593090 req-a122fbb7-6b84-4384-bdac-24e24a06e839 07c9c6988da14b2db8d413dcc4a4ce54 39b68d896f34445ba5c285318f7f9904 - - default default] 10.0.0.24 "POST /v2.0/security-groups HTTP/1.1" status: 201 len: 1891 time: 0.2368526
2026-07-15 06:04:36.703 9 INFO neutron.db.ovn_revision_numbers_db [None req-57b51e7d-9201-405a-9ea5-2ca8532a1ff4 - - - - - -] Successfully bumped revision number for resource 18478ade-684e-455b-8493-e92720687b92 (type: router_ports) to 4
2026-07-15 06:04:36.758 9 WARNING neutron.scheduler.dhcp_agent_scheduler [None req-71e1d5af-8ed0-41dc-8a90-de9437099314 4239e68166ed4136927cb286b7fb9c8a 4df009eeb35b4bdeb722721d47d8db55 - - default default] No more DHCP agents
2026-07-15 06:04:36.764 9 WARNING neutron.api.rpc.agentnotifiers.dhcp_rpc_agent_api [None req-71e1d5af-8ed0-41dc-8a90-de9437099314 4239e68166ed4136927cb286b7fb9c8a 4df009eeb35b4bdeb722721d47d8db55 - - default default] Unable to schedule network 366771f7-865e-4087-8412-1ff7f8954879: no agents available; will retry on subsequent port and subnet creation events.
2026-07-15 06:04:36.791 9 INFO neutron.plugins.ml2.drivers.ovn.mech_driver.ovsdb.ovsdb_monitor [None req-57b51e7d-9201-405a-9ea5-2ca8532a1ff4 - - - - - -] Router d6f06c1b-deb6-48d0-9210-dfa02f23e19d is bound to host instance
2026-07-15 06:04:37.049 10 INFO neutron.wsgi [req-5ec3ad2f-aed7-4640-98dc-0804498f13d4 req-8746df86-9f53-4162-8a35-ea1bd7f9e33a 07c9c6988da14b2db8d413dcc4a4ce54 39b68d896f34445ba5c285318f7f9904 - - default default] 10.0.0.24 "GET /v2.0/security-groups/d3220d9f-4d6c-43d4-ae7c-17a2fc8aba27 HTTP/1.1" status: 200 len: 1886 time: 0.0747900
2026-07-15 06:04:37.065 10 WARNING neutron_lib.context [req-5ec3ad2f-aed7-4640-98dc-0804498f13d4 req-24f208d2-4395-4e6c-8a2f-17f536518c41 07c9c6988da14b2db8d413dcc4a4ce54 39b68d896f34445ba5c285318f7f9904 - - default default] Method 'is_advsvc' is deprecated since 2023.2 release (neutron-lib 3.8.0) and will be removed once support for the old RBAC API policies will be removed from Neutron. Please use method 'is_service_role' instead.
2026-07-15 06:04:37.237 10 INFO neutron.db.ovn_revision_numbers_db [req-5ec3ad2f-aed7-4640-98dc-0804498f13d4 req-24f208d2-4395-4e6c-8a2f-17f536518c41 07c9c6988da14b2db8d413dcc4a4ce54 39b68d896f34445ba5c285318f7f9904 - - default default] Successfully bumped revision number for resource 81cffc56-2d4a-49e4-9513-44f2f4dba7d3 (type: security_group_rules) to 0
2026-07-15 06:04:37.272 10 INFO neutron.wsgi [req-5ec3ad2f-aed7-4640-98dc-0804498f13d4 req-24f208d2-4395-4e6c-8a2f-17f536518c41 07c9c6988da14b2db8d413dcc4a4ce54 39b68d896f34445ba5c285318f7f9904 - - default default] 10.0.0.24 "POST /v2.0/security-group-rules HTTP/1.1" status: 201 len: 818 time: 0.2139943
2026-07-15 06:04:37.321 10 WARNING neutron_lib.context [req-f55fe20b-8bf4-42f3-b588-94ed0b8e6a2f req-b9db515b-fabb-4de8-beee-aa668bd08a7e 07c9c6988da14b2db8d413dcc4a4ce54 39b68d896f34445ba5c285318f7f9904 - - default default] Method 'is_advsvc' is deprecated since 2023.2 release (neutron-lib 3.8.0) and will be removed once support for the old RBAC API policies will be removed from Neutron. Please use method 'is_service_role' instead.
2026-07-15 06:04:37.480 10 INFO neutron.db.ovn_revision_numbers_db [req-f55fe20b-8bf4-42f3-b588-94ed0b8e6a2f req-b9db515b-fabb-4de8-beee-aa668bd08a7e 07c9c6988da14b2db8d413dcc4a4ce54 39b68d896f34445ba5c285318f7f9904 - - default default] Successfully bumped revision number for resource fa3e1fa7-a556-4903-90ca-ce3dac6dedc6 (type: security_groups) to 1
2026-07-15 06:04:37.494 10 INFO neutron.db.ovn_revision_numbers_db [req-f55fe20b-8bf4-42f3-b588-94ed0b8e6a2f req-b9db515b-fabb-4de8-beee-aa668bd08a7e 07c9c6988da14b2db8d413dcc4a4ce54 39b68d896f34445ba5c285318f7f9904 - - default default] Successfully bumped revision number for resource b136ce57-335f-422c-aa6a-bd395313e267 (type: security_group_rules) to 0
2026-07-15 06:04:37.511 10 INFO neutron.db.ovn_revision_numbers_db [req-f55fe20b-8bf4-42f3-b588-94ed0b8e6a2f req-b9db515b-fabb-4de8-beee-aa668bd08a7e 07c9c6988da14b2db8d413dcc4a4ce54 39b68d896f34445ba5c285318f7f9904 - - default default] Successfully bumped revision number for resource dd69d5f8-b959-44b4-abb1-fb9b9fbbfb0a (type: security_group_rules) to 0
2026-07-15 06:04:37.535 10 INFO neutron.wsgi [req-f55fe20b-8bf4-42f3-b588-94ed0b8e6a2f req-b9db515b-fabb-4de8-beee-aa668bd08a7e 07c9c6988da14b2db8d413dcc4a4ce54 39b68d896f34445ba5c285318f7f9904 - - default default] 10.0.0.24 "POST /v2.0/security-groups HTTP/1.1" status: 201 len: 1890 time: 0.2205241
2026-07-15 06:04:37.617 10 INFO neutron.wsgi [req-58c5cf2c-6495-49a0-9c2b-47b0d1cf6037 req-35e42541-29e2-483a-bc52-59a0ba629943 07c9c6988da14b2db8d413dcc4a4ce54 39b68d896f34445ba5c285318f7f9904 - - default default] 10.0.0.24 "GET /v2.0/security-groups/fa3e1fa7-a556-4903-90ca-ce3dac6dedc6 HTTP/1.1" status: 200 len: 1885 time: 0.0356033
2026-07-15 06:04:37.631 10 WARNING neutron_lib.context [req-58c5cf2c-6495-49a0-9c2b-47b0d1cf6037 req-23d8691f-ba30-4aa6-8d89-f23936b7af24 07c9c6988da14b2db8d413dcc4a4ce54 39b68d896f34445ba5c285318f7f9904 - - default default] Method 'is_advsvc' is deprecated since 2023.2 release (neutron-lib 3.8.0) and will be removed once support for the old RBAC API policies will be removed from Neutron. Please use method 'is_service_role' instead.
2026-07-15 06:04:37.802 10 INFO neutron.db.ovn_revision_numbers_db [req-58c5cf2c-6495-49a0-9c2b-47b0d1cf6037 req-23d8691f-ba30-4aa6-8d89-f23936b7af24 07c9c6988da14b2db8d413dcc4a4ce54 39b68d896f34445ba5c285318f7f9904 - - default default] Successfully bumped revision number for resource 770985c1-0d6c-46d1-8767-9876c1a675e2 (type: security_group_rules) to 0
2026-07-15 06:04:37.827 10 INFO neutron.wsgi [req-58c5cf2c-6495-49a0-9c2b-47b0d1cf6037 req-23d8691f-ba30-4aa6-8d89-f23936b7af24 07c9c6988da14b2db8d413dcc4a4ce54 39b68d896f34445ba5c285318f7f9904 - - default default] 10.0.0.24 "POST /v2.0/security-group-rules HTTP/1.1" status: 201 len: 818 time: 0.2019367
2026-07-15 06:04:37.905 10 INFO neutron.wsgi [req-97dbae32-97b2-4e03-8ea5-dd3503c56e87 req-d23287c6-2289-4b79-ac53-bdb82bcf92e0 07c9c6988da14b2db8d413dcc4a4ce54 39b68d896f34445ba5c285318f7f9904 - - default default] 10.0.0.24 "GET /v2.0/security-groups/fa3e1fa7-a556-4903-90ca-ce3dac6dedc6 HTTP/1.1" status: 200 len: 2510 time: 0.0497849
2026-07-15 06:04:37.921 10 WARNING neutron_lib.context [req-97dbae32-97b2-4e03-8ea5-dd3503c56e87 req-7a56b87c-c302-4d71-9fd7-4fee6aea98b7 07c9c6988da14b2db8d413dcc4a4ce54 39b68d896f34445ba5c285318f7f9904 - - default default] Method 'is_advsvc' is deprecated since 2023.2 release (neutron-lib 3.8.0) and will be removed once support for the old RBAC API policies will be removed from Neutron. Please use method 'is_service_role' instead.
2026-07-15 06:04:37.955 9 INFO neutron.db.ovn_revision_numbers_db [None req-d70e6b32-bca1-4518-abe0-aab8c68e4125 4239e68166ed4136927cb286b7fb9c8a 4df009eeb35b4bdeb722721d47d8db55 - - default default] Successfully bumped revision number for resource b9a06685-2ffa-4bec-9869-3c84646925d7 (type: router_ports) to 1
2026-07-15 06:04:37.966 9 INFO neutron.wsgi [None req-d70e6b32-bca1-4518-abe0-aab8c68e4125 4239e68166ed4136927cb286b7fb9c8a 4df009eeb35b4bdeb722721d47d8db55 - - default default] 10.0.0.208 "PUT /v2.0/routers/9b2aed36-9a0e-4fb1-88ba-85ff5cf10485/add_router_interface HTTP/1.1" status: 200 len: 503 time: 6.7738492
2026-07-15 06:04:38.050 10 INFO neutron.db.ovn_revision_numbers_db [req-97dbae32-97b2-4e03-8ea5-dd3503c56e87 req-7a56b87c-c302-4d71-9fd7-4fee6aea98b7 07c9c6988da14b2db8d413dcc4a4ce54 39b68d896f34445ba5c285318f7f9904 - - default default] Successfully bumped revision number for resource 16d7a28c-a3d6-4ae8-9c80-73d8a991c374 (type: security_group_rules) to 0
2026-07-15 06:04:38.050 9 INFO neutron.plugins.ml2.drivers.ovn.mech_driver.ovsdb.commands [None req-94d80a61-0f9b-46e0-9929-59e5e401525e - - - - - -] Schedule LRP lrp-f3f91554-23b4-4bb0-8006-39ea31f1ee52 on gateway 09dc8415-5e84-46b1-8c1e-26d17f8a839a with priority 1
2026-07-15 06:04:38.084 10 INFO neutron.plugins.ml2.drivers.ovn.mech_driver.ovsdb.ovsdb_monitor [None req-738ee074-ef3a-40a1-b4a3-aa7af4e30fbd - - - - - -] Router caed6193-25a0-4e0d-aa5b-245acf40dabd is bound to host instance
2026-07-15 06:04:38.125 10 INFO neutron.wsgi [req-97dbae32-97b2-4e03-8ea5-dd3503c56e87 req-7a56b87c-c302-4d71-9fd7-4fee6aea98b7 07c9c6988da14b2db8d413dcc4a4ce54 39b68d896f34445ba5c285318f7f9904 - - default default] 10.0.0.24 "POST /v2.0/security-group-rules HTTP/1.1" status: 201 len: 823 time: 0.2112250
2026-07-15 06:04:38.138 9 INFO neutron.db.ovn_revision_numbers_db [None req-27d866cb-bfc5-4a70-a30c-e67a75d9c487 4239e68166ed4136927cb286b7fb9c8a 4df009eeb35b4bdeb722721d47d8db55 - - default default] Successfully bumped revision number for resource f3f91554-23b4-4bb0-8006-39ea31f1ee52 (type: router_ports) to 1
2026-07-15 06:04:38.200 10 INFO neutron.wsgi [req-d26ed0fc-d084-4049-a7bc-b3c0e47f1815 req-9f06c505-d3d2-46be-8135-321378297a15 07c9c6988da14b2db8d413dcc4a4ce54 39b68d896f34445ba5c285318f7f9904 - - default default] 10.0.0.24 "GET /v2.0/security-groups/fa3e1fa7-a556-4903-90ca-ce3dac6dedc6 HTTP/1.1" status: 200 len: 3140 time: 0.0462801
2026-07-15 06:04:38.263 9 INFO neutron.db.ovn_revision_numbers_db [None req-27d866cb-bfc5-4a70-a30c-e67a75d9c487 4239e68166ed4136927cb286b7fb9c8a 4df009eeb35b4bdeb722721d47d8db55 - - default default] Successfully bumped revision number for resource caed6193-25a0-4e0d-aa5b-245acf40dabd (type: routers) to 2
2026-07-15 06:04:38.287 9 INFO neutron.wsgi [None req-27d866cb-bfc5-4a70-a30c-e67a75d9c487 4239e68166ed4136927cb286b7fb9c8a 4df009eeb35b4bdeb722721d47d8db55 - - default default] 10.0.0.208 "POST /v2.0/routers HTTP/1.1" status: 201 len: 1168 time: 4.1362374
2026-07-15 06:04:38.417 10 INFO neutron.wsgi [req-877c33b0-dbba-4788-a69b-6fda42fa2d63 req-e39d371d-ed3d-4a6d-9e60-32cf1b9ed72d 07c9c6988da14b2db8d413dcc4a4ce54 39b68d896f34445ba5c285318f7f9904 - - default default] 10.0.0.24 "GET /v2.0/security-group-rules/16d7a28c-a3d6-4ae8-9c80-73d8a991c374 HTTP/1.1" status: 200 len: 815 time: 0.1814778
2026-07-15 06:04:38.490 10 INFO neutron.wsgi [req-877c33b0-dbba-4788-a69b-6fda42fa2d63 req-43b647ad-748b-4bd0-8549-9948169cd958 07c9c6988da14b2db8d413dcc4a4ce54 39b68d896f34445ba5c285318f7f9904 - - default default] 10.0.0.24 "GET /v2.0/security-groups/fa3e1fa7-a556-4903-90ca-ce3dac6dedc6 HTTP/1.1" status: 200 len: 3140 time: 0.0646803
2026-07-15 06:04:38.548 10 WARNING neutron_lib.context [None req-5bb9f002-1a37-4a48-aec8-f29eca49ed7c 4531c4ec110e4eeeb655c1dcb8b0121b 4e982297489f47159608aa483e423d5f - - default default] Method 'is_advsvc' is deprecated since 2023.2 release (neutron-lib 3.8.0) and will be removed once support for the old RBAC API policies will be removed from Neutron. Please use method 'is_service_role' instead.
2026-07-15 06:04:38.583 9 INFO neutron.db.ovn_revision_numbers_db [None req-57b51e7d-9201-405a-9ea5-2ca8532a1ff4 - - - - - -] Successfully bumped revision number for resource 11c610a5-4cf2-4c3c-bfb9-1c0f170eca89 (type: ports) to 1
2026-07-15 06:04:38.801 10 INFO neutron.wsgi [req-877c33b0-dbba-4788-a69b-6fda42fa2d63 req-30a50102-2e14-4da9-8263-df2a8be2ec85 07c9c6988da14b2db8d413dcc4a4ce54 39b68d896f34445ba5c285318f7f9904 - - default default] 10.0.0.24 "DELETE /v2.0/security-group-rules/16d7a28c-a3d6-4ae8-9c80-73d8a991c374 HTTP/1.1" status: 204 len: 173 time: 0.3032887
2026-07-15 06:04:38.835 10 INFO neutron.db.ovn_revision_numbers_db [None req-5bb9f002-1a37-4a48-aec8-f29eca49ed7c 4531c4ec110e4eeeb655c1dcb8b0121b 4e982297489f47159608aa483e423d5f - - default default] Successfully bumped revision number for resource 1915b2c3-13e4-4034-9b69-2b2cc13f2e93 (type: security_groups) to 1
2026-07-15 06:04:38.858 10 INFO neutron.wsgi [req-657b6971-7d01-412d-8031-4fea701b67a4 req-b78ef7ec-1817-42f7-8b86-4f26a7294fff 07c9c6988da14b2db8d413dcc4a4ce54 39b68d896f34445ba5c285318f7f9904 - - default default] 10.0.0.24 "GET /v2.0/security-groups/fa3e1fa7-a556-4903-90ca-ce3dac6dedc6 HTTP/1.1" status: 200 len: 2510 time: 0.0332663
2026-07-15 06:04:38.860 10 INFO neutron.db.ovn_revision_numbers_db [None req-5bb9f002-1a37-4a48-aec8-f29eca49ed7c 4531c4ec110e4eeeb655c1dcb8b0121b 4e982297489f47159608aa483e423d5f - - default default] Successfully bumped revision number for resource 33b76a7e-0799-4cad-bf7f-571fcbe3607c (type: security_group_rules) to 0
2026-07-15 06:04:38.888 10 INFO neutron.db.ovn_revision_numbers_db [None req-5bb9f002-1a37-4a48-aec8-f29eca49ed7c 4531c4ec110e4eeeb655c1dcb8b0121b 4e982297489f47159608aa483e423d5f - - default default] Successfully bumped revision number for resource 6b3837b1-f1ff-4bdf-adb6-48b936e4a30a (type: security_group_rules) to 0
2026-07-15 06:04:38.903 9 INFO neutron.db.ovn_revision_numbers_db [None req-71e1d5af-8ed0-41dc-8a90-de9437099314 4239e68166ed4136927cb286b7fb9c8a 4df009eeb35b4bdeb722721d47d8db55 - - default default] Successfully bumped revision number for resource bc240bf7-543c-472b-b733-3a70e918ca7a (type: router_ports) to 1
2026-07-15 06:04:38.909 9 INFO neutron.wsgi [None req-71e1d5af-8ed0-41dc-8a90-de9437099314 4239e68166ed4136927cb286b7fb9c8a 4df009eeb35b4bdeb722721d47d8db55 - - default default] 10.0.0.208 "PUT /v2.0/routers/54fcb4d8-3920-4108-863d-1714782831f9/add_router_interface HTTP/1.1" status: 200 len: 503 time: 6.7511990
2026-07-15 06:04:38.950 10 INFO neutron.wsgi [None req-5bb9f002-1a37-4a48-aec8-f29eca49ed7c 4531c4ec110e4eeeb655c1dcb8b0121b 4e982297489f47159608aa483e423d5f - - default default] 10.0.0.208 "POST /v2.0/security-groups HTTP/1.1" status: 201 len: 1860 time: 0.4095669
2026-07-15 06:04:38.962 9 WARNING neutron_lib.context [None req-6978decf-f3c2-483e-b181-6e77fe9fb44d 4531c4ec110e4eeeb655c1dcb8b0121b 4e982297489f47159608aa483e423d5f - - default default] Method 'is_advsvc' is deprecated since 2023.2 release (neutron-lib 3.8.0) and will be removed once support for the old RBAC API policies will be removed from Neutron. Please use method 'is_service_role' instead.
2026-07-15 06:04:39.056 10 INFO neutron.wsgi [req-657b6971-7d01-412d-8031-4fea701b67a4 req-0fb0f677-50a9-423f-8ace-6c6f8e030ca0 07c9c6988da14b2db8d413dcc4a4ce54 39b68d896f34445ba5c285318f7f9904 - - default default] 10.0.0.24 "DELETE /v2.0/security-groups/fa3e1fa7-a556-4903-90ca-ce3dac6dedc6 HTTP/1.1" status: 204 len: 173 time: 0.1840096
2026-07-15 06:04:39.141 10 INFO neutron.wsgi [req-1650256a-2f4c-4aa0-bb50-374008f7a7a7 req-72a5d72f-0b18-4081-a430-b7a3b5d402ec 07c9c6988da14b2db8d413dcc4a4ce54 39b68d896f34445ba5c285318f7f9904 - - default default] 10.0.0.24 "GET /v2.0/security-groups/d3220d9f-4d6c-43d4-ae7c-17a2fc8aba27 HTTP/1.1" status: 200 len: 2511 time: 0.0665033
2026-07-15 06:04:39.241 10 INFO neutron.db.ovn_revision_numbers_db [None req-738ee074-ef3a-40a1-b4a3-aa7af4e30fbd - - - - - -] Successfully bumped revision number for resource f3f91554-23b4-4bb0-8006-39ea31f1ee52 (type: ports) to 1
2026-07-15 06:04:39.281 9 INFO neutron.db.ovn_revision_numbers_db [None req-6978decf-f3c2-483e-b181-6e77fe9fb44d 4531c4ec110e4eeeb655c1dcb8b0121b 4e982297489f47159608aa483e423d5f - - default default] Successfully bumped revision number for resource a1a147c6-bac0-4c4d-85d3-7a671d6b5e81 (type: security_group_rules) to 0
2026-07-15 06:04:39.323 10 INFO neutron.wsgi [req-1650256a-2f4c-4aa0-bb50-374008f7a7a7 req-35c97477-f949-4f44-a1ba-a395ca499018 07c9c6988da14b2db8d413dcc4a4ce54 39b68d896f34445ba5c285318f7f9904 - - default default] 10.0.0.24 "DELETE /v2.0/security-groups/d3220d9f-4d6c-43d4-ae7c-17a2fc8aba27 HTTP/1.1" status: 204 len: 173 time: 0.1726494
2026-07-15 06:04:39.345 9 INFO neutron.wsgi [None req-6978decf-f3c2-483e-b181-6e77fe9fb44d 4531c4ec110e4eeeb655c1dcb8b0121b 4e982297489f47159608aa483e423d5f - - default default] 10.0.0.208 "POST /v2.0/security-group-rules HTTP/1.1" status: 201 len: 796 time: 0.3884163
2026-07-15 06:04:39.356 10 WARNING neutron_lib.context [None req-2280c770-4903-4e9c-92cf-099c55ded2b8 4531c4ec110e4eeeb655c1dcb8b0121b 4e982297489f47159608aa483e423d5f - - default default] Method 'is_advsvc' is deprecated since 2023.2 release (neutron-lib 3.8.0) and will be removed once support for the old RBAC API policies will be removed from Neutron. Please use method 'is_service_role' instead.
2026-07-15 06:04:39.415 9 INFO neutron.db.ovn_revision_numbers_db [None req-57b51e7d-9201-405a-9ea5-2ca8532a1ff4 - - - - - -] Successfully bumped revision number for resource 11c610a5-4cf2-4c3c-bfb9-1c0f170eca89 (type: router_ports) to 3
2026-07-15 06:04:39.417 9 WARNING neutron.scheduler.dhcp_agent_scheduler [None req-8efd4556-1c26-4c45-9513-b86ea29253d1 4239e68166ed4136927cb286b7fb9c8a 4df009eeb35b4bdeb722721d47d8db55 - - default default] No more DHCP agents
2026-07-15 06:04:39.425 9 WARNING neutron.api.rpc.agentnotifiers.dhcp_rpc_agent_api [None req-8efd4556-1c26-4c45-9513-b86ea29253d1 4239e68166ed4136927cb286b7fb9c8a 4df009eeb35b4bdeb722721d47d8db55 - - default default] Unable to schedule network 49a2afb2-e389-4b4f-bb8a-78e34ded979a: no agents available; will retry on subsequent port and subnet creation events.
2026-07-15 06:04:39.437 10 WARNING neutron_lib.context [None req-07b05d3d-e324-4ef7-9b17-e37392241d0f d48ac70a7bc0402e8cd09d60772c7493 a0eba1a1e9544e3faba703f1681334e7 - - default default] Method 'is_advsvc' is deprecated since 2023.2 release (neutron-lib 3.8.0) and will be removed once support for the old RBAC API policies will be removed from Neutron. Please use method 'is_service_role' instead.
2026-07-15 06:04:39.678 10 INFO neutron.db.ovn_revision_numbers_db [None req-2280c770-4903-4e9c-92cf-099c55ded2b8 4531c4ec110e4eeeb655c1dcb8b0121b 4e982297489f47159608aa483e423d5f - - default default] Successfully bumped revision number for resource a3207bde-57ed-4d9c-a14b-f6b100dd8d6a (type: security_group_rules) to 0
2026-07-15 06:04:39.730 10 INFO neutron.wsgi [None req-2280c770-4903-4e9c-92cf-099c55ded2b8 4531c4ec110e4eeeb655c1dcb8b0121b 4e982297489f47159608aa483e423d5f - - default default] 10.0.0.208 "POST /v2.0/security-group-rules HTTP/1.1" status: 201 len: 801 time: 0.3797762
2026-07-15 06:04:39.731 10 INFO neutron.db.ovn_revision_numbers_db [None req-07b05d3d-e324-4ef7-9b17-e37392241d0f d48ac70a7bc0402e8cd09d60772c7493 a0eba1a1e9544e3faba703f1681334e7 - - default default] Successfully bumped revision number for resource cf108d29-c5ff-44e4-8b02-d3babcef8bfa (type: security_groups) to 1
2026-07-15 06:04:39.743 10 WARNING neutron_lib.context [None req-e380600c-2e28-4170-a8b5-ba4e85d7e7eb 4531c4ec110e4eeeb655c1dcb8b0121b 4e982297489f47159608aa483e423d5f - - default default] Method 'is_advsvc' is deprecated since 2023.2 release (neutron-lib 3.8.0) and will be removed once support for the old RBAC API policies will be removed from Neutron. Please use method 'is_service_role' instead.
2026-07-15 06:04:39.760 10 INFO neutron.db.ovn_revision_numbers_db [None req-07b05d3d-e324-4ef7-9b17-e37392241d0f d48ac70a7bc0402e8cd09d60772c7493 a0eba1a1e9544e3faba703f1681334e7 - - default default] Successfully bumped revision number for resource 3403ad8a-d4f5-487d-beb3-6f3d9229b3b2 (type: security_group_rules) to 0
2026-07-15 06:04:39.924 9 INFO neutron.plugins.ml2.drivers.ovn.mech_driver.mech_driver [None req-424360a4-b402-4a28-b76b-5c5ebb5779bb - - - - - -] OVN reports status up for port: bc240bf7-543c-472b-b733-3a70e918ca7a
2026-07-15 06:04:39.933 10 INFO neutron.db.ovn_revision_numbers_db [None req-07b05d3d-e324-4ef7-9b17-e37392241d0f d48ac70a7bc0402e8cd09d60772c7493 a0eba1a1e9544e3faba703f1681334e7 - - default default] Successfully bumped revision number for resource fcc2cb4c-423d-417d-ab9a-ed937cdf82e7 (type: security_group_rules) to 0
2026-07-15 06:04:39.945 9 INFO neutron.plugins.ml2.plugin [None req-424360a4-b402-4a28-b76b-5c5ebb5779bb - - - - - -] Attempt 1 to provision port bc240bf7-543c-472b-b733-3a70e918ca7a
2026-07-15 06:04:39.964 9 INFO neutron.db.ovn_revision_numbers_db [None req-8efd4556-1c26-4c45-9513-b86ea29253d1 4239e68166ed4136927cb286b7fb9c8a 4df009eeb35b4bdeb722721d47d8db55 - - default default] Successfully bumped revision number for resource 52093b42-2a7e-4c63-a622-d419d7042e89 (type: ports) to 1
2026-07-15 06:04:40.003 10 INFO neutron.wsgi [None req-07b05d3d-e324-4ef7-9b17-e37392241d0f d48ac70a7bc0402e8cd09d60772c7493 a0eba1a1e9544e3faba703f1681334e7 - - default default] 10.0.0.208 "POST /v2.0/security-groups HTTP/1.1" status: 201 len: 1861 time: 0.5714834
2026-07-15 06:04:40.018 10 WARNING neutron_lib.context [None req-dc95d625-0c3f-4db8-b8b8-225e45634816 d48ac70a7bc0402e8cd09d60772c7493 a0eba1a1e9544e3faba703f1681334e7 - - default default] Method 'is_advsvc' is deprecated since 2023.2 release (neutron-lib 3.8.0) and will be removed once support for the old RBAC API policies will be removed from Neutron. Please use method 'is_service_role' instead.
2026-07-15 06:04:40.024 9 INFO neutron.db.ovn_revision_numbers_db [None req-57b51e7d-9201-405a-9ea5-2ca8532a1ff4 - - - - - -] Successfully bumped revision number for resource 11c610a5-4cf2-4c3c-bfb9-1c0f170eca89 (type: ports) to 2
2026-07-15 06:04:40.088 10 INFO neutron.db.ovn_revision_numbers_db [None req-738ee074-ef3a-40a1-b4a3-aa7af4e30fbd - - - - - -] Successfully bumped revision number for resource f3f91554-23b4-4bb0-8006-39ea31f1ee52 (type: router_ports) to 3
2026-07-15 06:04:40.341 10 INFO neutron.db.ovn_revision_numbers_db [None req-dc95d625-0c3f-4db8-b8b8-225e45634816 d48ac70a7bc0402e8cd09d60772c7493 a0eba1a1e9544e3faba703f1681334e7 - - default default] Successfully bumped revision number for resource 2ad552f3-9a87-4b9e-95c5-f77bf4f9f8d8 (type: security_group_rules) to 0
2026-07-15 06:04:40.425 10 WARNING neutron.scheduler.dhcp_agent_scheduler [None req-e380600c-2e28-4170-a8b5-ba4e85d7e7eb 4531c4ec110e4eeeb655c1dcb8b0121b 4e982297489f47159608aa483e423d5f - - default default] No more DHCP agents
2026-07-15 06:04:40.433 10 INFO neutron.wsgi [None req-dc95d625-0c3f-4db8-b8b8-225e45634816 d48ac70a7bc0402e8cd09d60772c7493 a0eba1a1e9544e3faba703f1681334e7 - - default default] 10.0.0.208 "POST /v2.0/security-group-rules HTTP/1.1" status: 201 len: 796 time: 0.4221973
2026-07-15 06:04:40.436 10 WARNING neutron.api.rpc.agentnotifiers.dhcp_rpc_agent_api [None req-e380600c-2e28-4170-a8b5-ba4e85d7e7eb 4531c4ec110e4eeeb655c1dcb8b0121b 4e982297489f47159608aa483e423d5f - - default default] Unable to schedule network 61d64043-fc3e-466a-9133-8257a54ec247: no agents available; will retry on subsequent port and subnet creation events.
2026-07-15 06:04:40.457 9 WARNING neutron_lib.context [None req-841b95b8-b7b7-45cf-9e5a-a3524b449a2c d48ac70a7bc0402e8cd09d60772c7493 a0eba1a1e9544e3faba703f1681334e7 - - default default] Method 'is_advsvc' is deprecated since 2023.2 release (neutron-lib 3.8.0) and will be removed once support for the old RBAC API policies will be removed from Neutron. Please use method 'is_service_role' instead.
2026-07-15 06:04:40.462 10 INFO neutron.db.ovn_revision_numbers_db [None req-738ee074-ef3a-40a1-b4a3-aa7af4e30fbd - - - - - -] Successfully bumped revision number for resource f3f91554-23b4-4bb0-8006-39ea31f1ee52 (type: ports) to 2
2026-07-15 06:04:40.829 10 INFO neutron.wsgi [None req-e380600c-2e28-4170-a8b5-ba4e85d7e7eb 4531c4ec110e4eeeb655c1dcb8b0121b 4e982297489f47159608aa483e423d5f - - default default] 10.0.0.208 "POST /v2.0/floatingips HTTP/1.1" status: 201 len: 751 time: 1.0917108
2026-07-15 06:04:40.934 10 WARNING neutron.plugins.ml2.drivers.ovn.mech_driver.ovsdb.ovn_client [None req-d90ae858-aa8d-4b21-9d44-4f81669ce97e - - - - - -] No port found with ID 3bdb055a-0975-41e5-b053-17cd7c7d5fcc: RuntimeError: No port found with ID 3bdb055a-0975-41e5-b053-17cd7c7d5fcc
2026-07-15 06:04:40.935 10 INFO neutron.plugins.ml2.drivers.ovn.mech_driver.mech_driver [None req-d90ae858-aa8d-4b21-9d44-4f81669ce97e - - - - - -] OVN reports status up for port: b9a06685-2ffa-4bec-9869-3c84646925d7
2026-07-15 06:04:40.948 10 INFO neutron.plugins.ml2.plugin [None req-d90ae858-aa8d-4b21-9d44-4f81669ce97e - - - - - -] Attempt 1 to provision port b9a06685-2ffa-4bec-9869-3c84646925d7
2026-07-15 06:04:40.967 10 INFO neutron.db.ovn_revision_numbers_db [None req-738ee074-ef3a-40a1-b4a3-aa7af4e30fbd - - - - - -] Successfully bumped revision number for resource f3f91554-23b4-4bb0-8006-39ea31f1ee52 (type: ports) to 4
2026-07-15 06:04:41.116 9 INFO neutron.db.ovn_revision_numbers_db [None req-841b95b8-b7b7-45cf-9e5a-a3524b449a2c d48ac70a7bc0402e8cd09d60772c7493 a0eba1a1e9544e3faba703f1681334e7 - - default default] Successfully bumped revision number for resource 5a2d7a12-e251-4dc2-a919-995b0fd4b739 (type: security_group_rules) to 0
2026-07-15 06:04:41.197 9 INFO neutron.wsgi [None req-841b95b8-b7b7-45cf-9e5a-a3524b449a2c d48ac70a7bc0402e8cd09d60772c7493 a0eba1a1e9544e3faba703f1681334e7 - - default default] 10.0.0.208 "POST /v2.0/security-group-rules HTTP/1.1" status: 201 len: 801 time: 0.7568369
2026-07-15 06:04:41.210 10 WARNING neutron_lib.context [None req-e8c0844e-e3b9-4954-900c-d0be8a8f2f85 d48ac70a7bc0402e8cd09d60772c7493 a0eba1a1e9544e3faba703f1681334e7 - - default default] Method 'is_advsvc' is deprecated since 2023.2 release (neutron-lib 3.8.0) and will be removed once support for the old RBAC API policies will be removed from Neutron. Please use method 'is_service_role' instead.
2026-07-15 06:04:41.229 9 INFO neutron.db.ovn_revision_numbers_db [None req-57b51e7d-9201-405a-9ea5-2ca8532a1ff4 - - - - - -] Successfully bumped revision number for resource 11c610a5-4cf2-4c3c-bfb9-1c0f170eca89 (type: ports) to 4
2026-07-15 06:04:41.238 9 INFO neutron.db.ovn_revision_numbers_db [None req-424360a4-b402-4a28-b76b-5c5ebb5779bb - - - - - -] Successfully bumped revision number for resource bc240bf7-543c-472b-b733-3a70e918ca7a (type: ports) to 2
2026-07-15 06:04:41.357 10 INFO neutron.wsgi [req-828c22ec-4146-46c8-9435-cd0203846e39 req-46b0bafd-a1e9-4273-ad15-bd991bc241cf 4531c4ec110e4eeeb655c1dcb8b0121b 4e982297489f47159608aa483e423d5f - - default default] 10.0.0.24 "GET /v2.0/security-groups?name=tempest-securitygroup--1622590463&fields=id&tenant_id=4e982297489f47159608aa483e423d5f HTTP/1.1" status: 200 len: 267 time: 0.1257300
2026-07-15 06:04:41.544 10 INFO neutron.wsgi [req-828c22ec-4146-46c8-9435-cd0203846e39 req-4f4fac28-f91b-419b-bb85-64842261076a 4531c4ec110e4eeeb655c1dcb8b0121b 4e982297489f47159608aa483e423d5f - - default default] 10.0.0.24 "GET /v2.0/networks?id=88420403-3a67-41e2-8511-124cf8506b72 HTTP/1.1" status: 200 len: 869 time: 0.1731348
2026-07-15 06:04:41.583 10 INFO neutron.wsgi [req-828c22ec-4146-46c8-9435-cd0203846e39 req-7ebefcb5-9b77-4759-bb05-064376fa9f36 4531c4ec110e4eeeb655c1dcb8b0121b 4e982297489f47159608aa483e423d5f - - default default] 10.0.0.24 "GET /v2.0/quotas/4e982297489f47159608aa483e423d5f HTTP/1.1" status: 200 len: 491 time: 0.0232549
2026-07-15 06:04:41.699 9 ERROR ovsdbapp.backend.ovs_idl.command [None req-8efd4556-1c26-4c45-9513-b86ea29253d1 4239e68166ed4136927cb286b7fb9c8a 4df009eeb35b4bdeb722721d47d8db55 - - default default] Error executing command (DbGetCommand): ovsdbapp.backend.ovs_idl.idlutils.RowNotFound: Cannot find Logical_Router_Port with name=lrp-52093b42-2a7e-4c63-a622-d419d7042e89
2026-07-15 06:04:41.699 9 ERROR ovsdbapp.backend.ovs_idl.command
Traceback (most recent call last):
2026-07-15 06:04:41.699 9 ERROR ovsdbapp.backend.ovs_idl.command
File "/var/lib/openstack/lib/python3.10/site-packages/ovsdbapp/backend/ovs_idl/command.py", line 47, in execute
2026-07-15 06:04:41.699 9 ERROR ovsdbapp.backend.ovs_idl.command self.run_idl(None)
2026-07-15 06:04:41.699 9 ERROR ovsdbapp.backend.ovs_idl.command
File "/var/lib/openstack/lib/python3.10/site-packages/ovsdbapp/backend/ovs_idl/command.py", line 235, in run_idl
2026-07-15 06:04:41.699 9 ERROR ovsdbapp.backend.ovs_idl.command record = self.api.lookup(self.table, self.record)
2026-07-15 06:04:41.699 9 ERROR ovsdbapp.backend.ovs_idl.command
File "/var/lib/openstack/lib/python3.10/site-packages/ovsdbapp/backend/ovs_idl/__init__.py", line 184, in lookup
2026-07-15 06:04:41.699 9 ERROR ovsdbapp.backend.ovs_idl.command return self._lookup(table, record)
2026-07-15 06:04:41.699 9 ERROR ovsdbapp.backend.ovs_idl.command
File "/var/lib/openstack/lib/python3.10/site-packages/ovsdbapp/backend/ovs_idl/__init__.py", line 235, in _lookup
2026-07-15 06:04:41.699 9 ERROR ovsdbapp.backend.ovs_idl.command row = idlutils.row_by_value(self, rl.table, rl.column, record)
2026-07-15 06:04:41.699 9 ERROR ovsdbapp.backend.ovs_idl.command
File "/var/lib/openstack/lib/python3.10/site-packages/ovsdbapp/backend/ovs_idl/idlutils.py", line 114, in row_by_value
2026-07-15 06:04:41.699 9 ERROR ovsdbapp.backend.ovs_idl.command raise RowNotFound(table=table, col=column, match=match)
2026-07-15 06:04:41.699 9 ERROR ovsdbapp.backend.ovs_idl.command ovsdbapp.backend.ovs_idl.idlutils.RowNotFound: Cannot find Logical_Router_Port with name=lrp-52093b42-2a7e-4c63-a622-d419d7042e89
2026-07-15 06:04:41.699 9 ERROR ovsdbapp.backend.ovs_idl.command 
2026-07-15 06:04:41.700 9 ERROR neutron_lib.callbacks.manager [None req-8efd4556-1c26-4c45-9513-b86ea29253d1 4239e68166ed4136927cb286b7fb9c8a 4df009eeb35b4bdeb722721d47d8db55 - - default default] Error during notification for neutron.services.ovn_l3.plugin.OVNL3RouterPlugin._port_update-8739481113318 port, after_update: ovsdbapp.backend.ovs_idl.idlutils.RowNotFound: Cannot find Logical_Router_Port with name=lrp-52093b42-2a7e-4c63-a622-d419d7042e89
2026-07-15 06:04:41.700 9 ERROR neutron_lib.callbacks.manager
Traceback (most recent call last):
2026-07-15 06:04:41.700 9 ERROR neutron_lib.callbacks.manager
File "/var/lib/openstack/lib/python3.10/site-packages/neutron_lib/callbacks/manager.py", line 189, in _notify_loop
2026-07-15 06:04:41.700 9 ERROR neutron_lib.callbacks.manager callback.method(resource, event, trigger, payload=payload)
2026-07-15 06:04:41.700 9 ERROR neutron_lib.callbacks.manager
File "/var/lib/openstack/lib/python3.10/site-packages/neutron/services/ovn_l3/plugin.py", line 391, in _port_update
2026-07-15 06:04:41.700 9 ERROR neutron_lib.callbacks.manager l3plugin._ovn_client.update_router_port(context,
2026-07-15 06:04:41.700 9 ERROR neutron_lib.callbacks.manager
File "/var/lib/openstack/lib/python3.10/site-packages/neutron/plugins/ml2/drivers/ovn/mech_driver/ovsdb/ovn_client.py", line 1878, in update_router_port
2026-07-15 06:04:41.700 9 ERROR neutron_lib.callbacks.manager self._update_lrouter_port(context, port, if_exists=if_exists,
2026-07-15 06:04:41.700 9 ERROR neutron_lib.callbacks.manager
File "/var/lib/openstack/lib/python3.10/site-packages/neutron/plugins/ml2/drivers/ovn/mech_driver/ovsdb/ovn_client.py", line 1855, in _update_lrouter_port
2026-07-15 06:04:41.700 9 ERROR neutron_lib.callbacks.manager external_ids = self._nb_idl.db_get(
2026-07-15 06:04:41.700 9 ERROR neutron_lib.callbacks.manager
File "/var/lib/openstack/lib/python3.10/site-packages/ovsdbapp/backend/ovs_idl/command.py", line 47, in execute
2026-07-15 06:04:41.700 9 ERROR neutron_lib.callbacks.manager self.run_idl(None)
2026-07-15 06:04:41.700 9 ERROR neutron_lib.callbacks.manager
File "/var/lib/openstack/lib/python3.10/site-packages/ovsdbapp/backend/ovs_idl/command.py", line 235, in run_idl
2026-07-15 06:04:41.700 9 ERROR neutron_lib.callbacks.manager record = self.api.lookup(self.table, self.record)
2026-07-15 06:04:41.700 9 ERROR neutron_lib.callbacks.manager
File "/var/lib/openstack/lib/python3.10/site-packages/ovsdbapp/backend/ovs_idl/__init__.py", line 184, in lookup
2026-07-15 06:04:41.700 9 ERROR neutron_lib.callbacks.manager return self._lookup(table, record)
2026-07-15 06:04:41.700 9 ERROR neutron_lib.callbacks.manager
File "/var/lib/openstack/lib/python3.10/site-packages/ovsdbapp/backend/ovs_idl/__init__.py", line 235, in _lookup
2026-07-15 06:04:41.700 9 ERROR neutron_lib.callbacks.manager row = idlutils.row_by_value(self, rl.table, rl.column, record)
2026-07-15 06:04:41.700 9 ERROR neutron_lib.callbacks.manager
File "/var/lib/openstack/lib/python3.10/site-packages/ovsdbapp/backend/ovs_idl/idlutils.py", line 114, in row_by_value
2026-07-15 06:04:41.700 9 ERROR neutron_lib.callbacks.manager raise RowNotFound(table=table, col=column, match=match)
2026-07-15 06:04:41.700 9 ERROR neutron_lib.callbacks.manager ovsdbapp.backend.ovs_idl.idlutils.RowNotFound: Cannot find Logical_Router_Port with name=lrp-52093b42-2a7e-4c63-a622-d419d7042e89
2026-07-15 06:04:41.700 9 ERROR neutron_lib.callbacks.manager 
2026-07-15 06:04:41.785 10 INFO neutron.db.ovn_revision_numbers_db [None req-738ee074-ef3a-40a1-b4a3-aa7af4e30fbd - - - - - -] Successfully bumped revision number for resource f3f91554-23b4-4bb0-8006-39ea31f1ee52 (type: router_ports) to 4
2026-07-15 06:04:41.812 9 INFO neutron.db.ovn_revision_numbers_db [None req-424360a4-b402-4a28-b76b-5c5ebb5779bb - - - - - -] Successfully bumped revision number for resource bc240bf7-543c-472b-b733-3a70e918ca7a (type: router_ports) to 2
2026-07-15 06:04:41.815 10 INFO neutron.wsgi [req-828c22ec-4146-46c8-9435-cd0203846e39 req-2cf909ac-c19f-451e-8910-86bc5fcdb90c 4531c4ec110e4eeeb655c1dcb8b0121b 4e982297489f47159608aa483e423d5f - - default default] 10.0.0.24 "GET /v2.0/ports?tenant_id=4e982297489f47159608aa483e423d5f&fields=id HTTP/1.1" status: 200 len: 302 time: 0.2199039
2026-07-15 06:04:41.857 10 WARNING neutron.scheduler.dhcp_agent_scheduler [None req-e8c0844e-e3b9-4954-900c-d0be8a8f2f85 d48ac70a7bc0402e8cd09d60772c7493 a0eba1a1e9544e3faba703f1681334e7 - - default default] No more DHCP agents
2026-07-15 06:04:41.860 10 WARNING neutron.api.rpc.agentnotifiers.dhcp_rpc_agent_api [None req-e8c0844e-e3b9-4954-900c-d0be8a8f2f85 d48ac70a7bc0402e8cd09d60772c7493 a0eba1a1e9544e3faba703f1681334e7 - - default default] Unable to schedule network 61d64043-fc3e-466a-9133-8257a54ec247: no agents available; will retry on subsequent port and subnet creation events.
2026-07-15 06:04:41.964 10 INFO neutron.db.ovn_revision_numbers_db [None req-d90ae858-aa8d-4b21-9d44-4f81669ce97e - - - - - -] Successfully bumped revision number for resource b9a06685-2ffa-4bec-9869-3c84646925d7 (type: ports) to 2
2026-07-15 06:04:41.991 9 INFO neutron.db.ovn_revision_numbers_db [None req-57b51e7d-9201-405a-9ea5-2ca8532a1ff4 - - - - - -] Successfully bumped revision number for resource 11c610a5-4cf2-4c3c-bfb9-1c0f170eca89 (type: router_ports) to 4
2026-07-15 06:04:42.113 9 INFO neutron.db.ovn_revision_numbers_db [None req-8efd4556-1c26-4c45-9513-b86ea29253d1 4239e68166ed4136927cb286b7fb9c8a 4df009eeb35b4bdeb722721d47d8db55 - - default default] Successfully bumped revision number for resource 52093b42-2a7e-4c63-a622-d419d7042e89 (type: ports) to 1
2026-07-15 06:04:42.243 10 INFO neutron.wsgi [req-828c22ec-4146-46c8-9435-cd0203846e39 req-8b9c8124-c491-4dbb-9033-4068719ee606 cd9b9ee205c84cddbe4d7c10fe1a120b dfcca62c60f942559238de17f9258104 - - 69172da1aae54a58bc71ea00e04f72f7 69172da1aae54a58bc71ea00e04f72f7] 10.0.0.24 "GET /v2.0/extensions HTTP/1.1" status: 200 len: 18683 time: 0.0528302
2026-07-15 06:04:42.244 9 WARNING neutron.scheduler.dhcp_agent_scheduler [None req-8efd4556-1c26-4c45-9513-b86ea29253d1 4239e68166ed4136927cb286b7fb9c8a 4df009eeb35b4bdeb722721d47d8db55 - - default default] No more DHCP agents
2026-07-15 06:04:42.246 9 WARNING neutron.api.rpc.agentnotifiers.dhcp_rpc_agent_api [None req-8efd4556-1c26-4c45-9513-b86ea29253d1 4239e68166ed4136927cb286b7fb9c8a 4df009eeb35b4bdeb722721d47d8db55 - - default default] Unable to schedule network 49a2afb2-e389-4b4f-bb8a-78e34ded979a: no agents available; will retry on subsequent port and subnet creation events.
2026-07-15 06:04:42.359 10 INFO neutron.wsgi [req-828c22ec-4146-46c8-9435-cd0203846e39 req-414bff14-f48f-4358-8cba-340b7bd2a33b cd9b9ee205c84cddbe4d7c10fe1a120b dfcca62c60f942559238de17f9258104 - - 69172da1aae54a58bc71ea00e04f72f7 69172da1aae54a58bc71ea00e04f72f7] 10.0.0.24 "GET /v2.0/networks/88420403-3a67-41e2-8511-124cf8506b72?fields=segments HTTP/1.1" status: 200 len: 212 time: 0.1082845
2026-07-15 06:04:42.376 10 INFO neutron.db.ovn_revision_numbers_db [None req-d90ae858-aa8d-4b21-9d44-4f81669ce97e - - - - - -] Successfully bumped revision number for resource b9a06685-2ffa-4bec-9869-3c84646925d7 (type: router_ports) to 2
2026-07-15 06:04:42.481 10 INFO neutron.wsgi [req-828c22ec-4146-46c8-9435-cd0203846e39 req-ba9b6e51-70db-4be6-bee0-db949b149c0b cd9b9ee205c84cddbe4d7c10fe1a120b dfcca62c60f942559238de17f9258104 - - 69172da1aae54a58bc71ea00e04f72f7 69172da1aae54a58bc71ea00e04f72f7] 10.0.0.24 "GET /v2.0/networks/88420403-3a67-41e2-8511-124cf8506b72?fields=provider%3Aphysical_network&fields=provider%3Anetwork_type HTTP/1.1" status: 200 len: 277 time: 0.1125839
2026-07-15 06:04:42.484 10 INFO neutron.wsgi [None req-e8c0844e-e3b9-4954-900c-d0be8a8f2f85 d48ac70a7bc0402e8cd09d60772c7493 a0eba1a1e9544e3faba703f1681334e7 - - default default] 10.0.0.208 "POST /v2.0/floatingips HTTP/1.1" status: 201 len: 751 time: 1.2790990
2026-07-15 06:04:42.688 10 INFO neutron.wsgi [req-682ef4a1-2ab0-4060-be5b-8da703a528aa req-ece024be-d1a2-4a75-93c3-7e41572cef2f 4531c4ec110e4eeeb655c1dcb8b0121b 4e982297489f47159608aa483e423d5f - - default default] 10.0.0.24 "GET /v2.0/ports?device_id=974b024b-ab4b-4fd5-ad84-c4ff45928630 HTTP/1.1" status: 200 len: 210 time: 0.0319467
2026-07-15 06:04:42.897 9 INFO neutron.wsgi [None req-4bca7ef6-4c95-49ab-b4c5-2694409bdb8b 4239e68166ed4136927cb286b7fb9c8a 4df009eeb35b4bdeb722721d47d8db55 - - default default] 10.0.0.208 "PUT /v2.0/routers/d6f06c1b-deb6-48d0-9210-dfa02f23e19d/remove_router_interface HTTP/1.1" status: 200 len: 503 time: 3.5639143 /var/lib/openstack/lib/python3.10/site-packages/pycadf/identifier.py:71: UserWarning: Invalid uuid: neutron. To ensure interoperability, identifiers should be a valid uuid. warnings.warn(('Invalid uuid: %s. To ensure interoperability, '
2026-07-15 06:04:42.927 10 INFO neutron.wsgi [req-343fc65f-7fb8-4bf6-a705-c5c9211ddc97 req-255a6569-f855-4a95-af2e-9dc05f94f658 d48ac70a7bc0402e8cd09d60772c7493 a0eba1a1e9544e3faba703f1681334e7 - - default default] 10.0.0.24 "GET /v2.0/security-groups?name=tempest-securitygroup--1571820201&fields=id&tenant_id=a0eba1a1e9544e3faba703f1681334e7 HTTP/1.1" status: 200 len: 267 time: 0.0444067
2026-07-15 06:04:43.001 10 INFO neutron.wsgi [req-343fc65f-7fb8-4bf6-a705-c5c9211ddc97 req-ffd174b0-4b75-4072-9a0f-75c890078bd2 d48ac70a7bc0402e8cd09d60772c7493 a0eba1a1e9544e3faba703f1681334e7 - - default default] 10.0.0.24 "GET /v2.0/networks?id=366771f7-865e-4087-8412-1ff7f8954879 HTTP/1.1" status: 200 len: 882 time: 0.0666296
2026-07-15 06:04:43.025 10 INFO neutron.wsgi [req-343fc65f-7fb8-4bf6-a705-c5c9211ddc97 req-9052c88c-d4e5-410c-8056-62fc340c7364 d48ac70a7bc0402e8cd09d60772c7493 a0eba1a1e9544e3faba703f1681334e7 - - default default] 10.0.0.24 "GET /v2.0/quotas/a0eba1a1e9544e3faba703f1681334e7 HTTP/1.1" status: 200 len: 491 time: 0.0150588
