2026-07-15 06:08:41.318 10 INFO neutron.wsgi [None req-8388616b-0b85-466e-89fa-1d0f3b2be82e 4239e68166ed4136927cb286b7fb9c8a 4df009eeb35b4bdeb722721d47d8db55 - - default default] 10.0.0.161 "GET /v2.0/extensions/project-id HTTP/1.1" status: 200 len: 403 time: 0.0087471
2026-07-15 06:08:41.352 9 INFO neutron.db.ovn_revision_numbers_db [None req-7cab90ed-859d-4429-909f-ef29e529f3bb fb17b9c614ff4e0085225235e9b5f5ae 9ba623521dbd4b5b8cf7710e247aceef - - default default] Successfully bumped revision number for resource 4b445907-ddd6-4fc4-a84f-306a04eadee0 (type: ports) to 2
2026-07-15 06:08:41.393 9 INFO neutron.db.ovn_revision_numbers_db [None req-7cab90ed-859d-4429-909f-ef29e529f3bb fb17b9c614ff4e0085225235e9b5f5ae 9ba623521dbd4b5b8cf7710e247aceef - - default default] Successfully bumped revision number for resource 3219dca1-bc27-436b-a8fe-69fe4ca0e4b6 (type: subnets) to 0
2026-07-15 06:08:41.413 9 INFO neutron.wsgi [None req-7cab90ed-859d-4429-909f-ef29e529f3bb fb17b9c614ff4e0085225235e9b5f5ae 9ba623521dbd4b5b8cf7710e247aceef - - default default] 10.0.0.208 "POST /v2.0/subnets HTTP/1.1" status: 201 len: 801 time: 0.8421879
2026-07-15 06:08:41.425 9 WARNING neutron_lib.context [None req-c00bca49-539c-49ab-9ae5-c0e2a99443b7 fb17b9c614ff4e0085225235e9b5f5ae 9ba623521dbd4b5b8cf7710e247aceef - - default default] Method 'is_advsvc' is deprecated since 2023.2 release (neutron-lib 3.8.0) and will be removed once support for the old RBAC API policies will be removed from Neutron. Please use method 'is_service_role' instead.
2026-07-15 06:08:41.513 9 INFO neutron.db.segments_db [None req-c00bca49-539c-49ab-9ae5-c0e2a99443b7 fb17b9c614ff4e0085225235e9b5f5ae 9ba623521dbd4b5b8cf7710e247aceef - - default default] Added segment 9634e84d-eade-4900-9fd7-532edd9e6e71 of type geneve for network b3283a8b-0cc3-460d-828f-9e89c170a323
2026-07-15 06:08:41.679 9 INFO neutron.db.ovn_revision_numbers_db [None req-c00bca49-539c-49ab-9ae5-c0e2a99443b7 fb17b9c614ff4e0085225235e9b5f5ae 9ba623521dbd4b5b8cf7710e247aceef - - default default] Successfully bumped revision number for resource b3283a8b-0cc3-460d-828f-9e89c170a323 (type: networks) to 1
2026-07-15 06:08:41.711 10 WARNING neutron.scheduler.dhcp_agent_scheduler [None req-e43cc382-14de-4595-84fe-eda85d17c6b0 4239e68166ed4136927cb286b7fb9c8a 4df009eeb35b4bdeb722721d47d8db55 - - default default] No more DHCP agents
2026-07-15 06:08:41.713 10 WARNING neutron.api.rpc.agentnotifiers.dhcp_rpc_agent_api [None req-e43cc382-14de-4595-84fe-eda85d17c6b0 4239e68166ed4136927cb286b7fb9c8a 4df009eeb35b4bdeb722721d47d8db55 - - default default] Unable to schedule network 41f1327b-41df-420c-b256-3c656a0fc32d: no agents available; will retry on subsequent port and subnet creation events.
2026-07-15 06:08:41.884 9 WARNING neutron.scheduler.dhcp_agent_scheduler [None req-c00bca49-539c-49ab-9ae5-c0e2a99443b7 fb17b9c614ff4e0085225235e9b5f5ae 9ba623521dbd4b5b8cf7710e247aceef - - default default] No more DHCP agents
2026-07-15 06:08:41.886 9 WARNING neutron.api.rpc.agentnotifiers.dhcp_rpc_agent_api [None req-c00bca49-539c-49ab-9ae5-c0e2a99443b7 fb17b9c614ff4e0085225235e9b5f5ae 9ba623521dbd4b5b8cf7710e247aceef - - default default] Unable to schedule network b3283a8b-0cc3-460d-828f-9e89c170a323: no agents available; will retry on subsequent port and subnet creation events.
2026-07-15 06:08:41.894 10 INFO neutron.db.ovn_revision_numbers_db [None req-e43cc382-14de-4595-84fe-eda85d17c6b0 4239e68166ed4136927cb286b7fb9c8a 4df009eeb35b4bdeb722721d47d8db55 - - default default] Successfully bumped revision number for resource 5b621f91-b98b-4534-b266-6ad60ec814cf (type: ports) to 1
2026-07-15 06:08:41.917 10 INFO neutron.wsgi [None req-e43cc382-14de-4595-84fe-eda85d17c6b0 4239e68166ed4136927cb286b7fb9c8a 4df009eeb35b4bdeb722721d47d8db55 - - default default] 10.0.0.161 "POST /v2.0/ports HTTP/1.1" status: 201 len: 1337 time: 0.5881100
2026-07-15 06:08:41.982 9 INFO neutron.db.ovn_revision_numbers_db [None req-c00bca49-539c-49ab-9ae5-c0e2a99443b7 fb17b9c614ff4e0085225235e9b5f5ae 9ba623521dbd4b5b8cf7710e247aceef - - default default] Successfully bumped revision number for resource 7c5c70b1-533d-47be-9d02-2f5943f06a5c (type: ports) to 1
2026-07-15 06:08:42.006 9 INFO neutron.wsgi [None req-c00bca49-539c-49ab-9ae5-c0e2a99443b7 fb17b9c614ff4e0085225235e9b5f5ae 9ba623521dbd4b5b8cf7710e247aceef - - default default] 10.0.0.208 "POST /v2.0/networks HTTP/1.1" status: 201 len: 830 time: 0.5866370
2026-07-15 06:08:42.015 9 WARNING neutron_lib.context [None req-5bb09084-4b4b-4552-b8a7-925214bf60df fb17b9c614ff4e0085225235e9b5f5ae 9ba623521dbd4b5b8cf7710e247aceef - - default default] Method 'is_advsvc' is deprecated since 2023.2 release (neutron-lib 3.8.0) and will be removed once support for the old RBAC API policies will be removed from Neutron. Please use method 'is_service_role' instead.
2026-07-15 06:08:42.253 9 WARNING neutron.scheduler.dhcp_agent_scheduler [None req-5bb09084-4b4b-4552-b8a7-925214bf60df fb17b9c614ff4e0085225235e9b5f5ae 9ba623521dbd4b5b8cf7710e247aceef - - default default] No more DHCP agents
2026-07-15 06:08:42.256 9 WARNING neutron.api.rpc.agentnotifiers.dhcp_rpc_agent_api [None req-5bb09084-4b4b-4552-b8a7-925214bf60df fb17b9c614ff4e0085225235e9b5f5ae 9ba623521dbd4b5b8cf7710e247aceef - - default default] Unable to schedule network b3283a8b-0cc3-460d-828f-9e89c170a323: no agents available; will retry on subsequent port and subnet creation events.
2026-07-15 06:08:42.887 9 INFO neutron.db.ovn_revision_numbers_db [None req-5bb09084-4b4b-4552-b8a7-925214bf60df fb17b9c614ff4e0085225235e9b5f5ae 9ba623521dbd4b5b8cf7710e247aceef - - default default] Successfully bumped revision number for resource 7c5c70b1-533d-47be-9d02-2f5943f06a5c (type: ports) to 2
2026-07-15 06:08:42.928 9 INFO neutron.db.ovn_revision_numbers_db [None req-5bb09084-4b4b-4552-b8a7-925214bf60df fb17b9c614ff4e0085225235e9b5f5ae 9ba623521dbd4b5b8cf7710e247aceef - - default default] Successfully bumped revision number for resource f1ecab8d-bdad-456d-8bc3-6776079691b5 (type: subnets) to 0
2026-07-15 06:08:42.945 9 INFO neutron.wsgi [None req-5bb09084-4b4b-4552-b8a7-925214bf60df fb17b9c614ff4e0085225235e9b5f5ae 9ba623521dbd4b5b8cf7710e247aceef - - default default] 10.0.0.208 "POST /v2.0/subnets HTTP/1.1" status: 201 len: 804 time: 0.9349349
2026-07-15 06:08:42.956 9 WARNING neutron_lib.context [None req-aba373b0-1faa-4a99-a397-949b456a5962 fb17b9c614ff4e0085225235e9b5f5ae 9ba623521dbd4b5b8cf7710e247aceef - - default default] Method 'is_advsvc' is deprecated since 2023.2 release (neutron-lib 3.8.0) and will be removed once support for the old RBAC API policies will be removed from Neutron. Please use method 'is_service_role' instead.
2026-07-15 06:08:43.070 9 INFO neutron.db.segments_db [None req-aba373b0-1faa-4a99-a397-949b456a5962 fb17b9c614ff4e0085225235e9b5f5ae 9ba623521dbd4b5b8cf7710e247aceef - - default default] Added segment 78526547-361d-4ce3-9c29-6e2592fbb397 of type geneve for network a30e4482-2f8d-4cd4-9fa6-08db6f81ce99
2026-07-15 06:08:43.336 9 INFO neutron.db.ovn_revision_numbers_db [None req-aba373b0-1faa-4a99-a397-949b456a5962 fb17b9c614ff4e0085225235e9b5f5ae 9ba623521dbd4b5b8cf7710e247aceef - - default default] Successfully bumped revision number for resource a30e4482-2f8d-4cd4-9fa6-08db6f81ce99 (type: networks) to 1
2026-07-15 06:08:43.609 9 WARNING neutron.scheduler.dhcp_agent_scheduler [None req-aba373b0-1faa-4a99-a397-949b456a5962 fb17b9c614ff4e0085225235e9b5f5ae 9ba623521dbd4b5b8cf7710e247aceef - - default default] No more DHCP agents
2026-07-15 06:08:43.611 9 WARNING neutron.api.rpc.agentnotifiers.dhcp_rpc_agent_api [None req-aba373b0-1faa-4a99-a397-949b456a5962 fb17b9c614ff4e0085225235e9b5f5ae 9ba623521dbd4b5b8cf7710e247aceef - - default default] Unable to schedule network a30e4482-2f8d-4cd4-9fa6-08db6f81ce99: no agents available; will retry on subsequent port and subnet creation events.
2026-07-15 06:08:43.704 9 INFO neutron.db.ovn_revision_numbers_db [None req-aba373b0-1faa-4a99-a397-949b456a5962 fb17b9c614ff4e0085225235e9b5f5ae 9ba623521dbd4b5b8cf7710e247aceef - - default default] Successfully bumped revision number for resource 8d33da37-828c-4b1b-8dd2-319f215547ac (type: ports) to 1
2026-07-15 06:08:43.729 9 INFO neutron.wsgi [None req-aba373b0-1faa-4a99-a397-949b456a5962 fb17b9c614ff4e0085225235e9b5f5ae 9ba623521dbd4b5b8cf7710e247aceef - - default default] 10.0.0.208 "POST /v2.0/networks HTTP/1.1" status: 201 len: 831 time: 0.7784982
2026-07-15 06:08:43.742 9 WARNING neutron_lib.context [None req-5d6411e6-ff39-4625-af5f-2d40be467268 fb17b9c614ff4e0085225235e9b5f5ae 9ba623521dbd4b5b8cf7710e247aceef - - default default] Method 'is_advsvc' is deprecated since 2023.2 release (neutron-lib 3.8.0) and will be removed once support for the old RBAC API policies will be removed from Neutron. Please use method 'is_service_role' instead.
2026-07-15 06:08:43.996 9 WARNING neutron.scheduler.dhcp_agent_scheduler [None req-5d6411e6-ff39-4625-af5f-2d40be467268 fb17b9c614ff4e0085225235e9b5f5ae 9ba623521dbd4b5b8cf7710e247aceef - - default default] No more DHCP agents
2026-07-15 06:08:44.003 9 WARNING neutron.api.rpc.agentnotifiers.dhcp_rpc_agent_api [None req-5d6411e6-ff39-4625-af5f-2d40be467268 fb17b9c614ff4e0085225235e9b5f5ae 9ba623521dbd4b5b8cf7710e247aceef - - default default] Unable to schedule network a30e4482-2f8d-4cd4-9fa6-08db6f81ce99: no agents available; will retry on subsequent port and subnet creation events. /var/lib/openstack/lib/python3.10/site-packages/pycadf/identifier.py:71: UserWarning: Invalid uuid: neutron. To ensure interoperability, identifiers should be a valid uuid. warnings.warn(('Invalid uuid: %s. To ensure interoperability, '
2026-07-15 06:08:44.095 10 WARNING neutron_lib.context [None req-cb51dd34-0806-464d-b98c-318c4656ee2f 2c91c5041dc241fcb529c21586823bce 37f7553a438b4a0281a923bff4fb632d - - default default] Method 'is_advsvc' is deprecated since 2023.2 release (neutron-lib 3.8.0) and will be removed once support for the old RBAC API policies will be removed from Neutron. Please use method 'is_service_role' instead.
2026-07-15 06:08:44.234 10 INFO neutron.db.ovn_revision_numbers_db [None req-cb51dd34-0806-464d-b98c-318c4656ee2f 2c91c5041dc241fcb529c21586823bce 37f7553a438b4a0281a923bff4fb632d - - default default] Successfully bumped revision number for resource df73eccf-6c68-4b20-8730-e6962a5099c6 (type: security_groups) to 1
2026-07-15 06:08:44.248 10 INFO neutron.db.ovn_revision_numbers_db [None req-cb51dd34-0806-464d-b98c-318c4656ee2f 2c91c5041dc241fcb529c21586823bce 37f7553a438b4a0281a923bff4fb632d - - default default] Successfully bumped revision number for resource 161417a0-f32a-4afc-8765-b0fb9d2a6779 (type: security_group_rules) to 0
2026-07-15 06:08:44.264 10 INFO neutron.db.ovn_revision_numbers_db [None req-cb51dd34-0806-464d-b98c-318c4656ee2f 2c91c5041dc241fcb529c21586823bce 37f7553a438b4a0281a923bff4fb632d - - default default] Successfully bumped revision number for resource 38462aa3-e19f-4cc5-b68b-fbe134d705a9 (type: security_group_rules) to 0
2026-07-15 06:08:44.282 10 INFO neutron.db.ovn_revision_numbers_db [None req-cb51dd34-0806-464d-b98c-318c4656ee2f 2c91c5041dc241fcb529c21586823bce 37f7553a438b4a0281a923bff4fb632d - - default default] Successfully bumped revision number for resource e09904ee-9e91-4fe3-9116-b0012e6fff17 (type: security_group_rules) to 0
2026-07-15 06:08:44.298 10 INFO neutron.db.ovn_revision_numbers_db [None req-cb51dd34-0806-464d-b98c-318c4656ee2f 2c91c5041dc241fcb529c21586823bce 37f7553a438b4a0281a923bff4fb632d - - default default] Successfully bumped revision number for resource ea9fb7fc-7c58-4303-801a-f99c43430d58 (type: security_group_rules) to 0
2026-07-15 06:08:44.364 10 INFO neutron.db.segments_db [None req-cb51dd34-0806-464d-b98c-318c4656ee2f 2c91c5041dc241fcb529c21586823bce 37f7553a438b4a0281a923bff4fb632d - - default default] Added segment 49626c86-c0d4-48b3-9cf0-c51f57cca145 of type geneve for network 74cf998c-e987-4133-b3ad-646cae63b187
2026-07-15 06:08:44.411 9 INFO neutron.wsgi [None req-b8ee0c04-a214-44e6-ac14-de8891801d01 4239e68166ed4136927cb286b7fb9c8a 4df009eeb35b4bdeb722721d47d8db55 - - default default] 199.204.45.210 "GET /v2.0/extensions/security-group HTTP/1.1" status: 200 len: 369 time: 0.1690021
2026-07-15 06:08:44.422 9 INFO neutron.wsgi [None req-49f8a71f-a4a1-4412-b27b-9e9ecc08dd5e 4239e68166ed4136927cb286b7fb9c8a 4df009eeb35b4bdeb722721d47d8db55 - - default default] 199.204.45.210 "GET /v2.0/extensions/dns-integration HTTP/1.1" status: 200 len: 371 time: 0.0048151
2026-07-15 06:08:44.438 9 INFO neutron.wsgi [None req-3de3b03e-ac11-4321-8e15-a5ced8ecca6e 4239e68166ed4136927cb286b7fb9c8a 4df009eeb35b4bdeb722721d47d8db55 - - default default] 199.204.45.210 "GET /v2.0/extensions/qos HTTP/1.1" status: 200 len: 365 time: 0.0048296
2026-07-15 06:08:44.447 9 INFO neutron.wsgi [None req-a4cc8d6e-c9e0-4075-83a8-c1195f681e5a 4239e68166ed4136927cb286b7fb9c8a 4df009eeb35b4bdeb722721d47d8db55 - - default default] 199.204.45.210 "GET /v2.0/extensions/allowed-address-pairs HTTP/1.1" status: 200 len: 383 time: 0.0035231
2026-07-15 06:08:44.497 9 INFO neutron.wsgi [None req-85e7de8d-5601-4f26-9db1-a8c2923f982c 4239e68166ed4136927cb286b7fb9c8a 4df009eeb35b4bdeb722721d47d8db55 - - default default] 199.204.45.210 "GET /v2.0/ports/5b621f91-b98b-4534-b266-6ad60ec814cf HTTP/1.1" status: 200 len: 1332 time: 0.0440481
2026-07-15 06:08:44.521 10 INFO neutron.db.ovn_revision_numbers_db [None req-cb51dd34-0806-464d-b98c-318c4656ee2f 2c91c5041dc241fcb529c21586823bce 37f7553a438b4a0281a923bff4fb632d - - default default] Successfully bumped revision number for resource 74cf998c-e987-4133-b3ad-646cae63b187 (type: networks) to 1
2026-07-15 06:08:44.583 9 INFO neutron.db.ovn_revision_numbers_db [None req-5d6411e6-ff39-4625-af5f-2d40be467268 fb17b9c614ff4e0085225235e9b5f5ae 9ba623521dbd4b5b8cf7710e247aceef - - default default] Successfully bumped revision number for resource 8d33da37-828c-4b1b-8dd2-319f215547ac (type: ports) to 2
2026-07-15 06:08:44.634 9 INFO neutron.db.ovn_revision_numbers_db [None req-5d6411e6-ff39-4625-af5f-2d40be467268 fb17b9c614ff4e0085225235e9b5f5ae 9ba623521dbd4b5b8cf7710e247aceef - - default default] Successfully bumped revision number for resource daf318a1-6429-4905-b875-a817d1c46707 (type: subnets) to 0
2026-07-15 06:08:44.657 9 INFO neutron.wsgi [None req-5d6411e6-ff39-4625-af5f-2d40be467268 fb17b9c614ff4e0085225235e9b5f5ae 9ba623521dbd4b5b8cf7710e247aceef - - default default] 10.0.0.208 "POST /v2.0/subnets HTTP/1.1" status: 201 len: 804 time: 0.9225972
2026-07-15 06:08:44.669 9 WARNING neutron_lib.context [None req-b4a871f6-1242-4978-9933-9fedf029bdbb fb17b9c614ff4e0085225235e9b5f5ae 9ba623521dbd4b5b8cf7710e247aceef - - default default] Method 'is_advsvc' is deprecated since 2023.2 release (neutron-lib 3.8.0) and will be removed once support for the old RBAC API policies will be removed from Neutron. Please use method 'is_service_role' instead.
2026-07-15 06:08:44.735 9 INFO neutron.wsgi [None req-e42a8b02-3c09-4b1a-9b27-5f35a4aa3bd2 4239e68166ed4136927cb286b7fb9c8a 4df009eeb35b4bdeb722721d47d8db55 - - default default] 199.204.45.210 "GET /v2.0/extensions/security-group HTTP/1.1" status: 200 len: 369 time: 0.0070598
2026-07-15 06:08:44.745 9 INFO neutron.wsgi [None req-8b924831-70fd-4165-a2aa-78ca55f26d63 4239e68166ed4136927cb286b7fb9c8a 4df009eeb35b4bdeb722721d47d8db55 - - default default] 199.204.45.210 "GET /v2.0/extensions/dns-integration HTTP/1.1" status: 200 len: 371 time: 0.0042403
2026-07-15 06:08:44.754 9 INFO neutron.wsgi [None req-509217fc-4a16-4f54-b378-8650dec26f1c 4239e68166ed4136927cb286b7fb9c8a 4df009eeb35b4bdeb722721d47d8db55 - - default default] 199.204.45.210 "GET /v2.0/extensions/qos HTTP/1.1" status: 200 len: 365 time: 0.0045762
2026-07-15 06:08:44.762 9 INFO neutron.wsgi [None req-f3623630-ebc8-4088-a2d4-a644a21da481 4239e68166ed4136927cb286b7fb9c8a 4df009eeb35b4bdeb722721d47d8db55 - - default default] 199.204.45.210 "GET /v2.0/extensions/allowed-address-pairs HTTP/1.1" status: 200 len: 383 time: 0.0043342
2026-07-15 06:08:44.775 9 INFO neutron.db.segments_db [None req-b4a871f6-1242-4978-9933-9fedf029bdbb fb17b9c614ff4e0085225235e9b5f5ae 9ba623521dbd4b5b8cf7710e247aceef - - default default] Added segment 1e5420fc-3d14-433c-95af-d4a38318004b of type geneve for network bf474355-0019-4abb-957c-61b9ec32f093
2026-07-15 06:08:44.779 9 INFO neutron.api.v2.resource [None req-f8e66043-7adb-47bb-a956-4b86505f34b4 4239e68166ed4136927cb286b7fb9c8a 4df009eeb35b4bdeb722721d47d8db55 - - default default] show failed (client error): The resource could not be found.
2026-07-15 06:08:44.780 9 INFO neutron.wsgi [None req-f8e66043-7adb-47bb-a956-4b86505f34b4 4239e68166ed4136927cb286b7fb9c8a 4df009eeb35b4bdeb722721d47d8db55 - - default default] 199.204.45.210 "GET /v2.0/security-groups/lb-88a2fc9c-a74f-4b74-95c2-6b02c8cf6bd0 HTTP/1.1" status: 404 len: 355 time: 0.0116122
2026-07-15 06:08:44.846 9 INFO neutron.wsgi [None req-925f36fc-42d9-4d59-ab9c-8296bc12ba13 4239e68166ed4136927cb286b7fb9c8a 4df009eeb35b4bdeb722721d47d8db55 - - default default] 199.204.45.210 "GET /v2.0/security-groups?name=lb-88a2fc9c-a74f-4b74-95c2-6b02c8cf6bd0 HTTP/1.1" status: 200 len: 221 time: 0.0570920
2026-07-15 06:08:44.953 9 INFO neutron.db.ovn_revision_numbers_db [None req-b4a871f6-1242-4978-9933-9fedf029bdbb fb17b9c614ff4e0085225235e9b5f5ae 9ba623521dbd4b5b8cf7710e247aceef - - default default] Successfully bumped revision number for resource bf474355-0019-4abb-957c-61b9ec32f093 (type: networks) to 1
2026-07-15 06:08:44.979 10 WARNING neutron.scheduler.dhcp_agent_scheduler [None req-cb51dd34-0806-464d-b98c-318c4656ee2f 2c91c5041dc241fcb529c21586823bce 37f7553a438b4a0281a923bff4fb632d - - default default] No more DHCP agents
2026-07-15 06:08:44.981 10 WARNING neutron.api.rpc.agentnotifiers.dhcp_rpc_agent_api [None req-cb51dd34-0806-464d-b98c-318c4656ee2f 2c91c5041dc241fcb529c21586823bce 37f7553a438b4a0281a923bff4fb632d - - default default] Unable to schedule network 74cf998c-e987-4133-b3ad-646cae63b187: no agents available; will retry on subsequent port and subnet creation events.
2026-07-15 06:08:45.024 9 INFO neutron.db.ovn_revision_numbers_db [None req-6fa3c818-5803-420f-a384-a6b24bc227aa 4239e68166ed4136927cb286b7fb9c8a 4df009eeb35b4bdeb722721d47d8db55 - - default default] Successfully bumped revision number for resource 5e963d36-647d-401a-9ea9-4b1aabf8b8ad (type: security_groups) to 1
2026-07-15 06:08:45.048 9 INFO neutron.db.ovn_revision_numbers_db [None req-6fa3c818-5803-420f-a384-a6b24bc227aa 4239e68166ed4136927cb286b7fb9c8a 4df009eeb35b4bdeb722721d47d8db55 - - default default] Successfully bumped revision number for resource b67d0fa2-7c3f-4b60-9e26-2639c301eaa7 (type: security_group_rules) to 0
2026-07-15 06:08:45.065 10 INFO neutron.db.ovn_revision_numbers_db [None req-cb51dd34-0806-464d-b98c-318c4656ee2f 2c91c5041dc241fcb529c21586823bce 37f7553a438b4a0281a923bff4fb632d - - default default] Successfully bumped revision number for resource a6201046-68a7-4a30-8006-c798197db742 (type: ports) to 1
2026-07-15 06:08:45.070 9 INFO neutron.db.ovn_revision_numbers_db [None req-6fa3c818-5803-420f-a384-a6b24bc227aa 4239e68166ed4136927cb286b7fb9c8a 4df009eeb35b4bdeb722721d47d8db55 - - default default] Successfully bumped revision number for resource bf659b85-f9da-4cb7-8709-d76ee888262b (type: security_group_rules) to 0
2026-07-15 06:08:45.086 10 INFO neutron.wsgi [None req-cb51dd34-0806-464d-b98c-318c4656ee2f 2c91c5041dc241fcb529c21586823bce 37f7553a438b4a0281a923bff4fb632d - - default default] 10.0.0.208 "POST /v2.0/networks HTTP/1.1" status: 201 len: 830 time: 1.0981786
2026-07-15 06:08:45.092 9 INFO neutron.wsgi [None req-6fa3c818-5803-420f-a384-a6b24bc227aa 4239e68166ed4136927cb286b7fb9c8a 4df009eeb35b4bdeb722721d47d8db55 - - default default] 199.204.45.210 "POST /v2.0/security-groups HTTP/1.1" status: 201 len: 1843 time: 0.2401748
2026-07-15 06:08:45.095 10 WARNING neutron_lib.context [None req-3c7b71cd-9da5-4046-b7f9-d610b6682a08 2c91c5041dc241fcb529c21586823bce 37f7553a438b4a0281a923bff4fb632d - - default default] Method 'is_advsvc' is deprecated since 2023.2 release (neutron-lib 3.8.0) and will be removed once support for the old RBAC API policies will be removed from Neutron. Please use method 'is_service_role' instead.
2026-07-15 06:08:45.158 9 INFO neutron.wsgi [None req-c29520cd-6ac3-461a-a229-df2482af844a 4239e68166ed4136927cb286b7fb9c8a 4df009eeb35b4bdeb722721d47d8db55 - - default default] 199.204.45.210 "GET /v2.0/security-group-rules?security_group_id=5e963d36-647d-401a-9ea9-4b1aabf8b8ad HTTP/1.1" status: 200 len: 1382 time: 0.0591309
2026-07-15 06:08:45.189 9 WARNING neutron.scheduler.dhcp_agent_scheduler [None req-b4a871f6-1242-4978-9933-9fedf029bdbb fb17b9c614ff4e0085225235e9b5f5ae 9ba623521dbd4b5b8cf7710e247aceef - - default default] No more DHCP agents
2026-07-15 06:08:45.195 9 WARNING neutron.api.rpc.agentnotifiers.dhcp_rpc_agent_api [None req-b4a871f6-1242-4978-9933-9fedf029bdbb fb17b9c614ff4e0085225235e9b5f5ae 9ba623521dbd4b5b8cf7710e247aceef - - default default] Unable to schedule network bf474355-0019-4abb-957c-61b9ec32f093: no agents available; will retry on subsequent port and subnet creation events.
2026-07-15 06:08:45.211 10 INFO neutron.wsgi [req-24104116-ac37-46c8-9ad2-39443c658c9a req-0f0e273d-8108-4411-ae70-6c8ad8698fc9 cd9b9ee205c84cddbe4d7c10fe1a120b dfcca62c60f942559238de17f9258104 - - 69172da1aae54a58bc71ea00e04f72f7 69172da1aae54a58bc71ea00e04f72f7] 199.204.45.210 "GET /v2.0/ports?device_id=659d1471-e499-48c5-b4cb-36a31a4e016b&fields=binding%3Ahost_id&fields=binding%3Avif_type HTTP/1.1" status: 200 len: 265 time: 0.0517905
2026-07-15 06:08:45.286 10 INFO neutron.wsgi [None req-aa30e188-af44-4d62-a530-6159b8f38437 d54a83edf975419194b928e735630ebd 24c89d3fe073419ea0e7a12966cb8141 - - default default] 10.0.0.208 "POST /v2.0/qos/policies HTTP/1.1" status: 201 len: 558 time: 0.1875792
2026-07-15 06:08:45.329 9 INFO neutron.db.ovn_revision_numbers_db [None req-b4a871f6-1242-4978-9933-9fedf029bdbb fb17b9c614ff4e0085225235e9b5f5ae 9ba623521dbd4b5b8cf7710e247aceef - - default default] Successfully bumped revision number for resource 93e49ad0-2a96-41c2-af10-7cd4c7eb26e1 (type: ports) to 1
2026-07-15 06:08:45.334 10 INFO neutron.wsgi [req-24104116-ac37-46c8-9ad2-39443c658c9a req-0c59caa0-6cdf-4aea-b05c-a3b7bdcff370 cd9b9ee205c84cddbe4d7c10fe1a120b dfcca62c60f942559238de17f9258104 - - 69172da1aae54a58bc71ea00e04f72f7 69172da1aae54a58bc71ea00e04f72f7] 199.204.45.210 "GET /v2.0/ports?tenant_id=9aeb65e06d2e4d678f2f7d56175684c7&device_id=659d1471-e499-48c5-b4cb-36a31a4e016b HTTP/1.1" status: 200 len: 1634 time: 0.0712612
2026-07-15 06:08:45.365 9 INFO neutron.wsgi [None req-6166c1c7-8987-4b96-b5f5-ee254e6e3641 d54a83edf975419194b928e735630ebd 24c89d3fe073419ea0e7a12966cb8141 - - default default] 10.0.0.208 "POST /v2.0/qos/policies HTTP/1.1" status: 201 len: 558 time: 0.0735815
2026-07-15 06:08:45.371 9 INFO neutron.wsgi [None req-b4a871f6-1242-4978-9933-9fedf029bdbb fb17b9c614ff4e0085225235e9b5f5ae 9ba623521dbd4b5b8cf7710e247aceef - - default default] 10.0.0.208 "POST /v2.0/networks HTTP/1.1" status: 201 len: 831 time: 0.7061467
2026-07-15 06:08:45.381 9 WARNING neutron_lib.context [None req-27a31644-9b79-4b88-9307-b4681eac2b54 fb17b9c614ff4e0085225235e9b5f5ae 9ba623521dbd4b5b8cf7710e247aceef - - default default] Method 'is_advsvc' is deprecated since 2023.2 release (neutron-lib 3.8.0) and will be removed once support for the old RBAC API policies will be removed from Neutron. Please use method 'is_service_role' instead.
2026-07-15 06:08:45.473 10 INFO neutron.wsgi [None req-a8e03f88-2c3b-4b28-a137-29f1ffa0ffef d54a83edf975419194b928e735630ebd 24c89d3fe073419ea0e7a12966cb8141 - - default default] 10.0.0.208 "POST /v2.0/qos/policies HTTP/1.1" status: 201 len: 558 time: 0.1010427
2026-07-15 06:08:45.477 10 WARNING neutron.scheduler.dhcp_agent_scheduler [None req-3c7b71cd-9da5-4046-b7f9-d610b6682a08 2c91c5041dc241fcb529c21586823bce 37f7553a438b4a0281a923bff4fb632d - - default default] No more DHCP agents
2026-07-15 06:08:45.481 10 INFO neutron.wsgi [req-24104116-ac37-46c8-9ad2-39443c658c9a req-ba9f837f-1bd7-4fcd-bf74-b2f424ebc511 cd9b9ee205c84cddbe4d7c10fe1a120b dfcca62c60f942559238de17f9258104 - - 69172da1aae54a58bc71ea00e04f72f7 69172da1aae54a58bc71ea00e04f72f7] 199.204.45.210 "GET /v2.0/networks?id=5094d5c9-1cc8-48be-b40d-e5ca711d4462 HTTP/1.1" status: 200 len: 1003 time: 0.1265843
2026-07-15 06:08:45.491 10 WARNING neutron.api.rpc.agentnotifiers.dhcp_rpc_agent_api [None req-3c7b71cd-9da5-4046-b7f9-d610b6682a08 2c91c5041dc241fcb529c21586823bce 37f7553a438b4a0281a923bff4fb632d - - default default] Unable to schedule network 74cf998c-e987-4133-b3ad-646cae63b187: no agents available; will retry on subsequent port and subnet creation events.
2026-07-15 06:08:45.572 10 INFO neutron.wsgi [req-24104116-ac37-46c8-9ad2-39443c658c9a req-7041db19-a6f5-4ade-aeca-33b2693cb29b cd9b9ee205c84cddbe4d7c10fe1a120b dfcca62c60f942559238de17f9258104 - - 69172da1aae54a58bc71ea00e04f72f7 69172da1aae54a58bc71ea00e04f72f7] 199.204.45.210 "GET /v2.0/floatingips?fixed_ip_address=10.2.1.45&port_id=d9f9005c-0a19-4b83-ab12-c3e527a07e06 HTTP/1.1" status: 200 len: 1058 time: 0.0780942
2026-07-15 06:08:45.577 10 INFO neutron.wsgi [None req-02b210c2-2a14-4125-a6d9-ab8e22594baa d54a83edf975419194b928e735630ebd 24c89d3fe073419ea0e7a12966cb8141 - - default default] 10.0.0.208 "POST /v2.0/qos/policies HTTP/1.1" status: 201 len: 558 time: 0.0929821
2026-07-15 06:08:45.619 10 INFO neutron.wsgi [req-24104116-ac37-46c8-9ad2-39443c658c9a req-413c6bc0-a48e-40fc-8bf0-9465988dc066 cd9b9ee205c84cddbe4d7c10fe1a120b dfcca62c60f942559238de17f9258104 - - 69172da1aae54a58bc71ea00e04f72f7 69172da1aae54a58bc71ea00e04f72f7] 199.204.45.210 "GET /v2.0/floatingips?fixed_ip_address=fd7b%3Af9f7%3Afff%3A4eca%3A%3A14c&port_id=d9f9005c-0a19-4b83-ab12-c3e527a07e06 HTTP/1.1" status: 200 len: 217 time: 0.0384221
2026-07-15 06:08:45.674 10 INFO neutron.wsgi [None req-b2afad48-4ae1-4de3-b146-2e2a693fe81c d54a83edf975419194b928e735630ebd 24c89d3fe073419ea0e7a12966cb8141 - - default default] 10.0.0.208 "POST /v2.0/qos/policies HTTP/1.1" status: 201 len: 558 time: 0.0918303
2026-07-15 06:08:45.679 10 INFO neutron.wsgi [req-24104116-ac37-46c8-9ad2-39443c658c9a req-94187725-2a3a-47b3-ba17-b2507a0dfaa7 cd9b9ee205c84cddbe4d7c10fe1a120b dfcca62c60f942559238de17f9258104 - - 69172da1aae54a58bc71ea00e04f72f7 69172da1aae54a58bc71ea00e04f72f7] 199.204.45.210 "GET /v2.0/subnets?id=43613ac6-1ca5-4985-a64a-a079f7190bfe&id=d5f05896-a084-4ce7-89e4-17c6ddcaecbf HTTP/1.1" status: 200 len: 1562 time: 0.0524869
2026-07-15 06:08:45.721 10 INFO neutron.wsgi [req-24104116-ac37-46c8-9ad2-39443c658c9a req-17fc1c45-5d0a-42d3-a093-904dc2cc7600 cd9b9ee205c84cddbe4d7c10fe1a120b dfcca62c60f942559238de17f9258104 - - 69172da1aae54a58bc71ea00e04f72f7 69172da1aae54a58bc71ea00e04f72f7] 199.204.45.210 "GET /v2.0/ports?network_id=5094d5c9-1cc8-48be-b40d-e5ca711d4462&device_owner=network%3Adhcp HTTP/1.1" status: 200 len: 210 time: 0.0306189
2026-07-15 06:08:45.732 9 WARNING neutron.scheduler.dhcp_agent_scheduler [None req-27a31644-9b79-4b88-9307-b4681eac2b54 fb17b9c614ff4e0085225235e9b5f5ae 9ba623521dbd4b5b8cf7710e247aceef - - default default] No more DHCP agents
2026-07-15 06:08:45.738 9 WARNING neutron.api.rpc.agentnotifiers.dhcp_rpc_agent_api [None req-27a31644-9b79-4b88-9307-b4681eac2b54 fb17b9c614ff4e0085225235e9b5f5ae 9ba623521dbd4b5b8cf7710e247aceef - - default default] Unable to schedule network bf474355-0019-4abb-957c-61b9ec32f093: no agents available; will retry on subsequent port and subnet creation events.
2026-07-15 06:08:45.750 10 INFO neutron.wsgi [None req-9a3e396a-377d-4315-b54a-f17c185eccac d54a83edf975419194b928e735630ebd 24c89d3fe073419ea0e7a12966cb8141 - - default default] 10.0.0.208 "PUT /v2.0/policies/22f767d5-b9e5-49ac-9ccf-24936c9cf8bc/tags HTTP/1.1" status: 200 len: 210 time: 0.0692580
2026-07-15 06:08:45.768 10 INFO neutron.wsgi [req-24104116-ac37-46c8-9ad2-39443c658c9a req-56c4e815-4605-4bdc-85ea-0f92770ef723 cd9b9ee205c84cddbe4d7c10fe1a120b dfcca62c60f942559238de17f9258104 - - 69172da1aae54a58bc71ea00e04f72f7 69172da1aae54a58bc71ea00e04f72f7] 199.204.45.210 "GET /v2.0/ports?network_id=5094d5c9-1cc8-48be-b40d-e5ca711d4462&device_owner=network%3Adhcp HTTP/1.1" status: 200 len: 210 time: 0.0373881
2026-07-15 06:08:45.792 9 INFO neutron.db.ovn_revision_numbers_db [None req-b0d757ca-d5b8-4ad3-bd28-54fd18a9876f 4239e68166ed4136927cb286b7fb9c8a 4df009eeb35b4bdeb722721d47d8db55 - - default default] Successfully bumped revision number for resource 5b621f91-b98b-4534-b266-6ad60ec814cf (type: ports) to 2
2026-07-15 06:08:45.804 9 INFO neutron.wsgi [None req-b0d757ca-d5b8-4ad3-bd28-54fd18a9876f 4239e68166ed4136927cb286b7fb9c8a 4df009eeb35b4bdeb722721d47d8db55 - - default default] 199.204.45.210 "PUT /v2.0/ports/5b621f91-b98b-4534-b266-6ad60ec814cf HTTP/1.1" status: 200 len: 1332 time: 0.6361282
2026-07-15 06:08:45.825 10 INFO neutron.wsgi [None req-23018675-86f4-406e-ba84-45ab45acc61b d54a83edf975419194b928e735630ebd 24c89d3fe073419ea0e7a12966cb8141 - - default default] 10.0.0.208 "PUT /v2.0/policies/53313234-28d3-4828-a2ef-856dc30486d4/tags HTTP/1.1" status: 200 len: 218 time: 0.0655801 /var/lib/openstack/lib/python3.10/site-packages/pycadf/identifier.py:71: UserWarning: Invalid uuid: neutron. To ensure interoperability, identifiers should be a valid uuid. warnings.warn(('Invalid uuid: %s. To ensure interoperability, '
2026-07-15 06:08:45.879 9 INFO neutron.wsgi [None req-3acdc6e6-0569-406e-90a0-eb50f9e23900 4239e68166ed4136927cb286b7fb9c8a 4df009eeb35b4bdeb722721d47d8db55 - - default default] 199.204.45.210 "GET /v2.0/extensions/security-group HTTP/1.1" status: 200 len: 369 time: 0.0068312
2026-07-15 06:08:45.882 10 INFO neutron.wsgi [req-24104116-ac37-46c8-9ad2-39443c658c9a req-d8ecb052-979c-465d-9545-914996f66c94 cd9b9ee205c84cddbe4d7c10fe1a120b dfcca62c60f942559238de17f9258104 - - 69172da1aae54a58bc71ea00e04f72f7 69172da1aae54a58bc71ea00e04f72f7] 199.204.45.210 "GET /v2.0/networks/5094d5c9-1cc8-48be-b40d-e5ca711d4462?fields=segments HTTP/1.1" status: 200 len: 212 time: 0.1053908
2026-07-15 06:08:45.889 9 INFO neutron.wsgi [None req-666e709f-07ef-4c72-a01e-1f2052cd34d6 4239e68166ed4136927cb286b7fb9c8a 4df009eeb35b4bdeb722721d47d8db55 - - default default] 199.204.45.210 "GET /v2.0/extensions/dns-integration HTTP/1.1" status: 200 len: 371 time: 0.0036614
2026-07-15 06:08:45.897 9 INFO neutron.wsgi [None req-04be79c5-1040-42d7-bef5-3ff88ce5c1f7 4239e68166ed4136927cb286b7fb9c8a 4df009eeb35b4bdeb722721d47d8db55 - - default default] 199.204.45.210 "GET /v2.0/extensions/qos HTTP/1.1" status: 200 len: 365 time: 0.0033467
2026-07-15 06:08:45.900 10 INFO neutron.wsgi [None req-d79bae7a-214e-4e1a-9290-6f9670859e35 d54a83edf975419194b928e735630ebd 24c89d3fe073419ea0e7a12966cb8141 - - default default] 10.0.0.208 "PUT /v2.0/policies/a733c433-91a0-4dd7-9eec-b490b8802c27/tags HTTP/1.1" status: 200 len: 227 time: 0.0656104
2026-07-15 06:08:45.904 9 INFO neutron.wsgi [None req-c3e63260-b1c1-4b40-b43a-df58190e8f2a 4239e68166ed4136927cb286b7fb9c8a 4df009eeb35b4bdeb722721d47d8db55 - - default default] 199.204.45.210 "GET /v2.0/extensions/allowed-address-pairs HTTP/1.1" status: 200 len: 383 time: 0.0033734
2026-07-15 06:08:45.957 10 INFO neutron.wsgi [req-24104116-ac37-46c8-9ad2-39443c658c9a req-6231ca9a-3dfd-43f7-b85f-132de0355b1b cd9b9ee205c84cddbe4d7c10fe1a120b dfcca62c60f942559238de17f9258104 - - 69172da1aae54a58bc71ea00e04f72f7 69172da1aae54a58bc71ea00e04f72f7] 199.204.45.210 "GET /v2.0/networks/5094d5c9-1cc8-48be-b40d-e5ca711d4462?fields=provider%3Aphysical_network&fields=provider%3Anetwork_type HTTP/1.1" status: 200 len: 277 time: 0.0695441
2026-07-15 06:08:45.957 9 INFO neutron.wsgi [None req-5ab2a9ca-50c0-406c-b7ad-a8db9b357848 d54a83edf975419194b928e735630ebd 24c89d3fe073419ea0e7a12966cb8141 - - default default] 10.0.0.208 "PUT /v2.0/policies/d882ba59-e2a9-41b7-9f73-d95ac9ed24cd/tags HTTP/1.1" status: 200 len: 212 time: 0.0512800
2026-07-15 06:08:45.962 9 INFO neutron.wsgi [None req-7ed1b06a-c8ad-4038-85db-afe2117da7d1 4239e68166ed4136927cb286b7fb9c8a 4df009eeb35b4bdeb722721d47d8db55 - - default default] 199.204.45.210 "GET /v2.0/subnets/aa7caf5e-5f9f-45af-bd1b-e9614f5a832a HTTP/1.1" status: 200 len: 851 time: 0.0500834
2026-07-15 06:08:46.206 10 INFO neutron.db.ovn_revision_numbers_db [None req-3c7b71cd-9da5-4046-b7f9-d610b6682a08 2c91c5041dc241fcb529c21586823bce 37f7553a438b4a0281a923bff4fb632d - - default default] Successfully bumped revision number for resource a6201046-68a7-4a30-8006-c798197db742 (type: ports) to 2
2026-07-15 06:08:46.243 10 INFO neutron.db.ovn_revision_numbers_db [None req-3c7b71cd-9da5-4046-b7f9-d610b6682a08 2c91c5041dc241fcb529c21586823bce 37f7553a438b4a0281a923bff4fb632d - - default default] Successfully bumped revision number for resource 20e87821-380a-4c8c-9c10-def18a1f1e0a (type: subnets) to 0
2026-07-15 06:08:46.265 10 INFO neutron.wsgi [None req-3c7b71cd-9da5-4046-b7f9-d610b6682a08 2c91c5041dc241fcb529c21586823bce 37f7553a438b4a0281a923bff4fb632d - - default default] 10.0.0.208 "POST /v2.0/subnets HTTP/1.1" status: 201 len: 801 time: 1.1744852
2026-07-15 06:08:46.327 9 INFO neutron.db.ovn_revision_numbers_db [None req-27a31644-9b79-4b88-9307-b4681eac2b54 fb17b9c614ff4e0085225235e9b5f5ae 9ba623521dbd4b5b8cf7710e247aceef - - default default] Successfully bumped revision number for resource 93e49ad0-2a96-41c2-af10-7cd4c7eb26e1 (type: ports) to 2
2026-07-15 06:08:46.376 9 INFO neutron.db.ovn_revision_numbers_db [None req-27a31644-9b79-4b88-9307-b4681eac2b54 fb17b9c614ff4e0085225235e9b5f5ae 9ba623521dbd4b5b8cf7710e247aceef - - default default] Successfully bumped revision number for resource 0a96593c-f7fd-47e9-b856-83d080d05a9e (type: subnets) to 0
2026-07-15 06:08:46.378 10 INFO neutron.wsgi [None req-7dfd968a-6e4d-42f6-be43-21f1277d4d52 2c91c5041dc241fcb529c21586823bce 37f7553a438b4a0281a923bff4fb632d - - default default] 10.0.0.208 "PUT /v2.0/subnets/20e87821-380a-4c8c-9c10-def18a1f1e0a/tags HTTP/1.1" status: 200 len: 218 time: 0.1065361
2026-07-15 06:08:46.402 9 INFO neutron.wsgi [None req-27a31644-9b79-4b88-9307-b4681eac2b54 fb17b9c614ff4e0085225235e9b5f5ae 9ba623521dbd4b5b8cf7710e247aceef - - default default] 10.0.0.208 "POST /v2.0/subnets HTTP/1.1" status: 201 len: 804 time: 1.0262911
2026-07-15 06:08:46.417 9 WARNING neutron_lib.context [None req-0a75c210-9c62-45ae-aae1-306556a801d7 fb17b9c614ff4e0085225235e9b5f5ae 9ba623521dbd4b5b8cf7710e247aceef - - default default] Method 'is_advsvc' is deprecated since 2023.2 release (neutron-lib 3.8.0) and will be removed once support for the old RBAC API policies will be removed from Neutron. Please use method 'is_service_role' instead.
2026-07-15 06:08:46.430 10 INFO neutron.wsgi [None req-83353bb5-e1d2-44e0-8ba4-8e491ec1270d 2c91c5041dc241fcb529c21586823bce 37f7553a438b4a0281a923bff4fb632d - - default default] 10.0.0.208 "GET /v2.0/subnets/20e87821-380a-4c8c-9c10-def18a1f1e0a/tags HTTP/1.1" status: 200 len: 218 time: 0.0467329
2026-07-15 06:08:46.484 10 INFO neutron.wsgi [None req-56cae0de-2f24-4cbb-8786-95310d0f2450 2c91c5041dc241fcb529c21586823bce 37f7553a438b4a0281a923bff4fb632d - - default default] 10.0.0.208 "PUT /v2.0/subnets/20e87821-380a-4c8c-9c10-def18a1f1e0a/tags/green HTTP/1.1" status: 201 len: 201 time: 0.0480003
2026-07-15 06:08:46.519 9 INFO neutron.wsgi [None req-81223333-dcc1-4ae4-a88d-14b103877d54 f2c20207032a4d25aefc695b84a16fd0 2bc64894b31e446fb12ddb9b598d4afb - - default default] 10.0.0.208 "GET /v2.0/qos/policies?tags=red HTTP/1.1" status: 200 len: 1296 time: 0.1699975
2026-07-15 06:08:46.524 9 INFO neutron.db.segments_db [None req-0a75c210-9c62-45ae-aae1-306556a801d7 fb17b9c614ff4e0085225235e9b5f5ae 9ba623521dbd4b5b8cf7710e247aceef - - default default] Added segment f577a2ec-e08e-4208-b563-3b7816ece17e of type geneve for network 475c957f-61a6-4df5-91bb-2b6b6e2cfec4
2026-07-15 06:08:46.544 10 INFO neutron.wsgi [None req-a0806cd0-c56a-4af1-bd84-be08574dd583 2c91c5041dc241fcb529c21586823bce 37f7553a438b4a0281a923bff4fb632d - - default default] 10.0.0.208 "GET /v2.0/subnets/20e87821-380a-4c8c-9c10-def18a1f1e0a/tags HTTP/1.1" status: 200 len: 227 time: 0.0525911
2026-07-15 06:08:46.589 10 INFO neutron.wsgi [None req-25ec2861-c527-45b7-ac7b-74f44cea4d69 2c91c5041dc241fcb529c21586823bce 37f7553a438b4a0281a923bff4fb632d - - default default] 10.0.0.208 "PUT /v2.0/subnets/20e87821-380a-4c8c-9c10-def18a1f1e0a/tags/red HTTP/1.1" status: 201 len: 201 time: 0.0407956
2026-07-15 06:08:46.602 10 INFO neutron.wsgi [None req-834a80a8-07f1-4f7c-ad2d-93b1c114bb70 f2c20207032a4d25aefc695b84a16fd0 2bc64894b31e446fb12ddb9b598d4afb - - default default] 10.0.0.208 "GET /v2.0/qos/policies?tags=red%2Cblue HTTP/1.1" status: 200 len: 941 time: 0.0789664
2026-07-15 06:08:46.653 10 INFO neutron.wsgi [None req-0f6d6ca8-944a-4927-ab43-344a9ee59975 2c91c5041dc241fcb529c21586823bce 37f7553a438b4a0281a923bff4fb632d - - default default] 10.0.0.208 "GET /v2.0/subnets/20e87821-380a-4c8c-9c10-def18a1f1e0a/tags HTTP/1.1" status: 200 len: 227 time: 0.0587816
2026-07-15 06:08:46.673 9 INFO neutron.db.ovn_revision_numbers_db [None req-0a75c210-9c62-45ae-aae1-306556a801d7 fb17b9c614ff4e0085225235e9b5f5ae 9ba623521dbd4b5b8cf7710e247aceef - - default default] Successfully bumped revision number for resource 475c957f-61a6-4df5-91bb-2b6b6e2cfec4 (type: networks) to 1
2026-07-15 06:08:46.709 10 INFO neutron.wsgi [None req-fc577630-8c72-45ee-9198-a6fb219ddafd f2c20207032a4d25aefc695b84a16fd0 2bc64894b31e446fb12ddb9b598d4afb - - default default] 10.0.0.208 "GET /v2.0/qos/policies?tags-any=blue HTTP/1.1" status: 200 len: 941 time: 0.1016998
2026-07-15 06:08:46.726 10 INFO neutron.wsgi [None req-f1911448-2812-4b0d-ab2f-81ede15cefef 2c91c5041dc241fcb529c21586823bce 37f7553a438b4a0281a923bff4fb632d - - default default] 10.0.0.208 "PUT /v2.0/subnets/20e87821-380a-4c8c-9c10-def18a1f1e0a/tags/black.or.white HTTP/1.1" status: 201 len: 201 time: 0.0659356
2026-07-15 06:08:46.769 10 INFO neutron.wsgi [None req-be0547a7-9832-47fe-a7e4-c30b79f366bc 2c91c5041dc241fcb529c21586823bce 37f7553a438b4a0281a923bff4fb632d - - default default] 10.0.0.208 "GET /v2.0/subnets/20e87821-380a-4c8c-9c10-def18a1f1e0a/tags HTTP/1.1" status: 200 len: 245 time: 0.0376639
2026-07-15 06:08:46.817 10 INFO neutron.wsgi [None req-957805d6-5917-44d3-aea2-5abade9e02e1 f2c20207032a4d25aefc695b84a16fd0 2bc64894b31e446fb12ddb9b598d4afb - - default default] 10.0.0.208 "GET /v2.0/qos/policies?tags-any=red%2Cblue HTTP/1.1" status: 200 len: 1296 time: 0.1039124
2026-07-15 06:08:46.839 10 INFO neutron.wsgi [None req-d3bcafe1-d2f9-4ad5-a884-e66f38c8e947 2c91c5041dc241fcb529c21586823bce 37f7553a438b4a0281a923bff4fb632d - - default default] 10.0.0.208 "PUT /v2.0/subnets/20e87821-380a-4c8c-9c10-def18a1f1e0a/tags HTTP/1.1" status: 200 len: 230 time: 0.0638168
2026-07-15 06:08:46.904 10 INFO neutron.wsgi [None req-b77fc3cd-3c86-4994-ad29-d145c29d1bb1 2c91c5041dc241fcb529c21586823bce 37f7553a438b4a0281a923bff4fb632d - - default default] 10.0.0.208 "GET /v2.0/subnets/20e87821-380a-4c8c-9c10-def18a1f1e0a/tags HTTP/1.1" status: 200 len: 230 time: 0.0400581
2026-07-15 06:08:46.966 10 INFO neutron.wsgi [None req-50e1cb98-f52a-4ebd-acc1-bbb4ed1f424e 2c91c5041dc241fcb529c21586823bce 37f7553a438b4a0281a923bff4fb632d - - default default] 10.0.0.208 "GET /v2.0/subnets/20e87821-380a-4c8c-9c10-def18a1f1e0a/tags/red HTTP/1.1" status: 204 len: 168 time: 0.0529318
2026-07-15 06:08:47.007 10 INFO neutron.api.v2.resource [None req-e35230db-45a9-4069-ac61-607e69d6d94d 2c91c5041dc241fcb529c21586823bce 37f7553a438b4a0281a923bff4fb632d - - default default] show failed (client error): The resource could not be found.
2026-07-15 06:08:47.009 10 INFO neutron.wsgi [None req-e35230db-45a9-4069-ac61-607e69d6d94d 2c91c5041dc241fcb529c21586823bce 37f7553a438b4a0281a923bff4fb632d - - default default] 10.0.0.208 "GET /v2.0/subnets/20e87821-380a-4c8c-9c10-def18a1f1e0a/tags/green HTTP/1.1" status: 404 len: 299 time: 0.0382559
2026-07-15 06:08:47.065 10 INFO neutron.wsgi [None req-cf172c59-c330-465b-a6aa-10d26649ff2d 2c91c5041dc241fcb529c21586823bce 37f7553a438b4a0281a923bff4fb632d - - default default] 10.0.0.208 "DELETE /v2.0/subnets/20e87821-380a-4c8c-9c10-def18a1f1e0a/tags/red HTTP/1.1" status: 204 len: 168 time: 0.0514867
2026-07-15 06:08:47.115 10 INFO neutron.wsgi [None req-791bc1a6-50db-4b17-9b62-2071f8357082 2c91c5041dc241fcb529c21586823bce 37f7553a438b4a0281a923bff4fb632d - - default default] 10.0.0.208 "GET /v2.0/subnets/20e87821-380a-4c8c-9c10-def18a1f1e0a/tags HTTP/1.1" status: 200 len: 223 time: 0.0433309
2026-07-15 06:08:47.171 10 INFO neutron.api.v2.resource [None req-8e1cb5a0-6e8a-4f29-8860-3df84696d08e 2c91c5041dc241fcb529c21586823bce 37f7553a438b4a0281a923bff4fb632d - - default default] delete failed (client error): The resource could not be found.
2026-07-15 06:08:47.173 10 INFO neutron.wsgi [None req-8e1cb5a0-6e8a-4f29-8860-3df84696d08e 2c91c5041dc241fcb529c21586823bce 37f7553a438b4a0281a923bff4fb632d - - default default] 10.0.0.208 "DELETE /v2.0/subnets/20e87821-380a-4c8c-9c10-def18a1f1e0a/tags/green HTTP/1.1" status: 404 len: 299 time: 0.0527906
2026-07-15 06:08:47.196 9 WARNING neutron.scheduler.dhcp_agent_scheduler [None req-0a75c210-9c62-45ae-aae1-306556a801d7 fb17b9c614ff4e0085225235e9b5f5ae 9ba623521dbd4b5b8cf7710e247aceef - - default default] No more DHCP agents
2026-07-15 06:08:47.199 9 WARNING neutron.api.rpc.agentnotifiers.dhcp_rpc_agent_api [None req-0a75c210-9c62-45ae-aae1-306556a801d7 fb17b9c614ff4e0085225235e9b5f5ae 9ba623521dbd4b5b8cf7710e247aceef - - default default] Unable to schedule network 475c957f-61a6-4df5-91bb-2b6b6e2cfec4: no agents available; will retry on subsequent port and subnet creation events.
2026-07-15 06:08:47.205 9 INFO neutron.wsgi [None req-51c1f717-ebe8-42d7-bb23-a9f60a805be2 f2c20207032a4d25aefc695b84a16fd0 2bc64894b31e446fb12ddb9b598d4afb - - default default] 10.0.0.208 "GET /v2.0/qos/policies?not-tags=red HTTP/1.1" status: 200 len: 913 time: 0.3825521
2026-07-15 06:08:47.256 10 INFO neutron.wsgi [None req-6795cefd-8003-44fa-8a95-8e2f4af3b329 2c91c5041dc241fcb529c21586823bce 37f7553a438b4a0281a923bff4fb632d - - default default] 10.0.0.208 "DELETE /v2.0/subnets/20e87821-380a-4c8c-9c10-def18a1f1e0a/tags HTTP/1.1" status: 204 len: 168 time: 0.0768583
2026-07-15 06:08:47.311 9 INFO neutron.db.ovn_revision_numbers_db [None req-0a75c210-9c62-45ae-aae1-306556a801d7 fb17b9c614ff4e0085225235e9b5f5ae 9ba623521dbd4b5b8cf7710e247aceef - - default default] Successfully bumped revision number for resource 013b90ec-fb94-4312-98f7-3a35ce1ce5ed (type: ports) to 1
2026-07-15 06:08:47.318 10 INFO neutron.wsgi [None req-7ab76bac-e9b0-49a0-9891-0e7781f26473 2c91c5041dc241fcb529c21586823bce 37f7553a438b4a0281a923bff4fb632d - - default default] 10.0.0.208 "GET /v2.0/subnets/20e87821-380a-4c8c-9c10-def18a1f1e0a/tags HTTP/1.1" status: 200 len: 205 time: 0.0573635
2026-07-15 06:08:47.332 10 INFO neutron.wsgi [None req-560b3ca4-36a7-4cbf-bc8d-2616506deb4f f2c20207032a4d25aefc695b84a16fd0 2bc64894b31e446fb12ddb9b598d4afb - - default default] 10.0.0.208 "GET /v2.0/qos/policies?not-tags=red%2Cblue HTTP/1.1" status: 200 len: 1268 time: 0.1206875
2026-07-15 06:08:47.360 9 INFO neutron.wsgi [None req-0a75c210-9c62-45ae-aae1-306556a801d7 fb17b9c614ff4e0085225235e9b5f5ae 9ba623521dbd4b5b8cf7710e247aceef - - default default] 10.0.0.208 "POST /v2.0/networks HTTP/1.1" status: 201 len: 830 time: 0.9476049
2026-07-15 06:08:47.375 10 WARNING neutron_lib.context [None req-7ff090af-9518-482b-8838-3769c5acf6f8 fb17b9c614ff4e0085225235e9b5f5ae 9ba623521dbd4b5b8cf7710e247aceef - - default default] Method 'is_advsvc' is deprecated since 2023.2 release (neutron-lib 3.8.0) and will be removed once support for the old RBAC API policies will be removed from Neutron. Please use method 'is_service_role' instead.
2026-07-15 06:08:47.533 10 INFO neutron.wsgi [None req-e8b616b2-11cd-4723-998d-cf85ce55de66 4239e68166ed4136927cb286b7fb9c8a 4df009eeb35b4bdeb722721d47d8db55 - - default default] 10.0.0.3 "GET /v2.0/ports HTTP/1.1" status: 200 len: 24846 time: 0.1996641
2026-07-15 06:08:47.568 10 INFO neutron.wsgi [None req-73ee7cfe-e474-4573-9613-932b316a63b6 4239e68166ed4136927cb286b7fb9c8a 4df009eeb35b4bdeb722721d47d8db55 - - default default] 10.0.0.3 "GET /v2.0/agents HTTP/1.1" status: 200 len: 1390 time: 0.0198784
2026-07-15 06:08:47.621 9 INFO neutron.wsgi [None req-e842acc9-a9ab-4bc1-8b17-8faa000c6d50 2c91c5041dc241fcb529c21586823bce 37f7553a438b4a0281a923bff4fb632d - - default default] 10.0.0.208 "DELETE /v2.0/subnets/20e87821-380a-4c8c-9c10-def18a1f1e0a HTTP/1.1" status: 204 len: 168 time: 0.2655854
2026-07-15 06:08:47.712 10 INFO neutron.wsgi [None req-9f46d8fc-d634-4a20-9f7e-d098fc367222 4239e68166ed4136927cb286b7fb9c8a 4df009eeb35b4bdeb722721d47d8db55 - - default default] 10.0.0.3 "GET /v2.0/floatingips HTTP/1.1" status: 200 len: 1877 time: 0.1391876
2026-07-15 06:08:47.733 10 INFO neutron.wsgi [None req-31fbd958-41f4-4f4f-bf49-15de3766bcb2 f2c20207032a4d25aefc695b84a16fd0 2bc64894b31e446fb12ddb9b598d4afb - - default default] 10.0.0.208 "GET /v2.0/qos/policies?not-tags-any=blue HTTP/1.1" status: 200 len: 1268 time: 0.3917313
2026-07-15 06:08:47.802 9 INFO neutron.wsgi [None req-f4b9a91a-8dae-402f-8c32-1b9dcbda16ab f2c20207032a4d25aefc695b84a16fd0 2bc64894b31e446fb12ddb9b598d4afb - - default default] 10.0.0.208 "GET /v2.0/qos/policies?not-tags-any=red%2Cblue HTTP/1.1" status: 200 len: 913 time: 0.0653787
2026-07-15 06:08:47.864 9 INFO neutron.wsgi [None req-1872d53a-0ff3-490b-b33a-5b48523d94a8 d54a83edf975419194b928e735630ebd 24c89d3fe073419ea0e7a12966cb8141 - - default default] 10.0.0.208 "DELETE /v2.0/qos/policies/22f767d5-b9e5-49ac-9ccf-24936c9cf8bc HTTP/1.1" status: 204 len: 168 time: 0.0549927
2026-07-15 06:08:47.935 9 INFO neutron.wsgi [None req-e1643824-bc4e-414c-af10-4dffcb168649 d54a83edf975419194b928e735630ebd 24c89d3fe073419ea0e7a12966cb8141 - - default default] 10.0.0.208 "DELETE /v2.0/qos/policies/53313234-28d3-4828-a2ef-856dc30486d4 HTTP/1.1" status: 204 len: 168 time: 0.0664947
2026-07-15 06:08:47.995 9 INFO neutron.wsgi [None req-28a766e6-4a04-4a16-b131-c8028cd0c0c9 d54a83edf975419194b928e735630ebd 24c89d3fe073419ea0e7a12966cb8141 - - default default] 10.0.0.208 "DELETE /v2.0/qos/policies/a733c433-91a0-4dd7-9eec-b490b8802c27 HTTP/1.1" status: 204 len: 168 time: 0.0522974
2026-07-15 06:08:48.057 9 INFO neutron.wsgi [None req-57cec990-36aa-4b71-ba78-c8fe21b1be41 d54a83edf975419194b928e735630ebd 24c89d3fe073419ea0e7a12966cb8141 - - default default] 10.0.0.208 "DELETE /v2.0/qos/policies/d882ba59-e2a9-41b7-9f73-d95ac9ed24cd HTTP/1.1" status: 204 len: 168 time: 0.0589626
2026-07-15 06:08:48.104 10 INFO neutron.wsgi [None req-09ee8b75-9cfa-41b4-93ae-b7f96ae3088c 4239e68166ed4136927cb286b7fb9c8a 4df009eeb35b4bdeb722721d47d8db55 - - default default] 10.0.0.3 "GET /v2.0/networks HTTP/1.1" status: 200 len: 9109 time: 0.3879695
2026-07-15 06:08:48.124 9 INFO neutron.wsgi [None req-e36a667a-60ea-470e-951f-1ee48f286bbb d54a83edf975419194b928e735630ebd 24c89d3fe073419ea0e7a12966cb8141 - - default default] 10.0.0.208 "DELETE /v2.0/qos/policies/cb54f84a-e75b-45b9-a615-437b91f87070 HTTP/1.1" status: 204 len: 168 time: 0.0606697
2026-07-15 06:08:48.219 10 INFO neutron.wsgi [None req-31933e47-1642-444f-b683-03ea0e707bad 4239e68166ed4136927cb286b7fb9c8a 4df009eeb35b4bdeb722721d47d8db55 - - default default] 10.0.0.3 "GET /v2.0/security-groups HTTP/1.1" status: 200 len: 36247 time: 0.1065753
2026-07-15 06:08:48.230 10 WARNING neutron.scheduler.dhcp_agent_scheduler [None req-7ff090af-9518-482b-8838-3769c5acf6f8 fb17b9c614ff4e0085225235e9b5f5ae 9ba623521dbd4b5b8cf7710e247aceef - - default default] No more DHCP agents
2026-07-15 06:08:48.242 10 WARNING neutron.api.rpc.agentnotifiers.dhcp_rpc_agent_api [None req-7ff090af-9518-482b-8838-3769c5acf6f8 fb17b9c614ff4e0085225235e9b5f5ae 9ba623521dbd4b5b8cf7710e247aceef - - default default] Unable to schedule network 475c957f-61a6-4df5-91bb-2b6b6e2cfec4: no agents available; will retry on subsequent port and subnet creation events.
2026-07-15 06:08:48.351 10 INFO neutron.wsgi [None req-aa416407-f463-4f57-8842-1144f0c9871a 4239e68166ed4136927cb286b7fb9c8a 4df009eeb35b4bdeb722721d47d8db55 - - default default] 10.0.0.3 "GET /v2.0/subnets HTTP/1.1" status: 200 len: 8557 time: 0.1072052
2026-07-15 06:08:48.544 10 INFO neutron.wsgi [None req-01f6bc72-c003-463c-bb06-32c009e173af 4239e68166ed4136927cb286b7fb9c8a 4df009eeb35b4bdeb722721d47d8db55 - - default default] 10.0.0.3 "GET /v2.0/routers HTTP/1.1" status: 200 len: 1141 time: 0.1889420
2026-07-15 06:08:48.573 10 INFO neutron.wsgi [None req-085a9bb5-8f05-4883-a624-bf7065dcb9a4 4239e68166ed4136927cb286b7fb9c8a 4df009eeb35b4bdeb722721d47d8db55 - - default default] 10.0.0.3 "GET /v2.0/agents?binary=ovn-controller HTTP/1.1" status: 200 len: 591 time: 0.0257862
2026-07-15 06:08:48.601 10 INFO neutron.wsgi [None req-f79e4412-a7d4-41c1-a833-0464e7d96eb0 4239e68166ed4136927cb286b7fb9c8a 4df009eeb35b4bdeb722721d47d8db55 - - default default] 10.0.0.3 "GET /v2.0/network-ip-availabilities HTTP/1.1" status: 200 len: 5703 time: 0.0250244
2026-07-15 06:08:48.691 10 INFO neutron.wsgi [None req-7265623f-f429-47d6-896d-e6117f6ff553 4239e68166ed4136927cb286b7fb9c8a 4df009eeb35b4bdeb722721d47d8db55 - - default default] 10.0.0.3 "GET /v2.0/subnets HTTP/1.1" status: 200 len: 8557 time: 0.0823596
2026-07-15 06:08:48.723 10 INFO neutron.wsgi [None req-2dc1d32b-a832-41e9-921c-837a128d59a6 4239e68166ed4136927cb286b7fb9c8a 4df009eeb35b4bdeb722721d47d8db55 - - default default] 10.0.0.3 "GET /v2.0/subnetpools HTTP/1.1" status: 200 len: 193 time: 0.0218203
2026-07-15 06:08:48.807 10 INFO neutron.services.segments.plugin [-] Segment 49626c86-c0d4-48b3-9cf0-c51f57cca145 resource provider aggregate not found
