2026-07-15 06:09:21.606 10 INFO neutron.db.ovn_revision_numbers_db [None req-3186f189-664c-4e79-920b-4e9774dd4d0b - - - - - -] Successfully bumped revision number for resource e1782ae8-f653-49a9-ab4f-7fb0e517e173 (type: ports) to 1
2026-07-15 06:09:21.818 9 INFO neutron.wsgi [None req-e5b3d81e-1efd-4c19-ad27-15bbe6a9bd28 00ce991344f44decb22d3734bfb58250 bc8bc85d1ca84048b25b9a50c63f9262 - - default default] 10.0.0.208 "DELETE /v2.0/networks/56914235-4298-4d68-80e2-360fa14ac4c0 HTTP/1.1" status: 204 len: 168 time: 0.5839174
2026-07-15 06:09:21.926 9 INFO neutron.db.ovn_revision_numbers_db [None req-424360a4-b402-4a28-b76b-5c5ebb5779bb - - - - - -] Successfully bumped revision number for resource f2648e43-2d41-49ca-a8d8-5f82a2dc0c0e (type: ports) to 2
2026-07-15 06:09:22.064 10 INFO neutron.db.ovn_revision_numbers_db [None req-3186f189-664c-4e79-920b-4e9774dd4d0b - - - - - -] Successfully bumped revision number for resource e1782ae8-f653-49a9-ab4f-7fb0e517e173 (type: ports) to 1
2026-07-15 06:09:22.106 9 INFO neutron.db.ovn_revision_numbers_db [None req-424360a4-b402-4a28-b76b-5c5ebb5779bb - - - - - -] Successfully bumped revision number for resource f2648e43-2d41-49ca-a8d8-5f82a2dc0c0e (type: router_ports) to 2
2026-07-15 06:09:22.345 9 INFO neutron.wsgi [None req-8ab5e40c-4d6c-417f-8056-d8d978ca4cb3 00ce991344f44decb22d3734bfb58250 bc8bc85d1ca84048b25b9a50c63f9262 - - default default] 10.0.0.208 "DELETE /v2.0/networks/84c61222-d656-4442-a6e0-8f0843e17175 HTTP/1.1" status: 204 len: 168 time: 0.5086780
2026-07-15 06:09:22.350 10 INFO neutron.wsgi [None req-c53da29e-1efb-4648-bc0e-e97a5e074a08 a4a1ce934c174710a979500f91647334 6ca14e63a0b64f1abdad7d9ac642ff25 - - default default] 10.0.0.208 "POST /v2.0/vpn/vpnservices HTTP/1.1" status: 201 len: 656 time: 6.2834888
2026-07-15 06:09:22.369 10 WARNING neutron_lib.context [None req-f4b2f6e5-1e46-41e5-8a7b-2e730ab8b9c8 a4a1ce934c174710a979500f91647334 6ca14e63a0b64f1abdad7d9ac642ff25 - - default default] Method 'is_advsvc' is deprecated since 2023.2 release (neutron-lib 3.8.0) and will be removed once support for the old RBAC API policies will be removed from Neutron. Please use method 'is_service_role' instead.
2026-07-15 06:09:22.764 10 INFO neutron.wsgi [None req-f4b2f6e5-1e46-41e5-8a7b-2e730ab8b9c8 a4a1ce934c174710a979500f91647334 6ca14e63a0b64f1abdad7d9ac642ff25 - - default default] 10.0.0.208 "POST /v2.0/vpn/vpnservices HTTP/1.1" status: 201 len: 623 time: 0.4013855
2026-07-15 06:09:22.777 9 WARNING neutron_lib.context [None req-4f983092-d06e-4e7e-aadc-510c06cb68ba a4a1ce934c174710a979500f91647334 6ca14e63a0b64f1abdad7d9ac642ff25 - - default default] Method 'is_advsvc' is deprecated since 2023.2 release (neutron-lib 3.8.0) and will be removed once support for the old RBAC API policies will be removed from Neutron. Please use method 'is_service_role' instead.
2026-07-15 06:09:22.813 9 INFO neutron.wsgi [None req-4f983092-d06e-4e7e-aadc-510c06cb68ba a4a1ce934c174710a979500f91647334 6ca14e63a0b64f1abdad7d9ac642ff25 - - default default] 10.0.0.208 "POST /v2.0/vpn/ikepolicies HTTP/1.1" status: 201 len: 602 time: 0.0421841
2026-07-15 06:09:22.827 10 WARNING neutron_lib.context [None req-a7101e74-2bef-4ca1-b808-6d2daa91a256 a4a1ce934c174710a979500f91647334 6ca14e63a0b64f1abdad7d9ac642ff25 - - default default] Method 'is_advsvc' is deprecated since 2023.2 release (neutron-lib 3.8.0) and will be removed once support for the old RBAC API policies will be removed from Neutron. Please use method 'is_service_role' instead.
2026-07-15 06:09:22.882 10 INFO neutron.services.segments.plugin [-] Segment 05e999f9-c964-414b-9a1f-fce79eb6d520 resource provider aggregate not found
2026-07-15 06:09:22.889 10 INFO neutron.services.segments.plugin [-] Segment 05e999f9-c964-414b-9a1f-fce79eb6d520 resource provider aggregate not found
2026-07-15 06:09:22.906 10 INFO neutron.wsgi [None req-a7101e74-2bef-4ca1-b808-6d2daa91a256 a4a1ce934c174710a979500f91647334 6ca14e63a0b64f1abdad7d9ac642ff25 - - default default] 10.0.0.208 "POST /v2.0/vpn/ipsecpolicies HTTP/1.1" status: 201 len: 611 time: 0.0852377
2026-07-15 06:09:22.907 10 INFO neutron.services.segments.plugin [-] Segment 05e999f9-c964-414b-9a1f-fce79eb6d520 resource provider not found; error: Placement Client Error (4xx): {"errors": [{"status": 404, "title": "Not Found", "detail": "The resource could not be found.\n\n No resource provider with uuid 05e999f9-c964-414b-9a1f-fce79eb6d520 found for delete ", "request_id": "req-5c7fca8b-44f0-4948-81dc-d2c3a7bebd31"}]}
2026-07-15 06:09:22.907 10 INFO neutron.services.segments.plugin [-] Segment 05e999f9-c964-414b-9a1f-fce79eb6d520 resource provider not found; error: Placement Client Error (4xx): {"errors": [{"status": 404, "title": "Not Found", "detail": "The resource could not be found.\n\n No resource provider with uuid 05e999f9-c964-414b-9a1f-fce79eb6d520 found for delete ", "request_id": "req-6636bb7f-2994-47a9-8c52-2d6922d645a5"}]}
2026-07-15 06:09:22.916 10 WARNING neutron_lib.context [None req-2647537a-ea76-4248-bb03-9160e3bcc83e a4a1ce934c174710a979500f91647334 6ca14e63a0b64f1abdad7d9ac642ff25 - - default default] Method 'is_advsvc' is deprecated since 2023.2 release (neutron-lib 3.8.0) and will be removed once support for the old RBAC API policies will be removed from Neutron. Please use method 'is_service_role' instead.
2026-07-15 06:09:22.922 10 INFO neutron.wsgi [None req-8fb306f6-5889-4fb9-94a3-5d44737d134d 00ce991344f44decb22d3734bfb58250 bc8bc85d1ca84048b25b9a50c63f9262 - - default default] 10.0.0.208 "DELETE /v2.0/networks/bba7426b-287d-4d38-afc9-0731ee624685 HTTP/1.1" status: 204 len: 168 time: 0.5690699
2026-07-15 06:09:22.983 10 INFO neutron.wsgi [None req-2647537a-ea76-4248-bb03-9160e3bcc83e a4a1ce934c174710a979500f91647334 6ca14e63a0b64f1abdad7d9ac642ff25 - - default default] 10.0.0.208 "POST /v2.0/vpn/endpoint-groups HTTP/1.1" status: 201 len: 527 time: 0.0734525
2026-07-15 06:09:22.992 10 WARNING neutron_lib.context [None req-8ea9a5d1-84cd-497d-8b04-8c05a81b8938 a4a1ce934c174710a979500f91647334 6ca14e63a0b64f1abdad7d9ac642ff25 - - default default] Method 'is_advsvc' is deprecated since 2023.2 release (neutron-lib 3.8.0) and will be removed once support for the old RBAC API policies will be removed from Neutron. Please use method 'is_service_role' instead.
2026-07-15 06:09:23.032 10 INFO neutron.wsgi [None req-8ea9a5d1-84cd-497d-8b04-8c05a81b8938 a4a1ce934c174710a979500f91647334 6ca14e63a0b64f1abdad7d9ac642ff25 - - default default] 10.0.0.208 "POST /v2.0/vpn/endpoint-groups HTTP/1.1" status: 201 len: 519 time: 0.0439734
2026-07-15 06:09:23.044 10 WARNING neutron_lib.context [None req-ed889a4d-49a3-4bc5-bde6-9a4802175b21 a4a1ce934c174710a979500f91647334 6ca14e63a0b64f1abdad7d9ac642ff25 - - default default] Method 'is_advsvc' is deprecated since 2023.2 release (neutron-lib 3.8.0) and will be removed once support for the old RBAC API policies will be removed from Neutron. Please use method 'is_service_role' instead.
2026-07-15 06:09:23.223 9 INFO neutron.services.segments.plugin [-] Segment 67612ad1-fe34-402b-8afc-fc9afddb30eb resource provider aggregate not found
2026-07-15 06:09:23.227 9 INFO neutron.services.segments.plugin [-] Segment 67612ad1-fe34-402b-8afc-fc9afddb30eb resource provider aggregate not found
2026-07-15 06:09:23.244 9 INFO neutron.services.segments.plugin [-] Segment 67612ad1-fe34-402b-8afc-fc9afddb30eb resource provider not found; error: Placement Client Error (4xx): {"errors": [{"status": 404, "title": "Not Found", "detail": "The resource could not be found.\n\n No resource provider with uuid 67612ad1-fe34-402b-8afc-fc9afddb30eb found for delete ", "request_id": "req-299a8517-704e-41b4-ae99-b803e5f7a393"}]}
2026-07-15 06:09:23.249 9 INFO neutron.services.segments.plugin [-] Segment 67612ad1-fe34-402b-8afc-fc9afddb30eb resource provider not found; error: Placement Client Error (4xx): {"errors": [{"status": 404, "title": "Not Found", "detail": "The resource could not be found.\n\n No resource provider with uuid 67612ad1-fe34-402b-8afc-fc9afddb30eb found for delete ", "request_id": "req-c2cdf89e-fec8-4a1f-b530-0b693b8b2e16"}]}
2026-07-15 06:09:23.264 9 INFO neutron.services.segments.plugin [-] Segment 78360270-7b42-461f-9fb9-8967b9e431fd resource provider aggregate not found
2026-07-15 06:09:23.271 9 INFO neutron.services.segments.plugin [-] Segment 78360270-7b42-461f-9fb9-8967b9e431fd resource provider aggregate not found
2026-07-15 06:09:23.284 9 INFO neutron.services.segments.plugin [-] Segment 78360270-7b42-461f-9fb9-8967b9e431fd resource provider not found; error: Placement Client Error (4xx): {"errors": [{"status": 404, "title": "Not Found", "detail": "The resource could not be found.\n\n No resource provider with uuid 78360270-7b42-461f-9fb9-8967b9e431fd found for delete ", "request_id": "req-cbffa6b4-f9b0-4b2b-adc4-14d9b2b866f0"}]}
2026-07-15 06:09:23.285 9 INFO neutron.services.segments.plugin [-] Segment 78360270-7b42-461f-9fb9-8967b9e431fd resource provider not found; error: Placement Client Error (4xx): {"errors": [{"status": 404, "title": "Not Found", "detail": "The resource could not be found.\n\n No resource provider with uuid 78360270-7b42-461f-9fb9-8967b9e431fd found for delete ", "request_id": "req-677640a6-7513-4ffe-b42e-ceaacbcbe5f9"}]}
2026-07-15 06:09:23.383 9 INFO neutron.wsgi [None req-4b324f6c-4780-4790-884c-a63c7e8c9c80 00ce991344f44decb22d3734bfb58250 bc8bc85d1ca84048b25b9a50c63f9262 - - default default] 10.0.0.208 "DELETE /v2.0/networks/e7e79643-ac93-4361-8390-6d68b1d8fdf9 HTTP/1.1" status: 204 len: 168 time: 0.4552109
2026-07-15 06:09:24.051 10 INFO neutron.db.ovn_revision_numbers_db [None req-ed889a4d-49a3-4bc5-bde6-9a4802175b21 a4a1ce934c174710a979500f91647334 6ca14e63a0b64f1abdad7d9ac642ff25 - - default default] Successfully bumped revision number for resource 18a3ac52-e56f-4c21-9bab-491a2259a57c (type: routers) to 5
2026-07-15 06:09:24.091 10 INFO neutron.wsgi [None req-ed889a4d-49a3-4bc5-bde6-9a4802175b21 a4a1ce934c174710a979500f91647334 6ca14e63a0b64f1abdad7d9ac642ff25 - - default default] 10.0.0.208 "POST /v2.0/vpn/ipsec-site-connections HTTP/1.1" status: 201 len: 1002 time: 1.0523367
2026-07-15 06:09:24.107 10 WARNING neutron_lib.context [None req-2f22baf2-d1d5-4b95-9e54-979b84c974d6 a4a1ce934c174710a979500f91647334 6ca14e63a0b64f1abdad7d9ac642ff25 - - default default] Method 'is_advsvc' is deprecated since 2023.2 release (neutron-lib 3.8.0) and will be removed once support for the old RBAC API policies will be removed from Neutron. Please use method 'is_service_role' instead.
2026-07-15 06:09:24.153 10 INFO neutron.wsgi [None req-2f22baf2-d1d5-4b95-9e54-979b84c974d6 a4a1ce934c174710a979500f91647334 6ca14e63a0b64f1abdad7d9ac642ff25 - - default default] 10.0.0.208 "POST /v2.0/vpn/endpoint-groups HTTP/1.1" status: 201 len: 489 time: 0.0512259
2026-07-15 06:09:24.204 10 INFO neutron.wsgi [None req-03e38422-6aae-48f5-bd57-b898bf5e581b a4a1ce934c174710a979500f91647334 6ca14e63a0b64f1abdad7d9ac642ff25 - - default default] 10.0.0.208 "DELETE /v2.0/vpn/endpoint-groups/e4c59bb0-8bcb-47f9-ac7c-68253420fa7a HTTP/1.1" status: 204 len: 168 time: 0.0410454
2026-07-15 06:09:24.223 10 INFO neutron.wsgi [None req-a041552c-d0bc-428a-8406-347cd17fe746 a4a1ce934c174710a979500f91647334 6ca14e63a0b64f1abdad7d9ac642ff25 - - default default] 10.0.0.208 "GET /v2.0/vpn/endpoint-groups HTTP/1.1" status: 200 len: 827 time: 0.0124910
2026-07-15 06:09:24.241 10 INFO neutron.wsgi [None req-f5bbd36a-c6fc-49f9-bde3-5b030f8e5767 a4a1ce934c174710a979500f91647334 6ca14e63a0b64f1abdad7d9ac642ff25 - - default default] 10.0.0.208 "GET /v2.0/vpn/endpoint-groups HTTP/1.1" status: 200 len: 827 time: 0.0124209
2026-07-15 06:09:24.646 10 INFO neutron.db.ovn_revision_numbers_db [None req-870efe5c-1652-42cf-97b2-f6427f410368 4239e68166ed4136927cb286b7fb9c8a 4df009eeb35b4bdeb722721d47d8db55 - - default default] Successfully bumped revision number for resource 4356961a-231e-4d5c-a908-41ac30b224d6 (type: security_groups) to 1
2026-07-15 06:09:24.659 10 INFO neutron.db.ovn_revision_numbers_db [None req-870efe5c-1652-42cf-97b2-f6427f410368 4239e68166ed4136927cb286b7fb9c8a 4df009eeb35b4bdeb722721d47d8db55 - - default default] Successfully bumped revision number for resource 329a4972-d1e7-47bf-9275-d6911d8039ca (type: security_group_rules) to 0
2026-07-15 06:09:24.672 10 INFO neutron.db.ovn_revision_numbers_db [None req-870efe5c-1652-42cf-97b2-f6427f410368 4239e68166ed4136927cb286b7fb9c8a 4df009eeb35b4bdeb722721d47d8db55 - - default default] Successfully bumped revision number for resource 4cbadc4a-4161-4dd7-9681-448e4ba582a1 (type: security_group_rules) to 0
2026-07-15 06:09:24.686 10 INFO neutron.db.ovn_revision_numbers_db [None req-870efe5c-1652-42cf-97b2-f6427f410368 4239e68166ed4136927cb286b7fb9c8a 4df009eeb35b4bdeb722721d47d8db55 - - default default] Successfully bumped revision number for resource 51d7b76e-091c-488d-b352-6e56c0f98b8c (type: security_group_rules) to 0
2026-07-15 06:09:24.702 10 INFO neutron.db.ovn_revision_numbers_db [None req-870efe5c-1652-42cf-97b2-f6427f410368 4239e68166ed4136927cb286b7fb9c8a 4df009eeb35b4bdeb722721d47d8db55 - - default default] Successfully bumped revision number for resource 9a0fac4c-c43c-4fca-9402-3f5791f48c21 (type: security_group_rules) to 0
2026-07-15 06:09:24.727 10 INFO neutron.wsgi [None req-870efe5c-1652-42cf-97b2-f6427f410368 4239e68166ed4136927cb286b7fb9c8a 4df009eeb35b4bdeb722721d47d8db55 - - default default] 10.0.0.208 "GET /v2.0/security-groups?tenant_id=1d27bc9c1d5f485487872a537e6a44db&name=default HTTP/1.1" status: 200 len: 3124 time: 0.4088795
2026-07-15 06:09:24.729 9 INFO neutron.wsgi [None req-fd406e71-b319-4540-ab58-fc37e6f7dc2d 4d13becd31df4f32b12a518d63673596 02b39a8105694eee8a7a5954993ff5df - - default default] 10.0.0.208 "POST /v2.0/vpn/ikepolicies HTTP/1.1" status: 201 len: 601 time: 0.0889461
2026-07-15 06:09:24.746 10 INFO neutron.wsgi [None req-10574eeb-3dc0-486e-9423-8a692430fce3 a4a1ce934c174710a979500f91647334 6ca14e63a0b64f1abdad7d9ac642ff25 - - default default] 10.0.0.208 "GET /v2.0/vpn/ikepolicies HTTP/1.1" status: 200 len: 990 time: 0.0099795
2026-07-15 06:09:24.784 10 INFO neutron.wsgi [None req-78b53f12-aa63-4ee2-a5b3-60b30e2c20ca 4d13becd31df4f32b12a518d63673596 02b39a8105694eee8a7a5954993ff5df - - default default] 10.0.0.208 "DELETE /v2.0/vpn/ikepolicies/f7998cee-f8ca-49da-ae96-3fc7fa4a7d67 HTTP/1.1" status: 204 len: 168 time: 0.0336094
2026-07-15 06:09:24.837 10 INFO neutron.wsgi [None req-a33c8360-0191-4c88-a25e-ff687c631b64 4d13becd31df4f32b12a518d63673596 02b39a8105694eee8a7a5954993ff5df - - default default] 10.0.0.208 "POST /v2.0/vpn/ipsecpolicies HTTP/1.1" status: 201 len: 611 time: 0.0456259
2026-07-15 06:09:24.855 10 INFO neutron.wsgi [None req-6c76be24-b471-42b8-a555-43e8cb1fb4f5 a4a1ce934c174710a979500f91647334 6ca14e63a0b64f1abdad7d9ac642ff25 - - default default] 10.0.0.208 "GET /v2.0/vpn/ipsecpolicies HTTP/1.1" status: 200 len: 1007 time: 0.0118632
2026-07-15 06:09:24.893 10 INFO neutron.wsgi [None req-4aeca484-e590-4b82-8eed-e4ca75be2fd7 4d13becd31df4f32b12a518d63673596 02b39a8105694eee8a7a5954993ff5df - - default default] 10.0.0.208 "DELETE /v2.0/vpn/ipsecpolicies/85e94980-2b90-4962-a0ba-bce922b152e0 HTTP/1.1" status: 204 len: 168 time: 0.0305395
2026-07-15 06:09:24.908 9 WARNING neutron_lib.context [None req-276b35c1-a805-4141-8782-981dc4680b0f a4a1ce934c174710a979500f91647334 6ca14e63a0b64f1abdad7d9ac642ff25 - - default default] Method 'is_advsvc' is deprecated since 2023.2 release (neutron-lib 3.8.0) and will be removed once support for the old RBAC API policies will be removed from Neutron. Please use method 'is_service_role' instead.
2026-07-15 06:09:24.976 9 INFO neutron.wsgi [None req-412f90d1-960b-4ae1-9fc3-b53514b8303c 4239e68166ed4136927cb286b7fb9c8a 4df009eeb35b4bdeb722721d47d8db55 - - default default] 10.0.0.208 "DELETE /v2.0/security-groups/4356961a-231e-4d5c-a908-41ac30b224d6 HTTP/1.1" status: 204 len: 168 time: 0.2425091
2026-07-15 06:09:25.003 9 INFO neutron.db.segments_db [None req-276b35c1-a805-4141-8782-981dc4680b0f a4a1ce934c174710a979500f91647334 6ca14e63a0b64f1abdad7d9ac642ff25 - - default default] Added segment 1643b13d-0184-4f2a-9f09-e5ddbb54c075 of type geneve for network 0fcf9b88-a19a-48c3-86bd-b8520d15b4a6
2026-07-15 06:09:25.176 9 INFO neutron.db.ovn_revision_numbers_db [None req-276b35c1-a805-4141-8782-981dc4680b0f a4a1ce934c174710a979500f91647334 6ca14e63a0b64f1abdad7d9ac642ff25 - - default default] Successfully bumped revision number for resource 0fcf9b88-a19a-48c3-86bd-b8520d15b4a6 (type: networks) to 1
2026-07-15 06:09:25.454 9 INFO neutron.services.segments.plugin [-] Segment db396dbe-09d1-4d49-912a-861787d3e005 resource provider aggregate not found
2026-07-15 06:09:25.464 9 INFO neutron.services.segments.plugin [-] Segment db396dbe-09d1-4d49-912a-861787d3e005 resource provider aggregate not found
2026-07-15 06:09:25.471 9 INFO neutron.services.segments.plugin [-] Segment db396dbe-09d1-4d49-912a-861787d3e005 resource provider not found; error: Placement Client Error (4xx): {"errors": [{"status": 404, "title": "Not Found", "detail": "The resource could not be found.\n\n No resource provider with uuid db396dbe-09d1-4d49-912a-861787d3e005 found for delete ", "request_id": "req-7c3b2bbc-118f-441c-b7d1-7baae86e5566"}]}
2026-07-15 06:09:25.485 9 INFO neutron.services.segments.plugin [-] Segment db396dbe-09d1-4d49-912a-861787d3e005 resource provider not found; error: Placement Client Error (4xx): {"errors": [{"status": 404, "title": "Not Found", "detail": "The resource could not be found.\n\n No resource provider with uuid db396dbe-09d1-4d49-912a-861787d3e005 found for delete ", "request_id": "req-ab92df96-a4c0-4ca0-b3ac-e267ec120a35"}]}
2026-07-15 06:09:25.555 9 INFO neutron.db.ovn_revision_numbers_db [None req-005b13c0-92ec-42d4-b205-db68491361c4 4239e68166ed4136927cb286b7fb9c8a 4df009eeb35b4bdeb722721d47d8db55 - - default default] Successfully bumped revision number for resource aaddf347-3f39-4822-a6f5-79d079bda0c2 (type: security_groups) to 1
2026-07-15 06:09:25.571 9 INFO neutron.db.ovn_revision_numbers_db [None req-005b13c0-92ec-42d4-b205-db68491361c4 4239e68166ed4136927cb286b7fb9c8a 4df009eeb35b4bdeb722721d47d8db55 - - default default] Successfully bumped revision number for resource 2cf2b946-d289-4002-8292-22e5ccdea7e6 (type: security_group_rules) to 0
2026-07-15 06:09:25.603 9 INFO neutron.db.ovn_revision_numbers_db [None req-005b13c0-92ec-42d4-b205-db68491361c4 4239e68166ed4136927cb286b7fb9c8a 4df009eeb35b4bdeb722721d47d8db55 - - default default] Successfully bumped revision number for resource 7d934bcb-a19a-4716-b2da-b4cbc1e68e43 (type: security_group_rules) to 0
2026-07-15 06:09:25.619 9 INFO neutron.db.ovn_revision_numbers_db [None req-005b13c0-92ec-42d4-b205-db68491361c4 4239e68166ed4136927cb286b7fb9c8a 4df009eeb35b4bdeb722721d47d8db55 - - default default] Successfully bumped revision number for resource 911be100-a9a2-413b-a156-a95661e8dd89 (type: security_group_rules) to 0
2026-07-15 06:09:25.642 9 INFO neutron.db.ovn_revision_numbers_db [None req-005b13c0-92ec-42d4-b205-db68491361c4 4239e68166ed4136927cb286b7fb9c8a 4df009eeb35b4bdeb722721d47d8db55 - - default default] Successfully bumped revision number for resource 9644d6bb-b996-4fc8-957b-8c3db18d5114 (type: security_group_rules) to 0
2026-07-15 06:09:25.657 9 WARNING neutron.scheduler.dhcp_agent_scheduler [None req-276b35c1-a805-4141-8782-981dc4680b0f a4a1ce934c174710a979500f91647334 6ca14e63a0b64f1abdad7d9ac642ff25 - - default default] No more DHCP agents
2026-07-15 06:09:25.665 9 WARNING neutron.api.rpc.agentnotifiers.dhcp_rpc_agent_api [None req-276b35c1-a805-4141-8782-981dc4680b0f a4a1ce934c174710a979500f91647334 6ca14e63a0b64f1abdad7d9ac642ff25 - - default default] Unable to schedule network 0fcf9b88-a19a-48c3-86bd-b8520d15b4a6: no agents available; will retry on subsequent port and subnet creation events.
2026-07-15 06:09:25.671 9 INFO neutron.wsgi [None req-005b13c0-92ec-42d4-b205-db68491361c4 4239e68166ed4136927cb286b7fb9c8a 4df009eeb35b4bdeb722721d47d8db55 - - default default] 10.0.0.208 "GET /v2.0/security-groups?tenant_id=5cfa7c7535bf4308baa9f695806136b5&name=default HTTP/1.1" status: 200 len: 3124 time: 0.5906949
2026-07-15 06:09:25.755 9 INFO neutron.db.ovn_revision_numbers_db [None req-276b35c1-a805-4141-8782-981dc4680b0f a4a1ce934c174710a979500f91647334 6ca14e63a0b64f1abdad7d9ac642ff25 - - default default] Successfully bumped revision number for resource 1fd7bd82-d3cd-470c-b3d4-ef9601b510f8 (type: ports) to 1
2026-07-15 06:09:25.776 9 INFO neutron.wsgi [None req-276b35c1-a805-4141-8782-981dc4680b0f a4a1ce934c174710a979500f91647334 6ca14e63a0b64f1abdad7d9ac642ff25 - - default default] 10.0.0.208 "POST /v2.0/networks HTTP/1.1" status: 201 len: 831 time: 0.8727379
2026-07-15 06:09:25.785 9 WARNING neutron_lib.context [None req-044aed10-56b0-4fa6-af3a-ff81ec76bec3 a4a1ce934c174710a979500f91647334 6ca14e63a0b64f1abdad7d9ac642ff25 - - default default] Method 'is_advsvc' is deprecated since 2023.2 release (neutron-lib 3.8.0) and will be removed once support for the old RBAC API policies will be removed from Neutron. Please use method 'is_service_role' instead.
2026-07-15 06:09:25.898 10 INFO neutron.wsgi [None req-8ce520a1-2d03-489b-a090-a0b9abd5474c 4239e68166ed4136927cb286b7fb9c8a 4df009eeb35b4bdeb722721d47d8db55 - - default default] 10.0.0.208 "DELETE /v2.0/security-groups/aaddf347-3f39-4822-a6f5-79d079bda0c2 HTTP/1.1" status: 204 len: 168 time: 0.2226272
2026-07-15 06:09:26.077 9 WARNING neutron.scheduler.dhcp_agent_scheduler [None req-044aed10-56b0-4fa6-af3a-ff81ec76bec3 a4a1ce934c174710a979500f91647334 6ca14e63a0b64f1abdad7d9ac642ff25 - - default default] No more DHCP agents
2026-07-15 06:09:26.079 9 WARNING neutron.api.rpc.agentnotifiers.dhcp_rpc_agent_api [None req-044aed10-56b0-4fa6-af3a-ff81ec76bec3 a4a1ce934c174710a979500f91647334 6ca14e63a0b64f1abdad7d9ac642ff25 - - default default] Unable to schedule network 0fcf9b88-a19a-48c3-86bd-b8520d15b4a6: no agents available; will retry on subsequent port and subnet creation events.
2026-07-15 06:09:26.155 10 INFO neutron.wsgi [None req-318703d5-2246-45bc-9383-b8fa374e85ff 4239e68166ed4136927cb286b7fb9c8a 4df009eeb35b4bdeb722721d47d8db55 - - default default] 10.0.0.208 "GET /v2.0/security-groups?tenant_id=bc8bc85d1ca84048b25b9a50c63f9262&name=default HTTP/1.1" status: 200 len: 3124 time: 0.0682738
2026-07-15 06:09:26.406 10 INFO neutron.wsgi [None req-12f2da33-cdc0-4176-a534-6064c03cdd7c 4239e68166ed4136927cb286b7fb9c8a 4df009eeb35b4bdeb722721d47d8db55 - - default default] 10.0.0.208 "DELETE /v2.0/security-groups/ef76ff55-499c-4f65-ac31-7ac0ee771903 HTTP/1.1" status: 204 len: 168 time: 0.2466571
2026-07-15 06:09:26.651 9 INFO neutron.db.ovn_revision_numbers_db [None req-044aed10-56b0-4fa6-af3a-ff81ec76bec3 a4a1ce934c174710a979500f91647334 6ca14e63a0b64f1abdad7d9ac642ff25 - - default default] Successfully bumped revision number for resource 1fd7bd82-d3cd-470c-b3d4-ef9601b510f8 (type: ports) to 2
2026-07-15 06:09:26.700 9 INFO neutron.db.ovn_revision_numbers_db [None req-044aed10-56b0-4fa6-af3a-ff81ec76bec3 a4a1ce934c174710a979500f91647334 6ca14e63a0b64f1abdad7d9ac642ff25 - - default default] Successfully bumped revision number for resource 1a20f722-eda9-403f-911d-faca6bced2ad (type: subnets) to 0
2026-07-15 06:09:26.716 9 INFO neutron.wsgi [None req-044aed10-56b0-4fa6-af3a-ff81ec76bec3 a4a1ce934c174710a979500f91647334 6ca14e63a0b64f1abdad7d9ac642ff25 - - default default] 10.0.0.208 "POST /v2.0/subnets HTTP/1.1" status: 201 len: 804 time: 0.9349234
2026-07-15 06:09:26.729 9 WARNING neutron_lib.context [None req-37787614-a72e-444e-802d-16a277b1e4d2 a4a1ce934c174710a979500f91647334 6ca14e63a0b64f1abdad7d9ac642ff25 - - default default] Method 'is_advsvc' is deprecated since 2023.2 release (neutron-lib 3.8.0) and will be removed once support for the old RBAC API policies will be removed from Neutron. Please use method 'is_service_role' instead.
2026-07-15 06:09:27.272 9 WARNING neutron.scheduler.dhcp_agent_scheduler [None req-37787614-a72e-444e-802d-16a277b1e4d2 a4a1ce934c174710a979500f91647334 6ca14e63a0b64f1abdad7d9ac642ff25 - - default default] No more DHCP agents
2026-07-15 06:09:27.274 9 WARNING neutron.api.rpc.agentnotifiers.dhcp_rpc_agent_api [None req-37787614-a72e-444e-802d-16a277b1e4d2 a4a1ce934c174710a979500f91647334 6ca14e63a0b64f1abdad7d9ac642ff25 - - default default] Unable to schedule network 61d64043-fc3e-466a-9133-8257a54ec247: no agents available; will retry on subsequent port and subnet creation events.
2026-07-15 06:09:27.505 9 INFO neutron.db.ovn_revision_numbers_db [None req-37787614-a72e-444e-802d-16a277b1e4d2 a4a1ce934c174710a979500f91647334 6ca14e63a0b64f1abdad7d9ac642ff25 - - default default] Successfully bumped revision number for resource 035d4aba-96b4-41f6-811b-cfc984149d2f (type: ports) to 1
2026-07-15 06:09:27.520 9 WARNING neutron.plugins.ml2.drivers.ovn.mech_driver.ovsdb.ovn_client [None req-424360a4-b402-4a28-b76b-5c5ebb5779bb - - - - - -] No hosting information found for port f2648e43-2d41-49ca-a8d8-5f82a2dc0c0e: RuntimeError: No hosting information found for port f2648e43-2d41-49ca-a8d8-5f82a2dc0c0e
2026-07-15 06:09:28.087 10 INFO neutron.plugins.ml2.drivers.ovn.mech_driver.mech_driver [None req-d90ae858-aa8d-4b21-9d44-4f81669ce97e - - - - - -] OVN reports status up for port: d102a452-9a38-4db2-8c93-ad658c4aec05
2026-07-15 06:09:28.109 10 INFO neutron.plugins.ml2.plugin [None req-d90ae858-aa8d-4b21-9d44-4f81669ce97e - - - - - -] Attempt 1 to provision port d102a452-9a38-4db2-8c93-ad658c4aec05
2026-07-15 06:09:28.271 9 INFO neutron.plugins.ml2.drivers.ovn.mech_driver.ovsdb.commands [None req-94d80a61-0f9b-46e0-9929-59e5e401525e - - - - - -] Schedule LRP lrp-035d4aba-96b4-41f6-811b-cfc984149d2f on gateway 09dc8415-5e84-46b1-8c1e-26d17f8a839a with priority 1
2026-07-15 06:09:28.318 9 INFO neutron.db.ovn_revision_numbers_db [None req-37787614-a72e-444e-802d-16a277b1e4d2 a4a1ce934c174710a979500f91647334 6ca14e63a0b64f1abdad7d9ac642ff25 - - default default] Successfully bumped revision number for resource 035d4aba-96b4-41f6-811b-cfc984149d2f (type: router_ports) to 1
2026-07-15 06:09:28.452 9 INFO neutron.db.ovn_revision_numbers_db [None req-37787614-a72e-444e-802d-16a277b1e4d2 a4a1ce934c174710a979500f91647334 6ca14e63a0b64f1abdad7d9ac642ff25 - - default default] Successfully bumped revision number for resource 758ce10b-0bd7-454f-b531-15723bb3b2af (type: routers) to 2
2026-07-15 06:09:28.469 9 INFO neutron.wsgi [None req-37787614-a72e-444e-802d-16a277b1e4d2 a4a1ce934c174710a979500f91647334 6ca14e63a0b64f1abdad7d9ac642ff25 - - default default] 10.0.0.208 "POST /v2.0/routers HTTP/1.1" status: 201 len: 1136 time: 1.7465205
2026-07-15 06:09:28.489 10 INFO neutron.db.ovn_revision_numbers_db [None req-d90ae858-aa8d-4b21-9d44-4f81669ce97e - - - - - -] Successfully bumped revision number for resource d102a452-9a38-4db2-8c93-ad658c4aec05 (type: ports) to 3
2026-07-15 06:09:28.625 10 INFO neutron.plugins.ml2.drivers.ovn.mech_driver.mech_driver [None req-d90ae858-aa8d-4b21-9d44-4f81669ce97e - - - - - -] OVN reports status up for port: 035d4aba-96b4-41f6-811b-cfc984149d2f
2026-07-15 06:09:28.649 10 INFO neutron.plugins.ml2.plugin [None req-d90ae858-aa8d-4b21-9d44-4f81669ce97e - - - - - -] Attempt 1 to provision port 035d4aba-96b4-41f6-811b-cfc984149d2f
2026-07-15 06:09:29.342 9 WARNING neutron.scheduler.dhcp_agent_scheduler [None req-d9d63a23-dd64-4142-b898-f878d97d3a46 a4a1ce934c174710a979500f91647334 6ca14e63a0b64f1abdad7d9ac642ff25 - - default default] No more DHCP agents
2026-07-15 06:09:29.344 9 WARNING neutron.api.rpc.agentnotifiers.dhcp_rpc_agent_api [None req-d9d63a23-dd64-4142-b898-f878d97d3a46 a4a1ce934c174710a979500f91647334 6ca14e63a0b64f1abdad7d9ac642ff25 - - default default] Unable to schedule network 0fcf9b88-a19a-48c3-86bd-b8520d15b4a6: no agents available; will retry on subsequent port and subnet creation events.
2026-07-15 06:09:29.557 9 INFO neutron.db.ovn_revision_numbers_db [None req-d9d63a23-dd64-4142-b898-f878d97d3a46 a4a1ce934c174710a979500f91647334 6ca14e63a0b64f1abdad7d9ac642ff25 - - default default] Successfully bumped revision number for resource 063dda2f-c412-4d87-827c-8bf0ee1c995f (type: ports) to 1
2026-07-15 06:09:30.225 9 WARNING neutron_lib.context [None req-2ca509f4-6149-47cb-ab96-0cd7f4f30fb3 8f583b85d255492db3f609f953c64ec8 8a2fb03c47904f36a79c485fe21de28f - - default default] Method 'is_advsvc' is deprecated since 2023.2 release (neutron-lib 3.8.0) and will be removed once support for the old RBAC API policies will be removed from Neutron. Please use method 'is_service_role' instead.
2026-07-15 06:09:30.258 9 ERROR ovsdbapp.backend.ovs_idl.command [None req-d9d63a23-dd64-4142-b898-f878d97d3a46 a4a1ce934c174710a979500f91647334 6ca14e63a0b64f1abdad7d9ac642ff25 - - default default] Error executing command (DbGetCommand): ovsdbapp.backend.ovs_idl.idlutils.RowNotFound: Cannot find Logical_Router_Port with name=lrp-063dda2f-c412-4d87-827c-8bf0ee1c995f
2026-07-15 06:09:30.258 9 ERROR ovsdbapp.backend.ovs_idl.command
Traceback (most recent call last):
2026-07-15 06:09:30.258 9 ERROR ovsdbapp.backend.ovs_idl.command
File "/var/lib/openstack/lib/python3.10/site-packages/ovsdbapp/backend/ovs_idl/command.py", line 47, in execute
2026-07-15 06:09:30.258 9 ERROR ovsdbapp.backend.ovs_idl.command self.run_idl(None)
2026-07-15 06:09:30.258 9 ERROR ovsdbapp.backend.ovs_idl.command
File "/var/lib/openstack/lib/python3.10/site-packages/ovsdbapp/backend/ovs_idl/command.py", line 235, in run_idl
2026-07-15 06:09:30.258 9 ERROR ovsdbapp.backend.ovs_idl.command record = self.api.lookup(self.table, self.record)
2026-07-15 06:09:30.258 9 ERROR ovsdbapp.backend.ovs_idl.command
File "/var/lib/openstack/lib/python3.10/site-packages/ovsdbapp/backend/ovs_idl/__init__.py", line 184, in lookup
2026-07-15 06:09:30.258 9 ERROR ovsdbapp.backend.ovs_idl.command return self._lookup(table, record)
2026-07-15 06:09:30.258 9 ERROR ovsdbapp.backend.ovs_idl.command
File "/var/lib/openstack/lib/python3.10/site-packages/ovsdbapp/backend/ovs_idl/__init__.py", line 235, in _lookup
2026-07-15 06:09:30.258 9 ERROR ovsdbapp.backend.ovs_idl.command row = idlutils.row_by_value(self, rl.table, rl.column, record)
2026-07-15 06:09:30.258 9 ERROR ovsdbapp.backend.ovs_idl.command
File "/var/lib/openstack/lib/python3.10/site-packages/ovsdbapp/backend/ovs_idl/idlutils.py", line 114, in row_by_value
2026-07-15 06:09:30.258 9 ERROR ovsdbapp.backend.ovs_idl.command raise RowNotFound(table=table, col=column, match=match)
2026-07-15 06:09:30.258 9 ERROR ovsdbapp.backend.ovs_idl.command ovsdbapp.backend.ovs_idl.idlutils.RowNotFound: Cannot find Logical_Router_Port with name=lrp-063dda2f-c412-4d87-827c-8bf0ee1c995f
2026-07-15 06:09:30.258 9 ERROR ovsdbapp.backend.ovs_idl.command 
2026-07-15 06:09:30.259 9 ERROR neutron_lib.callbacks.manager [None req-d9d63a23-dd64-4142-b898-f878d97d3a46 a4a1ce934c174710a979500f91647334 6ca14e63a0b64f1abdad7d9ac642ff25 - - default default] Error during notification for neutron.services.ovn_l3.plugin.OVNL3RouterPlugin._port_update-8739481113318 port, after_update: ovsdbapp.backend.ovs_idl.idlutils.RowNotFound: Cannot find Logical_Router_Port with name=lrp-063dda2f-c412-4d87-827c-8bf0ee1c995f
2026-07-15 06:09:30.259 9 ERROR neutron_lib.callbacks.manager
Traceback (most recent call last):
2026-07-15 06:09:30.259 9 ERROR neutron_lib.callbacks.manager
File "/var/lib/openstack/lib/python3.10/site-packages/neutron_lib/callbacks/manager.py", line 189, in _notify_loop
2026-07-15 06:09:30.259 9 ERROR neutron_lib.callbacks.manager callback.method(resource, event, trigger, payload=payload)
2026-07-15 06:09:30.259 9 ERROR neutron_lib.callbacks.manager
File "/var/lib/openstack/lib/python3.10/site-packages/neutron/services/ovn_l3/plugin.py", line 391, in _port_update
2026-07-15 06:09:30.259 9 ERROR neutron_lib.callbacks.manager l3plugin._ovn_client.update_router_port(context,
2026-07-15 06:09:30.259 9 ERROR neutron_lib.callbacks.manager
File "/var/lib/openstack/lib/python3.10/site-packages/neutron/plugins/ml2/drivers/ovn/mech_driver/ovsdb/ovn_client.py", line 1878, in update_router_port
2026-07-15 06:09:30.259 9 ERROR neutron_lib.callbacks.manager self._update_lrouter_port(context, port, if_exists=if_exists,
2026-07-15 06:09:30.259 9 ERROR neutron_lib.callbacks.manager
File "/var/lib/openstack/lib/python3.10/site-packages/neutron/plugins/ml2/drivers/ovn/mech_driver/ovsdb/ovn_client.py", line 1855, in _update_lrouter_port
2026-07-15 06:09:30.259 9 ERROR neutron_lib.callbacks.manager external_ids = self._nb_idl.db_get(
2026-07-15 06:09:30.259 9 ERROR neutron_lib.callbacks.manager
File "/var/lib/openstack/lib/python3.10/site-packages/ovsdbapp/backend/ovs_idl/command.py", line 47, in execute
2026-07-15 06:09:30.259 9 ERROR neutron_lib.callbacks.manager self.run_idl(None)
2026-07-15 06:09:30.259 9 ERROR neutron_lib.callbacks.manager
File "/var/lib/openstack/lib/python3.10/site-packages/ovsdbapp/backend/ovs_idl/command.py", line 235, in run_idl
2026-07-15 06:09:30.259 9 ERROR neutron_lib.callbacks.manager record = self.api.lookup(self.table, self.record)
2026-07-15 06:09:30.259 9 ERROR neutron_lib.callbacks.manager
File "/var/lib/openstack/lib/python3.10/site-packages/ovsdbapp/backend/ovs_idl/__init__.py", line 184, in lookup
2026-07-15 06:09:30.259 9 ERROR neutron_lib.callbacks.manager return self._lookup(table, record)
2026-07-15 06:09:30.259 9 ERROR neutron_lib.callbacks.manager
File "/var/lib/openstack/lib/python3.10/site-packages/ovsdbapp/backend/ovs_idl/__init__.py", line 235, in _lookup
2026-07-15 06:09:30.259 9 ERROR neutron_lib.callbacks.manager row = idlutils.row_by_value(self, rl.table, rl.column, record)
2026-07-15 06:09:30.259 9 ERROR neutron_lib.callbacks.manager
File "/var/lib/openstack/lib/python3.10/site-packages/ovsdbapp/backend/ovs_idl/idlutils.py", line 114, in row_by_value
2026-07-15 06:09:30.259 9 ERROR neutron_lib.callbacks.manager raise RowNotFound(table=table, col=column, match=match)
2026-07-15 06:09:30.259 9 ERROR neutron_lib.callbacks.manager ovsdbapp.backend.ovs_idl.idlutils.RowNotFound: Cannot find Logical_Router_Port with name=lrp-063dda2f-c412-4d87-827c-8bf0ee1c995f
2026-07-15 06:09:30.259 9 ERROR neutron_lib.callbacks.manager 
2026-07-15 06:09:30.380 9 INFO neutron.db.ovn_revision_numbers_db [None req-2ca509f4-6149-47cb-ab96-0cd7f4f30fb3 8f583b85d255492db3f609f953c64ec8 8a2fb03c47904f36a79c485fe21de28f - - default default] Successfully bumped revision number for resource 581680f1-f415-4613-b351-644201d2b82c (type: routers) to 1
2026-07-15 06:09:30.396 9 INFO neutron.wsgi [None req-2ca509f4-6149-47cb-ab96-0cd7f4f30fb3 8f583b85d255492db3f609f953c64ec8 8a2fb03c47904f36a79c485fe21de28f - - default default] 10.0.0.208 "POST /v2.0/routers HTTP/1.1" status: 201 len: 769 time: 0.3426576
2026-07-15 06:09:30.495 10 INFO neutron.wsgi [None req-62a221d0-7c3d-4d97-aa0e-475d886632cb 8f583b85d255492db3f609f953c64ec8 8a2fb03c47904f36a79c485fe21de28f - - default default] 10.0.0.208 "PUT /v2.0/routers/581680f1-f415-4613-b351-644201d2b82c/tags HTTP/1.1" status: 200 len: 218 time: 0.0940168
2026-07-15 06:09:30.537 9 INFO neutron.db.ovn_revision_numbers_db [None req-d9d63a23-dd64-4142-b898-f878d97d3a46 a4a1ce934c174710a979500f91647334 6ca14e63a0b64f1abdad7d9ac642ff25 - - default default] Successfully bumped revision number for resource 063dda2f-c412-4d87-827c-8bf0ee1c995f (type: ports) to 1
2026-07-15 06:09:30.557 10 INFO neutron.wsgi [None req-7d38ac61-f525-4332-bf5b-0a788e05d06a 8f583b85d255492db3f609f953c64ec8 8a2fb03c47904f36a79c485fe21de28f - - default default] 10.0.0.208 "GET /v2.0/routers/581680f1-f415-4613-b351-644201d2b82c/tags HTTP/1.1" status: 200 len: 218 time: 0.0565207
2026-07-15 06:09:30.603 9 WARNING neutron.scheduler.dhcp_agent_scheduler [None req-d9d63a23-dd64-4142-b898-f878d97d3a46 a4a1ce934c174710a979500f91647334 6ca14e63a0b64f1abdad7d9ac642ff25 - - default default] No more DHCP agents
2026-07-15 06:09:30.605 9 WARNING neutron.api.rpc.agentnotifiers.dhcp_rpc_agent_api [None req-d9d63a23-dd64-4142-b898-f878d97d3a46 a4a1ce934c174710a979500f91647334 6ca14e63a0b64f1abdad7d9ac642ff25 - - default default] Unable to schedule network 0fcf9b88-a19a-48c3-86bd-b8520d15b4a6: no agents available; will retry on subsequent port and subnet creation events.
2026-07-15 06:09:30.648 10 INFO neutron.wsgi [None req-a4d74be7-7cd1-4824-9bba-34c9595818cc 8f583b85d255492db3f609f953c64ec8 8a2fb03c47904f36a79c485fe21de28f - - default default] 10.0.0.208 "PUT /v2.0/routers/581680f1-f415-4613-b351-644201d2b82c/tags/green HTTP/1.1" status: 201 len: 201 time: 0.0844848
2026-07-15 06:09:30.719 9 INFO neutron.wsgi [None req-9ad362a9-c871-49ed-8484-de073124ac85 8f583b85d255492db3f609f953c64ec8 8a2fb03c47904f36a79c485fe21de28f - - default default] 10.0.0.208 "GET /v2.0/routers/581680f1-f415-4613-b351-644201d2b82c/tags HTTP/1.1" status: 200 len: 227 time: 0.0662491
2026-07-15 06:09:30.787 10 INFO neutron.wsgi [None req-a19b06ef-81cc-4813-baac-b958f0c61ed5 8f583b85d255492db3f609f953c64ec8 8a2fb03c47904f36a79c485fe21de28f - - default default] 10.0.0.208 "PUT /v2.0/routers/581680f1-f415-4613-b351-644201d2b82c/tags/red HTTP/1.1" status: 201 len: 201 time: 0.0626168
2026-07-15 06:09:30.854 10 INFO neutron.wsgi [None req-87951fcd-a973-4980-b984-6aa4a35edf73 8f583b85d255492db3f609f953c64ec8 8a2fb03c47904f36a79c485fe21de28f - - default default] 10.0.0.208 "GET /v2.0/routers/581680f1-f415-4613-b351-644201d2b82c/tags HTTP/1.1" status: 200 len: 227 time: 0.0613015
2026-07-15 06:09:30.939 10 INFO neutron.wsgi [None req-e8d81648-86eb-4ac6-b2b1-a8301f6f38f0 8f583b85d255492db3f609f953c64ec8 8a2fb03c47904f36a79c485fe21de28f - - default default] 10.0.0.208 "PUT /v2.0/routers/581680f1-f415-4613-b351-644201d2b82c/tags/black.or.white HTTP/1.1" status: 201 len: 201 time: 0.0805395
2026-07-15 06:09:31.014 10 INFO neutron.wsgi [None req-6f1eb643-e588-496f-ac4b-cad70c6d6d27 8f583b85d255492db3f609f953c64ec8 8a2fb03c47904f36a79c485fe21de28f - - default default] 10.0.0.208 "GET /v2.0/routers/581680f1-f415-4613-b351-644201d2b82c/tags HTTP/1.1" status: 200 len: 245 time: 0.0622234
2026-07-15 06:09:31.028 9 INFO neutron.db.ovn_revision_numbers_db [None req-d9d63a23-dd64-4142-b898-f878d97d3a46 a4a1ce934c174710a979500f91647334 6ca14e63a0b64f1abdad7d9ac642ff25 - - default default] Successfully bumped revision number for resource 063dda2f-c412-4d87-827c-8bf0ee1c995f (type: router_ports) to 1
2026-07-15 06:09:31.035 9 INFO neutron.wsgi [None req-d9d63a23-dd64-4142-b898-f878d97d3a46 a4a1ce934c174710a979500f91647334 6ca14e63a0b64f1abdad7d9ac642ff25 - - default default] 10.0.0.208 "PUT /v2.0/routers/758ce10b-0bd7-454f-b531-15723bb3b2af/add_router_interface HTTP/1.1" status: 200 len: 503 time: 2.5587406
2026-07-15 06:09:31.099 9 INFO neutron.wsgi [None req-a11aa7e3-507f-4894-93d9-a85680a4069f 8f583b85d255492db3f609f953c64ec8 8a2fb03c47904f36a79c485fe21de28f - - default default] 10.0.0.208 "PUT /v2.0/routers/581680f1-f415-4613-b351-644201d2b82c/tags HTTP/1.1" status: 200 len: 230 time: 0.0773308
2026-07-15 06:09:31.153 9 INFO neutron.wsgi [None req-d42cc936-1e0a-4722-8f90-c2e56c97b959 8f583b85d255492db3f609f953c64ec8 8a2fb03c47904f36a79c485fe21de28f - - default default] 10.0.0.208 "GET /v2.0/routers/581680f1-f415-4613-b351-644201d2b82c/tags HTTP/1.1" status: 200 len: 230 time: 0.0495179
2026-07-15 06:09:31.208 9 INFO neutron.wsgi [None req-503cc67d-551d-475d-aeea-e3ff5514754b 8f583b85d255492db3f609f953c64ec8 8a2fb03c47904f36a79c485fe21de28f - - default default] 10.0.0.208 "GET /v2.0/routers/581680f1-f415-4613-b351-644201d2b82c/tags/red HTTP/1.1" status: 204 len: 168 time: 0.0498753
2026-07-15 06:09:31.265 9 INFO neutron.api.v2.resource [None req-3c9421fa-713f-4082-9d4b-c244ef3213ca 8f583b85d255492db3f609f953c64ec8 8a2fb03c47904f36a79c485fe21de28f - - default default] show failed (client error): The resource could not be found.
2026-07-15 06:09:31.266 9 INFO neutron.wsgi [None req-3c9421fa-713f-4082-9d4b-c244ef3213ca 8f583b85d255492db3f609f953c64ec8 8a2fb03c47904f36a79c485fe21de28f - - default default] 10.0.0.208 "GET /v2.0/routers/581680f1-f415-4613-b351-644201d2b82c/tags/green HTTP/1.1" status: 404 len: 299 time: 0.0529621
2026-07-15 06:09:31.589 9 INFO neutron.wsgi [None req-f719a034-39aa-49b3-ba76-ceaec1084d62 8f583b85d255492db3f609f953c64ec8 8a2fb03c47904f36a79c485fe21de28f - - default default] 10.0.0.208 "DELETE /v2.0/routers/581680f1-f415-4613-b351-644201d2b82c/tags/red HTTP/1.1" status: 204 len: 168 time: 0.3132823
2026-07-15 06:09:31.623 10 WARNING neutron.scheduler.dhcp_agent_scheduler [None req-93c81c76-f016-4dbd-b2fa-be669cbe703b 4d13becd31df4f32b12a518d63673596 02b39a8105694eee8a7a5954993ff5df - - default default] No more DHCP agents
2026-07-15 06:09:31.625 10 WARNING neutron.api.rpc.agentnotifiers.dhcp_rpc_agent_api [None req-93c81c76-f016-4dbd-b2fa-be669cbe703b 4d13becd31df4f32b12a518d63673596 02b39a8105694eee8a7a5954993ff5df - - default default] Unable to schedule network 61d64043-fc3e-466a-9133-8257a54ec247: no agents available; will retry on subsequent port and subnet creation events.
2026-07-15 06:09:31.645 9 INFO neutron.wsgi [None req-97a87f87-f44a-4298-af48-811a1d3b4732 8f583b85d255492db3f609f953c64ec8 8a2fb03c47904f36a79c485fe21de28f - - default default] 10.0.0.208 "GET /v2.0/routers/581680f1-f415-4613-b351-644201d2b82c/tags HTTP/1.1" status: 200 len: 223 time: 0.0500948
2026-07-15 06:09:31.705 9 INFO neutron.api.v2.resource [None req-28071e1d-2d2e-4f8f-baea-20e8cf7d5bf7 8f583b85d255492db3f609f953c64ec8 8a2fb03c47904f36a79c485fe21de28f - - default default] delete failed (client error): The resource could not be found.
2026-07-15 06:09:31.707 9 INFO neutron.wsgi [None req-28071e1d-2d2e-4f8f-baea-20e8cf7d5bf7 8f583b85d255492db3f609f953c64ec8 8a2fb03c47904f36a79c485fe21de28f - - default default] 10.0.0.208 "DELETE /v2.0/routers/581680f1-f415-4613-b351-644201d2b82c/tags/green HTTP/1.1" status: 404 len: 299 time: 0.0576360
2026-07-15 06:09:31.786 10 INFO neutron.db.ovn_revision_numbers_db [None req-93c81c76-f016-4dbd-b2fa-be669cbe703b 4d13becd31df4f32b12a518d63673596 02b39a8105694eee8a7a5954993ff5df - - default default] Successfully bumped revision number for resource 46d72a7a-9b53-41f7-bea5-2fcf391dab03 (type: ports) to 1
2026-07-15 06:09:31.804 9 INFO neutron.wsgi [None req-26487fa8-a04b-478b-9141-b6e3da69ec64 8f583b85d255492db3f609f953c64ec8 8a2fb03c47904f36a79c485fe21de28f - - default default] 10.0.0.208 "DELETE /v2.0/routers/581680f1-f415-4613-b351-644201d2b82c/tags HTTP/1.1" status: 204 len: 168 time: 0.0907564
2026-07-15 06:09:31.857 9 INFO neutron.wsgi [None req-a1393b78-ea62-48d5-9c9f-c9aec8963dad 8f583b85d255492db3f609f953c64ec8 8a2fb03c47904f36a79c485fe21de28f - - default default] 10.0.0.208 "GET /v2.0/routers/581680f1-f415-4613-b351-644201d2b82c/tags HTTP/1.1" status: 200 len: 205 time: 0.0498042
2026-07-15 06:09:31.936 9 INFO neutron.wsgi [None req-b2badcf1-da67-4791-a25d-13f3f78584f8 8f583b85d255492db3f609f953c64ec8 8a2fb03c47904f36a79c485fe21de28f - - default default] 10.0.0.208 "GET /v2.0/routers/581680f1-f415-4613-b351-644201d2b82c HTTP/1.1" status: 200 len: 770 time: 0.0736861
2026-07-15 06:09:32.041 10 INFO neutron.db.ovn_revision_numbers_db [None req-93c81c76-f016-4dbd-b2fa-be669cbe703b 4d13becd31df4f32b12a518d63673596 02b39a8105694eee8a7a5954993ff5df - - default default] Successfully bumped revision number for resource 46d72a7a-9b53-41f7-bea5-2fcf391dab03 (type: ports) to 1
2026-07-15 06:09:32.104 10 INFO neutron.db.segments_db [None req-93c81c76-f016-4dbd-b2fa-be669cbe703b 4d13becd31df4f32b12a518d63673596 02b39a8105694eee8a7a5954993ff5df - - default default] Added segment 302d6de2-8d14-4857-a5bd-5e97c8ca6636 of type geneve for network 70734a91-4394-4ed3-9f03-137b4ab37c23
2026-07-15 06:09:32.243 10 INFO neutron.db.ovn_revision_numbers_db [None req-93c81c76-f016-4dbd-b2fa-be669cbe703b 4d13becd31df4f32b12a518d63673596 02b39a8105694eee8a7a5954993ff5df - - default default] Successfully bumped revision number for resource 70734a91-4394-4ed3-9f03-137b4ab37c23 (type: networks) to 1
2026-07-15 06:09:32.378 9 INFO neutron.db.ovn_revision_numbers_db [None req-129e5fbf-b492-444e-a045-0f24873f8751 8f583b85d255492db3f609f953c64ec8 8a2fb03c47904f36a79c485fe21de28f - - default default] Successfully bumped revision number for resource 581680f1-f415-4613-b351-644201d2b82c (type: routers) to 7
2026-07-15 06:09:32.385 9 INFO neutron.wsgi [None req-129e5fbf-b492-444e-a045-0f24873f8751 8f583b85d255492db3f609f953c64ec8 8a2fb03c47904f36a79c485fe21de28f - - default default] 10.0.0.208 "PUT /v2.0/routers/581680f1-f415-4613-b351-644201d2b82c HTTP/1.1" status: 200 len: 770 time: 0.4446912
2026-07-15 06:09:32.401 10 WARNING neutron.scheduler.dhcp_agent_scheduler [None req-93c81c76-f016-4dbd-b2fa-be669cbe703b 4d13becd31df4f32b12a518d63673596 02b39a8105694eee8a7a5954993ff5df - - default default] No more DHCP agents
2026-07-15 06:09:32.403 10 WARNING neutron.api.rpc.agentnotifiers.dhcp_rpc_agent_api [None req-93c81c76-f016-4dbd-b2fa-be669cbe703b 4d13becd31df4f32b12a518d63673596 02b39a8105694eee8a7a5954993ff5df - - default default] Unable to schedule network 70734a91-4394-4ed3-9f03-137b4ab37c23: no agents available; will retry on subsequent port and subnet creation events.
2026-07-15 06:09:32.417 9 INFO neutron.wsgi [None req-7b966ba0-64f4-49fb-8b20-f59cd89d2703 8f583b85d255492db3f609f953c64ec8 8a2fb03c47904f36a79c485fe21de28f - - default default] 10.0.0.208 "GET /v2.0/ports?device_id=581680f1-f415-4613-b351-644201d2b82c HTTP/1.1" status: 200 len: 205 time: 0.0275984
2026-07-15 06:09:32.513 10 INFO neutron.db.ovn_revision_numbers_db [None req-93c81c76-f016-4dbd-b2fa-be669cbe703b 4d13becd31df4f32b12a518d63673596 02b39a8105694eee8a7a5954993ff5df - - default default] Successfully bumped revision number for resource a3bff159-0ca7-45f9-a564-1cb51e12531c (type: ports) to 1
2026-07-15 06:09:32.646 10 WARNING neutron.scheduler.dhcp_agent_scheduler [None req-93c81c76-f016-4dbd-b2fa-be669cbe703b 4d13becd31df4f32b12a518d63673596 02b39a8105694eee8a7a5954993ff5df - - default default] No more DHCP agents
2026-07-15 06:09:32.648 10 WARNING neutron.api.rpc.agentnotifiers.dhcp_rpc_agent_api [None req-93c81c76-f016-4dbd-b2fa-be669cbe703b 4d13becd31df4f32b12a518d63673596 02b39a8105694eee8a7a5954993ff5df - - default default] Unable to schedule network 70734a91-4394-4ed3-9f03-137b4ab37c23: no agents available; will retry on subsequent port and subnet creation events.
2026-07-15 06:09:32.680 10 INFO neutron.db.ovn_revision_numbers_db [None req-93c81c76-f016-4dbd-b2fa-be669cbe703b 4d13becd31df4f32b12a518d63673596 02b39a8105694eee8a7a5954993ff5df - - default default] Successfully bumped revision number for resource d72144f3-8228-4e0e-8ca1-a5a95d02cc8d (type: subnets) to 0
2026-07-15 06:09:32.690 9 INFO neutron.wsgi [None req-455b81e0-a38d-4254-8610-59c71b5f8c91 8f583b85d255492db3f609f953c64ec8 8a2fb03c47904f36a79c485fe21de28f - - default default] 10.0.0.208 "DELETE /v2.0/routers/581680f1-f415-4613-b351-644201d2b82c HTTP/1.1" status: 204 len: 168 time: 0.2692056
2026-07-15 06:09:33.368 10 WARNING neutron.plugins.ml2.drivers.ovn.mech_driver.ovsdb.ovn_client [None req-d90ae858-aa8d-4b21-9d44-4f81669ce97e - - - - - -] No hosting information found for port 035d4aba-96b4-41f6-811b-cfc984149d2f: RuntimeError: No hosting information found for port 035d4aba-96b4-41f6-811b-cfc984149d2f
2026-07-15 06:09:33.368 10 INFO neutron.plugins.ml2.drivers.ovn.mech_driver.mech_driver [None req-d90ae858-aa8d-4b21-9d44-4f81669ce97e - - - - - -] OVN reports status up for port: e1782ae8-f653-49a9-ab4f-7fb0e517e173
2026-07-15 06:09:33.403 10 INFO neutron.plugins.ml2.plugin [None req-d90ae858-aa8d-4b21-9d44-4f81669ce97e - - - - - -] Attempt 1 to provision port e1782ae8-f653-49a9-ab4f-7fb0e517e173
2026-07-15 06:09:33.468 10 WARNING neutron.scheduler.dhcp_agent_scheduler [None req-93c81c76-f016-4dbd-b2fa-be669cbe703b 4d13becd31df4f32b12a518d63673596 02b39a8105694eee8a7a5954993ff5df - - default default] No more DHCP agents
2026-07-15 06:09:33.472 10 WARNING neutron.api.rpc.agentnotifiers.dhcp_rpc_agent_api [None req-93c81c76-f016-4dbd-b2fa-be669cbe703b 4d13becd31df4f32b12a518d63673596 02b39a8105694eee8a7a5954993ff5df - - default default] Unable to schedule network 70734a91-4394-4ed3-9f03-137b4ab37c23: no agents available; will retry on subsequent port and subnet creation events.
2026-07-15 06:09:33.633 9 INFO neutron.db.ovn_revision_numbers_db [None req-7054bc59-720d-4c83-b9d2-33d3f8d305ca 4239e68166ed4136927cb286b7fb9c8a 4df009eeb35b4bdeb722721d47d8db55 - - default default] Successfully bumped revision number for resource 48b74c09-a775-4e65-922b-d3d3b16dbc2e (type: security_groups) to 1
2026-07-15 06:09:33.658 9 INFO neutron.db.ovn_revision_numbers_db [None req-7054bc59-720d-4c83-b9d2-33d3f8d305ca 4239e68166ed4136927cb286b7fb9c8a 4df009eeb35b4bdeb722721d47d8db55 - - default default] Successfully bumped revision number for resource 19c5bfa8-21d7-40d4-b481-49f733d4f192 (type: security_group_rules) to 0
2026-07-15 06:09:33.675 9 INFO neutron.db.ovn_revision_numbers_db [None req-7054bc59-720d-4c83-b9d2-33d3f8d305ca 4239e68166ed4136927cb286b7fb9c8a 4df009eeb35b4bdeb722721d47d8db55 - - default default] Successfully bumped revision number for resource 1ed0965b-fa60-4100-8771-d31d5c234110 (type: security_group_rules) to 0
2026-07-15 06:09:33.696 9 INFO neutron.db.ovn_revision_numbers_db [None req-7054bc59-720d-4c83-b9d2-33d3f8d305ca 4239e68166ed4136927cb286b7fb9c8a 4df009eeb35b4bdeb722721d47d8db55 - - default default] Successfully bumped revision number for resource 69a336b2-f929-456a-9721-85c251c537dc (type: security_group_rules) to 0
2026-07-15 06:09:33.716 10 INFO neutron.db.ovn_revision_numbers_db [None req-93c81c76-f016-4dbd-b2fa-be669cbe703b 4d13becd31df4f32b12a518d63673596 02b39a8105694eee8a7a5954993ff5df - - default default] Successfully bumped revision number for resource 30da9f23-0dd9-4689-8414-9c1356f6ebf9 (type: ports) to 1
