2026-07-15 06:07:40.974 9 WARNING neutron_lib.context [req-ca919140-de05-4ffb-b9dd-6e7813d90900 req-e2f4fab3-b934-4d1c-9371-795b19c15e91 d48a0c5da59f418f88634d23e7237c80 b9c29d2d19a648d18d4dfbc9d309b775 - - default default] Method 'is_advsvc' is deprecated since 2023.2 release (neutron-lib 3.8.0) and will be removed once support for the old RBAC API policies will be removed from Neutron. Please use method 'is_service_role' instead.
2026-07-15 06:07:41.303 10 INFO neutron.wsgi [req-30cc42e6-2c49-4af0-a737-a1abf8387a70 req-c6698d6b-816d-4930-ac57-c0395a5aa507 d48a0c5da59f418f88634d23e7237c80 b9c29d2d19a648d18d4dfbc9d309b775 - - default default] 10.0.0.24 "GET /v2.0/ports?device_id=19636e94-8976-4d22-a6df-86127cbecc79 HTTP/1.1" status: 200 len: 210 time: 0.0357554
2026-07-15 06:07:41.306 9 WARNING neutron_lib.context [None req-469ebd5a-cb23-4aca-816a-fdaff479639c 8c17eba82e9343a8803d761dc3cf46d1 0e2264981db549299feab86e7270cae0 - - default default] Method 'is_advsvc' is deprecated since 2023.2 release (neutron-lib 3.8.0) and will be removed once support for the old RBAC API policies will be removed from Neutron. Please use method 'is_service_role' instead. /var/lib/openstack/lib/python3.10/site-packages/pycadf/identifier.py:71: UserWarning: Invalid uuid: neutron. To ensure interoperability, identifiers should be a valid uuid. warnings.warn(('Invalid uuid: %s. To ensure interoperability, '
2026-07-15 06:07:41.436 9 WARNING neutron.scheduler.dhcp_agent_scheduler [req-ca919140-de05-4ffb-b9dd-6e7813d90900 req-e2f4fab3-b934-4d1c-9371-795b19c15e91 d48a0c5da59f418f88634d23e7237c80 b9c29d2d19a648d18d4dfbc9d309b775 - - default default] No more DHCP agents
2026-07-15 06:07:41.442 9 WARNING neutron.api.rpc.agentnotifiers.dhcp_rpc_agent_api [req-ca919140-de05-4ffb-b9dd-6e7813d90900 req-e2f4fab3-b934-4d1c-9371-795b19c15e91 d48a0c5da59f418f88634d23e7237c80 b9c29d2d19a648d18d4dfbc9d309b775 - - default default] Unable to schedule network d5d5ef3c-bad4-4f1c-892d-a99841349236: no agents available; will retry on subsequent port and subnet creation events.
2026-07-15 06:07:41.554 9 INFO neutron.db.ovn_revision_numbers_db [None req-469ebd5a-cb23-4aca-816a-fdaff479639c 8c17eba82e9343a8803d761dc3cf46d1 0e2264981db549299feab86e7270cae0 - - default default] Successfully bumped revision number for resource e4b73753-9ac6-4567-a539-3cc84a1c3626 (type: security_groups) to 1
2026-07-15 06:07:41.585 9 INFO neutron.db.ovn_revision_numbers_db [None req-469ebd5a-cb23-4aca-816a-fdaff479639c 8c17eba82e9343a8803d761dc3cf46d1 0e2264981db549299feab86e7270cae0 - - default default] Successfully bumped revision number for resource a0bd32ae-880f-473b-8f71-d35a72315ec4 (type: security_group_rules) to 0
2026-07-15 06:07:41.604 9 INFO neutron.db.ovn_revision_numbers_db [None req-469ebd5a-cb23-4aca-816a-fdaff479639c 8c17eba82e9343a8803d761dc3cf46d1 0e2264981db549299feab86e7270cae0 - - default default] Successfully bumped revision number for resource b7ee233e-87f4-4429-8187-578eab7f407f (type: security_group_rules) to 0
2026-07-15 06:07:41.632 9 INFO neutron.wsgi [None req-469ebd5a-cb23-4aca-816a-fdaff479639c 8c17eba82e9343a8803d761dc3cf46d1 0e2264981db549299feab86e7270cae0 - - default default] 10.0.0.208 "POST /v2.0/security-groups HTTP/1.1" status: 201 len: 1875 time: 0.3348665
2026-07-15 06:07:41.648 10 WARNING neutron_lib.context [None req-ad51bd88-0cd8-4d53-9f2c-96916240ad4e 8c17eba82e9343a8803d761dc3cf46d1 0e2264981db549299feab86e7270cae0 - - default default] Method 'is_advsvc' is deprecated since 2023.2 release (neutron-lib 3.8.0) and will be removed once support for the old RBAC API policies will be removed from Neutron. Please use method 'is_service_role' instead.
2026-07-15 06:07:41.667 9 INFO neutron.db.ovn_revision_numbers_db [req-ca919140-de05-4ffb-b9dd-6e7813d90900 req-e2f4fab3-b934-4d1c-9371-795b19c15e91 d48a0c5da59f418f88634d23e7237c80 b9c29d2d19a648d18d4dfbc9d309b775 - - default default] Successfully bumped revision number for resource b3c78abf-d17a-4ecd-a2fb-0c4726202c4d (type: ports) to 1
2026-07-15 06:07:41.677 9 INFO neutron.wsgi [None req-1cb631aa-180b-4f04-bee8-a0f93f7abe22 3551f3ade1674dd7b584bbb8a56fd353 8afcf190b57e46e6ac5fdd87e8f07164 - - default default] 10.0.0.208 "DELETE /v2.0/security-groups/d0931fdc-6917-41a9-9fc0-4dba5459fecd HTTP/1.1" status: 204 len: 168 time: 0.2605886
2026-07-15 06:07:41.697 9 INFO neutron.wsgi [req-ca919140-de05-4ffb-b9dd-6e7813d90900 req-e2f4fab3-b934-4d1c-9371-795b19c15e91 d48a0c5da59f418f88634d23e7237c80 b9c29d2d19a648d18d4dfbc9d309b775 - - default default] 199.204.45.210 "POST /v2.0/ports HTTP/1.1" status: 201 len: 1158 time: 0.7315865 /var/lib/openstack/lib/python3.10/site-packages/pycadf/identifier.py:71: UserWarning: Invalid uuid: neutron. To ensure interoperability, identifiers should be a valid uuid. warnings.warn(('Invalid uuid: %s. To ensure interoperability, '
2026-07-15 06:07:42.190 9 INFO neutron.db.ovn_revision_numbers_db [req-ca919140-de05-4ffb-b9dd-6e7813d90900 req-de1c26e3-bf11-478a-878a-b4c0176715d9 cd9b9ee205c84cddbe4d7c10fe1a120b dfcca62c60f942559238de17f9258104 - - 69172da1aae54a58bc71ea00e04f72f7 69172da1aae54a58bc71ea00e04f72f7] Successfully bumped revision number for resource b3c78abf-d17a-4ecd-a2fb-0c4726202c4d (type: ports) to 2
2026-07-15 06:07:42.206 10 INFO neutron.db.ovn_revision_numbers_db [None req-ad51bd88-0cd8-4d53-9f2c-96916240ad4e 8c17eba82e9343a8803d761dc3cf46d1 0e2264981db549299feab86e7270cae0 - - default default] Successfully bumped revision number for resource f11bed34-046d-4f8b-ae66-889d46b8408c (type: security_group_rules) to 0
2026-07-15 06:07:42.257 10 INFO neutron.wsgi [None req-ad51bd88-0cd8-4d53-9f2c-96916240ad4e 8c17eba82e9343a8803d761dc3cf46d1 0e2264981db549299feab86e7270cae0 - - default default] 10.0.0.208 "POST /v2.0/security-group-rules HTTP/1.1" status: 201 len: 796 time: 0.6194580
2026-07-15 06:07:42.266 10 WARNING neutron_lib.context [None req-1b2f18e5-d61b-4b8b-88b5-872f8d445c29 8c17eba82e9343a8803d761dc3cf46d1 0e2264981db549299feab86e7270cae0 - - default default] Method 'is_advsvc' is deprecated since 2023.2 release (neutron-lib 3.8.0) and will be removed once support for the old RBAC API policies will be removed from Neutron. Please use method 'is_service_role' instead.
2026-07-15 06:07:42.426 9 INFO neutron.db.ovn_revision_numbers_db [req-ca919140-de05-4ffb-b9dd-6e7813d90900 req-de1c26e3-bf11-478a-878a-b4c0176715d9 cd9b9ee205c84cddbe4d7c10fe1a120b dfcca62c60f942559238de17f9258104 - - 69172da1aae54a58bc71ea00e04f72f7 69172da1aae54a58bc71ea00e04f72f7] Successfully bumped revision number for resource b3c78abf-d17a-4ecd-a2fb-0c4726202c4d (type: ports) to 2
2026-07-15 06:07:42.445 9 INFO neutron.wsgi [req-ca919140-de05-4ffb-b9dd-6e7813d90900 req-de1c26e3-bf11-478a-878a-b4c0176715d9 cd9b9ee205c84cddbe4d7c10fe1a120b dfcca62c60f942559238de17f9258104 - - 69172da1aae54a58bc71ea00e04f72f7 69172da1aae54a58bc71ea00e04f72f7] 199.204.45.210 "PUT /v2.0/ports/b3c78abf-d17a-4ecd-a2fb-0c4726202c4d HTTP/1.1" status: 200 len: 1376 time: 0.7405469
2026-07-15 06:07:42.452 10 INFO neutron.wsgi [req-6e91ec50-7032-4a01-ab2d-dc1b84895482 req-58ac790c-48fa-4487-96df-7a5213401bc0 d48a0c5da59f418f88634d23e7237c80 b9c29d2d19a648d18d4dfbc9d309b775 - - default default] 10.0.0.24 "GET /v2.0/ports?device_id=19636e94-8976-4d22-a6df-86127cbecc79 HTTP/1.1" status: 200 len: 1168 time: 0.0660806 /var/lib/openstack/lib/python3.10/site-packages/pycadf/identifier.py:71: UserWarning: Invalid uuid: neutron. To ensure interoperability, identifiers should be a valid uuid. warnings.warn(('Invalid uuid: %s. To ensure interoperability, '
2026-07-15 06:07:42.494 9 INFO neutron.notifiers.nova [-] Nova event matching ['req-39269a11-e3a4-4ba0-8d4d-d7b62412b6aa'] response: {'name': 'network-changed', 'server_uuid': '19636e94-8976-4d22-a6df-86127cbecc79', 'tag': 'b3c78abf-d17a-4ecd-a2fb-0c4726202c4d', 'status': 'completed', 'code': 200}
2026-07-15 06:07:42.521 9 INFO neutron.wsgi [req-ca919140-de05-4ffb-b9dd-6e7813d90900 req-0bf6ab31-f2cf-4e55-b32a-2e5401f54114 cd9b9ee205c84cddbe4d7c10fe1a120b dfcca62c60f942559238de17f9258104 - - 69172da1aae54a58bc71ea00e04f72f7 69172da1aae54a58bc71ea00e04f72f7] 199.204.45.210 "GET /v2.0/ports?tenant_id=b9c29d2d19a648d18d4dfbc9d309b775&device_id=19636e94-8976-4d22-a6df-86127cbecc79 HTTP/1.1" status: 200 len: 1407 time: 0.0385020
2026-07-15 06:07:42.537 10 INFO neutron.wsgi [req-6e91ec50-7032-4a01-ab2d-dc1b84895482 req-d6158982-8d77-4a8f-b67d-65dd669c5c44 d48a0c5da59f418f88634d23e7237c80 b9c29d2d19a648d18d4dfbc9d309b775 - - default default] 10.0.0.24 "GET /v2.0/security-groups?id=cf5f9b23-fc0c-475e-a557-f397f07478af&fields=id&fields=name HTTP/1.1" status: 200 len: 286 time: 0.0737135
2026-07-15 06:07:42.552 9 INFO neutron.wsgi [req-ca919140-de05-4ffb-b9dd-6e7813d90900 req-ef3af980-52a7-42c2-a3e1-a3b49dad8406 cd9b9ee205c84cddbe4d7c10fe1a120b dfcca62c60f942559238de17f9258104 - - 69172da1aae54a58bc71ea00e04f72f7 69172da1aae54a58bc71ea00e04f72f7] 199.204.45.210 "GET /v2.0/floatingips?fixed_ip_address=10.100.0.7&port_id=b3c78abf-d17a-4ecd-a2fb-0c4726202c4d HTTP/1.1" status: 200 len: 217 time: 0.0226254
2026-07-15 06:07:42.565 10 INFO neutron.db.ovn_revision_numbers_db [None req-1b2f18e5-d61b-4b8b-88b5-872f8d445c29 8c17eba82e9343a8803d761dc3cf46d1 0e2264981db549299feab86e7270cae0 - - default default] Successfully bumped revision number for resource d36927e8-fcdb-456b-97de-0681c4befb5a (type: security_group_rules) to 0
2026-07-15 06:07:42.593 9 INFO neutron.wsgi [req-ca919140-de05-4ffb-b9dd-6e7813d90900 req-429be92d-3ffa-48f9-953b-d7f3a729b967 cd9b9ee205c84cddbe4d7c10fe1a120b dfcca62c60f942559238de17f9258104 - - 69172da1aae54a58bc71ea00e04f72f7 69172da1aae54a58bc71ea00e04f72f7] 199.204.45.210 "GET /v2.0/subnets?id=2d0e0205-a51d-4acc-b90c-7908647d821c HTTP/1.1" status: 200 len: 866 time: 0.0349448
2026-07-15 06:07:42.598 10 INFO neutron.wsgi [None req-1b2f18e5-d61b-4b8b-88b5-872f8d445c29 8c17eba82e9343a8803d761dc3cf46d1 0e2264981db549299feab86e7270cae0 - - default default] 10.0.0.208 "POST /v2.0/security-group-rules HTTP/1.1" status: 201 len: 795 time: 0.3363483
2026-07-15 06:07:42.613 9 WARNING neutron_lib.context [None req-c307bae8-459d-404e-b7a2-7d47f31e7615 8c17eba82e9343a8803d761dc3cf46d1 0e2264981db549299feab86e7270cae0 - - default default] Method 'is_advsvc' is deprecated since 2023.2 release (neutron-lib 3.8.0) and will be removed once support for the old RBAC API policies will be removed from Neutron. Please use method 'is_service_role' instead.
2026-07-15 06:07:42.626 9 INFO neutron.wsgi [req-ca919140-de05-4ffb-b9dd-6e7813d90900 req-363cf75f-e3b7-4459-aa3a-c1cfa68e7553 cd9b9ee205c84cddbe4d7c10fe1a120b dfcca62c60f942559238de17f9258104 - - 69172da1aae54a58bc71ea00e04f72f7 69172da1aae54a58bc71ea00e04f72f7] 199.204.45.210 "GET /v2.0/ports?network_id=d5d5ef3c-bad4-4f1c-892d-a99841349236&device_owner=network%3Adhcp HTTP/1.1" status: 200 len: 210 time: 0.0277412
2026-07-15 06:07:42.707 9 INFO neutron.wsgi [req-ca919140-de05-4ffb-b9dd-6e7813d90900 req-30262503-b9ef-4a8b-8333-f3fb223e2164 cd9b9ee205c84cddbe4d7c10fe1a120b dfcca62c60f942559238de17f9258104 - - 69172da1aae54a58bc71ea00e04f72f7 69172da1aae54a58bc71ea00e04f72f7] 199.204.45.210 "GET /v2.0/networks/d5d5ef3c-bad4-4f1c-892d-a99841349236?fields=segments HTTP/1.1" status: 200 len: 212 time: 0.0744460
2026-07-15 06:07:42.782 9 INFO neutron.wsgi [req-ca919140-de05-4ffb-b9dd-6e7813d90900 req-d8a14da7-c9ad-461d-b1c1-9c5422adee19 cd9b9ee205c84cddbe4d7c10fe1a120b dfcca62c60f942559238de17f9258104 - - 69172da1aae54a58bc71ea00e04f72f7 69172da1aae54a58bc71ea00e04f72f7] 199.204.45.210 "GET /v2.0/networks/d5d5ef3c-bad4-4f1c-892d-a99841349236?fields=provider%3Aphysical_network&fields=provider%3Anetwork_type HTTP/1.1" status: 200 len: 277 time: 0.0666981
2026-07-15 06:07:42.836 9 INFO neutron.db.ovn_revision_numbers_db [None req-c307bae8-459d-404e-b7a2-7d47f31e7615 8c17eba82e9343a8803d761dc3cf46d1 0e2264981db549299feab86e7270cae0 - - default default] Successfully bumped revision number for resource f7d8db3a-211c-4d31-a8b0-0300e34b3e0a (type: security_group_rules) to 0
2026-07-15 06:07:42.886 9 INFO neutron.wsgi [None req-c307bae8-459d-404e-b7a2-7d47f31e7615 8c17eba82e9343a8803d761dc3cf46d1 0e2264981db549299feab86e7270cae0 - - default default] 10.0.0.208 "POST /v2.0/security-group-rules HTTP/1.1" status: 201 len: 801 time: 0.2781773
2026-07-15 06:07:42.892 9 INFO neutron.wsgi [req-45f8d428-f05a-4acf-a6b8-ac6a5527d54a req-37cde270-e848-43ef-82df-bb5d28c6b50e cd9b9ee205c84cddbe4d7c10fe1a120b dfcca62c60f942559238de17f9258104 - - 69172da1aae54a58bc71ea00e04f72f7 69172da1aae54a58bc71ea00e04f72f7] 199.204.45.210 "GET /v2.0/ports?tenant_id=b9c29d2d19a648d18d4dfbc9d309b775&device_id=19636e94-8976-4d22-a6df-86127cbecc79 HTTP/1.1" status: 200 len: 1407 time: 0.0574272
2026-07-15 06:07:42.894 10 WARNING neutron_lib.context [None req-b33c5682-bba1-4b92-8fc1-d337e4a46af8 8c17eba82e9343a8803d761dc3cf46d1 0e2264981db549299feab86e7270cae0 - - default default] Method 'is_advsvc' is deprecated since 2023.2 release (neutron-lib 3.8.0) and will be removed once support for the old RBAC API policies will be removed from Neutron. Please use method 'is_service_role' instead.
2026-07-15 06:07:43.153 10 INFO neutron.db.ovn_revision_numbers_db [None req-b33c5682-bba1-4b92-8fc1-d337e4a46af8 8c17eba82e9343a8803d761dc3cf46d1 0e2264981db549299feab86e7270cae0 - - default default] Successfully bumped revision number for resource b4558d88-4c79-4e53-b809-fa6a659b775f (type: security_group_rules) to 0
2026-07-15 06:07:43.194 10 INFO neutron.wsgi [None req-b33c5682-bba1-4b92-8fc1-d337e4a46af8 8c17eba82e9343a8803d761dc3cf46d1 0e2264981db549299feab86e7270cae0 - - default default] 10.0.0.208 "POST /v2.0/security-group-rules HTTP/1.1" status: 201 len: 800 time: 0.3035712
2026-07-15 06:07:43.203 10 WARNING neutron_lib.context [None req-d6752dbf-6675-426c-aed4-2641b2ab97aa 8c17eba82e9343a8803d761dc3cf46d1 0e2264981db549299feab86e7270cae0 - - default default] Method 'is_advsvc' is deprecated since 2023.2 release (neutron-lib 3.8.0) and will be removed once support for the old RBAC API policies will be removed from Neutron. Please use method 'is_service_role' instead.
2026-07-15 06:07:43.204 9 INFO neutron.plugins.ml2.drivers.ovn.mech_driver.mech_driver [None req-424360a4-b402-4a28-b76b-5c5ebb5779bb - - - - - -] OVN reports status up for port: b3c78abf-d17a-4ecd-a2fb-0c4726202c4d
2026-07-15 06:07:43.219 9 INFO neutron.plugins.ml2.plugin [None req-424360a4-b402-4a28-b76b-5c5ebb5779bb - - - - - -] Attempt 1 to provision port b3c78abf-d17a-4ecd-a2fb-0c4726202c4d
2026-07-15 06:07:43.259 9 INFO neutron.wsgi [req-45f8d428-f05a-4acf-a6b8-ac6a5527d54a req-8a8286d6-2ad6-4cc1-9ce8-cbefc4ee3137 cd9b9ee205c84cddbe4d7c10fe1a120b dfcca62c60f942559238de17f9258104 - - 69172da1aae54a58bc71ea00e04f72f7 69172da1aae54a58bc71ea00e04f72f7] 199.204.45.210 "GET /v2.0/networks?id=d5d5ef3c-bad4-4f1c-892d-a99841349236 HTTP/1.1" status: 200 len: 971 time: 0.3613362
2026-07-15 06:07:43.292 10 INFO neutron.db.securitygroups_db [None req-d6752dbf-6675-426c-aed4-2641b2ab97aa 8c17eba82e9343a8803d761dc3cf46d1 0e2264981db549299feab86e7270cae0 - - default default] Project 0e2264981db549299feab86e7270cae0 added a security group rule with legacy IPv6 ICMP protocol name icmp, ipv6-icmp should be used instead. It was automatically converted.
2026-07-15 06:07:43.304 9 INFO neutron.wsgi [req-45f8d428-f05a-4acf-a6b8-ac6a5527d54a req-9f9e9084-be66-474a-a247-2f3c9363dacc cd9b9ee205c84cddbe4d7c10fe1a120b dfcca62c60f942559238de17f9258104 - - 69172da1aae54a58bc71ea00e04f72f7 69172da1aae54a58bc71ea00e04f72f7] 199.204.45.210 "GET /v2.0/floatingips?fixed_ip_address=10.100.0.7&port_id=b3c78abf-d17a-4ecd-a2fb-0c4726202c4d HTTP/1.1" status: 200 len: 217 time: 0.0306680
2026-07-15 06:07:43.382 9 INFO neutron.wsgi [req-45f8d428-f05a-4acf-a6b8-ac6a5527d54a req-fda2e19b-c2c2-41c0-90c0-6d8ae456a9e2 cd9b9ee205c84cddbe4d7c10fe1a120b dfcca62c60f942559238de17f9258104 - - 69172da1aae54a58bc71ea00e04f72f7 69172da1aae54a58bc71ea00e04f72f7] 199.204.45.210 "GET /v2.0/subnets?id=2d0e0205-a51d-4acc-b90c-7908647d821c HTTP/1.1" status: 200 len: 866 time: 0.0732517
2026-07-15 06:07:43.392 10 INFO neutron.wsgi [None req-8ef1f7d6-936c-4fee-8c51-c5e945ba2e29 3551f3ade1674dd7b584bbb8a56fd353 8afcf190b57e46e6ac5fdd87e8f07164 - - default default] 10.0.0.208 "PUT /v2.0/routers/1fefaaba-05a4-49d9-a8d7-8d3b85f0c488/remove_router_interface HTTP/1.1" status: 200 len: 503 time: 1.6773415 /var/lib/openstack/lib/python3.10/site-packages/pycadf/identifier.py:71: UserWarning: Invalid uuid: neutron. To ensure interoperability, identifiers should be a valid uuid. warnings.warn(('Invalid uuid: %s. To ensure interoperability, '
2026-07-15 06:07:43.426 9 INFO neutron.wsgi [req-45f8d428-f05a-4acf-a6b8-ac6a5527d54a req-0053a88a-3561-49d1-ba62-cd7b42a38d05 cd9b9ee205c84cddbe4d7c10fe1a120b dfcca62c60f942559238de17f9258104 - - 69172da1aae54a58bc71ea00e04f72f7 69172da1aae54a58bc71ea00e04f72f7] 199.204.45.210 "GET /v2.0/ports?network_id=d5d5ef3c-bad4-4f1c-892d-a99841349236&device_owner=network%3Adhcp HTTP/1.1" status: 200 len: 210 time: 0.0383925
2026-07-15 06:07:43.503 10 INFO neutron.db.ovn_revision_numbers_db [None req-d6752dbf-6675-426c-aed4-2641b2ab97aa 8c17eba82e9343a8803d761dc3cf46d1 0e2264981db549299feab86e7270cae0 - - default default] Successfully bumped revision number for resource 71d5998a-1cfb-437e-9c5e-fd5bf22f5cc5 (type: security_group_rules) to 0
2026-07-15 06:07:43.522 9 INFO neutron.wsgi [req-45f8d428-f05a-4acf-a6b8-ac6a5527d54a req-8063c020-d780-44a8-af67-b9774faf2a2a cd9b9ee205c84cddbe4d7c10fe1a120b dfcca62c60f942559238de17f9258104 - - 69172da1aae54a58bc71ea00e04f72f7 69172da1aae54a58bc71ea00e04f72f7] 199.204.45.210 "GET /v2.0/networks/d5d5ef3c-bad4-4f1c-892d-a99841349236?fields=segments HTTP/1.1" status: 200 len: 212 time: 0.0895336
2026-07-15 06:07:43.536 10 INFO neutron.wsgi [None req-d6752dbf-6675-426c-aed4-2641b2ab97aa 8c17eba82e9343a8803d761dc3cf46d1 0e2264981db549299feab86e7270cae0 - - default default] 10.0.0.208 "POST /v2.0/security-group-rules HTTP/1.1" status: 201 len: 806 time: 0.3368771
2026-07-15 06:07:43.550 10 WARNING neutron_lib.context [None req-5dd60cd9-8c36-4ca4-8d82-3a21e532ee41 8c17eba82e9343a8803d761dc3cf46d1 0e2264981db549299feab86e7270cae0 - - default default] Method 'is_advsvc' is deprecated since 2023.2 release (neutron-lib 3.8.0) and will be removed once support for the old RBAC API policies will be removed from Neutron. Please use method 'is_service_role' instead.
2026-07-15 06:07:43.596 10 INFO neutron.db.securitygroups_db [None req-5dd60cd9-8c36-4ca4-8d82-3a21e532ee41 8c17eba82e9343a8803d761dc3cf46d1 0e2264981db549299feab86e7270cae0 - - default default] Project 0e2264981db549299feab86e7270cae0 added a security group rule with legacy IPv6 ICMP protocol name icmp, ipv6-icmp should be used instead. It was automatically converted.
2026-07-15 06:07:43.619 9 INFO neutron.wsgi [req-45f8d428-f05a-4acf-a6b8-ac6a5527d54a req-722daf81-553e-4571-af2b-1c1c2fad9349 cd9b9ee205c84cddbe4d7c10fe1a120b dfcca62c60f942559238de17f9258104 - - 69172da1aae54a58bc71ea00e04f72f7 69172da1aae54a58bc71ea00e04f72f7] 199.204.45.210 "GET /v2.0/networks/d5d5ef3c-bad4-4f1c-892d-a99841349236?fields=provider%3Aphysical_network&fields=provider%3Anetwork_type HTTP/1.1" status: 200 len: 277 time: 0.0901828
2026-07-15 06:07:43.664 10 INFO neutron.wsgi [req-794a1b70-836d-4c7c-bdc6-844137f24558 req-39f0cdc1-b6c6-42a8-9354-41f67047895d d48a0c5da59f418f88634d23e7237c80 b9c29d2d19a648d18d4dfbc9d309b775 - - default default] 10.0.0.24 "GET /v2.0/ports?device_id=19636e94-8976-4d22-a6df-86127cbecc79 HTTP/1.1" status: 200 len: 1170 time: 0.0634017
2026-07-15 06:07:43.676 9 INFO neutron.db.ovn_revision_numbers_db [None req-424360a4-b402-4a28-b76b-5c5ebb5779bb - - - - - -] Successfully bumped revision number for resource b3c78abf-d17a-4ecd-a2fb-0c4726202c4d (type: ports) to 4
2026-07-15 06:07:43.699 10 INFO neutron.wsgi [None req-d7cb6de5-6d2d-46b3-9846-a412b28c8c15 3551f3ade1674dd7b584bbb8a56fd353 8afcf190b57e46e6ac5fdd87e8f07164 - - default default] 10.0.0.208 "DELETE /v2.0/subnets/127a5cb3-457e-41ea-913c-c188666a7a9b HTTP/1.1" status: 204 len: 168 time: 0.2996979
2026-07-15 06:07:43.746 10 WARNING neutron.plugins.ml2.drivers.ovn.mech_driver.ovsdb.ovn_client [None req-d90ae858-aa8d-4b21-9d44-4f81669ce97e - - - - - -] No hosting information found for port ab4108c8-884a-473e-9906-2baac7c29589: RuntimeError: No hosting information found for port ab4108c8-884a-473e-9906-2baac7c29589
2026-07-15 06:07:43.771 10 INFO neutron.plugins.ml2.drivers.ovn.mech_driver.mech_driver [None req-d90ae858-aa8d-4b21-9d44-4f81669ce97e - - - - - -] OVN reports status up for port: 74195537-c2a5-4aca-8752-0a36aacf0549
2026-07-15 06:07:43.809 10 INFO neutron.wsgi [req-794a1b70-836d-4c7c-bdc6-844137f24558 req-88b5cfc0-f4fd-4660-b1b4-ddf622e5f699 d48a0c5da59f418f88634d23e7237c80 b9c29d2d19a648d18d4dfbc9d309b775 - - default default] 10.0.0.24 "GET /v2.0/security-groups?id=cf5f9b23-fc0c-475e-a557-f397f07478af&fields=id&fields=name HTTP/1.1" status: 200 len: 286 time: 0.1326065
2026-07-15 06:07:43.823 10 INFO neutron.plugins.ml2.plugin [None req-d90ae858-aa8d-4b21-9d44-4f81669ce97e - - - - - -] Attempt 1 to provision port 74195537-c2a5-4aca-8752-0a36aacf0549
2026-07-15 06:07:43.911 10 INFO neutron.db.ovn_revision_numbers_db [None req-5dd60cd9-8c36-4ca4-8d82-3a21e532ee41 8c17eba82e9343a8803d761dc3cf46d1 0e2264981db549299feab86e7270cae0 - - default default] Successfully bumped revision number for resource 99201aa1-e3d3-4d7d-95b1-928d6ef22a68 (type: security_group_rules) to 0
2026-07-15 06:07:44.226 10 INFO neutron.wsgi [None req-5dd60cd9-8c36-4ca4-8d82-3a21e532ee41 8c17eba82e9343a8803d761dc3cf46d1 0e2264981db549299feab86e7270cae0 - - default default] 10.0.0.208 "POST /v2.0/security-group-rules HTTP/1.1" status: 201 len: 805 time: 0.6798980
2026-07-15 06:07:44.258 10 INFO neutron.plugins.ml2.drivers.ovn.mech_driver.mech_driver [None req-d90ae858-aa8d-4b21-9d44-4f81669ce97e - - - - - -] OVN reports status up for port: a372425a-1923-4fde-98bc-1627946dc6dc
2026-07-15 06:07:44.264 10 INFO neutron.plugins.ml2.plugin [None req-d90ae858-aa8d-4b21-9d44-4f81669ce97e - - - - - -] Attempt 1 to provision port a372425a-1923-4fde-98bc-1627946dc6dc
2026-07-15 06:07:44.544 9 INFO neutron.notifiers.nova [-] Nova event matching ['req-644d9fb9-515b-4713-990c-02223f2f34a5'] response: {'server_uuid': '19636e94-8976-4d22-a6df-86127cbecc79', 'name': 'network-vif-plugged', 'status': 'completed', 'tag': 'b3c78abf-d17a-4ecd-a2fb-0c4726202c4d', 'code': 200}
2026-07-15 06:07:44.544 9 INFO neutron.notifiers.nova [-] Nova event matching ['req-644d9fb9-515b-4713-990c-02223f2f34a5'] response: {'server_uuid': '19636e94-8976-4d22-a6df-86127cbecc79', 'name': 'network-vif-plugged', 'status': 'completed', 'tag': 'b3c78abf-d17a-4ecd-a2fb-0c4726202c4d', 'code': 200} /var/lib/openstack/lib/python3.10/site-packages/pycadf/identifier.py:71: UserWarning: Invalid uuid: neutron. To ensure interoperability, identifiers should be a valid uuid. warnings.warn(('Invalid uuid: %s. To ensure interoperability, '
2026-07-15 06:07:44.686 9 WARNING neutron_lib.context [None req-793f746a-05ba-4d26-9e1c-578c242eb400 8c17eba82e9343a8803d761dc3cf46d1 0e2264981db549299feab86e7270cae0 - - default default] Method 'is_advsvc' is deprecated since 2023.2 release (neutron-lib 3.8.0) and will be removed once support for the old RBAC API policies will be removed from Neutron. Please use method 'is_service_role' instead.
2026-07-15 06:07:44.853 9 INFO neutron.db.ovn_revision_numbers_db [None req-793f746a-05ba-4d26-9e1c-578c242eb400 8c17eba82e9343a8803d761dc3cf46d1 0e2264981db549299feab86e7270cae0 - - default default] Successfully bumped revision number for resource 7cc40ec3-f388-4216-893e-79491800e8ad (type: security_groups) to 1
2026-07-15 06:07:44.873 9 INFO neutron.db.ovn_revision_numbers_db [None req-793f746a-05ba-4d26-9e1c-578c242eb400 8c17eba82e9343a8803d761dc3cf46d1 0e2264981db549299feab86e7270cae0 - - default default] Successfully bumped revision number for resource 775a490a-e21d-4a57-8e1c-116766f09c71 (type: security_group_rules) to 0 /var/lib/openstack/lib/python3.10/site-packages/pycadf/identifier.py:71: UserWarning: Invalid uuid: neutron. To ensure interoperability, identifiers should be a valid uuid. warnings.warn(('Invalid uuid: %s. To ensure interoperability, '
2026-07-15 06:07:44.896 9 INFO neutron.db.ovn_revision_numbers_db [None req-793f746a-05ba-4d26-9e1c-578c242eb400 8c17eba82e9343a8803d761dc3cf46d1 0e2264981db549299feab86e7270cae0 - - default default] Successfully bumped revision number for resource 7a819795-918a-41dc-94c1-ca606a42b57c (type: security_group_rules) to 0
2026-07-15 06:07:44.923 9 INFO neutron.wsgi [None req-793f746a-05ba-4d26-9e1c-578c242eb400 8c17eba82e9343a8803d761dc3cf46d1 0e2264981db549299feab86e7270cae0 - - default default] 10.0.0.208 "POST /v2.0/security-groups HTTP/1.1" status: 201 len: 1861 time: 0.2436576
2026-07-15 06:07:44.936 9 WARNING neutron_lib.context [None req-6b6c2489-3b08-4ed0-af93-f3cc66fc247e 8c17eba82e9343a8803d761dc3cf46d1 0e2264981db549299feab86e7270cae0 - - default default] Method 'is_advsvc' is deprecated since 2023.2 release (neutron-lib 3.8.0) and will be removed once support for the old RBAC API policies will be removed from Neutron. Please use method 'is_service_role' instead.
2026-07-15 06:07:44.944 10 INFO neutron.db.ovn_revision_numbers_db [None req-d90ae858-aa8d-4b21-9d44-4f81669ce97e - - - - - -] Successfully bumped revision number for resource a372425a-1923-4fde-98bc-1627946dc6dc (type: ports) to 2
2026-07-15 06:07:45.078 9 INFO neutron.db.ovn_revision_numbers_db [None req-6b6c2489-3b08-4ed0-af93-f3cc66fc247e 8c17eba82e9343a8803d761dc3cf46d1 0e2264981db549299feab86e7270cae0 - - default default] Successfully bumped revision number for resource 8b594f83-c3fc-4bf0-80d4-3415c9bc7dd0 (type: security_group_rules) to 0
2026-07-15 06:07:45.101 10 INFO neutron.wsgi [req-6e5bcdf1-b32c-4cf7-9293-9ae3fa891137 req-e9116881-f9a3-4802-9cb0-04c8d6cc8573 d48a0c5da59f418f88634d23e7237c80 b9c29d2d19a648d18d4dfbc9d309b775 - - default default] 10.0.0.24 "GET /v2.0/ports?device_id=19636e94-8976-4d22-a6df-86127cbecc79 HTTP/1.1" status: 200 len: 1170 time: 0.2115235
2026-07-15 06:07:45.103 9 INFO neutron.wsgi [None req-6b6c2489-3b08-4ed0-af93-f3cc66fc247e 8c17eba82e9343a8803d761dc3cf46d1 0e2264981db549299feab86e7270cae0 - - default default] 10.0.0.208 "POST /v2.0/security-group-rules HTTP/1.1" status: 201 len: 796 time: 0.1726434
2026-07-15 06:07:45.115 9 WARNING neutron_lib.context [None req-7d1b5135-2111-422f-abc6-66c8b6ab3821 8c17eba82e9343a8803d761dc3cf46d1 0e2264981db549299feab86e7270cae0 - - default default] Method 'is_advsvc' is deprecated since 2023.2 release (neutron-lib 3.8.0) and will be removed once support for the old RBAC API policies will be removed from Neutron. Please use method 'is_service_role' instead.
2026-07-15 06:07:45.239 10 INFO neutron.wsgi [req-6e5bcdf1-b32c-4cf7-9293-9ae3fa891137 req-6601bd00-7a0d-4ece-8f1d-9c4fa67e02d9 d48a0c5da59f418f88634d23e7237c80 b9c29d2d19a648d18d4dfbc9d309b775 - - default default] 10.0.0.24 "GET /v2.0/security-groups?id=cf5f9b23-fc0c-475e-a557-f397f07478af&fields=id&fields=name HTTP/1.1" status: 200 len: 286 time: 0.1176405
2026-07-15 06:07:45.249 9 INFO neutron.db.ovn_revision_numbers_db [None req-7d1b5135-2111-422f-abc6-66c8b6ab3821 8c17eba82e9343a8803d761dc3cf46d1 0e2264981db549299feab86e7270cae0 - - default default] Successfully bumped revision number for resource 1b45dedc-5f54-4a54-8f8c-2ccb26d8a412 (type: security_group_rules) to 0
2026-07-15 06:07:45.275 9 INFO neutron.wsgi [req-3a6f07b5-d11d-4344-a670-e0c2f799ec12 req-e6e344ec-a4d6-4410-8c29-ffc3cdbfef6e cd9b9ee205c84cddbe4d7c10fe1a120b dfcca62c60f942559238de17f9258104 - - 69172da1aae54a58bc71ea00e04f72f7 69172da1aae54a58bc71ea00e04f72f7] 199.204.45.210 "GET /v2.0/ports?device_id=19636e94-8976-4d22-a6df-86127cbecc79&fields=binding%3Ahost_id&fields=binding%3Avif_type HTTP/1.1" status: 200 len: 265 time: 0.0481441
2026-07-15 06:07:45.291 9 INFO neutron.wsgi [None req-7d1b5135-2111-422f-abc6-66c8b6ab3821 8c17eba82e9343a8803d761dc3cf46d1 0e2264981db549299feab86e7270cae0 - - default default] 10.0.0.208 "POST /v2.0/security-group-rules HTTP/1.1" status: 201 len: 801 time: 0.1811371
2026-07-15 06:07:45.309 10 WARNING neutron_lib.context [None req-4203f2e2-2a12-40c4-9142-7bfc7973a0e0 8c17eba82e9343a8803d761dc3cf46d1 0e2264981db549299feab86e7270cae0 - - default default] Method 'is_advsvc' is deprecated since 2023.2 release (neutron-lib 3.8.0) and will be removed once support for the old RBAC API policies will be removed from Neutron. Please use method 'is_service_role' instead.
2026-07-15 06:07:45.317 10 INFO neutron.db.ovn_revision_numbers_db [None req-d90ae858-aa8d-4b21-9d44-4f81669ce97e - - - - - -] Successfully bumped revision number for resource a372425a-1923-4fde-98bc-1627946dc6dc (type: router_ports) to 2
2026-07-15 06:07:45.394 9 INFO neutron.wsgi [req-3a6f07b5-d11d-4344-a670-e0c2f799ec12 req-240b019b-95d3-4ea6-aea7-5d01ca617456 cd9b9ee205c84cddbe4d7c10fe1a120b dfcca62c60f942559238de17f9258104 - - 69172da1aae54a58bc71ea00e04f72f7 69172da1aae54a58bc71ea00e04f72f7] 199.204.45.210 "GET /v2.0/ports?tenant_id=b9c29d2d19a648d18d4dfbc9d309b775&device_id=19636e94-8976-4d22-a6df-86127cbecc79 HTTP/1.1" status: 200 len: 1409 time: 0.0496032
2026-07-15 06:07:45.432 10 INFO neutron.wsgi [None req-e69951ab-baac-4d4c-bcf6-3ebb982433bd 3551f3ade1674dd7b584bbb8a56fd353 8afcf190b57e46e6ac5fdd87e8f07164 - - default default] 10.0.0.208 "DELETE /v2.0/routers/1fefaaba-05a4-49d9-a8d7-8d3b85f0c488 HTTP/1.1" status: 204 len: 168 time: 1.7237813
2026-07-15 06:07:45.490 9 INFO neutron.wsgi [req-3a6f07b5-d11d-4344-a670-e0c2f799ec12 req-e81a4305-bb9f-4802-967f-eec374380103 cd9b9ee205c84cddbe4d7c10fe1a120b dfcca62c60f942559238de17f9258104 - - 69172da1aae54a58bc71ea00e04f72f7 69172da1aae54a58bc71ea00e04f72f7] 199.204.45.210 "GET /v2.0/networks?id=d5d5ef3c-bad4-4f1c-892d-a99841349236 HTTP/1.1" status: 200 len: 971 time: 0.0669441
2026-07-15 06:07:45.522 9 INFO neutron.wsgi [req-3a6f07b5-d11d-4344-a670-e0c2f799ec12 req-d0e0e500-d823-40d3-99e1-2912c276a60d cd9b9ee205c84cddbe4d7c10fe1a120b dfcca62c60f942559238de17f9258104 - - 69172da1aae54a58bc71ea00e04f72f7 69172da1aae54a58bc71ea00e04f72f7] 199.204.45.210 "GET /v2.0/floatingips?fixed_ip_address=10.100.0.7&port_id=b3c78abf-d17a-4ecd-a2fb-0c4726202c4d HTTP/1.1" status: 200 len: 217 time: 0.0282454
2026-07-15 06:07:45.570 9 INFO neutron.wsgi [req-3a6f07b5-d11d-4344-a670-e0c2f799ec12 req-da33a255-0adc-4f7c-ad34-ea49163bfbe1 cd9b9ee205c84cddbe4d7c10fe1a120b dfcca62c60f942559238de17f9258104 - - 69172da1aae54a58bc71ea00e04f72f7 69172da1aae54a58bc71ea00e04f72f7] 199.204.45.210 "GET /v2.0/subnets?id=2d0e0205-a51d-4acc-b90c-7908647d821c HTTP/1.1" status: 200 len: 866 time: 0.0410855
2026-07-15 06:07:45.595 9 INFO neutron.wsgi [req-3a6f07b5-d11d-4344-a670-e0c2f799ec12 req-502f5b30-aa44-424f-8ebe-253185a13fcd cd9b9ee205c84cddbe4d7c10fe1a120b dfcca62c60f942559238de17f9258104 - - 69172da1aae54a58bc71ea00e04f72f7 69172da1aae54a58bc71ea00e04f72f7] 199.204.45.210 "GET /v2.0/ports?network_id=d5d5ef3c-bad4-4f1c-892d-a99841349236&device_owner=network%3Adhcp HTTP/1.1" status: 200 len: 210 time: 0.0190716
2026-07-15 06:07:45.664 9 INFO neutron.wsgi [req-3a6f07b5-d11d-4344-a670-e0c2f799ec12 req-060fdb17-4de9-4a95-8f23-3408bec36de2 cd9b9ee205c84cddbe4d7c10fe1a120b dfcca62c60f942559238de17f9258104 - - 69172da1aae54a58bc71ea00e04f72f7 69172da1aae54a58bc71ea00e04f72f7] 199.204.45.210 "GET /v2.0/networks/d5d5ef3c-bad4-4f1c-892d-a99841349236?fields=segments HTTP/1.1" status: 200 len: 212 time: 0.0616894
2026-07-15 06:07:45.736 9 INFO neutron.wsgi [req-3a6f07b5-d11d-4344-a670-e0c2f799ec12 req-a005e155-8b8e-45e6-bb19-956526319186 cd9b9ee205c84cddbe4d7c10fe1a120b dfcca62c60f942559238de17f9258104 - - 69172da1aae54a58bc71ea00e04f72f7 69172da1aae54a58bc71ea00e04f72f7] 199.204.45.210 "GET /v2.0/networks/d5d5ef3c-bad4-4f1c-892d-a99841349236?fields=provider%3Aphysical_network&fields=provider%3Anetwork_type HTTP/1.1" status: 200 len: 277 time: 0.0652757
2026-07-15 06:07:45.761 10 WARNING neutron.scheduler.dhcp_agent_scheduler [None req-4203f2e2-2a12-40c4-9142-7bfc7973a0e0 8c17eba82e9343a8803d761dc3cf46d1 0e2264981db549299feab86e7270cae0 - - default default] No more DHCP agents
2026-07-15 06:07:45.770 10 WARNING neutron.api.rpc.agentnotifiers.dhcp_rpc_agent_api [None req-4203f2e2-2a12-40c4-9142-7bfc7973a0e0 8c17eba82e9343a8803d761dc3cf46d1 0e2264981db549299feab86e7270cae0 - - default default] Unable to schedule network 61d64043-fc3e-466a-9133-8257a54ec247: no agents available; will retry on subsequent port and subnet creation events.
2026-07-15 06:07:45.801 9 INFO neutron.plugins.ml2.drivers.ovn.mech_driver.mech_driver [None req-424360a4-b402-4a28-b76b-5c5ebb5779bb - - - - - -] OVN reports status down for port: b3c78abf-d17a-4ecd-a2fb-0c4726202c4d
2026-07-15 06:07:45.828 10 INFO neutron.wsgi [req-34db37a3-d9a8-4a4d-85cf-3c76f76d59b0 req-03ee20b5-8fd9-42de-a0df-dc14ddf39b10 d48a0c5da59f418f88634d23e7237c80 b9c29d2d19a648d18d4dfbc9d309b775 - - default default] 10.0.0.24 "GET /v2.0/ports?device_id=19636e94-8976-4d22-a6df-86127cbecc79 HTTP/1.1" status: 200 len: 1170 time: 0.0704224
2026-07-15 06:07:45.973 10 INFO neutron.wsgi [req-34db37a3-d9a8-4a4d-85cf-3c76f76d59b0 req-97d050b0-d15b-4d8f-9ed0-7a696d0e2fef d48a0c5da59f418f88634d23e7237c80 b9c29d2d19a648d18d4dfbc9d309b775 - - default default] 10.0.0.24 "GET /v2.0/security-groups?id=cf5f9b23-fc0c-475e-a557-f397f07478af&fields=id&fields=name HTTP/1.1" status: 200 len: 286 time: 0.1264968
2026-07-15 06:07:46.112 9 INFO neutron.db.ovn_revision_numbers_db [None req-424360a4-b402-4a28-b76b-5c5ebb5779bb - - - - - -] Successfully bumped revision number for resource b3c78abf-d17a-4ecd-a2fb-0c4726202c4d (type: ports) to 5
2026-07-15 06:07:46.148 10 INFO neutron.services.segments.plugin [-] Segment dc685151-db3f-4ffe-9c16-9b014edfddf7 resource provider aggregate not found
2026-07-15 06:07:46.152 10 INFO neutron.services.segments.plugin [-] Segment dc685151-db3f-4ffe-9c16-9b014edfddf7 resource provider aggregate not found
2026-07-15 06:07:46.175 10 INFO neutron.services.segments.plugin [-] Segment dc685151-db3f-4ffe-9c16-9b014edfddf7 resource provider not found; error: Placement Client Error (4xx): {"errors": [{"status": 404, "title": "Not Found", "detail": "The resource could not be found.\n\n No resource provider with uuid dc685151-db3f-4ffe-9c16-9b014edfddf7 found for delete ", "request_id": "req-00d9fbea-c23b-4dd1-b3dd-89fd0a9fb0f8"}]}
2026-07-15 06:07:46.182 10 INFO neutron.wsgi [None req-ede71187-3a8b-4cf9-a13d-ef84f638fede 3551f3ade1674dd7b584bbb8a56fd353 8afcf190b57e46e6ac5fdd87e8f07164 - - default default] 10.0.0.208 "DELETE /v2.0/networks/cb4737b5-157d-4425-8da8-a1ac7b55c6fb HTTP/1.1" status: 204 len: 168 time: 0.7338104
2026-07-15 06:07:46.183 10 INFO neutron.services.segments.plugin [-] Segment dc685151-db3f-4ffe-9c16-9b014edfddf7 resource provider not found; error: Placement Client Error (4xx): {"errors": [{"status": 404, "title": "Not Found", "detail": "The resource could not be found.\n\n No resource provider with uuid dc685151-db3f-4ffe-9c16-9b014edfddf7 found for delete ", "request_id": "req-67f47412-63dc-4c32-bf96-550e25af24d8"}]}
2026-07-15 06:07:46.216 9 INFO neutron.wsgi [req-dd6b6e4c-f9c2-4bf2-80ba-9307caf9065b req-6929f8c8-5b78-4392-8eff-2209e2e23dbc d48a0c5da59f418f88634d23e7237c80 b9c29d2d19a648d18d4dfbc9d309b775 - - default default] 199.204.45.210 "GET /v2.0/ports?device_id=19636e94-8976-4d22-a6df-86127cbecc79 HTTP/1.1" status: 200 len: 1168 time: 0.1160455 /var/lib/openstack/lib/python3.10/site-packages/pycadf/identifier.py:71: UserWarning: Invalid uuid: neutron. To ensure interoperability, identifiers should be a valid uuid. warnings.warn(('Invalid uuid: %s. To ensure interoperability, '
2026-07-15 06:07:46.335 10 INFO neutron.wsgi [None req-4203f2e2-2a12-40c4-9142-7bfc7973a0e0 8c17eba82e9343a8803d761dc3cf46d1 0e2264981db549299feab86e7270cae0 - - default default] 10.0.0.208 "POST /v2.0/floatingips HTTP/1.1" status: 201 len: 751 time: 1.0352824
2026-07-15 06:07:46.474 10 INFO neutron.wsgi [req-79d0624f-2b2e-45f0-af25-e1e0c41f072e req-239015c8-c84c-4a86-813e-b4b5984a6234 8c17eba82e9343a8803d761dc3cf46d1 0e2264981db549299feab86e7270cae0 - - default default] 10.0.0.24 "GET /v2.0/security-groups?name=tempest-secgroup-smoke-1660881093&fields=id&tenant_id=0e2264981db549299feab86e7270cae0 HTTP/1.1" status: 200 len: 267 time: 0.0457385
2026-07-15 06:07:46.563 9 INFO neutron.wsgi [req-dd6b6e4c-f9c2-4bf2-80ba-9307caf9065b req-d96627b6-57c7-447c-b420-f006efef2be4 d48a0c5da59f418f88634d23e7237c80 b9c29d2d19a648d18d4dfbc9d309b775 - - default default] 199.204.45.210 "DELETE /v2.0/ports/b3c78abf-d17a-4ecd-a2fb-0c4726202c4d HTTP/1.1" status: 204 len: 173 time: 0.3401144
2026-07-15 06:07:46.587 9 INFO neutron.notifiers.nova [-] Nova event matching ['req-17c08b2f-928b-4cb5-8c9c-7a2e014a1e8b'] response: {'server_uuid': '19636e94-8976-4d22-a6df-86127cbecc79', 'name': 'network-vif-unplugged', 'status': 'completed', 'tag': 'b3c78abf-d17a-4ecd-a2fb-0c4726202c4d', 'code': 200}
2026-07-15 06:07:46.587 9 INFO neutron.notifiers.nova [-] Nova event matching ['req-17c08b2f-928b-4cb5-8c9c-7a2e014a1e8b'] response: {'server_uuid': '19636e94-8976-4d22-a6df-86127cbecc79', 'name': 'network-vif-unplugged', 'status': 'completed', 'tag': 'b3c78abf-d17a-4ecd-a2fb-0c4726202c4d', 'code': 200}
2026-07-15 06:07:46.772 9 WARNING neutron_lib.context [None req-15b9c23c-047a-4563-9c02-843f03d54f6f 4cd888ccc21e41aebfefc15d72634313 9aeb65e06d2e4d678f2f7d56175684c7 - - default default] Method 'is_advsvc' is deprecated since 2023.2 release (neutron-lib 3.8.0) and will be removed once support for the old RBAC API policies will be removed from Neutron. Please use method 'is_service_role' instead.
2026-07-15 06:07:46.848 10 INFO neutron.wsgi [req-79d0624f-2b2e-45f0-af25-e1e0c41f072e req-e616f11c-d29f-493c-a126-c8c4db571307 8c17eba82e9343a8803d761dc3cf46d1 0e2264981db549299feab86e7270cae0 - - default default] 10.0.0.24 "GET /v2.0/security-groups?name=tempest-securitygroup--1265879715&fields=id&tenant_id=0e2264981db549299feab86e7270cae0 HTTP/1.1" status: 200 len: 267 time: 0.3665774
2026-07-15 06:07:46.913 9 INFO neutron.db.ovn_revision_numbers_db [None req-15b9c23c-047a-4563-9c02-843f03d54f6f 4cd888ccc21e41aebfefc15d72634313 9aeb65e06d2e4d678f2f7d56175684c7 - - default default] Successfully bumped revision number for resource 26de79f1-f83f-4ee2-9101-a6d46ffac6dd (type: security_groups) to 1
2026-07-15 06:07:46.926 10 INFO neutron.wsgi [req-79d0624f-2b2e-45f0-af25-e1e0c41f072e req-12212626-ce43-4054-a40a-98bcdd4f91ae 8c17eba82e9343a8803d761dc3cf46d1 0e2264981db549299feab86e7270cae0 - - default default] 10.0.0.24 "GET /v2.0/networks?id=ebaf1e9c-c242-4966-8745-28498043aaaa HTTP/1.1" status: 200 len: 871 time: 0.0695715
2026-07-15 06:07:46.927 9 INFO neutron.db.ovn_revision_numbers_db [None req-15b9c23c-047a-4563-9c02-843f03d54f6f 4cd888ccc21e41aebfefc15d72634313 9aeb65e06d2e4d678f2f7d56175684c7 - - default default] Successfully bumped revision number for resource 07ddcd0f-b384-4bdd-ac68-d4d35c937815 (type: security_group_rules) to 0
2026-07-15 06:07:46.942 9 INFO neutron.db.ovn_revision_numbers_db [None req-15b9c23c-047a-4563-9c02-843f03d54f6f 4cd888ccc21e41aebfefc15d72634313 9aeb65e06d2e4d678f2f7d56175684c7 - - default default] Successfully bumped revision number for resource 6e48f649-0265-463e-96ab-cd229fa8a805 (type: security_group_rules) to 0
2026-07-15 06:07:46.946 10 INFO neutron.wsgi [req-79d0624f-2b2e-45f0-af25-e1e0c41f072e req-fe2b9a31-dee1-40eb-b884-19fa61ab4922 8c17eba82e9343a8803d761dc3cf46d1 0e2264981db549299feab86e7270cae0 - - default default] 10.0.0.24 "GET /v2.0/quotas/0e2264981db549299feab86e7270cae0 HTTP/1.1" status: 200 len: 491 time: 0.0119226
2026-07-15 06:07:46.965 9 INFO neutron.db.ovn_revision_numbers_db [None req-15b9c23c-047a-4563-9c02-843f03d54f6f 4cd888ccc21e41aebfefc15d72634313 9aeb65e06d2e4d678f2f7d56175684c7 - - default default] Successfully bumped revision number for resource a5395587-d937-4ce9-9a59-9ce583304a81 (type: security_group_rules) to 0
2026-07-15 06:07:46.977 9 INFO neutron.db.ovn_revision_numbers_db [None req-15b9c23c-047a-4563-9c02-843f03d54f6f 4cd888ccc21e41aebfefc15d72634313 9aeb65e06d2e4d678f2f7d56175684c7 - - default default] Successfully bumped revision number for resource e05bea21-6d6c-4f3e-bb55-e47703f65960 (type: security_group_rules) to 0
2026-07-15 06:07:47.030 9 INFO neutron.db.segments_db [None req-15b9c23c-047a-4563-9c02-843f03d54f6f 4cd888ccc21e41aebfefc15d72634313 9aeb65e06d2e4d678f2f7d56175684c7 - - default default] Added segment 8d19fbc2-71ae-4b62-bd57-4562b2dd227f of type geneve for network 41f1327b-41df-420c-b256-3c656a0fc32d
2026-07-15 06:07:47.061 10 INFO neutron.wsgi [req-79d0624f-2b2e-45f0-af25-e1e0c41f072e req-3422ebb7-b8ba-42a0-8bc1-f872a6b64afd 8c17eba82e9343a8803d761dc3cf46d1 0e2264981db549299feab86e7270cae0 - - default default] 10.0.0.24 "GET /v2.0/ports?tenant_id=0e2264981db549299feab86e7270cae0&fields=id HTTP/1.1" status: 200 len: 302 time: 0.1058795
2026-07-15 06:07:47.141 10 INFO neutron.wsgi [req-79d0624f-2b2e-45f0-af25-e1e0c41f072e req-347a8b98-8c2e-4598-a0d5-2a68c40f007e cd9b9ee205c84cddbe4d7c10fe1a120b dfcca62c60f942559238de17f9258104 - - 69172da1aae54a58bc71ea00e04f72f7 69172da1aae54a58bc71ea00e04f72f7] 10.0.0.24 "GET /v2.0/networks/ebaf1e9c-c242-4966-8745-28498043aaaa?fields=segments HTTP/1.1" status: 200 len: 212 time: 0.0707760
2026-07-15 06:07:47.210 9 INFO neutron.db.ovn_revision_numbers_db [None req-15b9c23c-047a-4563-9c02-843f03d54f6f 4cd888ccc21e41aebfefc15d72634313 9aeb65e06d2e4d678f2f7d56175684c7 - - default default] Successfully bumped revision number for resource 41f1327b-41df-420c-b256-3c656a0fc32d (type: networks) to 1
2026-07-15 06:07:47.225 10 INFO neutron.wsgi [None req-33fef20b-e137-4a4d-8f42-e0e52dad7363 4239e68166ed4136927cb286b7fb9c8a 4df009eeb35b4bdeb722721d47d8db55 - - default default] 10.0.0.208 "GET /v2.0/security-groups?tenant_id=8afcf190b57e46e6ac5fdd87e8f07164&name=default HTTP/1.1" status: 200 len: 3120 time: 0.1982789
2026-07-15 06:07:47.248 10 INFO neutron.wsgi [req-79d0624f-2b2e-45f0-af25-e1e0c41f072e req-a544e279-712d-4408-82bd-a91a1b901ee2 cd9b9ee205c84cddbe4d7c10fe1a120b dfcca62c60f942559238de17f9258104 - - 69172da1aae54a58bc71ea00e04f72f7 69172da1aae54a58bc71ea00e04f72f7] 10.0.0.24 "GET /v2.0/networks/ebaf1e9c-c242-4966-8745-28498043aaaa?fields=provider%3Aphysical_network&fields=provider%3Anetwork_type HTTP/1.1" status: 200 len: 277 time: 0.0973444
2026-07-15 06:07:47.470 9 WARNING neutron.scheduler.dhcp_agent_scheduler [None req-15b9c23c-047a-4563-9c02-843f03d54f6f 4cd888ccc21e41aebfefc15d72634313 9aeb65e06d2e4d678f2f7d56175684c7 - - default default] No more DHCP agents
2026-07-15 06:07:47.474 9 WARNING neutron.api.rpc.agentnotifiers.dhcp_rpc_agent_api [None req-15b9c23c-047a-4563-9c02-843f03d54f6f 4cd888ccc21e41aebfefc15d72634313 9aeb65e06d2e4d678f2f7d56175684c7 - - default default] Unable to schedule network 41f1327b-41df-420c-b256-3c656a0fc32d: no agents available; will retry on subsequent port and subnet creation events.
2026-07-15 06:07:47.482 10 INFO neutron.wsgi [req-afb20777-7850-49b6-a366-b1ab9fb91cd2 req-77ed3684-b740-43da-a5b4-be154fc7435d 8c17eba82e9343a8803d761dc3cf46d1 0e2264981db549299feab86e7270cae0 - - default default] 10.0.0.24 "GET /v2.0/ports?device_id=4c9aff9b-c342-4844-8eaa-9e9552e80211 HTTP/1.1" status: 200 len: 210 time: 0.0392656
2026-07-15 06:07:47.521 10 INFO neutron.wsgi [None req-497dca06-016f-4dcb-ac03-8264fb2f889d 4239e68166ed4136927cb286b7fb9c8a 4df009eeb35b4bdeb722721d47d8db55 - - default default] 10.0.0.3 "GET /v2.0/networks HTTP/1.1" status: 200 len: 5336 time: 0.2043285
2026-07-15 06:07:47.596 9 INFO neutron.db.ovn_revision_numbers_db [None req-15b9c23c-047a-4563-9c02-843f03d54f6f 4cd888ccc21e41aebfefc15d72634313 9aeb65e06d2e4d678f2f7d56175684c7 - - default default] Successfully bumped revision number for resource 3cc09bae-af83-4268-83b1-b9950b2a9bb5 (type: ports) to 1
2026-07-15 06:07:47.599 10 INFO neutron.wsgi [None req-5a1e5aa1-6931-4e71-873f-2edd4683c257 4239e68166ed4136927cb286b7fb9c8a 4df009eeb35b4bdeb722721d47d8db55 - - default default] 10.0.0.3 "GET /v2.0/security-groups HTTP/1.1" status: 200 len: 40306 time: 0.0747769
2026-07-15 06:07:47.621 9 INFO neutron.wsgi [None req-15b9c23c-047a-4563-9c02-843f03d54f6f 4cd888ccc21e41aebfefc15d72634313 9aeb65e06d2e4d678f2f7d56175684c7 - - default default] 10.0.0.208 "POST /v2.0/networks HTTP/1.1" status: 201 len: 838 time: 1.1601901
2026-07-15 06:07:47.632 9 WARNING neutron_lib.context [None req-e2512639-c98a-467f-8192-6091b2fac16d 4cd888ccc21e41aebfefc15d72634313 9aeb65e06d2e4d678f2f7d56175684c7 - - default default] Method 'is_advsvc' is deprecated since 2023.2 release (neutron-lib 3.8.0) and will be removed once support for the old RBAC API policies will be removed from Neutron. Please use method 'is_service_role' instead.
2026-07-15 06:07:47.664 10 INFO neutron.wsgi [None req-baaa0fa7-46e3-466b-972c-ae1cb07a2192 4239e68166ed4136927cb286b7fb9c8a 4df009eeb35b4bdeb722721d47d8db55 - - default default] 10.0.0.3 "GET /v2.0/subnets HTTP/1.1" status: 200 len: 3397 time: 0.0537846
2026-07-15 06:07:47.799 10 INFO neutron.wsgi [None req-4b3e2091-e2c7-4ee7-9ce0-c53d3dfe8912 4239e68166ed4136927cb286b7fb9c8a 4df009eeb35b4bdeb722721d47d8db55 - - default default] 10.0.0.3 "GET /v2.0/ports HTTP/1.1" status: 200 len: 16897 time: 0.1310797
2026-07-15 06:07:47.815 10 INFO neutron.wsgi [None req-e8e78407-3da9-4e6c-a120-9a1778d0148c 4239e68166ed4136927cb286b7fb9c8a 4df009eeb35b4bdeb722721d47d8db55 - - default default] 10.0.0.208 "DELETE /v2.0/security-groups/13f5ba90-df44-4cc7-aa58-a325626604ec HTTP/1.1" status: 204 len: 168 time: 0.5845306
2026-07-15 06:07:47.830 10 INFO neutron.wsgi [None req-8f01826e-d742-4431-a872-6f2aa8585346 4239e68166ed4136927cb286b7fb9c8a 4df009eeb35b4bdeb722721d47d8db55 - - default default] 10.0.0.3 "GET /v2.0/network-ip-availabilities HTTP/1.1" status: 200 len: 2967 time: 0.0188019
2026-07-15 06:07:47.893 9 WARNING neutron.scheduler.dhcp_agent_scheduler [None req-e2512639-c98a-467f-8192-6091b2fac16d 4cd888ccc21e41aebfefc15d72634313 9aeb65e06d2e4d678f2f7d56175684c7 - - default default] No more DHCP agents
2026-07-15 06:07:47.895 9 WARNING neutron.api.rpc.agentnotifiers.dhcp_rpc_agent_api [None req-e2512639-c98a-467f-8192-6091b2fac16d 4cd888ccc21e41aebfefc15d72634313 9aeb65e06d2e4d678f2f7d56175684c7 - - default default] Unable to schedule network 41f1327b-41df-420c-b256-3c656a0fc32d: no agents available; will retry on subsequent port and subnet creation events.
2026-07-15 06:07:47.995 10 INFO neutron.wsgi [None req-374658cb-81ce-4b72-9ecd-14c70aaf0808 4239e68166ed4136927cb286b7fb9c8a 4df009eeb35b4bdeb722721d47d8db55 - - default default] 10.0.0.3 "GET /v2.0/routers HTTP/1.1" status: 200 len: 3073 time: 0.1638381
2026-07-15 06:07:48.011 10 INFO neutron.wsgi [None req-3554e52e-707d-4f29-a74d-6770dd49c1e9 4239e68166ed4136927cb286b7fb9c8a 4df009eeb35b4bdeb722721d47d8db55 - - default default] 10.0.0.3 "GET /v2.0/agents?binary=ovn-controller HTTP/1.1" status: 200 len: 591 time: 0.0132134
2026-07-15 06:07:48.042 10 INFO neutron.wsgi [None req-07b6f343-6996-49d6-81fa-e56ec10aad65 4239e68166ed4136927cb286b7fb9c8a 4df009eeb35b4bdeb722721d47d8db55 - - default default] 10.0.0.3 "GET /v2.0/agents HTTP/1.1" status: 200 len: 1390 time: 0.0297010
2026-07-15 06:07:48.097 10 INFO neutron.wsgi [None req-ffca7947-6753-44c2-a84a-98966daf2b1a 4239e68166ed4136927cb286b7fb9c8a 4df009eeb35b4bdeb722721d47d8db55 - - default default] 10.0.0.3 "GET /v2.0/subnets HTTP/1.1" status: 200 len: 4039 time: 0.0513942
2026-07-15 06:07:48.118 10 INFO neutron.wsgi [None req-05593556-8065-455c-b886-998b43569ee1 4239e68166ed4136927cb286b7fb9c8a 4df009eeb35b4bdeb722721d47d8db55 - - default default] 10.0.0.3 "GET /v2.0/subnetpools HTTP/1.1" status: 200 len: 193 time: 0.0177562
2026-07-15 06:07:48.158 10 INFO neutron.wsgi [None req-855930f7-f132-416e-bf17-f90a2bb84c4a 4239e68166ed4136927cb286b7fb9c8a 4df009eeb35b4bdeb722721d47d8db55 - - default default] 10.0.0.3 "GET /v2.0/floatingips HTTP/1.1" status: 200 len: 730 time: 0.0397229
2026-07-15 06:07:48.201 10 INFO neutron.db.ovn_revision_numbers_db [None req-e4165f86-efbe-4af0-a46c-ea1525601547 4239e68166ed4136927cb286b7fb9c8a 4df009eeb35b4bdeb722721d47d8db55 - - default default] Successfully bumped revision number for resource d59f8ce4-c2ee-43ae-804e-fdb888b3e338 (type: security_groups) to 1
2026-07-15 06:07:48.232 10 INFO neutron.db.ovn_revision_numbers_db [None req-e4165f86-efbe-4af0-a46c-ea1525601547 4239e68166ed4136927cb286b7fb9c8a 4df009eeb35b4bdeb722721d47d8db55 - - default default] Successfully bumped revision number for resource 704cc19e-067d-4f75-a26e-f92b4c173736 (type: security_group_rules) to 0
2026-07-15 06:07:48.250 10 INFO neutron.db.ovn_revision_numbers_db [None req-e4165f86-efbe-4af0-a46c-ea1525601547 4239e68166ed4136927cb286b7fb9c8a 4df009eeb35b4bdeb722721d47d8db55 - - default default] Successfully bumped revision number for resource 9c20bc0c-d020-4f9b-a6b8-27ac1ad57a0a (type: security_group_rules) to 0
2026-07-15 06:07:48.278 10 INFO neutron.db.ovn_revision_numbers_db [None req-e4165f86-efbe-4af0-a46c-ea1525601547 4239e68166ed4136927cb286b7fb9c8a 4df009eeb35b4bdeb722721d47d8db55 - - default default] Successfully bumped revision number for resource bab90540-364c-4f3e-a00f-7a78bb742732 (type: security_group_rules) to 0
2026-07-15 06:07:48.306 10 INFO neutron.db.ovn_revision_numbers_db [None req-e4165f86-efbe-4af0-a46c-ea1525601547 4239e68166ed4136927cb286b7fb9c8a 4df009eeb35b4bdeb722721d47d8db55 - - default default] Successfully bumped revision number for resource d30bd5f2-d57f-47bc-8430-41d508443c85 (type: security_group_rules) to 0
