2026-07-15 06:08:13.202 10 INFO neutron.wsgi [None req-c05686b2-d657-40f3-97b4-236bb11de71d 522c68e5f6fc4c59a42f499fefb85da1 692a4f288b7e477280ac132b4f2cbd7d - - default default] 10.0.0.208 "POST /v2.0/security-groups HTTP/1.1" status: 201 len: 1801 time: 0.3004782
2026-07-15 06:08:13.209 9 INFO neutron.wsgi [None req-44f80805-1f70-4071-a103-ac667f3364a1 12a98c13a8594c9ab1122fb899ebc2e1 c5633686faea42e4a24567bca10e78fe - - default default] 10.0.0.90 "GET /v2.0/extensions HTTP/1.1" status: 200 len: 18683 time: 0.0055134
2026-07-15 06:08:13.213 10 WARNING neutron_lib.context [None req-c1672864-bfd4-4b91-b273-97acc9013350 522c68e5f6fc4c59a42f499fefb85da1 692a4f288b7e477280ac132b4f2cbd7d - - default default] Method 'is_advsvc' is deprecated since 2023.2 release (neutron-lib 3.8.0) and will be removed once support for the old RBAC API policies will be removed from Neutron. Please use method 'is_service_role' instead.
2026-07-15 06:08:13.252 9 INFO neutron.wsgi [req-e4daf731-b397-445e-a583-bf5582e08a2d req-7109d90e-72f9-486a-8db9-610a7a60784b cd9b9ee205c84cddbe4d7c10fe1a120b dfcca62c60f942559238de17f9258104 - - 69172da1aae54a58bc71ea00e04f72f7 69172da1aae54a58bc71ea00e04f72f7] 199.204.45.210 "GET /v2.0/networks/5094d5c9-1cc8-48be-b40d-e5ca711d4462?fields=provider%3Aphysical_network&fields=provider%3Anetwork_type HTTP/1.1" status: 200 len: 277 time: 0.0767505
2026-07-15 06:08:13.365 9 INFO neutron.wsgi [None req-35ff2bd0-5b0e-44f8-b3b8-bc38ba8e397c 12a98c13a8594c9ab1122fb899ebc2e1 c5633686faea42e4a24567bca10e78fe - - default default] 10.0.0.90 "GET /v2.0/quotas/c5633686faea42e4a24567bca10e78fe/details HTTP/1.1" status: 200 len: 1046 time: 0.1390071
2026-07-15 06:08:13.411 10 INFO neutron.db.ovn_revision_numbers_db [None req-d90ae858-aa8d-4b21-9d44-4f81669ce97e - - - - - -] Successfully bumped revision number for resource d9f9005c-0a19-4b83-ab12-c3e527a07e06 (type: ports) to 4
2026-07-15 06:08:13.422 10 INFO neutron.db.ovn_revision_numbers_db [None req-c1672864-bfd4-4b91-b273-97acc9013350 522c68e5f6fc4c59a42f499fefb85da1 692a4f288b7e477280ac132b4f2cbd7d - - default default] Successfully bumped revision number for resource f2526e1f-82be-40ed-ae8b-2140222af0e0 (type: security_groups) to 1
2026-07-15 06:08:13.474 10 INFO neutron.db.ovn_revision_numbers_db [None req-c1672864-bfd4-4b91-b273-97acc9013350 522c68e5f6fc4c59a42f499fefb85da1 692a4f288b7e477280ac132b4f2cbd7d - - default default] Successfully bumped revision number for resource a32c5451-fd60-43ae-bab3-0732c4de591b (type: security_group_rules) to 0
2026-07-15 06:08:13.492 10 INFO neutron.db.ovn_revision_numbers_db [None req-c1672864-bfd4-4b91-b273-97acc9013350 522c68e5f6fc4c59a42f499fefb85da1 692a4f288b7e477280ac132b4f2cbd7d - - default default] Successfully bumped revision number for resource e06f13e6-423b-42b3-a904-4eb5abcd7d98 (type: security_group_rules) to 0
2026-07-15 06:08:13.512 10 INFO neutron.wsgi [None req-c1672864-bfd4-4b91-b273-97acc9013350 522c68e5f6fc4c59a42f499fefb85da1 692a4f288b7e477280ac132b4f2cbd7d - - default default] 10.0.0.208 "POST /v2.0/security-groups HTTP/1.1" status: 201 len: 1801 time: 0.3041339 /var/lib/openstack/lib/python3.10/site-packages/pycadf/identifier.py:71: UserWarning: Invalid uuid: neutron. To ensure interoperability, identifiers should be a valid uuid. warnings.warn(('Invalid uuid: %s. To ensure interoperability, '
2026-07-15 06:08:13.558 10 INFO neutron.wsgi [None req-9efde8de-6df2-444f-8733-ed374756f49f 522c68e5f6fc4c59a42f499fefb85da1 692a4f288b7e477280ac132b4f2cbd7d - - default default] 10.0.0.208 "PUT /v2.0/security-groups/b38c6dca-0b43-4ac7-98eb-54dbed6658e3/tags HTTP/1.1" status: 200 len: 210 time: 0.0398304
2026-07-15 06:08:13.598 10 INFO neutron.wsgi [None req-12ec0876-9d41-4716-ade4-e68ca24a308b 522c68e5f6fc4c59a42f499fefb85da1 692a4f288b7e477280ac132b4f2cbd7d - - default default] 10.0.0.208 "PUT /v2.0/security-groups/f3570f25-a9b7-4bee-8fa6-222bbecc427b/tags HTTP/1.1" status: 200 len: 218 time: 0.0369024
2026-07-15 06:08:13.664 10 INFO neutron.wsgi [None req-8a99b557-0bbb-47e9-bafe-f850ad17aa97 522c68e5f6fc4c59a42f499fefb85da1 692a4f288b7e477280ac132b4f2cbd7d - - default default] 10.0.0.208 "PUT /v2.0/security-groups/29207c18-9a6e-42d5-b56b-71e4b0a69ea8/tags HTTP/1.1" status: 200 len: 227 time: 0.0597785
2026-07-15 06:08:13.718 10 INFO neutron.wsgi [None req-4fac341a-e55f-4cea-aab5-ca7227445727 522c68e5f6fc4c59a42f499fefb85da1 692a4f288b7e477280ac132b4f2cbd7d - - default default] 10.0.0.208 "PUT /v2.0/security-groups/e1061ae2-ddd8-4296-8d16-aa618fa14433/tags HTTP/1.1" status: 200 len: 212 time: 0.0498655
2026-07-15 06:08:13.743 10 INFO neutron.wsgi [req-6cc49173-dd5c-452e-8e2d-17d0ca4d1cc0 req-914dc024-4daa-417a-967f-922c080bbdf9 8c17eba82e9343a8803d761dc3cf46d1 0e2264981db549299feab86e7270cae0 - - default default] 10.0.0.24 "GET /v2.0/ports?device_id=4c9aff9b-c342-4844-8eaa-9e9552e80211 HTTP/1.1" status: 200 len: 1210 time: 0.0499938
2026-07-15 06:08:13.767 9 INFO neutron.plugins.ml2.drivers.ovn.mech_driver.mech_driver [None req-424360a4-b402-4a28-b76b-5c5ebb5779bb - - - - - -] OVN reports status down for port: 736ce709-1fd3-4a61-9923-4c4c5e38df35
2026-07-15 06:08:13.810 10 INFO neutron.wsgi [req-6cc49173-dd5c-452e-8e2d-17d0ca4d1cc0 req-772a8380-1b63-4eaa-8776-5aa507b34ece 8c17eba82e9343a8803d761dc3cf46d1 0e2264981db549299feab86e7270cae0 - - default default] 10.0.0.24 "GET /v2.0/security-groups?id=7cc40ec3-f388-4216-893e-79491800e8ad&id=e4b73753-9ac6-4567-a539-3cc84a1c3626&fields=id&fields=name HTTP/1.1" status: 200 len: 406 time: 0.0618346
2026-07-15 06:08:13.816 9 INFO neutron.wsgi [None req-be2ed20e-bc9c-4929-a9e0-e7c72932ee35 522c68e5f6fc4c59a42f499fefb85da1 692a4f288b7e477280ac132b4f2cbd7d - - default default] 10.0.0.208 "GET /v2.0/security-groups?tags=red HTTP/1.1" status: 200 len: 4999 time: 0.0870814
2026-07-15 06:08:13.912 10 INFO neutron.wsgi [None req-42765373-c3d3-45ca-a5e3-2dfcaeb152a6 522c68e5f6fc4c59a42f499fefb85da1 692a4f288b7e477280ac132b4f2cbd7d - - default default] 10.0.0.208 "GET /v2.0/security-groups?tags=red%2Cblue HTTP/1.1" status: 200 len: 3413 time: 0.0906577
2026-07-15 06:08:14.057 9 INFO neutron.wsgi [None req-88602b30-c8c8-4639-bdd4-a7a82fef3f41 522c68e5f6fc4c59a42f499fefb85da1 692a4f288b7e477280ac132b4f2cbd7d - - default default] 10.0.0.208 "GET /v2.0/security-groups?tags-any=blue HTTP/1.1" status: 200 len: 3413 time: 0.1293845
2026-07-15 06:08:14.111 10 INFO neutron.wsgi [None req-310da989-0c0f-4058-9973-e7a9f68e06a4 522c68e5f6fc4c59a42f499fefb85da1 692a4f288b7e477280ac132b4f2cbd7d - - default default] 10.0.0.208 "GET /v2.0/security-groups?tags-any=red%2Cblue HTTP/1.1" status: 200 len: 4999 time: 0.0483708
2026-07-15 06:08:14.179 10 INFO neutron.wsgi [None req-562b6734-cbb1-4b26-a0af-ffe522ca9c11 522c68e5f6fc4c59a42f499fefb85da1 692a4f288b7e477280ac132b4f2cbd7d - - default default] 10.0.0.208 "GET /v2.0/security-groups?not-tags=red HTTP/1.1" status: 200 len: 6289 time: 0.0638137
2026-07-15 06:08:14.221 9 INFO neutron.db.ovn_revision_numbers_db [None req-424360a4-b402-4a28-b76b-5c5ebb5779bb - - - - - -] Successfully bumped revision number for resource 736ce709-1fd3-4a61-9923-4c4c5e38df35 (type: ports) to 5
2026-07-15 06:08:14.231 9 INFO neutron.wsgi [req-69d0f26f-3526-4132-b0d6-afc8c39101bb req-ea09e506-845e-44e3-bfc3-698cde32308f 8c17eba82e9343a8803d761dc3cf46d1 0e2264981db549299feab86e7270cae0 - - default default] 199.204.45.210 "GET /v2.0/ports?device_id=4c9aff9b-c342-4844-8eaa-9e9552e80211 HTTP/1.1" status: 200 len: 1208 time: 0.1231570
2026-07-15 06:08:14.260 10 INFO neutron.wsgi [None req-efafd180-2791-40b2-977c-f6702d51f065 522c68e5f6fc4c59a42f499fefb85da1 692a4f288b7e477280ac132b4f2cbd7d - - default default] 10.0.0.208 "GET /v2.0/security-groups?not-tags=red%2Cblue HTTP/1.1" status: 200 len: 7875 time: 0.0726194
2026-07-15 06:08:14.328 10 INFO neutron.wsgi [None req-e721d73e-fae2-4eb9-94a7-c7aae76ea648 522c68e5f6fc4c59a42f499fefb85da1 692a4f288b7e477280ac132b4f2cbd7d - - default default] 10.0.0.208 "GET /v2.0/security-groups?not-tags-any=blue HTTP/1.1" status: 200 len: 7875 time: 0.0630872
2026-07-15 06:08:14.381 10 INFO neutron.wsgi [None req-966d8c48-2e58-4f3b-b697-0a9478f2510e 522c68e5f6fc4c59a42f499fefb85da1 692a4f288b7e477280ac132b4f2cbd7d - - default default] 10.0.0.208 "GET /v2.0/security-groups?not-tags-any=red%2Cblue HTTP/1.1" status: 200 len: 6289 time: 0.0466886
2026-07-15 06:08:14.434 9 INFO neutron.notifiers.nova [-] Nova event matching ['req-9fafdf08-509a-410a-b9c1-3554fe9cddfa'] response: {'server_uuid': '4c9aff9b-c342-4844-8eaa-9e9552e80211', 'name': 'network-vif-unplugged', 'status': 'completed', 'tag': '736ce709-1fd3-4a61-9923-4c4c5e38df35', 'code': 200}
2026-07-15 06:08:14.434 9 INFO neutron.notifiers.nova [-] Nova event matching ['req-9fafdf08-509a-410a-b9c1-3554fe9cddfa'] response: {'server_uuid': '4c9aff9b-c342-4844-8eaa-9e9552e80211', 'name': 'network-vif-unplugged', 'status': 'completed', 'tag': '736ce709-1fd3-4a61-9923-4c4c5e38df35', 'code': 200}
2026-07-15 06:08:14.523 10 INFO neutron.wsgi [None req-20294fcb-ce10-421d-b5e0-b3d8fbdea4e8 522c68e5f6fc4c59a42f499fefb85da1 692a4f288b7e477280ac132b4f2cbd7d - - default default] 10.0.0.208 "DELETE /v2.0/security-groups/b38c6dca-0b43-4ac7-98eb-54dbed6658e3 HTTP/1.1" status: 204 len: 168 time: 0.1364303
2026-07-15 06:08:14.646 9 INFO neutron.db.l3_db [req-69d0f26f-3526-4132-b0d6-afc8c39101bb req-59400da6-87e7-4fef-8ec0-0445c770dbb5 8c17eba82e9343a8803d761dc3cf46d1 0e2264981db549299feab86e7270cae0 - - default default] Floating IP 88700c9d-3554-4ea8-b846-c0f85d403382 disassociated. External IP: 10.96.250.217, port: 736ce709-1fd3-4a61-9923-4c4c5e38df35.
2026-07-15 06:08:14.648 10 INFO neutron.wsgi [None req-83d34cea-ae0b-44c9-84dc-fe9b05744a46 522c68e5f6fc4c59a42f499fefb85da1 692a4f288b7e477280ac132b4f2cbd7d - - default default] 10.0.0.208 "DELETE /v2.0/security-groups/f3570f25-a9b7-4bee-8fa6-222bbecc427b HTTP/1.1" status: 204 len: 168 time: 0.1206009
2026-07-15 06:08:14.770 10 INFO neutron.wsgi [None req-0aa994dd-6bea-4f63-9a01-732e2493f7dc 522c68e5f6fc4c59a42f499fefb85da1 692a4f288b7e477280ac132b4f2cbd7d - - default default] 10.0.0.208 "DELETE /v2.0/security-groups/29207c18-9a6e-42d5-b56b-71e4b0a69ea8 HTTP/1.1" status: 204 len: 168 time: 0.1171899
2026-07-15 06:08:14.781 9 INFO neutron.wsgi [req-69d0f26f-3526-4132-b0d6-afc8c39101bb req-59400da6-87e7-4fef-8ec0-0445c770dbb5 8c17eba82e9343a8803d761dc3cf46d1 0e2264981db549299feab86e7270cae0 - - default default] 199.204.45.210 "DELETE /v2.0/ports/736ce709-1fd3-4a61-9923-4c4c5e38df35 HTTP/1.1" status: 204 len: 173 time: 0.5428369
2026-07-15 06:08:14.905 10 INFO neutron.wsgi [req-51c1c233-a8c8-44a2-b82c-7e5b8fe672e3 req-ac4cd1eb-13f6-47f3-bb2d-7e195b9451a5 8c17eba82e9343a8803d761dc3cf46d1 0e2264981db549299feab86e7270cae0 - - default default] 10.0.0.24 "GET /v2.0/ports?device_id=4c9aff9b-c342-4844-8eaa-9e9552e80211 HTTP/1.1" status: 200 len: 210 time: 0.0301282
2026-07-15 06:08:14.914 10 INFO neutron.wsgi [None req-676f8585-e055-4abb-bfc6-d18aaf99b1c6 522c68e5f6fc4c59a42f499fefb85da1 692a4f288b7e477280ac132b4f2cbd7d - - default default] 10.0.0.208 "DELETE /v2.0/security-groups/e1061ae2-ddd8-4296-8d16-aa618fa14433 HTTP/1.1" status: 204 len: 168 time: 0.1329660
2026-07-15 06:08:15.077 10 INFO neutron.wsgi [None req-55f3b9a2-7778-46da-8797-c295bbff49d2 522c68e5f6fc4c59a42f499fefb85da1 692a4f288b7e477280ac132b4f2cbd7d - - default default] 10.0.0.208 "DELETE /v2.0/security-groups/f2526e1f-82be-40ed-ae8b-2140222af0e0 HTTP/1.1" status: 204 len: 168 time: 0.1592560
2026-07-15 06:08:15.089 10 INFO neutron.wsgi [req-2114ad1f-f344-4876-8c24-bf48f8874e45 req-10cfce23-1163-44aa-a284-1d1606fccf8b 4cd888ccc21e41aebfefc15d72634313 9aeb65e06d2e4d678f2f7d56175684c7 - - default default] 10.0.0.24 "GET /v2.0/ports?device_id=659d1471-e499-48c5-b4cb-36a31a4e016b HTTP/1.1" status: 200 len: 1396 time: 0.1130409
2026-07-15 06:08:15.142 10 INFO neutron.wsgi [req-2114ad1f-f344-4876-8c24-bf48f8874e45 req-bc85004f-5b63-4268-aa65-76a74ffc9693 4cd888ccc21e41aebfefc15d72634313 9aeb65e06d2e4d678f2f7d56175684c7 - - default default] 10.0.0.24 "GET /v2.0/security-groups?id=0b5c1244-0d19-4893-a00c-2f22f78440b0&fields=id&fields=name HTTP/1.1" status: 200 len: 311 time: 0.0478420
2026-07-15 06:08:15.231 10 INFO neutron.wsgi [None req-7ee10b4f-c85a-41f7-802d-d9ad8483d59a 4cd888ccc21e41aebfefc15d72634313 9aeb65e06d2e4d678f2f7d56175684c7 - - default default] 10.0.0.208 "GET /v2.0/ports?network_id=5094d5c9-1cc8-48be-b40d-e5ca711d4462&mac_address=fa%3A16%3A3e%3A66%3A7f%3Adc HTTP/1.1" status: 200 len: 1391 time: 0.0617812
2026-07-15 06:08:15.232 10 INFO neutron.notifiers.nova [-] Nova event matching ['req-cec7c32f-f83c-40e0-ab08-3fdf68c8472b'] response: {'server_uuid': '659d1471-e499-48c5-b4cb-36a31a4e016b', 'name': 'network-vif-plugged', 'status': 'completed', 'tag': 'd9f9005c-0a19-4b83-ab12-c3e527a07e06', 'code': 200} /var/lib/openstack/lib/python3.10/site-packages/pycadf/identifier.py:71: UserWarning: Invalid uuid: neutron. To ensure interoperability, identifiers should be a valid uuid. warnings.warn(('Invalid uuid: %s. To ensure interoperability, '
2026-07-15 06:08:15.247 9 WARNING neutron_lib.context [None req-ef06bbb2-9947-486f-9166-c8a4f1b400b5 4cd888ccc21e41aebfefc15d72634313 9aeb65e06d2e4d678f2f7d56175684c7 - - default default] Method 'is_advsvc' is deprecated since 2023.2 release (neutron-lib 3.8.0) and will be removed once support for the old RBAC API policies will be removed from Neutron. Please use method 'is_service_role' instead.
2026-07-15 06:08:15.609 9 WARNING neutron.scheduler.dhcp_agent_scheduler [None req-ef06bbb2-9947-486f-9166-c8a4f1b400b5 4cd888ccc21e41aebfefc15d72634313 9aeb65e06d2e4d678f2f7d56175684c7 - - default default] No more DHCP agents
2026-07-15 06:08:15.614 9 WARNING neutron.api.rpc.agentnotifiers.dhcp_rpc_agent_api [None req-ef06bbb2-9947-486f-9166-c8a4f1b400b5 4cd888ccc21e41aebfefc15d72634313 9aeb65e06d2e4d678f2f7d56175684c7 - - default default] Unable to schedule network 61d64043-fc3e-466a-9133-8257a54ec247: no agents available; will retry on subsequent port and subnet creation events.
2026-07-15 06:08:16.203 10 INFO neutron.wsgi [None req-b9906bb0-7f28-458b-8eaa-f72e093ef8b8 8c17eba82e9343a8803d761dc3cf46d1 0e2264981db549299feab86e7270cae0 - - default default] 10.0.0.208 "DELETE /v2.0/security-groups/7cc40ec3-f388-4216-893e-79491800e8ad HTTP/1.1" status: 204 len: 168 time: 0.1366286
2026-07-15 06:08:16.250 9 INFO neutron.api.v2.resource [None req-2ab4edee-e605-4113-b587-138fe66a1448 8c17eba82e9343a8803d761dc3cf46d1 0e2264981db549299feab86e7270cae0 - - default default] show failed (client error): The resource could not be found.
2026-07-15 06:08:16.251 9 INFO neutron.wsgi [None req-2ab4edee-e605-4113-b587-138fe66a1448 8c17eba82e9343a8803d761dc3cf46d1 0e2264981db549299feab86e7270cae0 - - default default] 10.0.0.208 "GET /v2.0/security-groups/7cc40ec3-f388-4216-893e-79491800e8ad HTTP/1.1" status: 404 len: 347 time: 0.0434043
2026-07-15 06:08:16.319 10 INFO neutron.db.ovn_revision_numbers_db [None req-dddb16b7-1d8f-4dff-aeba-259038d99ee4 4239e68166ed4136927cb286b7fb9c8a 4df009eeb35b4bdeb722721d47d8db55 - - default default] Successfully bumped revision number for resource a5acf08a-ee0c-42fb-83b1-d15fef20e7e8 (type: security_groups) to 1
2026-07-15 06:08:16.340 10 INFO neutron.db.ovn_revision_numbers_db [None req-dddb16b7-1d8f-4dff-aeba-259038d99ee4 4239e68166ed4136927cb286b7fb9c8a 4df009eeb35b4bdeb722721d47d8db55 - - default default] Successfully bumped revision number for resource 66a4737b-cda0-4a33-afb2-ba123c551882 (type: security_group_rules) to 0
2026-07-15 06:08:16.356 10 INFO neutron.db.ovn_revision_numbers_db [None req-dddb16b7-1d8f-4dff-aeba-259038d99ee4 4239e68166ed4136927cb286b7fb9c8a 4df009eeb35b4bdeb722721d47d8db55 - - default default] Successfully bumped revision number for resource 70861807-354c-42dd-a111-638dec6a1f6e (type: security_group_rules) to 0
2026-07-15 06:08:16.373 10 INFO neutron.db.ovn_revision_numbers_db [None req-dddb16b7-1d8f-4dff-aeba-259038d99ee4 4239e68166ed4136927cb286b7fb9c8a 4df009eeb35b4bdeb722721d47d8db55 - - default default] Successfully bumped revision number for resource b30ded15-a483-44c4-a555-bd09e552356b (type: security_group_rules) to 0
2026-07-15 06:08:16.388 10 INFO neutron.db.ovn_revision_numbers_db [None req-dddb16b7-1d8f-4dff-aeba-259038d99ee4 4239e68166ed4136927cb286b7fb9c8a 4df009eeb35b4bdeb722721d47d8db55 - - default default] Successfully bumped revision number for resource bb489797-de48-4d67-a209-fdf1508ef57c (type: security_group_rules) to 0
2026-07-15 06:08:16.416 10 INFO neutron.wsgi [None req-dddb16b7-1d8f-4dff-aeba-259038d99ee4 4239e68166ed4136927cb286b7fb9c8a 4df009eeb35b4bdeb722721d47d8db55 - - default default] 10.0.0.208 "GET /v2.0/security-groups?tenant_id=da4ae39aea8b40248171d18d25c53abb&name=default HTTP/1.1" status: 200 len: 3120 time: 0.3782482
2026-07-15 06:08:16.482 9 INFO neutron.notifiers.nova [-] Nova event matching ['req-f8434659-2d8a-40d6-ac47-db3dcc4d9a2b'] response: {'server_uuid': '4c9aff9b-c342-4844-8eaa-9e9552e80211', 'name': 'network-vif-deleted', 'tag': '736ce709-1fd3-4a61-9923-4c4c5e38df35', 'status': 'completed', 'code': 200}
2026-07-15 06:08:16.498 9 INFO neutron.db.ovn_revision_numbers_db [None req-c37f8bc6-51ff-41e5-89d4-659203dac20f 4239e68166ed4136927cb286b7fb9c8a 4df009eeb35b4bdeb722721d47d8db55 - - default default] Successfully bumped revision number for resource 194c1ee5-ecc7-4cea-af0f-635f4ae6d88b (type: security_groups) to 1
2026-07-15 06:08:16.529 9 INFO neutron.db.ovn_revision_numbers_db [None req-c37f8bc6-51ff-41e5-89d4-659203dac20f 4239e68166ed4136927cb286b7fb9c8a 4df009eeb35b4bdeb722721d47d8db55 - - default default] Successfully bumped revision number for resource 473d65bc-a651-4753-9306-318c45adfb58 (type: security_group_rules) to 0
2026-07-15 06:08:16.567 9 INFO neutron.db.ovn_revision_numbers_db [None req-c37f8bc6-51ff-41e5-89d4-659203dac20f 4239e68166ed4136927cb286b7fb9c8a 4df009eeb35b4bdeb722721d47d8db55 - - default default] Successfully bumped revision number for resource 80438363-2ee6-4379-b215-0ea11862b4f6 (type: security_group_rules) to 0
2026-07-15 06:08:16.594 9 INFO neutron.db.ovn_revision_numbers_db [None req-c37f8bc6-51ff-41e5-89d4-659203dac20f 4239e68166ed4136927cb286b7fb9c8a 4df009eeb35b4bdeb722721d47d8db55 - - default default] Successfully bumped revision number for resource 85209933-93b7-427f-9dc5-7112bb7c93aa (type: security_group_rules) to 0
2026-07-15 06:08:16.688 10 INFO neutron.wsgi [None req-94770d7e-d69c-404a-9486-e96d1473d1c6 4239e68166ed4136927cb286b7fb9c8a 4df009eeb35b4bdeb722721d47d8db55 - - default default] 10.0.0.208 "DELETE /v2.0/security-groups/a5acf08a-ee0c-42fb-83b1-d15fef20e7e8 HTTP/1.1" status: 204 len: 168 time: 0.2671056 /var/lib/openstack/lib/python3.10/site-packages/pycadf/identifier.py:71: UserWarning: Invalid uuid: neutron. To ensure interoperability, identifiers should be a valid uuid. warnings.warn(('Invalid uuid: %s. To ensure interoperability, '
2026-07-15 06:08:16.917 9 INFO neutron.db.ovn_revision_numbers_db [None req-ef06bbb2-9947-486f-9166-c8a4f1b400b5 4cd888ccc21e41aebfefc15d72634313 9aeb65e06d2e4d678f2f7d56175684c7 - - default default] Successfully bumped revision number for resource 9418989b-c4ba-4cc1-a164-6c158365da10 (type: floatingips) to -1
2026-07-15 06:08:16.932 10 INFO neutron.db.ovn_revision_numbers_db [None req-ec91013e-00b3-4e93-a3ae-7998ed07d607 4239e68166ed4136927cb286b7fb9c8a 4df009eeb35b4bdeb722721d47d8db55 - - default default] Successfully bumped revision number for resource 13d9ec38-ac41-4f8f-9588-f135685c98bd (type: security_groups) to 1
2026-07-15 06:08:16.938 9 INFO neutron.db.ovn_revision_numbers_db [None req-c37f8bc6-51ff-41e5-89d4-659203dac20f 4239e68166ed4136927cb286b7fb9c8a 4df009eeb35b4bdeb722721d47d8db55 - - default default] Successfully bumped revision number for resource fdf1d475-e2e2-42af-86af-8e41dbbbb33e (type: security_group_rules) to 0
2026-07-15 06:08:16.946 10 INFO neutron.db.ovn_revision_numbers_db [None req-ec91013e-00b3-4e93-a3ae-7998ed07d607 4239e68166ed4136927cb286b7fb9c8a 4df009eeb35b4bdeb722721d47d8db55 - - default default] Successfully bumped revision number for resource 2fbbb01e-f0e0-44ea-9cb0-9b3950b94de5 (type: security_group_rules) to 0
2026-07-15 06:08:16.960 10 INFO neutron.db.ovn_revision_numbers_db [None req-ec91013e-00b3-4e93-a3ae-7998ed07d607 4239e68166ed4136927cb286b7fb9c8a 4df009eeb35b4bdeb722721d47d8db55 - - default default] Successfully bumped revision number for resource 45fa4bd5-e4ce-44d6-a718-561e0d687973 (type: security_group_rules) to 0
2026-07-15 06:08:16.975 10 INFO neutron.db.ovn_revision_numbers_db [None req-ec91013e-00b3-4e93-a3ae-7998ed07d607 4239e68166ed4136927cb286b7fb9c8a 4df009eeb35b4bdeb722721d47d8db55 - - default default] Successfully bumped revision number for resource 72ad4707-0df4-4e68-98e8-4889976959b7 (type: security_group_rules) to 0
2026-07-15 06:08:16.989 10 INFO neutron.db.ovn_revision_numbers_db [None req-ec91013e-00b3-4e93-a3ae-7998ed07d607 4239e68166ed4136927cb286b7fb9c8a 4df009eeb35b4bdeb722721d47d8db55 - - default default] Successfully bumped revision number for resource 7670de67-0a52-4ece-9e57-1d1754e51abf (type: security_group_rules) to 0
2026-07-15 06:08:16.990 9 INFO neutron.wsgi [None req-c37f8bc6-51ff-41e5-89d4-659203dac20f 4239e68166ed4136927cb286b7fb9c8a 4df009eeb35b4bdeb722721d47d8db55 - - default default] 10.0.0.208 "GET /v2.0/security-groups?tenant_id=c5633686faea42e4a24567bca10e78fe&name=default HTTP/1.1" status: 200 len: 3120 time: 0.9087906
2026-07-15 06:08:17.028 10 INFO neutron.wsgi [None req-ec91013e-00b3-4e93-a3ae-7998ed07d607 4239e68166ed4136927cb286b7fb9c8a 4df009eeb35b4bdeb722721d47d8db55 - - default default] 10.0.0.208 "GET /v2.0/security-groups?tenant_id=ea2c827f6acf40eeaa6e2ecdf3037c89&name=default HTTP/1.1" status: 200 len: 3120 time: 0.2472360
2026-07-15 06:08:17.116 9 INFO neutron.db.ovn_revision_numbers_db [None req-ef06bbb2-9947-486f-9166-c8a4f1b400b5 4cd888ccc21e41aebfefc15d72634313 9aeb65e06d2e4d678f2f7d56175684c7 - - default default] Successfully bumped revision number for resource 9418989b-c4ba-4cc1-a164-6c158365da10 (type: floatingips) to 1
2026-07-15 06:08:17.117 9 INFO neutron.db.l3_db [None req-ef06bbb2-9947-486f-9166-c8a4f1b400b5 4cd888ccc21e41aebfefc15d72634313 9aeb65e06d2e4d678f2f7d56175684c7 - - default default] Floating IP 9418989b-c4ba-4cc1-a164-6c158365da10 associated. External IP: 10.96.250.220, port: d9f9005c-0a19-4b83-ab12-c3e527a07e06.
2026-07-15 06:08:17.161 9 INFO neutron.wsgi [None req-ef06bbb2-9947-486f-9166-c8a4f1b400b5 4cd888ccc21e41aebfefc15d72634313 9aeb65e06d2e4d678f2f7d56175684c7 - - default default] 10.0.0.208 "POST /v2.0/floatingips HTTP/1.1" status: 201 len: 1053 time: 1.9242923
2026-07-15 06:08:17.169 9 INFO neutron.wsgi [None req-f97e6291-e5f5-4612-b243-a0a53879c1d4 8c17eba82e9343a8803d761dc3cf46d1 0e2264981db549299feab86e7270cae0 - - default default] 10.0.0.208 "DELETE /v2.0/floatingips/88700c9d-3554-4ea8-b846-c0f85d403382 HTTP/1.1" status: 204 len: 168 time: 0.9083469
2026-07-15 06:08:17.333 9 INFO neutron.wsgi [None req-56bc7ad4-1b59-4442-afa4-6e50a8948da1 8c17eba82e9343a8803d761dc3cf46d1 0e2264981db549299feab86e7270cae0 - - default default] 10.0.0.208 "DELETE /v2.0/security-groups/e4b73753-9ac6-4567-a539-3cc84a1c3626 HTTP/1.1" status: 204 len: 168 time: 0.1598673
2026-07-15 06:08:17.343 10 INFO neutron.wsgi [req-6bfe3c10-29ba-4297-860b-1da192e35e63 req-5ba0a133-748a-427e-a4ef-ee786155064a 4cd888ccc21e41aebfefc15d72634313 9aeb65e06d2e4d678f2f7d56175684c7 - - default default] 10.0.0.24 "GET /v2.0/security-groups?name=tempest-lb_member_SG-1590036559&fields=id&tenant_id=9aeb65e06d2e4d678f2f7d56175684c7 HTTP/1.1" status: 200 len: 267 time: 0.0859408
2026-07-15 06:08:17.401 10 INFO neutron.wsgi [None req-332d709b-c87b-4d84-bef8-aa0679601999 4239e68166ed4136927cb286b7fb9c8a 4df009eeb35b4bdeb722721d47d8db55 - - default default] 10.0.0.208 "DELETE /v2.0/security-groups/194c1ee5-ecc7-4cea-af0f-635f4ae6d88b HTTP/1.1" status: 204 len: 168 time: 0.4058380
2026-07-15 06:08:17.440 10 INFO neutron.wsgi [None req-56b6d8c2-46f9-4109-8b3f-ae9fd455ae2b 4239e68166ed4136927cb286b7fb9c8a 4df009eeb35b4bdeb722721d47d8db55 - - default default] 10.0.0.208 "DELETE /v2.0/security-groups/13d9ec38-ac41-4f8f-9588-f135685c98bd HTTP/1.1" status: 204 len: 168 time: 0.4026508
2026-07-15 06:08:17.464 10 INFO neutron.wsgi [req-6bfe3c10-29ba-4297-860b-1da192e35e63 req-78d5fa5d-66fb-415f-b090-74dc17f7eb7e 4cd888ccc21e41aebfefc15d72634313 9aeb65e06d2e4d678f2f7d56175684c7 - - default default] 10.0.0.24 "GET /v2.0/networks?id=4020d75e-6742-4b2d-a6df-6788ebc993aa HTTP/1.1" status: 200 len: 902 time: 0.1099064
2026-07-15 06:08:17.499 10 INFO neutron.wsgi [req-6bfe3c10-29ba-4297-860b-1da192e35e63 req-21144a16-ff71-4153-a6be-fe2af704c401 4cd888ccc21e41aebfefc15d72634313 9aeb65e06d2e4d678f2f7d56175684c7 - - default default] 10.0.0.24 "GET /v2.0/quotas/9aeb65e06d2e4d678f2f7d56175684c7 HTTP/1.1" status: 200 len: 491 time: 0.0270960
2026-07-15 06:08:17.702 10 INFO neutron.wsgi [req-6bfe3c10-29ba-4297-860b-1da192e35e63 req-51c05a01-6047-4482-b045-a0f7e42f6504 4cd888ccc21e41aebfefc15d72634313 9aeb65e06d2e4d678f2f7d56175684c7 - - default default] 10.0.0.24 "GET /v2.0/ports?tenant_id=9aeb65e06d2e4d678f2f7d56175684c7&fields=id HTTP/1.1" status: 200 len: 532 time: 0.1984572
2026-07-15 06:08:17.731 10 INFO neutron.wsgi [None req-949ee5af-ca2e-47dd-af1f-cbf12012a573 4239e68166ed4136927cb286b7fb9c8a 4df009eeb35b4bdeb722721d47d8db55 - - default default] 10.0.0.208 "GET /v2.0/security-groups?tenant_id=692a4f288b7e477280ac132b4f2cbd7d&name=default HTTP/1.1" status: 200 len: 3120 time: 0.0736582
2026-07-15 06:08:17.777 10 INFO neutron.wsgi [req-6bfe3c10-29ba-4297-860b-1da192e35e63 req-97dce650-c4ba-4df7-85b6-127d0711abb4 cd9b9ee205c84cddbe4d7c10fe1a120b dfcca62c60f942559238de17f9258104 - - 69172da1aae54a58bc71ea00e04f72f7 69172da1aae54a58bc71ea00e04f72f7] 10.0.0.24 "GET /v2.0/networks/4020d75e-6742-4b2d-a6df-6788ebc993aa?fields=segments HTTP/1.1" status: 200 len: 212 time: 0.0609090
2026-07-15 06:08:17.844 10 INFO neutron.wsgi [req-6bfe3c10-29ba-4297-860b-1da192e35e63 req-6cdabfc3-ea06-4da1-aa99-9b0b60f4fd33 cd9b9ee205c84cddbe4d7c10fe1a120b dfcca62c60f942559238de17f9258104 - - 69172da1aae54a58bc71ea00e04f72f7 69172da1aae54a58bc71ea00e04f72f7] 10.0.0.24 "GET /v2.0/networks/4020d75e-6742-4b2d-a6df-6788ebc993aa?fields=provider%3Aphysical_network&fields=provider%3Anetwork_type HTTP/1.1" status: 200 len: 277 time: 0.0587909
2026-07-15 06:08:18.001 10 INFO neutron.wsgi [req-cc77f75c-9850-4c5d-91e2-bb7f9f165645 req-e626b12e-2489-4541-885c-0fa7ce7a9f2e 4cd888ccc21e41aebfefc15d72634313 9aeb65e06d2e4d678f2f7d56175684c7 - - default default] 10.0.0.24 "GET /v2.0/ports?device_id=e75c8a55-9ec2-4851-b1ae-d3c1f5cb89c5 HTTP/1.1" status: 200 len: 210 time: 0.0297437
2026-07-15 06:08:18.087 9 INFO neutron.wsgi [None req-68aab139-d746-4106-aed6-25d2b5ee30e1 4239e68166ed4136927cb286b7fb9c8a 4df009eeb35b4bdeb722721d47d8db55 - - default default] 10.0.0.208 "DELETE /v2.0/security-groups/c0f43ff4-28d3-4427-b2f7-9a0504ebdec4 HTTP/1.1" status: 204 len: 168 time: 0.3511286
2026-07-15 06:08:18.533 9 INFO neutron.notifiers.nova [-] Nova event matching ['req-bda93785-fada-432a-9113-1875bb1e8735'] response: {'name': 'network-changed', 'server_uuid': '659d1471-e499-48c5-b4cb-36a31a4e016b', 'tag': 'd9f9005c-0a19-4b83-ab12-c3e527a07e06', 'status': 'completed', 'code': 200}
2026-07-15 06:08:18.603 9 INFO neutron.wsgi [req-abeaebb8-ca6c-41e3-be4f-df54897ea739 req-cb39c238-74b9-4324-95f4-664a5db87bcc cd9b9ee205c84cddbe4d7c10fe1a120b dfcca62c60f942559238de17f9258104 - - 69172da1aae54a58bc71ea00e04f72f7 69172da1aae54a58bc71ea00e04f72f7] 199.204.45.210 "GET /v2.0/ports?tenant_id=9aeb65e06d2e4d678f2f7d56175684c7&device_id=659d1471-e499-48c5-b4cb-36a31a4e016b HTTP/1.1" status: 200 len: 1634 time: 0.0602024
2026-07-15 06:08:18.695 9 INFO neutron.wsgi [req-abeaebb8-ca6c-41e3-be4f-df54897ea739 req-d40a14c2-51c6-4621-8fed-31721a1ec3ab cd9b9ee205c84cddbe4d7c10fe1a120b dfcca62c60f942559238de17f9258104 - - 69172da1aae54a58bc71ea00e04f72f7 69172da1aae54a58bc71ea00e04f72f7] 199.204.45.210 "GET /v2.0/networks?id=5094d5c9-1cc8-48be-b40d-e5ca711d4462 HTTP/1.1" status: 200 len: 1003 time: 0.0871987
2026-07-15 06:08:18.800 10 INFO neutron.wsgi [req-6bfe3c10-29ba-4297-860b-1da192e35e63 req-91efa70f-d117-4df0-ad61-e39442b793bc 4cd888ccc21e41aebfefc15d72634313 9aeb65e06d2e4d678f2f7d56175684c7 - - default default] 199.204.45.210 "GET /v2.0/networks?id=4020d75e-6742-4b2d-a6df-6788ebc993aa HTTP/1.1" status: 200 len: 902 time: 0.0909376
2026-07-15 06:08:18.802 9 INFO neutron.wsgi [req-abeaebb8-ca6c-41e3-be4f-df54897ea739 req-09aeddd3-4804-48ed-b9ec-bf61157f2b1a cd9b9ee205c84cddbe4d7c10fe1a120b dfcca62c60f942559238de17f9258104 - - 69172da1aae54a58bc71ea00e04f72f7 69172da1aae54a58bc71ea00e04f72f7] 199.204.45.210 "GET /v2.0/floatingips?fixed_ip_address=10.2.1.45&port_id=d9f9005c-0a19-4b83-ab12-c3e527a07e06 HTTP/1.1" status: 200 len: 1058 time: 0.0998628
2026-07-15 06:08:18.841 9 INFO neutron.wsgi [req-abeaebb8-ca6c-41e3-be4f-df54897ea739 req-a16fbdbb-416d-4511-9a28-b22c58198ffe cd9b9ee205c84cddbe4d7c10fe1a120b dfcca62c60f942559238de17f9258104 - - 69172da1aae54a58bc71ea00e04f72f7 69172da1aae54a58bc71ea00e04f72f7] 199.204.45.210 "GET /v2.0/floatingips?fixed_ip_address=fd7b%3Af9f7%3Afff%3A4eca%3A%3A14c&port_id=d9f9005c-0a19-4b83-ab12-c3e527a07e06 HTTP/1.1" status: 200 len: 217 time: 0.0258820
2026-07-15 06:08:18.873 10 INFO neutron.wsgi [req-6bfe3c10-29ba-4297-860b-1da192e35e63 req-bff80b72-186d-4941-ae52-bcdb62d64aa4 4cd888ccc21e41aebfefc15d72634313 9aeb65e06d2e4d678f2f7d56175684c7 - - default default] 199.204.45.210 "GET /v2.0/security-groups?fields=id&fields=name&tenant_id=9aeb65e06d2e4d678f2f7d56175684c7 HTTP/1.1" status: 200 len: 378 time: 0.0616236
2026-07-15 06:08:18.889 10 WARNING neutron_lib.context [req-6bfe3c10-29ba-4297-860b-1da192e35e63 req-056440ca-fd7f-4db0-8d28-fd19d686e854 4cd888ccc21e41aebfefc15d72634313 9aeb65e06d2e4d678f2f7d56175684c7 - - default default] Method 'is_advsvc' is deprecated since 2023.2 release (neutron-lib 3.8.0) and will be removed once support for the old RBAC API policies will be removed from Neutron. Please use method 'is_service_role' instead.
2026-07-15 06:08:18.901 9 INFO neutron.wsgi [req-abeaebb8-ca6c-41e3-be4f-df54897ea739 req-5b7b360f-147c-49e8-a867-f81b6931b769 cd9b9ee205c84cddbe4d7c10fe1a120b dfcca62c60f942559238de17f9258104 - - 69172da1aae54a58bc71ea00e04f72f7 69172da1aae54a58bc71ea00e04f72f7] 199.204.45.210 "GET /v2.0/subnets?id=43613ac6-1ca5-4985-a64a-a079f7190bfe&id=d5f05896-a084-4ce7-89e4-17c6ddcaecbf HTTP/1.1" status: 200 len: 1562 time: 0.0485535
2026-07-15 06:08:18.940 9 INFO neutron.wsgi [req-abeaebb8-ca6c-41e3-be4f-df54897ea739 req-2c174412-6a5f-40d4-b3d2-cac528eca450 cd9b9ee205c84cddbe4d7c10fe1a120b dfcca62c60f942559238de17f9258104 - - 69172da1aae54a58bc71ea00e04f72f7 69172da1aae54a58bc71ea00e04f72f7] 199.204.45.210 "GET /v2.0/ports?network_id=5094d5c9-1cc8-48be-b40d-e5ca711d4462&device_owner=network%3Adhcp HTTP/1.1" status: 200 len: 210 time: 0.0241392
2026-07-15 06:08:18.983 9 INFO neutron.wsgi [req-abeaebb8-ca6c-41e3-be4f-df54897ea739 req-d53ee336-f09b-4c0d-8908-7817947f2cd3 cd9b9ee205c84cddbe4d7c10fe1a120b dfcca62c60f942559238de17f9258104 - - 69172da1aae54a58bc71ea00e04f72f7 69172da1aae54a58bc71ea00e04f72f7] 199.204.45.210 "GET /v2.0/ports?network_id=5094d5c9-1cc8-48be-b40d-e5ca711d4462&device_owner=network%3Adhcp HTTP/1.1" status: 200 len: 210 time: 0.0210238
2026-07-15 06:08:19.101 9 INFO neutron.wsgi [req-abeaebb8-ca6c-41e3-be4f-df54897ea739 req-99cc72af-920d-4875-9573-86d6a2319f84 cd9b9ee205c84cddbe4d7c10fe1a120b dfcca62c60f942559238de17f9258104 - - 69172da1aae54a58bc71ea00e04f72f7 69172da1aae54a58bc71ea00e04f72f7] 199.204.45.210 "GET /v2.0/networks/5094d5c9-1cc8-48be-b40d-e5ca711d4462?fields=segments HTTP/1.1" status: 200 len: 212 time: 0.0945203
2026-07-15 06:08:19.192 9 INFO neutron.wsgi [req-abeaebb8-ca6c-41e3-be4f-df54897ea739 req-a803a67b-03df-4f99-9bd9-b52f79eba296 cd9b9ee205c84cddbe4d7c10fe1a120b dfcca62c60f942559238de17f9258104 - - 69172da1aae54a58bc71ea00e04f72f7 69172da1aae54a58bc71ea00e04f72f7] 199.204.45.210 "GET /v2.0/networks/5094d5c9-1cc8-48be-b40d-e5ca711d4462?fields=provider%3Aphysical_network&fields=provider%3Anetwork_type HTTP/1.1" status: 200 len: 277 time: 0.0811458
2026-07-15 06:08:19.259 10 WARNING neutron.scheduler.dhcp_agent_scheduler [req-6bfe3c10-29ba-4297-860b-1da192e35e63 req-056440ca-fd7f-4db0-8d28-fd19d686e854 4cd888ccc21e41aebfefc15d72634313 9aeb65e06d2e4d678f2f7d56175684c7 - - default default] No more DHCP agents
2026-07-15 06:08:19.261 10 WARNING neutron.api.rpc.agentnotifiers.dhcp_rpc_agent_api [req-6bfe3c10-29ba-4297-860b-1da192e35e63 req-056440ca-fd7f-4db0-8d28-fd19d686e854 4cd888ccc21e41aebfefc15d72634313 9aeb65e06d2e4d678f2f7d56175684c7 - - default default] Unable to schedule network 4020d75e-6742-4b2d-a6df-6788ebc993aa: no agents available; will retry on subsequent port and subnet creation events.
2026-07-15 06:08:19.309 9 INFO neutron.wsgi [None req-a7376dae-1c1e-402a-abb3-bbf9cc4ac313 4239e68166ed4136927cb286b7fb9c8a 4df009eeb35b4bdeb722721d47d8db55 - - default default] 10.0.0.208 "PUT /v2.0/routers/0817a9b5-a38d-441b-86c1-0cc6b073c4ce/remove_router_interface HTTP/1.1" status: 200 len: 503 time: 1.9209900 /var/lib/openstack/lib/python3.10/site-packages/pycadf/identifier.py:71: UserWarning: Invalid uuid: neutron. To ensure interoperability, identifiers should be a valid uuid. warnings.warn(('Invalid uuid: %s. To ensure interoperability, '
2026-07-15 06:08:19.764 10 INFO neutron.db.ovn_revision_numbers_db [req-6bfe3c10-29ba-4297-860b-1da192e35e63 req-056440ca-fd7f-4db0-8d28-fd19d686e854 4cd888ccc21e41aebfefc15d72634313 9aeb65e06d2e4d678f2f7d56175684c7 - - default default] Successfully bumped revision number for resource fdc347fe-0a83-4706-ba58-e4cf68385360 (type: ports) to 1
2026-07-15 06:08:19.796 10 INFO neutron.wsgi [req-6bfe3c10-29ba-4297-860b-1da192e35e63 req-056440ca-fd7f-4db0-8d28-fd19d686e854 4cd888ccc21e41aebfefc15d72634313 9aeb65e06d2e4d678f2f7d56175684c7 - - default default] 199.204.45.210 "POST /v2.0/ports HTTP/1.1" status: 201 len: 1388 time: 0.9136651
2026-07-15 06:08:20.412 10 INFO neutron.db.ovn_revision_numbers_db [req-6bfe3c10-29ba-4297-860b-1da192e35e63 req-2dc35705-6066-4873-ad1c-a5a615cf2b74 cd9b9ee205c84cddbe4d7c10fe1a120b dfcca62c60f942559238de17f9258104 - - 69172da1aae54a58bc71ea00e04f72f7 69172da1aae54a58bc71ea00e04f72f7] Successfully bumped revision number for resource fdc347fe-0a83-4706-ba58-e4cf68385360 (type: ports) to 2
2026-07-15 06:08:20.685 10 INFO neutron.wsgi [None req-80e2ae65-fe43-4621-acc9-e9304fe3f918 4239e68166ed4136927cb286b7fb9c8a 4df009eeb35b4bdeb722721d47d8db55 - - default default] 10.0.0.208 "DELETE /v2.0/routers/0817a9b5-a38d-441b-86c1-0cc6b073c4ce HTTP/1.1" status: 204 len: 168 time: 1.3706675 /var/lib/openstack/lib/python3.10/site-packages/pycadf/identifier.py:71: UserWarning: Invalid uuid: neutron. To ensure interoperability, identifiers should be a valid uuid. warnings.warn(('Invalid uuid: %s. To ensure interoperability, '
2026-07-15 06:08:20.814 10 INFO neutron.db.ovn_revision_numbers_db [req-6bfe3c10-29ba-4297-860b-1da192e35e63 req-2dc35705-6066-4873-ad1c-a5a615cf2b74 cd9b9ee205c84cddbe4d7c10fe1a120b dfcca62c60f942559238de17f9258104 - - 69172da1aae54a58bc71ea00e04f72f7 69172da1aae54a58bc71ea00e04f72f7] Successfully bumped revision number for resource fdc347fe-0a83-4706-ba58-e4cf68385360 (type: ports) to 2
2026-07-15 06:08:20.844 10 INFO neutron.wsgi [req-6bfe3c10-29ba-4297-860b-1da192e35e63 req-2dc35705-6066-4873-ad1c-a5a615cf2b74 cd9b9ee205c84cddbe4d7c10fe1a120b dfcca62c60f942559238de17f9258104 - - 69172da1aae54a58bc71ea00e04f72f7 69172da1aae54a58bc71ea00e04f72f7] 199.204.45.210 "PUT /v2.0/ports/fdc347fe-0a83-4706-ba58-e4cf68385360 HTTP/1.1" status: 200 len: 1605 time: 1.0278745
2026-07-15 06:08:20.884 10 INFO neutron.notifiers.nova [-] Nova event matching ['req-5442e580-7bdc-4486-8ff6-1312b582dadf'] response: {'name': 'network-changed', 'server_uuid': 'e75c8a55-9ec2-4851-b1ae-d3c1f5cb89c5', 'tag': 'fdc347fe-0a83-4706-ba58-e4cf68385360', 'status': 'completed', 'code': 200} /var/lib/openstack/lib/python3.10/site-packages/pycadf/identifier.py:71: UserWarning: Invalid uuid: neutron. To ensure interoperability, identifiers should be a valid uuid. warnings.warn(('Invalid uuid: %s. To ensure interoperability, '
2026-07-15 06:08:20.949 10 INFO neutron.wsgi [req-6bfe3c10-29ba-4297-860b-1da192e35e63 req-8937fd79-a970-4772-b382-a763e34cc198 cd9b9ee205c84cddbe4d7c10fe1a120b dfcca62c60f942559238de17f9258104 - - 69172da1aae54a58bc71ea00e04f72f7 69172da1aae54a58bc71ea00e04f72f7] 199.204.45.210 "GET /v2.0/ports?tenant_id=9aeb65e06d2e4d678f2f7d56175684c7&device_id=e75c8a55-9ec2-4851-b1ae-d3c1f5cb89c5 HTTP/1.1" status: 200 len: 1636 time: 0.0589507
2026-07-15 06:08:20.980 9 INFO neutron.wsgi [-] 10.0.0.19 "GET / HTTP/1.1" status: 200 len: 246 time: 0.0059485
2026-07-15 06:08:20.983 9 INFO neutron.wsgi [-] 10.0.0.19 "GET / HTTP/1.1" status: 200 len: 246 time: 0.0016513
2026-07-15 06:08:20.993 10 INFO neutron.wsgi [req-6bfe3c10-29ba-4297-860b-1da192e35e63 req-2f3e6b18-0542-44ea-9124-c843960c8990 cd9b9ee205c84cddbe4d7c10fe1a120b dfcca62c60f942559238de17f9258104 - - 69172da1aae54a58bc71ea00e04f72f7 69172da1aae54a58bc71ea00e04f72f7] 199.204.45.210 "GET /v2.0/floatingips?fixed_ip_address=10.2.2.57&port_id=fdc347fe-0a83-4706-ba58-e4cf68385360 HTTP/1.1" status: 200 len: 217 time: 0.0341029
2026-07-15 06:08:21.031 10 INFO neutron.wsgi [None req-792084bd-b644-4cd7-9684-8a285f06a8ad 4239e68166ed4136927cb286b7fb9c8a 4df009eeb35b4bdeb722721d47d8db55 - - default default] 10.0.0.208 "DELETE /v2.0/subnets/b5d51d29-e209-4de0-8562-041ea0caee9a HTTP/1.1" status: 204 len: 168 time: 0.3356345
2026-07-15 06:08:21.032 10 INFO neutron.wsgi [req-6bfe3c10-29ba-4297-860b-1da192e35e63 req-2f37b2bb-4a9b-41c7-90aa-549d77894985 cd9b9ee205c84cddbe4d7c10fe1a120b dfcca62c60f942559238de17f9258104 - - 69172da1aae54a58bc71ea00e04f72f7 69172da1aae54a58bc71ea00e04f72f7] 199.204.45.210 "GET /v2.0/floatingips?fixed_ip_address=fd77%3A1457%3A4cf0%3A26a8%3A%3A3b2&port_id=fdc347fe-0a83-4706-ba58-e4cf68385360 HTTP/1.1" status: 200 len: 217 time: 0.0345228
2026-07-15 06:08:21.106 10 INFO neutron.wsgi [req-6bfe3c10-29ba-4297-860b-1da192e35e63 req-97536351-a31f-4f1a-8d3c-ed6f8a052641 cd9b9ee205c84cddbe4d7c10fe1a120b dfcca62c60f942559238de17f9258104 - - 69172da1aae54a58bc71ea00e04f72f7 69172da1aae54a58bc71ea00e04f72f7] 199.204.45.210 "GET /v2.0/subnets?id=0e65536c-d5bb-48a2-8e3d-04f0bb6d3e97&id=f4bcc98b-8c49-4bc9-aded-ace99c80ea65 HTTP/1.1" status: 200 len: 1566 time: 0.0631924
2026-07-15 06:08:21.146 10 INFO neutron.wsgi [req-6bfe3c10-29ba-4297-860b-1da192e35e63 req-de9073f2-75ad-44a3-a81d-04f247e475eb cd9b9ee205c84cddbe4d7c10fe1a120b dfcca62c60f942559238de17f9258104 - - 69172da1aae54a58bc71ea00e04f72f7 69172da1aae54a58bc71ea00e04f72f7] 199.204.45.210 "GET /v2.0/ports?network_id=4020d75e-6742-4b2d-a6df-6788ebc993aa&device_owner=network%3Adhcp HTTP/1.1" status: 200 len: 210 time: 0.0358293
2026-07-15 06:08:21.176 10 INFO neutron.wsgi [req-6bfe3c10-29ba-4297-860b-1da192e35e63 req-cd0af433-9177-4ece-b88b-584954f77daa cd9b9ee205c84cddbe4d7c10fe1a120b dfcca62c60f942559238de17f9258104 - - 69172da1aae54a58bc71ea00e04f72f7 69172da1aae54a58bc71ea00e04f72f7] 199.204.45.210 "GET /v2.0/ports?network_id=4020d75e-6742-4b2d-a6df-6788ebc993aa&device_owner=network%3Adhcp HTTP/1.1" status: 200 len: 210 time: 0.0264339
2026-07-15 06:08:21.253 10 INFO neutron.wsgi [req-6bfe3c10-29ba-4297-860b-1da192e35e63 req-e1e54509-72c9-4fe1-bc05-350d0965eddd cd9b9ee205c84cddbe4d7c10fe1a120b dfcca62c60f942559238de17f9258104 - - 69172da1aae54a58bc71ea00e04f72f7 69172da1aae54a58bc71ea00e04f72f7] 199.204.45.210 "GET /v2.0/networks/4020d75e-6742-4b2d-a6df-6788ebc993aa?fields=segments HTTP/1.1" status: 200 len: 212 time: 0.0728176
2026-07-15 06:08:21.368 10 INFO neutron.wsgi [req-6bfe3c10-29ba-4297-860b-1da192e35e63 req-ff40506b-5661-4bc6-96aa-ad0e755c6c38 cd9b9ee205c84cddbe4d7c10fe1a120b dfcca62c60f942559238de17f9258104 - - 69172da1aae54a58bc71ea00e04f72f7 69172da1aae54a58bc71ea00e04f72f7] 199.204.45.210 "GET /v2.0/networks/4020d75e-6742-4b2d-a6df-6788ebc993aa?fields=provider%3Aphysical_network&fields=provider%3Anetwork_type HTTP/1.1" status: 200 len: 277 time: 0.1072795
2026-07-15 06:08:21.465 10 INFO neutron.wsgi [req-df1b6d47-ca75-490c-8a63-883a84e4c45e req-5176ea49-5543-403e-9ad8-ca02eceee966 cd9b9ee205c84cddbe4d7c10fe1a120b dfcca62c60f942559238de17f9258104 - - 69172da1aae54a58bc71ea00e04f72f7 69172da1aae54a58bc71ea00e04f72f7] 199.204.45.210 "GET /v2.0/ports?tenant_id=9aeb65e06d2e4d678f2f7d56175684c7&device_id=e75c8a55-9ec2-4851-b1ae-d3c1f5cb89c5 HTTP/1.1" status: 200 len: 1636 time: 0.0463059
2026-07-15 06:08:21.566 10 INFO neutron.wsgi [req-df1b6d47-ca75-490c-8a63-883a84e4c45e req-756fc2f6-f93b-46d7-a026-6503367afdad cd9b9ee205c84cddbe4d7c10fe1a120b dfcca62c60f942559238de17f9258104 - - 69172da1aae54a58bc71ea00e04f72f7 69172da1aae54a58bc71ea00e04f72f7] 199.204.45.210 "GET /v2.0/networks?id=4020d75e-6742-4b2d-a6df-6788ebc993aa HTTP/1.1" status: 200 len: 1001 time: 0.0949538
2026-07-15 06:08:21.573 10 INFO neutron.plugins.ml2.drivers.ovn.mech_driver.mech_driver [None req-d90ae858-aa8d-4b21-9d44-4f81669ce97e - - - - - -] OVN reports status up for port: fdc347fe-0a83-4706-ba58-e4cf68385360
2026-07-15 06:08:21.618 10 INFO neutron.wsgi [req-df1b6d47-ca75-490c-8a63-883a84e4c45e req-ecb754f6-f56d-42ec-9b21-71003fa5530c cd9b9ee205c84cddbe4d7c10fe1a120b dfcca62c60f942559238de17f9258104 - - 69172da1aae54a58bc71ea00e04f72f7 69172da1aae54a58bc71ea00e04f72f7] 199.204.45.210 "GET /v2.0/floatingips?fixed_ip_address=10.2.2.57&port_id=fdc347fe-0a83-4706-ba58-e4cf68385360 HTTP/1.1" status: 200 len: 217 time: 0.0462101
2026-07-15 06:08:21.629 10 INFO neutron.plugins.ml2.plugin [None req-d90ae858-aa8d-4b21-9d44-4f81669ce97e - - - - - -] Attempt 1 to provision port fdc347fe-0a83-4706-ba58-e4cf68385360
2026-07-15 06:08:21.636 10 INFO neutron.services.segments.plugin [-] Segment 70c489f7-3d89-42cc-95f6-655ad77c508a resource provider aggregate not found
2026-07-15 06:08:21.643 10 INFO neutron.services.segments.plugin [-] Segment 70c489f7-3d89-42cc-95f6-655ad77c508a resource provider aggregate not found
2026-07-15 06:08:21.667 10 INFO neutron.services.segments.plugin [-] Segment 70c489f7-3d89-42cc-95f6-655ad77c508a resource provider not found; error: Placement Client Error (4xx): {"errors": [{"status": 404, "title": "Not Found", "detail": "The resource could not be found.\n\n No resource provider with uuid 70c489f7-3d89-42cc-95f6-655ad77c508a found for delete ", "request_id": "req-1a89e2f5-d8aa-4514-b740-427cd599dfdd"}]}
2026-07-15 06:08:21.668 10 INFO neutron.services.segments.plugin [-] Segment 70c489f7-3d89-42cc-95f6-655ad77c508a resource provider not found; error: Placement Client Error (4xx): {"errors": [{"status": 404, "title": "Not Found", "detail": "The resource could not be found.\n\n No resource provider with uuid 70c489f7-3d89-42cc-95f6-655ad77c508a found for delete ", "request_id": "req-6661f87e-7f37-44bd-855d-566288af31f4"}]}
2026-07-15 06:08:21.671 10 INFO neutron.wsgi [req-df1b6d47-ca75-490c-8a63-883a84e4c45e req-ccaf64bc-3365-4cec-8001-b070db7edbc8 cd9b9ee205c84cddbe4d7c10fe1a120b dfcca62c60f942559238de17f9258104 - - 69172da1aae54a58bc71ea00e04f72f7 69172da1aae54a58bc71ea00e04f72f7] 199.204.45.210 "GET /v2.0/floatingips?fixed_ip_address=fd77%3A1457%3A4cf0%3A26a8%3A%3A3b2&port_id=fdc347fe-0a83-4706-ba58-e4cf68385360 HTTP/1.1" status: 200 len: 217 time: 0.0445347
2026-07-15 06:08:21.701 10 INFO neutron.wsgi [None req-6d1baf82-7d15-49a1-ab5b-b96575f11c47 4239e68166ed4136927cb286b7fb9c8a 4df009eeb35b4bdeb722721d47d8db55 - - default default] 10.0.0.208 "DELETE /v2.0/networks/ebaf1e9c-c242-4966-8745-28498043aaaa HTTP/1.1" status: 204 len: 168 time: 0.6653621 /var/lib/openstack/lib/python3.10/site-packages/pycadf/identifier.py:71: UserWarning: Invalid uuid: neutron. To ensure interoperability, identifiers should be a valid uuid. warnings.warn(('Invalid uuid: %s. To ensure interoperability, '
2026-07-15 06:08:21.728 10 INFO neutron.wsgi [req-df1b6d47-ca75-490c-8a63-883a84e4c45e req-1e4932c5-5837-4cd5-8c02-1271cbd106e2 cd9b9ee205c84cddbe4d7c10fe1a120b dfcca62c60f942559238de17f9258104 - - 69172da1aae54a58bc71ea00e04f72f7 69172da1aae54a58bc71ea00e04f72f7] 199.204.45.210 "GET /v2.0/subnets?id=0e65536c-d5bb-48a2-8e3d-04f0bb6d3e97&id=f4bcc98b-8c49-4bc9-aded-ace99c80ea65 HTTP/1.1" status: 200 len: 1566 time: 0.0485289
2026-07-15 06:08:21.758 10 INFO neutron.wsgi [req-df1b6d47-ca75-490c-8a63-883a84e4c45e req-05a7e4ff-39d5-4d73-9be9-a1a276ee9c8b cd9b9ee205c84cddbe4d7c10fe1a120b dfcca62c60f942559238de17f9258104 - - 69172da1aae54a58bc71ea00e04f72f7 69172da1aae54a58bc71ea00e04f72f7] 199.204.45.210 "GET /v2.0/ports?network_id=4020d75e-6742-4b2d-a6df-6788ebc993aa&device_owner=network%3Adhcp HTTP/1.1" status: 200 len: 210 time: 0.0231955
2026-07-15 06:08:21.783 10 INFO neutron.wsgi [req-df1b6d47-ca75-490c-8a63-883a84e4c45e req-bf6e2043-e846-4e2a-a75f-24b3f8d4f92e cd9b9ee205c84cddbe4d7c10fe1a120b dfcca62c60f942559238de17f9258104 - - 69172da1aae54a58bc71ea00e04f72f7 69172da1aae54a58bc71ea00e04f72f7] 199.204.45.210 "GET /v2.0/ports?network_id=4020d75e-6742-4b2d-a6df-6788ebc993aa&device_owner=network%3Adhcp HTTP/1.1" status: 200 len: 210 time: 0.0187917
2026-07-15 06:08:22.036 9 WARNING neutron_lib.context [None req-65c73959-9838-4fb0-96b4-18498580e15d 76dafd98db5f409f8d10f3612a96968c d2e51be5c4964400b5fd11cee5bf772d - - default default] Method 'is_advsvc' is deprecated since 2023.2 release (neutron-lib 3.8.0) and will be removed once support for the old RBAC API policies will be removed from Neutron. Please use method 'is_service_role' instead.
2026-07-15 06:08:22.137 10 INFO neutron.wsgi [req-df1b6d47-ca75-490c-8a63-883a84e4c45e req-ec11a0a4-b5c6-4c61-ac6e-030a9cef1e50 cd9b9ee205c84cddbe4d7c10fe1a120b dfcca62c60f942559238de17f9258104 - - 69172da1aae54a58bc71ea00e04f72f7 69172da1aae54a58bc71ea00e04f72f7] 199.204.45.210 "GET /v2.0/networks/4020d75e-6742-4b2d-a6df-6788ebc993aa?fields=segments HTTP/1.1" status: 200 len: 212 time: 0.3459380
2026-07-15 06:08:22.228 10 INFO neutron.wsgi [req-df1b6d47-ca75-490c-8a63-883a84e4c45e req-9227f5c7-f8ce-4ee0-ab12-de9f5bc7fb9f cd9b9ee205c84cddbe4d7c10fe1a120b dfcca62c60f942559238de17f9258104 - - 69172da1aae54a58bc71ea00e04f72f7 69172da1aae54a58bc71ea00e04f72f7] 199.204.45.210 "GET /v2.0/networks/4020d75e-6742-4b2d-a6df-6788ebc993aa?fields=provider%3Aphysical_network&fields=provider%3Anetwork_type HTTP/1.1" status: 200 len: 277 time: 0.0839815
2026-07-15 06:08:22.291 10 INFO neutron.db.ovn_revision_numbers_db [None req-d90ae858-aa8d-4b21-9d44-4f81669ce97e - - - - - -] Successfully bumped revision number for resource fdc347fe-0a83-4706-ba58-e4cf68385360 (type: ports) to 4
2026-07-15 06:08:22.388 9 INFO neutron.db.ovn_revision_numbers_db [None req-5bb4ae36-7421-45fa-9e81-182843e2b80a 05dbf5565f60415984bebcbe8253513d fe849c8f8d3147d9b89304a6f62b1c5d - - default default] Successfully bumped revision number for resource 3e8e3553-c226-4482-8138-26fd4e6a9d56 (type: security_groups) to 1
2026-07-15 06:08:22.434 9 INFO neutron.db.ovn_revision_numbers_db [None req-5bb4ae36-7421-45fa-9e81-182843e2b80a 05dbf5565f60415984bebcbe8253513d fe849c8f8d3147d9b89304a6f62b1c5d - - default default] Successfully bumped revision number for resource 801175df-8ac8-48ce-96e9-fb65e8b63da3 (type: security_group_rules) to 0
2026-07-15 06:08:22.463 9 INFO neutron.db.ovn_revision_numbers_db [None req-5bb4ae36-7421-45fa-9e81-182843e2b80a 05dbf5565f60415984bebcbe8253513d fe849c8f8d3147d9b89304a6f62b1c5d - - default default] Successfully bumped revision number for resource a3fafdb2-aaba-48f9-aaac-dc360b525c1e (type: security_group_rules) to 0
2026-07-15 06:08:22.502 9 WARNING neutron.scheduler.dhcp_agent_scheduler [None req-65c73959-9838-4fb0-96b4-18498580e15d 76dafd98db5f409f8d10f3612a96968c d2e51be5c4964400b5fd11cee5bf772d - - default default] No more DHCP agents
2026-07-15 06:08:22.504 9 INFO neutron.db.ovn_revision_numbers_db [None req-5bb4ae36-7421-45fa-9e81-182843e2b80a 05dbf5565f60415984bebcbe8253513d fe849c8f8d3147d9b89304a6f62b1c5d - - default default] Successfully bumped revision number for resource c847656d-2636-451b-b863-eae29eb33a2d (type: security_group_rules) to 0
2026-07-15 06:08:22.508 9 WARNING neutron.api.rpc.agentnotifiers.dhcp_rpc_agent_api [None req-65c73959-9838-4fb0-96b4-18498580e15d 76dafd98db5f409f8d10f3612a96968c d2e51be5c4964400b5fd11cee5bf772d - - default default] Unable to schedule network 61d64043-fc3e-466a-9133-8257a54ec247: no agents available; will retry on subsequent port and subnet creation events.
2026-07-15 06:08:22.537 9 INFO neutron.db.ovn_revision_numbers_db [None req-5bb4ae36-7421-45fa-9e81-182843e2b80a 05dbf5565f60415984bebcbe8253513d fe849c8f8d3147d9b89304a6f62b1c5d - - default default] Successfully bumped revision number for resource d68ab415-5a06-42b3-9592-83f4d6c2a306 (type: security_group_rules) to 0
2026-07-15 06:08:22.612 9 INFO neutron.db.segments_db [None req-5bb4ae36-7421-45fa-9e81-182843e2b80a 05dbf5565f60415984bebcbe8253513d fe849c8f8d3147d9b89304a6f62b1c5d - - default default] Added segment c04a5f3c-454e-4e64-ae24-5da552ca9c9d of type geneve for network 677e39fc-b828-4a5b-b22c-9f1d03ae3677
2026-07-15 06:08:22.862 9 INFO neutron.db.ovn_revision_numbers_db [None req-5bb4ae36-7421-45fa-9e81-182843e2b80a 05dbf5565f60415984bebcbe8253513d fe849c8f8d3147d9b89304a6f62b1c5d - - default default] Successfully bumped revision number for resource 677e39fc-b828-4a5b-b22c-9f1d03ae3677 (type: networks) to 1
