2026-07-15 06:03:47.646 10 INFO neutron.wsgi [None req-58cd5992-5a97-44cd-b37d-ebf0dc98553e 4239e68166ed4136927cb286b7fb9c8a 4df009eeb35b4bdeb722721d47d8db55 - - default default] 10.0.0.3 "GET /v2.0/floatingips HTTP/1.1" status: 200 len: 193 time: 0.0196686
2026-07-15 06:03:47.681 10 INFO neutron.wsgi [None req-f6e0d5a5-9036-4600-baed-5d3495825ca3 4239e68166ed4136927cb286b7fb9c8a 4df009eeb35b4bdeb722721d47d8db55 - - default default] 10.0.0.3 "GET /v2.0/security-groups HTTP/1.1" status: 200 len: 17578 time: 0.0345922
2026-07-15 06:03:50.977 9 INFO neutron.wsgi [-] 10.0.0.19 "GET / HTTP/1.1" status: 200 len: 246 time: 0.0028501
2026-07-15 06:03:50.981 9 INFO neutron.wsgi [-] 10.0.0.19 "GET / HTTP/1.1" status: 200 len: 246 time: 0.0024815
2026-07-15 06:04:05.977 10 INFO neutron.wsgi [-] 10.0.0.19 "GET / HTTP/1.1" status: 200 len: 246 time: 0.0023561
2026-07-15 06:04:05.982 10 INFO neutron.wsgi [-] 10.0.0.19 "GET / HTTP/1.1" status: 200 len: 246 time: 0.0024214
2026-07-15 06:04:14.383 10 INFO neutron.wsgi [None req-acbc5fff-aede-4641-9dfa-0b1597b9b232 4239e68166ed4136927cb286b7fb9c8a 4df009eeb35b4bdeb722721d47d8db55 - - default default] 10.0.0.208 "GET /v2.0/networks HTTP/1.1" status: 200 len: 2369 time: 0.3070176
2026-07-15 06:04:15.566 9 INFO neutron.wsgi [None req-9c591b67-56bd-422f-80d5-24c06c808f50 4239e68166ed4136927cb286b7fb9c8a 4df009eeb35b4bdeb722721d47d8db55 - - default default] 10.0.0.208 "GET /v2.0/floatingips HTTP/1.1" status: 200 len: 212 time: 0.0372305
2026-07-15 06:04:15.666 9 INFO neutron.wsgi [None req-66a06934-3231-41b6-8ed4-d6a7c49de923 4239e68166ed4136927cb286b7fb9c8a 4df009eeb35b4bdeb722721d47d8db55 - - default default] 10.0.0.208 "GET /v2.0/routers HTTP/1.1" status: 200 len: 208 time: 0.0943007
2026-07-15 06:04:15.714 9 INFO neutron.wsgi [None req-e88568d3-9153-42bf-89a0-9458ad2d14e3 4239e68166ed4136927cb286b7fb9c8a 4df009eeb35b4bdeb722721d47d8db55 - - default default] 10.0.0.208 "GET /v2.0/ports HTTP/1.1" status: 200 len: 5370 time: 0.0435579
2026-07-15 06:04:15.768 9 INFO neutron.wsgi [None req-21c1eca6-2c02-4496-ba6e-996ec2046c3f 4239e68166ed4136927cb286b7fb9c8a 4df009eeb35b4bdeb722721d47d8db55 - - default default] 10.0.0.208 "GET /v2.0/subnets HTTP/1.1" status: 200 len: 1456 time: 0.0489821
2026-07-15 06:04:15.871 9 INFO neutron.wsgi [None req-f83a5974-9bac-49a2-a507-975ee75af394 4239e68166ed4136927cb286b7fb9c8a 4df009eeb35b4bdeb722721d47d8db55 - - default default] 10.0.0.208 "GET /v2.0/networks HTTP/1.1" status: 200 len: 2369 time: 0.0972235
2026-07-15 06:04:15.933 9 INFO neutron.wsgi [None req-47934947-8c35-4d2b-87fa-6105b78082f9 4239e68166ed4136927cb286b7fb9c8a 4df009eeb35b4bdeb722721d47d8db55 - - default default] 10.0.0.208 "GET /v2.0/security-groups HTTP/1.1" status: 200 len: 17597 time: 0.0560563
2026-07-15 06:04:15.950 9 INFO neutron.wsgi [None req-e352c4c2-5b5e-45e8-97a8-9eca9eeebbbc 4239e68166ed4136927cb286b7fb9c8a 4df009eeb35b4bdeb722721d47d8db55 - - default default] 10.0.0.208 "GET /v2.0/subnetpools HTTP/1.1" status: 200 len: 212 time: 0.0131180
2026-07-15 06:04:20.976 10 INFO neutron.wsgi [-] 10.0.0.19 "GET / HTTP/1.1" status: 200 len: 246 time: 0.0026248
2026-07-15 06:04:20.976 9 INFO neutron.wsgi [-] 10.0.0.19 "GET / HTTP/1.1" status: 200 len: 246 time: 0.0026665
2026-07-15 06:04:27.305 10 INFO neutron.db.ovn_revision_numbers_db [None req-a1c40704-0fee-4c19-b9b6-6ee3a7bbbd01 4239e68166ed4136927cb286b7fb9c8a 4df009eeb35b4bdeb722721d47d8db55 - - default default] Successfully bumped revision number for resource 3bf178bb-43de-4d98-b5ec-9fd7881c2519 (type: security_groups) to 1
2026-07-15 06:04:27.323 10 INFO neutron.db.ovn_revision_numbers_db [None req-a1c40704-0fee-4c19-b9b6-6ee3a7bbbd01 4239e68166ed4136927cb286b7fb9c8a 4df009eeb35b4bdeb722721d47d8db55 - - default default] Successfully bumped revision number for resource 0166cb74-1c84-4291-bf21-69525d557462 (type: security_group_rules) to 0
2026-07-15 06:04:27.342 10 INFO neutron.db.ovn_revision_numbers_db [None req-a1c40704-0fee-4c19-b9b6-6ee3a7bbbd01 4239e68166ed4136927cb286b7fb9c8a 4df009eeb35b4bdeb722721d47d8db55 - - default default] Successfully bumped revision number for resource 0fab0ff4-afff-4f69-89fb-6109109e69fe (type: security_group_rules) to 0
2026-07-15 06:04:27.362 10 INFO neutron.db.ovn_revision_numbers_db [None req-a1c40704-0fee-4c19-b9b6-6ee3a7bbbd01 4239e68166ed4136927cb286b7fb9c8a 4df009eeb35b4bdeb722721d47d8db55 - - default default] Successfully bumped revision number for resource 787d1652-4e83-4889-ab88-3f6652850044 (type: security_group_rules) to 0
2026-07-15 06:04:27.380 10 INFO neutron.db.ovn_revision_numbers_db [None req-a1c40704-0fee-4c19-b9b6-6ee3a7bbbd01 4239e68166ed4136927cb286b7fb9c8a 4df009eeb35b4bdeb722721d47d8db55 - - default default] Successfully bumped revision number for resource d3fcf47e-0614-4052-aa63-40834c899c5a (type: security_group_rules) to 0
2026-07-15 06:04:27.391 9 INFO neutron.db.ovn_revision_numbers_db [None req-bcbc6a8f-c98f-4075-abf9-d4f731bbc5f6 4239e68166ed4136927cb286b7fb9c8a 4df009eeb35b4bdeb722721d47d8db55 - - default default] Successfully bumped revision number for resource 22eaf17c-99fe-442c-bd10-9511a29b3041 (type: security_groups) to 1
2026-07-15 06:04:27.415 9 INFO neutron.db.ovn_revision_numbers_db [None req-bcbc6a8f-c98f-4075-abf9-d4f731bbc5f6 4239e68166ed4136927cb286b7fb9c8a 4df009eeb35b4bdeb722721d47d8db55 - - default default] Successfully bumped revision number for resource 0cefa996-b9cd-40a3-9f5c-61b6a7c05a6b (type: security_group_rules) to 0
2026-07-15 06:04:27.433 9 INFO neutron.db.ovn_revision_numbers_db [None req-bcbc6a8f-c98f-4075-abf9-d4f731bbc5f6 4239e68166ed4136927cb286b7fb9c8a 4df009eeb35b4bdeb722721d47d8db55 - - default default] Successfully bumped revision number for resource 1cfeb551-03db-4b83-8c2b-fb25c80efb9f (type: security_group_rules) to 0
2026-07-15 06:04:27.468 10 INFO neutron.db.segments_db [None req-a1c40704-0fee-4c19-b9b6-6ee3a7bbbd01 4239e68166ed4136927cb286b7fb9c8a 4df009eeb35b4bdeb722721d47d8db55 - - default default] Added segment 6cac1e94-4e6f-4d1a-ac7e-df0b8dfe12a8 of type geneve for network 88420403-3a67-41e2-8511-124cf8506b72
2026-07-15 06:04:27.479 9 INFO neutron.db.ovn_revision_numbers_db [None req-bcbc6a8f-c98f-4075-abf9-d4f731bbc5f6 4239e68166ed4136927cb286b7fb9c8a 4df009eeb35b4bdeb722721d47d8db55 - - default default] Successfully bumped revision number for resource d3763615-9ff5-4278-81cb-2f6349fb289f (type: security_group_rules) to 0
2026-07-15 06:04:27.495 9 INFO neutron.db.ovn_revision_numbers_db [None req-bcbc6a8f-c98f-4075-abf9-d4f731bbc5f6 4239e68166ed4136927cb286b7fb9c8a 4df009eeb35b4bdeb722721d47d8db55 - - default default] Successfully bumped revision number for resource e26a65de-70a7-409b-8b7b-5a4cbb134708 (type: security_group_rules) to 0
2026-07-15 06:04:27.554 9 INFO neutron.db.segments_db [None req-bcbc6a8f-c98f-4075-abf9-d4f731bbc5f6 4239e68166ed4136927cb286b7fb9c8a 4df009eeb35b4bdeb722721d47d8db55 - - default default] Added segment bc02a6a1-5c3b-4aac-a2a8-d6ece5ac7b05 of type geneve for network a40a0cf4-39b9-45f2-a26c-16e55c62d032
2026-07-15 06:04:27.658 10 INFO neutron.db.ovn_revision_numbers_db [None req-a1c40704-0fee-4c19-b9b6-6ee3a7bbbd01 4239e68166ed4136927cb286b7fb9c8a 4df009eeb35b4bdeb722721d47d8db55 - - default default] Successfully bumped revision number for resource 88420403-3a67-41e2-8511-124cf8506b72 (type: networks) to 1
2026-07-15 06:04:27.780 9 INFO neutron.db.ovn_revision_numbers_db [None req-bcbc6a8f-c98f-4075-abf9-d4f731bbc5f6 4239e68166ed4136927cb286b7fb9c8a 4df009eeb35b4bdeb722721d47d8db55 - - default default] Successfully bumped revision number for resource a40a0cf4-39b9-45f2-a26c-16e55c62d032 (type: networks) to 1
2026-07-15 06:04:27.846 9 INFO neutron.db.ovn_revision_numbers_db [None req-9d992d1c-a2af-4e5a-a97a-1545e0c4425b 4239e68166ed4136927cb286b7fb9c8a 4df009eeb35b4bdeb722721d47d8db55 - - default default] Successfully bumped revision number for resource 9bdcf508-729f-47e5-b2b8-b5185bb34833 (type: security_groups) to 1
2026-07-15 06:04:27.861 10 WARNING neutron.scheduler.dhcp_agent_scheduler [None req-a1c40704-0fee-4c19-b9b6-6ee3a7bbbd01 4239e68166ed4136927cb286b7fb9c8a 4df009eeb35b4bdeb722721d47d8db55 - - default default] No more DHCP agents
2026-07-15 06:04:27.865 10 WARNING neutron.api.rpc.agentnotifiers.dhcp_rpc_agent_api [None req-a1c40704-0fee-4c19-b9b6-6ee3a7bbbd01 4239e68166ed4136927cb286b7fb9c8a 4df009eeb35b4bdeb722721d47d8db55 - - default default] Unable to schedule network 88420403-3a67-41e2-8511-124cf8506b72: no agents available; will retry on subsequent port and subnet creation events.
2026-07-15 06:04:27.867 9 INFO neutron.db.ovn_revision_numbers_db [None req-7767fb71-ae6c-4a89-a1b0-3b8e992883cc 4239e68166ed4136927cb286b7fb9c8a 4df009eeb35b4bdeb722721d47d8db55 - - default default] Successfully bumped revision number for resource 1d1f6200-86c3-4487-bd95-06c78f94050f (type: security_groups) to 1
2026-07-15 06:04:27.878 9 INFO neutron.db.ovn_revision_numbers_db [None req-9d992d1c-a2af-4e5a-a97a-1545e0c4425b 4239e68166ed4136927cb286b7fb9c8a 4df009eeb35b4bdeb722721d47d8db55 - - default default] Successfully bumped revision number for resource 27921381-6fcb-4b9d-a717-81a6b97e9635 (type: security_group_rules) to 0
2026-07-15 06:04:27.903 9 INFO neutron.db.ovn_revision_numbers_db [None req-7767fb71-ae6c-4a89-a1b0-3b8e992883cc 4239e68166ed4136927cb286b7fb9c8a 4df009eeb35b4bdeb722721d47d8db55 - - default default] Successfully bumped revision number for resource 805daaf7-7bfa-4356-9e94-8aef128884dc (type: security_group_rules) to 0
2026-07-15 06:04:27.909 9 INFO neutron.db.ovn_revision_numbers_db [None req-9d992d1c-a2af-4e5a-a97a-1545e0c4425b 4239e68166ed4136927cb286b7fb9c8a 4df009eeb35b4bdeb722721d47d8db55 - - default default] Successfully bumped revision number for resource 9fe3eca7-7c76-4207-8725-7a4c468aa3fe (type: security_group_rules) to 0
2026-07-15 06:04:27.936 9 INFO neutron.db.ovn_revision_numbers_db [None req-7767fb71-ae6c-4a89-a1b0-3b8e992883cc 4239e68166ed4136927cb286b7fb9c8a 4df009eeb35b4bdeb722721d47d8db55 - - default default] Successfully bumped revision number for resource 978d7750-19d1-47f3-8b9b-68bedb8ac876 (type: security_group_rules) to 0
2026-07-15 06:04:27.948 9 INFO neutron.db.ovn_revision_numbers_db [None req-9d992d1c-a2af-4e5a-a97a-1545e0c4425b 4239e68166ed4136927cb286b7fb9c8a 4df009eeb35b4bdeb722721d47d8db55 - - default default] Successfully bumped revision number for resource f05434a2-dfbd-43e1-ba67-5ee932029716 (type: security_group_rules) to 0
2026-07-15 06:04:27.962 9 INFO neutron.db.ovn_revision_numbers_db [None req-7767fb71-ae6c-4a89-a1b0-3b8e992883cc 4239e68166ed4136927cb286b7fb9c8a 4df009eeb35b4bdeb722721d47d8db55 - - default default] Successfully bumped revision number for resource dc717ace-f43e-4ce1-b35a-9847ceb370ce (type: security_group_rules) to 0
2026-07-15 06:04:27.973 10 INFO neutron.db.ovn_revision_numbers_db [None req-a1c40704-0fee-4c19-b9b6-6ee3a7bbbd01 4239e68166ed4136927cb286b7fb9c8a 4df009eeb35b4bdeb722721d47d8db55 - - default default] Successfully bumped revision number for resource eb24d2b2-9c24-4cb0-8684-4107e13d5bfe (type: ports) to 1
2026-07-15 06:04:27.982 9 INFO neutron.db.ovn_revision_numbers_db [None req-9d992d1c-a2af-4e5a-a97a-1545e0c4425b 4239e68166ed4136927cb286b7fb9c8a 4df009eeb35b4bdeb722721d47d8db55 - - default default] Successfully bumped revision number for resource f3dbeb60-0f12-4073-bccd-1c30aa00e022 (type: security_group_rules) to 0
2026-07-15 06:04:27.994 9 INFO neutron.db.ovn_revision_numbers_db [None req-7767fb71-ae6c-4a89-a1b0-3b8e992883cc 4239e68166ed4136927cb286b7fb9c8a 4df009eeb35b4bdeb722721d47d8db55 - - default default] Successfully bumped revision number for resource e2dc1abe-9868-42b4-83b0-2302bd648702 (type: security_group_rules) to 0
2026-07-15 06:04:27.997 10 INFO neutron.wsgi [None req-a1c40704-0fee-4c19-b9b6-6ee3a7bbbd01 4239e68166ed4136927cb286b7fb9c8a 4df009eeb35b4bdeb722721d47d8db55 - - default default] 10.0.0.208 "POST /v2.0/networks HTTP/1.1" status: 201 len: 939 time: 1.0577691
2026-07-15 06:04:28.019 9 INFO neutron.wsgi [None req-7767fb71-ae6c-4a89-a1b0-3b8e992883cc 4239e68166ed4136927cb286b7fb9c8a 4df009eeb35b4bdeb722721d47d8db55 - - default default] 10.0.0.208 "GET /v2.0/security-groups?tenant_id=1dd8fbddeb4f4aac97237de1ebc33f93&name=default HTTP/1.1" status: 200 len: 3116 time: 0.4546707
2026-07-15 06:04:28.020 9 WARNING neutron.scheduler.dhcp_agent_scheduler [None req-bcbc6a8f-c98f-4075-abf9-d4f731bbc5f6 4239e68166ed4136927cb286b7fb9c8a 4df009eeb35b4bdeb722721d47d8db55 - - default default] No more DHCP agents
2026-07-15 06:04:28.025 9 WARNING neutron.api.rpc.agentnotifiers.dhcp_rpc_agent_api [None req-bcbc6a8f-c98f-4075-abf9-d4f731bbc5f6 4239e68166ed4136927cb286b7fb9c8a 4df009eeb35b4bdeb722721d47d8db55 - - default default] Unable to schedule network a40a0cf4-39b9-45f2-a26c-16e55c62d032: no agents available; will retry on subsequent port and subnet creation events.
2026-07-15 06:04:28.056 9 INFO neutron.db.segments_db [None req-9d992d1c-a2af-4e5a-a97a-1545e0c4425b 4239e68166ed4136927cb286b7fb9c8a 4df009eeb35b4bdeb722721d47d8db55 - - default default] Added segment 238330bc-2766-45bb-8e5b-59a52fabcca7 of type geneve for network 366771f7-865e-4087-8412-1ff7f8954879
2026-07-15 06:04:28.169 9 INFO neutron.db.ovn_revision_numbers_db [None req-bcbc6a8f-c98f-4075-abf9-d4f731bbc5f6 4239e68166ed4136927cb286b7fb9c8a 4df009eeb35b4bdeb722721d47d8db55 - - default default] Successfully bumped revision number for resource 44c8f9fc-44fb-434f-bda8-c127986e3c6e (type: ports) to 1
2026-07-15 06:04:28.203 9 INFO neutron.wsgi [None req-bcbc6a8f-c98f-4075-abf9-d4f731bbc5f6 4239e68166ed4136927cb286b7fb9c8a 4df009eeb35b4bdeb722721d47d8db55 - - default default] 10.0.0.208 "POST /v2.0/networks HTTP/1.1" status: 201 len: 951 time: 1.2861674
2026-07-15 06:04:28.243 9 INFO neutron.db.ovn_revision_numbers_db [None req-9d992d1c-a2af-4e5a-a97a-1545e0c4425b 4239e68166ed4136927cb286b7fb9c8a 4df009eeb35b4bdeb722721d47d8db55 - - default default] Successfully bumped revision number for resource 366771f7-865e-4087-8412-1ff7f8954879 (type: networks) to 1
2026-07-15 06:04:28.249 10 WARNING neutron.scheduler.dhcp_agent_scheduler [None req-8e2c5f6d-6284-4dfa-8efe-73513900dd05 4239e68166ed4136927cb286b7fb9c8a 4df009eeb35b4bdeb722721d47d8db55 - - default default] No more DHCP agents
2026-07-15 06:04:28.257 10 WARNING neutron.api.rpc.agentnotifiers.dhcp_rpc_agent_api [None req-8e2c5f6d-6284-4dfa-8efe-73513900dd05 4239e68166ed4136927cb286b7fb9c8a 4df009eeb35b4bdeb722721d47d8db55 - - default default] Unable to schedule network 88420403-3a67-41e2-8511-124cf8506b72: no agents available; will retry on subsequent port and subnet creation events.
2026-07-15 06:04:28.429 9 WARNING neutron.scheduler.dhcp_agent_scheduler [None req-9d992d1c-a2af-4e5a-a97a-1545e0c4425b 4239e68166ed4136927cb286b7fb9c8a 4df009eeb35b4bdeb722721d47d8db55 - - default default] No more DHCP agents
2026-07-15 06:04:28.432 9 WARNING neutron.api.rpc.agentnotifiers.dhcp_rpc_agent_api [None req-9d992d1c-a2af-4e5a-a97a-1545e0c4425b 4239e68166ed4136927cb286b7fb9c8a 4df009eeb35b4bdeb722721d47d8db55 - - default default] Unable to schedule network 366771f7-865e-4087-8412-1ff7f8954879: no agents available; will retry on subsequent port and subnet creation events.
2026-07-15 06:04:28.436 10 INFO neutron.wsgi [None req-805e2e7a-a859-477f-a0ef-6d361e4f1ce5 4239e68166ed4136927cb286b7fb9c8a 4df009eeb35b4bdeb722721d47d8db55 - - default default] 10.0.0.208 "DELETE /v2.0/security-groups/1d1f6200-86c3-4487-bd95-06c78f94050f HTTP/1.1" status: 204 len: 168 time: 0.4119537
2026-07-15 06:04:28.527 10 WARNING neutron.scheduler.dhcp_agent_scheduler [None req-19276018-a0e7-4913-b00f-3576e4b5d066 4239e68166ed4136927cb286b7fb9c8a 4df009eeb35b4bdeb722721d47d8db55 - - default default] No more DHCP agents
2026-07-15 06:04:28.531 10 WARNING neutron.api.rpc.agentnotifiers.dhcp_rpc_agent_api [None req-19276018-a0e7-4913-b00f-3576e4b5d066 4239e68166ed4136927cb286b7fb9c8a 4df009eeb35b4bdeb722721d47d8db55 - - default default] Unable to schedule network a40a0cf4-39b9-45f2-a26c-16e55c62d032: no agents available; will retry on subsequent port and subnet creation events.
2026-07-15 06:04:28.589 9 INFO neutron.db.ovn_revision_numbers_db [None req-9d992d1c-a2af-4e5a-a97a-1545e0c4425b 4239e68166ed4136927cb286b7fb9c8a 4df009eeb35b4bdeb722721d47d8db55 - - default default] Successfully bumped revision number for resource 31f95401-96fc-417e-905c-f73adc34acfe (type: ports) to 1
2026-07-15 06:04:28.611 9 INFO neutron.wsgi [None req-9d992d1c-a2af-4e5a-a97a-1545e0c4425b 4239e68166ed4136927cb286b7fb9c8a 4df009eeb35b4bdeb722721d47d8db55 - - default default] 10.0.0.208 "POST /v2.0/networks HTTP/1.1" status: 201 len: 953 time: 1.2273273
2026-07-15 06:04:28.775 9 WARNING neutron.scheduler.dhcp_agent_scheduler [None req-cdbf1cd0-b7cc-46b5-8920-84ebf960f920 4239e68166ed4136927cb286b7fb9c8a 4df009eeb35b4bdeb722721d47d8db55 - - default default] No more DHCP agents
2026-07-15 06:04:28.777 9 WARNING neutron.api.rpc.agentnotifiers.dhcp_rpc_agent_api [None req-cdbf1cd0-b7cc-46b5-8920-84ebf960f920 4239e68166ed4136927cb286b7fb9c8a 4df009eeb35b4bdeb722721d47d8db55 - - default default] Unable to schedule network 366771f7-865e-4087-8412-1ff7f8954879: no agents available; will retry on subsequent port and subnet creation events.
2026-07-15 06:04:28.976 10 INFO neutron.db.ovn_revision_numbers_db [None req-8e2c5f6d-6284-4dfa-8efe-73513900dd05 4239e68166ed4136927cb286b7fb9c8a 4df009eeb35b4bdeb722721d47d8db55 - - default default] Successfully bumped revision number for resource eb24d2b2-9c24-4cb0-8684-4107e13d5bfe (type: ports) to 2
2026-07-15 06:04:29.017 10 INFO neutron.db.ovn_revision_numbers_db [None req-8e2c5f6d-6284-4dfa-8efe-73513900dd05 4239e68166ed4136927cb286b7fb9c8a 4df009eeb35b4bdeb722721d47d8db55 - - default default] Successfully bumped revision number for resource 579b4fad-f6e3-4c10-8557-edac8e4a7dab (type: subnets) to 0
2026-07-15 06:04:29.043 10 INFO neutron.wsgi [None req-8e2c5f6d-6284-4dfa-8efe-73513900dd05 4239e68166ed4136927cb286b7fb9c8a 4df009eeb35b4bdeb722721d47d8db55 - - default default] 10.0.0.208 "POST /v2.0/subnets HTTP/1.1" status: 201 len: 860 time: 1.0407288
2026-07-15 06:04:29.168 10 INFO neutron.db.ovn_revision_numbers_db [None req-19276018-a0e7-4913-b00f-3576e4b5d066 4239e68166ed4136927cb286b7fb9c8a 4df009eeb35b4bdeb722721d47d8db55 - - default default] Successfully bumped revision number for resource 44c8f9fc-44fb-434f-bda8-c127986e3c6e (type: ports) to 2
2026-07-15 06:04:29.217 10 INFO neutron.db.ovn_revision_numbers_db [None req-19276018-a0e7-4913-b00f-3576e4b5d066 4239e68166ed4136927cb286b7fb9c8a 4df009eeb35b4bdeb722721d47d8db55 - - default default] Successfully bumped revision number for resource 67e5e5dd-f85a-472c-bf65-9416973733d2 (type: subnets) to 0
2026-07-15 06:04:29.235 10 INFO neutron.wsgi [None req-19276018-a0e7-4913-b00f-3576e4b5d066 4239e68166ed4136927cb286b7fb9c8a 4df009eeb35b4bdeb722721d47d8db55 - - default default] 10.0.0.208 "POST /v2.0/subnets HTTP/1.1" status: 201 len: 871 time: 1.0224063
2026-07-15 06:04:29.507 9 INFO neutron.db.ovn_revision_numbers_db [None req-cdbf1cd0-b7cc-46b5-8920-84ebf960f920 4239e68166ed4136927cb286b7fb9c8a 4df009eeb35b4bdeb722721d47d8db55 - - default default] Successfully bumped revision number for resource 31f95401-96fc-417e-905c-f73adc34acfe (type: ports) to 2
2026-07-15 06:04:29.549 9 INFO neutron.db.ovn_revision_numbers_db [None req-cdbf1cd0-b7cc-46b5-8920-84ebf960f920 4239e68166ed4136927cb286b7fb9c8a 4df009eeb35b4bdeb722721d47d8db55 - - default default] Successfully bumped revision number for resource ecdc98dd-26bd-4e8a-916a-6213beb65036 (type: subnets) to 0
2026-07-15 06:04:29.564 9 INFO neutron.wsgi [None req-cdbf1cd0-b7cc-46b5-8920-84ebf960f920 4239e68166ed4136927cb286b7fb9c8a 4df009eeb35b4bdeb722721d47d8db55 - - default default] 10.0.0.208 "POST /v2.0/subnets HTTP/1.1" status: 201 len: 873 time: 0.9460967
2026-07-15 06:04:29.839 9 WARNING neutron.scheduler.dhcp_agent_scheduler [None req-0295c28e-5bfc-4fe5-abbb-9ae8b65f0e30 4239e68166ed4136927cb286b7fb9c8a 4df009eeb35b4bdeb722721d47d8db55 - - default default] No more DHCP agents
2026-07-15 06:04:29.841 9 WARNING neutron.api.rpc.agentnotifiers.dhcp_rpc_agent_api [None req-0295c28e-5bfc-4fe5-abbb-9ae8b65f0e30 4239e68166ed4136927cb286b7fb9c8a 4df009eeb35b4bdeb722721d47d8db55 - - default default] Unable to schedule network 61d64043-fc3e-466a-9133-8257a54ec247: no agents available; will retry on subsequent port and subnet creation events.
2026-07-15 06:04:29.973 9 INFO neutron.db.ovn_revision_numbers_db [None req-0295c28e-5bfc-4fe5-abbb-9ae8b65f0e30 4239e68166ed4136927cb286b7fb9c8a 4df009eeb35b4bdeb722721d47d8db55 - - default default] Successfully bumped revision number for resource 18478ade-684e-455b-8493-e92720687b92 (type: ports) to 1
2026-07-15 06:04:30.142 10 WARNING neutron.scheduler.dhcp_agent_scheduler [None req-73363d40-ca26-46cf-b8c9-09e79d0d005d 4239e68166ed4136927cb286b7fb9c8a 4df009eeb35b4bdeb722721d47d8db55 - - default default] No more DHCP agents
2026-07-15 06:04:30.145 10 WARNING neutron.api.rpc.agentnotifiers.dhcp_rpc_agent_api [None req-73363d40-ca26-46cf-b8c9-09e79d0d005d 4239e68166ed4136927cb286b7fb9c8a 4df009eeb35b4bdeb722721d47d8db55 - - default default] Unable to schedule network 61d64043-fc3e-466a-9133-8257a54ec247: no agents available; will retry on subsequent port and subnet creation events.
2026-07-15 06:04:30.340 9 INFO neutron.plugins.ml2.drivers.ovn.mech_driver.ovsdb.extensions.qos [None req-0295c28e-5bfc-4fe5-abbb-9ae8b65f0e30 4239e68166ed4136927cb286b7fb9c8a 4df009eeb35b4bdeb722721d47d8db55 - - default default] Starting OVNClientQosExtension
2026-07-15 06:04:30.367 10 INFO neutron.db.ovn_revision_numbers_db [None req-73363d40-ca26-46cf-b8c9-09e79d0d005d 4239e68166ed4136927cb286b7fb9c8a 4df009eeb35b4bdeb722721d47d8db55 - - default default] Successfully bumped revision number for resource 11c610a5-4cf2-4c3c-bfb9-1c0f170eca89 (type: ports) to 1
2026-07-15 06:04:30.385 10 WARNING neutron.scheduler.dhcp_agent_scheduler [None req-332969ee-0114-43c7-85f0-a9db0336d590 4239e68166ed4136927cb286b7fb9c8a 4df009eeb35b4bdeb722721d47d8db55 - - default default] No more DHCP agents
2026-07-15 06:04:30.388 10 WARNING neutron.api.rpc.agentnotifiers.dhcp_rpc_agent_api [None req-332969ee-0114-43c7-85f0-a9db0336d590 4239e68166ed4136927cb286b7fb9c8a 4df009eeb35b4bdeb722721d47d8db55 - - default default] Unable to schedule network 61d64043-fc3e-466a-9133-8257a54ec247: no agents available; will retry on subsequent port and subnet creation events.
2026-07-15 06:04:30.641 9 INFO neutron.db.ovn_revision_numbers_db [None req-217bb31e-e28f-4d8d-95f6-8423edb011fe 4239e68166ed4136927cb286b7fb9c8a 4df009eeb35b4bdeb722721d47d8db55 - - default default] Successfully bumped revision number for resource 6784b7bc-9677-4177-a897-db0547de73b7 (type: security_groups) to 1
2026-07-15 06:04:30.666 9 INFO neutron.db.ovn_revision_numbers_db [None req-217bb31e-e28f-4d8d-95f6-8423edb011fe 4239e68166ed4136927cb286b7fb9c8a 4df009eeb35b4bdeb722721d47d8db55 - - default default] Successfully bumped revision number for resource 393fbe43-120b-4a83-821c-3bd72741ff72 (type: security_group_rules) to 0
2026-07-15 06:04:30.689 9 INFO neutron.db.ovn_revision_numbers_db [None req-217bb31e-e28f-4d8d-95f6-8423edb011fe 4239e68166ed4136927cb286b7fb9c8a 4df009eeb35b4bdeb722721d47d8db55 - - default default] Successfully bumped revision number for resource 497633eb-6211-448f-8d81-968b795f1787 (type: security_group_rules) to 0
2026-07-15 06:04:30.707 9 INFO neutron.db.ovn_revision_numbers_db [None req-217bb31e-e28f-4d8d-95f6-8423edb011fe 4239e68166ed4136927cb286b7fb9c8a 4df009eeb35b4bdeb722721d47d8db55 - - default default] Successfully bumped revision number for resource 634141ee-ec74-480c-bb04-4ecab10a67dc (type: security_group_rules) to 0
2026-07-15 06:04:30.721 9 INFO neutron.plugins.ml2.drivers.ovn.mech_driver.ovsdb.commands [None req-94d80a61-0f9b-46e0-9929-59e5e401525e - - - - - -] Schedule LRP lrp-18478ade-684e-455b-8493-e92720687b92 on gateway 09dc8415-5e84-46b1-8c1e-26d17f8a839a with priority 1
2026-07-15 06:04:30.723 9 INFO neutron.db.ovn_revision_numbers_db [None req-217bb31e-e28f-4d8d-95f6-8423edb011fe 4239e68166ed4136927cb286b7fb9c8a 4df009eeb35b4bdeb722721d47d8db55 - - default default] Successfully bumped revision number for resource 910d523e-3371-4450-a7bf-d4f038e1a10f (type: security_group_rules) to 0
2026-07-15 06:04:30.729 10 INFO neutron.db.ovn_revision_numbers_db [None req-332969ee-0114-43c7-85f0-a9db0336d590 4239e68166ed4136927cb286b7fb9c8a 4df009eeb35b4bdeb722721d47d8db55 - - default default] Successfully bumped revision number for resource 385d6ecd-8593-4537-9a2f-c8259853b4fc (type: ports) to 1
2026-07-15 06:04:30.733 9 INFO neutron.plugins.ml2.drivers.ovn.mech_driver.mech_driver [None req-424360a4-b402-4a28-b76b-5c5ebb5779bb - - - - - -] OVN reports status up for port: 18478ade-684e-455b-8493-e92720687b92
2026-07-15 06:04:30.851 9 INFO neutron.plugins.ml2.drivers.ovn.mech_driver.ovsdb.ovsdb_monitor [-] Router 9b2aed36-9a0e-4fb1-88ba-85ff5cf10485 is bound to host instance
2026-07-15 06:04:30.864 9 INFO neutron.plugins.ml2.plugin [None req-424360a4-b402-4a28-b76b-5c5ebb5779bb - - - - - -] Attempt 1 to provision port 18478ade-684e-455b-8493-e92720687b92
2026-07-15 06:04:30.867 9 INFO neutron.db.segments_db [None req-217bb31e-e28f-4d8d-95f6-8423edb011fe 4239e68166ed4136927cb286b7fb9c8a 4df009eeb35b4bdeb722721d47d8db55 - - default default] Added segment fd1da00c-2973-4520-bf37-cedbbdd5cbd4 of type geneve for network 49a2afb2-e389-4b4f-bb8a-78e34ded979a
2026-07-15 06:04:30.930 9 INFO neutron.db.ovn_revision_numbers_db [None req-0295c28e-5bfc-4fe5-abbb-9ae8b65f0e30 4239e68166ed4136927cb286b7fb9c8a 4df009eeb35b4bdeb722721d47d8db55 - - default default] Successfully bumped revision number for resource 18478ade-684e-455b-8493-e92720687b92 (type: router_ports) to 1
2026-07-15 06:04:30.946 10 INFO neutron.plugins.ml2.drivers.ovn.mech_driver.ovsdb.extensions.qos [None req-73363d40-ca26-46cf-b8c9-09e79d0d005d 4239e68166ed4136927cb286b7fb9c8a 4df009eeb35b4bdeb722721d47d8db55 - - default default] Starting OVNClientQosExtension
2026-07-15 06:04:31.131 9 INFO neutron.db.ovn_revision_numbers_db [None req-0295c28e-5bfc-4fe5-abbb-9ae8b65f0e30 4239e68166ed4136927cb286b7fb9c8a 4df009eeb35b4bdeb722721d47d8db55 - - default default] Successfully bumped revision number for resource 9b2aed36-9a0e-4fb1-88ba-85ff5cf10485 (type: routers) to 2
2026-07-15 06:04:31.179 9 INFO neutron.wsgi [None req-0295c28e-5bfc-4fe5-abbb-9ae8b65f0e30 4239e68166ed4136927cb286b7fb9c8a 4df009eeb35b4bdeb722721d47d8db55 - - default default] 10.0.0.208 "POST /v2.0/routers HTTP/1.1" status: 201 len: 1162 time: 2.1302233
2026-07-15 06:04:31.236 9 INFO neutron.db.ovn_revision_numbers_db [None req-217bb31e-e28f-4d8d-95f6-8423edb011fe 4239e68166ed4136927cb286b7fb9c8a 4df009eeb35b4bdeb722721d47d8db55 - - default default] Successfully bumped revision number for resource 49a2afb2-e389-4b4f-bb8a-78e34ded979a (type: networks) to 1
2026-07-15 06:04:31.495 10 INFO neutron.plugins.ml2.drivers.ovn.mech_driver.ovsdb.commands [None req-d8de29cb-c2fd-48f0-8f07-05123539ebb3 - - - - - -] Schedule LRP lrp-11c610a5-4cf2-4c3c-bfb9-1c0f170eca89 on gateway 09dc8415-5e84-46b1-8c1e-26d17f8a839a with priority 1
2026-07-15 06:04:31.552 10 INFO neutron.db.ovn_revision_numbers_db [None req-73363d40-ca26-46cf-b8c9-09e79d0d005d 4239e68166ed4136927cb286b7fb9c8a 4df009eeb35b4bdeb722721d47d8db55 - - default default] Successfully bumped revision number for resource 11c610a5-4cf2-4c3c-bfb9-1c0f170eca89 (type: router_ports) to 1
2026-07-15 06:04:31.649 10 INFO neutron.db.ovn_revision_numbers_db [None req-73363d40-ca26-46cf-b8c9-09e79d0d005d 4239e68166ed4136927cb286b7fb9c8a 4df009eeb35b4bdeb722721d47d8db55 - - default default] Successfully bumped revision number for resource d6f06c1b-deb6-48d0-9210-dfa02f23e19d (type: routers) to 2
2026-07-15 06:04:31.676 10 INFO neutron.wsgi [None req-73363d40-ca26-46cf-b8c9-09e79d0d005d 4239e68166ed4136927cb286b7fb9c8a 4df009eeb35b4bdeb722721d47d8db55 - - default default] 10.0.0.208 "POST /v2.0/routers HTTP/1.1" status: 201 len: 1173 time: 2.4354029
2026-07-15 06:04:31.690 10 INFO neutron.plugins.ml2.drivers.ovn.mech_driver.ovsdb.commands [None req-d8de29cb-c2fd-48f0-8f07-05123539ebb3 - - - - - -] Schedule LRP lrp-385d6ecd-8593-4537-9a2f-c8259853b4fc on gateway 09dc8415-5e84-46b1-8c1e-26d17f8a839a with priority 1
2026-07-15 06:04:31.718 10 INFO neutron.plugins.ml2.drivers.ovn.mech_driver.mech_driver [-] OVN reports status up for port: 385d6ecd-8593-4537-9a2f-c8259853b4fc
2026-07-15 06:04:31.721 10 INFO neutron.plugins.ml2.drivers.ovn.mech_driver.ovsdb.ovsdb_monitor [-] Router 54fcb4d8-3920-4108-863d-1714782831f9 is bound to host instance
2026-07-15 06:04:31.724 9 WARNING neutron.scheduler.dhcp_agent_scheduler [None req-217bb31e-e28f-4d8d-95f6-8423edb011fe 4239e68166ed4136927cb286b7fb9c8a 4df009eeb35b4bdeb722721d47d8db55 - - default default] No more DHCP agents
2026-07-15 06:04:31.743 9 WARNING neutron.api.rpc.agentnotifiers.dhcp_rpc_agent_api [None req-217bb31e-e28f-4d8d-95f6-8423edb011fe 4239e68166ed4136927cb286b7fb9c8a 4df009eeb35b4bdeb722721d47d8db55 - - default default] Unable to schedule network 49a2afb2-e389-4b4f-bb8a-78e34ded979a: no agents available; will retry on subsequent port and subnet creation events.
2026-07-15 06:04:31.757 10 INFO neutron.plugins.ml2.plugin [None req-d90ae858-aa8d-4b21-9d44-4f81669ce97e - - - - - -] Attempt 1 to provision port 385d6ecd-8593-4537-9a2f-c8259853b4fc
2026-07-15 06:04:31.825 10 INFO neutron.db.ovn_revision_numbers_db [None req-332969ee-0114-43c7-85f0-a9db0336d590 4239e68166ed4136927cb286b7fb9c8a 4df009eeb35b4bdeb722721d47d8db55 - - default default] Successfully bumped revision number for resource 385d6ecd-8593-4537-9a2f-c8259853b4fc (type: router_ports) to 1
2026-07-15 06:04:31.926 9 INFO neutron.db.ovn_revision_numbers_db [None req-217bb31e-e28f-4d8d-95f6-8423edb011fe 4239e68166ed4136927cb286b7fb9c8a 4df009eeb35b4bdeb722721d47d8db55 - - default default] Successfully bumped revision number for resource b1025706-b7f3-4214-8268-d3010aa5c101 (type: ports) to 1
2026-07-15 06:04:31.963 9 INFO neutron.wsgi [None req-217bb31e-e28f-4d8d-95f6-8423edb011fe 4239e68166ed4136927cb286b7fb9c8a 4df009eeb35b4bdeb722721d47d8db55 - - default default] 10.0.0.208 "POST /v2.0/networks HTTP/1.1" status: 201 len: 946 time: 1.7379420
2026-07-15 06:04:32.119 10 INFO neutron.db.ovn_revision_numbers_db [None req-332969ee-0114-43c7-85f0-a9db0336d590 4239e68166ed4136927cb286b7fb9c8a 4df009eeb35b4bdeb722721d47d8db55 - - default default] Successfully bumped revision number for resource 54fcb4d8-3920-4108-863d-1714782831f9 (type: routers) to 2
2026-07-15 06:04:32.150 10 INFO neutron.wsgi [None req-332969ee-0114-43c7-85f0-a9db0336d590 4239e68166ed4136927cb286b7fb9c8a 4df009eeb35b4bdeb722721d47d8db55 - - default default] 10.0.0.208 "POST /v2.0/routers HTTP/1.1" status: 201 len: 1175 time: 2.5820878
2026-07-15 06:04:32.326 9 WARNING neutron.scheduler.dhcp_agent_scheduler [None req-ad1c2d17-8aec-4a33-9412-36986100212b 4239e68166ed4136927cb286b7fb9c8a 4df009eeb35b4bdeb722721d47d8db55 - - default default] No more DHCP agents
2026-07-15 06:04:32.334 9 WARNING neutron.api.rpc.agentnotifiers.dhcp_rpc_agent_api [None req-ad1c2d17-8aec-4a33-9412-36986100212b 4239e68166ed4136927cb286b7fb9c8a 4df009eeb35b4bdeb722721d47d8db55 - - default default] Unable to schedule network 49a2afb2-e389-4b4f-bb8a-78e34ded979a: no agents available; will retry on subsequent port and subnet creation events.
2026-07-15 06:04:32.406 9 WARNING neutron.scheduler.dhcp_agent_scheduler [None req-d70e6b32-bca1-4518-abe0-aab8c68e4125 4239e68166ed4136927cb286b7fb9c8a 4df009eeb35b4bdeb722721d47d8db55 - - default default] No more DHCP agents
2026-07-15 06:04:32.417 9 WARNING neutron.api.rpc.agentnotifiers.dhcp_rpc_agent_api [None req-d70e6b32-bca1-4518-abe0-aab8c68e4125 4239e68166ed4136927cb286b7fb9c8a 4df009eeb35b4bdeb722721d47d8db55 - - default default] Unable to schedule network 88420403-3a67-41e2-8511-124cf8506b72: no agents available; will retry on subsequent port and subnet creation events.
2026-07-15 06:04:32.467 9 INFO neutron.db.ovn_revision_numbers_db [None req-57b51e7d-9201-405a-9ea5-2ca8532a1ff4 - - - - - -] Successfully bumped revision number for resource 18478ade-684e-455b-8493-e92720687b92 (type: ports) to 1
2026-07-15 06:04:32.772 10 WARNING neutron.scheduler.dhcp_agent_scheduler [None req-ee45b2a2-1360-4435-95b7-5f2688c01c43 4239e68166ed4136927cb286b7fb9c8a 4df009eeb35b4bdeb722721d47d8db55 - - default default] No more DHCP agents
2026-07-15 06:04:32.776 10 WARNING neutron.api.rpc.agentnotifiers.dhcp_rpc_agent_api [None req-ee45b2a2-1360-4435-95b7-5f2688c01c43 4239e68166ed4136927cb286b7fb9c8a 4df009eeb35b4bdeb722721d47d8db55 - - default default] Unable to schedule network a40a0cf4-39b9-45f2-a26c-16e55c62d032: no agents available; will retry on subsequent port and subnet creation events.
2026-07-15 06:04:32.902 9 INFO neutron.db.ovn_revision_numbers_db [None req-d70e6b32-bca1-4518-abe0-aab8c68e4125 4239e68166ed4136927cb286b7fb9c8a 4df009eeb35b4bdeb722721d47d8db55 - - default default] Successfully bumped revision number for resource b9a06685-2ffa-4bec-9869-3c84646925d7 (type: ports) to 1
2026-07-15 06:04:32.955 10 INFO neutron.db.ovn_revision_numbers_db [None req-738ee074-ef3a-40a1-b4a3-aa7af4e30fbd - - - - - -] Successfully bumped revision number for resource 385d6ecd-8593-4537-9a2f-c8259853b4fc (type: ports) to 1
2026-07-15 06:04:32.963 10 INFO neutron.db.ovn_revision_numbers_db [None req-ee45b2a2-1360-4435-95b7-5f2688c01c43 4239e68166ed4136927cb286b7fb9c8a 4df009eeb35b4bdeb722721d47d8db55 - - default default] Successfully bumped revision number for resource 3bdb055a-0975-41e5-b053-17cd7c7d5fcc (type: ports) to 1
2026-07-15 06:04:33.602 10 INFO neutron.db.ovn_revision_numbers_db [None req-738ee074-ef3a-40a1-b4a3-aa7af4e30fbd - - - - - -] Successfully bumped revision number for resource 385d6ecd-8593-4537-9a2f-c8259853b4fc (type: router_ports) to 3
2026-07-15 06:04:33.638 9 INFO neutron.plugins.ml2.drivers.ovn.mech_driver.mech_driver [None req-424360a4-b402-4a28-b76b-5c5ebb5779bb - - - - - -] OVN reports status up for port: 11c610a5-4cf2-4c3c-bfb9-1c0f170eca89
2026-07-15 06:04:33.692 9 INFO neutron.plugins.ml2.plugin [None req-424360a4-b402-4a28-b76b-5c5ebb5779bb - - - - - -] Attempt 1 to provision port 11c610a5-4cf2-4c3c-bfb9-1c0f170eca89
2026-07-15 06:04:33.802 9 WARNING neutron.scheduler.dhcp_agent_scheduler [None req-71e1d5af-8ed0-41dc-8a90-de9437099314 4239e68166ed4136927cb286b7fb9c8a 4df009eeb35b4bdeb722721d47d8db55 - - default default] No more DHCP agents
2026-07-15 06:04:33.817 9 WARNING neutron.api.rpc.agentnotifiers.dhcp_rpc_agent_api [None req-71e1d5af-8ed0-41dc-8a90-de9437099314 4239e68166ed4136927cb286b7fb9c8a 4df009eeb35b4bdeb722721d47d8db55 - - default default] Unable to schedule network 366771f7-865e-4087-8412-1ff7f8954879: no agents available; will retry on subsequent port and subnet creation events.
2026-07-15 06:04:33.831 10 ERROR ovsdbapp.backend.ovs_idl.command [None req-ee45b2a2-1360-4435-95b7-5f2688c01c43 4239e68166ed4136927cb286b7fb9c8a 4df009eeb35b4bdeb722721d47d8db55 - - default default] Error executing command (DbGetCommand): ovsdbapp.backend.ovs_idl.idlutils.RowNotFound: Cannot find Logical_Router_Port with name=lrp-3bdb055a-0975-41e5-b053-17cd7c7d5fcc
2026-07-15 06:04:33.831 10 ERROR ovsdbapp.backend.ovs_idl.command
Traceback (most recent call last):
2026-07-15 06:04:33.831 10 ERROR ovsdbapp.backend.ovs_idl.command
File "/var/lib/openstack/lib/python3.10/site-packages/ovsdbapp/backend/ovs_idl/command.py", line 47, in execute
2026-07-15 06:04:33.831 10 ERROR ovsdbapp.backend.ovs_idl.command self.run_idl(None)
2026-07-15 06:04:33.831 10 ERROR ovsdbapp.backend.ovs_idl.command
File "/var/lib/openstack/lib/python3.10/site-packages/ovsdbapp/backend/ovs_idl/command.py", line 235, in run_idl
2026-07-15 06:04:33.831 10 ERROR ovsdbapp.backend.ovs_idl.command record = self.api.lookup(self.table, self.record)
2026-07-15 06:04:33.831 10 ERROR ovsdbapp.backend.ovs_idl.command
File "/var/lib/openstack/lib/python3.10/site-packages/ovsdbapp/backend/ovs_idl/__init__.py", line 184, in lookup
2026-07-15 06:04:33.831 10 ERROR ovsdbapp.backend.ovs_idl.command return self._lookup(table, record)
2026-07-15 06:04:33.831 10 ERROR ovsdbapp.backend.ovs_idl.command
File "/var/lib/openstack/lib/python3.10/site-packages/ovsdbapp/backend/ovs_idl/__init__.py", line 235, in _lookup
2026-07-15 06:04:33.831 10 ERROR ovsdbapp.backend.ovs_idl.command row = idlutils.row_by_value(self, rl.table, rl.column, record)
2026-07-15 06:04:33.831 10 ERROR ovsdbapp.backend.ovs_idl.command
File "/var/lib/openstack/lib/python3.10/site-packages/ovsdbapp/backend/ovs_idl/idlutils.py", line 114, in row_by_value
2026-07-15 06:04:33.831 10 ERROR ovsdbapp.backend.ovs_idl.command raise RowNotFound(table=table, col=column, match=match)
2026-07-15 06:04:33.831 10 ERROR ovsdbapp.backend.ovs_idl.command ovsdbapp.backend.ovs_idl.idlutils.RowNotFound: Cannot find Logical_Router_Port with name=lrp-3bdb055a-0975-41e5-b053-17cd7c7d5fcc
2026-07-15 06:04:33.831 10 ERROR ovsdbapp.backend.ovs_idl.command 
2026-07-15 06:04:33.832 10 ERROR neutron_lib.callbacks.manager [None req-ee45b2a2-1360-4435-95b7-5f2688c01c43 4239e68166ed4136927cb286b7fb9c8a 4df009eeb35b4bdeb722721d47d8db55 - - default default] Error during notification for neutron.services.ovn_l3.plugin.OVNL3RouterPlugin._port_update-8739481113318 port, after_update: ovsdbapp.backend.ovs_idl.idlutils.RowNotFound: Cannot find Logical_Router_Port with name=lrp-3bdb055a-0975-41e5-b053-17cd7c7d5fcc
2026-07-15 06:04:33.832 10 ERROR neutron_lib.callbacks.manager
Traceback (most recent call last):
2026-07-15 06:04:33.832 10 ERROR neutron_lib.callbacks.manager
File "/var/lib/openstack/lib/python3.10/site-packages/neutron_lib/callbacks/manager.py", line 189, in _notify_loop
2026-07-15 06:04:33.832 10 ERROR neutron_lib.callbacks.manager callback.method(resource, event, trigger, payload=payload)
2026-07-15 06:04:33.832 10 ERROR neutron_lib.callbacks.manager
File "/var/lib/openstack/lib/python3.10/site-packages/neutron/services/ovn_l3/plugin.py", line 391, in _port_update
2026-07-15 06:04:33.832 10 ERROR neutron_lib.callbacks.manager l3plugin._ovn_client.update_router_port(context,
2026-07-15 06:04:33.832 10 ERROR neutron_lib.callbacks.manager
File "/var/lib/openstack/lib/python3.10/site-packages/neutron/plugins/ml2/drivers/ovn/mech_driver/ovsdb/ovn_client.py", line 1878, in update_router_port
2026-07-15 06:04:33.832 10 ERROR neutron_lib.callbacks.manager self._update_lrouter_port(context, port, if_exists=if_exists,
2026-07-15 06:04:33.832 10 ERROR neutron_lib.callbacks.manager
File "/var/lib/openstack/lib/python3.10/site-packages/neutron/plugins/ml2/drivers/ovn/mech_driver/ovsdb/ovn_client.py", line 1855, in _update_lrouter_port
2026-07-15 06:04:33.832 10 ERROR neutron_lib.callbacks.manager external_ids = self._nb_idl.db_get(
2026-07-15 06:04:33.832 10 ERROR neutron_lib.callbacks.manager
File "/var/lib/openstack/lib/python3.10/site-packages/ovsdbapp/backend/ovs_idl/command.py", line 47, in execute
2026-07-15 06:04:33.832 10 ERROR neutron_lib.callbacks.manager self.run_idl(None)
2026-07-15 06:04:33.832 10 ERROR neutron_lib.callbacks.manager
File "/var/lib/openstack/lib/python3.10/site-packages/ovsdbapp/backend/ovs_idl/command.py", line 235, in run_idl
2026-07-15 06:04:33.832 10 ERROR neutron_lib.callbacks.manager record = self.api.lookup(self.table, self.record)
2026-07-15 06:04:33.832 10 ERROR neutron_lib.callbacks.manager
File "/var/lib/openstack/lib/python3.10/site-packages/ovsdbapp/backend/ovs_idl/__init__.py", line 184, in lookup
2026-07-15 06:04:33.832 10 ERROR neutron_lib.callbacks.manager return self._lookup(table, record)
2026-07-15 06:04:33.832 10 ERROR neutron_lib.callbacks.manager
File "/var/lib/openstack/lib/python3.10/site-packages/ovsdbapp/backend/ovs_idl/__init__.py", line 235, in _lookup
2026-07-15 06:04:33.832 10 ERROR neutron_lib.callbacks.manager row = idlutils.row_by_value(self, rl.table, rl.column, record)
2026-07-15 06:04:33.832 10 ERROR neutron_lib.callbacks.manager
File "/var/lib/openstack/lib/python3.10/site-packages/ovsdbapp/backend/ovs_idl/idlutils.py", line 114, in row_by_value
2026-07-15 06:04:33.832 10 ERROR neutron_lib.callbacks.manager raise RowNotFound(table=table, col=column, match=match)
2026-07-15 06:04:33.832 10 ERROR neutron_lib.callbacks.manager ovsdbapp.backend.ovs_idl.idlutils.RowNotFound: Cannot find Logical_Router_Port with name=lrp-3bdb055a-0975-41e5-b053-17cd7c7d5fcc
2026-07-15 06:04:33.832 10 ERROR neutron_lib.callbacks.manager 
2026-07-15 06:04:33.887 9 INFO neutron.db.ovn_revision_numbers_db [None req-57b51e7d-9201-405a-9ea5-2ca8532a1ff4 - - - - - -] Successfully bumped revision number for resource 18478ade-684e-455b-8493-e92720687b92 (type: router_ports) to 3
2026-07-15 06:04:34.001 9 INFO neutron.db.ovn_revision_numbers_db [None req-ad1c2d17-8aec-4a33-9412-36986100212b 4239e68166ed4136927cb286b7fb9c8a 4df009eeb35b4bdeb722721d47d8db55 - - default default] Successfully bumped revision number for resource b1025706-b7f3-4214-8268-d3010aa5c101 (type: ports) to 2
2026-07-15 06:04:34.035 10 INFO neutron.db.ovn_revision_numbers_db [None req-738ee074-ef3a-40a1-b4a3-aa7af4e30fbd - - - - - -] Successfully bumped revision number for resource 385d6ecd-8593-4537-9a2f-c8259853b4fc (type: ports) to 2
2026-07-15 06:04:34.106 9 INFO neutron.db.ovn_revision_numbers_db [None req-ad1c2d17-8aec-4a33-9412-36986100212b 4239e68166ed4136927cb286b7fb9c8a 4df009eeb35b4bdeb722721d47d8db55 - - default default] Successfully bumped revision number for resource 77909fda-db63-4fa5-bc17-acbeb30b7ede (type: subnets) to 0
2026-07-15 06:04:34.145 9 INFO neutron.wsgi [None req-ad1c2d17-8aec-4a33-9412-36986100212b 4239e68166ed4136927cb286b7fb9c8a 4df009eeb35b4bdeb722721d47d8db55 - - default default] 10.0.0.208 "POST /v2.0/subnets HTTP/1.1" status: 201 len: 866 time: 2.1746268
2026-07-15 06:04:34.152 9 INFO neutron.db.ovn_revision_numbers_db [None req-71e1d5af-8ed0-41dc-8a90-de9437099314 4239e68166ed4136927cb286b7fb9c8a 4df009eeb35b4bdeb722721d47d8db55 - - default default] Successfully bumped revision number for resource bc240bf7-543c-472b-b733-3a70e918ca7a (type: ports) to 1
2026-07-15 06:04:34.212 10 INFO neutron.db.ovn_revision_numbers_db [None req-ee45b2a2-1360-4435-95b7-5f2688c01c43 4239e68166ed4136927cb286b7fb9c8a 4df009eeb35b4bdeb722721d47d8db55 - - default default] Successfully bumped revision number for resource 3bdb055a-0975-41e5-b053-17cd7c7d5fcc (type: ports) to 1
2026-07-15 06:04:34.292 10 WARNING neutron.scheduler.dhcp_agent_scheduler [None req-ee45b2a2-1360-4435-95b7-5f2688c01c43 4239e68166ed4136927cb286b7fb9c8a 4df009eeb35b4bdeb722721d47d8db55 - - default default] No more DHCP agents
2026-07-15 06:04:34.294 10 WARNING neutron.api.rpc.agentnotifiers.dhcp_rpc_agent_api [None req-ee45b2a2-1360-4435-95b7-5f2688c01c43 4239e68166ed4136927cb286b7fb9c8a 4df009eeb35b4bdeb722721d47d8db55 - - default default] Unable to schedule network a40a0cf4-39b9-45f2-a26c-16e55c62d032: no agents available; will retry on subsequent port and subnet creation events.
2026-07-15 06:04:34.516 9 INFO neutron.db.ovn_revision_numbers_db [None req-57b51e7d-9201-405a-9ea5-2ca8532a1ff4 - - - - - -] Successfully bumped revision number for resource 18478ade-684e-455b-8493-e92720687b92 (type: ports) to 2
2026-07-15 06:04:34.519 10 INFO neutron.db.ovn_revision_numbers_db [None req-738ee074-ef3a-40a1-b4a3-aa7af4e30fbd - - - - - -] Successfully bumped revision number for resource 385d6ecd-8593-4537-9a2f-c8259853b4fc (type: ports) to 4
2026-07-15 06:04:34.520 9 ERROR ovsdbapp.backend.ovs_idl.command [None req-d70e6b32-bca1-4518-abe0-aab8c68e4125 4239e68166ed4136927cb286b7fb9c8a 4df009eeb35b4bdeb722721d47d8db55 - - default default] Error executing command (DbGetCommand): ovsdbapp.backend.ovs_idl.idlutils.RowNotFound: Cannot find Logical_Router_Port with name=lrp-b9a06685-2ffa-4bec-9869-3c84646925d7
2026-07-15 06:04:34.520 9 ERROR ovsdbapp.backend.ovs_idl.command
Traceback (most recent call last):
2026-07-15 06:04:34.520 9 ERROR ovsdbapp.backend.ovs_idl.command
File "/var/lib/openstack/lib/python3.10/site-packages/ovsdbapp/backend/ovs_idl/command.py", line 47, in execute
2026-07-15 06:04:34.520 9 ERROR ovsdbapp.backend.ovs_idl.command self.run_idl(None)
2026-07-15 06:04:34.520 9 ERROR ovsdbapp.backend.ovs_idl.command
File "/var/lib/openstack/lib/python3.10/site-packages/ovsdbapp/backend/ovs_idl/command.py", line 235, in run_idl
2026-07-15 06:04:34.520 9 ERROR ovsdbapp.backend.ovs_idl.command record = self.api.lookup(self.table, self.record)
2026-07-15 06:04:34.520 9 ERROR ovsdbapp.backend.ovs_idl.command
File "/var/lib/openstack/lib/python3.10/site-packages/ovsdbapp/backend/ovs_idl/__init__.py", line 184, in lookup
2026-07-15 06:04:34.520 9 ERROR ovsdbapp.backend.ovs_idl.command return self._lookup(table, record)
2026-07-15 06:04:34.520 9 ERROR ovsdbapp.backend.ovs_idl.command
File "/var/lib/openstack/lib/python3.10/site-packages/ovsdbapp/backend/ovs_idl/__init__.py", line 235, in _lookup
2026-07-15 06:04:34.520 9 ERROR ovsdbapp.backend.ovs_idl.command row = idlutils.row_by_value(self, rl.table, rl.column, record)
2026-07-15 06:04:34.520 9 ERROR ovsdbapp.backend.ovs_idl.command
File "/var/lib/openstack/lib/python3.10/site-packages/ovsdbapp/backend/ovs_idl/idlutils.py", line 114, in row_by_value
2026-07-15 06:04:34.520 9 ERROR ovsdbapp.backend.ovs_idl.command raise RowNotFound(table=table, col=column, match=match)
2026-07-15 06:04:34.520 9 ERROR ovsdbapp.backend.ovs_idl.command ovsdbapp.backend.ovs_idl.idlutils.RowNotFound: Cannot find Logical_Router_Port with name=lrp-b9a06685-2ffa-4bec-9869-3c84646925d7
2026-07-15 06:04:34.520 9 ERROR ovsdbapp.backend.ovs_idl.command 
2026-07-15 06:04:34.521 9 ERROR neutron_lib.callbacks.manager [None req-d70e6b32-bca1-4518-abe0-aab8c68e4125 4239e68166ed4136927cb286b7fb9c8a 4df009eeb35b4bdeb722721d47d8db55 - - default default] Error during notification for neutron.services.ovn_l3.plugin.OVNL3RouterPlugin._port_update-8739481113318 port, after_update: ovsdbapp.backend.ovs_idl.idlutils.RowNotFound: Cannot find Logical_Router_Port with name=lrp-b9a06685-2ffa-4bec-9869-3c84646925d7
2026-07-15 06:04:34.521 9 ERROR neutron_lib.callbacks.manager
Traceback (most recent call last):
2026-07-15 06:04:34.521 9 ERROR neutron_lib.callbacks.manager
File "/var/lib/openstack/lib/python3.10/site-packages/neutron_lib/callbacks/manager.py", line 189, in _notify_loop
2026-07-15 06:04:34.521 9 ERROR neutron_lib.callbacks.manager callback.method(resource, event, trigger, payload=payload)
2026-07-15 06:04:34.521 9 ERROR neutron_lib.callbacks.manager
File "/var/lib/openstack/lib/python3.10/site-packages/neutron/services/ovn_l3/plugin.py", line 391, in _port_update
2026-07-15 06:04:34.521 9 ERROR neutron_lib.callbacks.manager l3plugin._ovn_client.update_router_port(context,
2026-07-15 06:04:34.521 9 ERROR neutron_lib.callbacks.manager
File "/var/lib/openstack/lib/python3.10/site-packages/neutron/plugins/ml2/drivers/ovn/mech_driver/ovsdb/ovn_client.py", line 1878, in update_router_port
2026-07-15 06:04:34.521 9 ERROR neutron_lib.callbacks.manager self._update_lrouter_port(context, port, if_exists=if_exists,
2026-07-15 06:04:34.521 9 ERROR neutron_lib.callbacks.manager
File "/var/lib/openstack/lib/python3.10/site-packages/neutron/plugins/ml2/drivers/ovn/mech_driver/ovsdb/ovn_client.py", line 1855, in _update_lrouter_port
2026-07-15 06:04:34.521 9 ERROR neutron_lib.callbacks.manager external_ids = self._nb_idl.db_get(
2026-07-15 06:04:34.521 9 ERROR neutron_lib.callbacks.manager
File "/var/lib/openstack/lib/python3.10/site-packages/ovsdbapp/backend/ovs_idl/command.py", line 47, in execute
2026-07-15 06:04:34.521 9 ERROR neutron_lib.callbacks.manager self.run_idl(None)
2026-07-15 06:04:34.521 9 ERROR neutron_lib.callbacks.manager
File "/var/lib/openstack/lib/python3.10/site-packages/ovsdbapp/backend/ovs_idl/command.py", line 235, in run_idl
2026-07-15 06:04:34.521 9 ERROR neutron_lib.callbacks.manager record = self.api.lookup(self.table, self.record)
2026-07-15 06:04:34.521 9 ERROR neutron_lib.callbacks.manager
File "/var/lib/openstack/lib/python3.10/site-packages/ovsdbapp/backend/ovs_idl/__init__.py", line 184, in lookup
2026-07-15 06:04:34.521 9 ERROR neutron_lib.callbacks.manager return self._lookup(table, record)
2026-07-15 06:04:34.521 9 ERROR neutron_lib.callbacks.manager
File "/var/lib/openstack/lib/python3.10/site-packages/ovsdbapp/backend/ovs_idl/__init__.py", line 235, in _lookup
2026-07-15 06:04:34.521 9 ERROR neutron_lib.callbacks.manager row = idlutils.row_by_value(self, rl.table, rl.column, record)
2026-07-15 06:04:34.521 9 ERROR neutron_lib.callbacks.manager
File "/var/lib/openstack/lib/python3.10/site-packages/ovsdbapp/backend/ovs_idl/idlutils.py", line 114, in row_by_value
2026-07-15 06:04:34.521 9 ERROR neutron_lib.callbacks.manager raise RowNotFound(table=table, col=column, match=match)
2026-07-15 06:04:34.521 9 ERROR neutron_lib.callbacks.manager ovsdbapp.backend.ovs_idl.idlutils.RowNotFound: Cannot find Logical_Router_Port with name=lrp-b9a06685-2ffa-4bec-9869-3c84646925d7
2026-07-15 06:04:34.521 9 ERROR neutron_lib.callbacks.manager 
2026-07-15 06:04:35.015 9 INFO neutron.db.ovn_revision_numbers_db [None req-d70e6b32-bca1-4518-abe0-aab8c68e4125 4239e68166ed4136927cb286b7fb9c8a 4df009eeb35b4bdeb722721d47d8db55 - - default default] Successfully bumped revision number for resource b9a06685-2ffa-4bec-9869-3c84646925d7 (type: ports) to 1
2026-07-15 06:04:35.027 10 INFO neutron.db.ovn_revision_numbers_db [None req-738ee074-ef3a-40a1-b4a3-aa7af4e30fbd - - - - - -] Successfully bumped revision number for resource 385d6ecd-8593-4537-9a2f-c8259853b4fc (type: router_ports) to 4
