2026-07-15 06:06:36.711 9 WARNING neutron.scheduler.dhcp_agent_scheduler [None req-8ab37327-785b-45d2-a519-1728d8abe476 2f1a2b95dd334be5b1156e40861b9f61 2b4782770d054aa89c3c8d171f2fc819 - - default default] No more DHCP agents
2026-07-15 06:06:36.713 9 WARNING neutron.api.rpc.agentnotifiers.dhcp_rpc_agent_api [None req-8ab37327-785b-45d2-a519-1728d8abe476 2f1a2b95dd334be5b1156e40861b9f61 2b4782770d054aa89c3c8d171f2fc819 - - default default] Unable to schedule network 0f96d613-78ce-49bb-b6bb-35e733ec9010: no agents available; will retry on subsequent port and subnet creation events.
2026-07-15 06:06:36.799 9 INFO neutron.db.ovn_revision_numbers_db [None req-8ab37327-785b-45d2-a519-1728d8abe476 2f1a2b95dd334be5b1156e40861b9f61 2b4782770d054aa89c3c8d171f2fc819 - - default default] Successfully bumped revision number for resource 29f73977-a571-4ae8-9e98-cf3819c1a737 (type: ports) to 1
2026-07-15 06:06:36.825 9 INFO neutron.wsgi [None req-8ab37327-785b-45d2-a519-1728d8abe476 2f1a2b95dd334be5b1156e40861b9f61 2b4782770d054aa89c3c8d171f2fc819 - - default default] 10.0.0.208 "POST /v2.0/networks HTTP/1.1" status: 201 len: 848 time: 0.6408529
2026-07-15 06:06:36.835 9 WARNING neutron_lib.context [None req-a3afcd40-85fa-49bd-9ad7-946085d04144 2f1a2b95dd334be5b1156e40861b9f61 2b4782770d054aa89c3c8d171f2fc819 - - default default] Method 'is_advsvc' is deprecated since 2023.2 release (neutron-lib 3.8.0) and will be removed once support for the old RBAC API policies will be removed from Neutron. Please use method 'is_service_role' instead.
2026-07-15 06:06:36.930 9 INFO neutron.db.segments_db [None req-a3afcd40-85fa-49bd-9ad7-946085d04144 2f1a2b95dd334be5b1156e40861b9f61 2b4782770d054aa89c3c8d171f2fc819 - - default default] Added segment cda9dc2d-7aeb-4520-8dce-581abdda850b of type geneve for network b5c2571c-926f-4704-a5ef-88e7f4c65b5e
2026-07-15 06:06:37.090 9 INFO neutron.db.ovn_revision_numbers_db [None req-a3afcd40-85fa-49bd-9ad7-946085d04144 2f1a2b95dd334be5b1156e40861b9f61 2b4782770d054aa89c3c8d171f2fc819 - - default default] Successfully bumped revision number for resource b5c2571c-926f-4704-a5ef-88e7f4c65b5e (type: networks) to 1
2026-07-15 06:06:37.277 9 WARNING neutron.scheduler.dhcp_agent_scheduler [None req-a3afcd40-85fa-49bd-9ad7-946085d04144 2f1a2b95dd334be5b1156e40861b9f61 2b4782770d054aa89c3c8d171f2fc819 - - default default] No more DHCP agents
2026-07-15 06:06:37.280 9 WARNING neutron.api.rpc.agentnotifiers.dhcp_rpc_agent_api [None req-a3afcd40-85fa-49bd-9ad7-946085d04144 2f1a2b95dd334be5b1156e40861b9f61 2b4782770d054aa89c3c8d171f2fc819 - - default default] Unable to schedule network b5c2571c-926f-4704-a5ef-88e7f4c65b5e: no agents available; will retry on subsequent port and subnet creation events.
2026-07-15 06:06:37.367 9 INFO neutron.db.ovn_revision_numbers_db [None req-a3afcd40-85fa-49bd-9ad7-946085d04144 2f1a2b95dd334be5b1156e40861b9f61 2b4782770d054aa89c3c8d171f2fc819 - - default default] Successfully bumped revision number for resource 1f1a222d-8453-4658-97aa-4627fb083673 (type: ports) to 1
2026-07-15 06:06:37.395 9 INFO neutron.wsgi [None req-a3afcd40-85fa-49bd-9ad7-946085d04144 2f1a2b95dd334be5b1156e40861b9f61 2b4782770d054aa89c3c8d171f2fc819 - - default default] 10.0.0.208 "POST /v2.0/networks HTTP/1.1" status: 201 len: 849 time: 0.5647776
2026-07-15 06:06:37.406 9 WARNING neutron_lib.context [None req-b8e10129-3912-4942-9bd3-2744d7f2a9d0 2f1a2b95dd334be5b1156e40861b9f61 2b4782770d054aa89c3c8d171f2fc819 - - default default] Method 'is_advsvc' is deprecated since 2023.2 release (neutron-lib 3.8.0) and will be removed once support for the old RBAC API policies will be removed from Neutron. Please use method 'is_service_role' instead.
2026-07-15 06:06:37.444 9 WARNING neutron_lib.context [None req-b8e10129-3912-4942-9bd3-2744d7f2a9d0 2f1a2b95dd334be5b1156e40861b9f61 2b4782770d054aa89c3c8d171f2fc819 - - default default] Method 'is_advsvc' is deprecated since 2023.2 release (neutron-lib 3.8.0) and will be removed once support for the old RBAC API policies will be removed from Neutron. Please use method 'is_service_role' instead.
2026-07-15 06:06:37.926 9 WARNING neutron.scheduler.dhcp_agent_scheduler [None req-b8e10129-3912-4942-9bd3-2744d7f2a9d0 2f1a2b95dd334be5b1156e40861b9f61 2b4782770d054aa89c3c8d171f2fc819 - - default default] No more DHCP agents
2026-07-15 06:06:37.928 9 WARNING neutron.api.rpc.agentnotifiers.dhcp_rpc_agent_api [None req-b8e10129-3912-4942-9bd3-2744d7f2a9d0 2f1a2b95dd334be5b1156e40861b9f61 2b4782770d054aa89c3c8d171f2fc819 - - default default] Unable to schedule network 0f96d613-78ce-49bb-b6bb-35e733ec9010: no agents available; will retry on subsequent port and subnet creation events.
2026-07-15 06:06:37.993 10 INFO neutron.db.ovn_revision_numbers_db [None req-22afc967-026a-4517-b43f-8fd5af13af95 4239e68166ed4136927cb286b7fb9c8a 4df009eeb35b4bdeb722721d47d8db55 - - default default] Successfully bumped revision number for resource ecea79a0-0f7c-4a3f-b3fe-4e88ccd8f93f (type: security_groups) to 1
2026-07-15 06:06:38.011 10 INFO neutron.db.ovn_revision_numbers_db [None req-22afc967-026a-4517-b43f-8fd5af13af95 4239e68166ed4136927cb286b7fb9c8a 4df009eeb35b4bdeb722721d47d8db55 - - default default] Successfully bumped revision number for resource 37fcf9cf-55ee-4313-982d-19a733f86aad (type: security_group_rules) to 0
2026-07-15 06:06:38.025 10 INFO neutron.db.ovn_revision_numbers_db [None req-22afc967-026a-4517-b43f-8fd5af13af95 4239e68166ed4136927cb286b7fb9c8a 4df009eeb35b4bdeb722721d47d8db55 - - default default] Successfully bumped revision number for resource 5c51b7dc-b500-4b15-850c-dabfdfce3092 (type: security_group_rules) to 0
2026-07-15 06:06:38.031 9 INFO neutron.db.ovn_revision_numbers_db [None req-b8e10129-3912-4942-9bd3-2744d7f2a9d0 2f1a2b95dd334be5b1156e40861b9f61 2b4782770d054aa89c3c8d171f2fc819 - - default default] Successfully bumped revision number for resource f167dc60-695a-46a4-b4a3-ff02bd787cd3 (type: ports) to 1
2026-07-15 06:06:38.037 10 INFO neutron.db.ovn_revision_numbers_db [None req-22afc967-026a-4517-b43f-8fd5af13af95 4239e68166ed4136927cb286b7fb9c8a 4df009eeb35b4bdeb722721d47d8db55 - - default default] Successfully bumped revision number for resource 843eea96-15b4-423c-9152-d8e5a5990b15 (type: security_group_rules) to 0
2026-07-15 06:06:38.051 10 INFO neutron.db.ovn_revision_numbers_db [None req-22afc967-026a-4517-b43f-8fd5af13af95 4239e68166ed4136927cb286b7fb9c8a 4df009eeb35b4bdeb722721d47d8db55 - - default default] Successfully bumped revision number for resource b0f9af79-42c0-4f2a-abbb-7f287af282f4 (type: security_group_rules) to 0
2026-07-15 06:06:38.060 9 WARNING neutron.scheduler.dhcp_agent_scheduler [None req-b8e10129-3912-4942-9bd3-2744d7f2a9d0 2f1a2b95dd334be5b1156e40861b9f61 2b4782770d054aa89c3c8d171f2fc819 - - default default] No more DHCP agents
2026-07-15 06:06:38.062 9 WARNING neutron.api.rpc.agentnotifiers.dhcp_rpc_agent_api [None req-b8e10129-3912-4942-9bd3-2744d7f2a9d0 2f1a2b95dd334be5b1156e40861b9f61 2b4782770d054aa89c3c8d171f2fc819 - - default default] Unable to schedule network b5c2571c-926f-4704-a5ef-88e7f4c65b5e: no agents available; will retry on subsequent port and subnet creation events.
2026-07-15 06:06:38.070 10 INFO neutron.wsgi [None req-22afc967-026a-4517-b43f-8fd5af13af95 4239e68166ed4136927cb286b7fb9c8a 4df009eeb35b4bdeb722721d47d8db55 - - default default] 10.0.0.208 "GET /v2.0/security-groups?tenant_id=2cdae22e8363472f8de2c30bfa2f84dc&name=default HTTP/1.1" status: 200 len: 3120 time: 0.3840771
2026-07-15 06:06:38.159 9 INFO neutron.db.ovn_revision_numbers_db [None req-b8e10129-3912-4942-9bd3-2744d7f2a9d0 2f1a2b95dd334be5b1156e40861b9f61 2b4782770d054aa89c3c8d171f2fc819 - - default default] Successfully bumped revision number for resource 151b0c8f-31bb-4ea5-946d-c0d44313b74e (type: ports) to 1
2026-07-15 06:06:38.188 9 INFO neutron.wsgi [None req-b8e10129-3912-4942-9bd3-2744d7f2a9d0 2f1a2b95dd334be5b1156e40861b9f61 2b4782770d054aa89c3c8d171f2fc819 - - default default] 10.0.0.208 "POST /v2.0/ports HTTP/1.1" status: 201 len: 1706 time: 0.7868915
2026-07-15 06:06:38.335 10 INFO neutron.wsgi [None req-f43fdc22-ec99-48af-8823-3be15bb49bb4 2f1a2b95dd334be5b1156e40861b9f61 2b4782770d054aa89c3c8d171f2fc819 - - default default] 10.0.0.208 "GET /v2.0/ports HTTP/1.1" status: 200 len: 3213 time: 0.1425188
2026-07-15 06:06:38.393 10 INFO neutron.wsgi [None req-a2ad18bd-8787-43b1-8136-1fcaef4e2d88 4239e68166ed4136927cb286b7fb9c8a 4df009eeb35b4bdeb722721d47d8db55 - - default default] 10.0.0.208 "DELETE /v2.0/security-groups/ecea79a0-0f7c-4a3f-b3fe-4e88ccd8f93f HTTP/1.1" status: 204 len: 168 time: 0.3087378 /var/lib/openstack/lib/python3.10/site-packages/pycadf/identifier.py:71: UserWarning: Invalid uuid: neutron. To ensure interoperability, identifiers should be a valid uuid. warnings.warn(('Invalid uuid: %s. To ensure interoperability, '
2026-07-15 06:06:38.659 10 INFO neutron.wsgi [None req-51288423-3174-4211-9cd5-d5e9713983c5 2f1a2b95dd334be5b1156e40861b9f61 2b4782770d054aa89c3c8d171f2fc819 - - default default] 10.0.0.208 "DELETE /v2.0/ports/f167dc60-695a-46a4-b4a3-ff02bd787cd3 HTTP/1.1" status: 204 len: 168 time: 0.3178990
2026-07-15 06:06:38.709 9 INFO neutron.db.ovn_revision_numbers_db [None req-4ba13807-f165-4d5b-9205-a78fdbd87bea 4239e68166ed4136927cb286b7fb9c8a 4df009eeb35b4bdeb722721d47d8db55 - - default default] Successfully bumped revision number for resource 9aefa2d1-c66c-42c0-a946-1280c1b00bcf (type: security_groups) to 1
2026-07-15 06:06:38.725 9 INFO neutron.db.ovn_revision_numbers_db [None req-4ba13807-f165-4d5b-9205-a78fdbd87bea 4239e68166ed4136927cb286b7fb9c8a 4df009eeb35b4bdeb722721d47d8db55 - - default default] Successfully bumped revision number for resource 0b3e6e0b-7579-4dae-a81a-62cf9ec73634 (type: security_group_rules) to 0
2026-07-15 06:06:38.740 9 INFO neutron.db.ovn_revision_numbers_db [None req-4ba13807-f165-4d5b-9205-a78fdbd87bea 4239e68166ed4136927cb286b7fb9c8a 4df009eeb35b4bdeb722721d47d8db55 - - default default] Successfully bumped revision number for resource 269b3d6d-f184-410f-b01f-c7a9c86ae888 (type: security_group_rules) to 0
2026-07-15 06:06:38.761 9 INFO neutron.db.ovn_revision_numbers_db [None req-4ba13807-f165-4d5b-9205-a78fdbd87bea 4239e68166ed4136927cb286b7fb9c8a 4df009eeb35b4bdeb722721d47d8db55 - - default default] Successfully bumped revision number for resource 3a8019e5-fa94-41de-99f8-32c1680899b2 (type: security_group_rules) to 0
2026-07-15 06:06:38.779 9 INFO neutron.db.ovn_revision_numbers_db [None req-4ba13807-f165-4d5b-9205-a78fdbd87bea 4239e68166ed4136927cb286b7fb9c8a 4df009eeb35b4bdeb722721d47d8db55 - - default default] Successfully bumped revision number for resource f823ba42-a1a9-4bd6-98e8-539c33f1bfd6 (type: security_group_rules) to 0
2026-07-15 06:06:38.801 9 INFO neutron.wsgi [None req-4ba13807-f165-4d5b-9205-a78fdbd87bea 4239e68166ed4136927cb286b7fb9c8a 4df009eeb35b4bdeb722721d47d8db55 - - default default] 10.0.0.208 "GET /v2.0/security-groups?tenant_id=4fd224cba779438a915ea26d3cc7f6ae&name=default HTTP/1.1" status: 200 len: 3120 time: 0.2346499
2026-07-15 06:06:38.952 10 INFO neutron.wsgi [None req-47cb0d08-8b13-49db-a144-3020e92a2347 2f1a2b95dd334be5b1156e40861b9f61 2b4782770d054aa89c3c8d171f2fc819 - - default default] 10.0.0.208 "DELETE /v2.0/ports/151b0c8f-31bb-4ea5-946d-c0d44313b74e HTTP/1.1" status: 204 len: 168 time: 0.2876740
2026-07-15 06:06:39.007 10 INFO neutron.wsgi [None req-3e43dd9c-9619-448e-939a-aa4f4b146793 2f1a2b95dd334be5b1156e40861b9f61 2b4782770d054aa89c3c8d171f2fc819 - - default default] 10.0.0.208 "GET /v2.0/ports HTTP/1.1" status: 200 len: 1718 time: 0.0477545
2026-07-15 06:06:39.017 10 WARNING neutron_lib.context [None req-06aab9c9-492d-4197-9fa1-39814c720336 2f1a2b95dd334be5b1156e40861b9f61 2b4782770d054aa89c3c8d171f2fc819 - - default default] Method 'is_advsvc' is deprecated since 2023.2 release (neutron-lib 3.8.0) and will be removed once support for the old RBAC API policies will be removed from Neutron. Please use method 'is_service_role' instead.
2026-07-15 06:06:39.069 9 INFO neutron.wsgi [None req-c22bef1a-53e8-4030-b033-6d8d39da9e43 4239e68166ed4136927cb286b7fb9c8a 4df009eeb35b4bdeb722721d47d8db55 - - default default] 10.0.0.208 "DELETE /v2.0/security-groups/9aefa2d1-c66c-42c0-a946-1280c1b00bcf HTTP/1.1" status: 204 len: 168 time: 0.2586024
2026-07-15 06:06:39.099 10 INFO neutron.db.segments_db [None req-06aab9c9-492d-4197-9fa1-39814c720336 2f1a2b95dd334be5b1156e40861b9f61 2b4782770d054aa89c3c8d171f2fc819 - - default default] Added segment ed2a20eb-1647-444c-8815-485c116567db of type geneve for network bb4e4c09-df26-4543-bbf3-7df8a1d2c64e
2026-07-15 06:06:39.260 10 INFO neutron.db.ovn_revision_numbers_db [None req-06aab9c9-492d-4197-9fa1-39814c720336 2f1a2b95dd334be5b1156e40861b9f61 2b4782770d054aa89c3c8d171f2fc819 - - default default] Successfully bumped revision number for resource bb4e4c09-df26-4543-bbf3-7df8a1d2c64e (type: networks) to 1
2026-07-15 06:06:39.490 10 WARNING neutron.scheduler.dhcp_agent_scheduler [None req-06aab9c9-492d-4197-9fa1-39814c720336 2f1a2b95dd334be5b1156e40861b9f61 2b4782770d054aa89c3c8d171f2fc819 - - default default] No more DHCP agents
2026-07-15 06:06:39.493 10 WARNING neutron.api.rpc.agentnotifiers.dhcp_rpc_agent_api [None req-06aab9c9-492d-4197-9fa1-39814c720336 2f1a2b95dd334be5b1156e40861b9f61 2b4782770d054aa89c3c8d171f2fc819 - - default default] Unable to schedule network bb4e4c09-df26-4543-bbf3-7df8a1d2c64e: no agents available; will retry on subsequent port and subnet creation events.
2026-07-15 06:06:39.572 10 INFO neutron.db.ovn_revision_numbers_db [None req-06aab9c9-492d-4197-9fa1-39814c720336 2f1a2b95dd334be5b1156e40861b9f61 2b4782770d054aa89c3c8d171f2fc819 - - default default] Successfully bumped revision number for resource b9e71062-c255-4ce0-88e9-e5ee7848f57a (type: ports) to 1
2026-07-15 06:06:39.597 10 INFO neutron.wsgi [None req-06aab9c9-492d-4197-9fa1-39814c720336 2f1a2b95dd334be5b1156e40861b9f61 2b4782770d054aa89c3c8d171f2fc819 - - default default] 10.0.0.208 "POST /v2.0/networks HTTP/1.1" status: 201 len: 849 time: 0.5831344
2026-07-15 06:06:39.607 10 WARNING neutron_lib.context [None req-df92d3bb-eae0-401b-afd7-ada09cb47723 2f1a2b95dd334be5b1156e40861b9f61 2b4782770d054aa89c3c8d171f2fc819 - - default default] Method 'is_advsvc' is deprecated since 2023.2 release (neutron-lib 3.8.0) and will be removed once support for the old RBAC API policies will be removed from Neutron. Please use method 'is_service_role' instead.
2026-07-15 06:06:39.689 10 INFO neutron.db.segments_db [None req-df92d3bb-eae0-401b-afd7-ada09cb47723 2f1a2b95dd334be5b1156e40861b9f61 2b4782770d054aa89c3c8d171f2fc819 - - default default] Added segment 8348e151-6119-4841-bdfb-90cc9c98fe57 of type geneve for network d57af9bf-1bfc-4b7b-8c4f-360555b9f05b
2026-07-15 06:06:39.844 10 INFO neutron.db.ovn_revision_numbers_db [None req-df92d3bb-eae0-401b-afd7-ada09cb47723 2f1a2b95dd334be5b1156e40861b9f61 2b4782770d054aa89c3c8d171f2fc819 - - default default] Successfully bumped revision number for resource d57af9bf-1bfc-4b7b-8c4f-360555b9f05b (type: networks) to 1
2026-07-15 06:06:40.048 10 WARNING neutron.scheduler.dhcp_agent_scheduler [None req-df92d3bb-eae0-401b-afd7-ada09cb47723 2f1a2b95dd334be5b1156e40861b9f61 2b4782770d054aa89c3c8d171f2fc819 - - default default] No more DHCP agents
2026-07-15 06:06:40.050 10 WARNING neutron.api.rpc.agentnotifiers.dhcp_rpc_agent_api [None req-df92d3bb-eae0-401b-afd7-ada09cb47723 2f1a2b95dd334be5b1156e40861b9f61 2b4782770d054aa89c3c8d171f2fc819 - - default default] Unable to schedule network d57af9bf-1bfc-4b7b-8c4f-360555b9f05b: no agents available; will retry on subsequent port and subnet creation events.
2026-07-15 06:06:40.154 10 INFO neutron.db.ovn_revision_numbers_db [None req-df92d3bb-eae0-401b-afd7-ada09cb47723 2f1a2b95dd334be5b1156e40861b9f61 2b4782770d054aa89c3c8d171f2fc819 - - default default] Successfully bumped revision number for resource 4c2e5d43-b546-4b1e-aa60-1524c219bf02 (type: ports) to 1
2026-07-15 06:06:40.182 10 INFO neutron.wsgi [None req-df92d3bb-eae0-401b-afd7-ada09cb47723 2f1a2b95dd334be5b1156e40861b9f61 2b4782770d054aa89c3c8d171f2fc819 - - default default] 10.0.0.208 "POST /v2.0/networks HTTP/1.1" status: 201 len: 849 time: 0.5813773
2026-07-15 06:06:40.231 10 WARNING neutron_lib.context [None req-ccce1bfa-2ba2-4383-9499-9daea6dee3f2 2f1a2b95dd334be5b1156e40861b9f61 2b4782770d054aa89c3c8d171f2fc819 - - default default] Method 'is_advsvc' is deprecated since 2023.2 release (neutron-lib 3.8.0) and will be removed once support for the old RBAC API policies will be removed from Neutron. Please use method 'is_service_role' instead.
2026-07-15 06:06:40.292 10 WARNING neutron_lib.context [None req-ccce1bfa-2ba2-4383-9499-9daea6dee3f2 2f1a2b95dd334be5b1156e40861b9f61 2b4782770d054aa89c3c8d171f2fc819 - - default default] Method 'is_advsvc' is deprecated since 2023.2 release (neutron-lib 3.8.0) and will be removed once support for the old RBAC API policies will be removed from Neutron. Please use method 'is_service_role' instead.
2026-07-15 06:06:40.716 10 WARNING neutron.scheduler.dhcp_agent_scheduler [None req-ccce1bfa-2ba2-4383-9499-9daea6dee3f2 2f1a2b95dd334be5b1156e40861b9f61 2b4782770d054aa89c3c8d171f2fc819 - - default default] No more DHCP agents
2026-07-15 06:06:40.718 10 WARNING neutron.api.rpc.agentnotifiers.dhcp_rpc_agent_api [None req-ccce1bfa-2ba2-4383-9499-9daea6dee3f2 2f1a2b95dd334be5b1156e40861b9f61 2b4782770d054aa89c3c8d171f2fc819 - - default default] Unable to schedule network bb4e4c09-df26-4543-bbf3-7df8a1d2c64e: no agents available; will retry on subsequent port and subnet creation events.
2026-07-15 06:06:41.252 10 INFO neutron.db.ovn_revision_numbers_db [None req-ccce1bfa-2ba2-4383-9499-9daea6dee3f2 2f1a2b95dd334be5b1156e40861b9f61 2b4782770d054aa89c3c8d171f2fc819 - - default default] Successfully bumped revision number for resource b9e71062-c255-4ce0-88e9-e5ee7848f57a (type: ports) to 2
2026-07-15 06:06:41.551 10 INFO neutron.db.ovn_revision_numbers_db [None req-ccce1bfa-2ba2-4383-9499-9daea6dee3f2 2f1a2b95dd334be5b1156e40861b9f61 2b4782770d054aa89c3c8d171f2fc819 - - default default] Successfully bumped revision number for resource 41c8de49-f83d-4a5b-97ba-9d8bac57c90f (type: subnets) to 0
2026-07-15 06:06:41.578 10 WARNING neutron.scheduler.dhcp_agent_scheduler [None req-ccce1bfa-2ba2-4383-9499-9daea6dee3f2 2f1a2b95dd334be5b1156e40861b9f61 2b4782770d054aa89c3c8d171f2fc819 - - default default] No more DHCP agents
2026-07-15 06:06:41.582 10 WARNING neutron.api.rpc.agentnotifiers.dhcp_rpc_agent_api [None req-ccce1bfa-2ba2-4383-9499-9daea6dee3f2 2f1a2b95dd334be5b1156e40861b9f61 2b4782770d054aa89c3c8d171f2fc819 - - default default] Unable to schedule network d57af9bf-1bfc-4b7b-8c4f-360555b9f05b: no agents available; will retry on subsequent port and subnet creation events.
2026-07-15 06:06:42.149 10 INFO neutron.db.ovn_revision_numbers_db [None req-ccce1bfa-2ba2-4383-9499-9daea6dee3f2 2f1a2b95dd334be5b1156e40861b9f61 2b4782770d054aa89c3c8d171f2fc819 - - default default] Successfully bumped revision number for resource 4c2e5d43-b546-4b1e-aa60-1524c219bf02 (type: ports) to 2
2026-07-15 06:06:42.185 10 INFO neutron.db.ovn_revision_numbers_db [None req-ccce1bfa-2ba2-4383-9499-9daea6dee3f2 2f1a2b95dd334be5b1156e40861b9f61 2b4782770d054aa89c3c8d171f2fc819 - - default default] Successfully bumped revision number for resource 564e9eb1-e751-47b3-a35d-8ee8d474606b (type: subnets) to 0
2026-07-15 06:06:42.203 10 INFO neutron.wsgi [None req-ccce1bfa-2ba2-4383-9499-9daea6dee3f2 2f1a2b95dd334be5b1156e40861b9f61 2b4782770d054aa89c3c8d171f2fc819 - - default default] 10.0.0.208 "POST /v2.0/subnets HTTP/1.1" status: 201 len: 1426 time: 1.9780965
2026-07-15 06:06:42.267 9 INFO neutron.wsgi [None req-0dbb740c-91ea-4486-9f1d-8d8183bca4bc 2f1a2b95dd334be5b1156e40861b9f61 2b4782770d054aa89c3c8d171f2fc819 - - default default] 10.0.0.208 "GET /v2.0/subnets HTTP/1.1" status: 200 len: 2034 time: 0.0584226
2026-07-15 06:06:42.280 9 INFO neutron.db.ovn_revision_numbers_db [None req-19b33178-28af-4a19-84d0-33e8e9196b26 4239e68166ed4136927cb286b7fb9c8a 4df009eeb35b4bdeb722721d47d8db55 - - default default] Successfully bumped revision number for resource 1df6f5af-1a6b-4a76-9d5f-00bfe1ee0127 (type: security_groups) to 1
2026-07-15 06:06:42.311 9 INFO neutron.db.ovn_revision_numbers_db [None req-19b33178-28af-4a19-84d0-33e8e9196b26 4239e68166ed4136927cb286b7fb9c8a 4df009eeb35b4bdeb722721d47d8db55 - - default default] Successfully bumped revision number for resource 06d5189f-d1d8-4351-9076-e705cbc9a7dd (type: security_group_rules) to 0
2026-07-15 06:06:42.345 9 INFO neutron.db.ovn_revision_numbers_db [None req-19b33178-28af-4a19-84d0-33e8e9196b26 4239e68166ed4136927cb286b7fb9c8a 4df009eeb35b4bdeb722721d47d8db55 - - default default] Successfully bumped revision number for resource 62866f07-aa71-49b2-9def-8ba3e3e4d34b (type: security_group_rules) to 0
2026-07-15 06:06:42.364 9 INFO neutron.db.ovn_revision_numbers_db [None req-19b33178-28af-4a19-84d0-33e8e9196b26 4239e68166ed4136927cb286b7fb9c8a 4df009eeb35b4bdeb722721d47d8db55 - - default default] Successfully bumped revision number for resource a00da82f-2c49-4d13-abb8-e1a4ce544c80 (type: security_group_rules) to 0
2026-07-15 06:06:42.393 9 INFO neutron.db.ovn_revision_numbers_db [None req-19b33178-28af-4a19-84d0-33e8e9196b26 4239e68166ed4136927cb286b7fb9c8a 4df009eeb35b4bdeb722721d47d8db55 - - default default] Successfully bumped revision number for resource c1e77f6f-ae87-4cbc-a40f-84fcdc3ba2ee (type: security_group_rules) to 0
2026-07-15 06:06:42.435 9 INFO neutron.wsgi [None req-19b33178-28af-4a19-84d0-33e8e9196b26 4239e68166ed4136927cb286b7fb9c8a 4df009eeb35b4bdeb722721d47d8db55 - - default default] 10.0.0.208 "GET /v2.0/security-groups?tenant_id=5d7dcea4675c44d3acb377058dfe3a3e&name=default HTTP/1.1" status: 200 len: 3120 time: 0.5609188
2026-07-15 06:06:42.543 9 INFO neutron.wsgi [None req-342f40e5-9a50-4e51-a7d6-f9592a67327f 2f1a2b95dd334be5b1156e40861b9f61 2b4782770d054aa89c3c8d171f2fc819 - - default default] 10.0.0.208 "DELETE /v2.0/subnets/41c8de49-f83d-4a5b-97ba-9d8bac57c90f HTTP/1.1" status: 204 len: 168 time: 0.2687798
2026-07-15 06:06:42.645 10 INFO neutron.wsgi [None req-66945f06-d8ec-479e-9e85-ddb642204e5b 4239e68166ed4136927cb286b7fb9c8a 4df009eeb35b4bdeb722721d47d8db55 - - default default] 10.0.0.208 "DELETE /v2.0/security-groups/1df6f5af-1a6b-4a76-9d5f-00bfe1ee0127 HTTP/1.1" status: 204 len: 168 time: 0.2050488
2026-07-15 06:06:42.787 9 INFO neutron.wsgi [None req-102d2c76-c5d8-4927-92d6-651cbcc71ab1 2f1a2b95dd334be5b1156e40861b9f61 2b4782770d054aa89c3c8d171f2fc819 - - default default] 10.0.0.208 "DELETE /v2.0/subnets/564e9eb1-e751-47b3-a35d-8ee8d474606b HTTP/1.1" status: 204 len: 168 time: 0.2396529
2026-07-15 06:06:42.808 9 INFO neutron.db.ovn_revision_numbers_db [None req-963462dc-3437-40b4-9782-3d4a8b83a26a 4239e68166ed4136927cb286b7fb9c8a 4df009eeb35b4bdeb722721d47d8db55 - - default default] Successfully bumped revision number for resource b0b0a518-4e19-4cf2-b571-0cf2b64d8e03 (type: security_groups) to 1
2026-07-15 06:06:42.827 9 INFO neutron.wsgi [None req-17c27104-8c47-4db9-a885-da118f75dabe 2f1a2b95dd334be5b1156e40861b9f61 2b4782770d054aa89c3c8d171f2fc819 - - default default] 10.0.0.208 "GET /v2.0/subnets HTTP/1.1" status: 200 len: 820 time: 0.0363703
2026-07-15 06:06:42.828 9 INFO neutron.db.ovn_revision_numbers_db [None req-963462dc-3437-40b4-9782-3d4a8b83a26a 4239e68166ed4136927cb286b7fb9c8a 4df009eeb35b4bdeb722721d47d8db55 - - default default] Successfully bumped revision number for resource 0d5b14b1-4014-404c-a4e5-fcc8a27d3741 (type: security_group_rules) to 0
2026-07-15 06:06:42.839 9 INFO neutron.db.ovn_revision_numbers_db [None req-963462dc-3437-40b4-9782-3d4a8b83a26a 4239e68166ed4136927cb286b7fb9c8a 4df009eeb35b4bdeb722721d47d8db55 - - default default] Successfully bumped revision number for resource 0dcfc3bd-57f0-4495-9bed-8d26ec26be57 (type: security_group_rules) to 0
2026-07-15 06:06:42.871 9 INFO neutron.db.ovn_revision_numbers_db [None req-963462dc-3437-40b4-9782-3d4a8b83a26a 4239e68166ed4136927cb286b7fb9c8a 4df009eeb35b4bdeb722721d47d8db55 - - default default] Successfully bumped revision number for resource 4115d5bd-4db3-41f7-bf7b-1d100c92a5d1 (type: security_group_rules) to 0
2026-07-15 06:06:42.888 9 INFO neutron.db.ovn_revision_numbers_db [None req-963462dc-3437-40b4-9782-3d4a8b83a26a 4239e68166ed4136927cb286b7fb9c8a 4df009eeb35b4bdeb722721d47d8db55 - - default default] Successfully bumped revision number for resource 9accf8d7-ddd9-4476-9b69-1e741d9c536d (type: security_group_rules) to 0
2026-07-15 06:06:42.908 9 INFO neutron.wsgi [None req-963462dc-3437-40b4-9782-3d4a8b83a26a 4239e68166ed4136927cb286b7fb9c8a 4df009eeb35b4bdeb722721d47d8db55 - - default default] 10.0.0.208 "GET /v2.0/security-groups?tenant_id=ed8a50c2fbf24a62ba72bc3fdee5bf25&name=default HTTP/1.1" status: 200 len: 3120 time: 0.4028251
2026-07-15 06:06:43.185 10 INFO neutron.wsgi [None req-aaf78d67-2a07-4394-9847-54c9d9d11378 4239e68166ed4136927cb286b7fb9c8a 4df009eeb35b4bdeb722721d47d8db55 - - default default] 10.0.0.208 "DELETE /v2.0/security-groups/b0b0a518-4e19-4cf2-b571-0cf2b64d8e03 HTTP/1.1" status: 204 len: 168 time: 0.2730632
2026-07-15 06:06:43.218 10 INFO neutron.services.segments.plugin [-] Segment 8348e151-6119-4841-bdfb-90cc9c98fe57 resource provider aggregate not found
2026-07-15 06:06:43.222 10 INFO neutron.services.segments.plugin [-] Segment 8348e151-6119-4841-bdfb-90cc9c98fe57 resource provider aggregate not found
2026-07-15 06:06:43.239 10 INFO neutron.services.segments.plugin [-] Segment 8348e151-6119-4841-bdfb-90cc9c98fe57 resource provider not found; error: Placement Client Error (4xx): {"errors": [{"status": 404, "title": "Not Found", "detail": "The resource could not be found.\n\n No resource provider with uuid 8348e151-6119-4841-bdfb-90cc9c98fe57 found for delete ", "request_id": "req-ceb200a4-0f6e-4fbf-af9c-a03b18af1ef6"}]}
2026-07-15 06:06:43.240 10 INFO neutron.services.segments.plugin [-] Segment 8348e151-6119-4841-bdfb-90cc9c98fe57 resource provider not found; error: Placement Client Error (4xx): {"errors": [{"status": 404, "title": "Not Found", "detail": "The resource could not be found.\n\n No resource provider with uuid 8348e151-6119-4841-bdfb-90cc9c98fe57 found for delete ", "request_id": "req-da306a5e-1034-47f4-9105-f4e9298a962a"}]}
2026-07-15 06:06:43.261 10 INFO neutron.wsgi [None req-5ad1c2f4-eac0-49f0-8066-de768d318bae 2f1a2b95dd334be5b1156e40861b9f61 2b4782770d054aa89c3c8d171f2fc819 - - default default] 10.0.0.208 "DELETE /v2.0/networks/d57af9bf-1bfc-4b7b-8c4f-360555b9f05b HTTP/1.1" status: 204 len: 168 time: 0.4281108
2026-07-15 06:06:43.443 9 INFO neutron.db.ovn_revision_numbers_db [None req-49616c86-7680-4a03-bb5d-2a34c36d161e 4239e68166ed4136927cb286b7fb9c8a 4df009eeb35b4bdeb722721d47d8db55 - - default default] Successfully bumped revision number for resource ff942e9b-c378-4daa-94ba-0aa35efc1348 (type: security_groups) to 1
2026-07-15 06:06:43.464 9 INFO neutron.db.ovn_revision_numbers_db [None req-49616c86-7680-4a03-bb5d-2a34c36d161e 4239e68166ed4136927cb286b7fb9c8a 4df009eeb35b4bdeb722721d47d8db55 - - default default] Successfully bumped revision number for resource 51864b72-922f-4fe1-947e-c612f94abea7 (type: security_group_rules) to 0
2026-07-15 06:06:43.481 9 INFO neutron.db.ovn_revision_numbers_db [None req-49616c86-7680-4a03-bb5d-2a34c36d161e 4239e68166ed4136927cb286b7fb9c8a 4df009eeb35b4bdeb722721d47d8db55 - - default default] Successfully bumped revision number for resource 5828481b-eff9-42ab-b1aa-db214ce888e3 (type: security_group_rules) to 0
2026-07-15 06:06:43.497 9 INFO neutron.db.ovn_revision_numbers_db [None req-49616c86-7680-4a03-bb5d-2a34c36d161e 4239e68166ed4136927cb286b7fb9c8a 4df009eeb35b4bdeb722721d47d8db55 - - default default] Successfully bumped revision number for resource be38ea2e-8d7f-4308-b1bb-9ffb3020ba0a (type: security_group_rules) to 0
2026-07-15 06:06:43.511 9 INFO neutron.db.ovn_revision_numbers_db [None req-49616c86-7680-4a03-bb5d-2a34c36d161e 4239e68166ed4136927cb286b7fb9c8a 4df009eeb35b4bdeb722721d47d8db55 - - default default] Successfully bumped revision number for resource c6c26afd-9cce-4f50-84bc-a4795a980eb5 (type: security_group_rules) to 0
2026-07-15 06:06:43.532 9 INFO neutron.wsgi [None req-49616c86-7680-4a03-bb5d-2a34c36d161e 4239e68166ed4136927cb286b7fb9c8a 4df009eeb35b4bdeb722721d47d8db55 - - default default] 10.0.0.208 "GET /v2.0/security-groups?tenant_id=615a6acb90ef439996387f77058887d7&name=default HTTP/1.1" status: 200 len: 3120 time: 0.2386346
2026-07-15 06:06:43.759 10 INFO neutron.wsgi [None req-f54e8166-1efb-4f32-97a9-7f538b817195 2f1a2b95dd334be5b1156e40861b9f61 2b4782770d054aa89c3c8d171f2fc819 - - default default] 10.0.0.208 "DELETE /v2.0/networks/bb4e4c09-df26-4543-bbf3-7df8a1d2c64e HTTP/1.1" status: 204 len: 168 time: 0.4926283
2026-07-15 06:06:43.855 10 INFO neutron.wsgi [None req-3c4341fe-d33b-4576-938c-9e56085f77b7 4239e68166ed4136927cb286b7fb9c8a 4df009eeb35b4bdeb722721d47d8db55 - - default default] 10.0.0.208 "DELETE /v2.0/security-groups/ff942e9b-c378-4daa-94ba-0aa35efc1348 HTTP/1.1" status: 204 len: 168 time: 0.3192582
2026-07-15 06:06:44.170 10 INFO neutron.wsgi [None req-3181ada0-e251-4c57-b00c-ce1b16b1e6dd 2f1a2b95dd334be5b1156e40861b9f61 2b4782770d054aa89c3c8d171f2fc819 - - default default] 10.0.0.208 "DELETE /v2.0/networks/b5c2571c-926f-4704-a5ef-88e7f4c65b5e HTTP/1.1" status: 204 len: 168 time: 0.4029367
2026-07-15 06:06:44.481 9 INFO neutron.db.ovn_revision_numbers_db [None req-c037cc70-fa34-4cd7-84f7-cbd611fbe724 4239e68166ed4136927cb286b7fb9c8a 4df009eeb35b4bdeb722721d47d8db55 - - default default] Successfully bumped revision number for resource 923ce20e-d2ba-4ef3-a936-caa171e4636b (type: security_groups) to 1
2026-07-15 06:06:44.511 9 INFO neutron.db.ovn_revision_numbers_db [None req-c037cc70-fa34-4cd7-84f7-cbd611fbe724 4239e68166ed4136927cb286b7fb9c8a 4df009eeb35b4bdeb722721d47d8db55 - - default default] Successfully bumped revision number for resource 08857a14-4432-4661-a264-8ac27dfda535 (type: security_group_rules) to 0
2026-07-15 06:06:44.533 9 INFO neutron.db.ovn_revision_numbers_db [None req-c037cc70-fa34-4cd7-84f7-cbd611fbe724 4239e68166ed4136927cb286b7fb9c8a 4df009eeb35b4bdeb722721d47d8db55 - - default default] Successfully bumped revision number for resource 0b3a69a3-ab3b-4a79-9de1-544877cada65 (type: security_group_rules) to 0
2026-07-15 06:06:44.564 9 INFO neutron.db.ovn_revision_numbers_db [None req-c037cc70-fa34-4cd7-84f7-cbd611fbe724 4239e68166ed4136927cb286b7fb9c8a 4df009eeb35b4bdeb722721d47d8db55 - - default default] Successfully bumped revision number for resource 1e1442b2-bc01-4bca-8e8c-552366c995c7 (type: security_group_rules) to 0
2026-07-15 06:06:44.584 9 INFO neutron.db.ovn_revision_numbers_db [None req-c037cc70-fa34-4cd7-84f7-cbd611fbe724 4239e68166ed4136927cb286b7fb9c8a 4df009eeb35b4bdeb722721d47d8db55 - - default default] Successfully bumped revision number for resource 4a830756-7c5b-4406-b98a-0a8d1661ad4c (type: security_group_rules) to 0
2026-07-15 06:06:44.613 9 INFO neutron.wsgi [None req-c037cc70-fa34-4cd7-84f7-cbd611fbe724 4239e68166ed4136927cb286b7fb9c8a 4df009eeb35b4bdeb722721d47d8db55 - - default default] 10.0.0.208 "GET /v2.0/security-groups?tenant_id=ad99f0d6d7ce426792074802c2bc2b3b&name=default HTTP/1.1" status: 200 len: 3120 time: 0.4696476
2026-07-15 06:06:44.655 9 INFO neutron.services.segments.plugin [-] Segment 5117672a-188e-4d75-b08c-2fb87dc059f1 resource provider aggregate not found
2026-07-15 06:06:44.660 9 INFO neutron.services.segments.plugin [-] Segment 5117672a-188e-4d75-b08c-2fb87dc059f1 resource provider aggregate not found
2026-07-15 06:06:44.677 9 INFO neutron.services.segments.plugin [-] Segment 5117672a-188e-4d75-b08c-2fb87dc059f1 resource provider not found; error: Placement Client Error (4xx): {"errors": [{"status": 404, "title": "Not Found", "detail": "The resource could not be found.\n\n No resource provider with uuid 5117672a-188e-4d75-b08c-2fb87dc059f1 found for delete ", "request_id": "req-2e526fc6-748f-4dd2-9a2e-e59c97afc0a4"}]}
2026-07-15 06:06:44.684 9 INFO neutron.services.segments.plugin [-] Segment 5117672a-188e-4d75-b08c-2fb87dc059f1 resource provider not found; error: Placement Client Error (4xx): {"errors": [{"status": 404, "title": "Not Found", "detail": "The resource could not be found.\n\n No resource provider with uuid 5117672a-188e-4d75-b08c-2fb87dc059f1 found for delete ", "request_id": "req-722a5d9a-707e-4063-84ad-5cf06c8af4bc"}]}
2026-07-15 06:06:44.720 9 INFO neutron.wsgi [None req-49822711-6d66-4ced-9ce7-266e14f0baf1 2f1a2b95dd334be5b1156e40861b9f61 2b4782770d054aa89c3c8d171f2fc819 - - default default] 10.0.0.208 "DELETE /v2.0/networks/0f96d613-78ce-49bb-b6bb-35e733ec9010 HTTP/1.1" status: 204 len: 168 time: 0.5426414
2026-07-15 06:06:44.850 10 INFO neutron.wsgi [None req-5b3eac74-76b9-41bf-b93a-cfc8f6af51fe 4239e68166ed4136927cb286b7fb9c8a 4df009eeb35b4bdeb722721d47d8db55 - - default default] 10.0.0.208 "DELETE /v2.0/security-groups/923ce20e-d2ba-4ef3-a936-caa171e4636b HTTP/1.1" status: 204 len: 168 time: 0.2326381
2026-07-15 06:06:45.263 10 INFO neutron.services.segments.plugin [-] Segment ed2a20eb-1647-444c-8815-485c116567db resource provider aggregate not found
2026-07-15 06:06:45.269 10 INFO neutron.services.segments.plugin [-] Segment ed2a20eb-1647-444c-8815-485c116567db resource provider aggregate not found
2026-07-15 06:06:45.293 10 INFO neutron.services.segments.plugin [-] Segment ed2a20eb-1647-444c-8815-485c116567db resource provider not found; error: Placement Client Error (4xx): {"errors": [{"status": 404, "title": "Not Found", "detail": "The resource could not be found.\n\n No resource provider with uuid ed2a20eb-1647-444c-8815-485c116567db found for delete ", "request_id": "req-f4d09223-9c0b-4855-9c3a-83d05b56e0c3"}]}
2026-07-15 06:06:45.300 10 INFO neutron.services.segments.plugin [-] Segment ed2a20eb-1647-444c-8815-485c116567db resource provider not found; error: Placement Client Error (4xx): {"errors": [{"status": 404, "title": "Not Found", "detail": "The resource could not be found.\n\n No resource provider with uuid ed2a20eb-1647-444c-8815-485c116567db found for delete ", "request_id": "req-cdb8b4d3-9213-4605-b3a7-e01b29b5accd"}]}
2026-07-15 06:06:45.319 10 INFO neutron.services.segments.plugin [-] Segment cda9dc2d-7aeb-4520-8dce-581abdda850b resource provider aggregate not found
2026-07-15 06:06:45.328 10 INFO neutron.services.segments.plugin [-] Segment cda9dc2d-7aeb-4520-8dce-581abdda850b resource provider aggregate not found
2026-07-15 06:06:45.341 10 INFO neutron.services.segments.plugin [-] Segment cda9dc2d-7aeb-4520-8dce-581abdda850b resource provider not found; error: Placement Client Error (4xx): {"errors": [{"status": 404, "title": "Not Found", "detail": "The resource could not be found.\n\n No resource provider with uuid cda9dc2d-7aeb-4520-8dce-581abdda850b found for delete ", "request_id": "req-29c888f8-9f40-4a23-9543-2cdc2d478dce"}]}
2026-07-15 06:06:45.347 10 INFO neutron.services.segments.plugin [-] Segment cda9dc2d-7aeb-4520-8dce-581abdda850b resource provider not found; error: Placement Client Error (4xx): {"errors": [{"status": 404, "title": "Not Found", "detail": "The resource could not be found.\n\n No resource provider with uuid cda9dc2d-7aeb-4520-8dce-581abdda850b found for delete ", "request_id": "req-4b778f3a-e2b7-4a1c-a70a-7b242d03f231"}]}
2026-07-15 06:06:45.420 10 INFO neutron.wsgi [None req-5979ce50-bf9d-4a3b-915a-0145a9052a13 4239e68166ed4136927cb286b7fb9c8a 4df009eeb35b4bdeb722721d47d8db55 - - default default] 10.0.0.208 "GET /v2.0/security-groups?tenant_id=2b4782770d054aa89c3c8d171f2fc819&name=default HTTP/1.1" status: 200 len: 3120 time: 0.2611232
2026-07-15 06:06:45.716 9 INFO neutron.wsgi [None req-e20c0585-6259-4b6b-8510-5feac6f81c10 4239e68166ed4136927cb286b7fb9c8a 4df009eeb35b4bdeb722721d47d8db55 - - default default] 10.0.0.208 "DELETE /v2.0/security-groups/06f582b3-7e10-4178-be41-1364e8d9520a HTTP/1.1" status: 204 len: 168 time: 0.2918437
2026-07-15 06:06:45.774 10 WARNING neutron_lib.context [None req-1518ac1f-e5c9-476a-af57-c903d7e82dff 3551f3ade1674dd7b584bbb8a56fd353 8afcf190b57e46e6ac5fdd87e8f07164 - - default default] Method 'is_advsvc' is deprecated since 2023.2 release (neutron-lib 3.8.0) and will be removed once support for the old RBAC API policies will be removed from Neutron. Please use method 'is_service_role' instead.
2026-07-15 06:06:45.922 10 INFO neutron.db.ovn_revision_numbers_db [None req-1518ac1f-e5c9-476a-af57-c903d7e82dff 3551f3ade1674dd7b584bbb8a56fd353 8afcf190b57e46e6ac5fdd87e8f07164 - - default default] Successfully bumped revision number for resource 13f5ba90-df44-4cc7-aa58-a325626604ec (type: security_groups) to 1
2026-07-15 06:06:45.939 10 INFO neutron.db.ovn_revision_numbers_db [None req-1518ac1f-e5c9-476a-af57-c903d7e82dff 3551f3ade1674dd7b584bbb8a56fd353 8afcf190b57e46e6ac5fdd87e8f07164 - - default default] Successfully bumped revision number for resource 00158cd0-41dc-48e1-9186-16a1632d4821 (type: security_group_rules) to 0
2026-07-15 06:06:45.955 10 INFO neutron.db.ovn_revision_numbers_db [None req-1518ac1f-e5c9-476a-af57-c903d7e82dff 3551f3ade1674dd7b584bbb8a56fd353 8afcf190b57e46e6ac5fdd87e8f07164 - - default default] Successfully bumped revision number for resource 5daf1edd-35fd-4328-a4be-881003c50db2 (type: security_group_rules) to 0
2026-07-15 06:06:45.975 10 INFO neutron.db.ovn_revision_numbers_db [None req-1518ac1f-e5c9-476a-af57-c903d7e82dff 3551f3ade1674dd7b584bbb8a56fd353 8afcf190b57e46e6ac5fdd87e8f07164 - - default default] Successfully bumped revision number for resource 69e06b39-247c-400a-84da-24fb9b225b42 (type: security_group_rules) to 0
2026-07-15 06:06:45.999 10 INFO neutron.db.ovn_revision_numbers_db [None req-1518ac1f-e5c9-476a-af57-c903d7e82dff 3551f3ade1674dd7b584bbb8a56fd353 8afcf190b57e46e6ac5fdd87e8f07164 - - default default] Successfully bumped revision number for resource 6ad4397e-c045-410d-80be-a4821594dbe7 (type: security_group_rules) to 0
2026-07-15 06:06:46.061 10 INFO neutron.db.segments_db [None req-1518ac1f-e5c9-476a-af57-c903d7e82dff 3551f3ade1674dd7b584bbb8a56fd353 8afcf190b57e46e6ac5fdd87e8f07164 - - default default] Added segment dc685151-db3f-4ffe-9c16-9b014edfddf7 of type geneve for network cb4737b5-157d-4425-8da8-a1ac7b55c6fb
2026-07-15 06:06:46.226 10 INFO neutron.db.ovn_revision_numbers_db [None req-1518ac1f-e5c9-476a-af57-c903d7e82dff 3551f3ade1674dd7b584bbb8a56fd353 8afcf190b57e46e6ac5fdd87e8f07164 - - default default] Successfully bumped revision number for resource cb4737b5-157d-4425-8da8-a1ac7b55c6fb (type: networks) to 1
2026-07-15 06:06:46.464 10 WARNING neutron.scheduler.dhcp_agent_scheduler [None req-1518ac1f-e5c9-476a-af57-c903d7e82dff 3551f3ade1674dd7b584bbb8a56fd353 8afcf190b57e46e6ac5fdd87e8f07164 - - default default] No more DHCP agents
2026-07-15 06:06:46.466 10 WARNING neutron.api.rpc.agentnotifiers.dhcp_rpc_agent_api [None req-1518ac1f-e5c9-476a-af57-c903d7e82dff 3551f3ade1674dd7b584bbb8a56fd353 8afcf190b57e46e6ac5fdd87e8f07164 - - default default] Unable to schedule network cb4737b5-157d-4425-8da8-a1ac7b55c6fb: no agents available; will retry on subsequent port and subnet creation events.
2026-07-15 06:06:46.553 10 INFO neutron.db.ovn_revision_numbers_db [None req-1518ac1f-e5c9-476a-af57-c903d7e82dff 3551f3ade1674dd7b584bbb8a56fd353 8afcf190b57e46e6ac5fdd87e8f07164 - - default default] Successfully bumped revision number for resource d5e471c2-7db6-4fef-9b33-31bce4b5a91e (type: ports) to 1
2026-07-15 06:06:46.577 10 INFO neutron.wsgi [None req-1518ac1f-e5c9-476a-af57-c903d7e82dff 3551f3ade1674dd7b584bbb8a56fd353 8afcf190b57e46e6ac5fdd87e8f07164 - - default default] 10.0.0.208 "POST /v2.0/networks HTTP/1.1" status: 201 len: 831 time: 0.9767368
2026-07-15 06:06:46.591 10 WARNING neutron_lib.context [None req-22725f4f-2bf0-48b5-911f-6eb31186c3ef 3551f3ade1674dd7b584bbb8a56fd353 8afcf190b57e46e6ac5fdd87e8f07164 - - default default] Method 'is_advsvc' is deprecated since 2023.2 release (neutron-lib 3.8.0) and will be removed once support for the old RBAC API policies will be removed from Neutron. Please use method 'is_service_role' instead.
2026-07-15 06:06:47.111 10 WARNING neutron.scheduler.dhcp_agent_scheduler [None req-22725f4f-2bf0-48b5-911f-6eb31186c3ef 3551f3ade1674dd7b584bbb8a56fd353 8afcf190b57e46e6ac5fdd87e8f07164 - - default default] No more DHCP agents
2026-07-15 06:06:47.112 10 WARNING neutron.api.rpc.agentnotifiers.dhcp_rpc_agent_api [None req-22725f4f-2bf0-48b5-911f-6eb31186c3ef 3551f3ade1674dd7b584bbb8a56fd353 8afcf190b57e46e6ac5fdd87e8f07164 - - default default] Unable to schedule network 61d64043-fc3e-466a-9133-8257a54ec247: no agents available; will retry on subsequent port and subnet creation events.
2026-07-15 06:06:47.262 10 INFO neutron.db.ovn_revision_numbers_db [None req-22725f4f-2bf0-48b5-911f-6eb31186c3ef 3551f3ade1674dd7b584bbb8a56fd353 8afcf190b57e46e6ac5fdd87e8f07164 - - default default] Successfully bumped revision number for resource bcc1c732-dc8f-4f63-8800-b8657312e297 (type: ports) to 1
2026-07-15 06:06:47.592 9 WARNING neutron_lib.context [None req-b8284f60-83eb-4c60-bc05-ca79818c6746 e59d064fceb9495a8a5ecc3c81324120 b32b50c895a846ffbb27decb331c5859 - - default default] Method 'is_advsvc' is deprecated since 2023.2 release (neutron-lib 3.8.0) and will be removed once support for the old RBAC API policies will be removed from Neutron. Please use method 'is_service_role' instead.
2026-07-15 06:06:47.601 10 INFO neutron.wsgi [None req-1d6ccacb-9d8a-43b5-9a82-59075e97d95d 4239e68166ed4136927cb286b7fb9c8a 4df009eeb35b4bdeb722721d47d8db55 - - default default] 10.0.0.3 "GET /v2.0/network-ip-availabilities HTTP/1.1" status: 200 len: 1548 time: 0.2980433
2026-07-15 06:06:47.636 10 INFO neutron.wsgi [None req-eba27ecd-9364-458d-8860-5482f83f7b7e 4239e68166ed4136927cb286b7fb9c8a 4df009eeb35b4bdeb722721d47d8db55 - - default default] 10.0.0.3 "GET /v2.0/floatingips HTTP/1.1" status: 200 len: 193 time: 0.0312569
2026-07-15 06:06:47.733 10 INFO neutron.wsgi [None req-54479951-345d-438c-8192-4d23e9dd67c2 4239e68166ed4136927cb286b7fb9c8a 4df009eeb35b4bdeb722721d47d8db55 - - default default] 10.0.0.3 "GET /v2.0/ports HTTP/1.1" status: 200 len: 7226 time: 0.0962155
2026-07-15 06:06:47.804 9 INFO neutron.db.ovn_revision_numbers_db [None req-b8284f60-83eb-4c60-bc05-ca79818c6746 e59d064fceb9495a8a5ecc3c81324120 b32b50c895a846ffbb27decb331c5859 - - default default] Successfully bumped revision number for resource 96eb2a7c-6976-4151-aa4c-4227e5358d9f (type: security_groups) to 1
2026-07-15 06:06:47.819 9 INFO neutron.db.ovn_revision_numbers_db [None req-b8284f60-83eb-4c60-bc05-ca79818c6746 e59d064fceb9495a8a5ecc3c81324120 b32b50c895a846ffbb27decb331c5859 - - default default] Successfully bumped revision number for resource 05f5bca5-3600-4fa6-8ed9-aab15b20d788 (type: security_group_rules) to 0
2026-07-15 06:06:47.833 9 INFO neutron.db.ovn_revision_numbers_db [None req-b8284f60-83eb-4c60-bc05-ca79818c6746 e59d064fceb9495a8a5ecc3c81324120 b32b50c895a846ffbb27decb331c5859 - - default default] Successfully bumped revision number for resource 2c5c460c-f1fa-4aa0-914d-8c097718c877 (type: security_group_rules) to 0
2026-07-15 06:06:48.043 9 INFO neutron.db.ovn_revision_numbers_db [None req-b8284f60-83eb-4c60-bc05-ca79818c6746 e59d064fceb9495a8a5ecc3c81324120 b32b50c895a846ffbb27decb331c5859 - - default default] Successfully bumped revision number for resource e7c0f83a-123d-4242-8c47-ac9fc1fed16d (type: security_group_rules) to 0
2026-07-15 06:06:48.058 9 INFO neutron.db.ovn_revision_numbers_db [None req-b8284f60-83eb-4c60-bc05-ca79818c6746 e59d064fceb9495a8a5ecc3c81324120 b32b50c895a846ffbb27decb331c5859 - - default default] Successfully bumped revision number for resource fa9115b3-0a93-42a3-868e-11dcbaff7bd1 (type: security_group_rules) to 0
2026-07-15 06:06:48.114 9 INFO neutron.db.segments_db [None req-b8284f60-83eb-4c60-bc05-ca79818c6746 e59d064fceb9495a8a5ecc3c81324120 b32b50c895a846ffbb27decb331c5859 - - default default] Added segment d0c08d5d-356c-413f-a00f-0174f6e85117 of type geneve for network 87499b31-89d8-4065-b0ae-d39dd732cf34
2026-07-15 06:06:48.118 10 INFO neutron.wsgi [None req-3f0839c8-3b0e-421c-9af8-44b4a44b51b4 4239e68166ed4136927cb286b7fb9c8a 4df009eeb35b4bdeb722721d47d8db55 - - default default] 10.0.0.3 "GET /v2.0/networks HTTP/1.1" status: 200 len: 3056 time: 0.3781133
2026-07-15 06:06:48.152 10 INFO neutron.wsgi [None req-19f46212-e6c8-4ae6-8f47-3ce2dabfba1f 4239e68166ed4136927cb286b7fb9c8a 4df009eeb35b4bdeb722721d47d8db55 - - default default] 10.0.0.3 "GET /v2.0/agents HTTP/1.1" status: 200 len: 1390 time: 0.0305469
2026-07-15 06:06:48.193 10 INFO neutron.wsgi [None req-b392033b-1fb4-449a-8399-4fc90180fdff 4239e68166ed4136927cb286b7fb9c8a 4df009eeb35b4bdeb722721d47d8db55 - - default default] 10.0.0.3 "GET /v2.0/subnets HTTP/1.1" status: 200 len: 1437 time: 0.0396931
2026-07-15 06:06:48.204 10 INFO neutron.wsgi [None req-5e5bf0df-0696-4d40-971a-a54f8e9fc2e9 4239e68166ed4136927cb286b7fb9c8a 4df009eeb35b4bdeb722721d47d8db55 - - default default] 10.0.0.3 "GET /v2.0/subnetpools HTTP/1.1" status: 200 len: 193 time: 0.0096903
2026-07-15 06:06:48.261 9 INFO neutron.db.ovn_revision_numbers_db [None req-b8284f60-83eb-4c60-bc05-ca79818c6746 e59d064fceb9495a8a5ecc3c81324120 b32b50c895a846ffbb27decb331c5859 - - default default] Successfully bumped revision number for resource 87499b31-89d8-4065-b0ae-d39dd732cf34 (type: networks) to 1
2026-07-15 06:06:48.266 10 INFO neutron.wsgi [None req-8ede8ccd-e17a-42c3-b7ee-7c7c786e8108 4239e68166ed4136927cb286b7fb9c8a 4df009eeb35b4bdeb722721d47d8db55 - - default default] 10.0.0.3 "GET /v2.0/security-groups HTTP/1.1" status: 200 len: 23386 time: 0.0611906
2026-07-15 06:06:48.312 10 INFO neutron.wsgi [None req-0a94e553-ed09-4502-9b8c-97bbd29d3737 4239e68166ed4136927cb286b7fb9c8a 4df009eeb35b4bdeb722721d47d8db55 - - default default] 10.0.0.3 "GET /v2.0/subnets HTTP/1.1" status: 200 len: 1437 time: 0.0363417
2026-07-15 06:06:48.438 9 WARNING neutron.scheduler.dhcp_agent_scheduler [None req-b8284f60-83eb-4c60-bc05-ca79818c6746 e59d064fceb9495a8a5ecc3c81324120 b32b50c895a846ffbb27decb331c5859 - - default default] No more DHCP agents
2026-07-15 06:06:48.440 9 WARNING neutron.api.rpc.agentnotifiers.dhcp_rpc_agent_api [None req-b8284f60-83eb-4c60-bc05-ca79818c6746 e59d064fceb9495a8a5ecc3c81324120 b32b50c895a846ffbb27decb331c5859 - - default default] Unable to schedule network 87499b31-89d8-4065-b0ae-d39dd732cf34: no agents available; will retry on subsequent port and subnet creation events.
2026-07-15 06:06:48.460 10 INFO neutron.wsgi [None req-73b258db-e4bb-4afd-a796-8fb3af2bf834 4239e68166ed4136927cb286b7fb9c8a 4df009eeb35b4bdeb722721d47d8db55 - - default default] 10.0.0.3 "GET /v2.0/routers HTTP/1.1" status: 200 len: 1145 time: 0.1467412
2026-07-15 06:06:48.476 10 INFO neutron.wsgi [None req-9b44f2bd-de75-4612-afb8-ef28ef9bf053 4239e68166ed4136927cb286b7fb9c8a 4df009eeb35b4bdeb722721d47d8db55 - - default default] 10.0.0.3 "GET /v2.0/agents?binary=ovn-controller HTTP/1.1" status: 200 len: 591 time: 0.0132322
2026-07-15 06:06:48.529 10 INFO neutron.plugins.ml2.drivers.ovn.mech_driver.ovsdb.commands [None req-d8de29cb-c2fd-48f0-8f07-05123539ebb3 - - - - - -] Schedule LRP lrp-bcc1c732-dc8f-4f63-8800-b8657312e297 on gateway 09dc8415-5e84-46b1-8c1e-26d17f8a839a with priority 1
2026-07-15 06:06:48.537 10 INFO neutron.plugins.ml2.drivers.ovn.mech_driver.mech_driver [None req-d90ae858-aa8d-4b21-9d44-4f81669ce97e - - - - - -] OVN reports status up for port: bcc1c732-dc8f-4f63-8800-b8657312e297
2026-07-15 06:06:48.559 10 INFO neutron.plugins.ml2.drivers.ovn.mech_driver.ovsdb.ovsdb_monitor [None req-738ee074-ef3a-40a1-b4a3-aa7af4e30fbd - - - - - -] Router 1fefaaba-05a4-49d9-a8d7-8d3b85f0c488 is bound to host instance
2026-07-15 06:06:48.571 9 INFO neutron.db.ovn_revision_numbers_db [None req-b8284f60-83eb-4c60-bc05-ca79818c6746 e59d064fceb9495a8a5ecc3c81324120 b32b50c895a846ffbb27decb331c5859 - - default default] Successfully bumped revision number for resource 057e60f5-078a-403d-b2ca-9683616041c6 (type: ports) to 1
2026-07-15 06:06:48.580 10 INFO neutron.plugins.ml2.plugin [None req-d90ae858-aa8d-4b21-9d44-4f81669ce97e - - - - - -] Attempt 1 to provision port bcc1c732-dc8f-4f63-8800-b8657312e297
2026-07-15 06:06:48.603 9 INFO neutron.wsgi [None req-b8284f60-83eb-4c60-bc05-ca79818c6746 e59d064fceb9495a8a5ecc3c81324120 b32b50c895a846ffbb27decb331c5859 - - default default] 10.0.0.208 "POST /v2.0/networks HTTP/1.1" status: 201 len: 843 time: 1.1177528
2026-07-15 06:06:48.611 10 INFO neutron.db.ovn_revision_numbers_db [None req-22725f4f-2bf0-48b5-911f-6eb31186c3ef 3551f3ade1674dd7b584bbb8a56fd353 8afcf190b57e46e6ac5fdd87e8f07164 - - default default] Successfully bumped revision number for resource bcc1c732-dc8f-4f63-8800-b8657312e297 (type: router_ports) to 1
2026-07-15 06:06:48.619 10 WARNING neutron_lib.context [None req-a6f37b00-b116-4586-95dd-a6c30acaf87a e59d064fceb9495a8a5ecc3c81324120 b32b50c895a846ffbb27decb331c5859 - - default default] Method 'is_advsvc' is deprecated since 2023.2 release (neutron-lib 3.8.0) and will be removed once support for the old RBAC API policies will be removed from Neutron. Please use method 'is_service_role' instead.
2026-07-15 06:06:48.639 9 INFO neutron.db.ovn_revision_numbers_db [None req-30089256-2d68-4e29-b81d-7e8c880d81c8 4239e68166ed4136927cb286b7fb9c8a 4df009eeb35b4bdeb722721d47d8db55 - - default default] Successfully bumped revision number for resource c9f67fe8-cecb-49d9-b21c-db7c9fe19ea3 (type: security_groups) to 1
