2026-07-15 06:06:26.276 10 WARNING neutron.api.rpc.agentnotifiers.dhcp_rpc_agent_api [None req-e5fef39f-42cd-49ac-8107-4f7b45f6aadf af6ecdac06db4c04ba4c4cc27726c4f2 4ad25c4470d547c284ca9fe01bd3692f - - default default] Unable to schedule network 61d64043-fc3e-466a-9133-8257a54ec247: no agents available; will retry on subsequent port and subnet creation events.
2026-07-15 06:06:26.542 10 INFO neutron.db.ovn_revision_numbers_db [None req-e5fef39f-42cd-49ac-8107-4f7b45f6aadf af6ecdac06db4c04ba4c4cc27726c4f2 4ad25c4470d547c284ca9fe01bd3692f - - default default] Successfully bumped revision number for resource fecb9d71-99f1-411f-8c6e-8194306668e0 (type: ports) to 1
2026-07-15 06:06:26.821 10 INFO neutron.services.segments.plugin [-] Segment 16880c09-8b77-49f4-9a5b-6c5de863663a resource provider aggregate not found
2026-07-15 06:06:26.824 10 INFO neutron.services.segments.plugin [-] Segment 16880c09-8b77-49f4-9a5b-6c5de863663a resource provider aggregate not found
2026-07-15 06:06:26.839 10 INFO neutron.services.segments.plugin [-] Segment 16880c09-8b77-49f4-9a5b-6c5de863663a resource provider not found; error: Placement Client Error (4xx): {"errors": [{"status": 404, "title": "Not Found", "detail": "The resource could not be found.\n\n No resource provider with uuid 16880c09-8b77-49f4-9a5b-6c5de863663a found for delete ", "request_id": "req-a2935f48-05ad-4d90-a2a3-df2f2248d5bc"}]}
2026-07-15 06:06:26.845 10 INFO neutron.services.segments.plugin [-] Segment 16880c09-8b77-49f4-9a5b-6c5de863663a resource provider not found; error: Placement Client Error (4xx): {"errors": [{"status": 404, "title": "Not Found", "detail": "The resource could not be found.\n\n No resource provider with uuid 16880c09-8b77-49f4-9a5b-6c5de863663a found for delete ", "request_id": "req-e1f0a299-8bdb-4bd5-8c04-5a418030657d"}]}
2026-07-15 06:06:26.885 10 INFO neutron.wsgi [None req-5ae08a4d-1a15-4ed1-b0f7-863271ab2b47 1f55a0006efa4537bb9c0ef5158f006c aecf03339b6f429681d4ba9207736294 - - default default] 10.0.0.208 "DELETE /v2.0/networks/dfc4f9a4-ad75-4b8a-b09c-691f48bfc159 HTTP/1.1" status: 204 len: 168 time: 0.9416587
2026-07-15 06:06:27.276 9 INFO neutron.wsgi [None req-8b1a9302-6a96-4f9f-9c81-fa0299a253a7 4239e68166ed4136927cb286b7fb9c8a 4df009eeb35b4bdeb722721d47d8db55 - - default default] 10.0.0.208 "PUT /v2.0/routers/7e0d9b5d-9852-4f26-b099-6f960b2648ab/remove_router_interface HTTP/1.1" status: 200 len: 503 time: 1.4908719 /var/lib/openstack/lib/python3.10/site-packages/pycadf/identifier.py:71: UserWarning: Invalid uuid: neutron. To ensure interoperability, identifiers should be a valid uuid. warnings.warn(('Invalid uuid: %s. To ensure interoperability, '
2026-07-15 06:06:27.724 9 INFO neutron.wsgi [None req-75c0509d-6932-4f37-b3e4-ae03d636ae06 4239e68166ed4136927cb286b7fb9c8a 4df009eeb35b4bdeb722721d47d8db55 - - default default] 10.0.0.208 "GET /v2.0/security-groups?tenant_id=aecf03339b6f429681d4ba9207736294&name=default HTTP/1.1" status: 200 len: 3120 time: 0.1994371
2026-07-15 06:06:27.736 10 INFO neutron.wsgi [None req-18a047ad-3fb5-43bf-89d6-4cd693de4d10 f43fec444468456dbf73c603af9b7e24 3d42e448b8894237b298f0ba1861c584 - - default default] 10.0.0.208 "PUT /v2.0/routers/c14f4381-920c-404f-bf2d-b73d86b07112/remove_router_interface HTTP/1.1" status: 200 len: 503 time: 1.9542077 /var/lib/openstack/lib/python3.10/site-packages/pycadf/identifier.py:71: UserWarning: Invalid uuid: neutron. To ensure interoperability, identifiers should be a valid uuid. warnings.warn(('Invalid uuid: %s. To ensure interoperability, '
2026-07-15 06:06:27.804 10 INFO neutron.plugins.ml2.drivers.ovn.mech_driver.ovsdb.commands [None req-d8de29cb-c2fd-48f0-8f07-05123539ebb3 - - - - - -] Schedule LRP lrp-fecb9d71-99f1-411f-8c6e-8194306668e0 on gateway 09dc8415-5e84-46b1-8c1e-26d17f8a839a with priority 1
2026-07-15 06:06:27.864 10 INFO neutron.db.ovn_revision_numbers_db [None req-e5fef39f-42cd-49ac-8107-4f7b45f6aadf af6ecdac06db4c04ba4c4cc27726c4f2 4ad25c4470d547c284ca9fe01bd3692f - - default default] Successfully bumped revision number for resource fecb9d71-99f1-411f-8c6e-8194306668e0 (type: router_ports) to 1
2026-07-15 06:06:27.968 10 INFO neutron.db.ovn_revision_numbers_db [None req-e5fef39f-42cd-49ac-8107-4f7b45f6aadf af6ecdac06db4c04ba4c4cc27726c4f2 4ad25c4470d547c284ca9fe01bd3692f - - default default] Successfully bumped revision number for resource 88a5a494-76b1-4f03-917a-759270964779 (type: routers) to 2
2026-07-15 06:06:27.997 10 INFO neutron.wsgi [None req-e5fef39f-42cd-49ac-8107-4f7b45f6aadf af6ecdac06db4c04ba4c4cc27726c4f2 4ad25c4470d547c284ca9fe01bd3692f - - default default] 10.0.0.208 "POST /v2.0/routers HTTP/1.1" status: 201 len: 1147 time: 2.7279851
2026-07-15 06:06:28.099 10 INFO neutron.wsgi [None req-bc529140-5a44-4e7d-9608-c5032c48f1e7 af6ecdac06db4c04ba4c4cc27726c4f2 4ad25c4470d547c284ca9fe01bd3692f - - default default] 10.0.0.208 "GET /v2.0/routers/88a5a494-76b1-4f03-917a-759270964779 HTTP/1.1" status: 200 len: 1148 time: 0.0969675
2026-07-15 06:06:28.103 9 INFO neutron.wsgi [None req-d9dc26de-6e13-482f-be67-cb9465e859c1 4239e68166ed4136927cb286b7fb9c8a 4df009eeb35b4bdeb722721d47d8db55 - - default default] 10.0.0.208 "DELETE /v2.0/security-groups/ca6f978b-8c48-4d5b-8215-32a3f750def2 HTTP/1.1" status: 204 len: 168 time: 0.3747666
2026-07-15 06:06:28.229 9 INFO neutron.wsgi [None req-083e74e0-e1f9-44a7-8316-3af3868b49b3 4239e68166ed4136927cb286b7fb9c8a 4df009eeb35b4bdeb722721d47d8db55 - - default default] 10.0.0.208 "DELETE /v2.0/routers/7e0d9b5d-9852-4f26-b099-6f960b2648ab HTTP/1.1" status: 204 len: 168 time: 0.9478140
2026-07-15 06:06:28.233 10 INFO neutron.wsgi [None req-03369a28-e86b-4c08-beea-e10e5617e29d af6ecdac06db4c04ba4c4cc27726c4f2 4ad25c4470d547c284ca9fe01bd3692f - - default default] 10.0.0.208 "GET /v2.0/routers HTTP/1.1" status: 200 len: 1151 time: 0.1295600
2026-07-15 06:06:28.456 9 INFO neutron.wsgi [None req-3ca3631d-983e-43bf-b095-06a32072d4e4 4239e68166ed4136927cb286b7fb9c8a 4df009eeb35b4bdeb722721d47d8db55 - - default default] 10.0.0.208 "DELETE /v2.0/subnets/83dd0c71-1dd8-494f-88fa-2ca3720136df HTTP/1.1" status: 204 len: 168 time: 0.2218747
2026-07-15 06:06:28.843 10 WARNING neutron.plugins.ml2.drivers.ovn.mech_driver.ovsdb.ovn_client [None req-d90ae858-aa8d-4b21-9d44-4f81669ce97e - - - - - -] No port found with ID cc5b36fe-f40b-40ff-9293-a6ff8f10036c: RuntimeError: No port found with ID cc5b36fe-f40b-40ff-9293-a6ff8f10036c
2026-07-15 06:06:28.868 9 INFO neutron.services.segments.plugin [-] Segment 24accfd7-8c96-46ef-addf-191e519a156a resource provider aggregate not found
2026-07-15 06:06:28.873 9 INFO neutron.services.segments.plugin [-] Segment 24accfd7-8c96-46ef-addf-191e519a156a resource provider aggregate not found
2026-07-15 06:06:28.894 9 INFO neutron.services.segments.plugin [-] Segment 24accfd7-8c96-46ef-addf-191e519a156a resource provider not found; error: Placement Client Error (4xx): {"errors": [{"status": 404, "title": "Not Found", "detail": "The resource could not be found.\n\n No resource provider with uuid 24accfd7-8c96-46ef-addf-191e519a156a found for delete ", "request_id": "req-9d782cc8-560d-4217-a81e-99ba3ee43e23"}]}
2026-07-15 06:06:28.896 9 INFO neutron.services.segments.plugin [-] Segment 24accfd7-8c96-46ef-addf-191e519a156a resource provider not found; error: Placement Client Error (4xx): {"errors": [{"status": 404, "title": "Not Found", "detail": "The resource could not be found.\n\n No resource provider with uuid 24accfd7-8c96-46ef-addf-191e519a156a found for delete ", "request_id": "req-5af0a8f5-754b-4c5a-ae5b-590b404431df"}]}
2026-07-15 06:06:28.921 9 INFO neutron.wsgi [None req-ec129727-f568-4fe5-a3de-3e5db7817be6 4239e68166ed4136927cb286b7fb9c8a 4df009eeb35b4bdeb722721d47d8db55 - - default default] 10.0.0.208 "DELETE /v2.0/networks/77a2fd90-5857-4d6b-a7dd-7bac8c0ef9b6 HTTP/1.1" status: 204 len: 168 time: 0.4586689
2026-07-15 06:06:28.933 10 INFO neutron.plugins.ml2.drivers.ovn.mech_driver.mech_driver [None req-d90ae858-aa8d-4b21-9d44-4f81669ce97e - - - - - -] OVN reports status down for port: 4ed2fe0e-e902-4762-a219-2bfaf19e10bc
2026-07-15 06:06:28.965 10 INFO neutron.plugins.ml2.drivers.ovn.mech_driver.mech_driver [None req-d90ae858-aa8d-4b21-9d44-4f81669ce97e - - - - - -] OVN reports status up for port: fecb9d71-99f1-411f-8c6e-8194306668e0
2026-07-15 06:06:29.005 10 INFO neutron.plugins.ml2.plugin [None req-d90ae858-aa8d-4b21-9d44-4f81669ce97e - - - - - -] Attempt 1 to provision port fecb9d71-99f1-411f-8c6e-8194306668e0
2026-07-15 06:06:29.098 9 INFO neutron.wsgi [None req-101be5de-cbb6-425b-ac9a-96bcf0ca33a1 4239e68166ed4136927cb286b7fb9c8a 4df009eeb35b4bdeb722721d47d8db55 - - default default] 10.0.0.208 "GET /v2.0/security-groups?tenant_id=77c7d908e9bf44a5a2fe13acd906911f&name=default HTTP/1.1" status: 200 len: 3120 time: 0.0562654
2026-07-15 06:06:29.243 10 INFO neutron.wsgi [None req-1f57891d-f5c1-41d8-8eb0-8fe031313d8b f43fec444468456dbf73c603af9b7e24 3d42e448b8894237b298f0ba1861c584 - - default default] 10.0.0.208 "DELETE /v2.0/routers/c14f4381-920c-404f-bf2d-b73d86b07112 HTTP/1.1" status: 204 len: 168 time: 1.5022986 /var/lib/openstack/lib/python3.10/site-packages/pycadf/identifier.py:71: UserWarning: Invalid uuid: neutron. To ensure interoperability, identifiers should be a valid uuid. warnings.warn(('Invalid uuid: %s. To ensure interoperability, '
2026-07-15 06:06:29.266 10 INFO neutron.db.ovn_revision_numbers_db [None req-e9673a68-ce7d-4b30-81dd-caed9d890ba1 af6ecdac06db4c04ba4c4cc27726c4f2 4ad25c4470d547c284ca9fe01bd3692f - - default default] Successfully bumped revision number for resource 88a5a494-76b1-4f03-917a-759270964779 (type: routers) to 3
2026-07-15 06:06:29.271 10 INFO neutron.wsgi [None req-e9673a68-ce7d-4b30-81dd-caed9d890ba1 af6ecdac06db4c04ba4c4cc27726c4f2 4ad25c4470d547c284ca9fe01bd3692f - - default default] 10.0.0.208 "PUT /v2.0/routers/88a5a494-76b1-4f03-917a-759270964779 HTTP/1.1" status: 200 len: 1155 time: 1.0319431
2026-07-15 06:06:29.393 9 INFO neutron.wsgi [None req-36e3fe7c-7833-4872-ad7c-bb5afd97eb00 af6ecdac06db4c04ba4c4cc27726c4f2 4ad25c4470d547c284ca9fe01bd3692f - - default default] 10.0.0.208 "GET /v2.0/routers/88a5a494-76b1-4f03-917a-759270964779 HTTP/1.1" status: 200 len: 1155 time: 0.1170778
2026-07-15 06:06:29.411 9 INFO neutron.wsgi [None req-6bf3ccb4-4408-4a7a-af9f-4627b9dc4011 4239e68166ed4136927cb286b7fb9c8a 4df009eeb35b4bdeb722721d47d8db55 - - default default] 10.0.0.208 "DELETE /v2.0/security-groups/7e3f0fcb-173b-43ed-b5f2-1118782c06a8 HTTP/1.1" status: 204 len: 168 time: 0.3087556
2026-07-15 06:06:29.442 10 INFO neutron.wsgi [None req-f2f933ab-2f66-408d-9ee6-6c1f54518e0c af6ecdac06db4c04ba4c4cc27726c4f2 4ad25c4470d547c284ca9fe01bd3692f - - default default] 10.0.0.208 "GET /v2.0/ports?device_id=88a5a494-76b1-4f03-917a-759270964779 HTTP/1.1" status: 200 len: 205 time: 0.0415602
2026-07-15 06:06:29.490 10 INFO neutron.wsgi [None req-42b83c6f-5acb-4ecc-8e51-fb20cae69ed7 f43fec444468456dbf73c603af9b7e24 3d42e448b8894237b298f0ba1861c584 - - default default] 10.0.0.208 "DELETE /v2.0/subnets/c0f659cf-8a1f-4529-87d5-8a9ea1072b16 HTTP/1.1" status: 204 len: 168 time: 0.2390792
2026-07-15 06:06:30.012 10 INFO neutron.services.segments.plugin [-] Segment f661c6de-b78f-4fa9-b341-24cd7dd6e784 resource provider aggregate not found
2026-07-15 06:06:30.020 10 INFO neutron.services.segments.plugin [-] Segment f661c6de-b78f-4fa9-b341-24cd7dd6e784 resource provider aggregate not found
2026-07-15 06:06:30.031 10 INFO neutron.services.segments.plugin [-] Segment f661c6de-b78f-4fa9-b341-24cd7dd6e784 resource provider not found; error: Placement Client Error (4xx): {"errors": [{"status": 404, "title": "Not Found", "detail": "The resource could not be found.\n\n No resource provider with uuid f661c6de-b78f-4fa9-b341-24cd7dd6e784 found for delete ", "request_id": "req-8cf30047-f7ff-45a4-948a-813bd581708a"}]}
2026-07-15 06:06:30.051 10 INFO neutron.services.segments.plugin [-] Segment f661c6de-b78f-4fa9-b341-24cd7dd6e784 resource provider not found; error: Placement Client Error (4xx): {"errors": [{"status": 404, "title": "Not Found", "detail": "The resource could not be found.\n\n No resource provider with uuid f661c6de-b78f-4fa9-b341-24cd7dd6e784 found for delete ", "request_id": "req-26448ce8-f1e4-499b-ad82-42036aec4f66"}]}
2026-07-15 06:06:30.065 10 INFO neutron.wsgi [None req-8267ad2c-f688-4ba2-9d3b-078e395e8f94 f43fec444468456dbf73c603af9b7e24 3d42e448b8894237b298f0ba1861c584 - - default default] 10.0.0.208 "DELETE /v2.0/networks/40966d7e-c4b9-4d4e-9884-0e4833f96c3d HTTP/1.1" status: 204 len: 168 time: 0.5696731
2026-07-15 06:06:30.085 9 WARNING neutron_lib.context [None req-c5897263-7abc-4041-be00-689cc6b5e3d2 73811514675744d6bcef26d31802c5cc af45ed6d790d4ff0816a3ccddd1bdc7d - - default default] Method 'is_advsvc' is deprecated since 2023.2 release (neutron-lib 3.8.0) and will be removed once support for the old RBAC API policies will be removed from Neutron. Please use method 'is_service_role' instead.
2026-07-15 06:06:30.258 9 INFO neutron.db.ovn_revision_numbers_db [None req-c5897263-7abc-4041-be00-689cc6b5e3d2 73811514675744d6bcef26d31802c5cc af45ed6d790d4ff0816a3ccddd1bdc7d - - default default] Successfully bumped revision number for resource a286435b-f7d8-4dab-95ec-920a7b72013f (type: security_groups) to 1
2026-07-15 06:06:30.271 9 INFO neutron.db.ovn_revision_numbers_db [None req-c5897263-7abc-4041-be00-689cc6b5e3d2 73811514675744d6bcef26d31802c5cc af45ed6d790d4ff0816a3ccddd1bdc7d - - default default] Successfully bumped revision number for resource 72836fcb-87c6-45b0-8720-e50cff183205 (type: security_group_rules) to 0
2026-07-15 06:06:30.284 9 INFO neutron.db.ovn_revision_numbers_db [None req-c5897263-7abc-4041-be00-689cc6b5e3d2 73811514675744d6bcef26d31802c5cc af45ed6d790d4ff0816a3ccddd1bdc7d - - default default] Successfully bumped revision number for resource ccd7bf75-35a2-4eb4-8564-84282b959880 (type: security_group_rules) to 0
2026-07-15 06:06:30.299 9 INFO neutron.db.ovn_revision_numbers_db [None req-c5897263-7abc-4041-be00-689cc6b5e3d2 73811514675744d6bcef26d31802c5cc af45ed6d790d4ff0816a3ccddd1bdc7d - - default default] Successfully bumped revision number for resource ea35d2ab-57dc-476e-8e42-47a8ec93340c (type: security_group_rules) to 0
2026-07-15 06:06:30.319 9 INFO neutron.db.ovn_revision_numbers_db [None req-c5897263-7abc-4041-be00-689cc6b5e3d2 73811514675744d6bcef26d31802c5cc af45ed6d790d4ff0816a3ccddd1bdc7d - - default default] Successfully bumped revision number for resource ed8c1426-e56c-4fc2-9595-03ab98caa455 (type: security_group_rules) to 0
2026-07-15 06:06:30.445 9 INFO neutron.db.ovn_revision_numbers_db [None req-c5897263-7abc-4041-be00-689cc6b5e3d2 73811514675744d6bcef26d31802c5cc af45ed6d790d4ff0816a3ccddd1bdc7d - - default default] Successfully bumped revision number for resource 2a3c3285-6376-4ac7-b53a-c47727950652 (type: security_groups) to 1
2026-07-15 06:06:30.467 9 INFO neutron.db.ovn_revision_numbers_db [None req-c5897263-7abc-4041-be00-689cc6b5e3d2 73811514675744d6bcef26d31802c5cc af45ed6d790d4ff0816a3ccddd1bdc7d - - default default] Successfully bumped revision number for resource 91aef41c-bd85-4298-86f0-1a80c64ea071 (type: security_group_rules) to 0
2026-07-15 06:06:30.483 9 INFO neutron.db.ovn_revision_numbers_db [None req-c5897263-7abc-4041-be00-689cc6b5e3d2 73811514675744d6bcef26d31802c5cc af45ed6d790d4ff0816a3ccddd1bdc7d - - default default] Successfully bumped revision number for resource ea1a1f53-68a4-4678-bd65-1b2a106eeb2f (type: security_group_rules) to 0
2026-07-15 06:06:30.510 9 INFO neutron.wsgi [None req-c5897263-7abc-4041-be00-689cc6b5e3d2 73811514675744d6bcef26d31802c5cc af45ed6d790d4ff0816a3ccddd1bdc7d - - default default] 10.0.0.208 "POST /v2.0/security-groups HTTP/1.1" status: 201 len: 1825 time: 0.6063292
2026-07-15 06:06:30.513 10 INFO neutron.wsgi [None req-381b36b1-3263-4042-8c76-e3b7e34c2e70 af6ecdac06db4c04ba4c4cc27726c4f2 4ad25c4470d547c284ca9fe01bd3692f - - default default] 10.0.0.208 "DELETE /v2.0/routers/88a5a494-76b1-4f03-917a-759270964779 HTTP/1.1" status: 204 len: 168 time: 1.0650277
2026-07-15 06:06:30.542 9 INFO neutron.wsgi [None req-0b226c87-01ef-47a8-bd2c-98b0f3ce5cfb af6ecdac06db4c04ba4c4cc27726c4f2 4ad25c4470d547c284ca9fe01bd3692f - - default default] 10.0.0.208 "GET /v2.0/ports?device_id=88a5a494-76b1-4f03-917a-759270964779 HTTP/1.1" status: 200 len: 205 time: 0.0229878
2026-07-15 06:06:30.569 9 INFO neutron.api.v2.resource [None req-a74da48a-1b37-4654-a6dd-b4530a959cb8 af6ecdac06db4c04ba4c4cc27726c4f2 4ad25c4470d547c284ca9fe01bd3692f - - default default] delete failed (client error): The resource could not be found.
2026-07-15 06:06:30.570 10 INFO neutron.wsgi [None req-9b28ba6b-c78a-4341-a410-2f6eaa9189d3 73811514675744d6bcef26d31802c5cc af45ed6d790d4ff0816a3ccddd1bdc7d - - default default] 10.0.0.208 "GET /v2.0/security-groups HTTP/1.1" status: 200 len: 4725 time: 0.0508969
2026-07-15 06:06:30.571 9 INFO neutron.wsgi [None req-a74da48a-1b37-4654-a6dd-b4530a959cb8 af6ecdac06db4c04ba4c4cc27726c4f2 4ad25c4470d547c284ca9fe01bd3692f - - default default] 10.0.0.208 "DELETE /v2.0/routers/88a5a494-76b1-4f03-917a-759270964779 HTTP/1.1" status: 404 len: 336 time: 0.0242369
2026-07-15 06:06:30.617 9 INFO neutron.wsgi [None req-5bee4d93-5564-42d7-9205-d0b92a3c88c0 af6ecdac06db4c04ba4c4cc27726c4f2 4ad25c4470d547c284ca9fe01bd3692f - - default default] 10.0.0.208 "GET /v2.0/ports?device_id=5e06b70c-0fbc-4db7-bd06-e66c91368f53 HTTP/1.1" status: 200 len: 205 time: 0.0425093
2026-07-15 06:06:30.655 9 INFO neutron.api.v2.resource [None req-1620d948-5c8b-4dab-b809-34090e42854d af6ecdac06db4c04ba4c4cc27726c4f2 4ad25c4470d547c284ca9fe01bd3692f - - default default] delete failed (client error): The resource could not be found.
2026-07-15 06:06:30.657 9 INFO neutron.wsgi [None req-1620d948-5c8b-4dab-b809-34090e42854d af6ecdac06db4c04ba4c4cc27726c4f2 4ad25c4470d547c284ca9fe01bd3692f - - default default] 10.0.0.208 "DELETE /v2.0/routers/5e06b70c-0fbc-4db7-bd06-e66c91368f53 HTTP/1.1" status: 404 len: 336 time: 0.0366943
2026-07-15 06:06:30.676 10 INFO neutron.db.ovn_revision_numbers_db [None req-aa0a9dc6-f910-4433-a38b-b7fa69d12166 73811514675744d6bcef26d31802c5cc af45ed6d790d4ff0816a3ccddd1bdc7d - - default default] Successfully bumped revision number for resource 2a3c3285-6376-4ac7-b53a-c47727950652 (type: security_groups) to 2
2026-07-15 06:06:30.679 10 INFO neutron.wsgi [None req-aa0a9dc6-f910-4433-a38b-b7fa69d12166 73811514675744d6bcef26d31802c5cc af45ed6d790d4ff0816a3ccddd1bdc7d - - default default] 10.0.0.208 "PUT /v2.0/security-groups/2a3c3285-6376-4ac7-b53a-c47727950652 HTTP/1.1" status: 200 len: 1859 time: 0.1031685
2026-07-15 06:06:30.682 10 INFO neutron.pecan_wsgi.hooks.translation [None req-fce35729-116e-4ea8-976c-7f0d7f923447 af6ecdac06db4c04ba4c4cc27726c4f2 4ad25c4470d547c284ca9fe01bd3692f - - default default] DELETE failed (client error): The resource could not be found.
2026-07-15 06:06:30.684 10 INFO neutron.wsgi [None req-fce35729-116e-4ea8-976c-7f0d7f923447 af6ecdac06db4c04ba4c4cc27726c4f2 4ad25c4470d547c284ca9fe01bd3692f - - default default] 10.0.0.208 "DELETE /v2.0/subnets/877b4bbd-e80c-4c13-82cb-7097931801a8 HTTP/1.1" status: 404 len: 337 time: 0.0230653
2026-07-15 06:06:30.712 10 INFO neutron.wsgi [None req-f143db32-1f7d-4eec-8e0f-8bafd5caf966 af6ecdac06db4c04ba4c4cc27726c4f2 4ad25c4470d547c284ca9fe01bd3692f - - default default] 10.0.0.208 "GET /v2.0/ports?device_id=9cf19c56-d208-4559-85e3-3bda445dabd9 HTTP/1.1" status: 200 len: 205 time: 0.0228369
2026-07-15 06:06:30.713 9 INFO neutron.wsgi [None req-91ce90d1-4002-48d1-9389-beb58ee29ff9 73811514675744d6bcef26d31802c5cc af45ed6d790d4ff0816a3ccddd1bdc7d - - default default] 10.0.0.208 "GET /v2.0/security-groups/2a3c3285-6376-4ac7-b53a-c47727950652 HTTP/1.1" status: 200 len: 1859 time: 0.0281434
2026-07-15 06:06:30.829 9 INFO neutron.wsgi [None req-26c61b0f-07f4-408d-b015-cdd7320e4f80 73811514675744d6bcef26d31802c5cc af45ed6d790d4ff0816a3ccddd1bdc7d - - default default] 10.0.0.208 "DELETE /v2.0/security-groups/2a3c3285-6376-4ac7-b53a-c47727950652 HTTP/1.1" status: 204 len: 168 time: 0.1119981
2026-07-15 06:06:30.877 9 INFO neutron.wsgi [None req-43011343-42e0-4145-8526-11c5387dc78e 73811514675744d6bcef26d31802c5cc af45ed6d790d4ff0816a3ccddd1bdc7d - - default default] 10.0.0.208 "GET /v2.0/security-groups HTTP/1.1" status: 200 len: 3120 time: 0.0442460
2026-07-15 06:06:30.896 9 INFO neutron.api.v2.resource [None req-94008e1e-e180-48e1-b218-a363b50915dd 73811514675744d6bcef26d31802c5cc af45ed6d790d4ff0816a3ccddd1bdc7d - - default default] delete failed (client error): The resource could not be found.
2026-07-15 06:06:30.897 9 INFO neutron.wsgi [None req-94008e1e-e180-48e1-b218-a363b50915dd 73811514675744d6bcef26d31802c5cc af45ed6d790d4ff0816a3ccddd1bdc7d - - default default] 10.0.0.208 "DELETE /v2.0/security-groups/2a3c3285-6376-4ac7-b53a-c47727950652 HTTP/1.1" status: 404 len: 347 time: 0.0140500
2026-07-15 06:06:30.909 9 WARNING neutron_lib.context [None req-903099c6-d539-4e04-8e49-47489684f013 73811514675744d6bcef26d31802c5cc af45ed6d790d4ff0816a3ccddd1bdc7d - - default default] Method 'is_advsvc' is deprecated since 2023.2 release (neutron-lib 3.8.0) and will be removed once support for the old RBAC API policies will be removed from Neutron. Please use method 'is_service_role' instead.
2026-07-15 06:06:30.999 10 INFO neutron.api.v2.resource [None req-3bfb6b08-bb8c-4f7b-a1e7-ea29cf1d6c29 af6ecdac06db4c04ba4c4cc27726c4f2 4ad25c4470d547c284ca9fe01bd3692f - - default default] delete failed (client error): The resource could not be found.
2026-07-15 06:06:31.000 10 INFO neutron.wsgi [None req-3bfb6b08-bb8c-4f7b-a1e7-ea29cf1d6c29 af6ecdac06db4c04ba4c4cc27726c4f2 4ad25c4470d547c284ca9fe01bd3692f - - default default] 10.0.0.208 "DELETE /v2.0/routers/9cf19c56-d208-4559-85e3-3bda445dabd9 HTTP/1.1" status: 404 len: 336 time: 0.2838376
2026-07-15 06:06:31.030 9 INFO neutron.pecan_wsgi.hooks.translation [None req-26910d2d-5e4d-4c9c-9d7c-0daf03541a7a af6ecdac06db4c04ba4c4cc27726c4f2 4ad25c4470d547c284ca9fe01bd3692f - - default default] DELETE failed (client error): The resource could not be found.
2026-07-15 06:06:31.033 9 INFO neutron.wsgi [None req-26910d2d-5e4d-4c9c-9d7c-0daf03541a7a af6ecdac06db4c04ba4c4cc27726c4f2 4ad25c4470d547c284ca9fe01bd3692f - - default default] 10.0.0.208 "DELETE /v2.0/subnets/3efbd48b-70ff-4a7a-afed-afd837008d1e HTTP/1.1" status: 404 len: 337 time: 0.0253754
2026-07-15 06:06:31.061 9 INFO neutron.db.ovn_revision_numbers_db [None req-903099c6-d539-4e04-8e49-47489684f013 73811514675744d6bcef26d31802c5cc af45ed6d790d4ff0816a3ccddd1bdc7d - - default default] Successfully bumped revision number for resource 9794b2a9-7844-466c-8356-eaaf7656abe0 (type: security_groups) to 1
2026-07-15 06:06:31.067 10 INFO neutron.wsgi [None req-2e172710-c209-4893-8780-bf6340d2562d 4239e68166ed4136927cb286b7fb9c8a 4df009eeb35b4bdeb722721d47d8db55 - - default default] 10.0.0.208 "GET /v2.0/security-groups?tenant_id=3d42e448b8894237b298f0ba1861c584&name=default HTTP/1.1" status: 200 len: 3120 time: 0.5337012
2026-07-15 06:06:31.068 10 INFO neutron.wsgi [None req-e91296a9-180b-4522-9c9f-0ebc89087fe3 af6ecdac06db4c04ba4c4cc27726c4f2 4ad25c4470d547c284ca9fe01bd3692f - - default default] 10.0.0.208 "GET /v2.0/ports?device_id=7901df6c-4646-4fa1-bf1f-8d521ac3d00f HTTP/1.1" status: 200 len: 205 time: 0.0251062
2026-07-15 06:06:31.083 9 INFO neutron.db.ovn_revision_numbers_db [None req-903099c6-d539-4e04-8e49-47489684f013 73811514675744d6bcef26d31802c5cc af45ed6d790d4ff0816a3ccddd1bdc7d - - default default] Successfully bumped revision number for resource 06ec93ee-e112-4742-a96e-0440bb47af36 (type: security_group_rules) to 0
2026-07-15 06:06:31.097 9 INFO neutron.api.v2.resource [None req-1b0b0f37-976f-4942-84b2-6560a1a629be af6ecdac06db4c04ba4c4cc27726c4f2 4ad25c4470d547c284ca9fe01bd3692f - - default default] delete failed (client error): The resource could not be found.
2026-07-15 06:06:31.099 9 INFO neutron.wsgi [None req-1b0b0f37-976f-4942-84b2-6560a1a629be af6ecdac06db4c04ba4c4cc27726c4f2 4ad25c4470d547c284ca9fe01bd3692f - - default default] 10.0.0.208 "DELETE /v2.0/routers/7901df6c-4646-4fa1-bf1f-8d521ac3d00f HTTP/1.1" status: 404 len: 336 time: 0.0228522
2026-07-15 06:06:31.120 9 INFO neutron.db.ovn_revision_numbers_db [None req-903099c6-d539-4e04-8e49-47489684f013 73811514675744d6bcef26d31802c5cc af45ed6d790d4ff0816a3ccddd1bdc7d - - default default] Successfully bumped revision number for resource 9a0410b8-f8ba-4721-8539-8d00aa17b9dd (type: security_group_rules) to 0
2026-07-15 06:06:31.123 9 INFO neutron.pecan_wsgi.hooks.translation [None req-396b43b9-a402-4c5f-b5f0-dd7b1cd69487 af6ecdac06db4c04ba4c4cc27726c4f2 4ad25c4470d547c284ca9fe01bd3692f - - default default] DELETE failed (client error): The resource could not be found.
2026-07-15 06:06:31.126 9 INFO neutron.wsgi [None req-396b43b9-a402-4c5f-b5f0-dd7b1cd69487 af6ecdac06db4c04ba4c4cc27726c4f2 4ad25c4470d547c284ca9fe01bd3692f - - default default] 10.0.0.208 "DELETE /v2.0/subnets/e47af12c-a4a9-450e-a1cb-157f7d556fce HTTP/1.1" status: 404 len: 337 time: 0.0219553
2026-07-15 06:06:31.163 9 INFO neutron.wsgi [None req-903099c6-d539-4e04-8e49-47489684f013 73811514675744d6bcef26d31802c5cc af45ed6d790d4ff0816a3ccddd1bdc7d - - default default] 10.0.0.208 "POST /v2.0/security-groups HTTP/1.1" status: 201 len: 1825 time: 0.2598584
2026-07-15 06:06:31.164 9 INFO neutron.pecan_wsgi.hooks.translation [None req-cb378125-f96c-422b-8363-f96c5a8a1ec3 af6ecdac06db4c04ba4c4cc27726c4f2 4ad25c4470d547c284ca9fe01bd3692f - - default default] DELETE failed (client error): The resource could not be found.
2026-07-15 06:06:31.166 9 INFO neutron.wsgi [None req-cb378125-f96c-422b-8363-f96c5a8a1ec3 af6ecdac06db4c04ba4c4cc27726c4f2 4ad25c4470d547c284ca9fe01bd3692f - - default default] 10.0.0.208 "DELETE /v2.0/subnets/61474b80-fb3e-4ff8-9c02-defd7f3f8a89 HTTP/1.1" status: 404 len: 337 time: 0.0336592
2026-07-15 06:06:31.172 9 WARNING neutron_lib.context [None req-1e42d029-bdb4-4251-80c2-3623eb8e3279 73811514675744d6bcef26d31802c5cc af45ed6d790d4ff0816a3ccddd1bdc7d - - default default] Method 'is_advsvc' is deprecated since 2023.2 release (neutron-lib 3.8.0) and will be removed once support for the old RBAC API policies will be removed from Neutron. Please use method 'is_service_role' instead.
2026-07-15 06:06:31.308 10 INFO neutron.wsgi [None req-c3de829c-aa4e-461d-9a4d-507d4f42c56d 4239e68166ed4136927cb286b7fb9c8a 4df009eeb35b4bdeb722721d47d8db55 - - default default] 10.0.0.208 "DELETE /v2.0/security-groups/9e6b7690-102e-49e6-85cb-d762f95482ba HTTP/1.1" status: 204 len: 168 time: 0.2324672
2026-07-15 06:06:31.318 9 INFO neutron.db.ovn_revision_numbers_db [None req-1e42d029-bdb4-4251-80c2-3623eb8e3279 73811514675744d6bcef26d31802c5cc af45ed6d790d4ff0816a3ccddd1bdc7d - - default default] Successfully bumped revision number for resource e8c23bad-4319-42aa-989f-127761434802 (type: security_group_rules) to 0
2026-07-15 06:06:31.346 9 INFO neutron.wsgi [None req-1e42d029-bdb4-4251-80c2-3623eb8e3279 73811514675744d6bcef26d31802c5cc af45ed6d790d4ff0816a3ccddd1bdc7d - - default default] 10.0.0.208 "POST /v2.0/security-group-rules HTTP/1.1" status: 201 len: 800 time: 0.1787190
2026-07-15 06:06:31.378 9 INFO neutron.wsgi [None req-e9adda2c-44bf-4978-94ff-67b2590db945 73811514675744d6bcef26d31802c5cc af45ed6d790d4ff0816a3ccddd1bdc7d - - default default] 10.0.0.208 "GET /v2.0/security-group-rules/e8c23bad-4319-42aa-989f-127761434802 HTTP/1.1" status: 200 len: 795 time: 0.0241799
2026-07-15 06:06:31.489 9 INFO neutron.wsgi [None req-1f1d8bc5-0b50-4dbd-9f90-a67baf1518db 73811514675744d6bcef26d31802c5cc af45ed6d790d4ff0816a3ccddd1bdc7d - - default default] 10.0.0.208 "GET /v2.0/security-group-rules HTTP/1.1" status: 200 len: 4333 time: 0.1064985
2026-07-15 06:06:31.612 9 INFO neutron.wsgi [None req-d3b01e9e-d59c-4e34-91c5-be9587190105 73811514675744d6bcef26d31802c5cc af45ed6d790d4ff0816a3ccddd1bdc7d - - default default] 10.0.0.208 "DELETE /v2.0/security-group-rules/e8c23bad-4319-42aa-989f-127761434802 HTTP/1.1" status: 204 len: 168 time: 0.1172385
2026-07-15 06:06:31.675 9 INFO neutron.wsgi [None req-31cb71cc-775c-4e3e-b1e9-859126c31497 73811514675744d6bcef26d31802c5cc af45ed6d790d4ff0816a3ccddd1bdc7d - - default default] 10.0.0.208 "GET /v2.0/security-group-rules HTTP/1.1" status: 200 len: 3755 time: 0.0566065
2026-07-15 06:06:31.688 10 WARNING neutron_lib.context [None req-ab7c3dd1-9c8e-4b2f-8473-dcf26671f19d 73811514675744d6bcef26d31802c5cc af45ed6d790d4ff0816a3ccddd1bdc7d - - default default] Method 'is_advsvc' is deprecated since 2023.2 release (neutron-lib 3.8.0) and will be removed once support for the old RBAC API policies will be removed from Neutron. Please use method 'is_service_role' instead.
2026-07-15 06:06:31.815 9 INFO neutron.wsgi [None req-fb7e8192-6767-47a6-8559-d88a70d24ad8 4239e68166ed4136927cb286b7fb9c8a 4df009eeb35b4bdeb722721d47d8db55 - - default default] 10.0.0.208 "GET /v2.0/security-groups?tenant_id=4ad25c4470d547c284ca9fe01bd3692f&name=default HTTP/1.1" status: 200 len: 3120 time: 0.1365585
2026-07-15 06:06:31.837 10 INFO neutron.db.ovn_revision_numbers_db [None req-ab7c3dd1-9c8e-4b2f-8473-dcf26671f19d 73811514675744d6bcef26d31802c5cc af45ed6d790d4ff0816a3ccddd1bdc7d - - default default] Successfully bumped revision number for resource 5936220a-0971-4719-b3f5-90afa2423bbc (type: security_group_rules) to 0
2026-07-15 06:06:31.870 10 INFO neutron.wsgi [None req-ab7c3dd1-9c8e-4b2f-8473-dcf26671f19d 73811514675744d6bcef26d31802c5cc af45ed6d790d4ff0816a3ccddd1bdc7d - - default default] 10.0.0.208 "POST /v2.0/security-group-rules HTTP/1.1" status: 201 len: 800 time: 0.1881030
2026-07-15 06:06:31.895 9 INFO neutron.wsgi [None req-b54d26de-e1ab-4bc9-b909-be10e51c5e7a 73811514675744d6bcef26d31802c5cc af45ed6d790d4ff0816a3ccddd1bdc7d - - default default] 10.0.0.208 "GET /v2.0/security-group-rules/5936220a-0971-4719-b3f5-90afa2423bbc HTTP/1.1" status: 200 len: 795 time: 0.0203149
2026-07-15 06:06:31.987 9 INFO neutron.wsgi [None req-72070997-8f91-4208-a47f-a024b001d261 73811514675744d6bcef26d31802c5cc af45ed6d790d4ff0816a3ccddd1bdc7d - - default default] 10.0.0.208 "GET /v2.0/security-group-rules HTTP/1.1" status: 200 len: 4333 time: 0.0880322
2026-07-15 06:06:32.068 9 INFO neutron.wsgi [None req-09901123-6546-4e03-a6e2-5b92f2431401 4239e68166ed4136927cb286b7fb9c8a 4df009eeb35b4bdeb722721d47d8db55 - - default default] 10.0.0.208 "DELETE /v2.0/security-groups/f28c7d1a-417f-4f8c-a687-bf17471e8715 HTTP/1.1" status: 204 len: 168 time: 0.2478526
2026-07-15 06:06:32.125 10 INFO neutron.wsgi [None req-71d21be8-29ca-42e9-a3a0-4d9d595c7229 73811514675744d6bcef26d31802c5cc af45ed6d790d4ff0816a3ccddd1bdc7d - - default default] 10.0.0.208 "DELETE /v2.0/security-group-rules/5936220a-0971-4719-b3f5-90afa2423bbc HTTP/1.1" status: 204 len: 168 time: 0.1336868
2026-07-15 06:06:32.209 10 INFO neutron.wsgi [None req-9cb3f5c1-fdb2-4e28-a592-7c73a3648ead 73811514675744d6bcef26d31802c5cc af45ed6d790d4ff0816a3ccddd1bdc7d - - default default] 10.0.0.208 "GET /v2.0/security-group-rules HTTP/1.1" status: 200 len: 3755 time: 0.0789998
2026-07-15 06:06:32.222 10 WARNING neutron_lib.context [None req-452356e5-2c39-4028-bdc5-a3d9f4439ce5 73811514675744d6bcef26d31802c5cc af45ed6d790d4ff0816a3ccddd1bdc7d - - default default] Method 'is_advsvc' is deprecated since 2023.2 release (neutron-lib 3.8.0) and will be removed once support for the old RBAC API policies will be removed from Neutron. Please use method 'is_service_role' instead.
2026-07-15 06:06:32.351 10 INFO neutron.db.ovn_revision_numbers_db [None req-452356e5-2c39-4028-bdc5-a3d9f4439ce5 73811514675744d6bcef26d31802c5cc af45ed6d790d4ff0816a3ccddd1bdc7d - - default default] Successfully bumped revision number for resource 05e0d4eb-9114-46e5-96af-efc7bd33c279 (type: security_group_rules) to 0
2026-07-15 06:06:32.384 10 INFO neutron.wsgi [None req-452356e5-2c39-4028-bdc5-a3d9f4439ce5 73811514675744d6bcef26d31802c5cc af45ed6d790d4ff0816a3ccddd1bdc7d - - default default] 10.0.0.208 "POST /v2.0/security-group-rules HTTP/1.1" status: 201 len: 801 time: 0.1686375
2026-07-15 06:06:32.410 10 INFO neutron.wsgi [None req-b5d396bc-c8c6-4d0a-9060-f5cb5c3fa477 73811514675744d6bcef26d31802c5cc af45ed6d790d4ff0816a3ccddd1bdc7d - - default default] 10.0.0.208 "GET /v2.0/security-group-rules/05e0d4eb-9114-46e5-96af-efc7bd33c279 HTTP/1.1" status: 200 len: 796 time: 0.0189438
2026-07-15 06:06:32.508 10 INFO neutron.wsgi [None req-1b702037-ede2-47d3-b673-3c76a87cadff 73811514675744d6bcef26d31802c5cc af45ed6d790d4ff0816a3ccddd1bdc7d - - default default] 10.0.0.208 "GET /v2.0/security-group-rules HTTP/1.1" status: 200 len: 4334 time: 0.0810120
2026-07-15 06:06:32.622 10 INFO neutron.wsgi [None req-f3e67153-b76d-41af-82ed-70c761f66c92 73811514675744d6bcef26d31802c5cc af45ed6d790d4ff0816a3ccddd1bdc7d - - default default] 10.0.0.208 "DELETE /v2.0/security-group-rules/05e0d4eb-9114-46e5-96af-efc7bd33c279 HTTP/1.1" status: 204 len: 168 time: 0.1092267
2026-07-15 06:06:32.703 10 INFO neutron.wsgi [None req-0307758a-c36d-4975-95c4-f45668ed5252 73811514675744d6bcef26d31802c5cc af45ed6d790d4ff0816a3ccddd1bdc7d - - default default] 10.0.0.208 "GET /v2.0/security-group-rules HTTP/1.1" status: 200 len: 3755 time: 0.0642579
2026-07-15 06:06:32.820 9 INFO neutron.wsgi [None req-b4cd95b6-a740-458a-bf42-82c453084e4c 73811514675744d6bcef26d31802c5cc af45ed6d790d4ff0816a3ccddd1bdc7d - - default default] 10.0.0.208 "DELETE /v2.0/security-groups/9794b2a9-7844-466c-8356-eaaf7656abe0 HTTP/1.1" status: 204 len: 168 time: 0.1117210
2026-07-15 06:06:32.864 9 INFO neutron.wsgi [None req-6f32bba0-71e3-4de7-8a55-daa8f5010698 73811514675744d6bcef26d31802c5cc af45ed6d790d4ff0816a3ccddd1bdc7d - - default default] 10.0.0.208 "GET /v2.0/security-groups HTTP/1.1" status: 200 len: 3120 time: 0.0380902
2026-07-15 06:06:32.909 9 INFO neutron.wsgi [None req-1bea4ab6-2010-470e-b730-2042b1eb26db 73811514675744d6bcef26d31802c5cc af45ed6d790d4ff0816a3ccddd1bdc7d - - default default] 10.0.0.208 "GET /v2.0/security-groups HTTP/1.1" status: 200 len: 3120 time: 0.0385461
2026-07-15 06:06:33.439 10 WARNING neutron_lib.context [None req-5020cb07-b7fc-4b26-a74f-c063898d7a01 2f1a2b95dd334be5b1156e40861b9f61 2b4782770d054aa89c3c8d171f2fc819 - - default default] Method 'is_advsvc' is deprecated since 2023.2 release (neutron-lib 3.8.0) and will be removed once support for the old RBAC API policies will be removed from Neutron. Please use method 'is_service_role' instead.
2026-07-15 06:06:33.439 10 WARNING neutron_lib.context [None req-5020cb07-b7fc-4b26-a74f-c063898d7a01 2f1a2b95dd334be5b1156e40861b9f61 2b4782770d054aa89c3c8d171f2fc819 - - default default] Method 'is_advsvc' is deprecated since 2023.2 release (neutron-lib 3.8.0) and will be removed once support for the old RBAC API policies will be removed from Neutron. Please use method 'is_service_role' instead.
2026-07-15 06:06:33.569 10 INFO neutron.db.ovn_revision_numbers_db [None req-5020cb07-b7fc-4b26-a74f-c063898d7a01 2f1a2b95dd334be5b1156e40861b9f61 2b4782770d054aa89c3c8d171f2fc819 - - default default] Successfully bumped revision number for resource 06f582b3-7e10-4178-be41-1364e8d9520a (type: security_groups) to 1
2026-07-15 06:06:33.583 10 INFO neutron.db.ovn_revision_numbers_db [None req-5020cb07-b7fc-4b26-a74f-c063898d7a01 2f1a2b95dd334be5b1156e40861b9f61 2b4782770d054aa89c3c8d171f2fc819 - - default default] Successfully bumped revision number for resource 56eb17aa-b0ff-4efb-9b15-aa285a1bb095 (type: security_group_rules) to 0
2026-07-15 06:06:33.597 10 INFO neutron.db.ovn_revision_numbers_db [None req-5020cb07-b7fc-4b26-a74f-c063898d7a01 2f1a2b95dd334be5b1156e40861b9f61 2b4782770d054aa89c3c8d171f2fc819 - - default default] Successfully bumped revision number for resource 6f626e73-f956-47eb-a24c-756185241d84 (type: security_group_rules) to 0
2026-07-15 06:06:33.613 10 INFO neutron.db.ovn_revision_numbers_db [None req-5020cb07-b7fc-4b26-a74f-c063898d7a01 2f1a2b95dd334be5b1156e40861b9f61 2b4782770d054aa89c3c8d171f2fc819 - - default default] Successfully bumped revision number for resource 8573957d-0ddf-4c1b-9548-dcc6c04d1dc2 (type: security_group_rules) to 0
2026-07-15 06:06:33.632 10 INFO neutron.db.ovn_revision_numbers_db [None req-5020cb07-b7fc-4b26-a74f-c063898d7a01 2f1a2b95dd334be5b1156e40861b9f61 2b4782770d054aa89c3c8d171f2fc819 - - default default] Successfully bumped revision number for resource a22450b9-12b7-47f0-b557-379e334606bb (type: security_group_rules) to 0
2026-07-15 06:06:33.685 10 INFO neutron.wsgi [None req-c9f5f65a-ff2b-433e-bd2a-1f5d51c27164 4239e68166ed4136927cb286b7fb9c8a 4df009eeb35b4bdeb722721d47d8db55 - - default default] 10.0.0.208 "GET /v2.0/security-groups?tenant_id=af45ed6d790d4ff0816a3ccddd1bdc7d&name=default HTTP/1.1" status: 200 len: 3120 time: 0.2272553
2026-07-15 06:06:33.722 10 INFO neutron.db.segments_db [None req-5020cb07-b7fc-4b26-a74f-c063898d7a01 2f1a2b95dd334be5b1156e40861b9f61 2b4782770d054aa89c3c8d171f2fc819 - - default default] Added segment 64e9f567-11cd-4104-916d-53844fb9fc76 of type geneve for network a22d9d27-c065-4bf4-8960-491f0dc5c223
2026-07-15 06:06:33.848 10 INFO neutron.db.segments_db [None req-5020cb07-b7fc-4b26-a74f-c063898d7a01 2f1a2b95dd334be5b1156e40861b9f61 2b4782770d054aa89c3c8d171f2fc819 - - default default] Added segment 7502fe0f-7855-410a-af04-edd21c2e77a9 of type geneve for network ab67f2cf-1108-4f72-bfbd-7b55f7629e9d
2026-07-15 06:06:34.011 10 WARNING neutron.plugins.ml2.drivers.ovn.mech_driver.ovsdb.ovn_client [None req-d90ae858-aa8d-4b21-9d44-4f81669ce97e - - - - - -] No port found with ID fecb9d71-99f1-411f-8c6e-8194306668e0: RuntimeError: No port found with ID fecb9d71-99f1-411f-8c6e-8194306668e0
2026-07-15 06:06:34.025 10 INFO neutron.db.ovn_revision_numbers_db [None req-5020cb07-b7fc-4b26-a74f-c063898d7a01 2f1a2b95dd334be5b1156e40861b9f61 2b4782770d054aa89c3c8d171f2fc819 - - default default] Successfully bumped revision number for resource a22d9d27-c065-4bf4-8960-491f0dc5c223 (type: networks) to 1
2026-07-15 06:06:34.057 10 INFO neutron.wsgi [None req-5ebe4c05-f21f-4aa0-88e7-7e4749fd63d0 4239e68166ed4136927cb286b7fb9c8a 4df009eeb35b4bdeb722721d47d8db55 - - default default] 10.0.0.208 "DELETE /v2.0/security-groups/a286435b-f7d8-4dab-95ec-920a7b72013f HTTP/1.1" status: 204 len: 168 time: 0.3642368
2026-07-15 06:06:34.081 9 INFO neutron.db.ovn_revision_numbers_db [None req-6f02f78d-f2f1-4837-b9a3-c976eeec9fb2 4239e68166ed4136927cb286b7fb9c8a 4df009eeb35b4bdeb722721d47d8db55 - - default default] Successfully bumped revision number for resource 92a674a7-d70c-4799-80bc-afed98639796 (type: security_groups) to 1
2026-07-15 06:06:34.094 9 INFO neutron.db.ovn_revision_numbers_db [None req-6f02f78d-f2f1-4837-b9a3-c976eeec9fb2 4239e68166ed4136927cb286b7fb9c8a 4df009eeb35b4bdeb722721d47d8db55 - - default default] Successfully bumped revision number for resource 3fd81856-ddef-46c5-a456-bd77cae983c0 (type: security_group_rules) to 0
2026-07-15 06:06:34.107 9 INFO neutron.db.ovn_revision_numbers_db [None req-6f02f78d-f2f1-4837-b9a3-c976eeec9fb2 4239e68166ed4136927cb286b7fb9c8a 4df009eeb35b4bdeb722721d47d8db55 - - default default] Successfully bumped revision number for resource 98885ad8-f861-4cbc-8525-3f3b5472be5f (type: security_group_rules) to 0
2026-07-15 06:06:34.121 9 INFO neutron.db.ovn_revision_numbers_db [None req-6f02f78d-f2f1-4837-b9a3-c976eeec9fb2 4239e68166ed4136927cb286b7fb9c8a 4df009eeb35b4bdeb722721d47d8db55 - - default default] Successfully bumped revision number for resource 9938a821-49d6-4810-98b9-6654eb5ecdb4 (type: security_group_rules) to 0
2026-07-15 06:06:34.135 9 INFO neutron.db.ovn_revision_numbers_db [None req-6f02f78d-f2f1-4837-b9a3-c976eeec9fb2 4239e68166ed4136927cb286b7fb9c8a 4df009eeb35b4bdeb722721d47d8db55 - - default default] Successfully bumped revision number for resource f96b6338-629a-4c04-9708-881d59af9a73 (type: security_group_rules) to 0
2026-07-15 06:06:34.156 9 INFO neutron.wsgi [None req-6f02f78d-f2f1-4837-b9a3-c976eeec9fb2 4239e68166ed4136927cb286b7fb9c8a 4df009eeb35b4bdeb722721d47d8db55 - - default default] 10.0.0.208 "GET /v2.0/security-groups?tenant_id=fc9ef7ec6e7b43dd91fb73da3bf02e65&name=default HTTP/1.1" status: 200 len: 3120 time: 0.3040884
2026-07-15 06:06:34.200 10 WARNING neutron.scheduler.dhcp_agent_scheduler [None req-5020cb07-b7fc-4b26-a74f-c063898d7a01 2f1a2b95dd334be5b1156e40861b9f61 2b4782770d054aa89c3c8d171f2fc819 - - default default] No more DHCP agents
2026-07-15 06:06:34.201 10 WARNING neutron.api.rpc.agentnotifiers.dhcp_rpc_agent_api [None req-5020cb07-b7fc-4b26-a74f-c063898d7a01 2f1a2b95dd334be5b1156e40861b9f61 2b4782770d054aa89c3c8d171f2fc819 - - default default] Unable to schedule network a22d9d27-c065-4bf4-8960-491f0dc5c223: no agents available; will retry on subsequent port and subnet creation events.
2026-07-15 06:06:34.285 10 INFO neutron.db.ovn_revision_numbers_db [None req-5020cb07-b7fc-4b26-a74f-c063898d7a01 2f1a2b95dd334be5b1156e40861b9f61 2b4782770d054aa89c3c8d171f2fc819 - - default default] Successfully bumped revision number for resource edc0d3f5-6ee7-402b-8aeb-9159f32ad9f3 (type: ports) to 1
2026-07-15 06:06:34.372 10 INFO neutron.db.ovn_revision_numbers_db [None req-5020cb07-b7fc-4b26-a74f-c063898d7a01 2f1a2b95dd334be5b1156e40861b9f61 2b4782770d054aa89c3c8d171f2fc819 - - default default] Successfully bumped revision number for resource ab67f2cf-1108-4f72-bfbd-7b55f7629e9d (type: networks) to 1
2026-07-15 06:06:34.394 9 INFO neutron.wsgi [None req-5eccafd1-3550-46e9-ba67-4afbecdb239d 4239e68166ed4136927cb286b7fb9c8a 4df009eeb35b4bdeb722721d47d8db55 - - default default] 10.0.0.208 "DELETE /v2.0/security-groups/92a674a7-d70c-4799-80bc-afed98639796 HTTP/1.1" status: 204 len: 168 time: 0.2340863
2026-07-15 06:06:34.541 10 WARNING neutron.scheduler.dhcp_agent_scheduler [None req-5020cb07-b7fc-4b26-a74f-c063898d7a01 2f1a2b95dd334be5b1156e40861b9f61 2b4782770d054aa89c3c8d171f2fc819 - - default default] No more DHCP agents
2026-07-15 06:06:34.543 10 WARNING neutron.api.rpc.agentnotifiers.dhcp_rpc_agent_api [None req-5020cb07-b7fc-4b26-a74f-c063898d7a01 2f1a2b95dd334be5b1156e40861b9f61 2b4782770d054aa89c3c8d171f2fc819 - - default default] Unable to schedule network ab67f2cf-1108-4f72-bfbd-7b55f7629e9d: no agents available; will retry on subsequent port and subnet creation events.
2026-07-15 06:06:34.619 10 INFO neutron.db.ovn_revision_numbers_db [None req-5020cb07-b7fc-4b26-a74f-c063898d7a01 2f1a2b95dd334be5b1156e40861b9f61 2b4782770d054aa89c3c8d171f2fc819 - - default default] Successfully bumped revision number for resource a2fa0f68-52ae-4216-9f19-24eb73ec714f (type: ports) to 1
2026-07-15 06:06:34.643 10 INFO neutron.wsgi [None req-5020cb07-b7fc-4b26-a74f-c063898d7a01 2f1a2b95dd334be5b1156e40861b9f61 2b4782770d054aa89c3c8d171f2fc819 - - default default] 10.0.0.208 "POST /v2.0/networks HTTP/1.1" status: 201 len: 1445 time: 1.4673944
2026-07-15 06:06:34.709 9 INFO neutron.db.ovn_revision_numbers_db [None req-359cad7f-e468-4f63-abd0-d1cf96f4f67b 4239e68166ed4136927cb286b7fb9c8a 4df009eeb35b4bdeb722721d47d8db55 - - default default] Successfully bumped revision number for resource 16e397dd-c213-439c-9234-afc74942ede2 (type: security_groups) to 1
2026-07-15 06:06:34.734 9 INFO neutron.db.ovn_revision_numbers_db [None req-359cad7f-e468-4f63-abd0-d1cf96f4f67b 4239e68166ed4136927cb286b7fb9c8a 4df009eeb35b4bdeb722721d47d8db55 - - default default] Successfully bumped revision number for resource 174210d4-16c3-486b-9846-013159e03137 (type: security_group_rules) to 0
2026-07-15 06:06:34.756 9 INFO neutron.wsgi [None req-e7747004-eb05-4ffd-be54-a9342f8a5648 2f1a2b95dd334be5b1156e40861b9f61 2b4782770d054aa89c3c8d171f2fc819 - - default default] 10.0.0.208 "GET /v2.0/networks HTTP/1.1" status: 200 len: 2051 time: 0.1043038
2026-07-15 06:06:34.768 9 INFO neutron.db.ovn_revision_numbers_db [None req-359cad7f-e468-4f63-abd0-d1cf96f4f67b 4239e68166ed4136927cb286b7fb9c8a 4df009eeb35b4bdeb722721d47d8db55 - - default default] Successfully bumped revision number for resource 6d5b3307-a5c2-41cf-8a43-1bfc4b7403b6 (type: security_group_rules) to 0
2026-07-15 06:06:34.796 9 INFO neutron.db.ovn_revision_numbers_db [None req-359cad7f-e468-4f63-abd0-d1cf96f4f67b 4239e68166ed4136927cb286b7fb9c8a 4df009eeb35b4bdeb722721d47d8db55 - - default default] Successfully bumped revision number for resource e77efd34-a4db-4bdc-a3ee-ed553eb042c9 (type: security_group_rules) to 0
2026-07-15 06:06:34.814 9 INFO neutron.db.ovn_revision_numbers_db [None req-359cad7f-e468-4f63-abd0-d1cf96f4f67b 4239e68166ed4136927cb286b7fb9c8a 4df009eeb35b4bdeb722721d47d8db55 - - default default] Successfully bumped revision number for resource ef8c0d7d-b0aa-4001-960c-65e9463a1b8e (type: security_group_rules) to 0
2026-07-15 06:06:34.845 9 INFO neutron.wsgi [None req-359cad7f-e468-4f63-abd0-d1cf96f4f67b 4239e68166ed4136927cb286b7fb9c8a 4df009eeb35b4bdeb722721d47d8db55 - - default default] 10.0.0.208 "GET /v2.0/security-groups?tenant_id=ea52628d20db400f8b64c2ffe514a3df&name=default HTTP/1.1" status: 200 len: 3120 time: 0.2994890
2026-07-15 06:06:35.482 9 INFO neutron.wsgi [None req-a3aa4a28-f382-4ac4-a69f-a3889d23c1d5 4239e68166ed4136927cb286b7fb9c8a 4df009eeb35b4bdeb722721d47d8db55 - - default default] 10.0.0.208 "DELETE /v2.0/security-groups/16e397dd-c213-439c-9234-afc74942ede2 HTTP/1.1" status: 204 len: 168 time: 0.6317031
2026-07-15 06:06:35.511 9 INFO neutron.services.segments.plugin [-] Segment 64e9f567-11cd-4104-916d-53844fb9fc76 resource provider aggregate not found
2026-07-15 06:06:35.515 9 INFO neutron.services.segments.plugin [-] Segment 64e9f567-11cd-4104-916d-53844fb9fc76 resource provider aggregate not found
2026-07-15 06:06:35.528 9 INFO neutron.services.segments.plugin [-] Segment 64e9f567-11cd-4104-916d-53844fb9fc76 resource provider not found; error: Placement Client Error (4xx): {"errors": [{"status": 404, "title": "Not Found", "detail": "The resource could not be found.\n\n No resource provider with uuid 64e9f567-11cd-4104-916d-53844fb9fc76 found for delete ", "request_id": "req-bed3f2ff-605f-4cc6-a014-f8f78ce31e38"}]}
2026-07-15 06:06:35.530 9 INFO neutron.services.segments.plugin [-] Segment 64e9f567-11cd-4104-916d-53844fb9fc76 resource provider not found; error: Placement Client Error (4xx): {"errors": [{"status": 404, "title": "Not Found", "detail": "The resource could not be found.\n\n No resource provider with uuid 64e9f567-11cd-4104-916d-53844fb9fc76 found for delete ", "request_id": "req-a0e4c1c8-e916-4fa1-8641-cfdaa5beefd4"}]}
2026-07-15 06:06:35.559 9 INFO neutron.wsgi [None req-acb177e3-d216-450a-9569-b6c01a6fcbef 2f1a2b95dd334be5b1156e40861b9f61 2b4782770d054aa89c3c8d171f2fc819 - - default default] 10.0.0.208 "DELETE /v2.0/networks/a22d9d27-c065-4bf4-8960-491f0dc5c223 HTTP/1.1" status: 204 len: 168 time: 0.7980664
2026-07-15 06:06:35.977 9 INFO neutron.wsgi [-] 10.0.0.19 "GET / HTTP/1.1" status: 200 len: 246 time: 0.0026798
2026-07-15 06:06:35.980 9 INFO neutron.wsgi [-] 10.0.0.19 "GET / HTTP/1.1" status: 200 len: 246 time: 0.0024080
2026-07-15 06:06:36.037 10 INFO neutron.services.segments.plugin [-] Segment 7502fe0f-7855-410a-af04-edd21c2e77a9 resource provider aggregate not found
2026-07-15 06:06:36.041 10 INFO neutron.services.segments.plugin [-] Segment 7502fe0f-7855-410a-af04-edd21c2e77a9 resource provider aggregate not found
2026-07-15 06:06:36.062 10 INFO neutron.services.segments.plugin [-] Segment 7502fe0f-7855-410a-af04-edd21c2e77a9 resource provider not found; error: Placement Client Error (4xx): {"errors": [{"status": 404, "title": "Not Found", "detail": "The resource could not be found.\n\n No resource provider with uuid 7502fe0f-7855-410a-af04-edd21c2e77a9 found for delete ", "request_id": "req-c344e364-3085-4e3e-82e2-dd1021546c6b"}]}
2026-07-15 06:06:36.067 10 INFO neutron.services.segments.plugin [-] Segment 7502fe0f-7855-410a-af04-edd21c2e77a9 resource provider not found; error: Placement Client Error (4xx): {"errors": [{"status": 404, "title": "Not Found", "detail": "The resource could not be found.\n\n No resource provider with uuid 7502fe0f-7855-410a-af04-edd21c2e77a9 found for delete ", "request_id": "req-7fec4cad-2204-495d-b24a-5edc7a44a453"}]}
2026-07-15 06:06:36.089 10 INFO neutron.wsgi [None req-45c04388-d81f-4df1-a5fc-976236aa7497 2f1a2b95dd334be5b1156e40861b9f61 2b4782770d054aa89c3c8d171f2fc819 - - default default] 10.0.0.208 "DELETE /v2.0/networks/ab67f2cf-1108-4f72-bfbd-7b55f7629e9d HTTP/1.1" status: 204 len: 168 time: 0.5236413
2026-07-15 06:06:36.178 9 INFO neutron.wsgi [None req-b6bf75ea-2144-4af1-9142-1f58179d69d8 2f1a2b95dd334be5b1156e40861b9f61 2b4782770d054aa89c3c8d171f2fc819 - - default default] 10.0.0.208 "GET /v2.0/networks HTTP/1.1" status: 200 len: 845 time: 0.0838861
2026-07-15 06:06:36.190 9 WARNING neutron_lib.context [None req-8ab37327-785b-45d2-a519-1728d8abe476 2f1a2b95dd334be5b1156e40861b9f61 2b4782770d054aa89c3c8d171f2fc819 - - default default] Method 'is_advsvc' is deprecated since 2023.2 release (neutron-lib 3.8.0) and will be removed once support for the old RBAC API policies will be removed from Neutron. Please use method 'is_service_role' instead.
2026-07-15 06:06:36.287 9 INFO neutron.db.segments_db [None req-8ab37327-785b-45d2-a519-1728d8abe476 2f1a2b95dd334be5b1156e40861b9f61 2b4782770d054aa89c3c8d171f2fc819 - - default default] Added segment 5117672a-188e-4d75-b08c-2fb87dc059f1 of type geneve for network 0f96d613-78ce-49bb-b6bb-35e733ec9010
2026-07-15 06:06:36.495 9 INFO neutron.db.ovn_revision_numbers_db [None req-8ab37327-785b-45d2-a519-1728d8abe476 2f1a2b95dd334be5b1156e40861b9f61 2b4782770d054aa89c3c8d171f2fc819 - - default default] Successfully bumped revision number for resource 0f96d613-78ce-49bb-b6bb-35e733ec9010 (type: networks) to 1
