2026-07-15 06:07:22.973 9 INFO neutron.wsgi [req-389d8e1e-b8d8-4a43-ac0f-94f9e2414341 req-c93fa86d-2406-48a4-8c20-739e6e1e02e4 cd9b9ee205c84cddbe4d7c10fe1a120b dfcca62c60f942559238de17f9258104 - - 69172da1aae54a58bc71ea00e04f72f7 69172da1aae54a58bc71ea00e04f72f7] 199.204.45.210 "GET /v2.0/networks/cb4737b5-157d-4425-8da8-a1ac7b55c6fb?fields=provider%3Aphysical_network&fields=provider%3Anetwork_type HTTP/1.1" status: 200 len: 277 time: 0.1196098
2026-07-15 06:07:22.993 9 INFO neutron.db.ovn_revision_numbers_db [None req-424360a4-b402-4a28-b76b-5c5ebb5779bb - - - - - -] Successfully bumped revision number for resource 364aec5c-796f-4a20-a0b5-772397caf6c6 (type: ports) to 4
2026-07-15 06:07:23.001 10 INFO neutron.db.ovn_revision_numbers_db [None req-eb95fa74-56ab-479a-9a91-259dade59c8d 379585ce60004519b05428150d415a5a e17b0ea114a34904b656305901cf19e7 - - default default] Successfully bumped revision number for resource 1c0d374e-d841-468c-b946-d4d0d6d465aa (type: ports) to 1
2026-07-15 06:07:23.035 10 INFO neutron.wsgi [None req-eb95fa74-56ab-479a-9a91-259dade59c8d 379585ce60004519b05428150d415a5a e17b0ea114a34904b656305901cf19e7 - - default default] 10.0.0.208 "POST /v2.0/ports HTTP/1.1" status: 201 len: 942 time: 0.4676421
2026-07-15 06:07:23.046 10 WARNING neutron_lib.context [None req-1d0f9d73-f380-47bb-8006-9676b684576d 379585ce60004519b05428150d415a5a e17b0ea114a34904b656305901cf19e7 - - default default] Method 'is_advsvc' is deprecated since 2023.2 release (neutron-lib 3.8.0) and will be removed once support for the old RBAC API policies will be removed from Neutron. Please use method 'is_service_role' instead.
2026-07-15 06:07:23.058 10 INFO neutron.wsgi [req-5ff9d20a-a3f3-4b11-93d2-085474467eec req-9f44717b-766c-4445-b400-9648fadae3a3 3551f3ade1674dd7b584bbb8a56fd353 8afcf190b57e46e6ac5fdd87e8f07164 - - default default] 10.0.0.24 "GET /v2.0/security-groups?id=37269a00-0769-4398-aa12-f028902b7503&fields=id&fields=name HTTP/1.1" status: 200 len: 313 time: 0.0824211
2026-07-15 06:07:23.325 10 INFO neutron.wsgi [None req-1d0f9d73-f380-47bb-8006-9676b684576d 379585ce60004519b05428150d415a5a e17b0ea114a34904b656305901cf19e7 - - default default] 10.0.0.208 "POST /v2.0/trunks HTTP/1.1" status: 201 len: 608 time: 0.2843688
2026-07-15 06:07:23.372 10 INFO neutron.wsgi [None req-f9f3cf37-78fe-45b9-a877-286e7aa8bdcd 379585ce60004519b05428150d415a5a e17b0ea114a34904b656305901cf19e7 - - default default] 10.0.0.208 "PUT /v2.0/trunks/6fd8bbc8-0b59-4885-bfaa-4192e7274a46/tags HTTP/1.1" status: 200 len: 218 time: 0.0427303
2026-07-15 06:07:23.398 10 INFO neutron.wsgi [None req-97f9230c-f228-4cfa-9ce9-bb4e860818f3 379585ce60004519b05428150d415a5a e17b0ea114a34904b656305901cf19e7 - - default default] 10.0.0.208 "GET /v2.0/trunks/6fd8bbc8-0b59-4885-bfaa-4192e7274a46/tags HTTP/1.1" status: 200 len: 218 time: 0.0202150 /var/lib/openstack/lib/python3.10/site-packages/pycadf/identifier.py:71: UserWarning: Invalid uuid: neutron. To ensure interoperability, identifiers should be a valid uuid. warnings.warn(('Invalid uuid: %s. To ensure interoperability, '
2026-07-15 06:07:23.454 9 INFO neutron.wsgi [None req-0d40ce1c-7366-48d5-b35e-38d59eb80329 379585ce60004519b05428150d415a5a e17b0ea114a34904b656305901cf19e7 - - default default] 10.0.0.208 "PUT /v2.0/trunks/6fd8bbc8-0b59-4885-bfaa-4192e7274a46/tags/green HTTP/1.1" status: 201 len: 201 time: 0.0483840
2026-07-15 06:07:23.487 9 INFO neutron.wsgi [None req-8beaef00-6211-45fa-92dd-d70c92b11369 379585ce60004519b05428150d415a5a e17b0ea114a34904b656305901cf19e7 - - default default] 10.0.0.208 "GET /v2.0/trunks/6fd8bbc8-0b59-4885-bfaa-4192e7274a46/tags HTTP/1.1" status: 200 len: 227 time: 0.0243130
2026-07-15 06:07:23.532 9 INFO neutron.wsgi [None req-ad252e59-7333-4051-b2c0-3e339d04b1ad 379585ce60004519b05428150d415a5a e17b0ea114a34904b656305901cf19e7 - - default default] 10.0.0.208 "PUT /v2.0/trunks/6fd8bbc8-0b59-4885-bfaa-4192e7274a46/tags/red HTTP/1.1" status: 201 len: 201 time: 0.0394831
2026-07-15 06:07:23.561 10 INFO neutron.wsgi [None req-afb8bad0-442f-4901-91fb-56129495f6c2 379585ce60004519b05428150d415a5a e17b0ea114a34904b656305901cf19e7 - - default default] 10.0.0.208 "GET /v2.0/trunks/6fd8bbc8-0b59-4885-bfaa-4192e7274a46/tags HTTP/1.1" status: 200 len: 227 time: 0.0231931
2026-07-15 06:07:23.607 10 INFO neutron.wsgi [None req-9d3518ec-3dc0-4ce6-af32-193003f55084 379585ce60004519b05428150d415a5a e17b0ea114a34904b656305901cf19e7 - - default default] 10.0.0.208 "PUT /v2.0/trunks/6fd8bbc8-0b59-4885-bfaa-4192e7274a46/tags/black.or.white HTTP/1.1" status: 201 len: 201 time: 0.0387061
2026-07-15 06:07:23.632 10 INFO neutron.wsgi [None req-31cd0c4c-a903-44a9-bee6-2bc6b2f93c89 379585ce60004519b05428150d415a5a e17b0ea114a34904b656305901cf19e7 - - default default] 10.0.0.208 "GET /v2.0/trunks/6fd8bbc8-0b59-4885-bfaa-4192e7274a46/tags HTTP/1.1" status: 200 len: 245 time: 0.0187242
2026-07-15 06:07:23.669 10 INFO neutron.wsgi [None req-a6437338-8b69-42cd-b1e6-7038179257d2 379585ce60004519b05428150d415a5a e17b0ea114a34904b656305901cf19e7 - - default default] 10.0.0.208 "PUT /v2.0/trunks/6fd8bbc8-0b59-4885-bfaa-4192e7274a46/tags HTTP/1.1" status: 200 len: 230 time: 0.0323861
2026-07-15 06:07:23.691 10 INFO neutron.wsgi [None req-3c1bf930-6d29-4692-83e2-29cb66823864 379585ce60004519b05428150d415a5a e17b0ea114a34904b656305901cf19e7 - - default default] 10.0.0.208 "GET /v2.0/trunks/6fd8bbc8-0b59-4885-bfaa-4192e7274a46/tags HTTP/1.1" status: 200 len: 230 time: 0.0163043
2026-07-15 06:07:23.710 10 INFO neutron.wsgi [None req-1428000e-6e7d-4c78-9312-a5c0c2e408e9 379585ce60004519b05428150d415a5a e17b0ea114a34904b656305901cf19e7 - - default default] 10.0.0.208 "GET /v2.0/trunks/6fd8bbc8-0b59-4885-bfaa-4192e7274a46/tags/red HTTP/1.1" status: 204 len: 168 time: 0.0143335
2026-07-15 06:07:23.735 10 INFO neutron.api.v2.resource [None req-3fb49f31-215a-418a-bb08-5c0101c84eef 379585ce60004519b05428150d415a5a e17b0ea114a34904b656305901cf19e7 - - default default] show failed (client error): The resource could not be found.
2026-07-15 06:07:23.736 10 INFO neutron.wsgi [None req-3fb49f31-215a-418a-bb08-5c0101c84eef 379585ce60004519b05428150d415a5a e17b0ea114a34904b656305901cf19e7 - - default default] 10.0.0.208 "GET /v2.0/trunks/6fd8bbc8-0b59-4885-bfaa-4192e7274a46/tags/green HTTP/1.1" status: 404 len: 299 time: 0.0199261
2026-07-15 06:07:23.771 10 INFO neutron.wsgi [None req-6243adbc-e46c-4542-baed-506e224a6cb6 379585ce60004519b05428150d415a5a e17b0ea114a34904b656305901cf19e7 - - default default] 10.0.0.208 "DELETE /v2.0/trunks/6fd8bbc8-0b59-4885-bfaa-4192e7274a46/tags/red HTTP/1.1" status: 204 len: 168 time: 0.0308135
2026-07-15 06:07:23.799 10 INFO neutron.wsgi [None req-b85059a7-72be-4162-b3c8-8b4fa432d896 379585ce60004519b05428150d415a5a e17b0ea114a34904b656305901cf19e7 - - default default] 10.0.0.208 "GET /v2.0/trunks/6fd8bbc8-0b59-4885-bfaa-4192e7274a46/tags HTTP/1.1" status: 200 len: 223 time: 0.0221524
2026-07-15 06:07:23.827 10 INFO neutron.api.v2.resource [None req-33e6c669-1785-4162-9daf-889b0af11c88 379585ce60004519b05428150d415a5a e17b0ea114a34904b656305901cf19e7 - - default default] delete failed (client error): The resource could not be found.
2026-07-15 06:07:23.829 10 INFO neutron.wsgi [None req-33e6c669-1785-4162-9daf-889b0af11c88 379585ce60004519b05428150d415a5a e17b0ea114a34904b656305901cf19e7 - - default default] 10.0.0.208 "DELETE /v2.0/trunks/6fd8bbc8-0b59-4885-bfaa-4192e7274a46/tags/green HTTP/1.1" status: 404 len: 299 time: 0.0250628
2026-07-15 06:07:23.872 9 INFO neutron.db.ovn_revision_numbers_db [None req-a1da28f3-97bd-43ba-9310-f8ed15f171b7 4239e68166ed4136927cb286b7fb9c8a 4df009eeb35b4bdeb722721d47d8db55 - - default default] Successfully bumped revision number for resource 083e84b3-21a3-42c3-8481-ce9a6cdefdde (type: security_groups) to 1
2026-07-15 06:07:23.889 9 INFO neutron.wsgi [None req-27930bdd-4ad2-402a-ac75-7db6e394adb3 379585ce60004519b05428150d415a5a e17b0ea114a34904b656305901cf19e7 - - default default] 10.0.0.208 "DELETE /v2.0/trunks/6fd8bbc8-0b59-4885-bfaa-4192e7274a46/tags HTTP/1.1" status: 204 len: 168 time: 0.0537164
2026-07-15 06:07:23.899 9 INFO neutron.db.ovn_revision_numbers_db [None req-3615ce73-8a24-49b2-9080-925f840daed1 4239e68166ed4136927cb286b7fb9c8a 4df009eeb35b4bdeb722721d47d8db55 - - default default] Successfully bumped revision number for resource f940116b-501f-4c87-bf35-226d7571c7fd (type: security_groups) to 1
2026-07-15 06:07:23.901 9 INFO neutron.db.ovn_revision_numbers_db [None req-a1da28f3-97bd-43ba-9310-f8ed15f171b7 4239e68166ed4136927cb286b7fb9c8a 4df009eeb35b4bdeb722721d47d8db55 - - default default] Successfully bumped revision number for resource 066fe0ba-5251-41dc-bd16-f358b2d332bb (type: security_group_rules) to 0
2026-07-15 06:07:23.922 9 INFO neutron.wsgi [None req-aad106aa-fe3e-41da-a8fb-ebecf7a2d717 379585ce60004519b05428150d415a5a e17b0ea114a34904b656305901cf19e7 - - default default] 10.0.0.208 "GET /v2.0/trunks/6fd8bbc8-0b59-4885-bfaa-4192e7274a46/tags HTTP/1.1" status: 200 len: 205 time: 0.0280340
2026-07-15 06:07:23.924 9 INFO neutron.db.ovn_revision_numbers_db [None req-3615ce73-8a24-49b2-9080-925f840daed1 4239e68166ed4136927cb286b7fb9c8a 4df009eeb35b4bdeb722721d47d8db55 - - default default] Successfully bumped revision number for resource 2f1de191-26b2-4df1-bf4d-73d99b4ab309 (type: security_group_rules) to 0
2026-07-15 06:07:23.926 9 INFO neutron.db.ovn_revision_numbers_db [None req-a1da28f3-97bd-43ba-9310-f8ed15f171b7 4239e68166ed4136927cb286b7fb9c8a 4df009eeb35b4bdeb722721d47d8db55 - - default default] Successfully bumped revision number for resource 440680bd-0f03-40ed-9e7a-5f03e5ba676b (type: security_group_rules) to 0
2026-07-15 06:07:23.943 9 INFO neutron.db.ovn_revision_numbers_db [None req-3615ce73-8a24-49b2-9080-925f840daed1 4239e68166ed4136927cb286b7fb9c8a 4df009eeb35b4bdeb722721d47d8db55 - - default default] Successfully bumped revision number for resource 3019a88f-c5c2-4dfc-ac3e-902d5927a1f4 (type: security_group_rules) to 0
2026-07-15 06:07:23.945 9 INFO neutron.db.ovn_revision_numbers_db [None req-a1da28f3-97bd-43ba-9310-f8ed15f171b7 4239e68166ed4136927cb286b7fb9c8a 4df009eeb35b4bdeb722721d47d8db55 - - default default] Successfully bumped revision number for resource 56c39037-c700-49b1-b510-811c69ec8b33 (type: security_group_rules) to 0
2026-07-15 06:07:23.949 10 INFO neutron.wsgi [None req-5d916c17-3844-4b4a-a088-4ba266bd0f63 379585ce60004519b05428150d415a5a e17b0ea114a34904b656305901cf19e7 - - default default] 10.0.0.208 "GET /v2.0/trunks/6fd8bbc8-0b59-4885-bfaa-4192e7274a46 HTTP/1.1" status: 200 len: 603 time: 0.0198102
2026-07-15 06:07:23.959 9 INFO neutron.db.ovn_revision_numbers_db [None req-3615ce73-8a24-49b2-9080-925f840daed1 4239e68166ed4136927cb286b7fb9c8a 4df009eeb35b4bdeb722721d47d8db55 - - default default] Successfully bumped revision number for resource c156c87d-3b61-4c18-902d-143d4ff83270 (type: security_group_rules) to 0
2026-07-15 06:07:23.971 9 INFO neutron.db.ovn_revision_numbers_db [None req-a1da28f3-97bd-43ba-9310-f8ed15f171b7 4239e68166ed4136927cb286b7fb9c8a 4df009eeb35b4bdeb722721d47d8db55 - - default default] Successfully bumped revision number for resource d1a6b810-9c8c-49f6-8753-279f56107013 (type: security_group_rules) to 0
2026-07-15 06:07:23.982 9 INFO neutron.db.ovn_revision_numbers_db [None req-3615ce73-8a24-49b2-9080-925f840daed1 4239e68166ed4136927cb286b7fb9c8a 4df009eeb35b4bdeb722721d47d8db55 - - default default] Successfully bumped revision number for resource c774c869-15a1-4699-8dd7-9b0833b99ca1 (type: security_group_rules) to 0
2026-07-15 06:07:23.994 9 INFO neutron.wsgi [None req-a1da28f3-97bd-43ba-9310-f8ed15f171b7 4239e68166ed4136927cb286b7fb9c8a 4df009eeb35b4bdeb722721d47d8db55 - - default default] 10.0.0.208 "GET /v2.0/security-groups?tenant_id=3c1bd69919404af5be7084c5685234b0&name=default HTTP/1.1" status: 200 len: 3120 time: 0.3975410
2026-07-15 06:07:24.035 9 INFO neutron.db.segments_db [None req-3615ce73-8a24-49b2-9080-925f840daed1 4239e68166ed4136927cb286b7fb9c8a 4df009eeb35b4bdeb722721d47d8db55 - - default default] Added segment 70c489f7-3d89-42cc-95f6-655ad77c508a of type geneve for network ebaf1e9c-c242-4966-8745-28498043aaaa
2026-07-15 06:07:24.055 10 INFO neutron.wsgi [None req-39daed5e-13c2-4eb4-ab4d-5a3b54fa7619 379585ce60004519b05428150d415a5a e17b0ea114a34904b656305901cf19e7 - - default default] 10.0.0.208 "GET /v2.0/ports/1c0d374e-d841-468c-b946-d4d0d6d465aa HTTP/1.1" status: 200 len: 1020 time: 0.1010213
2026-07-15 06:07:24.098 9 INFO neutron.notifiers.nova [-] Nova event matching ['req-14f18e7c-5d39-4f25-9773-0bdbcd610089'] response: {'server_uuid': '743f2f98-8089-420b-aed5-ce6c867bc2b0', 'name': 'network-vif-plugged', 'status': 'completed', 'tag': '364aec5c-796f-4a20-a0b5-772397caf6c6', 'code': 200}
2026-07-15 06:07:24.098 9 INFO neutron.notifiers.nova [-] Nova event matching ['req-14f18e7c-5d39-4f25-9773-0bdbcd610089'] response: {'server_uuid': '743f2f98-8089-420b-aed5-ce6c867bc2b0', 'name': 'network-vif-plugged', 'status': 'completed', 'tag': '364aec5c-796f-4a20-a0b5-772397caf6c6', 'code': 200}
2026-07-15 06:07:24.142 10 INFO neutron.wsgi [None req-32e7b3f2-e434-4c3c-8393-5b612d9c46ea 379585ce60004519b05428150d415a5a e17b0ea114a34904b656305901cf19e7 - - default default] 10.0.0.208 "DELETE /v2.0/trunks/6fd8bbc8-0b59-4885-bfaa-4192e7274a46 HTTP/1.1" status: 204 len: 168 time: 0.0818739
2026-07-15 06:07:24.248 9 INFO neutron.db.ovn_revision_numbers_db [None req-3615ce73-8a24-49b2-9080-925f840daed1 4239e68166ed4136927cb286b7fb9c8a 4df009eeb35b4bdeb722721d47d8db55 - - default default] Successfully bumped revision number for resource ebaf1e9c-c242-4966-8745-28498043aaaa (type: networks) to 1
2026-07-15 06:07:24.411 9 INFO neutron.wsgi [None req-ed6c5f83-4c9d-45a2-a79f-9a548dbd9a69 4239e68166ed4136927cb286b7fb9c8a 4df009eeb35b4bdeb722721d47d8db55 - - default default] 10.0.0.208 "DELETE /v2.0/security-groups/083e84b3-21a3-42c3-8481-ce9a6cdefdde HTTP/1.1" status: 204 len: 168 time: 0.4110703
2026-07-15 06:07:24.455 9 WARNING neutron.scheduler.dhcp_agent_scheduler [None req-3615ce73-8a24-49b2-9080-925f840daed1 4239e68166ed4136927cb286b7fb9c8a 4df009eeb35b4bdeb722721d47d8db55 - - default default] No more DHCP agents
2026-07-15 06:07:24.459 9 WARNING neutron.api.rpc.agentnotifiers.dhcp_rpc_agent_api [None req-3615ce73-8a24-49b2-9080-925f840daed1 4239e68166ed4136927cb286b7fb9c8a 4df009eeb35b4bdeb722721d47d8db55 - - default default] Unable to schedule network ebaf1e9c-c242-4966-8745-28498043aaaa: no agents available; will retry on subsequent port and subnet creation events.
2026-07-15 06:07:24.547 9 INFO neutron.db.ovn_revision_numbers_db [None req-3615ce73-8a24-49b2-9080-925f840daed1 4239e68166ed4136927cb286b7fb9c8a 4df009eeb35b4bdeb722721d47d8db55 - - default default] Successfully bumped revision number for resource c7841aee-37bd-4f3e-b946-673dd2163b0a (type: ports) to 1
2026-07-15 06:07:24.559 10 INFO neutron.wsgi [req-4857e79d-d7b5-43b7-bae8-4167367d362d req-cce5e5c3-8784-4e7c-a428-2bc4b900fa52 3551f3ade1674dd7b584bbb8a56fd353 8afcf190b57e46e6ac5fdd87e8f07164 - - default default] 10.0.0.24 "GET /v2.0/ports?device_id=743f2f98-8089-420b-aed5-ce6c867bc2b0 HTTP/1.1" status: 200 len: 1174 time: 0.3900366
2026-07-15 06:07:24.573 9 INFO neutron.wsgi [None req-3615ce73-8a24-49b2-9080-925f840daed1 4239e68166ed4136927cb286b7fb9c8a 4df009eeb35b4bdeb722721d47d8db55 - - default default] 10.0.0.208 "POST /v2.0/networks HTTP/1.1" status: 201 len: 942 time: 1.0373642
2026-07-15 06:07:24.616 10 INFO neutron.wsgi [req-4857e79d-d7b5-43b7-bae8-4167367d362d req-3173cb71-319a-4fed-92f3-f3452b65ffd6 3551f3ade1674dd7b584bbb8a56fd353 8afcf190b57e46e6ac5fdd87e8f07164 - - default default] 10.0.0.24 "GET /v2.0/security-groups?id=37269a00-0769-4398-aa12-f028902b7503&fields=id&fields=name HTTP/1.1" status: 200 len: 313 time: 0.0501525
2026-07-15 06:07:24.720 9 WARNING neutron.scheduler.dhcp_agent_scheduler [None req-9c4a26a9-db91-4fa2-b64b-4ef252278390 4239e68166ed4136927cb286b7fb9c8a 4df009eeb35b4bdeb722721d47d8db55 - - default default] No more DHCP agents
2026-07-15 06:07:24.722 9 WARNING neutron.api.rpc.agentnotifiers.dhcp_rpc_agent_api [None req-9c4a26a9-db91-4fa2-b64b-4ef252278390 4239e68166ed4136927cb286b7fb9c8a 4df009eeb35b4bdeb722721d47d8db55 - - default default] Unable to schedule network ebaf1e9c-c242-4966-8745-28498043aaaa: no agents available; will retry on subsequent port and subnet creation events.
2026-07-15 06:07:24.739 10 INFO neutron.wsgi [None req-d437853d-150f-4907-a141-686560c13c04 379585ce60004519b05428150d415a5a e17b0ea114a34904b656305901cf19e7 - - default default] 10.0.0.208 "DELETE /v2.0/ports/1c0d374e-d841-468c-b946-d4d0d6d465aa HTTP/1.1" status: 204 len: 168 time: 0.5907650
2026-07-15 06:07:25.069 10 INFO neutron.services.segments.plugin [-] Segment 14dad0a5-bc7b-4dce-8383-716495656bf5 resource provider aggregate not found
2026-07-15 06:07:25.077 10 INFO neutron.services.segments.plugin [-] Segment 14dad0a5-bc7b-4dce-8383-716495656bf5 resource provider aggregate not found
2026-07-15 06:07:25.087 10 INFO neutron.services.segments.plugin [-] Segment 14dad0a5-bc7b-4dce-8383-716495656bf5 resource provider not found; error: Placement Client Error (4xx): {"errors": [{"status": 404, "title": "Not Found", "detail": "The resource could not be found.\n\n No resource provider with uuid 14dad0a5-bc7b-4dce-8383-716495656bf5 found for delete ", "request_id": "req-dc7f3725-cc5b-4751-8fb9-c8341e59d978"}]}
2026-07-15 06:07:25.091 10 INFO neutron.services.segments.plugin [-] Segment 14dad0a5-bc7b-4dce-8383-716495656bf5 resource provider not found; error: Placement Client Error (4xx): {"errors": [{"status": 404, "title": "Not Found", "detail": "The resource could not be found.\n\n No resource provider with uuid 14dad0a5-bc7b-4dce-8383-716495656bf5 found for delete ", "request_id": "req-068a02e1-29ba-4903-b153-07158cbdfa66"}]}
2026-07-15 06:07:25.105 10 INFO neutron.wsgi [None req-a35afa24-78fc-471e-a38c-a6f1fdf0aac2 379585ce60004519b05428150d415a5a e17b0ea114a34904b656305901cf19e7 - - default default] 10.0.0.208 "DELETE /v2.0/networks/f185ca8b-4af6-4d05-b0a3-294bd328cac5 HTTP/1.1" status: 204 len: 168 time: 0.3612835
2026-07-15 06:07:25.270 9 INFO neutron.db.ovn_revision_numbers_db [None req-9c4a26a9-db91-4fa2-b64b-4ef252278390 4239e68166ed4136927cb286b7fb9c8a 4df009eeb35b4bdeb722721d47d8db55 - - default default] Successfully bumped revision number for resource c7841aee-37bd-4f3e-b946-673dd2163b0a (type: ports) to 2
2026-07-15 06:07:25.313 9 INFO neutron.db.ovn_revision_numbers_db [None req-9c4a26a9-db91-4fa2-b64b-4ef252278390 4239e68166ed4136927cb286b7fb9c8a 4df009eeb35b4bdeb722721d47d8db55 - - default default] Successfully bumped revision number for resource b5d51d29-e209-4de0-8562-041ea0caee9a (type: subnets) to 0
2026-07-15 06:07:25.331 9 INFO neutron.wsgi [None req-9c4a26a9-db91-4fa2-b64b-4ef252278390 4239e68166ed4136927cb286b7fb9c8a 4df009eeb35b4bdeb722721d47d8db55 - - default default] 10.0.0.208 "POST /v2.0/subnets HTTP/1.1" status: 201 len: 862 time: 0.7543736
2026-07-15 06:07:25.717 10 INFO neutron.wsgi [req-ac070ea7-a7b8-41f2-8b28-07669fd4473f req-d8198133-c08a-4fd7-8999-f0d0d41684ac 3551f3ade1674dd7b584bbb8a56fd353 8afcf190b57e46e6ac5fdd87e8f07164 - - default default] 10.0.0.24 "GET /v2.0/ports?device_id=743f2f98-8089-420b-aed5-ce6c867bc2b0 HTTP/1.1" status: 200 len: 1174 time: 0.0310442
2026-07-15 06:07:25.771 10 INFO neutron.wsgi [req-ac070ea7-a7b8-41f2-8b28-07669fd4473f req-8c22e816-ae74-43a5-9d62-1bdb0043795a 3551f3ade1674dd7b584bbb8a56fd353 8afcf190b57e46e6ac5fdd87e8f07164 - - default default] 10.0.0.24 "GET /v2.0/security-groups?id=37269a00-0769-4398-aa12-f028902b7503&fields=id&fields=name HTTP/1.1" status: 200 len: 313 time: 0.0470033
2026-07-15 06:07:25.887 10 INFO neutron.wsgi [req-18af94e9-8281-48fa-bb81-076a35490c40 req-aa1653cb-ce71-4203-b3ba-f1fd6250130a 3551f3ade1674dd7b584bbb8a56fd353 8afcf190b57e46e6ac5fdd87e8f07164 - - default default] 10.0.0.24 "GET /v2.0/ports?device_id=743f2f98-8089-420b-aed5-ce6c867bc2b0 HTTP/1.1" status: 200 len: 1174 time: 0.0479138
2026-07-15 06:07:25.935 10 INFO neutron.wsgi [req-18af94e9-8281-48fa-bb81-076a35490c40 req-498b04db-3e70-4cca-9f89-50038010b4ac 3551f3ade1674dd7b584bbb8a56fd353 8afcf190b57e46e6ac5fdd87e8f07164 - - default default] 10.0.0.24 "GET /v2.0/security-groups?id=37269a00-0769-4398-aa12-f028902b7503&fields=id&fields=name HTTP/1.1" status: 200 len: 313 time: 0.0398047
2026-07-15 06:07:26.006 9 INFO neutron.wsgi [None req-926a4e57-8d2c-4e7f-b3dc-fa143cbadc27 dc13b7510510488d968f48893d222337 4cfb8039071e4027b967f2e20af80cd3 - - default default] 10.0.0.208 "GET /v2.0/ports?device_id=743f2f98-8089-420b-aed5-ce6c867bc2b0 HTTP/1.1" status: 200 len: 1408 time: 0.0405934
2026-07-15 06:07:26.241 9 WARNING neutron.scheduler.dhcp_agent_scheduler [None req-0aa151bc-ac38-4c50-8023-421c70ebd7df 4239e68166ed4136927cb286b7fb9c8a 4df009eeb35b4bdeb722721d47d8db55 - - default default] No more DHCP agents
2026-07-15 06:07:26.243 9 WARNING neutron.api.rpc.agentnotifiers.dhcp_rpc_agent_api [None req-0aa151bc-ac38-4c50-8023-421c70ebd7df 4239e68166ed4136927cb286b7fb9c8a 4df009eeb35b4bdeb722721d47d8db55 - - default default] Unable to schedule network 61d64043-fc3e-466a-9133-8257a54ec247: no agents available; will retry on subsequent port and subnet creation events.
2026-07-15 06:07:26.249 10 INFO neutron.db.ovn_revision_numbers_db [None req-e1413a5c-9102-4cd3-a156-5d989b3a3ebb 4239e68166ed4136927cb286b7fb9c8a 4df009eeb35b4bdeb722721d47d8db55 - - default default] Successfully bumped revision number for resource ce316129-4a31-4d19-b1b0-5a036580f05b (type: security_groups) to 1
2026-07-15 06:07:26.281 10 INFO neutron.db.ovn_revision_numbers_db [None req-e1413a5c-9102-4cd3-a156-5d989b3a3ebb 4239e68166ed4136927cb286b7fb9c8a 4df009eeb35b4bdeb722721d47d8db55 - - default default] Successfully bumped revision number for resource 502c7641-22ea-4330-ada3-1d6c1efcf023 (type: security_group_rules) to 0
2026-07-15 06:07:26.362 10 INFO neutron.db.ovn_revision_numbers_db [None req-e1413a5c-9102-4cd3-a156-5d989b3a3ebb 4239e68166ed4136927cb286b7fb9c8a 4df009eeb35b4bdeb722721d47d8db55 - - default default] Successfully bumped revision number for resource 7db8071d-3fa8-480a-8830-4e5171a8fe2a (type: security_group_rules) to 0
2026-07-15 06:07:26.410 10 INFO neutron.db.ovn_revision_numbers_db [None req-e1413a5c-9102-4cd3-a156-5d989b3a3ebb 4239e68166ed4136927cb286b7fb9c8a 4df009eeb35b4bdeb722721d47d8db55 - - default default] Successfully bumped revision number for resource da72862c-99d6-43e1-9d85-1215c13f7942 (type: security_group_rules) to 0
2026-07-15 06:07:26.430 9 INFO neutron.db.ovn_revision_numbers_db [None req-0aa151bc-ac38-4c50-8023-421c70ebd7df 4239e68166ed4136927cb286b7fb9c8a 4df009eeb35b4bdeb722721d47d8db55 - - default default] Successfully bumped revision number for resource 369262b3-d4e3-497e-ac24-ef50f412a82c (type: ports) to 1
2026-07-15 06:07:26.444 10 INFO neutron.db.ovn_revision_numbers_db [None req-e1413a5c-9102-4cd3-a156-5d989b3a3ebb 4239e68166ed4136927cb286b7fb9c8a 4df009eeb35b4bdeb722721d47d8db55 - - default default] Successfully bumped revision number for resource e7dcdc21-1f69-49d2-abc3-11781fe5f4c2 (type: security_group_rules) to 0
2026-07-15 06:07:26.495 10 INFO neutron.wsgi [None req-e1413a5c-9102-4cd3-a156-5d989b3a3ebb 4239e68166ed4136927cb286b7fb9c8a 4df009eeb35b4bdeb722721d47d8db55 - - default default] 10.0.0.208 "GET /v2.0/security-groups?tenant_id=ee97336e69e34ba9b85e8044b8dc3086&name=default HTTP/1.1" status: 200 len: 3120 time: 0.7584095
2026-07-15 06:07:26.922 9 INFO neutron.db.ovn_revision_numbers_db [None req-1282a8ad-e451-4c8f-9100-5ece1790784e 4239e68166ed4136927cb286b7fb9c8a 4df009eeb35b4bdeb722721d47d8db55 - - default default] Successfully bumped revision number for resource cf5f9b23-fc0c-475e-a557-f397f07478af (type: security_groups) to 1
2026-07-15 06:07:26.927 10 INFO neutron.db.ovn_revision_numbers_db [None req-cd13a388-82c0-486f-bc81-20bc27a271a6 3551f3ade1674dd7b584bbb8a56fd353 8afcf190b57e46e6ac5fdd87e8f07164 - - default default] Successfully bumped revision number for resource ff98473f-9348-46c9-934a-fef074c108a7 (type: floatingips) to 4
2026-07-15 06:07:26.958 9 INFO neutron.db.ovn_revision_numbers_db [None req-1282a8ad-e451-4c8f-9100-5ece1790784e 4239e68166ed4136927cb286b7fb9c8a 4df009eeb35b4bdeb722721d47d8db55 - - default default] Successfully bumped revision number for resource 469df010-685f-445c-a2b3-db7ef2372e5b (type: security_group_rules) to 0
2026-07-15 06:07:26.979 9 INFO neutron.wsgi [None req-538e6fbf-a5df-4cc3-a193-a2238d9ea429 4239e68166ed4136927cb286b7fb9c8a 4df009eeb35b4bdeb722721d47d8db55 - - default default] 10.0.0.208 "DELETE /v2.0/security-groups/ce316129-4a31-4d19-b1b0-5a036580f05b HTTP/1.1" status: 204 len: 168 time: 0.4790032
2026-07-15 06:07:26.988 9 INFO neutron.db.ovn_revision_numbers_db [None req-1282a8ad-e451-4c8f-9100-5ece1790784e 4239e68166ed4136927cb286b7fb9c8a 4df009eeb35b4bdeb722721d47d8db55 - - default default] Successfully bumped revision number for resource 4820fc9f-6725-47f6-aaa7-6b45381c1fa7 (type: security_group_rules) to 0
2026-07-15 06:07:27.019 9 INFO neutron.db.ovn_revision_numbers_db [None req-1282a8ad-e451-4c8f-9100-5ece1790784e 4239e68166ed4136927cb286b7fb9c8a 4df009eeb35b4bdeb722721d47d8db55 - - default default] Successfully bumped revision number for resource a209bac7-002a-4b9f-8532-ab51d44addab (type: security_group_rules) to 0
2026-07-15 06:07:27.049 9 INFO neutron.db.ovn_revision_numbers_db [None req-1282a8ad-e451-4c8f-9100-5ece1790784e 4239e68166ed4136927cb286b7fb9c8a 4df009eeb35b4bdeb722721d47d8db55 - - default default] Successfully bumped revision number for resource dc753190-2a18-4cf2-b520-f95c6692aacd (type: security_group_rules) to 0
2026-07-15 06:07:27.099 10 INFO neutron.db.ovn_revision_numbers_db [None req-cd13a388-82c0-486f-bc81-20bc27a271a6 3551f3ade1674dd7b584bbb8a56fd353 8afcf190b57e46e6ac5fdd87e8f07164 - - default default] Successfully bumped revision number for resource ff98473f-9348-46c9-934a-fef074c108a7 (type: floatingips) to 5
2026-07-15 06:07:27.099 10 INFO neutron.db.l3_db [None req-cd13a388-82c0-486f-bc81-20bc27a271a6 3551f3ade1674dd7b584bbb8a56fd353 8afcf190b57e46e6ac5fdd87e8f07164 - - default default] Floating IP ff98473f-9348-46c9-934a-fef074c108a7 associated. External IP: 10.96.250.215, port: 364aec5c-796f-4a20-a0b5-772397caf6c6.
2026-07-15 06:07:27.118 9 INFO neutron.db.segments_db [None req-1282a8ad-e451-4c8f-9100-5ece1790784e 4239e68166ed4136927cb286b7fb9c8a 4df009eeb35b4bdeb722721d47d8db55 - - default default] Added segment 213ad017-f51d-44e5-8767-598579d746cb of type geneve for network d5d5ef3c-bad4-4f1c-892d-a99841349236
2026-07-15 06:07:27.130 10 INFO neutron.wsgi [None req-cd13a388-82c0-486f-bc81-20bc27a271a6 3551f3ade1674dd7b584bbb8a56fd353 8afcf190b57e46e6ac5fdd87e8f07164 - - default default] 10.0.0.208 "PUT /v2.0/floatingips/ff98473f-9348-46c9-934a-fef074c108a7 HTTP/1.1" status: 200 len: 1050 time: 1.1177523 /var/lib/openstack/lib/python3.10/site-packages/pycadf/identifier.py:71: UserWarning: Invalid uuid: neutron. To ensure interoperability, identifiers should be a valid uuid. warnings.warn(('Invalid uuid: %s. To ensure interoperability, '
2026-07-15 06:07:27.176 10 INFO neutron.notifiers.nova [-] Nova event matching ['req-e2d728aa-22b8-452e-9a65-eef4e2d20283'] response: {'name': 'network-changed', 'server_uuid': '743f2f98-8089-420b-aed5-ce6c867bc2b0', 'tag': '364aec5c-796f-4a20-a0b5-772397caf6c6', 'status': 'completed', 'code': 200}
2026-07-15 06:07:27.198 10 INFO neutron.wsgi [None req-5ce7d6f2-6653-47ff-a155-1ba65bda9f2f 3551f3ade1674dd7b584bbb8a56fd353 8afcf190b57e46e6ac5fdd87e8f07164 - - default default] 10.0.0.208 "GET /v2.0/floatingips/ff98473f-9348-46c9-934a-fef074c108a7 HTTP/1.1" status: 200 len: 1052 time: 0.0605483
2026-07-15 06:07:27.213 10 INFO neutron.wsgi [None req-bd0b9a08-34aa-4441-999f-59324c5c9f97 4239e68166ed4136927cb286b7fb9c8a 4df009eeb35b4bdeb722721d47d8db55 - - default default] 10.0.0.208 "GET /v2.0/security-groups?tenant_id=e17b0ea114a34904b656305901cf19e7&name=default HTTP/1.1" status: 200 len: 3120 time: 0.0654330
2026-07-15 06:07:27.290 9 INFO neutron.wsgi [req-385dd2e8-09eb-4a15-a62e-6406c568de2c req-d4cf87df-d14b-4ede-9205-27c1bc7af315 cd9b9ee205c84cddbe4d7c10fe1a120b dfcca62c60f942559238de17f9258104 - - 69172da1aae54a58bc71ea00e04f72f7 69172da1aae54a58bc71ea00e04f72f7] 199.204.45.210 "GET /v2.0/ports?tenant_id=8afcf190b57e46e6ac5fdd87e8f07164&device_id=743f2f98-8089-420b-aed5-ce6c867bc2b0 HTTP/1.1" status: 200 len: 1413 time: 0.0875456
2026-07-15 06:07:27.361 9 INFO neutron.db.ovn_revision_numbers_db [None req-1282a8ad-e451-4c8f-9100-5ece1790784e 4239e68166ed4136927cb286b7fb9c8a 4df009eeb35b4bdeb722721d47d8db55 - - default default] Successfully bumped revision number for resource d5d5ef3c-bad4-4f1c-892d-a99841349236 (type: networks) to 1
2026-07-15 06:07:27.419 9 INFO neutron.wsgi [req-385dd2e8-09eb-4a15-a62e-6406c568de2c req-96b7ec68-037a-45ab-a591-f41a71ea1e12 cd9b9ee205c84cddbe4d7c10fe1a120b dfcca62c60f942559238de17f9258104 - - 69172da1aae54a58bc71ea00e04f72f7 69172da1aae54a58bc71ea00e04f72f7] 199.204.45.210 "GET /v2.0/networks?id=cb4737b5-157d-4425-8da8-a1ac7b55c6fb HTTP/1.1" status: 200 len: 957 time: 0.1226630
2026-07-15 06:07:27.456 10 INFO neutron.wsgi [None req-16f5b8f7-0026-4034-95f7-f7baaeb9c438 4239e68166ed4136927cb286b7fb9c8a 4df009eeb35b4bdeb722721d47d8db55 - - default default] 10.0.0.208 "DELETE /v2.0/security-groups/c6c11bf5-5bc6-4404-bbfb-858b7cb49fca HTTP/1.1" status: 204 len: 168 time: 0.2378495
2026-07-15 06:07:27.500 9 INFO neutron.plugins.ml2.drivers.ovn.mech_driver.ovsdb.commands [None req-94d80a61-0f9b-46e0-9929-59e5e401525e - - - - - -] Schedule LRP lrp-369262b3-d4e3-497e-ac24-ef50f412a82c on gateway 09dc8415-5e84-46b1-8c1e-26d17f8a839a with priority 1
2026-07-15 06:07:27.523 10 INFO neutron.plugins.ml2.drivers.ovn.mech_driver.ovsdb.ovsdb_monitor [None req-738ee074-ef3a-40a1-b4a3-aa7af4e30fbd - - - - - -] Router 0817a9b5-a38d-441b-86c1-0cc6b073c4ce is bound to host instance
2026-07-15 06:07:27.524 9 INFO neutron.wsgi [req-385dd2e8-09eb-4a15-a62e-6406c568de2c req-e75d5ad7-cd71-4b3d-80fe-d4d94fde3e0b cd9b9ee205c84cddbe4d7c10fe1a120b dfcca62c60f942559238de17f9258104 - - 69172da1aae54a58bc71ea00e04f72f7 69172da1aae54a58bc71ea00e04f72f7] 199.204.45.210 "GET /v2.0/floatingips?fixed_ip_address=10.100.0.11&port_id=364aec5c-796f-4a20-a0b5-772397caf6c6 HTTP/1.1" status: 200 len: 1060 time: 0.0977223
2026-07-15 06:07:27.530 9 INFO neutron.plugins.ml2.drivers.ovn.mech_driver.mech_driver [None req-424360a4-b402-4a28-b76b-5c5ebb5779bb - - - - - -] OVN reports status up for port: 369262b3-d4e3-497e-ac24-ef50f412a82c
2026-07-15 06:07:27.586 9 INFO neutron.plugins.ml2.plugin [None req-424360a4-b402-4a28-b76b-5c5ebb5779bb - - - - - -] Attempt 1 to provision port 369262b3-d4e3-497e-ac24-ef50f412a82c
2026-07-15 06:07:27.607 9 INFO neutron.wsgi [req-385dd2e8-09eb-4a15-a62e-6406c568de2c req-31d0c456-2c48-48e0-a183-75a8536b49a4 cd9b9ee205c84cddbe4d7c10fe1a120b dfcca62c60f942559238de17f9258104 - - 69172da1aae54a58bc71ea00e04f72f7 69172da1aae54a58bc71ea00e04f72f7] 199.204.45.210 "GET /v2.0/subnets?id=127a5cb3-457e-41ea-913c-c188666a7a9b HTTP/1.1" status: 200 len: 852 time: 0.0761979
2026-07-15 06:07:27.634 9 INFO neutron.db.ovn_revision_numbers_db [None req-0aa151bc-ac38-4c50-8023-421c70ebd7df 4239e68166ed4136927cb286b7fb9c8a 4df009eeb35b4bdeb722721d47d8db55 - - default default] Successfully bumped revision number for resource 369262b3-d4e3-497e-ac24-ef50f412a82c (type: router_ports) to 1
2026-07-15 06:07:27.647 9 INFO neutron.wsgi [req-385dd2e8-09eb-4a15-a62e-6406c568de2c req-76247828-3b38-44ed-b94f-7efe36ebe892 cd9b9ee205c84cddbe4d7c10fe1a120b dfcca62c60f942559238de17f9258104 - - 69172da1aae54a58bc71ea00e04f72f7 69172da1aae54a58bc71ea00e04f72f7] 199.204.45.210 "GET /v2.0/ports?network_id=cb4737b5-157d-4425-8da8-a1ac7b55c6fb&device_owner=network%3Adhcp HTTP/1.1" status: 200 len: 210 time: 0.0289857
2026-07-15 06:07:28.012 9 WARNING neutron.scheduler.dhcp_agent_scheduler [None req-1282a8ad-e451-4c8f-9100-5ece1790784e 4239e68166ed4136927cb286b7fb9c8a 4df009eeb35b4bdeb722721d47d8db55 - - default default] No more DHCP agents
2026-07-15 06:07:28.019 9 WARNING neutron.api.rpc.agentnotifiers.dhcp_rpc_agent_api [None req-1282a8ad-e451-4c8f-9100-5ece1790784e 4239e68166ed4136927cb286b7fb9c8a 4df009eeb35b4bdeb722721d47d8db55 - - default default] Unable to schedule network d5d5ef3c-bad4-4f1c-892d-a99841349236: no agents available; will retry on subsequent port and subnet creation events.
2026-07-15 06:07:28.049 9 INFO neutron.db.ovn_revision_numbers_db [None req-0aa151bc-ac38-4c50-8023-421c70ebd7df 4239e68166ed4136927cb286b7fb9c8a 4df009eeb35b4bdeb722721d47d8db55 - - default default] Successfully bumped revision number for resource 0817a9b5-a38d-441b-86c1-0cc6b073c4ce (type: routers) to 2
2026-07-15 06:07:28.066 9 INFO neutron.wsgi [req-385dd2e8-09eb-4a15-a62e-6406c568de2c req-d7b7cc80-e768-4b5e-85f5-5e29a2f6fe9e cd9b9ee205c84cddbe4d7c10fe1a120b dfcca62c60f942559238de17f9258104 - - 69172da1aae54a58bc71ea00e04f72f7 69172da1aae54a58bc71ea00e04f72f7] 199.204.45.210 "GET /v2.0/networks/cb4737b5-157d-4425-8da8-a1ac7b55c6fb?fields=segments HTTP/1.1" status: 200 len: 212 time: 0.4025254
2026-07-15 06:07:28.109 9 INFO neutron.wsgi [None req-0aa151bc-ac38-4c50-8023-421c70ebd7df 4239e68166ed4136927cb286b7fb9c8a 4df009eeb35b4bdeb722721d47d8db55 - - default default] 10.0.0.208 "POST /v2.0/routers HTTP/1.1" status: 201 len: 1164 time: 2.7723920
2026-07-15 06:07:28.185 9 INFO neutron.wsgi [req-385dd2e8-09eb-4a15-a62e-6406c568de2c req-bbf206f6-8b22-4c74-9504-4c40543b6ffe cd9b9ee205c84cddbe4d7c10fe1a120b dfcca62c60f942559238de17f9258104 - - 69172da1aae54a58bc71ea00e04f72f7 69172da1aae54a58bc71ea00e04f72f7] 199.204.45.210 "GET /v2.0/networks/cb4737b5-157d-4425-8da8-a1ac7b55c6fb?fields=provider%3Aphysical_network&fields=provider%3Anetwork_type HTTP/1.1" status: 200 len: 277 time: 0.1090293
2026-07-15 06:07:28.210 9 INFO neutron.db.ovn_revision_numbers_db [None req-1282a8ad-e451-4c8f-9100-5ece1790784e 4239e68166ed4136927cb286b7fb9c8a 4df009eeb35b4bdeb722721d47d8db55 - - default default] Successfully bumped revision number for resource 515993d4-6c06-47d5-972c-70a8a073360c (type: ports) to 1
2026-07-15 06:07:28.252 9 INFO neutron.wsgi [None req-1282a8ad-e451-4c8f-9100-5ece1790784e 4239e68166ed4136927cb286b7fb9c8a 4df009eeb35b4bdeb722721d47d8db55 - - default default] 10.0.0.208 "POST /v2.0/networks HTTP/1.1" status: 201 len: 943 time: 1.7899525
2026-07-15 06:07:28.524 10 WARNING neutron.scheduler.dhcp_agent_scheduler [None req-b788b882-bd4e-44d7-a827-4a8d06fef021 4239e68166ed4136927cb286b7fb9c8a 4df009eeb35b4bdeb722721d47d8db55 - - default default] No more DHCP agents
2026-07-15 06:07:28.533 10 WARNING neutron.api.rpc.agentnotifiers.dhcp_rpc_agent_api [None req-b788b882-bd4e-44d7-a827-4a8d06fef021 4239e68166ed4136927cb286b7fb9c8a 4df009eeb35b4bdeb722721d47d8db55 - - default default] Unable to schedule network d5d5ef3c-bad4-4f1c-892d-a99841349236: no agents available; will retry on subsequent port and subnet creation events.
2026-07-15 06:07:28.695 9 WARNING neutron.scheduler.dhcp_agent_scheduler [None req-b8ab393f-63b5-42ab-a8ec-8eeffe8453a8 4239e68166ed4136927cb286b7fb9c8a 4df009eeb35b4bdeb722721d47d8db55 - - default default] No more DHCP agents
2026-07-15 06:07:28.697 9 WARNING neutron.api.rpc.agentnotifiers.dhcp_rpc_agent_api [None req-b8ab393f-63b5-42ab-a8ec-8eeffe8453a8 4239e68166ed4136927cb286b7fb9c8a 4df009eeb35b4bdeb722721d47d8db55 - - default default] Unable to schedule network ebaf1e9c-c242-4966-8745-28498043aaaa: no agents available; will retry on subsequent port and subnet creation events.
2026-07-15 06:07:28.764 10 INFO neutron.db.ovn_revision_numbers_db [None req-738ee074-ef3a-40a1-b4a3-aa7af4e30fbd - - - - - -] Successfully bumped revision number for resource 369262b3-d4e3-497e-ac24-ef50f412a82c (type: ports) to 1
2026-07-15 06:07:28.847 9 INFO neutron.db.ovn_revision_numbers_db [None req-b8ab393f-63b5-42ab-a8ec-8eeffe8453a8 4239e68166ed4136927cb286b7fb9c8a 4df009eeb35b4bdeb722721d47d8db55 - - default default] Successfully bumped revision number for resource 4e7c6a26-be2d-4633-aa88-370217d251b6 (type: ports) to 1
2026-07-15 06:07:29.264 10 INFO neutron.db.ovn_revision_numbers_db [None req-b788b882-bd4e-44d7-a827-4a8d06fef021 4239e68166ed4136927cb286b7fb9c8a 4df009eeb35b4bdeb722721d47d8db55 - - default default] Successfully bumped revision number for resource 515993d4-6c06-47d5-972c-70a8a073360c (type: ports) to 2
2026-07-15 06:07:29.346 10 INFO neutron.db.ovn_revision_numbers_db [None req-b788b882-bd4e-44d7-a827-4a8d06fef021 4239e68166ed4136927cb286b7fb9c8a 4df009eeb35b4bdeb722721d47d8db55 - - default default] Successfully bumped revision number for resource 2d0e0205-a51d-4acc-b90c-7908647d821c (type: subnets) to 0
2026-07-15 06:07:29.359 10 INFO neutron.db.ovn_revision_numbers_db [None req-738ee074-ef3a-40a1-b4a3-aa7af4e30fbd - - - - - -] Successfully bumped revision number for resource 369262b3-d4e3-497e-ac24-ef50f412a82c (type: router_ports) to 3
2026-07-15 06:07:29.374 10 INFO neutron.wsgi [None req-b788b882-bd4e-44d7-a827-4a8d06fef021 4239e68166ed4136927cb286b7fb9c8a 4df009eeb35b4bdeb722721d47d8db55 - - default default] 10.0.0.208 "POST /v2.0/subnets HTTP/1.1" status: 201 len: 863 time: 1.1145639
2026-07-15 06:07:29.471 9 ERROR ovsdbapp.backend.ovs_idl.command [None req-b8ab393f-63b5-42ab-a8ec-8eeffe8453a8 4239e68166ed4136927cb286b7fb9c8a 4df009eeb35b4bdeb722721d47d8db55 - - default default] Error executing command (DbGetCommand): ovsdbapp.backend.ovs_idl.idlutils.RowNotFound: Cannot find Logical_Router_Port with name=lrp-4e7c6a26-be2d-4633-aa88-370217d251b6
2026-07-15 06:07:29.471 9 ERROR ovsdbapp.backend.ovs_idl.command
Traceback (most recent call last):
2026-07-15 06:07:29.471 9 ERROR ovsdbapp.backend.ovs_idl.command
File "/var/lib/openstack/lib/python3.10/site-packages/ovsdbapp/backend/ovs_idl/command.py", line 47, in execute
2026-07-15 06:07:29.471 9 ERROR ovsdbapp.backend.ovs_idl.command self.run_idl(None)
2026-07-15 06:07:29.471 9 ERROR ovsdbapp.backend.ovs_idl.command
File "/var/lib/openstack/lib/python3.10/site-packages/ovsdbapp/backend/ovs_idl/command.py", line 235, in run_idl
2026-07-15 06:07:29.471 9 ERROR ovsdbapp.backend.ovs_idl.command record = self.api.lookup(self.table, self.record)
2026-07-15 06:07:29.471 9 ERROR ovsdbapp.backend.ovs_idl.command
File "/var/lib/openstack/lib/python3.10/site-packages/ovsdbapp/backend/ovs_idl/__init__.py", line 184, in lookup
2026-07-15 06:07:29.471 9 ERROR ovsdbapp.backend.ovs_idl.command return self._lookup(table, record)
2026-07-15 06:07:29.471 9 ERROR ovsdbapp.backend.ovs_idl.command
File "/var/lib/openstack/lib/python3.10/site-packages/ovsdbapp/backend/ovs_idl/__init__.py", line 235, in _lookup
2026-07-15 06:07:29.471 9 ERROR ovsdbapp.backend.ovs_idl.command row = idlutils.row_by_value(self, rl.table, rl.column, record)
2026-07-15 06:07:29.471 9 ERROR ovsdbapp.backend.ovs_idl.command
File "/var/lib/openstack/lib/python3.10/site-packages/ovsdbapp/backend/ovs_idl/idlutils.py", line 114, in row_by_value
2026-07-15 06:07:29.471 9 ERROR ovsdbapp.backend.ovs_idl.command raise RowNotFound(table=table, col=column, match=match)
2026-07-15 06:07:29.471 9 ERROR ovsdbapp.backend.ovs_idl.command ovsdbapp.backend.ovs_idl.idlutils.RowNotFound: Cannot find Logical_Router_Port with name=lrp-4e7c6a26-be2d-4633-aa88-370217d251b6
2026-07-15 06:07:29.471 9 ERROR ovsdbapp.backend.ovs_idl.command 
2026-07-15 06:07:29.471 9 ERROR neutron_lib.callbacks.manager [None req-b8ab393f-63b5-42ab-a8ec-8eeffe8453a8 4239e68166ed4136927cb286b7fb9c8a 4df009eeb35b4bdeb722721d47d8db55 - - default default] Error during notification for neutron.services.ovn_l3.plugin.OVNL3RouterPlugin._port_update-8739481113318 port, after_update: ovsdbapp.backend.ovs_idl.idlutils.RowNotFound: Cannot find Logical_Router_Port with name=lrp-4e7c6a26-be2d-4633-aa88-370217d251b6
2026-07-15 06:07:29.471 9 ERROR neutron_lib.callbacks.manager
Traceback (most recent call last):
2026-07-15 06:07:29.471 9 ERROR neutron_lib.callbacks.manager
File "/var/lib/openstack/lib/python3.10/site-packages/neutron_lib/callbacks/manager.py", line 189, in _notify_loop
2026-07-15 06:07:29.471 9 ERROR neutron_lib.callbacks.manager callback.method(resource, event, trigger, payload=payload)
2026-07-15 06:07:29.471 9 ERROR neutron_lib.callbacks.manager
File "/var/lib/openstack/lib/python3.10/site-packages/neutron/services/ovn_l3/plugin.py", line 391, in _port_update
2026-07-15 06:07:29.471 9 ERROR neutron_lib.callbacks.manager l3plugin._ovn_client.update_router_port(context,
2026-07-15 06:07:29.471 9 ERROR neutron_lib.callbacks.manager
File "/var/lib/openstack/lib/python3.10/site-packages/neutron/plugins/ml2/drivers/ovn/mech_driver/ovsdb/ovn_client.py", line 1878, in update_router_port
2026-07-15 06:07:29.471 9 ERROR neutron_lib.callbacks.manager self._update_lrouter_port(context, port, if_exists=if_exists,
2026-07-15 06:07:29.471 9 ERROR neutron_lib.callbacks.manager
File "/var/lib/openstack/lib/python3.10/site-packages/neutron/plugins/ml2/drivers/ovn/mech_driver/ovsdb/ovn_client.py", line 1855, in _update_lrouter_port
2026-07-15 06:07:29.471 9 ERROR neutron_lib.callbacks.manager external_ids = self._nb_idl.db_get(
2026-07-15 06:07:29.471 9 ERROR neutron_lib.callbacks.manager
File "/var/lib/openstack/lib/python3.10/site-packages/ovsdbapp/backend/ovs_idl/command.py", line 47, in execute
2026-07-15 06:07:29.471 9 ERROR neutron_lib.callbacks.manager self.run_idl(None)
2026-07-15 06:07:29.471 9 ERROR neutron_lib.callbacks.manager
File "/var/lib/openstack/lib/python3.10/site-packages/ovsdbapp/backend/ovs_idl/command.py", line 235, in run_idl
2026-07-15 06:07:29.471 9 ERROR neutron_lib.callbacks.manager record = self.api.lookup(self.table, self.record)
2026-07-15 06:07:29.471 9 ERROR neutron_lib.callbacks.manager
File "/var/lib/openstack/lib/python3.10/site-packages/ovsdbapp/backend/ovs_idl/__init__.py", line 184, in lookup
2026-07-15 06:07:29.471 9 ERROR neutron_lib.callbacks.manager return self._lookup(table, record)
2026-07-15 06:07:29.471 9 ERROR neutron_lib.callbacks.manager
File "/var/lib/openstack/lib/python3.10/site-packages/ovsdbapp/backend/ovs_idl/__init__.py", line 235, in _lookup
2026-07-15 06:07:29.471 9 ERROR neutron_lib.callbacks.manager row = idlutils.row_by_value(self, rl.table, rl.column, record)
2026-07-15 06:07:29.471 9 ERROR neutron_lib.callbacks.manager
File "/var/lib/openstack/lib/python3.10/site-packages/ovsdbapp/backend/ovs_idl/idlutils.py", line 114, in row_by_value
2026-07-15 06:07:29.471 9 ERROR neutron_lib.callbacks.manager raise RowNotFound(table=table, col=column, match=match)
2026-07-15 06:07:29.471 9 ERROR neutron_lib.callbacks.manager ovsdbapp.backend.ovs_idl.idlutils.RowNotFound: Cannot find Logical_Router_Port with name=lrp-4e7c6a26-be2d-4633-aa88-370217d251b6
2026-07-15 06:07:29.471 9 ERROR neutron_lib.callbacks.manager 
2026-07-15 06:07:29.712 10 INFO neutron.plugins.ml2.drivers.ovn.mech_driver.mech_driver [None req-d90ae858-aa8d-4b21-9d44-4f81669ce97e - - - - - -] OVN reports status up for port: 4e7c6a26-be2d-4633-aa88-370217d251b6
2026-07-15 06:07:29.729 9 INFO neutron.db.ovn_revision_numbers_db [None req-b8ab393f-63b5-42ab-a8ec-8eeffe8453a8 4239e68166ed4136927cb286b7fb9c8a 4df009eeb35b4bdeb722721d47d8db55 - - default default] Successfully bumped revision number for resource 4e7c6a26-be2d-4633-aa88-370217d251b6 (type: ports) to 1
2026-07-15 06:07:29.744 10 INFO neutron.plugins.ml2.plugin [None req-d90ae858-aa8d-4b21-9d44-4f81669ce97e - - - - - -] Attempt 1 to provision port 4e7c6a26-be2d-4633-aa88-370217d251b6
2026-07-15 06:07:29.798 9 WARNING neutron.scheduler.dhcp_agent_scheduler [None req-b8ab393f-63b5-42ab-a8ec-8eeffe8453a8 4239e68166ed4136927cb286b7fb9c8a 4df009eeb35b4bdeb722721d47d8db55 - - default default] No more DHCP agents
2026-07-15 06:07:29.799 9 WARNING neutron.api.rpc.agentnotifiers.dhcp_rpc_agent_api [None req-b8ab393f-63b5-42ab-a8ec-8eeffe8453a8 4239e68166ed4136927cb286b7fb9c8a 4df009eeb35b4bdeb722721d47d8db55 - - default default] Unable to schedule network ebaf1e9c-c242-4966-8745-28498043aaaa: no agents available; will retry on subsequent port and subnet creation events.
2026-07-15 06:07:30.044 10 INFO neutron.db.ovn_revision_numbers_db [None req-738ee074-ef3a-40a1-b4a3-aa7af4e30fbd - - - - - -] Successfully bumped revision number for resource 369262b3-d4e3-497e-ac24-ef50f412a82c (type: ports) to 2
2026-07-15 06:07:30.461 10 WARNING neutron.scheduler.dhcp_agent_scheduler [None req-19ddfaa1-59a5-4805-bc59-af72f42808d7 4239e68166ed4136927cb286b7fb9c8a 4df009eeb35b4bdeb722721d47d8db55 - - default default] No more DHCP agents
2026-07-15 06:07:30.467 10 WARNING neutron.api.rpc.agentnotifiers.dhcp_rpc_agent_api [None req-19ddfaa1-59a5-4805-bc59-af72f42808d7 4239e68166ed4136927cb286b7fb9c8a 4df009eeb35b4bdeb722721d47d8db55 - - default default] Unable to schedule network 61d64043-fc3e-466a-9133-8257a54ec247: no agents available; will retry on subsequent port and subnet creation events.
2026-07-15 06:07:30.508 9 INFO neutron.db.ovn_revision_numbers_db [None req-b8ab393f-63b5-42ab-a8ec-8eeffe8453a8 4239e68166ed4136927cb286b7fb9c8a 4df009eeb35b4bdeb722721d47d8db55 - - default default] Successfully bumped revision number for resource 4e7c6a26-be2d-4633-aa88-370217d251b6 (type: router_ports) to 1
2026-07-15 06:07:30.514 9 INFO neutron.wsgi [None req-b8ab393f-63b5-42ab-a8ec-8eeffe8453a8 4239e68166ed4136927cb286b7fb9c8a 4df009eeb35b4bdeb722721d47d8db55 - - default default] 10.0.0.208 "PUT /v2.0/routers/0817a9b5-a38d-441b-86c1-0cc6b073c4ce/add_router_interface HTTP/1.1" status: 200 len: 503 time: 2.3924260
2026-07-15 06:07:30.581 10 INFO neutron.db.ovn_revision_numbers_db [None req-d90ae858-aa8d-4b21-9d44-4f81669ce97e - - - - - -] Successfully bumped revision number for resource 4e7c6a26-be2d-4633-aa88-370217d251b6 (type: ports) to 2
2026-07-15 06:07:30.905 9 WARNING neutron_lib.context [None req-5843c75a-5c18-4e26-b525-ff305829ac6f d0c4f147df4e49e38e01cafc736ab6cc 59d42af7ca8d4040bda658e1afa23e09 - - default default] Method 'is_advsvc' is deprecated since 2023.2 release (neutron-lib 3.8.0) and will be removed once support for the old RBAC API policies will be removed from Neutron. Please use method 'is_service_role' instead.
2026-07-15 06:07:31.033 10 INFO neutron.db.ovn_revision_numbers_db [None req-19ddfaa1-59a5-4805-bc59-af72f42808d7 4239e68166ed4136927cb286b7fb9c8a 4df009eeb35b4bdeb722721d47d8db55 - - default default] Successfully bumped revision number for resource 7c7f4c1e-2c7a-4513-bbc0-06392e204684 (type: ports) to 1
2026-07-15 06:07:31.079 10 INFO neutron.db.ovn_revision_numbers_db [None req-738ee074-ef3a-40a1-b4a3-aa7af4e30fbd - - - - - -] Successfully bumped revision number for resource 369262b3-d4e3-497e-ac24-ef50f412a82c (type: ports) to 4
2026-07-15 06:07:31.081 9 INFO neutron.db.ovn_revision_numbers_db [None req-5843c75a-5c18-4e26-b525-ff305829ac6f d0c4f147df4e49e38e01cafc736ab6cc 59d42af7ca8d4040bda658e1afa23e09 - - default default] Successfully bumped revision number for resource f4fe4c40-7c47-4c73-a39f-095d76b2b43b (type: security_groups) to 1
2026-07-15 06:07:31.095 9 INFO neutron.db.ovn_revision_numbers_db [None req-5843c75a-5c18-4e26-b525-ff305829ac6f d0c4f147df4e49e38e01cafc736ab6cc 59d42af7ca8d4040bda658e1afa23e09 - - default default] Successfully bumped revision number for resource 4a0276d5-3352-4cd8-b3ca-9f51f377187f (type: security_group_rules) to 0
2026-07-15 06:07:31.112 10 INFO neutron.db.ovn_revision_numbers_db [None req-d90ae858-aa8d-4b21-9d44-4f81669ce97e - - - - - -] Successfully bumped revision number for resource 4e7c6a26-be2d-4633-aa88-370217d251b6 (type: router_ports) to 2
2026-07-15 06:07:31.111 9 INFO neutron.db.ovn_revision_numbers_db [None req-5843c75a-5c18-4e26-b525-ff305829ac6f d0c4f147df4e49e38e01cafc736ab6cc 59d42af7ca8d4040bda658e1afa23e09 - - default default] Successfully bumped revision number for resource 4d782cc7-cf6a-462d-88a0-4c68679cfe34 (type: security_group_rules) to 0
2026-07-15 06:07:31.126 9 INFO neutron.db.ovn_revision_numbers_db [None req-5843c75a-5c18-4e26-b525-ff305829ac6f d0c4f147df4e49e38e01cafc736ab6cc 59d42af7ca8d4040bda658e1afa23e09 - - default default] Successfully bumped revision number for resource ab7e923e-3e98-4072-a7ef-9c170ac7fb32 (type: security_group_rules) to 0
2026-07-15 06:07:31.142 9 INFO neutron.db.ovn_revision_numbers_db [None req-5843c75a-5c18-4e26-b525-ff305829ac6f d0c4f147df4e49e38e01cafc736ab6cc 59d42af7ca8d4040bda658e1afa23e09 - - default default] Successfully bumped revision number for resource ec22e0aa-0731-419e-ba02-c5b083433b2e (type: security_group_rules) to 0
2026-07-15 06:07:31.198 9 INFO neutron.db.segments_db [None req-5843c75a-5c18-4e26-b525-ff305829ac6f d0c4f147df4e49e38e01cafc736ab6cc 59d42af7ca8d4040bda658e1afa23e09 - - default default] Added segment 03a902fb-c6f7-4fc6-8c23-7ce211d30ce4 of type geneve for network 51de0f4f-85e7-4c10-b8e0-271218cb2b5e
2026-07-15 06:07:31.366 9 INFO neutron.db.ovn_revision_numbers_db [None req-5843c75a-5c18-4e26-b525-ff305829ac6f d0c4f147df4e49e38e01cafc736ab6cc 59d42af7ca8d4040bda658e1afa23e09 - - default default] Successfully bumped revision number for resource 51de0f4f-85e7-4c10-b8e0-271218cb2b5e (type: networks) to 1
2026-07-15 06:07:31.583 10 INFO neutron.db.ovn_revision_numbers_db [None req-738ee074-ef3a-40a1-b4a3-aa7af4e30fbd - - - - - -] Successfully bumped revision number for resource 369262b3-d4e3-497e-ac24-ef50f412a82c (type: router_ports) to 4
2026-07-15 06:07:31.585 9 WARNING neutron.scheduler.dhcp_agent_scheduler [None req-5843c75a-5c18-4e26-b525-ff305829ac6f d0c4f147df4e49e38e01cafc736ab6cc 59d42af7ca8d4040bda658e1afa23e09 - - default default] No more DHCP agents
