2026-07-15 06:05:45.925 9 INFO neutron.db.ovn_revision_numbers_db [None req-c1e5fcca-51e6-4fba-8eb3-188159544929 2101693d77b14345b06216b4f0813ac1 77c7d908e9bf44a5a2fe13acd906911f - - default default] Successfully bumped revision number for resource fcb455b6-592c-4b5b-9e62-8e5f3452f536 (type: floatingips) to 1
2026-07-15 06:05:45.929 10 WARNING neutron_lib.context [None req-a6a21dd2-d927-42cb-8788-cac00a55da25 f53f6289f3aa483c8c68d1824dd4b4df 4c3d4ae95494411391313bf7a6e53af7 - - default default] Method 'is_advsvc' is deprecated since 2023.2 release (neutron-lib 3.8.0) and will be removed once support for the old RBAC API policies will be removed from Neutron. Please use method 'is_service_role' instead.
2026-07-15 06:05:46.055 9 INFO neutron.db.ovn_revision_numbers_db [None req-c1e5fcca-51e6-4fba-8eb3-188159544929 2101693d77b14345b06216b4f0813ac1 77c7d908e9bf44a5a2fe13acd906911f - - default default] Successfully bumped revision number for resource fcb455b6-592c-4b5b-9e62-8e5f3452f536 (type: floatingips) to 2
2026-07-15 06:05:46.055 9 INFO neutron.db.l3_db [None req-c1e5fcca-51e6-4fba-8eb3-188159544929 2101693d77b14345b06216b4f0813ac1 77c7d908e9bf44a5a2fe13acd906911f - - default default] Floating IP fcb455b6-592c-4b5b-9e62-8e5f3452f536 associated. External IP: 10.96.250.209, port: 9883a5d7-7a83-4d17-b64d-5f1568008113.
2026-07-15 06:05:46.085 9 INFO neutron.wsgi [None req-c1e5fcca-51e6-4fba-8eb3-188159544929 2101693d77b14345b06216b4f0813ac1 77c7d908e9bf44a5a2fe13acd906911f - - default default] 10.0.0.208 "PUT /v2.0/floatingips/fcb455b6-592c-4b5b-9e62-8e5f3452f536 HTTP/1.1" status: 200 len: 1050 time: 0.7482123
2026-07-15 06:05:46.128 9 INFO neutron.notifiers.nova [-] Nova event matching ['req-c300ba33-0c9e-4504-9d34-e07d90be0b01'] response: {'name': 'network-changed', 'server_uuid': '1b66663b-2d1c-4c83-8432-69d05ff9fa66', 'tag': '9883a5d7-7a83-4d17-b64d-5f1568008113', 'status': 'completed', 'code': 200}
2026-07-15 06:05:46.166 10 INFO neutron.wsgi [req-0ef361c7-461f-402a-9643-6b5f7dc6da07 req-d2a494a9-32aa-48ba-97d2-29952cd59103 bbe82a6f7b01424e9e102dc34cc7c186 31202f57d21c470ca2651d489462184f - - default default] 10.0.0.24 "GET /v2.0/networks?id=31f8b1fc-e62e-4e27-af7c-be6fb1d627ef HTTP/1.1" status: 200 len: 877 time: 0.0970218
2026-07-15 06:05:46.194 9 INFO neutron.wsgi [req-77d80577-aa12-42ea-8770-311c0db2db6b req-f4ae4836-c1b1-4489-ac10-34cc9a596810 cd9b9ee205c84cddbe4d7c10fe1a120b dfcca62c60f942559238de17f9258104 - - 69172da1aae54a58bc71ea00e04f72f7 69172da1aae54a58bc71ea00e04f72f7] 199.204.45.210 "GET /v2.0/ports?tenant_id=77c7d908e9bf44a5a2fe13acd906911f&device_id=1b66663b-2d1c-4c83-8432-69d05ff9fa66 HTTP/1.1" status: 200 len: 1413 time: 0.0386193
2026-07-15 06:05:46.213 10 INFO neutron.wsgi [req-0ef361c7-461f-402a-9643-6b5f7dc6da07 req-7a250c6f-b414-4d81-8f97-72a7247c9fdb bbe82a6f7b01424e9e102dc34cc7c186 31202f57d21c470ca2651d489462184f - - default default] 10.0.0.24 "GET /v2.0/quotas/31202f57d21c470ca2651d489462184f HTTP/1.1" status: 200 len: 491 time: 0.0397205
2026-07-15 06:05:46.263 9 INFO neutron.wsgi [req-77d80577-aa12-42ea-8770-311c0db2db6b req-d76b663a-4495-4408-b034-ec2bcffd5d5a cd9b9ee205c84cddbe4d7c10fe1a120b dfcca62c60f942559238de17f9258104 - - 69172da1aae54a58bc71ea00e04f72f7 69172da1aae54a58bc71ea00e04f72f7] 199.204.45.210 "GET /v2.0/networks?id=77a2fd90-5857-4d6b-a7dd-7bac8c0ef9b6 HTTP/1.1" status: 200 len: 973 time: 0.0625823
2026-07-15 06:05:46.338 10 INFO neutron.wsgi [req-0ef361c7-461f-402a-9643-6b5f7dc6da07 req-baabab31-c1aa-4eba-b340-c2293048cbf8 bbe82a6f7b01424e9e102dc34cc7c186 31202f57d21c470ca2651d489462184f - - default default] 10.0.0.24 "GET /v2.0/ports?tenant_id=31202f57d21c470ca2651d489462184f&fields=id HTTP/1.1" status: 200 len: 302 time: 0.1186328
2026-07-15 06:05:46.363 9 INFO neutron.wsgi [req-77d80577-aa12-42ea-8770-311c0db2db6b req-b0d696e0-9610-4ccd-96cc-d04ffd1c8cb0 cd9b9ee205c84cddbe4d7c10fe1a120b dfcca62c60f942559238de17f9258104 - - 69172da1aae54a58bc71ea00e04f72f7 69172da1aae54a58bc71ea00e04f72f7] 199.204.45.210 "GET /v2.0/floatingips?fixed_ip_address=10.100.0.11&port_id=9883a5d7-7a83-4d17-b64d-5f1568008113 HTTP/1.1" status: 200 len: 1060 time: 0.0938673
2026-07-15 06:05:46.413 9 INFO neutron.wsgi [req-77d80577-aa12-42ea-8770-311c0db2db6b req-6dc7ac9a-6b21-4ef8-92fa-da3f3e56b68d cd9b9ee205c84cddbe4d7c10fe1a120b dfcca62c60f942559238de17f9258104 - - 69172da1aae54a58bc71ea00e04f72f7 69172da1aae54a58bc71ea00e04f72f7] 199.204.45.210 "GET /v2.0/subnets?id=83dd0c71-1dd8-494f-88fa-2ca3720136df HTTP/1.1" status: 200 len: 868 time: 0.0431161
2026-07-15 06:05:46.425 10 INFO neutron.wsgi [req-0ef361c7-461f-402a-9643-6b5f7dc6da07 req-4df51371-da3d-4976-98ea-d98953038ec3 cd9b9ee205c84cddbe4d7c10fe1a120b dfcca62c60f942559238de17f9258104 - - 69172da1aae54a58bc71ea00e04f72f7 69172da1aae54a58bc71ea00e04f72f7] 10.0.0.24 "GET /v2.0/networks/31f8b1fc-e62e-4e27-af7c-be6fb1d627ef?fields=segments HTTP/1.1" status: 200 len: 212 time: 0.0797784
2026-07-15 06:05:46.446 9 INFO neutron.wsgi [req-77d80577-aa12-42ea-8770-311c0db2db6b req-d03c275b-bfcb-4725-bd1b-3676352d7de5 cd9b9ee205c84cddbe4d7c10fe1a120b dfcca62c60f942559238de17f9258104 - - 69172da1aae54a58bc71ea00e04f72f7 69172da1aae54a58bc71ea00e04f72f7] 199.204.45.210 "GET /v2.0/ports?network_id=77a2fd90-5857-4d6b-a7dd-7bac8c0ef9b6&device_owner=network%3Adhcp HTTP/1.1" status: 200 len: 210 time: 0.0239325
2026-07-15 06:05:46.521 9 INFO neutron.wsgi [req-77d80577-aa12-42ea-8770-311c0db2db6b req-2d92674c-762c-43f1-ac1e-05ed892752d7 cd9b9ee205c84cddbe4d7c10fe1a120b dfcca62c60f942559238de17f9258104 - - 69172da1aae54a58bc71ea00e04f72f7 69172da1aae54a58bc71ea00e04f72f7] 199.204.45.210 "GET /v2.0/networks/77a2fd90-5857-4d6b-a7dd-7bac8c0ef9b6?fields=segments HTTP/1.1" status: 200 len: 212 time: 0.0668542
2026-07-15 06:05:46.521 10 INFO neutron.wsgi [req-0ef361c7-461f-402a-9643-6b5f7dc6da07 req-e2145a87-6256-4156-b78c-0b5d401053b1 cd9b9ee205c84cddbe4d7c10fe1a120b dfcca62c60f942559238de17f9258104 - - 69172da1aae54a58bc71ea00e04f72f7 69172da1aae54a58bc71ea00e04f72f7] 10.0.0.24 "GET /v2.0/networks/31f8b1fc-e62e-4e27-af7c-be6fb1d627ef?fields=provider%3Aphysical_network&fields=provider%3Anetwork_type HTTP/1.1" status: 200 len: 277 time: 0.0868530
2026-07-15 06:05:46.543 10 WARNING neutron.scheduler.dhcp_agent_scheduler [None req-a6a21dd2-d927-42cb-8788-cac00a55da25 f53f6289f3aa483c8c68d1824dd4b4df 4c3d4ae95494411391313bf7a6e53af7 - - default default] No more DHCP agents
2026-07-15 06:05:46.544 10 WARNING neutron.api.rpc.agentnotifiers.dhcp_rpc_agent_api [None req-a6a21dd2-d927-42cb-8788-cac00a55da25 f53f6289f3aa483c8c68d1824dd4b4df 4c3d4ae95494411391313bf7a6e53af7 - - default default] Unable to schedule network 61d64043-fc3e-466a-9133-8257a54ec247: no agents available; will retry on subsequent port and subnet creation events.
2026-07-15 06:05:46.587 9 INFO neutron.wsgi [req-77d80577-aa12-42ea-8770-311c0db2db6b req-42d7c6aa-872c-4639-9271-800d0250cb5d cd9b9ee205c84cddbe4d7c10fe1a120b dfcca62c60f942559238de17f9258104 - - 69172da1aae54a58bc71ea00e04f72f7 69172da1aae54a58bc71ea00e04f72f7] 199.204.45.210 "GET /v2.0/networks/77a2fd90-5857-4d6b-a7dd-7bac8c0ef9b6?fields=provider%3Aphysical_network&fields=provider%3Anetwork_type HTTP/1.1" status: 200 len: 277 time: 0.0599978
2026-07-15 06:05:46.683 10 INFO neutron.wsgi [req-752445d5-06be-43a8-a7ba-767f752598bd req-8fea01f8-11f5-45d2-9de3-69bb3ac10269 bbe82a6f7b01424e9e102dc34cc7c186 31202f57d21c470ca2651d489462184f - - default default] 10.0.0.24 "GET /v2.0/ports?device_id=4cde25d3-68dd-4ea0-b451-d205b64c49fd HTTP/1.1" status: 200 len: 210 time: 0.0244019
2026-07-15 06:05:46.752 10 INFO neutron.db.ovn_revision_numbers_db [None req-a6a21dd2-d927-42cb-8788-cac00a55da25 f53f6289f3aa483c8c68d1824dd4b4df 4c3d4ae95494411391313bf7a6e53af7 - - default default] Successfully bumped revision number for resource db3917ed-3293-4cdd-89c5-6219b746ba92 (type: ports) to 1
2026-07-15 06:05:47.518 9 INFO neutron.wsgi [req-0ef361c7-461f-402a-9643-6b5f7dc6da07 req-bf208aca-a526-4230-91e9-f0a460550e30 bbe82a6f7b01424e9e102dc34cc7c186 31202f57d21c470ca2651d489462184f - - default default] 199.204.45.210 "GET /v2.0/networks?id=31f8b1fc-e62e-4e27-af7c-be6fb1d627ef HTTP/1.1" status: 200 len: 877 time: 0.1199906
2026-07-15 06:05:47.531 9 WARNING neutron_lib.context [req-0ef361c7-461f-402a-9643-6b5f7dc6da07 req-95abcb0a-5c57-4d68-892c-905a581ba1a1 bbe82a6f7b01424e9e102dc34cc7c186 31202f57d21c470ca2651d489462184f - - default default] Method 'is_advsvc' is deprecated since 2023.2 release (neutron-lib 3.8.0) and will be removed once support for the old RBAC API policies will be removed from Neutron. Please use method 'is_service_role' instead.
2026-07-15 06:05:47.794 10 INFO neutron.wsgi [req-694ce976-c2ad-4c32-93d3-23a3e66bd84c req-0c04d7fc-ea8f-4c97-9239-da5c10714a34 bbe82a6f7b01424e9e102dc34cc7c186 31202f57d21c470ca2651d489462184f - - default default] 10.0.0.24 "GET /v2.0/ports?device_id=4cde25d3-68dd-4ea0-b451-d205b64c49fd HTTP/1.1" status: 200 len: 210 time: 0.0405619
2026-07-15 06:05:47.881 10 INFO neutron.plugins.ml2.drivers.ovn.mech_driver.ovsdb.commands [None req-d8de29cb-c2fd-48f0-8f07-05123539ebb3 - - - - - -] Schedule LRP lrp-db3917ed-3293-4cdd-89c5-6219b746ba92 on gateway 09dc8415-5e84-46b1-8c1e-26d17f8a839a with priority 1
2026-07-15 06:05:47.956 10 INFO neutron.wsgi [None req-6f7b4491-0632-4a62-8c16-299835b41247 4239e68166ed4136927cb286b7fb9c8a 4df009eeb35b4bdeb722721d47d8db55 - - default default] 10.0.0.3 "GET /v2.0/subnets HTTP/1.1" status: 200 len: 2752 time: 0.3531895
2026-07-15 06:05:47.974 10 INFO neutron.db.ovn_revision_numbers_db [None req-a6a21dd2-d927-42cb-8788-cac00a55da25 f53f6289f3aa483c8c68d1824dd4b4df 4c3d4ae95494411391313bf7a6e53af7 - - default default] Successfully bumped revision number for resource db3917ed-3293-4cdd-89c5-6219b746ba92 (type: router_ports) to 1
2026-07-15 06:05:47.977 10 INFO neutron.wsgi [None req-58196c65-8f67-4625-9ca5-16d6b7adb45a 4239e68166ed4136927cb286b7fb9c8a 4df009eeb35b4bdeb722721d47d8db55 - - default default] 10.0.0.3 "GET /v2.0/subnetpools HTTP/1.1" status: 200 len: 193 time: 0.0178745
2026-07-15 06:05:48.012 9 WARNING neutron.scheduler.dhcp_agent_scheduler [req-0ef361c7-461f-402a-9643-6b5f7dc6da07 req-95abcb0a-5c57-4d68-892c-905a581ba1a1 bbe82a6f7b01424e9e102dc34cc7c186 31202f57d21c470ca2651d489462184f - - default default] No more DHCP agents
2026-07-15 06:05:48.015 9 WARNING neutron.api.rpc.agentnotifiers.dhcp_rpc_agent_api [req-0ef361c7-461f-402a-9643-6b5f7dc6da07 req-95abcb0a-5c57-4d68-892c-905a581ba1a1 bbe82a6f7b01424e9e102dc34cc7c186 31202f57d21c470ca2651d489462184f - - default default] Unable to schedule network 31f8b1fc-e62e-4e27-af7c-be6fb1d627ef: no agents available; will retry on subsequent port and subnet creation events.
2026-07-15 06:05:48.127 10 INFO neutron.wsgi [None req-6be429eb-1e96-4671-a3ba-4384454ce148 4239e68166ed4136927cb286b7fb9c8a 4df009eeb35b4bdeb722721d47d8db55 - - default default] 10.0.0.3 "GET /v2.0/routers HTTP/1.1" status: 200 len: 3080 time: 0.1491497
2026-07-15 06:05:48.142 10 INFO neutron.db.ovn_revision_numbers_db [None req-a6a21dd2-d927-42cb-8788-cac00a55da25 f53f6289f3aa483c8c68d1824dd4b4df 4c3d4ae95494411391313bf7a6e53af7 - - default default] Successfully bumped revision number for resource 0f6f897f-9689-49f2-a60a-838cb028d4d8 (type: routers) to 2
2026-07-15 06:05:48.147 10 WARNING neutron.plugins.ml2.drivers.ovn.mech_driver.ovsdb.ovn_client [None req-d90ae858-aa8d-4b21-9d44-4f81669ce97e - - - - - -] No port found with ID 77a195ea-09e9-4de4-9e65-2714b2672a7d: RuntimeError: No port found with ID 77a195ea-09e9-4de4-9e65-2714b2672a7d
2026-07-15 06:05:48.148 10 INFO neutron.plugins.ml2.drivers.ovn.mech_driver.mech_driver [None req-d90ae858-aa8d-4b21-9d44-4f81669ce97e - - - - - -] OVN reports status up for port: 142de5b4-67ca-4717-ad89-b8d368dc747c
2026-07-15 06:05:48.153 10 INFO neutron.wsgi [None req-19d7425e-424c-4072-a6ee-7dc3e4ee241b 4239e68166ed4136927cb286b7fb9c8a 4df009eeb35b4bdeb722721d47d8db55 - - default default] 10.0.0.3 "GET /v2.0/agents?binary=ovn-controller HTTP/1.1" status: 200 len: 591 time: 0.0254161
2026-07-15 06:05:48.173 10 INFO neutron.plugins.ml2.plugin [None req-d90ae858-aa8d-4b21-9d44-4f81669ce97e - - - - - -] Attempt 1 to provision port 142de5b4-67ca-4717-ad89-b8d368dc747c
2026-07-15 06:05:48.181 10 INFO neutron.wsgi [None req-ebdd64fe-e354-4ede-b7bc-774eff4bc3ff 4239e68166ed4136927cb286b7fb9c8a 4df009eeb35b4bdeb722721d47d8db55 - - default default] 10.0.0.3 "GET /v2.0/agents HTTP/1.1" status: 200 len: 1390 time: 0.0255799
2026-07-15 06:05:48.184 10 INFO neutron.wsgi [None req-a6a21dd2-d927-42cb-8788-cac00a55da25 f53f6289f3aa483c8c68d1824dd4b4df 4c3d4ae95494411391313bf7a6e53af7 - - default default] 10.0.0.208 "POST /v2.0/routers HTTP/1.1" status: 201 len: 1151 time: 2.2606783 /var/lib/openstack/lib/python3.10/site-packages/pycadf/identifier.py:71: UserWarning: Invalid uuid: neutron. To ensure interoperability, identifiers should be a valid uuid. warnings.warn(('Invalid uuid: %s. To ensure interoperability, '
2026-07-15 06:05:48.235 9 INFO neutron.db.ovn_revision_numbers_db [req-0ef361c7-461f-402a-9643-6b5f7dc6da07 req-95abcb0a-5c57-4d68-892c-905a581ba1a1 bbe82a6f7b01424e9e102dc34cc7c186 31202f57d21c470ca2651d489462184f - - default default] Successfully bumped revision number for resource 35d00fef-2eaa-4fec-a9ce-dd3c249acb63 (type: ports) to 1
2026-07-15 06:05:48.260 10 INFO neutron.wsgi [None req-f015a819-7d84-4e14-80dc-c2cb89de783d 4239e68166ed4136927cb286b7fb9c8a 4df009eeb35b4bdeb722721d47d8db55 - - default default] 10.0.0.3 "GET /v2.0/floatingips HTTP/1.1" status: 200 len: 1036 time: 0.0747435
2026-07-15 06:05:48.293 9 INFO neutron.wsgi [req-0ef361c7-461f-402a-9643-6b5f7dc6da07 req-95abcb0a-5c57-4d68-892c-905a581ba1a1 bbe82a6f7b01424e9e102dc34cc7c186 31202f57d21c470ca2651d489462184f - - default default] 199.204.45.210 "POST /v2.0/ports HTTP/1.1" status: 201 len: 1158 time: 0.7676165
2026-07-15 06:05:48.336 9 INFO neutron.wsgi [None req-beab18c1-8abd-425e-8ce8-ee4c3637b92c f53f6289f3aa483c8c68d1824dd4b4df 4c3d4ae95494411391313bf7a6e53af7 - - default default] 10.0.0.208 "GET /v2.0/routers/0f6f897f-9689-49f2-a60a-838cb028d4d8 HTTP/1.1" status: 200 len: 1152 time: 0.1361208
2026-07-15 06:05:48.385 10 INFO neutron.wsgi [None req-deb5f45d-2fe8-4f3d-b765-2914335fb99d 4239e68166ed4136927cb286b7fb9c8a 4df009eeb35b4bdeb722721d47d8db55 - - default default] 10.0.0.3 "GET /v2.0/networks HTTP/1.1" status: 200 len: 3873 time: 0.1174750
2026-07-15 06:05:48.463 10 INFO neutron.wsgi [None req-d968b9e4-883e-4e95-ab8e-69af76aad562 4239e68166ed4136927cb286b7fb9c8a 4df009eeb35b4bdeb722721d47d8db55 - - default default] 10.0.0.3 "GET /v2.0/security-groups HTTP/1.1" status: 200 len: 29155 time: 0.0752218
2026-07-15 06:05:48.544 10 INFO neutron.wsgi [None req-44c00356-516d-493b-ae3f-99b9561652b0 4239e68166ed4136927cb286b7fb9c8a 4df009eeb35b4bdeb722721d47d8db55 - - default default] 10.0.0.3 "GET /v2.0/subnets HTTP/1.1" status: 200 len: 2752 time: 0.0702686
2026-07-15 06:05:48.548 9 INFO neutron.wsgi [None req-c43f4192-0506-4a2d-815f-ab9792dc533b f53f6289f3aa483c8c68d1824dd4b4df 4c3d4ae95494411391313bf7a6e53af7 - - default default] 10.0.0.208 "GET /v2.0/routers HTTP/1.1" status: 200 len: 1155 time: 0.2055633
2026-07-15 06:05:48.562 10 INFO neutron.wsgi [None req-15cd8c65-546e-4e00-9e41-ae8b0332be01 4239e68166ed4136927cb286b7fb9c8a 4df009eeb35b4bdeb722721d47d8db55 - - default default] 10.0.0.3 "GET /v2.0/network-ip-availabilities HTTP/1.1" status: 200 len: 2238 time: 0.0168092
2026-07-15 06:05:48.667 10 INFO neutron.wsgi [None req-f3d8ee1e-b2bf-40bb-b89f-28705dc7dd34 4239e68166ed4136927cb286b7fb9c8a 4df009eeb35b4bdeb722721d47d8db55 - - default default] 10.0.0.3 "GET /v2.0/ports HTTP/1.1" status: 200 len: 16061 time: 0.1028044
2026-07-15 06:05:49.133 10 INFO neutron.wsgi [req-d97f1705-e58c-4dc8-8adc-cff62aef8679 req-f1b21aa2-01e9-413a-8ee3-ed0f9f06559f bbe82a6f7b01424e9e102dc34cc7c186 31202f57d21c470ca2651d489462184f - - default default] 10.0.0.24 "GET /v2.0/ports?device_id=4cde25d3-68dd-4ea0-b451-d205b64c49fd HTTP/1.1" status: 200 len: 1156 time: 0.2732940
2026-07-15 06:05:49.189 10 INFO neutron.wsgi [req-d97f1705-e58c-4dc8-8adc-cff62aef8679 req-695dfed1-5e78-421a-9ae5-d6f545dac019 bbe82a6f7b01424e9e102dc34cc7c186 31202f57d21c470ca2651d489462184f - - default default] 10.0.0.24 "GET /v2.0/security-groups?id=9cbf84bc-de6c-46df-b225-edce03d0a3d3&fields=id&fields=name HTTP/1.1" status: 200 len: 286 time: 0.0459435
2026-07-15 06:05:49.189 10 INFO neutron.db.ovn_revision_numbers_db [None req-d90ae858-aa8d-4b21-9d44-4f81669ce97e - - - - - -] Successfully bumped revision number for resource 142de5b4-67ca-4717-ad89-b8d368dc747c (type: ports) to 2
2026-07-15 06:05:49.365 10 INFO neutron.db.ovn_revision_numbers_db [None req-d90ae858-aa8d-4b21-9d44-4f81669ce97e - - - - - -] Successfully bumped revision number for resource 142de5b4-67ca-4717-ad89-b8d368dc747c (type: router_ports) to 2
2026-07-15 06:05:49.375 9 INFO neutron.db.ovn_revision_numbers_db [req-0ef361c7-461f-402a-9643-6b5f7dc6da07 req-64b82077-e942-434a-a8d7-8423badbf929 cd9b9ee205c84cddbe4d7c10fe1a120b dfcca62c60f942559238de17f9258104 - - 69172da1aae54a58bc71ea00e04f72f7 69172da1aae54a58bc71ea00e04f72f7] Successfully bumped revision number for resource 35d00fef-2eaa-4fec-a9ce-dd3c249acb63 (type: ports) to 2
2026-07-15 06:05:49.513 9 INFO neutron.db.ovn_revision_numbers_db [None req-26e3b17e-f76b-499e-bd38-1d76256499c9 f53f6289f3aa483c8c68d1824dd4b4df 4c3d4ae95494411391313bf7a6e53af7 - - default default] Successfully bumped revision number for resource 0f6f897f-9689-49f2-a60a-838cb028d4d8 (type: routers) to 3
2026-07-15 06:05:49.522 9 INFO neutron.wsgi [None req-26e3b17e-f76b-499e-bd38-1d76256499c9 f53f6289f3aa483c8c68d1824dd4b4df 4c3d4ae95494411391313bf7a6e53af7 - - default default] 10.0.0.208 "PUT /v2.0/routers/0f6f897f-9689-49f2-a60a-838cb028d4d8 HTTP/1.1" status: 200 len: 1159 time: 0.9662457
2026-07-15 06:05:49.613 10 INFO neutron.wsgi [None req-421fd18e-0c90-4c01-971a-438b909bdcde f53f6289f3aa483c8c68d1824dd4b4df 4c3d4ae95494411391313bf7a6e53af7 - - default default] 10.0.0.208 "GET /v2.0/routers/0f6f897f-9689-49f2-a60a-838cb028d4d8 HTTP/1.1" status: 200 len: 1159 time: 0.0832520
2026-07-15 06:05:49.646 10 INFO neutron.wsgi [None req-b4efa99e-8db0-4e8f-965e-0782b0178266 f53f6289f3aa483c8c68d1824dd4b4df 4c3d4ae95494411391313bf7a6e53af7 - - default default] 10.0.0.208 "GET /v2.0/ports?device_id=0f6f897f-9689-49f2-a60a-838cb028d4d8 HTTP/1.1" status: 200 len: 205 time: 0.0252120 /var/lib/openstack/lib/python3.10/site-packages/pycadf/identifier.py:71: UserWarning: Invalid uuid: neutron. To ensure interoperability, identifiers should be a valid uuid. warnings.warn(('Invalid uuid: %s. To ensure interoperability, '
2026-07-15 06:05:49.663 9 INFO neutron.db.ovn_revision_numbers_db [req-0ef361c7-461f-402a-9643-6b5f7dc6da07 req-64b82077-e942-434a-a8d7-8423badbf929 cd9b9ee205c84cddbe4d7c10fe1a120b dfcca62c60f942559238de17f9258104 - - 69172da1aae54a58bc71ea00e04f72f7 69172da1aae54a58bc71ea00e04f72f7] Successfully bumped revision number for resource 35d00fef-2eaa-4fec-a9ce-dd3c249acb63 (type: ports) to 2
2026-07-15 06:05:49.702 9 INFO neutron.wsgi [req-0ef361c7-461f-402a-9643-6b5f7dc6da07 req-64b82077-e942-434a-a8d7-8423badbf929 cd9b9ee205c84cddbe4d7c10fe1a120b dfcca62c60f942559238de17f9258104 - - 69172da1aae54a58bc71ea00e04f72f7 69172da1aae54a58bc71ea00e04f72f7] 199.204.45.210 "PUT /v2.0/ports/35d00fef-2eaa-4fec-a9ce-dd3c249acb63 HTTP/1.1" status: 200 len: 1376 time: 1.3965416
2026-07-15 06:05:49.763 9 INFO neutron.notifiers.nova [-] Nova event matching ['req-d0f1670c-54d5-41b7-8e37-a32686935814'] response: {'name': 'network-changed', 'server_uuid': '4cde25d3-68dd-4ea0-b451-d205b64c49fd', 'tag': '35d00fef-2eaa-4fec-a9ce-dd3c249acb63', 'status': 'completed', 'code': 200}
2026-07-15 06:05:49.805 10 INFO neutron.db.ovn_revision_numbers_db [None req-978179e3-873a-482b-bf62-2d55f845b5bd 4239e68166ed4136927cb286b7fb9c8a 4df009eeb35b4bdeb722721d47d8db55 - - default default] Successfully bumped revision number for resource e9db06a8-6831-4006-b7d8-dfdef2b9cf86 (type: security_groups) to 1
2026-07-15 06:05:49.808 9 INFO neutron.wsgi [req-0ef361c7-461f-402a-9643-6b5f7dc6da07 req-4a54b591-4899-482a-afef-11d5e93e9908 cd9b9ee205c84cddbe4d7c10fe1a120b dfcca62c60f942559238de17f9258104 - - 69172da1aae54a58bc71ea00e04f72f7 69172da1aae54a58bc71ea00e04f72f7] 199.204.45.210 "GET /v2.0/ports?tenant_id=31202f57d21c470ca2651d489462184f&device_id=4cde25d3-68dd-4ea0-b451-d205b64c49fd HTTP/1.1" status: 200 len: 1407 time: 0.0696473
2026-07-15 06:05:49.824 10 INFO neutron.db.ovn_revision_numbers_db [None req-978179e3-873a-482b-bf62-2d55f845b5bd 4239e68166ed4136927cb286b7fb9c8a 4df009eeb35b4bdeb722721d47d8db55 - - default default] Successfully bumped revision number for resource 54f34f95-100a-4205-8420-3d152eef018d (type: security_group_rules) to 0
2026-07-15 06:05:49.840 10 INFO neutron.db.ovn_revision_numbers_db [None req-978179e3-873a-482b-bf62-2d55f845b5bd 4239e68166ed4136927cb286b7fb9c8a 4df009eeb35b4bdeb722721d47d8db55 - - default default] Successfully bumped revision number for resource 83fa0572-888a-46dc-b6b2-9d39c73de357 (type: security_group_rules) to 0
2026-07-15 06:05:49.856 10 INFO neutron.db.ovn_revision_numbers_db [None req-978179e3-873a-482b-bf62-2d55f845b5bd 4239e68166ed4136927cb286b7fb9c8a 4df009eeb35b4bdeb722721d47d8db55 - - default default] Successfully bumped revision number for resource af4a130d-7711-4765-bf46-927b02f48730 (type: security_group_rules) to 0
2026-07-15 06:05:49.859 9 INFO neutron.wsgi [req-0ef361c7-461f-402a-9643-6b5f7dc6da07 req-822f0e7d-4098-4ff2-8f0f-f4380c3d4245 cd9b9ee205c84cddbe4d7c10fe1a120b dfcca62c60f942559238de17f9258104 - - 69172da1aae54a58bc71ea00e04f72f7 69172da1aae54a58bc71ea00e04f72f7] 199.204.45.210 "GET /v2.0/floatingips?fixed_ip_address=10.100.0.5&port_id=35d00fef-2eaa-4fec-a9ce-dd3c249acb63 HTTP/1.1" status: 200 len: 217 time: 0.0299509
2026-07-15 06:05:49.874 10 INFO neutron.db.ovn_revision_numbers_db [None req-978179e3-873a-482b-bf62-2d55f845b5bd 4239e68166ed4136927cb286b7fb9c8a 4df009eeb35b4bdeb722721d47d8db55 - - default default] Successfully bumped revision number for resource c1589f7e-245e-4391-8d6d-398a4e6360b7 (type: security_group_rules) to 0
2026-07-15 06:05:49.905 10 INFO neutron.wsgi [None req-978179e3-873a-482b-bf62-2d55f845b5bd 4239e68166ed4136927cb286b7fb9c8a 4df009eeb35b4bdeb722721d47d8db55 - - default default] 10.0.0.208 "GET /v2.0/security-groups?tenant_id=bb373aa1806d4c2b9f1d01c0b9a6587b&name=default HTTP/1.1" status: 200 len: 3120 time: 0.4293222
2026-07-15 06:05:49.921 9 INFO neutron.wsgi [req-0ef361c7-461f-402a-9643-6b5f7dc6da07 req-865ef7dc-cc8d-4fd5-b4d4-46612c6eac0f cd9b9ee205c84cddbe4d7c10fe1a120b dfcca62c60f942559238de17f9258104 - - 69172da1aae54a58bc71ea00e04f72f7 69172da1aae54a58bc71ea00e04f72f7] 199.204.45.210 "GET /v2.0/subnets?id=297b5eb7-4732-47cb-8408-26ed19913769 HTTP/1.1" status: 200 len: 871 time: 0.0553730
2026-07-15 06:05:49.970 9 INFO neutron.wsgi [req-0ef361c7-461f-402a-9643-6b5f7dc6da07 req-5f00bca0-3ea7-4a85-b171-6cd56ae5f0fd cd9b9ee205c84cddbe4d7c10fe1a120b dfcca62c60f942559238de17f9258104 - - 69172da1aae54a58bc71ea00e04f72f7 69172da1aae54a58bc71ea00e04f72f7] 199.204.45.210 "GET /v2.0/ports?network_id=31f8b1fc-e62e-4e27-af7c-be6fb1d627ef&device_owner=network%3Adhcp HTTP/1.1" status: 200 len: 210 time: 0.0420229
2026-07-15 06:05:50.084 9 INFO neutron.wsgi [req-0ef361c7-461f-402a-9643-6b5f7dc6da07 req-c005331f-7808-4eb6-b03b-4d7ae1ff9074 cd9b9ee205c84cddbe4d7c10fe1a120b dfcca62c60f942559238de17f9258104 - - 69172da1aae54a58bc71ea00e04f72f7 69172da1aae54a58bc71ea00e04f72f7] 199.204.45.210 "GET /v2.0/networks/31f8b1fc-e62e-4e27-af7c-be6fb1d627ef?fields=segments HTTP/1.1" status: 200 len: 212 time: 0.1040988
2026-07-15 06:05:50.181 9 INFO neutron.wsgi [req-0ef361c7-461f-402a-9643-6b5f7dc6da07 req-d383abfe-1a3c-406c-ac42-4eca698b795c cd9b9ee205c84cddbe4d7c10fe1a120b dfcca62c60f942559238de17f9258104 - - 69172da1aae54a58bc71ea00e04f72f7 69172da1aae54a58bc71ea00e04f72f7] 199.204.45.210 "GET /v2.0/networks/31f8b1fc-e62e-4e27-af7c-be6fb1d627ef?fields=provider%3Aphysical_network&fields=provider%3Anetwork_type HTTP/1.1" status: 200 len: 277 time: 0.0881672
2026-07-15 06:05:50.297 9 INFO neutron.wsgi [req-153b6d11-52eb-4845-aa73-fc7d6b5c5e4f req-624ac7e4-fb67-4488-9ffe-e71e6761553f cd9b9ee205c84cddbe4d7c10fe1a120b dfcca62c60f942559238de17f9258104 - - 69172da1aae54a58bc71ea00e04f72f7 69172da1aae54a58bc71ea00e04f72f7] 199.204.45.210 "GET /v2.0/ports?tenant_id=31202f57d21c470ca2651d489462184f&device_id=4cde25d3-68dd-4ea0-b451-d205b64c49fd HTTP/1.1" status: 200 len: 1407 time: 0.0486605
2026-07-15 06:05:50.320 10 INFO neutron.wsgi [req-83fead25-465b-4bed-9e47-7b7ec719cdab req-90f46bb4-83cd-459a-a648-6ea0e955506e bbe82a6f7b01424e9e102dc34cc7c186 31202f57d21c470ca2651d489462184f - - default default] 10.0.0.24 "GET /v2.0/ports?device_id=4cde25d3-68dd-4ea0-b451-d205b64c49fd HTTP/1.1" status: 200 len: 1168 time: 0.0527449
2026-07-15 06:05:50.378 9 INFO neutron.wsgi [None req-ece10276-1cc7-45d6-8f9c-5396b281a29c 4239e68166ed4136927cb286b7fb9c8a 4df009eeb35b4bdeb722721d47d8db55 - - default default] 10.0.0.208 "DELETE /v2.0/security-groups/e9db06a8-6831-4006-b7d8-dfdef2b9cf86 HTTP/1.1" status: 204 len: 168 time: 0.4660647
2026-07-15 06:05:50.411 10 INFO neutron.wsgi [req-83fead25-465b-4bed-9e47-7b7ec719cdab req-f9dc46ce-00fb-4087-9d6b-daddb25b4480 bbe82a6f7b01424e9e102dc34cc7c186 31202f57d21c470ca2651d489462184f - - default default] 10.0.0.24 "GET /v2.0/security-groups?id=9cbf84bc-de6c-46df-b225-edce03d0a3d3&fields=id&fields=name HTTP/1.1" status: 200 len: 286 time: 0.0816464
2026-07-15 06:05:50.415 9 INFO neutron.plugins.ml2.drivers.ovn.mech_driver.mech_driver [None req-424360a4-b402-4a28-b76b-5c5ebb5779bb - - - - - -] OVN reports status up for port: 35d00fef-2eaa-4fec-a9ce-dd3c249acb63
2026-07-15 06:05:50.668 9 INFO neutron.wsgi [req-153b6d11-52eb-4845-aa73-fc7d6b5c5e4f req-eaeb0626-313d-49ee-ace2-5305375b9af7 cd9b9ee205c84cddbe4d7c10fe1a120b dfcca62c60f942559238de17f9258104 - - 69172da1aae54a58bc71ea00e04f72f7 69172da1aae54a58bc71ea00e04f72f7] 199.204.45.210 "GET /v2.0/networks?id=31f8b1fc-e62e-4e27-af7c-be6fb1d627ef HTTP/1.1" status: 200 len: 976 time: 0.3621001
2026-07-15 06:05:50.670 9 INFO neutron.plugins.ml2.plugin [None req-424360a4-b402-4a28-b76b-5c5ebb5779bb - - - - - -] Attempt 1 to provision port 35d00fef-2eaa-4fec-a9ce-dd3c249acb63
2026-07-15 06:05:50.704 10 INFO neutron.db.ovn_revision_numbers_db [None req-23ba8ac3-7176-4791-a3b8-78b7acdc7c79 4239e68166ed4136927cb286b7fb9c8a 4df009eeb35b4bdeb722721d47d8db55 - - default default] Successfully bumped revision number for resource dfff5b26-ca57-4fc5-b2e6-73f71e770d64 (type: security_groups) to 1
2026-07-15 06:05:50.720 10 INFO neutron.db.ovn_revision_numbers_db [None req-23ba8ac3-7176-4791-a3b8-78b7acdc7c79 4239e68166ed4136927cb286b7fb9c8a 4df009eeb35b4bdeb722721d47d8db55 - - default default] Successfully bumped revision number for resource 0a4bc5e0-e7ef-440a-95c7-bd59cc5c6d13 (type: security_group_rules) to 0
2026-07-15 06:05:50.721 9 INFO neutron.wsgi [req-153b6d11-52eb-4845-aa73-fc7d6b5c5e4f req-ce85fd06-64e5-4a0c-b2e1-cbe7f66f07e1 cd9b9ee205c84cddbe4d7c10fe1a120b dfcca62c60f942559238de17f9258104 - - 69172da1aae54a58bc71ea00e04f72f7 69172da1aae54a58bc71ea00e04f72f7] 199.204.45.210 "GET /v2.0/floatingips?fixed_ip_address=10.100.0.5&port_id=35d00fef-2eaa-4fec-a9ce-dd3c249acb63 HTTP/1.1" status: 200 len: 217 time: 0.0371265
2026-07-15 06:05:50.737 10 INFO neutron.db.ovn_revision_numbers_db [None req-23ba8ac3-7176-4791-a3b8-78b7acdc7c79 4239e68166ed4136927cb286b7fb9c8a 4df009eeb35b4bdeb722721d47d8db55 - - default default] Successfully bumped revision number for resource 6314f484-eb4a-4fa9-a278-5ce0a2efd660 (type: security_group_rules) to 0
2026-07-15 06:05:50.756 10 INFO neutron.db.ovn_revision_numbers_db [None req-23ba8ac3-7176-4791-a3b8-78b7acdc7c79 4239e68166ed4136927cb286b7fb9c8a 4df009eeb35b4bdeb722721d47d8db55 - - default default] Successfully bumped revision number for resource 696bad50-7447-4291-a83f-ca0e8a1553aa (type: security_group_rules) to 0
2026-07-15 06:05:50.772 10 INFO neutron.db.ovn_revision_numbers_db [None req-23ba8ac3-7176-4791-a3b8-78b7acdc7c79 4239e68166ed4136927cb286b7fb9c8a 4df009eeb35b4bdeb722721d47d8db55 - - default default] Successfully bumped revision number for resource c157974d-5157-4aee-befc-b46bd36aa084 (type: security_group_rules) to 0
2026-07-15 06:05:50.778 9 INFO neutron.wsgi [req-153b6d11-52eb-4845-aa73-fc7d6b5c5e4f req-74c82767-d318-4d46-97d9-8b5dee68c1d7 cd9b9ee205c84cddbe4d7c10fe1a120b dfcca62c60f942559238de17f9258104 - - 69172da1aae54a58bc71ea00e04f72f7 69172da1aae54a58bc71ea00e04f72f7] 199.204.45.210 "GET /v2.0/subnets?id=297b5eb7-4732-47cb-8408-26ed19913769 HTTP/1.1" status: 200 len: 871 time: 0.0526271
2026-07-15 06:05:50.802 10 INFO neutron.wsgi [None req-23ba8ac3-7176-4791-a3b8-78b7acdc7c79 4239e68166ed4136927cb286b7fb9c8a 4df009eeb35b4bdeb722721d47d8db55 - - default default] 10.0.0.208 "GET /v2.0/security-groups?tenant_id=5b4a2ac1bfcd453ea4f3668c1273042c&name=default HTTP/1.1" status: 200 len: 3120 time: 0.2298279
2026-07-15 06:05:50.815 9 INFO neutron.wsgi [req-153b6d11-52eb-4845-aa73-fc7d6b5c5e4f req-c735a33d-309e-4de0-8cba-f0c9473ba3d5 cd9b9ee205c84cddbe4d7c10fe1a120b dfcca62c60f942559238de17f9258104 - - 69172da1aae54a58bc71ea00e04f72f7 69172da1aae54a58bc71ea00e04f72f7] 199.204.45.210 "GET /v2.0/ports?network_id=31f8b1fc-e62e-4e27-af7c-be6fb1d627ef&device_owner=network%3Adhcp HTTP/1.1" status: 200 len: 210 time: 0.0283010
2026-07-15 06:05:50.912 9 INFO neutron.wsgi [req-153b6d11-52eb-4845-aa73-fc7d6b5c5e4f req-d8ef4237-ef0d-46ab-a462-39f454538839 cd9b9ee205c84cddbe4d7c10fe1a120b dfcca62c60f942559238de17f9258104 - - 69172da1aae54a58bc71ea00e04f72f7 69172da1aae54a58bc71ea00e04f72f7] 199.204.45.210 "GET /v2.0/networks/31f8b1fc-e62e-4e27-af7c-be6fb1d627ef?fields=segments HTTP/1.1" status: 200 len: 212 time: 0.0914958
2026-07-15 06:05:50.977 10 INFO neutron.wsgi [-] 10.0.0.19 "GET / HTTP/1.1" status: 200 len: 246 time: 0.0020216
2026-07-15 06:05:50.980 10 INFO neutron.wsgi [-] 10.0.0.19 "GET / HTTP/1.1" status: 200 len: 246 time: 0.0017853
2026-07-15 06:05:51.049 10 INFO neutron.wsgi [None req-e18b5715-7de3-415c-9f01-a1d2a2bc0423 4239e68166ed4136927cb286b7fb9c8a 4df009eeb35b4bdeb722721d47d8db55 - - default default] 10.0.0.208 "DELETE /v2.0/security-groups/dfff5b26-ca57-4fc5-b2e6-73f71e770d64 HTTP/1.1" status: 204 len: 168 time: 0.2369413
2026-07-15 06:05:51.054 9 INFO neutron.wsgi [req-153b6d11-52eb-4845-aa73-fc7d6b5c5e4f req-65227e05-8c7e-432a-966e-2bb069d9f767 cd9b9ee205c84cddbe4d7c10fe1a120b dfcca62c60f942559238de17f9258104 - - 69172da1aae54a58bc71ea00e04f72f7 69172da1aae54a58bc71ea00e04f72f7] 199.204.45.210 "GET /v2.0/networks/31f8b1fc-e62e-4e27-af7c-be6fb1d627ef?fields=provider%3Aphysical_network&fields=provider%3Anetwork_type HTTP/1.1" status: 200 len: 277 time: 0.1235759
2026-07-15 06:05:51.224 9 INFO neutron.wsgi [None req-b9a2140f-a691-483b-a90c-afdc747bff8c f53f6289f3aa483c8c68d1824dd4b4df 4c3d4ae95494411391313bf7a6e53af7 - - default default] 10.0.0.208 "DELETE /v2.0/routers/0f6f897f-9689-49f2-a60a-838cb028d4d8 HTTP/1.1" status: 204 len: 168 time: 1.5691285
2026-07-15 06:05:51.249 9 INFO neutron.db.ovn_revision_numbers_db [None req-424360a4-b402-4a28-b76b-5c5ebb5779bb - - - - - -] Successfully bumped revision number for resource 35d00fef-2eaa-4fec-a9ce-dd3c249acb63 (type: ports) to 4
2026-07-15 06:05:51.255 10 INFO neutron.wsgi [None req-374bbafb-1696-4233-ac99-2ca57aaee10a f53f6289f3aa483c8c68d1824dd4b4df 4c3d4ae95494411391313bf7a6e53af7 - - default default] 10.0.0.208 "GET /v2.0/ports?device_id=0f6f897f-9689-49f2-a60a-838cb028d4d8 HTTP/1.1" status: 200 len: 205 time: 0.0252080
2026-07-15 06:05:51.285 10 INFO neutron.api.v2.resource [None req-b90398cf-153d-4b35-a33f-9b226b8a7742 f53f6289f3aa483c8c68d1824dd4b4df 4c3d4ae95494411391313bf7a6e53af7 - - default default] delete failed (client error): The resource could not be found.
2026-07-15 06:05:51.288 10 INFO neutron.wsgi [None req-b90398cf-153d-4b35-a33f-9b226b8a7742 f53f6289f3aa483c8c68d1824dd4b4df 4c3d4ae95494411391313bf7a6e53af7 - - default default] 10.0.0.208 "DELETE /v2.0/routers/0f6f897f-9689-49f2-a60a-838cb028d4d8 HTTP/1.1" status: 404 len: 336 time: 0.0283008
2026-07-15 06:05:51.320 10 INFO neutron.wsgi [None req-7c7b6cd6-e62b-4ead-a53c-fb7d3fdf4af1 f53f6289f3aa483c8c68d1824dd4b4df 4c3d4ae95494411391313bf7a6e53af7 - - default default] 10.0.0.208 "GET /v2.0/ports?device_id=0fb25dc5-f9d1-4e40-9b9e-289370d5c286 HTTP/1.1" status: 200 len: 205 time: 0.0245605
2026-07-15 06:05:51.353 10 INFO neutron.api.v2.resource [None req-479d855c-8d12-49af-8075-65c4dafaff4d f53f6289f3aa483c8c68d1824dd4b4df 4c3d4ae95494411391313bf7a6e53af7 - - default default] delete failed (client error): The resource could not be found.
2026-07-15 06:05:51.355 10 INFO neutron.wsgi [None req-479d855c-8d12-49af-8075-65c4dafaff4d f53f6289f3aa483c8c68d1824dd4b4df 4c3d4ae95494411391313bf7a6e53af7 - - default default] 10.0.0.208 "DELETE /v2.0/routers/0fb25dc5-f9d1-4e40-9b9e-289370d5c286 HTTP/1.1" status: 404 len: 336 time: 0.0278642
2026-07-15 06:05:51.387 10 INFO neutron.pecan_wsgi.hooks.translation [None req-1b2b6508-9cf2-4ce1-acd0-3394cba17d24 f53f6289f3aa483c8c68d1824dd4b4df 4c3d4ae95494411391313bf7a6e53af7 - - default default] DELETE failed (client error): The resource could not be found.
2026-07-15 06:05:51.392 10 INFO neutron.wsgi [None req-1b2b6508-9cf2-4ce1-acd0-3394cba17d24 f53f6289f3aa483c8c68d1824dd4b4df 4c3d4ae95494411391313bf7a6e53af7 - - default default] 10.0.0.208 "DELETE /v2.0/subnets/5c3e22ff-0500-4b30-870e-996998558f82 HTTP/1.1" status: 404 len: 337 time: 0.0294693
2026-07-15 06:05:51.423 10 INFO neutron.wsgi [None req-9ed8966a-b000-454c-9e00-f0198562f554 f53f6289f3aa483c8c68d1824dd4b4df 4c3d4ae95494411391313bf7a6e53af7 - - default default] 10.0.0.208 "GET /v2.0/ports?device_id=16bd7950-1b28-440f-93af-9a861cba26db HTTP/1.1" status: 200 len: 205 time: 0.0241108
2026-07-15 06:05:51.452 10 INFO neutron.api.v2.resource [None req-01d3e958-af13-4352-9c37-fbc9f1a4d73c f53f6289f3aa483c8c68d1824dd4b4df 4c3d4ae95494411391313bf7a6e53af7 - - default default] delete failed (client error): The resource could not be found.
2026-07-15 06:05:51.453 10 INFO neutron.wsgi [None req-01d3e958-af13-4352-9c37-fbc9f1a4d73c f53f6289f3aa483c8c68d1824dd4b4df 4c3d4ae95494411391313bf7a6e53af7 - - default default] 10.0.0.208 "DELETE /v2.0/routers/16bd7950-1b28-440f-93af-9a861cba26db HTTP/1.1" status: 404 len: 336 time: 0.0255692 /var/lib/openstack/lib/python3.10/site-packages/pycadf/identifier.py:71: UserWarning: Invalid uuid: neutron. To ensure interoperability, identifiers should be a valid uuid. warnings.warn(('Invalid uuid: %s. To ensure interoperability, '
2026-07-15 06:05:51.488 9 INFO neutron.pecan_wsgi.hooks.translation [None req-5251ed60-2c62-4a03-861e-628cf04a1ac1 f53f6289f3aa483c8c68d1824dd4b4df 4c3d4ae95494411391313bf7a6e53af7 - - default default] DELETE failed (client error): The resource could not be found.
2026-07-15 06:05:51.491 9 INFO neutron.wsgi [None req-5251ed60-2c62-4a03-861e-628cf04a1ac1 f53f6289f3aa483c8c68d1824dd4b4df 4c3d4ae95494411391313bf7a6e53af7 - - default default] 10.0.0.208 "DELETE /v2.0/subnets/7707c3f6-6649-4b71-b46f-9e26c1c522b0 HTTP/1.1" status: 404 len: 337 time: 0.0238764
2026-07-15 06:05:51.530 9 INFO neutron.wsgi [None req-5b23123e-c3a9-4764-b618-9ac065f82f39 f53f6289f3aa483c8c68d1824dd4b4df 4c3d4ae95494411391313bf7a6e53af7 - - default default] 10.0.0.208 "GET /v2.0/ports?device_id=f44e604b-38a3-4db1-8672-0cfbfafe2586 HTTP/1.1" status: 200 len: 205 time: 0.0333779
2026-07-15 06:05:51.559 9 INFO neutron.api.v2.resource [None req-37ea07b9-406b-4476-ac1f-013e8f2c559c f53f6289f3aa483c8c68d1824dd4b4df 4c3d4ae95494411391313bf7a6e53af7 - - default default] delete failed (client error): The resource could not be found.
2026-07-15 06:05:51.561 9 INFO neutron.wsgi [None req-37ea07b9-406b-4476-ac1f-013e8f2c559c f53f6289f3aa483c8c68d1824dd4b4df 4c3d4ae95494411391313bf7a6e53af7 - - default default] 10.0.0.208 "DELETE /v2.0/routers/f44e604b-38a3-4db1-8672-0cfbfafe2586 HTTP/1.1" status: 404 len: 336 time: 0.0264382
2026-07-15 06:05:51.585 10 INFO neutron.wsgi [req-e3a43558-fdd6-4dc9-8a56-ad4f938852a2 req-9db2fa03-de04-485e-95f8-93cb31a9dfa6 bbe82a6f7b01424e9e102dc34cc7c186 31202f57d21c470ca2651d489462184f - - default default] 10.0.0.24 "GET /v2.0/ports?device_id=4cde25d3-68dd-4ea0-b451-d205b64c49fd HTTP/1.1" status: 200 len: 1170 time: 0.1069207
2026-07-15 06:05:51.594 10 INFO neutron.pecan_wsgi.hooks.translation [None req-78bac037-1a4d-4a52-8a02-84725201843b f53f6289f3aa483c8c68d1824dd4b4df 4c3d4ae95494411391313bf7a6e53af7 - - default default] DELETE failed (client error): The resource could not be found.
2026-07-15 06:05:51.598 10 INFO neutron.wsgi [None req-78bac037-1a4d-4a52-8a02-84725201843b f53f6289f3aa483c8c68d1824dd4b4df 4c3d4ae95494411391313bf7a6e53af7 - - default default] 10.0.0.208 "DELETE /v2.0/subnets/0930d24d-c98d-48fd-8c51-b318901bac28 HTTP/1.1" status: 404 len: 337 time: 0.0316544
2026-07-15 06:05:51.620 9 INFO neutron.pecan_wsgi.hooks.translation [None req-9e98317a-10ab-417b-975e-30f6ccabbf14 f53f6289f3aa483c8c68d1824dd4b4df 4c3d4ae95494411391313bf7a6e53af7 - - default default] DELETE failed (client error): The resource could not be found.
2026-07-15 06:05:51.623 9 INFO neutron.wsgi [None req-9e98317a-10ab-417b-975e-30f6ccabbf14 f53f6289f3aa483c8c68d1824dd4b4df 4c3d4ae95494411391313bf7a6e53af7 - - default default] 10.0.0.208 "DELETE /v2.0/subnets/5c4b8426-8509-4aa4-a002-d0aa5ba21493 HTTP/1.1" status: 404 len: 337 time: 0.0203044
2026-07-15 06:05:51.640 10 INFO neutron.wsgi [req-e3a43558-fdd6-4dc9-8a56-ad4f938852a2 req-3db48982-b675-478f-b460-6796f06ed204 bbe82a6f7b01424e9e102dc34cc7c186 31202f57d21c470ca2651d489462184f - - default default] 10.0.0.24 "GET /v2.0/security-groups?id=9cbf84bc-de6c-46df-b225-edce03d0a3d3&fields=id&fields=name HTTP/1.1" status: 200 len: 286 time: 0.0420167
2026-07-15 06:05:51.809 9 INFO neutron.notifiers.nova [-] Nova event matching ['req-174ea8af-3b73-4fae-a6e4-76b0f8613814'] response: {'server_uuid': '4cde25d3-68dd-4ea0-b451-d205b64c49fd', 'name': 'network-vif-plugged', 'status': 'completed', 'tag': '35d00fef-2eaa-4fec-a9ce-dd3c249acb63', 'code': 200}
2026-07-15 06:05:51.810 9 INFO neutron.notifiers.nova [-] Nova event matching ['req-174ea8af-3b73-4fae-a6e4-76b0f8613814'] response: {'server_uuid': '4cde25d3-68dd-4ea0-b451-d205b64c49fd', 'name': 'network-vif-plugged', 'status': 'completed', 'tag': '35d00fef-2eaa-4fec-a9ce-dd3c249acb63', 'code': 200}
2026-07-15 06:05:52.447 10 INFO neutron.wsgi [None req-3b548215-c373-458b-b1f8-be8a69a87c3e 4239e68166ed4136927cb286b7fb9c8a 4df009eeb35b4bdeb722721d47d8db55 - - default default] 10.0.0.208 "GET /v2.0/security-groups?tenant_id=4c3d4ae95494411391313bf7a6e53af7&name=default HTTP/1.1" status: 200 len: 3120 time: 0.2903874
2026-07-15 06:05:52.693 10 INFO neutron.wsgi [None req-db3489d5-6abd-4604-a8c8-8069a48c47ef 4239e68166ed4136927cb286b7fb9c8a 4df009eeb35b4bdeb722721d47d8db55 - - default default] 10.0.0.208 "DELETE /v2.0/security-groups/85fd8f18-4dad-4718-8457-1fde021e251d HTTP/1.1" status: 204 len: 168 time: 0.2415648
2026-07-15 06:05:52.751 10 INFO neutron.wsgi [req-2ef4dfbe-8a44-4b12-b959-e1785290c510 req-19d80fd1-bd7b-440b-bc42-f5b429c06d26 bbe82a6f7b01424e9e102dc34cc7c186 31202f57d21c470ca2651d489462184f - - default default] 10.0.0.24 "GET /v2.0/ports?device_id=4cde25d3-68dd-4ea0-b451-d205b64c49fd HTTP/1.1" status: 200 len: 1170 time: 0.0436800
2026-07-15 06:05:52.802 10 INFO neutron.wsgi [req-2ef4dfbe-8a44-4b12-b959-e1785290c510 req-d22959e0-a9c7-4b8c-9d56-a5be52521c1b bbe82a6f7b01424e9e102dc34cc7c186 31202f57d21c470ca2651d489462184f - - default default] 10.0.0.24 "GET /v2.0/security-groups?id=9cbf84bc-de6c-46df-b225-edce03d0a3d3&fields=id&fields=name HTTP/1.1" status: 200 len: 286 time: 0.0414460
2026-07-15 06:05:53.162 10 INFO neutron.wsgi [req-9f154809-3bb3-4201-94d2-4b6b8f9a7ee3 req-216185ac-bb9d-41c8-8186-a0d4082921ed bbe82a6f7b01424e9e102dc34cc7c186 31202f57d21c470ca2651d489462184f - - default default] 10.0.0.24 "GET /v2.0/ports?device_id=4cde25d3-68dd-4ea0-b451-d205b64c49fd HTTP/1.1" status: 200 len: 1170 time: 0.0530386
2026-07-15 06:05:53.164 9 INFO neutron.plugins.ml2.drivers.ovn.mech_driver.mech_driver [None req-424360a4-b402-4a28-b76b-5c5ebb5779bb - - - - - -] OVN reports status down for port: 35d00fef-2eaa-4fec-a9ce-dd3c249acb63
2026-07-15 06:05:53.217 10 INFO neutron.wsgi [req-9f154809-3bb3-4201-94d2-4b6b8f9a7ee3 req-7158ab70-5aab-4f1c-829b-2aab7b288bc6 bbe82a6f7b01424e9e102dc34cc7c186 31202f57d21c470ca2651d489462184f - - default default] 10.0.0.24 "GET /v2.0/security-groups?id=9cbf84bc-de6c-46df-b225-edce03d0a3d3&fields=id&fields=name HTTP/1.1" status: 200 len: 286 time: 0.0474026
2026-07-15 06:05:53.564 9 INFO neutron.db.ovn_revision_numbers_db [None req-424360a4-b402-4a28-b76b-5c5ebb5779bb - - - - - -] Successfully bumped revision number for resource 35d00fef-2eaa-4fec-a9ce-dd3c249acb63 (type: ports) to 5
2026-07-15 06:05:53.570 9 INFO neutron.wsgi [req-b43b1b78-dcb3-4ad3-b286-620d1a7e7cd7 req-5bba8ba9-2607-440a-a8e3-5e38ec300a72 bbe82a6f7b01424e9e102dc34cc7c186 31202f57d21c470ca2651d489462184f - - default default] 199.204.45.210 "GET /v2.0/ports?device_id=4cde25d3-68dd-4ea0-b451-d205b64c49fd HTTP/1.1" status: 200 len: 1168 time: 0.1185794
2026-07-15 06:05:53.847 10 INFO neutron.db.ovn_revision_numbers_db [None req-81ce0959-9b7f-4cec-b811-70e3f5590ae7 4239e68166ed4136927cb286b7fb9c8a 4df009eeb35b4bdeb722721d47d8db55 - - default default] Successfully bumped revision number for resource cb0e79bc-0775-40c7-8109-f85cf96c7990 (type: security_groups) to 1
2026-07-15 06:05:53.848 9 INFO neutron.notifiers.nova [-] Nova event matching ['req-9182208e-17d8-44a6-ac6e-0ccd2f6f16ec'] response: {'server_uuid': '4cde25d3-68dd-4ea0-b451-d205b64c49fd', 'name': 'network-vif-unplugged', 'status': 'completed', 'tag': '35d00fef-2eaa-4fec-a9ce-dd3c249acb63', 'code': 200}
2026-07-15 06:05:53.849 9 INFO neutron.notifiers.nova [-] Nova event matching ['req-9182208e-17d8-44a6-ac6e-0ccd2f6f16ec'] response: {'server_uuid': '4cde25d3-68dd-4ea0-b451-d205b64c49fd', 'name': 'network-vif-unplugged', 'status': 'completed', 'tag': '35d00fef-2eaa-4fec-a9ce-dd3c249acb63', 'code': 200}
2026-07-15 06:05:53.858 10 INFO neutron.db.ovn_revision_numbers_db [None req-81ce0959-9b7f-4cec-b811-70e3f5590ae7 4239e68166ed4136927cb286b7fb9c8a 4df009eeb35b4bdeb722721d47d8db55 - - default default] Successfully bumped revision number for resource 2414961b-d7a3-48cd-963f-3acfcbdf79d0 (type: security_group_rules) to 0
2026-07-15 06:05:53.869 10 INFO neutron.db.ovn_revision_numbers_db [None req-81ce0959-9b7f-4cec-b811-70e3f5590ae7 4239e68166ed4136927cb286b7fb9c8a 4df009eeb35b4bdeb722721d47d8db55 - - default default] Successfully bumped revision number for resource 55e84561-acf8-40f0-b797-0c994382e869 (type: security_group_rules) to 0
2026-07-15 06:05:53.880 10 INFO neutron.db.ovn_revision_numbers_db [None req-81ce0959-9b7f-4cec-b811-70e3f5590ae7 4239e68166ed4136927cb286b7fb9c8a 4df009eeb35b4bdeb722721d47d8db55 - - default default] Successfully bumped revision number for resource 91ec2196-4846-4da1-a2d3-7bc29dadbe1b (type: security_group_rules) to 0
2026-07-15 06:05:53.899 10 INFO neutron.db.ovn_revision_numbers_db [None req-81ce0959-9b7f-4cec-b811-70e3f5590ae7 4239e68166ed4136927cb286b7fb9c8a 4df009eeb35b4bdeb722721d47d8db55 - - default default] Successfully bumped revision number for resource fad71110-eda4-4a7d-a9f3-5ddab63b39b9 (type: security_group_rules) to 0
2026-07-15 06:05:53.913 9 INFO neutron.wsgi [req-b43b1b78-dcb3-4ad3-b286-620d1a7e7cd7 req-14b1c81f-11c6-409d-b442-912f9d8a0d6a bbe82a6f7b01424e9e102dc34cc7c186 31202f57d21c470ca2651d489462184f - - default default] 199.204.45.210 "DELETE /v2.0/ports/35d00fef-2eaa-4fec-a9ce-dd3c249acb63 HTTP/1.1" status: 204 len: 173 time: 0.3384247
2026-07-15 06:05:53.922 10 INFO neutron.wsgi [None req-81ce0959-9b7f-4cec-b811-70e3f5590ae7 4239e68166ed4136927cb286b7fb9c8a 4df009eeb35b4bdeb722721d47d8db55 - - default default] 10.0.0.208 "GET /v2.0/security-groups?tenant_id=113ae0529813489cb0049bb68590df7c&name=default HTTP/1.1" status: 200 len: 3120 time: 0.3835261 /var/lib/openstack/lib/python3.10/site-packages/pycadf/identifier.py:71: UserWarning: Invalid uuid: neutron. To ensure interoperability, identifiers should be a valid uuid. warnings.warn(('Invalid uuid: %s. To ensure interoperability, '
2026-07-15 06:05:54.168 9 INFO neutron.wsgi [None req-78f38957-e51d-4d0a-b376-5a9ad17ae457 4239e68166ed4136927cb286b7fb9c8a 4df009eeb35b4bdeb722721d47d8db55 - - default default] 10.0.0.208 "DELETE /v2.0/security-groups/cb0e79bc-0775-40c7-8109-f85cf96c7990 HTTP/1.1" status: 204 len: 168 time: 0.2379138
2026-07-15 06:05:54.692 9 WARNING neutron_lib.context [None req-1009140b-7d17-4551-a323-79202d39053d af6ecdac06db4c04ba4c4cc27726c4f2 4ad25c4470d547c284ca9fe01bd3692f - - default default] Method 'is_advsvc' is deprecated since 2023.2 release (neutron-lib 3.8.0) and will be removed once support for the old RBAC API policies will be removed from Neutron. Please use method 'is_service_role' instead.
2026-07-15 06:05:54.857 9 INFO neutron.db.ovn_revision_numbers_db [None req-1009140b-7d17-4551-a323-79202d39053d af6ecdac06db4c04ba4c4cc27726c4f2 4ad25c4470d547c284ca9fe01bd3692f - - default default] Successfully bumped revision number for resource f28c7d1a-417f-4f8c-a687-bf17471e8715 (type: security_groups) to 1
2026-07-15 06:05:54.887 9 INFO neutron.db.ovn_revision_numbers_db [None req-1009140b-7d17-4551-a323-79202d39053d af6ecdac06db4c04ba4c4cc27726c4f2 4ad25c4470d547c284ca9fe01bd3692f - - default default] Successfully bumped revision number for resource 06c29e36-e035-4cf0-a3e1-079d9f0e40f1 (type: security_group_rules) to 0
2026-07-15 06:05:54.923 9 INFO neutron.db.ovn_revision_numbers_db [None req-1009140b-7d17-4551-a323-79202d39053d af6ecdac06db4c04ba4c4cc27726c4f2 4ad25c4470d547c284ca9fe01bd3692f - - default default] Successfully bumped revision number for resource 316b833a-b263-4e3a-9a63-40b336d90f3e (type: security_group_rules) to 0
2026-07-15 06:05:54.948 9 INFO neutron.db.ovn_revision_numbers_db [None req-1009140b-7d17-4551-a323-79202d39053d af6ecdac06db4c04ba4c4cc27726c4f2 4ad25c4470d547c284ca9fe01bd3692f - - default default] Successfully bumped revision number for resource 8266c007-422d-4b02-a968-b31f5b50e62a (type: security_group_rules) to 0
2026-07-15 06:05:54.973 9 INFO neutron.db.ovn_revision_numbers_db [None req-1009140b-7d17-4551-a323-79202d39053d af6ecdac06db4c04ba4c4cc27726c4f2 4ad25c4470d547c284ca9fe01bd3692f - - default default] Successfully bumped revision number for resource b85c43cd-c3dc-492c-a2e5-6daae690e4fc (type: security_group_rules) to 0
2026-07-15 06:05:55.032 9 INFO neutron.db.segments_db [None req-1009140b-7d17-4551-a323-79202d39053d af6ecdac06db4c04ba4c4cc27726c4f2 4ad25c4470d547c284ca9fe01bd3692f - - default default] Added segment fde34308-b7ef-4868-804d-6ed54b08f3e5 of type geneve for network c8da202e-6914-4355-b236-125e15ad1847
2026-07-15 06:05:55.127 10 WARNING neutron.plugins.ml2.drivers.ovn.mech_driver.ovsdb.ovn_client [None req-d90ae858-aa8d-4b21-9d44-4f81669ce97e - - - - - -] No port found with ID 142de5b4-67ca-4717-ad89-b8d368dc747c: RuntimeError: No port found with ID 142de5b4-67ca-4717-ad89-b8d368dc747c
2026-07-15 06:05:55.156 10 INFO neutron.plugins.ml2.drivers.ovn.mech_driver.mech_driver [None req-d90ae858-aa8d-4b21-9d44-4f81669ce97e - - - - - -] OVN reports status up for port: db3917ed-3293-4cdd-89c5-6219b746ba92
2026-07-15 06:05:55.197 9 INFO neutron.db.ovn_revision_numbers_db [None req-1009140b-7d17-4551-a323-79202d39053d af6ecdac06db4c04ba4c4cc27726c4f2 4ad25c4470d547c284ca9fe01bd3692f - - default default] Successfully bumped revision number for resource c8da202e-6914-4355-b236-125e15ad1847 (type: networks) to 1
2026-07-15 06:05:55.431 9 WARNING neutron.scheduler.dhcp_agent_scheduler [None req-1009140b-7d17-4551-a323-79202d39053d af6ecdac06db4c04ba4c4cc27726c4f2 4ad25c4470d547c284ca9fe01bd3692f - - default default] No more DHCP agents
2026-07-15 06:05:55.434 9 WARNING neutron.api.rpc.agentnotifiers.dhcp_rpc_agent_api [None req-1009140b-7d17-4551-a323-79202d39053d af6ecdac06db4c04ba4c4cc27726c4f2 4ad25c4470d547c284ca9fe01bd3692f - - default default] Unable to schedule network c8da202e-6914-4355-b236-125e15ad1847: no agents available; will retry on subsequent port and subnet creation events.
2026-07-15 06:05:55.517 9 INFO neutron.db.ovn_revision_numbers_db [None req-1009140b-7d17-4551-a323-79202d39053d af6ecdac06db4c04ba4c4cc27726c4f2 4ad25c4470d547c284ca9fe01bd3692f - - default default] Successfully bumped revision number for resource f3d02265-3ff0-4111-ab46-59c4450bfe98 (type: ports) to 1
2026-07-15 06:05:55.541 9 INFO neutron.wsgi [None req-1009140b-7d17-4551-a323-79202d39053d af6ecdac06db4c04ba4c4cc27726c4f2 4ad25c4470d547c284ca9fe01bd3692f - - default default] 10.0.0.208 "POST /v2.0/networks HTTP/1.1" status: 201 len: 829 time: 1.0671360
2026-07-15 06:05:55.552 9 WARNING neutron_lib.context [None req-c3df12e4-321a-4488-9be1-ac0dbaa94357 af6ecdac06db4c04ba4c4cc27726c4f2 4ad25c4470d547c284ca9fe01bd3692f - - default default] Method 'is_advsvc' is deprecated since 2023.2 release (neutron-lib 3.8.0) and will be removed once support for the old RBAC API policies will be removed from Neutron. Please use method 'is_service_role' instead.
2026-07-15 06:05:55.596 10 INFO neutron.wsgi [None req-94f9ed6b-16e9-44c4-8149-4b6a5b584bcf 4239e68166ed4136927cb286b7fb9c8a 4df009eeb35b4bdeb722721d47d8db55 - - default default] 10.0.0.208 "PUT /v2.0/routers/92d5d0a0-8fb5-4b57-80fd-ec715aa23692/remove_router_interface HTTP/1.1" status: 200 len: 503 time: 1.3143165
