2026-07-15 06:04:58.834 9 INFO neutron.db.ovn_revision_numbers_db [None req-86ff7fe8-fd4a-4c36-8a22-a9f3c9101376 4239e68166ed4136927cb286b7fb9c8a 4df009eeb35b4bdeb722721d47d8db55 - - default default] Successfully bumped revision number for resource 4198429c-66ca-4aa2-aa53-73d21a9148c9 (type: routers) to 2
2026-07-15 06:04:58.852 9 INFO neutron.wsgi [None req-86ff7fe8-fd4a-4c36-8a22-a9f3c9101376 4239e68166ed4136927cb286b7fb9c8a 4df009eeb35b4bdeb722721d47d8db55 - - default default] 10.0.0.208 "POST /v2.0/routers HTTP/1.1" status: 201 len: 1171 time: 2.5157216
2026-07-15 06:04:59.674 9 INFO neutron.wsgi [None req-98a0cb79-bcb0-4c60-822a-26173d1565e9 4239e68166ed4136927cb286b7fb9c8a 4df009eeb35b4bdeb722721d47d8db55 - - default default] 10.0.0.208 "DELETE /v2.0/routers/9b2aed36-9a0e-4fb1-88ba-85ff5cf10485 HTTP/1.1" status: 204 len: 168 time: 0.8927729
2026-07-15 06:04:59.896 10 INFO neutron.db.ovn_revision_numbers_db [None req-738ee074-ef3a-40a1-b4a3-aa7af4e30fbd - - - - - -] Successfully bumped revision number for resource a9f673e0-0480-4e50-81d5-4582681a2905 (type: ports) to 1
2026-07-15 06:04:59.913 9 INFO neutron.wsgi [None req-aba430d1-9c0f-40e5-ac80-03d5f9c31fc5 4239e68166ed4136927cb286b7fb9c8a 4df009eeb35b4bdeb722721d47d8db55 - - default default] 10.0.0.208 "DELETE /v2.0/subnets/579b4fad-f6e3-4c10-8557-edac8e4a7dab HTTP/1.1" status: 204 len: 168 time: 0.2336111
2026-07-15 06:04:59.962 10 WARNING neutron.scheduler.dhcp_agent_scheduler [None req-ea60bd01-fbd3-433d-bef2-902285027670 4239e68166ed4136927cb286b7fb9c8a 4df009eeb35b4bdeb722721d47d8db55 - - default default] No more DHCP agents
2026-07-15 06:04:59.967 10 WARNING neutron.api.rpc.agentnotifiers.dhcp_rpc_agent_api [None req-ea60bd01-fbd3-433d-bef2-902285027670 4239e68166ed4136927cb286b7fb9c8a 4df009eeb35b4bdeb722721d47d8db55 - - default default] Unable to schedule network a5cee617-2b2e-48b7-b8c9-c781b2a7527d: no agents available; will retry on subsequent port and subnet creation events.
2026-07-15 06:05:00.270 10 INFO neutron.db.ovn_revision_numbers_db [None req-ea60bd01-fbd3-433d-bef2-902285027670 4239e68166ed4136927cb286b7fb9c8a 4df009eeb35b4bdeb722721d47d8db55 - - default default] Successfully bumped revision number for resource a558e5d3-43e5-49d4-a4ce-6204bbfa69fd (type: ports) to 1
2026-07-15 06:05:00.347 9 INFO neutron.services.segments.plugin [-] Segment 6cac1e94-4e6f-4d1a-ac7e-df0b8dfe12a8 resource provider aggregate not found
2026-07-15 06:05:00.351 9 INFO neutron.services.segments.plugin [-] Segment 6cac1e94-4e6f-4d1a-ac7e-df0b8dfe12a8 resource provider aggregate not found
2026-07-15 06:05:00.373 9 INFO neutron.services.segments.plugin [-] Segment 6cac1e94-4e6f-4d1a-ac7e-df0b8dfe12a8 resource provider not found; error: Placement Client Error (4xx): {"errors": [{"status": 404, "title": "Not Found", "detail": "The resource could not be found.\n\n No resource provider with uuid 6cac1e94-4e6f-4d1a-ac7e-df0b8dfe12a8 found for delete ", "request_id": "req-247aa667-98e4-46e7-ac84-6ff63c08b79b"}]}
2026-07-15 06:05:00.374 9 INFO neutron.services.segments.plugin [-] Segment 6cac1e94-4e6f-4d1a-ac7e-df0b8dfe12a8 resource provider not found; error: Placement Client Error (4xx): {"errors": [{"status": 404, "title": "Not Found", "detail": "The resource could not be found.\n\n No resource provider with uuid 6cac1e94-4e6f-4d1a-ac7e-df0b8dfe12a8 found for delete ", "request_id": "req-3c2a85ec-9ff2-46cb-b506-b31242845354"}]}
2026-07-15 06:05:00.409 9 INFO neutron.wsgi [None req-767c9d74-d5a6-41ee-9165-9936ba2112da 4239e68166ed4136927cb286b7fb9c8a 4df009eeb35b4bdeb722721d47d8db55 - - default default] 10.0.0.208 "DELETE /v2.0/networks/88420403-3a67-41e2-8511-124cf8506b72 HTTP/1.1" status: 204 len: 168 time: 0.4902871
2026-07-15 06:05:00.496 10 INFO neutron.db.ovn_revision_numbers_db [None req-738ee074-ef3a-40a1-b4a3-aa7af4e30fbd - - - - - -] Successfully bumped revision number for resource a9f673e0-0480-4e50-81d5-4582681a2905 (type: router_ports) to 3
2026-07-15 06:05:00.674 9 INFO neutron.wsgi [None req-b24b9ad7-3173-445f-a81b-3dbda9a7bc26 4239e68166ed4136927cb286b7fb9c8a 4df009eeb35b4bdeb722721d47d8db55 - - default default] 10.0.0.208 "GET /v2.0/security-groups?tenant_id=4e982297489f47159608aa483e423d5f&name=default HTTP/1.1" status: 200 len: 3116 time: 0.0846112
2026-07-15 06:05:00.792 9 INFO neutron.db.ovn_revision_numbers_db [None req-8eb57267-1c33-49d4-8a0d-5f1563873b12 4239e68166ed4136927cb286b7fb9c8a 4df009eeb35b4bdeb722721d47d8db55 - - default default] Successfully bumped revision number for resource 87e7199c-b548-4874-b1ca-702c4e34abd2 (type: security_groups) to 1
2026-07-15 06:05:00.818 9 INFO neutron.db.ovn_revision_numbers_db [None req-8eb57267-1c33-49d4-8a0d-5f1563873b12 4239e68166ed4136927cb286b7fb9c8a 4df009eeb35b4bdeb722721d47d8db55 - - default default] Successfully bumped revision number for resource 2d067790-c692-4780-a371-5fddeee9d66a (type: security_group_rules) to 0
2026-07-15 06:05:00.837 9 INFO neutron.db.ovn_revision_numbers_db [None req-8eb57267-1c33-49d4-8a0d-5f1563873b12 4239e68166ed4136927cb286b7fb9c8a 4df009eeb35b4bdeb722721d47d8db55 - - default default] Successfully bumped revision number for resource 3969caa7-4c38-41d3-b008-40a0268a5b29 (type: security_group_rules) to 0
2026-07-15 06:05:00.853 9 INFO neutron.db.ovn_revision_numbers_db [None req-8eb57267-1c33-49d4-8a0d-5f1563873b12 4239e68166ed4136927cb286b7fb9c8a 4df009eeb35b4bdeb722721d47d8db55 - - default default] Successfully bumped revision number for resource 4400f1c3-0640-4c41-83a1-c0ccfc1f2183 (type: security_group_rules) to 0
2026-07-15 06:05:00.873 9 INFO neutron.db.ovn_revision_numbers_db [None req-8eb57267-1c33-49d4-8a0d-5f1563873b12 4239e68166ed4136927cb286b7fb9c8a 4df009eeb35b4bdeb722721d47d8db55 - - default default] Successfully bumped revision number for resource 5426a8a6-87b7-436f-809a-c666f340ac34 (type: security_group_rules) to 0
2026-07-15 06:05:00.892 10 INFO neutron.db.ovn_revision_numbers_db [None req-738ee074-ef3a-40a1-b4a3-aa7af4e30fbd - - - - - -] Successfully bumped revision number for resource a9f673e0-0480-4e50-81d5-4582681a2905 (type: ports) to 2
2026-07-15 06:05:00.901 9 INFO neutron.wsgi [None req-8eb57267-1c33-49d4-8a0d-5f1563873b12 4239e68166ed4136927cb286b7fb9c8a 4df009eeb35b4bdeb722721d47d8db55 - - default default] 10.0.0.208 "GET /v2.0/security-groups?tenant_id=10c8ce9ce5fb41518d272268154b5e52&name=default HTTP/1.1" status: 200 len: 3120 time: 0.6265199
2026-07-15 06:05:00.989 9 INFO neutron.wsgi [None req-81221eae-8a64-4431-ab73-62a7f51fd09c 4239e68166ed4136927cb286b7fb9c8a 4df009eeb35b4bdeb722721d47d8db55 - - default default] 10.0.0.208 "DELETE /v2.0/security-groups/3bf178bb-43de-4d98-b5ec-9fd7881c2519 HTTP/1.1" status: 204 len: 168 time: 0.3069096
2026-07-15 06:05:01.156 10 ERROR ovsdbapp.backend.ovs_idl.command [None req-ea60bd01-fbd3-433d-bef2-902285027670 4239e68166ed4136927cb286b7fb9c8a 4df009eeb35b4bdeb722721d47d8db55 - - default default] Error executing command (DbGetCommand): ovsdbapp.backend.ovs_idl.idlutils.RowNotFound: Cannot find Logical_Router_Port with name=lrp-a558e5d3-43e5-49d4-a4ce-6204bbfa69fd
2026-07-15 06:05:01.156 10 ERROR ovsdbapp.backend.ovs_idl.command
Traceback (most recent call last):
2026-07-15 06:05:01.156 10 ERROR ovsdbapp.backend.ovs_idl.command
File "/var/lib/openstack/lib/python3.10/site-packages/ovsdbapp/backend/ovs_idl/command.py", line 47, in execute
2026-07-15 06:05:01.156 10 ERROR ovsdbapp.backend.ovs_idl.command self.run_idl(None)
2026-07-15 06:05:01.156 10 ERROR ovsdbapp.backend.ovs_idl.command
File "/var/lib/openstack/lib/python3.10/site-packages/ovsdbapp/backend/ovs_idl/command.py", line 235, in run_idl
2026-07-15 06:05:01.156 10 ERROR ovsdbapp.backend.ovs_idl.command record = self.api.lookup(self.table, self.record)
2026-07-15 06:05:01.156 10 ERROR ovsdbapp.backend.ovs_idl.command
File "/var/lib/openstack/lib/python3.10/site-packages/ovsdbapp/backend/ovs_idl/__init__.py", line 184, in lookup
2026-07-15 06:05:01.156 10 ERROR ovsdbapp.backend.ovs_idl.command return self._lookup(table, record)
2026-07-15 06:05:01.156 10 ERROR ovsdbapp.backend.ovs_idl.command
File "/var/lib/openstack/lib/python3.10/site-packages/ovsdbapp/backend/ovs_idl/__init__.py", line 235, in _lookup
2026-07-15 06:05:01.156 10 ERROR ovsdbapp.backend.ovs_idl.command row = idlutils.row_by_value(self, rl.table, rl.column, record)
2026-07-15 06:05:01.156 10 ERROR ovsdbapp.backend.ovs_idl.command
File "/var/lib/openstack/lib/python3.10/site-packages/ovsdbapp/backend/ovs_idl/idlutils.py", line 114, in row_by_value
2026-07-15 06:05:01.156 10 ERROR ovsdbapp.backend.ovs_idl.command raise RowNotFound(table=table, col=column, match=match)
2026-07-15 06:05:01.156 10 ERROR ovsdbapp.backend.ovs_idl.command ovsdbapp.backend.ovs_idl.idlutils.RowNotFound: Cannot find Logical_Router_Port with name=lrp-a558e5d3-43e5-49d4-a4ce-6204bbfa69fd
2026-07-15 06:05:01.156 10 ERROR ovsdbapp.backend.ovs_idl.command 
2026-07-15 06:05:01.157 10 ERROR neutron_lib.callbacks.manager [None req-ea60bd01-fbd3-433d-bef2-902285027670 4239e68166ed4136927cb286b7fb9c8a 4df009eeb35b4bdeb722721d47d8db55 - - default default] Error during notification for neutron.services.ovn_l3.plugin.OVNL3RouterPlugin._port_update-8739481113318 port, after_update: ovsdbapp.backend.ovs_idl.idlutils.RowNotFound: Cannot find Logical_Router_Port with name=lrp-a558e5d3-43e5-49d4-a4ce-6204bbfa69fd
2026-07-15 06:05:01.157 10 ERROR neutron_lib.callbacks.manager
Traceback (most recent call last):
2026-07-15 06:05:01.157 10 ERROR neutron_lib.callbacks.manager
File "/var/lib/openstack/lib/python3.10/site-packages/neutron_lib/callbacks/manager.py", line 189, in _notify_loop
2026-07-15 06:05:01.157 10 ERROR neutron_lib.callbacks.manager callback.method(resource, event, trigger, payload=payload)
2026-07-15 06:05:01.157 10 ERROR neutron_lib.callbacks.manager
File "/var/lib/openstack/lib/python3.10/site-packages/neutron/services/ovn_l3/plugin.py", line 391, in _port_update
2026-07-15 06:05:01.157 10 ERROR neutron_lib.callbacks.manager l3plugin._ovn_client.update_router_port(context,
2026-07-15 06:05:01.157 10 ERROR neutron_lib.callbacks.manager
File "/var/lib/openstack/lib/python3.10/site-packages/neutron/plugins/ml2/drivers/ovn/mech_driver/ovsdb/ovn_client.py", line 1878, in update_router_port
2026-07-15 06:05:01.157 10 ERROR neutron_lib.callbacks.manager self._update_lrouter_port(context, port, if_exists=if_exists,
2026-07-15 06:05:01.157 10 ERROR neutron_lib.callbacks.manager
File "/var/lib/openstack/lib/python3.10/site-packages/neutron/plugins/ml2/drivers/ovn/mech_driver/ovsdb/ovn_client.py", line 1855, in _update_lrouter_port
2026-07-15 06:05:01.157 10 ERROR neutron_lib.callbacks.manager external_ids = self._nb_idl.db_get(
2026-07-15 06:05:01.157 10 ERROR neutron_lib.callbacks.manager
File "/var/lib/openstack/lib/python3.10/site-packages/ovsdbapp/backend/ovs_idl/command.py", line 47, in execute
2026-07-15 06:05:01.157 10 ERROR neutron_lib.callbacks.manager self.run_idl(None)
2026-07-15 06:05:01.157 10 ERROR neutron_lib.callbacks.manager
File "/var/lib/openstack/lib/python3.10/site-packages/ovsdbapp/backend/ovs_idl/command.py", line 235, in run_idl
2026-07-15 06:05:01.157 10 ERROR neutron_lib.callbacks.manager record = self.api.lookup(self.table, self.record)
2026-07-15 06:05:01.157 10 ERROR neutron_lib.callbacks.manager
File "/var/lib/openstack/lib/python3.10/site-packages/ovsdbapp/backend/ovs_idl/__init__.py", line 184, in lookup
2026-07-15 06:05:01.157 10 ERROR neutron_lib.callbacks.manager return self._lookup(table, record)
2026-07-15 06:05:01.157 10 ERROR neutron_lib.callbacks.manager
File "/var/lib/openstack/lib/python3.10/site-packages/ovsdbapp/backend/ovs_idl/__init__.py", line 235, in _lookup
2026-07-15 06:05:01.157 10 ERROR neutron_lib.callbacks.manager row = idlutils.row_by_value(self, rl.table, rl.column, record)
2026-07-15 06:05:01.157 10 ERROR neutron_lib.callbacks.manager
File "/var/lib/openstack/lib/python3.10/site-packages/ovsdbapp/backend/ovs_idl/idlutils.py", line 114, in row_by_value
2026-07-15 06:05:01.157 10 ERROR neutron_lib.callbacks.manager raise RowNotFound(table=table, col=column, match=match)
2026-07-15 06:05:01.157 10 ERROR neutron_lib.callbacks.manager ovsdbapp.backend.ovs_idl.idlutils.RowNotFound: Cannot find Logical_Router_Port with name=lrp-a558e5d3-43e5-49d4-a4ce-6204bbfa69fd
2026-07-15 06:05:01.157 10 ERROR neutron_lib.callbacks.manager 
2026-07-15 06:05:01.443 10 INFO neutron.wsgi [None req-e66e4c29-c956-4d39-9555-7bf82ff28fdb 4239e68166ed4136927cb286b7fb9c8a 4df009eeb35b4bdeb722721d47d8db55 - - default default] 10.0.0.208 "DELETE /v2.0/security-groups/87e7199c-b548-4874-b1ca-702c4e34abd2 HTTP/1.1" status: 204 len: 168 time: 0.5302005
2026-07-15 06:05:01.566 10 INFO neutron.plugins.ml2.drivers.ovn.mech_driver.mech_driver [None req-d90ae858-aa8d-4b21-9d44-4f81669ce97e - - - - - -] OVN reports status up for port: a558e5d3-43e5-49d4-a4ce-6204bbfa69fd
2026-07-15 06:05:01.586 10 INFO neutron.plugins.ml2.plugin [None req-d90ae858-aa8d-4b21-9d44-4f81669ce97e - - - - - -] Attempt 1 to provision port a558e5d3-43e5-49d4-a4ce-6204bbfa69fd
2026-07-15 06:05:01.747 9 INFO neutron.db.ovn_revision_numbers_db [None req-d602a835-0e2b-4c7f-a2c4-66490c5c15cd 4239e68166ed4136927cb286b7fb9c8a 4df009eeb35b4bdeb722721d47d8db55 - - default default] Successfully bumped revision number for resource 19ebbf9a-1bc3-40f0-9c22-0f19557c0380 (type: security_groups) to 1
2026-07-15 06:05:01.761 9 INFO neutron.db.ovn_revision_numbers_db [None req-d602a835-0e2b-4c7f-a2c4-66490c5c15cd 4239e68166ed4136927cb286b7fb9c8a 4df009eeb35b4bdeb722721d47d8db55 - - default default] Successfully bumped revision number for resource 33f91218-8d8f-4ac4-8004-78c9b840a350 (type: security_group_rules) to 0
2026-07-15 06:05:01.776 9 INFO neutron.db.ovn_revision_numbers_db [None req-d602a835-0e2b-4c7f-a2c4-66490c5c15cd 4239e68166ed4136927cb286b7fb9c8a 4df009eeb35b4bdeb722721d47d8db55 - - default default] Successfully bumped revision number for resource 483b797a-d4d0-4759-be7a-f338860cb8d6 (type: security_group_rules) to 0
2026-07-15 06:05:01.789 9 INFO neutron.db.ovn_revision_numbers_db [None req-d602a835-0e2b-4c7f-a2c4-66490c5c15cd 4239e68166ed4136927cb286b7fb9c8a 4df009eeb35b4bdeb722721d47d8db55 - - default default] Successfully bumped revision number for resource b8496a2a-76da-4d91-a7d0-200df31c5f28 (type: security_group_rules) to 0
2026-07-15 06:05:01.801 9 INFO neutron.db.ovn_revision_numbers_db [None req-d602a835-0e2b-4c7f-a2c4-66490c5c15cd 4239e68166ed4136927cb286b7fb9c8a 4df009eeb35b4bdeb722721d47d8db55 - - default default] Successfully bumped revision number for resource f425d27f-350b-4d74-93db-d40b1eda7980 (type: security_group_rules) to 0
2026-07-15 06:05:01.820 9 INFO neutron.wsgi [None req-d602a835-0e2b-4c7f-a2c4-66490c5c15cd 4239e68166ed4136927cb286b7fb9c8a 4df009eeb35b4bdeb722721d47d8db55 - - default default] 10.0.0.208 "GET /v2.0/security-groups?tenant_id=1eb6361c9795448fae59a532b6cc3080&name=default HTTP/1.1" status: 200 len: 3120 time: 0.1936951
2026-07-15 06:05:01.831 10 INFO neutron.db.ovn_revision_numbers_db [None req-ea60bd01-fbd3-433d-bef2-902285027670 4239e68166ed4136927cb286b7fb9c8a 4df009eeb35b4bdeb722721d47d8db55 - - default default] Successfully bumped revision number for resource a558e5d3-43e5-49d4-a4ce-6204bbfa69fd (type: ports) to 1
2026-07-15 06:05:01.898 10 INFO neutron.db.ovn_revision_numbers_db [None req-738ee074-ef3a-40a1-b4a3-aa7af4e30fbd - - - - - -] Successfully bumped revision number for resource a9f673e0-0480-4e50-81d5-4582681a2905 (type: ports) to 4
2026-07-15 06:05:01.936 10 WARNING neutron.scheduler.dhcp_agent_scheduler [None req-ea60bd01-fbd3-433d-bef2-902285027670 4239e68166ed4136927cb286b7fb9c8a 4df009eeb35b4bdeb722721d47d8db55 - - default default] No more DHCP agents
2026-07-15 06:05:01.963 10 WARNING neutron.api.rpc.agentnotifiers.dhcp_rpc_agent_api [None req-ea60bd01-fbd3-433d-bef2-902285027670 4239e68166ed4136927cb286b7fb9c8a 4df009eeb35b4bdeb722721d47d8db55 - - default default] Unable to schedule network a5cee617-2b2e-48b7-b8c9-c781b2a7527d: no agents available; will retry on subsequent port and subnet creation events.
2026-07-15 06:05:02.098 9 INFO neutron.wsgi [None req-6c5b4208-e06f-4767-bd47-414825b778dc 4239e68166ed4136927cb286b7fb9c8a 4df009eeb35b4bdeb722721d47d8db55 - - default default] 10.0.0.208 "DELETE /v2.0/security-groups/19ebbf9a-1bc3-40f0-9c22-0f19557c0380 HTTP/1.1" status: 204 len: 168 time: 0.2711499
2026-07-15 06:05:02.473 10 INFO neutron.db.ovn_revision_numbers_db [None req-738ee074-ef3a-40a1-b4a3-aa7af4e30fbd - - - - - -] Successfully bumped revision number for resource a9f673e0-0480-4e50-81d5-4582681a2905 (type: router_ports) to 4
2026-07-15 06:05:02.624 10 INFO neutron.db.ovn_revision_numbers_db [None req-d90ae858-aa8d-4b21-9d44-4f81669ce97e - - - - - -] Successfully bumped revision number for resource a558e5d3-43e5-49d4-a4ce-6204bbfa69fd (type: ports) to 2
2026-07-15 06:05:02.785 10 ERROR ovsdbapp.backend.ovs_idl.command [None req-d90ae858-aa8d-4b21-9d44-4f81669ce97e - - - - - -] Error executing command (DbGetCommand): ovsdbapp.backend.ovs_idl.idlutils.RowNotFound: Cannot find Logical_Router_Port with name=lrp-a558e5d3-43e5-49d4-a4ce-6204bbfa69fd
2026-07-15 06:05:02.785 10 ERROR ovsdbapp.backend.ovs_idl.command
Traceback (most recent call last):
2026-07-15 06:05:02.785 10 ERROR ovsdbapp.backend.ovs_idl.command
File "/var/lib/openstack/lib/python3.10/site-packages/ovsdbapp/backend/ovs_idl/command.py", line 47, in execute
2026-07-15 06:05:02.785 10 ERROR ovsdbapp.backend.ovs_idl.command self.run_idl(None)
2026-07-15 06:05:02.785 10 ERROR ovsdbapp.backend.ovs_idl.command
File "/var/lib/openstack/lib/python3.10/site-packages/ovsdbapp/backend/ovs_idl/command.py", line 235, in run_idl
2026-07-15 06:05:02.785 10 ERROR ovsdbapp.backend.ovs_idl.command record = self.api.lookup(self.table, self.record)
2026-07-15 06:05:02.785 10 ERROR ovsdbapp.backend.ovs_idl.command
File "/var/lib/openstack/lib/python3.10/site-packages/ovsdbapp/backend/ovs_idl/__init__.py", line 184, in lookup
2026-07-15 06:05:02.785 10 ERROR ovsdbapp.backend.ovs_idl.command return self._lookup(table, record)
2026-07-15 06:05:02.785 10 ERROR ovsdbapp.backend.ovs_idl.command
File "/var/lib/openstack/lib/python3.10/site-packages/ovsdbapp/backend/ovs_idl/__init__.py", line 235, in _lookup
2026-07-15 06:05:02.785 10 ERROR ovsdbapp.backend.ovs_idl.command row = idlutils.row_by_value(self, rl.table, rl.column, record)
2026-07-15 06:05:02.785 10 ERROR ovsdbapp.backend.ovs_idl.command
File "/var/lib/openstack/lib/python3.10/site-packages/ovsdbapp/backend/ovs_idl/idlutils.py", line 114, in row_by_value
2026-07-15 06:05:02.785 10 ERROR ovsdbapp.backend.ovs_idl.command raise RowNotFound(table=table, col=column, match=match)
2026-07-15 06:05:02.785 10 ERROR ovsdbapp.backend.ovs_idl.command ovsdbapp.backend.ovs_idl.idlutils.RowNotFound: Cannot find Logical_Router_Port with name=lrp-a558e5d3-43e5-49d4-a4ce-6204bbfa69fd
2026-07-15 06:05:02.785 10 ERROR ovsdbapp.backend.ovs_idl.command 
2026-07-15 06:05:02.786 10 ERROR neutron_lib.callbacks.manager [None req-d90ae858-aa8d-4b21-9d44-4f81669ce97e - - - - - -] Error during notification for neutron.services.ovn_l3.plugin.OVNL3RouterPlugin._port_update-8739481113318 port, after_update: ovsdbapp.backend.ovs_idl.idlutils.RowNotFound: Cannot find Logical_Router_Port with name=lrp-a558e5d3-43e5-49d4-a4ce-6204bbfa69fd
2026-07-15 06:05:02.786 10 ERROR neutron_lib.callbacks.manager
Traceback (most recent call last):
2026-07-15 06:05:02.786 10 ERROR neutron_lib.callbacks.manager
File "/var/lib/openstack/lib/python3.10/site-packages/neutron_lib/callbacks/manager.py", line 189, in _notify_loop
2026-07-15 06:05:02.786 10 ERROR neutron_lib.callbacks.manager callback.method(resource, event, trigger, payload=payload)
2026-07-15 06:05:02.786 10 ERROR neutron_lib.callbacks.manager
File "/var/lib/openstack/lib/python3.10/site-packages/neutron/services/ovn_l3/plugin.py", line 391, in _port_update
2026-07-15 06:05:02.786 10 ERROR neutron_lib.callbacks.manager l3plugin._ovn_client.update_router_port(context,
2026-07-15 06:05:02.786 10 ERROR neutron_lib.callbacks.manager
File "/var/lib/openstack/lib/python3.10/site-packages/neutron/plugins/ml2/drivers/ovn/mech_driver/ovsdb/ovn_client.py", line 1878, in update_router_port
2026-07-15 06:05:02.786 10 ERROR neutron_lib.callbacks.manager self._update_lrouter_port(context, port, if_exists=if_exists,
2026-07-15 06:05:02.786 10 ERROR neutron_lib.callbacks.manager
File "/var/lib/openstack/lib/python3.10/site-packages/neutron/plugins/ml2/drivers/ovn/mech_driver/ovsdb/ovn_client.py", line 1855, in _update_lrouter_port
2026-07-15 06:05:02.786 10 ERROR neutron_lib.callbacks.manager external_ids = self._nb_idl.db_get(
2026-07-15 06:05:02.786 10 ERROR neutron_lib.callbacks.manager
File "/var/lib/openstack/lib/python3.10/site-packages/ovsdbapp/backend/ovs_idl/command.py", line 47, in execute
2026-07-15 06:05:02.786 10 ERROR neutron_lib.callbacks.manager self.run_idl(None)
2026-07-15 06:05:02.786 10 ERROR neutron_lib.callbacks.manager
File "/var/lib/openstack/lib/python3.10/site-packages/ovsdbapp/backend/ovs_idl/command.py", line 235, in run_idl
2026-07-15 06:05:02.786 10 ERROR neutron_lib.callbacks.manager record = self.api.lookup(self.table, self.record)
2026-07-15 06:05:02.786 10 ERROR neutron_lib.callbacks.manager
File "/var/lib/openstack/lib/python3.10/site-packages/ovsdbapp/backend/ovs_idl/__init__.py", line 184, in lookup
2026-07-15 06:05:02.786 10 ERROR neutron_lib.callbacks.manager return self._lookup(table, record)
2026-07-15 06:05:02.786 10 ERROR neutron_lib.callbacks.manager
File "/var/lib/openstack/lib/python3.10/site-packages/ovsdbapp/backend/ovs_idl/__init__.py", line 235, in _lookup
2026-07-15 06:05:02.786 10 ERROR neutron_lib.callbacks.manager row = idlutils.row_by_value(self, rl.table, rl.column, record)
2026-07-15 06:05:02.786 10 ERROR neutron_lib.callbacks.manager
File "/var/lib/openstack/lib/python3.10/site-packages/ovsdbapp/backend/ovs_idl/idlutils.py", line 114, in row_by_value
2026-07-15 06:05:02.786 10 ERROR neutron_lib.callbacks.manager raise RowNotFound(table=table, col=column, match=match)
2026-07-15 06:05:02.786 10 ERROR neutron_lib.callbacks.manager ovsdbapp.backend.ovs_idl.idlutils.RowNotFound: Cannot find Logical_Router_Port with name=lrp-a558e5d3-43e5-49d4-a4ce-6204bbfa69fd
2026-07-15 06:05:02.786 10 ERROR neutron_lib.callbacks.manager 
2026-07-15 06:05:02.913 10 INFO neutron.db.ovn_revision_numbers_db [None req-ea60bd01-fbd3-433d-bef2-902285027670 4239e68166ed4136927cb286b7fb9c8a 4df009eeb35b4bdeb722721d47d8db55 - - default default] Successfully bumped revision number for resource a558e5d3-43e5-49d4-a4ce-6204bbfa69fd (type: router_ports) to 1
2026-07-15 06:05:02.919 10 INFO neutron.wsgi [None req-ea60bd01-fbd3-433d-bef2-902285027670 4239e68166ed4136927cb286b7fb9c8a 4df009eeb35b4bdeb722721d47d8db55 - - default default] 10.0.0.208 "PUT /v2.0/routers/4198429c-66ca-4aa2-aa53-73d21a9148c9/add_router_interface HTTP/1.1" status: 200 len: 503 time: 4.0623734
2026-07-15 06:05:03.329 9 INFO neutron.db.ovn_revision_numbers_db [None req-0030a266-3c3b-4691-8d79-831ebf9d37bd 4239e68166ed4136927cb286b7fb9c8a 4df009eeb35b4bdeb722721d47d8db55 - - default default] Successfully bumped revision number for resource 9f6d2f55-57d3-4317-b328-3504be663b38 (type: security_groups) to 1
2026-07-15 06:05:03.356 9 INFO neutron.db.ovn_revision_numbers_db [None req-0030a266-3c3b-4691-8d79-831ebf9d37bd 4239e68166ed4136927cb286b7fb9c8a 4df009eeb35b4bdeb722721d47d8db55 - - default default] Successfully bumped revision number for resource 2337c76d-66d1-4a6a-8459-30311b11793e (type: security_group_rules) to 0
2026-07-15 06:05:03.378 9 INFO neutron.db.ovn_revision_numbers_db [None req-0030a266-3c3b-4691-8d79-831ebf9d37bd 4239e68166ed4136927cb286b7fb9c8a 4df009eeb35b4bdeb722721d47d8db55 - - default default] Successfully bumped revision number for resource 5bb4fd47-fd29-4ad7-acba-8c89bb373327 (type: security_group_rules) to 0
2026-07-15 06:05:03.407 9 INFO neutron.db.ovn_revision_numbers_db [None req-0030a266-3c3b-4691-8d79-831ebf9d37bd 4239e68166ed4136927cb286b7fb9c8a 4df009eeb35b4bdeb722721d47d8db55 - - default default] Successfully bumped revision number for resource cd12d23e-793f-4bec-80e1-d87388b6a322 (type: security_group_rules) to 0
2026-07-15 06:05:03.425 9 INFO neutron.db.ovn_revision_numbers_db [None req-0030a266-3c3b-4691-8d79-831ebf9d37bd 4239e68166ed4136927cb286b7fb9c8a 4df009eeb35b4bdeb722721d47d8db55 - - default default] Successfully bumped revision number for resource f7982d11-3413-4db8-af35-43fbba91f369 (type: security_group_rules) to 0
2026-07-15 06:05:03.483 9 INFO neutron.db.segments_db [None req-0030a266-3c3b-4691-8d79-831ebf9d37bd 4239e68166ed4136927cb286b7fb9c8a 4df009eeb35b4bdeb722721d47d8db55 - - default default] Added segment f187fd5d-b488-41d2-9c19-3e8e8fec8f88 of type geneve for network 0b8cae72-249b-4473-8adb-48376b0d27e8
2026-07-15 06:05:03.605 10 WARNING neutron_lib.context [None req-90cebfbf-0327-48e1-be81-548921e2e2b6 075f5682994a413dbd828f7df95f5524 87db8853565c4a21bea8ad13428e7854 - - default default] Method 'is_advsvc' is deprecated since 2023.2 release (neutron-lib 3.8.0) and will be removed once support for the old RBAC API policies will be removed from Neutron. Please use method 'is_service_role' instead.
2026-07-15 06:05:03.620 9 INFO neutron.db.ovn_revision_numbers_db [None req-0030a266-3c3b-4691-8d79-831ebf9d37bd 4239e68166ed4136927cb286b7fb9c8a 4df009eeb35b4bdeb722721d47d8db55 - - default default] Successfully bumped revision number for resource 0b8cae72-249b-4473-8adb-48376b0d27e8 (type: networks) to 1
2026-07-15 06:05:03.785 10 INFO neutron.db.ovn_revision_numbers_db [None req-90cebfbf-0327-48e1-be81-548921e2e2b6 075f5682994a413dbd828f7df95f5524 87db8853565c4a21bea8ad13428e7854 - - default default] Successfully bumped revision number for resource f86a618c-22db-4eb8-99c0-888b872bc38c (type: security_groups) to 1
2026-07-15 06:05:03.814 10 INFO neutron.db.ovn_revision_numbers_db [None req-90cebfbf-0327-48e1-be81-548921e2e2b6 075f5682994a413dbd828f7df95f5524 87db8853565c4a21bea8ad13428e7854 - - default default] Successfully bumped revision number for resource d3e72d1e-c188-4bb2-9b06-3f8f13d6028f (type: security_group_rules) to 0
2026-07-15 06:05:03.832 9 WARNING neutron.scheduler.dhcp_agent_scheduler [None req-0030a266-3c3b-4691-8d79-831ebf9d37bd 4239e68166ed4136927cb286b7fb9c8a 4df009eeb35b4bdeb722721d47d8db55 - - default default] No more DHCP agents
2026-07-15 06:05:03.837 9 WARNING neutron.api.rpc.agentnotifiers.dhcp_rpc_agent_api [None req-0030a266-3c3b-4691-8d79-831ebf9d37bd 4239e68166ed4136927cb286b7fb9c8a 4df009eeb35b4bdeb722721d47d8db55 - - default default] Unable to schedule network 0b8cae72-249b-4473-8adb-48376b0d27e8: no agents available; will retry on subsequent port and subnet creation events.
2026-07-15 06:05:03.843 10 INFO neutron.db.ovn_revision_numbers_db [None req-90cebfbf-0327-48e1-be81-548921e2e2b6 075f5682994a413dbd828f7df95f5524 87db8853565c4a21bea8ad13428e7854 - - default default] Successfully bumped revision number for resource d863dcfb-b584-4dc7-9c75-0cc85940649c (type: security_group_rules) to 0
2026-07-15 06:05:03.874 10 INFO neutron.wsgi [None req-90cebfbf-0327-48e1-be81-548921e2e2b6 075f5682994a413dbd828f7df95f5524 87db8853565c4a21bea8ad13428e7854 - - default default] 10.0.0.208 "POST /v2.0/security-groups HTTP/1.1" status: 201 len: 1859 time: 0.2776725
2026-07-15 06:05:03.887 9 WARNING neutron_lib.context [None req-7dd622a7-cdcb-4390-9284-4ca81c90fc1d 075f5682994a413dbd828f7df95f5524 87db8853565c4a21bea8ad13428e7854 - - default default] Method 'is_advsvc' is deprecated since 2023.2 release (neutron-lib 3.8.0) and will be removed once support for the old RBAC API policies will be removed from Neutron. Please use method 'is_service_role' instead.
2026-07-15 06:05:04.149 9 INFO neutron.db.ovn_revision_numbers_db [None req-0030a266-3c3b-4691-8d79-831ebf9d37bd 4239e68166ed4136927cb286b7fb9c8a 4df009eeb35b4bdeb722721d47d8db55 - - default default] Successfully bumped revision number for resource 39fb0277-3905-4507-b895-7e3c0bf592c6 (type: ports) to 1
2026-07-15 06:05:04.174 9 INFO neutron.wsgi [None req-0030a266-3c3b-4691-8d79-831ebf9d37bd 4239e68166ed4136927cb286b7fb9c8a 4df009eeb35b4bdeb722721d47d8db55 - - default default] 10.0.0.208 "POST /v2.0/networks HTTP/1.1" status: 201 len: 944 time: 1.2247074
2026-07-15 06:05:04.273 9 INFO neutron.db.ovn_revision_numbers_db [None req-7dd622a7-cdcb-4390-9284-4ca81c90fc1d 075f5682994a413dbd828f7df95f5524 87db8853565c4a21bea8ad13428e7854 - - default default] Successfully bumped revision number for resource 30fbed42-6417-4dd1-b7fb-a60194f2bcca (type: security_group_rules) to 0
2026-07-15 06:05:04.309 9 INFO neutron.wsgi [None req-7dd622a7-cdcb-4390-9284-4ca81c90fc1d 075f5682994a413dbd828f7df95f5524 87db8853565c4a21bea8ad13428e7854 - - default default] 10.0.0.208 "POST /v2.0/security-group-rules HTTP/1.1" status: 201 len: 796 time: 0.4283147
2026-07-15 06:05:04.325 9 WARNING neutron_lib.context [None req-b3c647c8-45ef-451c-8da3-12b0426ba718 075f5682994a413dbd828f7df95f5524 87db8853565c4a21bea8ad13428e7854 - - default default] Method 'is_advsvc' is deprecated since 2023.2 release (neutron-lib 3.8.0) and will be removed once support for the old RBAC API policies will be removed from Neutron. Please use method 'is_service_role' instead.
2026-07-15 06:05:04.417 10 WARNING neutron.scheduler.dhcp_agent_scheduler [None req-e31e810d-1238-432a-851c-70c0ba10c991 4239e68166ed4136927cb286b7fb9c8a 4df009eeb35b4bdeb722721d47d8db55 - - default default] No more DHCP agents
2026-07-15 06:05:04.419 10 WARNING neutron.api.rpc.agentnotifiers.dhcp_rpc_agent_api [None req-e31e810d-1238-432a-851c-70c0ba10c991 4239e68166ed4136927cb286b7fb9c8a 4df009eeb35b4bdeb722721d47d8db55 - - default default] Unable to schedule network 0b8cae72-249b-4473-8adb-48376b0d27e8: no agents available; will retry on subsequent port and subnet creation events.
2026-07-15 06:05:04.476 9 INFO neutron.db.ovn_revision_numbers_db [None req-b3c647c8-45ef-451c-8da3-12b0426ba718 075f5682994a413dbd828f7df95f5524 87db8853565c4a21bea8ad13428e7854 - - default default] Successfully bumped revision number for resource dcc2f64e-eacc-48e4-8dde-2df94214f0ce (type: security_group_rules) to 0
2026-07-15 06:05:04.504 9 INFO neutron.wsgi [None req-b3c647c8-45ef-451c-8da3-12b0426ba718 075f5682994a413dbd828f7df95f5524 87db8853565c4a21bea8ad13428e7854 - - default default] 10.0.0.208 "POST /v2.0/security-group-rules HTTP/1.1" status: 201 len: 801 time: 0.1872873
2026-07-15 06:05:04.519 9 WARNING neutron_lib.context [None req-4196e5b6-e593-4920-b057-db2cbc1d0d32 075f5682994a413dbd828f7df95f5524 87db8853565c4a21bea8ad13428e7854 - - default default] Method 'is_advsvc' is deprecated since 2023.2 release (neutron-lib 3.8.0) and will be removed once support for the old RBAC API policies will be removed from Neutron. Please use method 'is_service_role' instead.
2026-07-15 06:05:04.837 9 WARNING neutron.scheduler.dhcp_agent_scheduler [None req-4196e5b6-e593-4920-b057-db2cbc1d0d32 075f5682994a413dbd828f7df95f5524 87db8853565c4a21bea8ad13428e7854 - - default default] No more DHCP agents
2026-07-15 06:05:04.840 9 WARNING neutron.api.rpc.agentnotifiers.dhcp_rpc_agent_api [None req-4196e5b6-e593-4920-b057-db2cbc1d0d32 075f5682994a413dbd828f7df95f5524 87db8853565c4a21bea8ad13428e7854 - - default default] Unable to schedule network 61d64043-fc3e-466a-9133-8257a54ec247: no agents available; will retry on subsequent port and subnet creation events.
2026-07-15 06:05:04.898 9 INFO neutron.db.ovn_revision_numbers_db [None req-620fcf32-cd0f-4a73-8b69-d903d7e82909 4239e68166ed4136927cb286b7fb9c8a 4df009eeb35b4bdeb722721d47d8db55 - - default default] Successfully bumped revision number for resource 0dadcc08-1515-4e43-8f81-d6f7191fdcfe (type: security_groups) to 1
2026-07-15 06:05:04.915 9 INFO neutron.db.ovn_revision_numbers_db [None req-620fcf32-cd0f-4a73-8b69-d903d7e82909 4239e68166ed4136927cb286b7fb9c8a 4df009eeb35b4bdeb722721d47d8db55 - - default default] Successfully bumped revision number for resource 7daeacb2-f8fe-4593-9727-e613a206ff02 (type: security_group_rules) to 0
2026-07-15 06:05:04.965 9 INFO neutron.db.ovn_revision_numbers_db [None req-620fcf32-cd0f-4a73-8b69-d903d7e82909 4239e68166ed4136927cb286b7fb9c8a 4df009eeb35b4bdeb722721d47d8db55 - - default default] Successfully bumped revision number for resource 99c42c6f-a1ca-4760-8546-af3551739784 (type: security_group_rules) to 0
2026-07-15 06:05:04.986 9 INFO neutron.db.ovn_revision_numbers_db [None req-620fcf32-cd0f-4a73-8b69-d903d7e82909 4239e68166ed4136927cb286b7fb9c8a 4df009eeb35b4bdeb722721d47d8db55 - - default default] Successfully bumped revision number for resource a40919b9-0756-404a-935a-8dfcb97c00c4 (type: security_group_rules) to 0
2026-07-15 06:05:05.010 9 INFO neutron.db.ovn_revision_numbers_db [None req-620fcf32-cd0f-4a73-8b69-d903d7e82909 4239e68166ed4136927cb286b7fb9c8a 4df009eeb35b4bdeb722721d47d8db55 - - default default] Successfully bumped revision number for resource d5bf7d3e-c40e-4406-9aac-05744e9588e6 (type: security_group_rules) to 0
2026-07-15 06:05:05.027 10 INFO neutron.db.ovn_revision_numbers_db [None req-e31e810d-1238-432a-851c-70c0ba10c991 4239e68166ed4136927cb286b7fb9c8a 4df009eeb35b4bdeb722721d47d8db55 - - default default] Successfully bumped revision number for resource 39fb0277-3905-4507-b895-7e3c0bf592c6 (type: ports) to 2
2026-07-15 06:05:05.046 9 INFO neutron.wsgi [None req-620fcf32-cd0f-4a73-8b69-d903d7e82909 4239e68166ed4136927cb286b7fb9c8a 4df009eeb35b4bdeb722721d47d8db55 - - default default] 10.0.0.208 "GET /v2.0/security-groups?tenant_id=e8d8f5cf8080489383dc809e7fff5c69&name=default HTTP/1.1" status: 200 len: 3120 time: 0.3907878
2026-07-15 06:05:05.090 10 INFO neutron.db.ovn_revision_numbers_db [None req-e31e810d-1238-432a-851c-70c0ba10c991 4239e68166ed4136927cb286b7fb9c8a 4df009eeb35b4bdeb722721d47d8db55 - - default default] Successfully bumped revision number for resource 35262cf2-079d-4f11-a1a8-df79cda140e8 (type: subnets) to 0
2026-07-15 06:05:05.108 10 INFO neutron.wsgi [None req-e31e810d-1238-432a-851c-70c0ba10c991 4239e68166ed4136927cb286b7fb9c8a 4df009eeb35b4bdeb722721d47d8db55 - - default default] 10.0.0.208 "POST /v2.0/subnets HTTP/1.1" status: 201 len: 865 time: 0.9253173
2026-07-15 06:05:05.227 9 INFO neutron.wsgi [None req-4196e5b6-e593-4920-b057-db2cbc1d0d32 075f5682994a413dbd828f7df95f5524 87db8853565c4a21bea8ad13428e7854 - - default default] 10.0.0.208 "POST /v2.0/floatingips HTTP/1.1" status: 201 len: 751 time: 0.7151058
2026-07-15 06:05:05.460 10 INFO neutron.wsgi [req-33c8d02a-024a-4683-afd7-0a37169575c7 req-5b3e4727-e5ef-4e8d-83ab-a0db617b34b5 cd9b9ee205c84cddbe4d7c10fe1a120b dfcca62c60f942559238de17f9258104 - - 69172da1aae54a58bc71ea00e04f72f7 69172da1aae54a58bc71ea00e04f72f7] 10.0.0.182 "GET /v2.0/ports?device_id=212c94ae-8b25-451d-910b-87bb8f55014a HTTP/1.1" status: 200 len: 1413 time: 0.4220192
2026-07-15 06:05:05.571 10 INFO neutron.wsgi [req-33c8d02a-024a-4683-afd7-0a37169575c7 req-76025ae8-e088-4b0d-885d-471af0b7291a cd9b9ee205c84cddbe4d7c10fe1a120b dfcca62c60f942559238de17f9258104 - - 69172da1aae54a58bc71ea00e04f72f7 69172da1aae54a58bc71ea00e04f72f7] 10.0.0.182 "GET /v2.0/security-groups?id=cf108d29-c5ff-44e4-8b02-d3babcef8bfa&fields=id&fields=name HTTP/1.1" status: 200 len: 313 time: 0.1010365
2026-07-15 06:05:05.791 10 INFO neutron.wsgi [None req-40c9a3ad-3678-449b-ae00-e3f06eccdeb6 4239e68166ed4136927cb286b7fb9c8a 4df009eeb35b4bdeb722721d47d8db55 - - default default] 10.0.0.208 "DELETE /v2.0/security-groups/0dadcc08-1515-4e43-8f81-d6f7191fdcfe HTTP/1.1" status: 204 len: 168 time: 0.7366672
2026-07-15 06:05:05.975 10 INFO neutron.wsgi [-] 10.0.0.19 "GET / HTTP/1.1" status: 200 len: 246 time: 0.0019054
2026-07-15 06:05:05.977 9 INFO neutron.wsgi [-] 10.0.0.19 "GET / HTTP/1.1" status: 200 len: 246 time: 0.0031703
2026-07-15 06:05:06.027 10 WARNING neutron.scheduler.dhcp_agent_scheduler [None req-777d7555-8f56-49a5-97bb-97dd5fdbc30f 4239e68166ed4136927cb286b7fb9c8a 4df009eeb35b4bdeb722721d47d8db55 - - default default] No more DHCP agents
2026-07-15 06:05:06.029 10 WARNING neutron.api.rpc.agentnotifiers.dhcp_rpc_agent_api [None req-777d7555-8f56-49a5-97bb-97dd5fdbc30f 4239e68166ed4136927cb286b7fb9c8a 4df009eeb35b4bdeb722721d47d8db55 - - default default] Unable to schedule network 61d64043-fc3e-466a-9133-8257a54ec247: no agents available; will retry on subsequent port and subnet creation events.
2026-07-15 06:05:06.220 10 INFO neutron.db.ovn_revision_numbers_db [None req-777d7555-8f56-49a5-97bb-97dd5fdbc30f 4239e68166ed4136927cb286b7fb9c8a 4df009eeb35b4bdeb722721d47d8db55 - - default default] Successfully bumped revision number for resource 16c3f867-3ac3-4db3-b0ad-04c8a8b30dae (type: ports) to 1
2026-07-15 06:05:06.967 10 INFO neutron.plugins.ml2.drivers.ovn.mech_driver.ovsdb.commands [None req-d8de29cb-c2fd-48f0-8f07-05123539ebb3 - - - - - -] Schedule LRP lrp-16c3f867-3ac3-4db3-b0ad-04c8a8b30dae on gateway 09dc8415-5e84-46b1-8c1e-26d17f8a839a with priority 1
2026-07-15 06:05:06.994 10 INFO neutron.plugins.ml2.drivers.ovn.mech_driver.ovsdb.ovsdb_monitor [None req-738ee074-ef3a-40a1-b4a3-aa7af4e30fbd - - - - - -] Router 35ce9c1c-2c2e-4eda-9bee-dc71b24f6559 is bound to host instance
2026-07-15 06:05:07.053 10 INFO neutron.db.ovn_revision_numbers_db [None req-777d7555-8f56-49a5-97bb-97dd5fdbc30f 4239e68166ed4136927cb286b7fb9c8a 4df009eeb35b4bdeb722721d47d8db55 - - default default] Successfully bumped revision number for resource 16c3f867-3ac3-4db3-b0ad-04c8a8b30dae (type: router_ports) to 1
2026-07-15 06:05:07.171 10 INFO neutron.db.ovn_revision_numbers_db [None req-777d7555-8f56-49a5-97bb-97dd5fdbc30f 4239e68166ed4136927cb286b7fb9c8a 4df009eeb35b4bdeb722721d47d8db55 - - default default] Successfully bumped revision number for resource 35ce9c1c-2c2e-4eda-9bee-dc71b24f6559 (type: routers) to 2
2026-07-15 06:05:07.200 10 INFO neutron.wsgi [None req-777d7555-8f56-49a5-97bb-97dd5fdbc30f 4239e68166ed4136927cb286b7fb9c8a 4df009eeb35b4bdeb722721d47d8db55 - - default default] 10.0.0.208 "POST /v2.0/routers HTTP/1.1" status: 201 len: 1167 time: 2.0849755
2026-07-15 06:05:07.658 10 WARNING neutron.plugins.ml2.drivers.ovn.mech_driver.ovsdb.ovn_client [None req-d90ae858-aa8d-4b21-9d44-4f81669ce97e - - - - - -] No hosting information found for port a558e5d3-43e5-49d4-a4ce-6204bbfa69fd: RuntimeError: No hosting information found for port a558e5d3-43e5-49d4-a4ce-6204bbfa69fd
2026-07-15 06:05:07.658 10 INFO neutron.plugins.ml2.drivers.ovn.mech_driver.mech_driver [None req-d90ae858-aa8d-4b21-9d44-4f81669ce97e - - - - - -] OVN reports status up for port: 16c3f867-3ac3-4db3-b0ad-04c8a8b30dae
2026-07-15 06:05:07.689 10 INFO neutron.plugins.ml2.plugin [None req-d90ae858-aa8d-4b21-9d44-4f81669ce97e - - - - - -] Attempt 1 to provision port 16c3f867-3ac3-4db3-b0ad-04c8a8b30dae
2026-07-15 06:05:07.858 9 WARNING neutron_lib.context [None req-88e4fe0c-c2ee-4849-93e9-a125356d72dc 4c4719e240794b6682295856d451da3b be6085dd726147cc83c1244f7b19baff - - default default] Method 'is_advsvc' is deprecated since 2023.2 release (neutron-lib 3.8.0) and will be removed once support for the old RBAC API policies will be removed from Neutron. Please use method 'is_service_role' instead.
2026-07-15 06:05:07.860 9 WARNING neutron.scheduler.dhcp_agent_scheduler [None req-71948284-ffc1-4d84-bfd1-8f5d0344a26d 4239e68166ed4136927cb286b7fb9c8a 4df009eeb35b4bdeb722721d47d8db55 - - default default] No more DHCP agents
2026-07-15 06:05:07.865 9 WARNING neutron.api.rpc.agentnotifiers.dhcp_rpc_agent_api [None req-71948284-ffc1-4d84-bfd1-8f5d0344a26d 4239e68166ed4136927cb286b7fb9c8a 4df009eeb35b4bdeb722721d47d8db55 - - default default] Unable to schedule network 0b8cae72-249b-4473-8adb-48376b0d27e8: no agents available; will retry on subsequent port and subnet creation events.
2026-07-15 06:05:08.061 9 INFO neutron.db.ovn_revision_numbers_db [None req-71948284-ffc1-4d84-bfd1-8f5d0344a26d 4239e68166ed4136927cb286b7fb9c8a 4df009eeb35b4bdeb722721d47d8db55 - - default default] Successfully bumped revision number for resource 630d5fac-883a-4f2f-b564-0888c174b6d8 (type: ports) to 1
2026-07-15 06:05:08.063 9 INFO neutron.db.ovn_revision_numbers_db [None req-88e4fe0c-c2ee-4849-93e9-a125356d72dc 4c4719e240794b6682295856d451da3b be6085dd726147cc83c1244f7b19baff - - default default] Successfully bumped revision number for resource 8905ecfb-03e3-4085-a0b6-7b9163a904aa (type: security_groups) to 1
2026-07-15 06:05:08.090 10 INFO neutron.db.ovn_revision_numbers_db [None req-738ee074-ef3a-40a1-b4a3-aa7af4e30fbd - - - - - -] Successfully bumped revision number for resource 16c3f867-3ac3-4db3-b0ad-04c8a8b30dae (type: ports) to 1
2026-07-15 06:05:08.093 9 INFO neutron.db.ovn_revision_numbers_db [None req-88e4fe0c-c2ee-4849-93e9-a125356d72dc 4c4719e240794b6682295856d451da3b be6085dd726147cc83c1244f7b19baff - - default default] Successfully bumped revision number for resource 0fa38751-ed51-4e88-8da3-6cf797646058 (type: security_group_rules) to 0
2026-07-15 06:05:08.118 9 INFO neutron.db.ovn_revision_numbers_db [None req-88e4fe0c-c2ee-4849-93e9-a125356d72dc 4c4719e240794b6682295856d451da3b be6085dd726147cc83c1244f7b19baff - - default default] Successfully bumped revision number for resource 1886307a-5ec1-49e6-a1dd-1d7ddc8ac631 (type: security_group_rules) to 0
2026-07-15 06:05:08.145 9 INFO neutron.db.ovn_revision_numbers_db [None req-88e4fe0c-c2ee-4849-93e9-a125356d72dc 4c4719e240794b6682295856d451da3b be6085dd726147cc83c1244f7b19baff - - default default] Successfully bumped revision number for resource b2abc390-c01c-4ae7-a2dc-b9eae0cc75e6 (type: security_group_rules) to 0
2026-07-15 06:05:08.166 9 INFO neutron.db.ovn_revision_numbers_db [None req-88e4fe0c-c2ee-4849-93e9-a125356d72dc 4c4719e240794b6682295856d451da3b be6085dd726147cc83c1244f7b19baff - - default default] Successfully bumped revision number for resource c0a0e43e-1e72-4d19-b3dc-7ae006ac245a (type: security_group_rules) to 0
2026-07-15 06:05:08.229 9 INFO neutron.db.segments_db [None req-88e4fe0c-c2ee-4849-93e9-a125356d72dc 4c4719e240794b6682295856d451da3b be6085dd726147cc83c1244f7b19baff - - default default] Added segment 72966b9c-02c6-4ca7-8494-2a469837c980 of type geneve for network 909043c5-9251-4aec-9c29-12538ac9f92a
2026-07-15 06:05:08.402 10 INFO neutron.wsgi [req-ef51a930-de23-4fe7-881d-25d1e600bb21 req-bf53b60c-31e1-4d82-b6fa-e640591378f0 d48ac70a7bc0402e8cd09d60772c7493 a0eba1a1e9544e3faba703f1681334e7 - - default default] 10.0.0.24 "GET /v2.0/ports?device_id=212c94ae-8b25-451d-910b-87bb8f55014a HTTP/1.1" status: 200 len: 1174 time: 0.1803546
2026-07-15 06:05:08.463 9 INFO neutron.db.ovn_revision_numbers_db [None req-88e4fe0c-c2ee-4849-93e9-a125356d72dc 4c4719e240794b6682295856d451da3b be6085dd726147cc83c1244f7b19baff - - default default] Successfully bumped revision number for resource 909043c5-9251-4aec-9c29-12538ac9f92a (type: networks) to 1
2026-07-15 06:05:08.556 10 INFO neutron.wsgi [req-c807e587-166c-47bc-8715-bd0257126471 req-9cc52898-f8a8-4e7f-ba8e-da6f5e718d74 d48ac70a7bc0402e8cd09d60772c7493 a0eba1a1e9544e3faba703f1681334e7 - - default default] 10.0.0.24 "GET /v2.0/ports/9fda0994-0217-4903-ba5b-296ad12f25c5 HTTP/1.1" status: 200 len: 1171 time: 0.0653865
2026-07-15 06:05:08.714 10 INFO neutron.db.ovn_revision_numbers_db [None req-738ee074-ef3a-40a1-b4a3-aa7af4e30fbd - - - - - -] Successfully bumped revision number for resource 16c3f867-3ac3-4db3-b0ad-04c8a8b30dae (type: router_ports) to 3
2026-07-15 06:05:08.752 10 INFO neutron.wsgi [req-6c96e7db-ab3f-4b86-9d63-0af038e7576f req-b690b378-04b7-4fd7-9f38-3b636e7e9da3 d48ac70a7bc0402e8cd09d60772c7493 a0eba1a1e9544e3faba703f1681334e7 - - default default] 199.204.45.210 "GET /v2.0/subnets?network_id=366771f7-865e-4087-8412-1ff7f8954879 HTTP/1.1" status: 200 len: 858 time: 0.0550332
2026-07-15 06:05:08.832 9 WARNING neutron.scheduler.dhcp_agent_scheduler [None req-88e4fe0c-c2ee-4849-93e9-a125356d72dc 4c4719e240794b6682295856d451da3b be6085dd726147cc83c1244f7b19baff - - default default] No more DHCP agents
2026-07-15 06:05:08.837 9 WARNING neutron.api.rpc.agentnotifiers.dhcp_rpc_agent_api [None req-88e4fe0c-c2ee-4849-93e9-a125356d72dc 4c4719e240794b6682295856d451da3b be6085dd726147cc83c1244f7b19baff - - default default] Unable to schedule network 909043c5-9251-4aec-9c29-12538ac9f92a: no agents available; will retry on subsequent port and subnet creation events.
2026-07-15 06:05:08.841 10 INFO neutron.wsgi [req-6c96e7db-ab3f-4b86-9d63-0af038e7576f req-b9141d19-dd05-4872-9364-9880aac18cef d48ac70a7bc0402e8cd09d60772c7493 a0eba1a1e9544e3faba703f1681334e7 - - default default] 199.204.45.210 "GET /v2.0/ports?device_id=212c94ae-8b25-451d-910b-87bb8f55014a&device_owner=compute%3Anova&network_id=366771f7-865e-4087-8412-1ff7f8954879 HTTP/1.1" status: 200 len: 1174 time: 0.0814879
2026-07-15 06:05:08.886 9 ERROR ovsdbapp.backend.ovs_idl.command [None req-71948284-ffc1-4d84-bfd1-8f5d0344a26d 4239e68166ed4136927cb286b7fb9c8a 4df009eeb35b4bdeb722721d47d8db55 - - default default] Error executing command (DbGetCommand): ovsdbapp.backend.ovs_idl.idlutils.RowNotFound: Cannot find Logical_Router_Port with name=lrp-630d5fac-883a-4f2f-b564-0888c174b6d8
2026-07-15 06:05:08.886 9 ERROR ovsdbapp.backend.ovs_idl.command
Traceback (most recent call last):
2026-07-15 06:05:08.886 9 ERROR ovsdbapp.backend.ovs_idl.command
File "/var/lib/openstack/lib/python3.10/site-packages/ovsdbapp/backend/ovs_idl/command.py", line 47, in execute
2026-07-15 06:05:08.886 9 ERROR ovsdbapp.backend.ovs_idl.command self.run_idl(None)
2026-07-15 06:05:08.886 9 ERROR ovsdbapp.backend.ovs_idl.command
File "/var/lib/openstack/lib/python3.10/site-packages/ovsdbapp/backend/ovs_idl/command.py", line 235, in run_idl
2026-07-15 06:05:08.886 9 ERROR ovsdbapp.backend.ovs_idl.command record = self.api.lookup(self.table, self.record)
2026-07-15 06:05:08.886 9 ERROR ovsdbapp.backend.ovs_idl.command
File "/var/lib/openstack/lib/python3.10/site-packages/ovsdbapp/backend/ovs_idl/__init__.py", line 184, in lookup
2026-07-15 06:05:08.886 9 ERROR ovsdbapp.backend.ovs_idl.command return self._lookup(table, record)
2026-07-15 06:05:08.886 9 ERROR ovsdbapp.backend.ovs_idl.command
File "/var/lib/openstack/lib/python3.10/site-packages/ovsdbapp/backend/ovs_idl/__init__.py", line 235, in _lookup
2026-07-15 06:05:08.886 9 ERROR ovsdbapp.backend.ovs_idl.command row = idlutils.row_by_value(self, rl.table, rl.column, record)
2026-07-15 06:05:08.886 9 ERROR ovsdbapp.backend.ovs_idl.command
File "/var/lib/openstack/lib/python3.10/site-packages/ovsdbapp/backend/ovs_idl/idlutils.py", line 114, in row_by_value
2026-07-15 06:05:08.886 9 ERROR ovsdbapp.backend.ovs_idl.command raise RowNotFound(table=table, col=column, match=match)
2026-07-15 06:05:08.886 9 ERROR ovsdbapp.backend.ovs_idl.command ovsdbapp.backend.ovs_idl.idlutils.RowNotFound: Cannot find Logical_Router_Port with name=lrp-630d5fac-883a-4f2f-b564-0888c174b6d8
2026-07-15 06:05:08.886 9 ERROR ovsdbapp.backend.ovs_idl.command 
2026-07-15 06:05:08.887 9 ERROR neutron_lib.callbacks.manager [None req-71948284-ffc1-4d84-bfd1-8f5d0344a26d 4239e68166ed4136927cb286b7fb9c8a 4df009eeb35b4bdeb722721d47d8db55 - - default default] Error during notification for neutron.services.ovn_l3.plugin.OVNL3RouterPlugin._port_update-8739481113318 port, after_update: ovsdbapp.backend.ovs_idl.idlutils.RowNotFound: Cannot find Logical_Router_Port with name=lrp-630d5fac-883a-4f2f-b564-0888c174b6d8
2026-07-15 06:05:08.887 9 ERROR neutron_lib.callbacks.manager
Traceback (most recent call last):
2026-07-15 06:05:08.887 9 ERROR neutron_lib.callbacks.manager
File "/var/lib/openstack/lib/python3.10/site-packages/neutron_lib/callbacks/manager.py", line 189, in _notify_loop
2026-07-15 06:05:08.887 9 ERROR neutron_lib.callbacks.manager callback.method(resource, event, trigger, payload=payload)
2026-07-15 06:05:08.887 9 ERROR neutron_lib.callbacks.manager
File "/var/lib/openstack/lib/python3.10/site-packages/neutron/services/ovn_l3/plugin.py", line 391, in _port_update
2026-07-15 06:05:08.887 9 ERROR neutron_lib.callbacks.manager l3plugin._ovn_client.update_router_port(context,
2026-07-15 06:05:08.887 9 ERROR neutron_lib.callbacks.manager
File "/var/lib/openstack/lib/python3.10/site-packages/neutron/plugins/ml2/drivers/ovn/mech_driver/ovsdb/ovn_client.py", line 1878, in update_router_port
2026-07-15 06:05:08.887 9 ERROR neutron_lib.callbacks.manager self._update_lrouter_port(context, port, if_exists=if_exists,
2026-07-15 06:05:08.887 9 ERROR neutron_lib.callbacks.manager
File "/var/lib/openstack/lib/python3.10/site-packages/neutron/plugins/ml2/drivers/ovn/mech_driver/ovsdb/ovn_client.py", line 1855, in _update_lrouter_port
2026-07-15 06:05:08.887 9 ERROR neutron_lib.callbacks.manager external_ids = self._nb_idl.db_get(
2026-07-15 06:05:08.887 9 ERROR neutron_lib.callbacks.manager
File "/var/lib/openstack/lib/python3.10/site-packages/ovsdbapp/backend/ovs_idl/command.py", line 47, in execute
2026-07-15 06:05:08.887 9 ERROR neutron_lib.callbacks.manager self.run_idl(None)
2026-07-15 06:05:08.887 9 ERROR neutron_lib.callbacks.manager
File "/var/lib/openstack/lib/python3.10/site-packages/ovsdbapp/backend/ovs_idl/command.py", line 235, in run_idl
2026-07-15 06:05:08.887 9 ERROR neutron_lib.callbacks.manager record = self.api.lookup(self.table, self.record)
2026-07-15 06:05:08.887 9 ERROR neutron_lib.callbacks.manager
File "/var/lib/openstack/lib/python3.10/site-packages/ovsdbapp/backend/ovs_idl/__init__.py", line 184, in lookup
2026-07-15 06:05:08.887 9 ERROR neutron_lib.callbacks.manager return self._lookup(table, record)
2026-07-15 06:05:08.887 9 ERROR neutron_lib.callbacks.manager
File "/var/lib/openstack/lib/python3.10/site-packages/ovsdbapp/backend/ovs_idl/__init__.py", line 235, in _lookup
