2026-07-15 06:06:59.819 10 INFO neutron.db.ovn_revision_numbers_db [None req-a973e576-805f-4cd4-bda6-7f62f4792635 e59d064fceb9495a8a5ecc3c81324120 b32b50c895a846ffbb27decb331c5859 - - default default] Successfully bumped revision number for resource 662141e9-6787-43be-aaa7-82c08226b559 (type: ports) to 2
2026-07-15 06:06:59.829 9 INFO neutron.wsgi [None req-59059858-27f4-4ce4-92d4-34a1f241d5f0 98e94d60904a45af9f6c4346fe91224a f72e5dd7aa75428692fdd6b31b90ef84 - - default default] 10.0.0.208 "GET /v2.0/extensions/security-groups-default-rules HTTP/1.1" status: 200 len: 456 time: 0.0048697
2026-07-15 06:06:59.833 10 INFO neutron.wsgi [None req-a973e576-805f-4cd4-bda6-7f62f4792635 e59d064fceb9495a8a5ecc3c81324120 b32b50c895a846ffbb27decb331c5859 - - default default] 10.0.0.208 "PUT /v2.0/ports/662141e9-6787-43be-aaa7-82c08226b559 HTTP/1.1" status: 200 len: 946 time: 0.4738703
2026-07-15 06:06:59.841 10 INFO neutron.wsgi [None req-5435faf0-5971-45d8-8257-fe51c5d539d3 98e94d60904a45af9f6c4346fe91224a f72e5dd7aa75428692fdd6b31b90ef84 - - default default] 10.0.0.208 "GET /v2.0/extensions/security-groups-normalized-cidr HTTP/1.1" status: 200 len: 445 time: 0.0064240
2026-07-15 06:06:59.850 9 INFO neutron.wsgi [req-eac7011c-5351-4b7a-9fe0-dac459ac514c req-c7877de7-eb62-4bf0-8cf1-bc1d9d881fd4 cd9b9ee205c84cddbe4d7c10fe1a120b dfcca62c60f942559238de17f9258104 - - 69172da1aae54a58bc71ea00e04f72f7 69172da1aae54a58bc71ea00e04f72f7] 199.204.45.210 "GET /v2.0/floatingips?fixed_ip_address=10.100.0.7&port_id=6aafdc6f-0427-4727-a671-e1141743cb7c HTTP/1.1" status: 200 len: 217 time: 0.2943301
2026-07-15 06:06:59.855 9 INFO neutron.wsgi [None req-892648d5-8b0e-4e15-9089-7116cb9c6534 98e94d60904a45af9f6c4346fe91224a f72e5dd7aa75428692fdd6b31b90ef84 - - default default] 10.0.0.208 "GET /v2.0/extensions/security-groups-remote-address-group HTTP/1.1" status: 200 len: 448 time: 0.0073738
2026-07-15 06:06:59.881 9 INFO neutron.wsgi [None req-3722590e-c1db-458a-8ade-e439a25c5e2e 98e94d60904a45af9f6c4346fe91224a f72e5dd7aa75428692fdd6b31b90ef84 - - default default] 10.0.0.208 "GET /v2.0/extensions/security-groups-rules-belongs-to-default-sg HTTP/1.1" status: 200 len: 508 time: 0.0210974
2026-07-15 06:06:59.889 10 INFO neutron.wsgi [None req-53f9372d-b301-44e1-a31f-320d83d75eb3 98e94d60904a45af9f6c4346fe91224a f72e5dd7aa75428692fdd6b31b90ef84 - - default default] 10.0.0.208 "GET /v2.0/extensions/security-groups-shared-filtering HTTP/1.1" status: 200 len: 435 time: 0.0043414
2026-07-15 06:06:59.906 9 INFO neutron.wsgi [None req-9f3effe5-d0e9-42d4-9b03-c6cb1c743d2e 98e94d60904a45af9f6c4346fe91224a f72e5dd7aa75428692fdd6b31b90ef84 - - default default] 10.0.0.208 "GET /v2.0/extensions/security-group HTTP/1.1" status: 200 len: 364 time: 0.0087364
2026-07-15 06:06:59.908 9 WARNING neutron.plugins.ml2.drivers.ovn.mech_driver.ovsdb.ovn_client [None req-424360a4-b402-4a28-b76b-5c5ebb5779bb - - - - - -] No hosting information found for port 6992a11b-2b7d-4230-8233-5c54102abb24: RuntimeError: No hosting information found for port 6992a11b-2b7d-4230-8233-5c54102abb24
2026-07-15 06:06:59.909 9 INFO neutron.plugins.ml2.drivers.ovn.mech_driver.mech_driver [None req-424360a4-b402-4a28-b76b-5c5ebb5779bb - - - - - -] OVN reports status down for port: 662141e9-6787-43be-aaa7-82c08226b559
2026-07-15 06:06:59.918 9 INFO neutron.wsgi [None req-e0169b26-ab22-4bef-bbbd-f44e4b3d538c 98e94d60904a45af9f6c4346fe91224a f72e5dd7aa75428692fdd6b31b90ef84 - - default default] 10.0.0.208 "GET /v2.0/extensions/segment HTTP/1.1" status: 200 len: 339 time: 0.0064902
2026-07-15 06:06:59.927 9 INFO neutron.wsgi [req-eac7011c-5351-4b7a-9fe0-dac459ac514c req-45d1ed8f-d852-48ee-8145-0be21c4bcd40 cd9b9ee205c84cddbe4d7c10fe1a120b dfcca62c60f942559238de17f9258104 - - 69172da1aae54a58bc71ea00e04f72f7 69172da1aae54a58bc71ea00e04f72f7] 199.204.45.210 "GET /v2.0/subnets?id=127a5cb3-457e-41ea-913c-c188666a7a9b HTTP/1.1" status: 200 len: 852 time: 0.0700707
2026-07-15 06:06:59.933 9 INFO neutron.wsgi [None req-bb3d826b-dfe2-407c-a65a-99644ce4ffa9 98e94d60904a45af9f6c4346fe91224a f72e5dd7aa75428692fdd6b31b90ef84 - - default default] 10.0.0.208 "GET /v2.0/extensions/segments-peer-subnet-host-routes HTTP/1.1" status: 200 len: 427 time: 0.0047603
2026-07-15 06:06:59.947 10 INFO neutron.wsgi [None req-ed645632-c014-4347-bbd2-d07678c3e8f9 98e94d60904a45af9f6c4346fe91224a f72e5dd7aa75428692fdd6b31b90ef84 - - default default] 10.0.0.208 "GET /v2.0/extensions/service-type HTTP/1.1" status: 200 len: 415 time: 0.0083847
2026-07-15 06:06:59.960 10 INFO neutron.wsgi [None req-35fcb18f-9a13-4485-8d4f-7283fdb51cfa 98e94d60904a45af9f6c4346fe91224a f72e5dd7aa75428692fdd6b31b90ef84 - - default default] 10.0.0.208 "GET /v2.0/extensions/sorting HTTP/1.1" status: 200 len: 377 time: 0.0085425
2026-07-15 06:06:59.974 9 INFO neutron.wsgi [None req-27741a5a-9950-48de-93da-6ffa62b434a1 98e94d60904a45af9f6c4346fe91224a f72e5dd7aa75428692fdd6b31b90ef84 - - default default] 10.0.0.208 "GET /v2.0/extensions/standard-attr-segment HTTP/1.1" status: 200 len: 406 time: 0.0068555
2026-07-15 06:06:59.977 9 INFO neutron.wsgi [req-eac7011c-5351-4b7a-9fe0-dac459ac514c req-9d25aef2-33bf-4216-9a7f-963f58552865 cd9b9ee205c84cddbe4d7c10fe1a120b dfcca62c60f942559238de17f9258104 - - 69172da1aae54a58bc71ea00e04f72f7 69172da1aae54a58bc71ea00e04f72f7] 199.204.45.210 "GET /v2.0/ports?network_id=cb4737b5-157d-4425-8da8-a1ac7b55c6fb&device_owner=network%3Adhcp HTTP/1.1" status: 200 len: 210 time: 0.0430188
2026-07-15 06:06:59.984 9 INFO neutron.wsgi [None req-9fa50653-6a00-4c38-8fdf-9141c543a5d0 98e94d60904a45af9f6c4346fe91224a f72e5dd7aa75428692fdd6b31b90ef84 - - default default] 10.0.0.208 "GET /v2.0/extensions/standard-attr-description HTTP/1.1" status: 200 len: 408 time: 0.0055881
2026-07-15 06:06:59.993 10 INFO neutron.wsgi [None req-9bbd1da7-8763-4f97-9bb0-22ef17dc0501 98e94d60904a45af9f6c4346fe91224a f72e5dd7aa75428692fdd6b31b90ef84 - - default default] 10.0.0.208 "GET /v2.0/extensions/stateful-security-group HTTP/1.1" status: 200 len: 402 time: 0.0053606
2026-07-15 06:07:00.003 10 INFO neutron.wsgi [None req-9d2341fd-159a-4559-978d-a4bda7e50ef1 98e94d60904a45af9f6c4346fe91224a f72e5dd7aa75428692fdd6b31b90ef84 - - default default] 10.0.0.208 "GET /v2.0/extensions/subnet-dns-publish-fixed-ip HTTP/1.1" status: 200 len: 421 time: 0.0061429
2026-07-15 06:07:00.013 10 INFO neutron.wsgi [None req-9dabf991-717c-432a-9c57-b2b92346593c 98e94d60904a45af9f6c4346fe91224a f72e5dd7aa75428692fdd6b31b90ef84 - - default default] 10.0.0.208 "GET /v2.0/extensions/subnet-segmentid-writable HTTP/1.1" status: 200 len: 421 time: 0.0067821
2026-07-15 06:07:00.025 9 INFO neutron.wsgi [None req-36f46731-3a2b-4618-9977-0a0252c17d35 98e94d60904a45af9f6c4346fe91224a f72e5dd7aa75428692fdd6b31b90ef84 - - default default] 10.0.0.208 "GET /v2.0/extensions/subnet-service-types HTTP/1.1" status: 200 len: 400 time: 0.0080419
2026-07-15 06:07:00.033 10 INFO neutron.wsgi [None req-cb6dac58-23d7-41c8-b318-c16230cf3d99 98e94d60904a45af9f6c4346fe91224a f72e5dd7aa75428692fdd6b31b90ef84 - - default default] 10.0.0.208 "GET /v2.0/extensions/subnet_allocation HTTP/1.1" status: 200 len: 388 time: 0.0046096
2026-07-15 06:07:00.045 9 INFO neutron.wsgi [None req-ecf8730d-baf1-45b2-b12d-b3fa43174143 98e94d60904a45af9f6c4346fe91224a f72e5dd7aa75428692fdd6b31b90ef84 - - default default] 10.0.0.208 "GET /v2.0/extensions/subnetpool-prefix-ops HTTP/1.1" status: 200 len: 418 time: 0.0068569
2026-07-15 06:07:00.059 10 INFO neutron.wsgi [None req-34d2518c-3d3c-4a3a-aaaf-8aa6821c341e 98e94d60904a45af9f6c4346fe91224a f72e5dd7aa75428692fdd6b31b90ef84 - - default default] 10.0.0.208 "GET /v2.0/extensions/standard-attr-tag HTTP/1.1" status: 200 len: 537 time: 0.0094490
2026-07-15 06:07:00.065 9 INFO neutron.wsgi [req-eac7011c-5351-4b7a-9fe0-dac459ac514c req-ff66c6a6-bc1f-45db-93ad-d0d2050e79d2 cd9b9ee205c84cddbe4d7c10fe1a120b dfcca62c60f942559238de17f9258104 - - 69172da1aae54a58bc71ea00e04f72f7 69172da1aae54a58bc71ea00e04f72f7] 199.204.45.210 "GET /v2.0/networks/cb4737b5-157d-4425-8da8-a1ac7b55c6fb?fields=segments HTTP/1.1" status: 200 len: 212 time: 0.0785837
2026-07-15 06:07:00.067 10 INFO neutron.wsgi [None req-a8a8f4bb-87c4-4b25-af82-87b42a33be42 98e94d60904a45af9f6c4346fe91224a f72e5dd7aa75428692fdd6b31b90ef84 - - default default] 10.0.0.208 "GET /v2.0/extensions/standard-attr-timestamp HTTP/1.1" status: 200 len: 449 time: 0.0045140
2026-07-15 06:07:00.075 9 INFO neutron.wsgi [None req-9d7699e6-2d2b-4a2e-95f9-53d1ab83fa82 98e94d60904a45af9f6c4346fe91224a f72e5dd7aa75428692fdd6b31b90ef84 - - default default] 10.0.0.208 "GET /v2.0/extensions/trunk HTTP/1.1" status: 200 len: 358 time: 0.0044339
2026-07-15 06:07:00.089 10 INFO neutron.wsgi [None req-4013b145-eab3-4f6c-a157-2449084d197d 98e94d60904a45af9f6c4346fe91224a f72e5dd7aa75428692fdd6b31b90ef84 - - default default] 10.0.0.208 "GET /v2.0/extensions/trunk-details HTTP/1.1" status: 200 len: 362 time: 0.0063052
2026-07-15 06:07:00.103 10 INFO neutron.wsgi [None req-e9467d06-6fc1-490d-84e9-a599a6058278 98e94d60904a45af9f6c4346fe91224a f72e5dd7aa75428692fdd6b31b90ef84 - - default default] 10.0.0.208 "GET /v2.0/extensions/vpn-agent-scheduler HTTP/1.1" status: 200 len: 393 time: 0.0074770
2026-07-15 06:07:00.111 10 INFO neutron.wsgi [None req-2e21eae4-3160-4506-8316-53cc1f0fb75c 4239e68166ed4136927cb286b7fb9c8a 4df009eeb35b4bdeb722721d47d8db55 - - default default] 10.0.0.208 "DELETE /v2.0/security-groups/b7660ba4-c351-480a-84b9-461b3aa36900 HTTP/1.1" status: 204 len: 168 time: 0.4966786
2026-07-15 06:07:00.115 10 INFO neutron.wsgi [None req-19529276-5ffa-4006-926d-97a08daf7863 98e94d60904a45af9f6c4346fe91224a f72e5dd7aa75428692fdd6b31b90ef84 - - default default] 10.0.0.208 "GET /v2.0/extensions/vpn-endpoint-groups HTTP/1.1" status: 200 len: 371 time: 0.0095451
2026-07-15 06:07:00.132 9 INFO neutron.wsgi [None req-3a2d8d96-f4dd-4fd5-a6a8-a8aad2087de4 98e94d60904a45af9f6c4346fe91224a f72e5dd7aa75428692fdd6b31b90ef84 - - default default] 10.0.0.208 "GET /v2.0/extensions/vpn-flavors HTTP/1.1" status: 200 len: 376 time: 0.0065441
2026-07-15 06:07:00.142 9 INFO neutron.wsgi [None req-92bb5766-df3b-4b1e-9102-196d91c147fc 98e94d60904a45af9f6c4346fe91224a f72e5dd7aa75428692fdd6b31b90ef84 - - default default] 10.0.0.208 "GET /v2.0/extensions/vpnaas HTTP/1.1" status: 200 len: 348 time: 0.0055640
2026-07-15 06:07:00.146 9 INFO neutron.wsgi [req-eac7011c-5351-4b7a-9fe0-dac459ac514c req-9f84ecfb-0230-4864-aceb-7610d81767a2 cd9b9ee205c84cddbe4d7c10fe1a120b dfcca62c60f942559238de17f9258104 - - 69172da1aae54a58bc71ea00e04f72f7 69172da1aae54a58bc71ea00e04f72f7] 199.204.45.210 "GET /v2.0/networks/cb4737b5-157d-4425-8da8-a1ac7b55c6fb?fields=provider%3Aphysical_network&fields=provider%3Anetwork_type HTTP/1.1" status: 200 len: 277 time: 0.0701132
2026-07-15 06:07:00.223 10 INFO neutron.wsgi [None req-37ef2a91-a016-413e-9a99-df1fb61fccc9 e59d064fceb9495a8a5ecc3c81324120 b32b50c895a846ffbb27decb331c5859 - - default default] 10.0.0.208 "DELETE /v2.0/ports/662141e9-6787-43be-aaa7-82c08226b559 HTTP/1.1" status: 204 len: 168 time: 0.3804963
2026-07-15 06:07:00.225 9 INFO neutron.wsgi [req-cbad43f6-18bd-4b06-8395-86c61e78f889 req-dc508ff0-0af6-4cd6-b119-9fb67bbe686d cd9b9ee205c84cddbe4d7c10fe1a120b dfcca62c60f942559238de17f9258104 - - 69172da1aae54a58bc71ea00e04f72f7 69172da1aae54a58bc71ea00e04f72f7] 199.204.45.210 "GET /v2.0/ports?tenant_id=8afcf190b57e46e6ac5fdd87e8f07164&device_id=11b760a3-12ce-4e1d-a370-fdd987d8b77d HTTP/1.1" status: 200 len: 1407 time: 0.0408936
2026-07-15 06:07:00.349 10 INFO neutron.plugins.ml2.drivers.ovn.mech_driver.mech_driver [None req-d90ae858-aa8d-4b21-9d44-4f81669ce97e - - - - - -] OVN reports status up for port: 6aafdc6f-0427-4727-a671-e1141743cb7c
2026-07-15 06:07:00.362 10 INFO neutron.plugins.ml2.plugin [None req-d90ae858-aa8d-4b21-9d44-4f81669ce97e - - - - - -] Attempt 1 to provision port 6aafdc6f-0427-4727-a671-e1141743cb7c
2026-07-15 06:07:00.363 10 INFO neutron.db.ovn_revision_numbers_db [None req-ccb11ab5-6c64-465e-8209-41c994038017 4239e68166ed4136927cb286b7fb9c8a 4df009eeb35b4bdeb722721d47d8db55 - - default default] Successfully bumped revision number for resource d6b059b6-bae3-447e-9098-8ee2e4332368 (type: security_groups) to 1
2026-07-15 06:07:00.369 9 INFO neutron.wsgi [req-cbad43f6-18bd-4b06-8395-86c61e78f889 req-c1af6d82-4943-4e62-981f-8f46439f9fce cd9b9ee205c84cddbe4d7c10fe1a120b dfcca62c60f942559238de17f9258104 - - 69172da1aae54a58bc71ea00e04f72f7 69172da1aae54a58bc71ea00e04f72f7] 199.204.45.210 "GET /v2.0/networks?id=cb4737b5-157d-4425-8da8-a1ac7b55c6fb HTTP/1.1" status: 200 len: 957 time: 0.1373670
2026-07-15 06:07:00.378 9 INFO neutron.wsgi [None req-1feb2733-9eba-48e8-bfac-fdb205809dc5 e59d064fceb9495a8a5ecc3c81324120 b32b50c895a846ffbb27decb331c5859 - - default default] 10.0.0.208 "GET /v2.0/ports HTTP/1.1" status: 200 len: 1728 time: 0.1517193
2026-07-15 06:07:00.396 10 INFO neutron.db.ovn_revision_numbers_db [None req-ccb11ab5-6c64-465e-8209-41c994038017 4239e68166ed4136927cb286b7fb9c8a 4df009eeb35b4bdeb722721d47d8db55 - - default default] Successfully bumped revision number for resource 09d05838-1c30-4d24-892f-f4fafe5aa3f9 (type: security_group_rules) to 0
2026-07-15 06:07:00.406 9 INFO neutron.wsgi [req-cbad43f6-18bd-4b06-8395-86c61e78f889 req-b5fbba1e-434c-40f8-894a-e7b16c766805 cd9b9ee205c84cddbe4d7c10fe1a120b dfcca62c60f942559238de17f9258104 - - 69172da1aae54a58bc71ea00e04f72f7 69172da1aae54a58bc71ea00e04f72f7] 199.204.45.210 "GET /v2.0/floatingips?fixed_ip_address=10.100.0.7&port_id=6aafdc6f-0427-4727-a671-e1141743cb7c HTTP/1.1" status: 200 len: 217 time: 0.0274212
2026-07-15 06:07:00.408 10 INFO neutron.pecan_wsgi.hooks.translation [None req-b247213f-4a58-43ce-a466-6aa7a9346b24 e59d064fceb9495a8a5ecc3c81324120 b32b50c895a846ffbb27decb331c5859 - - default default] GET failed (client error): The resource could not be found.
2026-07-15 06:07:00.410 10 INFO neutron.wsgi [None req-b247213f-4a58-43ce-a466-6aa7a9346b24 e59d064fceb9495a8a5ecc3c81324120 b32b50c895a846ffbb27decb331c5859 - - default default] 10.0.0.208 "GET /v2.0/ports/662141e9-6787-43be-aaa7-82c08226b559 HTTP/1.1" status: 404 len: 333 time: 0.0265386
2026-07-15 06:07:00.443 9 INFO neutron.wsgi [req-cbad43f6-18bd-4b06-8395-86c61e78f889 req-fc4e4a85-3a66-4f15-9afe-65169e17459c cd9b9ee205c84cddbe4d7c10fe1a120b dfcca62c60f942559238de17f9258104 - - 69172da1aae54a58bc71ea00e04f72f7 69172da1aae54a58bc71ea00e04f72f7] 199.204.45.210 "GET /v2.0/subnets?id=127a5cb3-457e-41ea-913c-c188666a7a9b HTTP/1.1" status: 200 len: 852 time: 0.0314443
2026-07-15 06:07:00.443 10 INFO neutron.db.ovn_revision_numbers_db [None req-ccb11ab5-6c64-465e-8209-41c994038017 4239e68166ed4136927cb286b7fb9c8a 4df009eeb35b4bdeb722721d47d8db55 - - default default] Successfully bumped revision number for resource 68f77a57-1c45-4645-ae0f-1175ebacfa42 (type: security_group_rules) to 0
2026-07-15 06:07:00.473 9 INFO neutron.wsgi [req-cbad43f6-18bd-4b06-8395-86c61e78f889 req-d95fb1c1-d6d9-4794-9213-55578ac6584d cd9b9ee205c84cddbe4d7c10fe1a120b dfcca62c60f942559238de17f9258104 - - 69172da1aae54a58bc71ea00e04f72f7 69172da1aae54a58bc71ea00e04f72f7] 199.204.45.210 "GET /v2.0/ports?network_id=cb4737b5-157d-4425-8da8-a1ac7b55c6fb&device_owner=network%3Adhcp HTTP/1.1" status: 200 len: 210 time: 0.0252497
2026-07-15 06:07:00.547 9 INFO neutron.wsgi [req-cbad43f6-18bd-4b06-8395-86c61e78f889 req-df8cf93e-1da3-438b-8a2a-39b6df66daf6 cd9b9ee205c84cddbe4d7c10fe1a120b dfcca62c60f942559238de17f9258104 - - 69172da1aae54a58bc71ea00e04f72f7 69172da1aae54a58bc71ea00e04f72f7] 199.204.45.210 "GET /v2.0/networks/cb4737b5-157d-4425-8da8-a1ac7b55c6fb?fields=segments HTTP/1.1" status: 200 len: 212 time: 0.0666833
2026-07-15 06:07:00.613 9 INFO neutron.wsgi [req-cbad43f6-18bd-4b06-8395-86c61e78f889 req-facd3bae-5c11-475d-808b-e676c6aa2f8d cd9b9ee205c84cddbe4d7c10fe1a120b dfcca62c60f942559238de17f9258104 - - 69172da1aae54a58bc71ea00e04f72f7 69172da1aae54a58bc71ea00e04f72f7] 199.204.45.210 "GET /v2.0/networks/cb4737b5-157d-4425-8da8-a1ac7b55c6fb?fields=provider%3Aphysical_network&fields=provider%3Anetwork_type HTTP/1.1" status: 200 len: 277 time: 0.0573807
2026-07-15 06:07:00.705 10 INFO neutron.db.ovn_revision_numbers_db [None req-ccb11ab5-6c64-465e-8209-41c994038017 4239e68166ed4136927cb286b7fb9c8a 4df009eeb35b4bdeb722721d47d8db55 - - default default] Successfully bumped revision number for resource 94b26dcd-5476-4850-95a6-99c5f5e68a7c (type: security_group_rules) to 0
2026-07-15 06:07:00.721 10 INFO neutron.wsgi [None req-bc8b11ca-5240-41e5-984c-b2e9836077ec e59d064fceb9495a8a5ecc3c81324120 b32b50c895a846ffbb27decb331c5859 - - default default] 10.0.0.208 "GET /v2.0/ports HTTP/1.1" status: 200 len: 1728 time: 0.3027523
2026-07-15 06:07:00.747 10 INFO neutron.wsgi [req-1bb82b0b-b1b0-4d6e-b7b5-326ac3c5a173 req-bfed1985-0874-424e-99bd-38e1e18bbafc 3551f3ade1674dd7b584bbb8a56fd353 8afcf190b57e46e6ac5fdd87e8f07164 - - default default] 10.0.0.24 "GET /v2.0/ports?device_id=11b760a3-12ce-4e1d-a370-fdd987d8b77d HTTP/1.1" status: 200 len: 1168 time: 0.3054903
2026-07-15 06:07:00.763 10 INFO neutron.db.ovn_revision_numbers_db [None req-ccb11ab5-6c64-465e-8209-41c994038017 4239e68166ed4136927cb286b7fb9c8a 4df009eeb35b4bdeb722721d47d8db55 - - default default] Successfully bumped revision number for resource d2577137-2f0e-4ed6-9130-5f84a76290b7 (type: security_group_rules) to 0
2026-07-15 06:07:00.777 9 INFO neutron.wsgi [None req-45bd636b-4f96-404c-ac3b-e0ff225654c1 e59d064fceb9495a8a5ecc3c81324120 b32b50c895a846ffbb27decb331c5859 - - default default] 10.0.0.208 "GET /v2.0/ports/21232423-ea95-4dee-bb1f-3169f60cb203 HTTP/1.1" status: 200 len: 968 time: 0.0490792
2026-07-15 06:07:00.803 10 INFO neutron.wsgi [None req-ccb11ab5-6c64-465e-8209-41c994038017 4239e68166ed4136927cb286b7fb9c8a 4df009eeb35b4bdeb722721d47d8db55 - - default default] 10.0.0.208 "GET /v2.0/security-groups?tenant_id=720c8590cf4c4d6ab52c796e2da64df6&name=default HTTP/1.1" status: 200 len: 3120 time: 0.5672677
2026-07-15 06:07:00.810 9 INFO neutron.pecan_wsgi.hooks.translation [None req-9359d5a7-d3bf-4095-9f3d-6f589063a04f e59d064fceb9495a8a5ecc3c81324120 b32b50c895a846ffbb27decb331c5859 - - default default] DELETE failed (client error): The resource could not be found.
2026-07-15 06:07:00.813 9 INFO neutron.wsgi [None req-9359d5a7-d3bf-4095-9f3d-6f589063a04f e59d064fceb9495a8a5ecc3c81324120 b32b50c895a846ffbb27decb331c5859 - - default default] 10.0.0.208 "DELETE /v2.0/ports/1344c597-1193-4081-9304-c23193d002db HTTP/1.1" status: 404 len: 333 time: 0.0273278
2026-07-15 06:07:00.841 9 INFO neutron.pecan_wsgi.hooks.translation [None req-93510875-da4c-442a-a2fd-9dbb58fe78ba e59d064fceb9495a8a5ecc3c81324120 b32b50c895a846ffbb27decb331c5859 - - default default] DELETE failed (client error): The resource could not be found.
2026-07-15 06:07:00.841 10 INFO neutron.wsgi [req-1bb82b0b-b1b0-4d6e-b7b5-326ac3c5a173 req-2328b721-1802-470d-8b96-8a81df3ab30e 3551f3ade1674dd7b584bbb8a56fd353 8afcf190b57e46e6ac5fdd87e8f07164 - - default default] 10.0.0.24 "GET /v2.0/security-groups?id=d0931fdc-6917-41a9-9fc0-4dba5459fecd&fields=id&fields=name HTTP/1.1" status: 200 len: 310 time: 0.0815563
2026-07-15 06:07:00.844 9 INFO neutron.wsgi [None req-93510875-da4c-442a-a2fd-9dbb58fe78ba e59d064fceb9495a8a5ecc3c81324120 b32b50c895a846ffbb27decb331c5859 - - default default] 10.0.0.208 "DELETE /v2.0/subnets/6a34194b-305f-480f-91ef-d85d4a8ce879 HTTP/1.1" status: 404 len: 337 time: 0.0242357
2026-07-15 06:07:00.865 10 INFO neutron.notifiers.nova [-] Nova event matching ['req-46108cac-a031-4403-9cbc-f547e7e1e7ec'] response: {'server_uuid': '11b760a3-12ce-4e1d-a370-fdd987d8b77d', 'name': 'network-vif-plugged', 'status': 'completed', 'tag': '6aafdc6f-0427-4727-a671-e1141743cb7c', 'code': 200}
2026-07-15 06:07:00.875 9 INFO neutron.pecan_wsgi.hooks.translation [None req-ddec5f54-9de0-407d-a14b-3e2bb901ba12 e59d064fceb9495a8a5ecc3c81324120 b32b50c895a846ffbb27decb331c5859 - - default default] DELETE failed (client error): The resource could not be found.
2026-07-15 06:07:00.878 9 INFO neutron.wsgi [None req-ddec5f54-9de0-407d-a14b-3e2bb901ba12 e59d064fceb9495a8a5ecc3c81324120 b32b50c895a846ffbb27decb331c5859 - - default default] 10.0.0.208 "DELETE /v2.0/subnets/6582d466-602a-4237-80e5-d46182fd0098 HTTP/1.1" status: 404 len: 337 time: 0.0288661
2026-07-15 06:07:00.883 10 INFO neutron.services.segments.plugin [-] Segment 06748c33-6274-472d-b5d3-6e87f277e8a1 resource provider aggregate not found
2026-07-15 06:07:00.890 10 INFO neutron.services.segments.plugin [-] Segment 06748c33-6274-472d-b5d3-6e87f277e8a1 resource provider aggregate not found
2026-07-15 06:07:00.897 10 INFO neutron.services.segments.plugin [-] Segment 06748c33-6274-472d-b5d3-6e87f277e8a1 resource provider not found; error: Placement Client Error (4xx): {"errors": [{"status": 404, "title": "Not Found", "detail": "The resource could not be found.\n\n No resource provider with uuid 06748c33-6274-472d-b5d3-6e87f277e8a1 found for delete ", "request_id": "req-5662e72c-89f4-4d72-8ae8-8f2d8adce204"}]}
2026-07-15 06:07:00.906 10 INFO neutron.services.segments.plugin [-] Segment 06748c33-6274-472d-b5d3-6e87f277e8a1 resource provider not found; error: Placement Client Error (4xx): {"errors": [{"status": 404, "title": "Not Found", "detail": "The resource could not be found.\n\n No resource provider with uuid 06748c33-6274-472d-b5d3-6e87f277e8a1 found for delete ", "request_id": "req-7f610619-0ec1-486c-b3cb-d3a74032be3c"}]}
2026-07-15 06:07:01.020 10 INFO neutron.db.ovn_revision_numbers_db [None req-d90ae858-aa8d-4b21-9d44-4f81669ce97e - - - - - -] Successfully bumped revision number for resource 6aafdc6f-0427-4727-a671-e1141743cb7c (type: ports) to 4
2026-07-15 06:07:01.093 9 INFO neutron.db.ovn_revision_numbers_db [None req-2e607860-f516-483e-9f29-c316305b6d32 4239e68166ed4136927cb286b7fb9c8a 4df009eeb35b4bdeb722721d47d8db55 - - default default] Successfully bumped revision number for resource 69dbb4cb-f6f7-447e-bc79-be0f554de987 (type: security_groups) to 1
2026-07-15 06:07:01.120 9 INFO neutron.db.ovn_revision_numbers_db [None req-2e607860-f516-483e-9f29-c316305b6d32 4239e68166ed4136927cb286b7fb9c8a 4df009eeb35b4bdeb722721d47d8db55 - - default default] Successfully bumped revision number for resource 4022c7e1-622f-4589-bc2a-7865a5db4af3 (type: security_group_rules) to 0
2026-07-15 06:07:01.141 9 INFO neutron.db.ovn_revision_numbers_db [None req-2e607860-f516-483e-9f29-c316305b6d32 4239e68166ed4136927cb286b7fb9c8a 4df009eeb35b4bdeb722721d47d8db55 - - default default] Successfully bumped revision number for resource 4a1dc5a9-394f-471a-be65-774b751f4dcd (type: security_group_rules) to 0
2026-07-15 06:07:01.168 9 INFO neutron.db.ovn_revision_numbers_db [None req-2e607860-f516-483e-9f29-c316305b6d32 4239e68166ed4136927cb286b7fb9c8a 4df009eeb35b4bdeb722721d47d8db55 - - default default] Successfully bumped revision number for resource 6c192d30-e180-4428-b9e5-e0f0a12a09fb (type: security_group_rules) to 0
2026-07-15 06:07:01.188 9 INFO neutron.db.ovn_revision_numbers_db [None req-2e607860-f516-483e-9f29-c316305b6d32 4239e68166ed4136927cb286b7fb9c8a 4df009eeb35b4bdeb722721d47d8db55 - - default default] Successfully bumped revision number for resource 71bb372d-7aff-4c9e-b7a8-355fba6ad322 (type: security_group_rules) to 0
2026-07-15 06:07:01.217 9 INFO neutron.wsgi [None req-2e607860-f516-483e-9f29-c316305b6d32 4239e68166ed4136927cb286b7fb9c8a 4df009eeb35b4bdeb722721d47d8db55 - - default default] 10.0.0.208 "GET /v2.0/security-groups?tenant_id=f72e5dd7aa75428692fdd6b31b90ef84&name=default HTTP/1.1" status: 200 len: 3120 time: 0.5456872 /var/lib/openstack/lib/python3.10/site-packages/pycadf/identifier.py:71: UserWarning: Invalid uuid: neutron. To ensure interoperability, identifiers should be a valid uuid. warnings.warn(('Invalid uuid: %s. To ensure interoperability, '
2026-07-15 06:07:01.244 9 INFO neutron.wsgi [None req-7f592ae0-5063-42f2-8c85-603416d19461 4239e68166ed4136927cb286b7fb9c8a 4df009eeb35b4bdeb722721d47d8db55 - - default default] 10.0.0.208 "DELETE /v2.0/security-groups/d6b059b6-bae3-447e-9098-8ee2e4332368 HTTP/1.1" status: 204 len: 168 time: 0.4346023
2026-07-15 06:07:01.257 9 INFO neutron.wsgi [None req-2f585edc-0db6-4273-aa75-f6a0ad882403 e59d064fceb9495a8a5ecc3c81324120 b32b50c895a846ffbb27decb331c5859 - - default default] 10.0.0.208 "DELETE /v2.0/ports/21232423-ea95-4dee-bb1f-3169f60cb203 HTTP/1.1" status: 204 len: 168 time: 0.3717952
2026-07-15 06:07:01.472 10 INFO neutron.wsgi [None req-4b5a6702-bbd7-4cf0-ad82-f3119443cdc3 4239e68166ed4136927cb286b7fb9c8a 4df009eeb35b4bdeb722721d47d8db55 - - default default] 10.0.0.208 "DELETE /v2.0/security-groups/69dbb4cb-f6f7-447e-bc79-be0f554de987 HTTP/1.1" status: 204 len: 168 time: 0.2490885
2026-07-15 06:07:01.592 10 INFO neutron.db.ovn_revision_numbers_db [None req-65b29da8-03d4-4302-9532-4d65796103ba 4239e68166ed4136927cb286b7fb9c8a 4df009eeb35b4bdeb722721d47d8db55 - - default default] Successfully bumped revision number for resource 489c93f6-a8d0-4457-a442-2203efcf7e34 (type: security_groups) to 1
2026-07-15 06:07:01.610 10 INFO neutron.db.ovn_revision_numbers_db [None req-65b29da8-03d4-4302-9532-4d65796103ba 4239e68166ed4136927cb286b7fb9c8a 4df009eeb35b4bdeb722721d47d8db55 - - default default] Successfully bumped revision number for resource 3a73765b-d2a2-4d2c-99fe-196c39032ab7 (type: security_group_rules) to 0
2026-07-15 06:07:01.627 10 INFO neutron.db.ovn_revision_numbers_db [None req-65b29da8-03d4-4302-9532-4d65796103ba 4239e68166ed4136927cb286b7fb9c8a 4df009eeb35b4bdeb722721d47d8db55 - - default default] Successfully bumped revision number for resource 9b22ea85-d65e-41d8-a275-d58d28401aa8 (type: security_group_rules) to 0
2026-07-15 06:07:01.642 10 INFO neutron.db.ovn_revision_numbers_db [None req-65b29da8-03d4-4302-9532-4d65796103ba 4239e68166ed4136927cb286b7fb9c8a 4df009eeb35b4bdeb722721d47d8db55 - - default default] Successfully bumped revision number for resource a9230399-0064-4406-8789-986436af0ff0 (type: security_group_rules) to 0
2026-07-15 06:07:01.658 9 INFO neutron.services.segments.plugin [-] Segment d0c08d5d-356c-413f-a00f-0174f6e85117 resource provider aggregate not found
2026-07-15 06:07:01.662 9 INFO neutron.services.segments.plugin [-] Segment d0c08d5d-356c-413f-a00f-0174f6e85117 resource provider aggregate not found
2026-07-15 06:07:01.663 10 INFO neutron.db.ovn_revision_numbers_db [None req-65b29da8-03d4-4302-9532-4d65796103ba 4239e68166ed4136927cb286b7fb9c8a 4df009eeb35b4bdeb722721d47d8db55 - - default default] Successfully bumped revision number for resource b5c0bc30-71cf-46cb-a201-4b7f7a349969 (type: security_group_rules) to 0
2026-07-15 06:07:01.675 9 INFO neutron.services.segments.plugin [-] Segment d0c08d5d-356c-413f-a00f-0174f6e85117 resource provider not found; error: Placement Client Error (4xx): {"errors": [{"status": 404, "title": "Not Found", "detail": "The resource could not be found.\n\n No resource provider with uuid d0c08d5d-356c-413f-a00f-0174f6e85117 found for delete ", "request_id": "req-a66304dc-9efe-4e5a-a3b8-1966c297eeec"}]}
2026-07-15 06:07:01.676 9 INFO neutron.services.segments.plugin [-] Segment d0c08d5d-356c-413f-a00f-0174f6e85117 resource provider not found; error: Placement Client Error (4xx): {"errors": [{"status": 404, "title": "Not Found", "detail": "The resource could not be found.\n\n No resource provider with uuid d0c08d5d-356c-413f-a00f-0174f6e85117 found for delete ", "request_id": "req-cca7294a-510c-4e6b-b924-03bb8c06703a"}]}
2026-07-15 06:07:01.693 9 INFO neutron.wsgi [None req-5012df29-35d5-490d-b6c6-804c87755429 e59d064fceb9495a8a5ecc3c81324120 b32b50c895a846ffbb27decb331c5859 - - default default] 10.0.0.208 "DELETE /v2.0/networks/87499b31-89d8-4065-b0ae-d39dd732cf34 HTTP/1.1" status: 204 len: 168 time: 0.4316015
2026-07-15 06:07:01.695 10 INFO neutron.wsgi [None req-65b29da8-03d4-4302-9532-4d65796103ba 4239e68166ed4136927cb286b7fb9c8a 4df009eeb35b4bdeb722721d47d8db55 - - default default] 10.0.0.208 "GET /v2.0/security-groups?tenant_id=0c4b7d0774464e8e9ff46919cd66ff24&name=default HTTP/1.1" status: 200 len: 3120 time: 0.2477551
2026-07-15 06:07:01.953 10 INFO neutron.wsgi [None req-855c4aaa-7ccb-47a9-bca3-1279108550cd 4239e68166ed4136927cb286b7fb9c8a 4df009eeb35b4bdeb722721d47d8db55 - - default default] 10.0.0.208 "DELETE /v2.0/security-groups/489c93f6-a8d0-4457-a442-2203efcf7e34 HTTP/1.1" status: 204 len: 168 time: 0.2535601
2026-07-15 06:07:02.000 10 INFO neutron.wsgi [req-9efd7d34-3b8f-4d18-afe2-0eef6dc097a7 req-a23c5bdd-8e12-478e-a85d-7f436ca88987 3551f3ade1674dd7b584bbb8a56fd353 8afcf190b57e46e6ac5fdd87e8f07164 - - default default] 10.0.0.24 "GET /v2.0/ports?device_id=11b760a3-12ce-4e1d-a370-fdd987d8b77d HTTP/1.1" status: 200 len: 1170 time: 0.0803432
2026-07-15 06:07:02.053 10 INFO neutron.wsgi [req-9efd7d34-3b8f-4d18-afe2-0eef6dc097a7 req-b8e97c91-1aa3-4aca-a1f3-b97c5d6768a8 3551f3ade1674dd7b584bbb8a56fd353 8afcf190b57e46e6ac5fdd87e8f07164 - - default default] 10.0.0.24 "GET /v2.0/security-groups?id=d0931fdc-6917-41a9-9fc0-4dba5459fecd&fields=id&fields=name HTTP/1.1" status: 200 len: 310 time: 0.0444815
2026-07-15 06:07:02.186 10 INFO neutron.wsgi [req-587df6f2-da35-48ed-a0d5-27e397a2ab79 req-22517219-fa7e-4684-b869-321c8d5253ae 3551f3ade1674dd7b584bbb8a56fd353 8afcf190b57e46e6ac5fdd87e8f07164 - - default default] 10.0.0.24 "GET /v2.0/ports?device_id=11b760a3-12ce-4e1d-a370-fdd987d8b77d HTTP/1.1" status: 200 len: 1170 time: 0.0646920
2026-07-15 06:07:02.239 10 INFO neutron.wsgi [req-587df6f2-da35-48ed-a0d5-27e397a2ab79 req-87cfc22f-a44c-493d-a37b-57e991ff4b66 3551f3ade1674dd7b584bbb8a56fd353 8afcf190b57e46e6ac5fdd87e8f07164 - - default default] 10.0.0.24 "GET /v2.0/security-groups?id=d0931fdc-6917-41a9-9fc0-4dba5459fecd&fields=id&fields=name HTTP/1.1" status: 200 len: 310 time: 0.0455325
2026-07-15 06:07:02.332 9 INFO neutron.wsgi [None req-49a4358a-b05f-431e-9938-b37dd1a3283a dc13b7510510488d968f48893d222337 4cfb8039071e4027b967f2e20af80cd3 - - default default] 10.0.0.208 "GET /v2.0/ports?device_id=11b760a3-12ce-4e1d-a370-fdd987d8b77d HTTP/1.1" status: 200 len: 1404 time: 0.0663967
2026-07-15 06:07:02.344 9 WARNING neutron_lib.context [None req-11f30496-281d-4e05-a028-0237076bdc56 3551f3ade1674dd7b584bbb8a56fd353 8afcf190b57e46e6ac5fdd87e8f07164 - - default default] Method 'is_advsvc' is deprecated since 2023.2 release (neutron-lib 3.8.0) and will be removed once support for the old RBAC API policies will be removed from Neutron. Please use method 'is_service_role' instead.
2026-07-15 06:07:02.577 9 INFO neutron.wsgi [None req-0767f01a-1d6a-4f16-902b-e3d9401d77cc 4239e68166ed4136927cb286b7fb9c8a 4df009eeb35b4bdeb722721d47d8db55 - - default default] 10.0.0.208 "GET /v2.0/security-groups?tenant_id=b32b50c895a846ffbb27decb331c5859&name=default HTTP/1.1" status: 200 len: 3120 time: 0.3483002
2026-07-15 06:07:02.655 9 WARNING neutron.scheduler.dhcp_agent_scheduler [None req-11f30496-281d-4e05-a028-0237076bdc56 3551f3ade1674dd7b584bbb8a56fd353 8afcf190b57e46e6ac5fdd87e8f07164 - - default default] No more DHCP agents
2026-07-15 06:07:02.658 9 WARNING neutron.api.rpc.agentnotifiers.dhcp_rpc_agent_api [None req-11f30496-281d-4e05-a028-0237076bdc56 3551f3ade1674dd7b584bbb8a56fd353 8afcf190b57e46e6ac5fdd87e8f07164 - - default default] Unable to schedule network 61d64043-fc3e-466a-9133-8257a54ec247: no agents available; will retry on subsequent port and subnet creation events.
2026-07-15 06:07:02.913 10 INFO neutron.notifiers.nova [-] Nova event matching ['req-e7dbbf70-c735-4929-94b6-d9668fa1a87d'] response: {'server_uuid': '11b760a3-12ce-4e1d-a370-fdd987d8b77d', 'name': 'network-vif-plugged', 'status': 'completed', 'tag': '6aafdc6f-0427-4727-a671-e1141743cb7c', 'code': 200}
2026-07-15 06:07:02.964 9 INFO neutron.wsgi [None req-ac8650cb-78fd-45f9-9630-f4dbc205b024 4239e68166ed4136927cb286b7fb9c8a 4df009eeb35b4bdeb722721d47d8db55 - - default default] 10.0.0.208 "DELETE /v2.0/security-groups/96eb2a7c-6976-4151-aa4c-4227e5358d9f HTTP/1.1" status: 204 len: 168 time: 0.3829539
2026-07-15 06:07:03.502 10 WARNING neutron_lib.context [None req-4b84b14d-353b-4290-81ec-51132f4e2fc1 56bc10a20c954bd9aae3713b5606c32b 37cdd8cec1a649dcbd4636d07df9d470 - - default default] Method 'is_advsvc' is deprecated since 2023.2 release (neutron-lib 3.8.0) and will be removed once support for the old RBAC API policies will be removed from Neutron. Please use method 'is_service_role' instead.
2026-07-15 06:07:03.685 10 INFO neutron.db.ovn_revision_numbers_db [None req-4b84b14d-353b-4290-81ec-51132f4e2fc1 56bc10a20c954bd9aae3713b5606c32b 37cdd8cec1a649dcbd4636d07df9d470 - - default default] Successfully bumped revision number for resource f80bebc6-888d-4420-9ea8-c0cd6c2debed (type: security_groups) to 1
2026-07-15 06:07:03.704 10 INFO neutron.db.ovn_revision_numbers_db [None req-4b84b14d-353b-4290-81ec-51132f4e2fc1 56bc10a20c954bd9aae3713b5606c32b 37cdd8cec1a649dcbd4636d07df9d470 - - default default] Successfully bumped revision number for resource 24db36a1-af0a-41fb-ba76-9555b4ee5dec (type: security_group_rules) to 0
2026-07-15 06:07:03.723 10 INFO neutron.db.ovn_revision_numbers_db [None req-4b84b14d-353b-4290-81ec-51132f4e2fc1 56bc10a20c954bd9aae3713b5606c32b 37cdd8cec1a649dcbd4636d07df9d470 - - default default] Successfully bumped revision number for resource 52444cc9-3de1-46d5-a880-f7f8f5d41331 (type: security_group_rules) to 0
2026-07-15 06:07:03.738 10 INFO neutron.db.ovn_revision_numbers_db [None req-4b84b14d-353b-4290-81ec-51132f4e2fc1 56bc10a20c954bd9aae3713b5606c32b 37cdd8cec1a649dcbd4636d07df9d470 - - default default] Successfully bumped revision number for resource 8300243e-f896-4ef7-a470-5c95efc45db8 (type: security_group_rules) to 0
2026-07-15 06:07:03.754 10 INFO neutron.db.ovn_revision_numbers_db [None req-4b84b14d-353b-4290-81ec-51132f4e2fc1 56bc10a20c954bd9aae3713b5606c32b 37cdd8cec1a649dcbd4636d07df9d470 - - default default] Successfully bumped revision number for resource 9e13396c-8471-4f4a-8ace-df9fe29d4a2a (type: security_group_rules) to 0
2026-07-15 06:07:03.816 10 INFO neutron.db.segments_db [None req-4b84b14d-353b-4290-81ec-51132f4e2fc1 56bc10a20c954bd9aae3713b5606c32b 37cdd8cec1a649dcbd4636d07df9d470 - - default default] Added segment 016fda5d-e107-4862-84e8-2e57ffec4092 of type geneve for network 98273cdb-d7bc-417c-be97-998d0a6784d9
2026-07-15 06:07:03.906 9 INFO neutron.db.ovn_revision_numbers_db [None req-11f30496-281d-4e05-a028-0237076bdc56 3551f3ade1674dd7b584bbb8a56fd353 8afcf190b57e46e6ac5fdd87e8f07164 - - default default] Successfully bumped revision number for resource ff98473f-9348-46c9-934a-fef074c108a7 (type: floatingips) to -1
2026-07-15 06:07:03.964 10 INFO neutron.db.ovn_revision_numbers_db [None req-4b84b14d-353b-4290-81ec-51132f4e2fc1 56bc10a20c954bd9aae3713b5606c32b 37cdd8cec1a649dcbd4636d07df9d470 - - default default] Successfully bumped revision number for resource 98273cdb-d7bc-417c-be97-998d0a6784d9 (type: networks) to 1
2026-07-15 06:07:04.038 9 INFO neutron.db.ovn_revision_numbers_db [None req-11f30496-281d-4e05-a028-0237076bdc56 3551f3ade1674dd7b584bbb8a56fd353 8afcf190b57e46e6ac5fdd87e8f07164 - - default default] Successfully bumped revision number for resource ff98473f-9348-46c9-934a-fef074c108a7 (type: floatingips) to 1
2026-07-15 06:07:04.039 9 INFO neutron.db.l3_db [None req-11f30496-281d-4e05-a028-0237076bdc56 3551f3ade1674dd7b584bbb8a56fd353 8afcf190b57e46e6ac5fdd87e8f07164 - - default default] Floating IP ff98473f-9348-46c9-934a-fef074c108a7 associated. External IP: 10.96.250.215, port: 6aafdc6f-0427-4727-a671-e1141743cb7c.
2026-07-15 06:07:04.085 9 INFO neutron.wsgi [None req-11f30496-281d-4e05-a028-0237076bdc56 3551f3ade1674dd7b584bbb8a56fd353 8afcf190b57e46e6ac5fdd87e8f07164 - - default default] 10.0.0.208 "POST /v2.0/floatingips HTTP/1.1" status: 201 len: 1054 time: 1.7461081
2026-07-15 06:07:04.121 9 INFO neutron.notifiers.nova [-] Nova event matching ['req-2f6b7412-3d52-4492-b092-88d9e0863693'] response: {'name': 'network-changed', 'server_uuid': '11b760a3-12ce-4e1d-a370-fdd987d8b77d', 'tag': '6aafdc6f-0427-4727-a671-e1141743cb7c', 'status': 'completed', 'code': 200} /var/lib/openstack/lib/python3.10/site-packages/pycadf/identifier.py:71: UserWarning: Invalid uuid: neutron. To ensure interoperability, identifiers should be a valid uuid. warnings.warn(('Invalid uuid: %s. To ensure interoperability, '
2026-07-15 06:07:04.167 10 INFO neutron.wsgi [None req-a807083d-ce7c-457a-9bcc-b7551d687718 3551f3ade1674dd7b584bbb8a56fd353 8afcf190b57e46e6ac5fdd87e8f07164 - - default default] 10.0.0.208 "GET /v2.0/floatingips/ff98473f-9348-46c9-934a-fef074c108a7 HTTP/1.1" status: 200 len: 1051 time: 0.0758467
2026-07-15 06:07:04.185 9 INFO neutron.wsgi [req-2be1015b-c852-46af-94e2-c9f621e00a84 req-473bb22b-c52c-4ced-b9b6-031a2cfae8b5 cd9b9ee205c84cddbe4d7c10fe1a120b dfcca62c60f942559238de17f9258104 - - 69172da1aae54a58bc71ea00e04f72f7 69172da1aae54a58bc71ea00e04f72f7] 199.204.45.210 "GET /v2.0/ports?tenant_id=8afcf190b57e46e6ac5fdd87e8f07164&device_id=11b760a3-12ce-4e1d-a370-fdd987d8b77d HTTP/1.1" status: 200 len: 1409 time: 0.0455782
2026-07-15 06:07:04.189 10 WARNING neutron.scheduler.dhcp_agent_scheduler [None req-4b84b14d-353b-4290-81ec-51132f4e2fc1 56bc10a20c954bd9aae3713b5606c32b 37cdd8cec1a649dcbd4636d07df9d470 - - default default] No more DHCP agents
2026-07-15 06:07:04.192 10 WARNING neutron.api.rpc.agentnotifiers.dhcp_rpc_agent_api [None req-4b84b14d-353b-4290-81ec-51132f4e2fc1 56bc10a20c954bd9aae3713b5606c32b 37cdd8cec1a649dcbd4636d07df9d470 - - default default] Unable to schedule network 98273cdb-d7bc-417c-be97-998d0a6784d9: no agents available; will retry on subsequent port and subnet creation events.
2026-07-15 06:07:04.246 9 INFO neutron.wsgi [req-2be1015b-c852-46af-94e2-c9f621e00a84 req-ca37cb89-2d77-4e72-9e59-de1922ca9c85 cd9b9ee205c84cddbe4d7c10fe1a120b dfcca62c60f942559238de17f9258104 - - 69172da1aae54a58bc71ea00e04f72f7 69172da1aae54a58bc71ea00e04f72f7] 199.204.45.210 "GET /v2.0/networks?id=cb4737b5-157d-4425-8da8-a1ac7b55c6fb HTTP/1.1" status: 200 len: 957 time: 0.0523281
2026-07-15 06:07:04.278 10 INFO neutron.db.ovn_revision_numbers_db [None req-4b84b14d-353b-4290-81ec-51132f4e2fc1 56bc10a20c954bd9aae3713b5606c32b 37cdd8cec1a649dcbd4636d07df9d470 - - default default] Successfully bumped revision number for resource b211f642-ccbb-4bdf-92b7-08b44a0cd9c1 (type: ports) to 1
2026-07-15 06:07:04.303 10 INFO neutron.wsgi [None req-4b84b14d-353b-4290-81ec-51132f4e2fc1 56bc10a20c954bd9aae3713b5606c32b 37cdd8cec1a649dcbd4636d07df9d470 - - default default] 10.0.0.208 "POST /v2.0/networks HTTP/1.1" status: 201 len: 842 time: 1.0189753
2026-07-15 06:07:04.336 9 INFO neutron.wsgi [req-2be1015b-c852-46af-94e2-c9f621e00a84 req-b9135a38-90a0-4fcd-bccd-40a89d43cab1 cd9b9ee205c84cddbe4d7c10fe1a120b dfcca62c60f942559238de17f9258104 - - 69172da1aae54a58bc71ea00e04f72f7 69172da1aae54a58bc71ea00e04f72f7] 199.204.45.210 "GET /v2.0/floatingips?fixed_ip_address=10.100.0.7&port_id=6aafdc6f-0427-4727-a671-e1141743cb7c HTTP/1.1" status: 200 len: 1059 time: 0.0826659
2026-07-15 06:07:04.367 10 WARNING neutron_lib.context [None req-aeb4662a-c85d-47a9-ac6d-dc4235a54998 56bc10a20c954bd9aae3713b5606c32b 37cdd8cec1a649dcbd4636d07df9d470 - - default default] Method 'is_advsvc' is deprecated since 2023.2 release (neutron-lib 3.8.0) and will be removed once support for the old RBAC API policies will be removed from Neutron. Please use method 'is_service_role' instead.
2026-07-15 06:07:04.379 9 INFO neutron.wsgi [req-2be1015b-c852-46af-94e2-c9f621e00a84 req-151872b2-1445-4dc2-bc45-5f3c87e1ed9d cd9b9ee205c84cddbe4d7c10fe1a120b dfcca62c60f942559238de17f9258104 - - 69172da1aae54a58bc71ea00e04f72f7 69172da1aae54a58bc71ea00e04f72f7] 199.204.45.210 "GET /v2.0/subnets?id=127a5cb3-457e-41ea-913c-c188666a7a9b HTTP/1.1" status: 200 len: 852 time: 0.0369496
2026-07-15 06:07:04.417 9 INFO neutron.wsgi [req-2be1015b-c852-46af-94e2-c9f621e00a84 req-50bee678-c164-47b6-ae8f-d8534c5016b8 cd9b9ee205c84cddbe4d7c10fe1a120b dfcca62c60f942559238de17f9258104 - - 69172da1aae54a58bc71ea00e04f72f7 69172da1aae54a58bc71ea00e04f72f7] 199.204.45.210 "GET /v2.0/ports?network_id=cb4737b5-157d-4425-8da8-a1ac7b55c6fb&device_owner=network%3Adhcp HTTP/1.1" status: 200 len: 210 time: 0.0303736
2026-07-15 06:07:04.487 9 INFO neutron.wsgi [req-2be1015b-c852-46af-94e2-c9f621e00a84 req-65f44165-5ceb-46b3-a6ae-1546b7aeed2c cd9b9ee205c84cddbe4d7c10fe1a120b dfcca62c60f942559238de17f9258104 - - 69172da1aae54a58bc71ea00e04f72f7 69172da1aae54a58bc71ea00e04f72f7] 199.204.45.210 "GET /v2.0/networks/cb4737b5-157d-4425-8da8-a1ac7b55c6fb?fields=segments HTTP/1.1" status: 200 len: 212 time: 0.0632362
2026-07-15 06:07:04.555 9 INFO neutron.wsgi [req-2be1015b-c852-46af-94e2-c9f621e00a84 req-5c564841-03f6-44b7-a2a5-a1efa221b34b cd9b9ee205c84cddbe4d7c10fe1a120b dfcca62c60f942559238de17f9258104 - - 69172da1aae54a58bc71ea00e04f72f7 69172da1aae54a58bc71ea00e04f72f7] 199.204.45.210 "GET /v2.0/networks/cb4737b5-157d-4425-8da8-a1ac7b55c6fb?fields=provider%3Aphysical_network&fields=provider%3Anetwork_type HTTP/1.1" status: 200 len: 277 time: 0.0602863
2026-07-15 06:07:04.626 10 WARNING neutron.scheduler.dhcp_agent_scheduler [None req-aeb4662a-c85d-47a9-ac6d-dc4235a54998 56bc10a20c954bd9aae3713b5606c32b 37cdd8cec1a649dcbd4636d07df9d470 - - default default] No more DHCP agents
2026-07-15 06:07:04.631 10 WARNING neutron.api.rpc.agentnotifiers.dhcp_rpc_agent_api [None req-aeb4662a-c85d-47a9-ac6d-dc4235a54998 56bc10a20c954bd9aae3713b5606c32b 37cdd8cec1a649dcbd4636d07df9d470 - - default default] Unable to schedule network 98273cdb-d7bc-417c-be97-998d0a6784d9: no agents available; will retry on subsequent port and subnet creation events.
2026-07-15 06:07:05.090 9 WARNING neutron_lib.context [None req-656d4944-2064-4e73-b997-93743e1fe233 f6d3f2e9b9fc4972adeba03fb57f0cdc 6f8b8d2b45d7423c80553588e7210d67 - - default default] Method 'is_advsvc' is deprecated since 2023.2 release (neutron-lib 3.8.0) and will be removed once support for the old RBAC API policies will be removed from Neutron. Please use method 'is_service_role' instead.
2026-07-15 06:07:05.235 10 INFO neutron.db.ovn_revision_numbers_db [None req-aeb4662a-c85d-47a9-ac6d-dc4235a54998 56bc10a20c954bd9aae3713b5606c32b 37cdd8cec1a649dcbd4636d07df9d470 - - default default] Successfully bumped revision number for resource b211f642-ccbb-4bdf-92b7-08b44a0cd9c1 (type: ports) to 2
2026-07-15 06:07:05.241 9 INFO neutron.db.ovn_revision_numbers_db [None req-656d4944-2064-4e73-b997-93743e1fe233 f6d3f2e9b9fc4972adeba03fb57f0cdc 6f8b8d2b45d7423c80553588e7210d67 - - default default] Successfully bumped revision number for resource af4efcfc-f032-4b63-9ac6-3dd9857ca56c (type: security_groups) to 1
2026-07-15 06:07:05.258 9 INFO neutron.db.ovn_revision_numbers_db [None req-656d4944-2064-4e73-b997-93743e1fe233 f6d3f2e9b9fc4972adeba03fb57f0cdc 6f8b8d2b45d7423c80553588e7210d67 - - default default] Successfully bumped revision number for resource 0baedc42-fcdc-4958-b674-4f63ab12d158 (type: security_group_rules) to 0
2026-07-15 06:07:05.271 10 INFO neutron.db.ovn_revision_numbers_db [None req-aeb4662a-c85d-47a9-ac6d-dc4235a54998 56bc10a20c954bd9aae3713b5606c32b 37cdd8cec1a649dcbd4636d07df9d470 - - default default] Successfully bumped revision number for resource edc64a52-2f72-49a2-94bd-e792383ad010 (type: subnets) to 0
2026-07-15 06:07:05.273 9 INFO neutron.db.ovn_revision_numbers_db [None req-656d4944-2064-4e73-b997-93743e1fe233 f6d3f2e9b9fc4972adeba03fb57f0cdc 6f8b8d2b45d7423c80553588e7210d67 - - default default] Successfully bumped revision number for resource 3cc085ac-1364-4dff-bc03-708eb41064ed (type: security_group_rules) to 0
2026-07-15 06:07:05.287 10 INFO neutron.wsgi [None req-aeb4662a-c85d-47a9-ac6d-dc4235a54998 56bc10a20c954bd9aae3713b5606c32b 37cdd8cec1a649dcbd4636d07df9d470 - - default default] 10.0.0.208 "POST /v2.0/subnets HTTP/1.1" status: 201 len: 816 time: 0.9264822
2026-07-15 06:07:05.290 9 INFO neutron.db.ovn_revision_numbers_db [None req-656d4944-2064-4e73-b997-93743e1fe233 f6d3f2e9b9fc4972adeba03fb57f0cdc 6f8b8d2b45d7423c80553588e7210d67 - - default default] Successfully bumped revision number for resource 50a08142-bbe5-4990-90b9-5a81415761f0 (type: security_group_rules) to 0
2026-07-15 06:07:05.301 9 WARNING neutron_lib.context [None req-b68e7de0-c365-4780-8da7-84e2e195b50e 56bc10a20c954bd9aae3713b5606c32b 37cdd8cec1a649dcbd4636d07df9d470 - - default default] Method 'is_advsvc' is deprecated since 2023.2 release (neutron-lib 3.8.0) and will be removed once support for the old RBAC API policies will be removed from Neutron. Please use method 'is_service_role' instead.
2026-07-15 06:07:05.326 9 INFO neutron.db.ovn_revision_numbers_db [None req-656d4944-2064-4e73-b997-93743e1fe233 f6d3f2e9b9fc4972adeba03fb57f0cdc 6f8b8d2b45d7423c80553588e7210d67 - - default default] Successfully bumped revision number for resource e3098dec-1384-4f8d-ae52-38cba469784b (type: security_group_rules) to 0
2026-07-15 06:07:05.440 9 INFO neutron.db.segments_db [None req-b68e7de0-c365-4780-8da7-84e2e195b50e 56bc10a20c954bd9aae3713b5606c32b 37cdd8cec1a649dcbd4636d07df9d470 - - default default] Added segment 9d4b25f2-f5bd-4349-92f7-633456464ee6 of type geneve for network 7ac60079-8393-4fc0-a3bd-84171260b640
2026-07-15 06:07:05.497 9 INFO neutron.db.ovn_revision_numbers_db [None req-656d4944-2064-4e73-b997-93743e1fe233 f6d3f2e9b9fc4972adeba03fb57f0cdc 6f8b8d2b45d7423c80553588e7210d67 - - default default] Successfully bumped revision number for resource c9932fbf-57df-4f4e-81ee-1a3309354b90 (type: security_groups) to 1
2026-07-15 06:07:05.517 9 INFO neutron.db.ovn_revision_numbers_db [None req-656d4944-2064-4e73-b997-93743e1fe233 f6d3f2e9b9fc4972adeba03fb57f0cdc 6f8b8d2b45d7423c80553588e7210d67 - - default default] Successfully bumped revision number for resource 93cadff1-1256-4ffc-8664-dce016829543 (type: security_group_rules) to 0
2026-07-15 06:07:05.540 9 INFO neutron.db.ovn_revision_numbers_db [None req-656d4944-2064-4e73-b997-93743e1fe233 f6d3f2e9b9fc4972adeba03fb57f0cdc 6f8b8d2b45d7423c80553588e7210d67 - - default default] Successfully bumped revision number for resource dc1f485b-fb2f-4d79-8322-c86b0c2d2455 (type: security_group_rules) to 0
2026-07-15 06:07:05.578 9 INFO neutron.wsgi [None req-656d4944-2064-4e73-b997-93743e1fe233 f6d3f2e9b9fc4972adeba03fb57f0cdc 6f8b8d2b45d7423c80553588e7210d67 - - default default] 10.0.0.208 "POST /v2.0/security-groups HTTP/1.1" status: 201 len: 1825 time: 0.6851270
2026-07-15 06:07:05.627 9 INFO neutron.db.ovn_revision_numbers_db [None req-b68e7de0-c365-4780-8da7-84e2e195b50e 56bc10a20c954bd9aae3713b5606c32b 37cdd8cec1a649dcbd4636d07df9d470 - - default default] Successfully bumped revision number for resource 7ac60079-8393-4fc0-a3bd-84171260b640 (type: networks) to 1
2026-07-15 06:07:05.631 10 INFO neutron.wsgi [None req-9f7960bd-0d2c-4c89-b207-1a74ff558d78 f6d3f2e9b9fc4972adeba03fb57f0cdc 6f8b8d2b45d7423c80553588e7210d67 - - default default] 10.0.0.208 "GET /v2.0/security-groups HTTP/1.1" status: 200 len: 4725 time: 0.0451291
2026-07-15 06:07:05.717 10 INFO neutron.db.ovn_revision_numbers_db [None req-a8796a42-456a-4df4-a213-e53ea94e972f f6d3f2e9b9fc4972adeba03fb57f0cdc 6f8b8d2b45d7423c80553588e7210d67 - - default default] Successfully bumped revision number for resource c9932fbf-57df-4f4e-81ee-1a3309354b90 (type: security_groups) to 2
2026-07-15 06:07:05.722 10 INFO neutron.wsgi [None req-a8796a42-456a-4df4-a213-e53ea94e972f f6d3f2e9b9fc4972adeba03fb57f0cdc 6f8b8d2b45d7423c80553588e7210d67 - - default default] 10.0.0.208 "PUT /v2.0/security-groups/c9932fbf-57df-4f4e-81ee-1a3309354b90 HTTP/1.1" status: 200 len: 1859 time: 0.0869503
2026-07-15 06:07:05.764 10 INFO neutron.wsgi [None req-5974fff6-583a-48db-951d-cb4849b0010c f6d3f2e9b9fc4972adeba03fb57f0cdc 6f8b8d2b45d7423c80553588e7210d67 - - default default] 10.0.0.208 "GET /v2.0/security-groups/c9932fbf-57df-4f4e-81ee-1a3309354b90 HTTP/1.1" status: 200 len: 1859 time: 0.0374539
2026-07-15 06:07:05.847 9 WARNING neutron.scheduler.dhcp_agent_scheduler [None req-b68e7de0-c365-4780-8da7-84e2e195b50e 56bc10a20c954bd9aae3713b5606c32b 37cdd8cec1a649dcbd4636d07df9d470 - - default default] No more DHCP agents
2026-07-15 06:07:05.849 9 WARNING neutron.api.rpc.agentnotifiers.dhcp_rpc_agent_api [None req-b68e7de0-c365-4780-8da7-84e2e195b50e 56bc10a20c954bd9aae3713b5606c32b 37cdd8cec1a649dcbd4636d07df9d470 - - default default] Unable to schedule network 7ac60079-8393-4fc0-a3bd-84171260b640: no agents available; will retry on subsequent port and subnet creation events.
2026-07-15 06:07:05.880 10 INFO neutron.wsgi [None req-df02581f-571b-486d-b8ec-791b44311a34 f6d3f2e9b9fc4972adeba03fb57f0cdc 6f8b8d2b45d7423c80553588e7210d67 - - default default] 10.0.0.208 "DELETE /v2.0/security-groups/c9932fbf-57df-4f4e-81ee-1a3309354b90 HTTP/1.1" status: 204 len: 168 time: 0.1120584
2026-07-15 06:07:05.931 10 INFO neutron.wsgi [None req-2faee95d-5634-49fb-a567-de0c2c23aa62 f6d3f2e9b9fc4972adeba03fb57f0cdc 6f8b8d2b45d7423c80553588e7210d67 - - default default] 10.0.0.208 "GET /v2.0/security-groups HTTP/1.1" status: 200 len: 3120 time: 0.0466866
2026-07-15 06:07:05.932 9 INFO neutron.db.ovn_revision_numbers_db [None req-b68e7de0-c365-4780-8da7-84e2e195b50e 56bc10a20c954bd9aae3713b5606c32b 37cdd8cec1a649dcbd4636d07df9d470 - - default default] Successfully bumped revision number for resource 0e5fc498-437a-48f0-a673-f771887c64d2 (type: ports) to 1
2026-07-15 06:07:05.949 9 INFO neutron.api.v2.resource [None req-1bae37ca-4b32-40a2-bd51-0dc6a6fb9f5e f6d3f2e9b9fc4972adeba03fb57f0cdc 6f8b8d2b45d7423c80553588e7210d67 - - default default] delete failed (client error): The resource could not be found.
