2026-07-15 06:07:05.951 9 INFO neutron.wsgi [None req-1bae37ca-4b32-40a2-bd51-0dc6a6fb9f5e f6d3f2e9b9fc4972adeba03fb57f0cdc 6f8b8d2b45d7423c80553588e7210d67 - - default default] 10.0.0.208 "DELETE /v2.0/security-groups/c9932fbf-57df-4f4e-81ee-1a3309354b90 HTTP/1.1" status: 404 len: 347 time: 0.0142140
2026-07-15 06:07:05.965 9 WARNING neutron_lib.context [None req-ca3a99d4-1591-40e2-85e7-661aa12a30c5 f6d3f2e9b9fc4972adeba03fb57f0cdc 6f8b8d2b45d7423c80553588e7210d67 - - default default] Method 'is_advsvc' is deprecated since 2023.2 release (neutron-lib 3.8.0) and will be removed once support for the old RBAC API policies will be removed from Neutron. Please use method 'is_service_role' instead.
2026-07-15 06:07:05.972 9 INFO neutron.wsgi [None req-b68e7de0-c365-4780-8da7-84e2e195b50e 56bc10a20c954bd9aae3713b5606c32b 37cdd8cec1a649dcbd4636d07df9d470 - - default default] 10.0.0.208 "POST /v2.0/networks HTTP/1.1" status: 201 len: 842 time: 0.6767190
2026-07-15 06:07:05.976 10 INFO neutron.wsgi [-] 10.0.0.19 "GET / HTTP/1.1" status: 200 len: 246 time: 0.0028770
2026-07-15 06:07:05.980 10 INFO neutron.wsgi [-] 10.0.0.19 "GET / HTTP/1.1" status: 200 len: 246 time: 0.0023632
2026-07-15 06:07:06.177 9 INFO neutron.db.ovn_revision_numbers_db [None req-ca3a99d4-1591-40e2-85e7-661aa12a30c5 f6d3f2e9b9fc4972adeba03fb57f0cdc 6f8b8d2b45d7423c80553588e7210d67 - - default default] Successfully bumped revision number for resource fbb54dee-2ac1-48a1-85e9-d12b7798af16 (type: security_groups) to 1
2026-07-15 06:07:06.181 9 INFO neutron.db.ovn_revision_numbers_db [None req-d3307568-1d7c-488e-8734-7e8dd9f145ed 56bc10a20c954bd9aae3713b5606c32b 37cdd8cec1a649dcbd4636d07df9d470 - - default default] Successfully bumped revision number for resource 7ac60079-8393-4fc0-a3bd-84171260b640 (type: networks) to 2
2026-07-15 06:07:06.184 9 INFO neutron.wsgi [None req-d3307568-1d7c-488e-8734-7e8dd9f145ed 56bc10a20c954bd9aae3713b5606c32b 37cdd8cec1a649dcbd4636d07df9d470 - - default default] 10.0.0.208 "PUT /v2.0/networks/7ac60079-8393-4fc0-a3bd-84171260b640 HTTP/1.1" status: 200 len: 792 time: 0.2066336
2026-07-15 06:07:06.192 9 INFO neutron.db.ovn_revision_numbers_db [None req-ca3a99d4-1591-40e2-85e7-661aa12a30c5 f6d3f2e9b9fc4972adeba03fb57f0cdc 6f8b8d2b45d7423c80553588e7210d67 - - default default] Successfully bumped revision number for resource 03244acc-2d2d-4d11-bf9e-7669907beebd (type: security_group_rules) to 0
2026-07-15 06:07:06.196 10 WARNING neutron_lib.context [None req-a47345dd-ce90-4624-9abb-1a244cd573eb 56bc10a20c954bd9aae3713b5606c32b 37cdd8cec1a649dcbd4636d07df9d470 - - default default] Method 'is_advsvc' is deprecated since 2023.2 release (neutron-lib 3.8.0) and will be removed once support for the old RBAC API policies will be removed from Neutron. Please use method 'is_service_role' instead.
2026-07-15 06:07:06.204 9 INFO neutron.db.ovn_revision_numbers_db [None req-ca3a99d4-1591-40e2-85e7-661aa12a30c5 f6d3f2e9b9fc4972adeba03fb57f0cdc 6f8b8d2b45d7423c80553588e7210d67 - - default default] Successfully bumped revision number for resource df7e80e8-e51b-47e4-8a0f-0da2013b2a71 (type: security_group_rules) to 0
2026-07-15 06:07:06.237 9 INFO neutron.wsgi [None req-ca3a99d4-1591-40e2-85e7-661aa12a30c5 f6d3f2e9b9fc4972adeba03fb57f0cdc 6f8b8d2b45d7423c80553588e7210d67 - - default default] 10.0.0.208 "POST /v2.0/security-groups HTTP/1.1" status: 201 len: 1825 time: 0.2784786
2026-07-15 06:07:06.249 9 WARNING neutron_lib.context [None req-a0486c01-d1b9-41b1-8833-8fec36802c59 f6d3f2e9b9fc4972adeba03fb57f0cdc 6f8b8d2b45d7423c80553588e7210d67 - - default default] Method 'is_advsvc' is deprecated since 2023.2 release (neutron-lib 3.8.0) and will be removed once support for the old RBAC API policies will be removed from Neutron. Please use method 'is_service_role' instead.
2026-07-15 06:07:06.298 10 WARNING neutron_lib.context [None req-7ca207b6-4c12-4a38-a32d-d9f91463f155 256c8883b1054683b0bc6a764aeb782b 3e2294e4ba314869b4454a6d2055176c - - default default] Method 'is_advsvc' is deprecated since 2023.2 release (neutron-lib 3.8.0) and will be removed once support for the old RBAC API policies will be removed from Neutron. Please use method 'is_service_role' instead.
2026-07-15 06:07:06.401 10 INFO neutron.wsgi [None req-7ca207b6-4c12-4a38-a32d-d9f91463f155 256c8883b1054683b0bc6a764aeb782b 3e2294e4ba314869b4454a6d2055176c - - default default] 10.0.0.208 "POST /v2.0/subnetpools HTTP/1.1" status: 201 len: 715 time: 0.2738276
2026-07-15 06:07:06.413 9 WARNING neutron_lib.context [None req-95f3e8b4-0a0d-44f5-bf70-ed294e45e025 256c8883b1054683b0bc6a764aeb782b 3e2294e4ba314869b4454a6d2055176c - - default default] Method 'is_advsvc' is deprecated since 2023.2 release (neutron-lib 3.8.0) and will be removed once support for the old RBAC API policies will be removed from Neutron. Please use method 'is_service_role' instead.
2026-07-15 06:07:06.450 9 INFO neutron.db.ovn_revision_numbers_db [None req-a0486c01-d1b9-41b1-8833-8fec36802c59 f6d3f2e9b9fc4972adeba03fb57f0cdc 6f8b8d2b45d7423c80553588e7210d67 - - default default] Successfully bumped revision number for resource 5dfdb36a-e88b-466f-b1db-5a9d75e18772 (type: security_group_rules) to 0
2026-07-15 06:07:06.492 9 INFO neutron.wsgi [None req-a0486c01-d1b9-41b1-8833-8fec36802c59 f6d3f2e9b9fc4972adeba03fb57f0cdc 6f8b8d2b45d7423c80553588e7210d67 - - default default] 10.0.0.208 "POST /v2.0/security-group-rules HTTP/1.1" status: 201 len: 800 time: 0.2474315
2026-07-15 06:07:06.504 10 WARNING neutron.scheduler.dhcp_agent_scheduler [None req-a47345dd-ce90-4624-9abb-1a244cd573eb 56bc10a20c954bd9aae3713b5606c32b 37cdd8cec1a649dcbd4636d07df9d470 - - default default] No more DHCP agents
2026-07-15 06:07:06.508 10 WARNING neutron.api.rpc.agentnotifiers.dhcp_rpc_agent_api [None req-a47345dd-ce90-4624-9abb-1a244cd573eb 56bc10a20c954bd9aae3713b5606c32b 37cdd8cec1a649dcbd4636d07df9d470 - - default default] Unable to schedule network 7ac60079-8393-4fc0-a3bd-84171260b640: no agents available; will retry on subsequent port and subnet creation events.
2026-07-15 06:07:06.521 9 INFO neutron.wsgi [None req-95f3e8b4-0a0d-44f5-bf70-ed294e45e025 256c8883b1054683b0bc6a764aeb782b 3e2294e4ba314869b4454a6d2055176c - - default default] 10.0.0.208 "POST /v2.0/subnetpools HTTP/1.1" status: 201 len: 715 time: 0.1140106
2026-07-15 06:07:06.527 9 INFO neutron.wsgi [None req-b8d2c242-c721-4ba4-90ee-d1ec846c05c9 f6d3f2e9b9fc4972adeba03fb57f0cdc 6f8b8d2b45d7423c80553588e7210d67 - - default default] 10.0.0.208 "GET /v2.0/security-group-rules/5dfdb36a-e88b-466f-b1db-5a9d75e18772 HTTP/1.1" status: 200 len: 795 time: 0.0273764
2026-07-15 06:07:06.532 10 WARNING neutron_lib.context [None req-7da0ef8e-1d58-4ce2-a34f-2393a1aee2a4 256c8883b1054683b0bc6a764aeb782b 3e2294e4ba314869b4454a6d2055176c - - default default] Method 'is_advsvc' is deprecated since 2023.2 release (neutron-lib 3.8.0) and will be removed once support for the old RBAC API policies will be removed from Neutron. Please use method 'is_service_role' instead.
2026-07-15 06:07:06.615 10 INFO neutron.wsgi [None req-7da0ef8e-1d58-4ce2-a34f-2393a1aee2a4 256c8883b1054683b0bc6a764aeb782b 3e2294e4ba314869b4454a6d2055176c - - default default] 10.0.0.208 "POST /v2.0/subnetpools HTTP/1.1" status: 201 len: 715 time: 0.0882225
2026-07-15 06:07:06.628 9 WARNING neutron_lib.context [None req-ae506bb3-e7e5-4e1d-890a-f6304aa3306e 256c8883b1054683b0bc6a764aeb782b 3e2294e4ba314869b4454a6d2055176c - - default default] Method 'is_advsvc' is deprecated since 2023.2 release (neutron-lib 3.8.0) and will be removed once support for the old RBAC API policies will be removed from Neutron. Please use method 'is_service_role' instead.
2026-07-15 06:07:06.644 9 INFO neutron.wsgi [None req-dd8d0444-d6ca-4704-a75d-dc4f0007b11d f6d3f2e9b9fc4972adeba03fb57f0cdc 6f8b8d2b45d7423c80553588e7210d67 - - default default] 10.0.0.208 "GET /v2.0/security-group-rules HTTP/1.1" status: 200 len: 4333 time: 0.1100028
2026-07-15 06:07:06.695 9 INFO neutron.wsgi [None req-ae506bb3-e7e5-4e1d-890a-f6304aa3306e 256c8883b1054683b0bc6a764aeb782b 3e2294e4ba314869b4454a6d2055176c - - default default] 10.0.0.208 "POST /v2.0/subnetpools HTTP/1.1" status: 201 len: 715 time: 0.0711637
2026-07-15 06:07:06.706 9 WARNING neutron_lib.context [None req-ed9df7e8-a722-4803-8e86-131c6293f3e8 256c8883b1054683b0bc6a764aeb782b 3e2294e4ba314869b4454a6d2055176c - - default default] Method 'is_advsvc' is deprecated since 2023.2 release (neutron-lib 3.8.0) and will be removed once support for the old RBAC API policies will be removed from Neutron. Please use method 'is_service_role' instead.
2026-07-15 06:07:06.762 9 INFO neutron.wsgi [None req-ed9df7e8-a722-4803-8e86-131c6293f3e8 256c8883b1054683b0bc6a764aeb782b 3e2294e4ba314869b4454a6d2055176c - - default default] 10.0.0.208 "POST /v2.0/subnetpools HTTP/1.1" status: 201 len: 715 time: 0.0615478
2026-07-15 06:07:06.803 9 INFO neutron.wsgi [None req-ceb5f64a-5ec4-4775-81e5-2c9dcfb92018 256c8883b1054683b0bc6a764aeb782b 3e2294e4ba314869b4454a6d2055176c - - default default] 10.0.0.208 "PUT /v2.0/subnetpools/6920efb0-ac29-4a4d-8137-b738f5bf6bfe/tags HTTP/1.1" status: 200 len: 210 time: 0.0353882
2026-07-15 06:07:06.835 10 INFO neutron.wsgi [None req-d5674f7e-07eb-4ba3-9beb-610e062d838b f6d3f2e9b9fc4972adeba03fb57f0cdc 6f8b8d2b45d7423c80553588e7210d67 - - default default] 10.0.0.208 "DELETE /v2.0/security-group-rules/5dfdb36a-e88b-466f-b1db-5a9d75e18772 HTTP/1.1" status: 204 len: 168 time: 0.1855457
2026-07-15 06:07:06.842 9 INFO neutron.wsgi [None req-3f623fef-44d1-43f6-9cc8-dba6bdd430a7 256c8883b1054683b0bc6a764aeb782b 3e2294e4ba314869b4454a6d2055176c - - default default] 10.0.0.208 "PUT /v2.0/subnetpools/dc65c6a6-87ef-4f17-82d7-41c77b676ef8/tags HTTP/1.1" status: 200 len: 218 time: 0.0348337
2026-07-15 06:07:06.881 9 INFO neutron.wsgi [None req-bd44f737-9342-46fa-830a-4b08405e027b 256c8883b1054683b0bc6a764aeb782b 3e2294e4ba314869b4454a6d2055176c - - default default] 10.0.0.208 "PUT /v2.0/subnetpools/5880c615-d474-4e0e-828e-df8907d1b651/tags HTTP/1.1" status: 200 len: 227 time: 0.0334675
2026-07-15 06:07:06.916 9 INFO neutron.wsgi [None req-4ea80218-7147-4cbf-b320-f00c68bcd32e 256c8883b1054683b0bc6a764aeb782b 3e2294e4ba314869b4454a6d2055176c - - default default] 10.0.0.208 "PUT /v2.0/subnetpools/24780c46-57bd-4e64-99c0-a0dcd32542f7/tags HTTP/1.1" status: 200 len: 212 time: 0.0309005
2026-07-15 06:07:06.953 10 INFO neutron.wsgi [None req-2fd8b488-6407-41b3-8299-1071d46e0742 f6d3f2e9b9fc4972adeba03fb57f0cdc 6f8b8d2b45d7423c80553588e7210d67 - - default default] 10.0.0.208 "GET /v2.0/security-group-rules HTTP/1.1" status: 200 len: 3755 time: 0.1096184
2026-07-15 06:07:06.955 9 INFO neutron.wsgi [None req-d71bc8f5-7cdb-4e1c-9600-a6e3617d230b 256c8883b1054683b0bc6a764aeb782b 3e2294e4ba314869b4454a6d2055176c - - default default] 10.0.0.208 "GET /v2.0/subnetpools?tags=red HTTP/1.1" status: 200 len: 1758 time: 0.0322418
2026-07-15 06:07:06.965 9 WARNING neutron_lib.context [None req-da17027e-0725-44f3-95a9-b8f8eab2d7f2 f6d3f2e9b9fc4972adeba03fb57f0cdc 6f8b8d2b45d7423c80553588e7210d67 - - default default] Method 'is_advsvc' is deprecated since 2023.2 release (neutron-lib 3.8.0) and will be removed once support for the old RBAC API policies will be removed from Neutron. Please use method 'is_service_role' instead.
2026-07-15 06:07:06.996 10 INFO neutron.wsgi [None req-f09c2fb6-00ca-4630-a755-18ee0118bf92 256c8883b1054683b0bc6a764aeb782b 3e2294e4ba314869b4454a6d2055176c - - default default] 10.0.0.208 "GET /v2.0/subnetpools?tags=red%2Cblue HTTP/1.1" status: 200 len: 1251 time: 0.0373180
2026-07-15 06:07:07.031 9 INFO neutron.wsgi [None req-59b59e8f-2d77-461f-862d-75de3c810300 256c8883b1054683b0bc6a764aeb782b 3e2294e4ba314869b4454a6d2055176c - - default default] 10.0.0.208 "GET /v2.0/subnetpools?tags-any=blue HTTP/1.1" status: 200 len: 1251 time: 0.0292084
2026-07-15 06:07:07.062 10 INFO neutron.wsgi [None req-408beb73-4e78-44ca-a402-86af9d21a615 256c8883b1054683b0bc6a764aeb782b 3e2294e4ba314869b4454a6d2055176c - - default default] 10.0.0.208 "GET /v2.0/subnetpools?tags-any=red%2Cblue HTTP/1.1" status: 200 len: 1758 time: 0.0247681
2026-07-15 06:07:07.102 9 INFO neutron.wsgi [None req-e0832a57-60ec-4904-81f9-28ef6d7f8f56 256c8883b1054683b0bc6a764aeb782b 3e2294e4ba314869b4454a6d2055176c - - default default] 10.0.0.208 "GET /v2.0/subnetpools?not-tags=red HTTP/1.1" status: 200 len: 1223 time: 0.0340352
2026-07-15 06:07:07.138 9 INFO neutron.wsgi [None req-d7538f44-de8b-4777-a1c2-2c2794c9c52e 256c8883b1054683b0bc6a764aeb782b 3e2294e4ba314869b4454a6d2055176c - - default default] 10.0.0.208 "GET /v2.0/subnetpools?not-tags=red%2Cblue HTTP/1.1" status: 200 len: 1730 time: 0.0318444
2026-07-15 06:07:07.139 9 INFO neutron.db.ovn_revision_numbers_db [None req-da17027e-0725-44f3-95a9-b8f8eab2d7f2 f6d3f2e9b9fc4972adeba03fb57f0cdc 6f8b8d2b45d7423c80553588e7210d67 - - default default] Successfully bumped revision number for resource 6dde3bc1-f698-43fd-959e-06a9b9e22416 (type: security_group_rules) to 0
2026-07-15 06:07:07.148 10 INFO neutron.db.ovn_revision_numbers_db [None req-a47345dd-ce90-4624-9abb-1a244cd573eb 56bc10a20c954bd9aae3713b5606c32b 37cdd8cec1a649dcbd4636d07df9d470 - - default default] Successfully bumped revision number for resource 0e5fc498-437a-48f0-a673-f771887c64d2 (type: ports) to 2
2026-07-15 06:07:07.171 9 INFO neutron.wsgi [None req-a07e4734-1269-4f87-943d-e9f59c1d0c3f 256c8883b1054683b0bc6a764aeb782b 3e2294e4ba314869b4454a6d2055176c - - default default] 10.0.0.208 "GET /v2.0/subnetpools?not-tags-any=blue HTTP/1.1" status: 200 len: 1730 time: 0.0267451
2026-07-15 06:07:07.179 9 INFO neutron.wsgi [None req-da17027e-0725-44f3-95a9-b8f8eab2d7f2 f6d3f2e9b9fc4972adeba03fb57f0cdc 6f8b8d2b45d7423c80553588e7210d67 - - default default] 10.0.0.208 "POST /v2.0/security-group-rules HTTP/1.1" status: 201 len: 800 time: 0.2191315
2026-07-15 06:07:07.190 10 INFO neutron.db.ovn_revision_numbers_db [None req-a47345dd-ce90-4624-9abb-1a244cd573eb 56bc10a20c954bd9aae3713b5606c32b 37cdd8cec1a649dcbd4636d07df9d470 - - default default] Successfully bumped revision number for resource 623b1b14-598a-4e5b-bee0-6b41a938829d (type: subnets) to 0
2026-07-15 06:07:07.201 9 INFO neutron.wsgi [None req-f8796df0-3f03-45f8-84d7-fd2356dcc0c2 256c8883b1054683b0bc6a764aeb782b 3e2294e4ba314869b4454a6d2055176c - - default default] 10.0.0.208 "GET /v2.0/subnetpools?not-tags-any=red%2Cblue HTTP/1.1" status: 200 len: 1223 time: 0.0257981
2026-07-15 06:07:07.206 10 INFO neutron.wsgi [None req-26da7ab2-414d-4eb5-8bfe-774953f618b2 f6d3f2e9b9fc4972adeba03fb57f0cdc 6f8b8d2b45d7423c80553588e7210d67 - - default default] 10.0.0.208 "GET /v2.0/security-group-rules/6dde3bc1-f698-43fd-959e-06a9b9e22416 HTTP/1.1" status: 200 len: 795 time: 0.0210092
2026-07-15 06:07:07.211 10 INFO neutron.wsgi [None req-a47345dd-ce90-4624-9abb-1a244cd573eb 56bc10a20c954bd9aae3713b5606c32b 37cdd8cec1a649dcbd4636d07df9d470 - - default default] 10.0.0.208 "POST /v2.0/subnets HTTP/1.1" status: 201 len: 801 time: 1.0206275
2026-07-15 06:07:07.286 10 INFO neutron.wsgi [None req-6d8617b2-85b7-47d6-aa74-ad8c38f84803 f6d3f2e9b9fc4972adeba03fb57f0cdc 6f8b8d2b45d7423c80553588e7210d67 - - default default] 10.0.0.208 "GET /v2.0/security-group-rules HTTP/1.1" status: 200 len: 4333 time: 0.0741115
2026-07-15 06:07:07.310 9 INFO neutron.wsgi [None req-b5c2211b-4068-4614-b9ce-5bf685fd6c30 256c8883b1054683b0bc6a764aeb782b 3e2294e4ba314869b4454a6d2055176c - - default default] 10.0.0.208 "DELETE /v2.0/subnetpools/6920efb0-ac29-4a4d-8137-b738f5bf6bfe HTTP/1.1" status: 204 len: 168 time: 0.1034362
2026-07-15 06:07:07.380 10 INFO neutron.wsgi [None req-15f46c14-d534-44a7-883b-d752e8d79018 256c8883b1054683b0bc6a764aeb782b 3e2294e4ba314869b4454a6d2055176c - - default default] 10.0.0.208 "DELETE /v2.0/subnetpools/dc65c6a6-87ef-4f17-82d7-41c77b676ef8 HTTP/1.1" status: 204 len: 168 time: 0.0643365
2026-07-15 06:07:07.443 10 INFO neutron.wsgi [None req-6f9e7151-e69b-49f3-82ea-83fbecd1bfb6 f6d3f2e9b9fc4972adeba03fb57f0cdc 6f8b8d2b45d7423c80553588e7210d67 - - default default] 10.0.0.208 "DELETE /v2.0/security-group-rules/6dde3bc1-f698-43fd-959e-06a9b9e22416 HTTP/1.1" status: 204 len: 168 time: 0.1473763
2026-07-15 06:07:07.449 10 INFO neutron.wsgi [None req-b6b7cb15-27a5-45ba-9cfa-69e1535ff5b6 256c8883b1054683b0bc6a764aeb782b 3e2294e4ba314869b4454a6d2055176c - - default default] 10.0.0.208 "DELETE /v2.0/subnetpools/5880c615-d474-4e0e-828e-df8907d1b651 HTTP/1.1" status: 204 len: 168 time: 0.0629854
2026-07-15 06:07:07.519 10 INFO neutron.wsgi [None req-d12edcde-990f-42a0-8dc5-01ce886e5ece f6d3f2e9b9fc4972adeba03fb57f0cdc 6f8b8d2b45d7423c80553588e7210d67 - - default default] 10.0.0.208 "GET /v2.0/security-group-rules HTTP/1.1" status: 200 len: 3755 time: 0.0678177
2026-07-15 06:07:07.522 9 INFO neutron.wsgi [None req-4187f9d3-360d-49e0-9d83-8d0cdbacfbca 256c8883b1054683b0bc6a764aeb782b 3e2294e4ba314869b4454a6d2055176c - - default default] 10.0.0.208 "DELETE /v2.0/subnetpools/24780c46-57bd-4e64-99c0-a0dcd32542f7 HTTP/1.1" status: 204 len: 168 time: 0.0664277
2026-07-15 06:07:07.530 10 WARNING neutron_lib.context [None req-40f2486e-ae56-48fc-8342-1be80a77b2e6 f6d3f2e9b9fc4972adeba03fb57f0cdc 6f8b8d2b45d7423c80553588e7210d67 - - default default] Method 'is_advsvc' is deprecated since 2023.2 release (neutron-lib 3.8.0) and will be removed once support for the old RBAC API policies will be removed from Neutron. Please use method 'is_service_role' instead.
2026-07-15 06:07:07.573 10 INFO neutron.db.securitygroups_db [None req-40f2486e-ae56-48fc-8342-1be80a77b2e6 f6d3f2e9b9fc4972adeba03fb57f0cdc 6f8b8d2b45d7423c80553588e7210d67 - - default default] Project 6f8b8d2b45d7423c80553588e7210d67 added a security group rule with legacy IPv6 ICMP protocol name icmp, ipv6-icmp should be used instead. It was automatically converted.
2026-07-15 06:07:07.608 9 INFO neutron.wsgi [None req-443df7c4-3aff-4491-bc75-e6160caef5da 256c8883b1054683b0bc6a764aeb782b 3e2294e4ba314869b4454a6d2055176c - - default default] 10.0.0.208 "DELETE /v2.0/subnetpools/3edc19ad-d758-466a-909e-612c0df38a4f HTTP/1.1" status: 204 len: 168 time: 0.0753727
2026-07-15 06:07:07.617 9 INFO neutron.db.ovn_revision_numbers_db [None req-baf5191f-7ff0-45b6-bc2e-de05c12a61e4 56bc10a20c954bd9aae3713b5606c32b 37cdd8cec1a649dcbd4636d07df9d470 - - default default] Successfully bumped revision number for resource 623b1b14-598a-4e5b-bee0-6b41a938829d (type: subnets) to 1
2026-07-15 06:07:07.621 9 INFO neutron.wsgi [None req-baf5191f-7ff0-45b6-bc2e-de05c12a61e4 56bc10a20c954bd9aae3713b5606c32b 37cdd8cec1a649dcbd4636d07df9d470 - - default default] 10.0.0.208 "PUT /v2.0/subnets/623b1b14-598a-4e5b-bee0-6b41a938829d HTTP/1.1" status: 200 len: 806 time: 0.4062757
2026-07-15 06:07:07.655 10 INFO neutron.db.ovn_revision_numbers_db [None req-40f2486e-ae56-48fc-8342-1be80a77b2e6 f6d3f2e9b9fc4972adeba03fb57f0cdc 6f8b8d2b45d7423c80553588e7210d67 - - default default] Successfully bumped revision number for resource d343cd95-314c-498d-8b5f-78d7525a7bad (type: security_group_rules) to 0
2026-07-15 06:07:07.678 10 INFO neutron.wsgi [None req-40f2486e-ae56-48fc-8342-1be80a77b2e6 f6d3f2e9b9fc4972adeba03fb57f0cdc 6f8b8d2b45d7423c80553588e7210d67 - - default default] 10.0.0.208 "POST /v2.0/security-group-rules HTTP/1.1" status: 201 len: 806 time: 0.1530390
2026-07-15 06:07:07.707 10 INFO neutron.wsgi [None req-3f79e00b-0795-4ba0-8c87-6bdfe0587c5d f6d3f2e9b9fc4972adeba03fb57f0cdc 6f8b8d2b45d7423c80553588e7210d67 - - default default] 10.0.0.208 "GET /v2.0/security-group-rules/d343cd95-314c-498d-8b5f-78d7525a7bad HTTP/1.1" status: 200 len: 801 time: 0.0170677
2026-07-15 06:07:07.793 10 INFO neutron.wsgi [None req-0d160207-46d5-48a6-bcd4-b336d48bb2d8 f6d3f2e9b9fc4972adeba03fb57f0cdc 6f8b8d2b45d7423c80553588e7210d67 - - default default] 10.0.0.208 "GET /v2.0/security-group-rules HTTP/1.1" status: 200 len: 4339 time: 0.0799935
2026-07-15 06:07:07.907 10 INFO neutron.wsgi [None req-8121575f-36b8-45a5-a4f2-9542e6913287 f6d3f2e9b9fc4972adeba03fb57f0cdc 6f8b8d2b45d7423c80553588e7210d67 - - default default] 10.0.0.208 "DELETE /v2.0/security-group-rules/d343cd95-314c-498d-8b5f-78d7525a7bad HTTP/1.1" status: 204 len: 168 time: 0.1088202
2026-07-15 06:07:08.208 9 INFO neutron.wsgi [None req-335ca5c4-18c6-44b9-8afb-20a0a623331f f6d3f2e9b9fc4972adeba03fb57f0cdc 6f8b8d2b45d7423c80553588e7210d67 - - default default] 10.0.0.208 "GET /v2.0/security-group-rules HTTP/1.1" status: 200 len: 3755 time: 0.2964132
2026-07-15 06:07:08.410 9 INFO neutron.wsgi [None req-1d8bffc9-683a-4597-a068-407787bcb720 f6d3f2e9b9fc4972adeba03fb57f0cdc 6f8b8d2b45d7423c80553588e7210d67 - - default default] 10.0.0.208 "DELETE /v2.0/security-groups/fbb54dee-2ac1-48a1-85e9-d12b7798af16 HTTP/1.1" status: 204 len: 168 time: 0.1949704
2026-07-15 06:07:08.481 9 INFO neutron.wsgi [None req-f48f228e-b96b-490a-aa3b-8061b26caefa f6d3f2e9b9fc4972adeba03fb57f0cdc 6f8b8d2b45d7423c80553588e7210d67 - - default default] 10.0.0.208 "GET /v2.0/security-groups HTTP/1.1" status: 200 len: 3120 time: 0.0652282
2026-07-15 06:07:08.536 9 INFO neutron.services.segments.plugin [-] Segment 9d4b25f2-f5bd-4349-92f7-633456464ee6 resource provider aggregate not found
2026-07-15 06:07:08.542 9 INFO neutron.services.segments.plugin [-] Segment 9d4b25f2-f5bd-4349-92f7-633456464ee6 resource provider aggregate not found
2026-07-15 06:07:08.543 10 INFO neutron.wsgi [None req-c2729827-404e-4a25-b472-5d6fb0b8ffa4 f6d3f2e9b9fc4972adeba03fb57f0cdc 6f8b8d2b45d7423c80553588e7210d67 - - default default] 10.0.0.208 "GET /v2.0/security-groups HTTP/1.1" status: 200 len: 3120 time: 0.0548115
2026-07-15 06:07:08.563 9 INFO neutron.services.segments.plugin [-] Segment 9d4b25f2-f5bd-4349-92f7-633456464ee6 resource provider not found; error: Placement Client Error (4xx): {"errors": [{"status": 404, "title": "Not Found", "detail": "The resource could not be found.\n\n No resource provider with uuid 9d4b25f2-f5bd-4349-92f7-633456464ee6 found for delete ", "request_id": "req-47935908-0566-4d84-af83-d2925b7afa94"}]}
2026-07-15 06:07:08.567 9 INFO neutron.services.segments.plugin [-] Segment 9d4b25f2-f5bd-4349-92f7-633456464ee6 resource provider not found; error: Placement Client Error (4xx): {"errors": [{"status": 404, "title": "Not Found", "detail": "The resource could not be found.\n\n No resource provider with uuid 9d4b25f2-f5bd-4349-92f7-633456464ee6 found for delete ", "request_id": "req-b4f96318-ea49-4302-82e6-bc9768ae8cae"}]}
2026-07-15 06:07:08.586 9 INFO neutron.wsgi [None req-52f4e7de-278b-4acf-990f-a0c9b9eefa24 56bc10a20c954bd9aae3713b5606c32b 37cdd8cec1a649dcbd4636d07df9d470 - - default default] 10.0.0.208 "DELETE /v2.0/networks/7ac60079-8393-4fc0-a3bd-84171260b640 HTTP/1.1" status: 204 len: 168 time: 0.9596803
2026-07-15 06:07:08.620 10 INFO neutron.pecan_wsgi.hooks.translation [None req-ba0eb6f2-56c9-48e7-95ef-1f5988c88afc 56bc10a20c954bd9aae3713b5606c32b 37cdd8cec1a649dcbd4636d07df9d470 - - default default] DELETE failed (client error): The resource could not be found.
2026-07-15 06:07:08.623 10 INFO neutron.wsgi [None req-ba0eb6f2-56c9-48e7-95ef-1f5988c88afc 56bc10a20c954bd9aae3713b5606c32b 37cdd8cec1a649dcbd4636d07df9d470 - - default default] 10.0.0.208 "DELETE /v2.0/networks/7ac60079-8393-4fc0-a3bd-84171260b640 HTTP/1.1" status: 404 len: 339 time: 0.0326970
2026-07-15 06:07:08.725 10 INFO neutron.wsgi [None req-61e34996-82fc-4407-9fac-cd0c13c2ed36 56bc10a20c954bd9aae3713b5606c32b 37cdd8cec1a649dcbd4636d07df9d470 - - default default] 10.0.0.208 "GET /v2.0/networks?router%3Aexternal=True HTTP/1.1" status: 200 len: 845 time: 0.0982175
2026-07-15 06:07:08.764 10 INFO neutron.wsgi [None req-06f4aab6-b8ff-4b56-84af-1aad8b393934 56bc10a20c954bd9aae3713b5606c32b 37cdd8cec1a649dcbd4636d07df9d470 - - default default] 10.0.0.208 "GET /v2.0/subnets?network_id=61d64043-fc3e-466a-9133-8257a54ec247 HTTP/1.1" status: 200 len: 820 time: 0.0353122
2026-07-15 06:07:08.776 9 INFO neutron.wsgi [None req-5a33d42e-6d20-456b-a1e6-cd75a35d1f52 56bc10a20c954bd9aae3713b5606c32b 37cdd8cec1a649dcbd4636d07df9d470 - - default default] 10.0.0.208 "GET /v2.0/extensions HTTP/1.1" status: 200 len: 18678 time: 0.0064025
2026-07-15 06:07:08.895 9 INFO neutron.wsgi [None req-6e44ec55-55a4-457e-9c56-384a3ec73ec2 56bc10a20c954bd9aae3713b5606c32b 37cdd8cec1a649dcbd4636d07df9d470 - - default default] 10.0.0.208 "GET /v2.0/networks HTTP/1.1" status: 200 len: 1503 time: 0.1105762
2026-07-15 06:07:08.961 10 INFO neutron.wsgi [None req-5e71d0a3-7980-439e-82ab-f73050286661 56bc10a20c954bd9aae3713b5606c32b 37cdd8cec1a649dcbd4636d07df9d470 - - default default] 10.0.0.208 "GET /v2.0/subnets HTTP/1.1" status: 200 len: 1428 time: 0.0590560
2026-07-15 06:07:08.985 9 INFO neutron.db.ovn_revision_numbers_db [None req-9efa0b04-c979-4c09-a663-94afe7d177e9 4239e68166ed4136927cb286b7fb9c8a 4df009eeb35b4bdeb722721d47d8db55 - - default default] Successfully bumped revision number for resource 439de58a-d7f7-408c-9317-041daaaaf674 (type: security_groups) to 1
2026-07-15 06:07:09.000 9 INFO neutron.db.ovn_revision_numbers_db [None req-9efa0b04-c979-4c09-a663-94afe7d177e9 4239e68166ed4136927cb286b7fb9c8a 4df009eeb35b4bdeb722721d47d8db55 - - default default] Successfully bumped revision number for resource 6ed31859-b261-4781-b4d2-e17d443fa561 (type: security_group_rules) to 0
2026-07-15 06:07:09.014 9 INFO neutron.db.ovn_revision_numbers_db [None req-9efa0b04-c979-4c09-a663-94afe7d177e9 4239e68166ed4136927cb286b7fb9c8a 4df009eeb35b4bdeb722721d47d8db55 - - default default] Successfully bumped revision number for resource 81bc897c-9a0f-4f8a-b374-e076c1d29af3 (type: security_group_rules) to 0
2026-07-15 06:07:09.031 9 INFO neutron.db.ovn_revision_numbers_db [None req-9efa0b04-c979-4c09-a663-94afe7d177e9 4239e68166ed4136927cb286b7fb9c8a 4df009eeb35b4bdeb722721d47d8db55 - - default default] Successfully bumped revision number for resource cbac43f3-4044-478d-9e4d-662f823fa576 (type: security_group_rules) to 0
2026-07-15 06:07:09.033 10 INFO neutron.wsgi [None req-9031b281-9e5f-416a-bf00-03549719ddb0 56bc10a20c954bd9aae3713b5606c32b 37cdd8cec1a649dcbd4636d07df9d470 - - default default] 10.0.0.208 "GET /v2.0/networks/98273cdb-d7bc-417c-be97-998d0a6784d9 HTTP/1.1" status: 200 len: 862 time: 0.0661733
2026-07-15 06:07:09.046 9 INFO neutron.db.ovn_revision_numbers_db [None req-9efa0b04-c979-4c09-a663-94afe7d177e9 4239e68166ed4136927cb286b7fb9c8a 4df009eeb35b4bdeb722721d47d8db55 - - default default] Successfully bumped revision number for resource d1157075-b333-47f1-844e-ca817eb6c263 (type: security_group_rules) to 0
2026-07-15 06:07:09.068 9 INFO neutron.wsgi [None req-9efa0b04-c979-4c09-a663-94afe7d177e9 4239e68166ed4136927cb286b7fb9c8a 4df009eeb35b4bdeb722721d47d8db55 - - default default] 10.0.0.208 "GET /v2.0/security-groups?tenant_id=3e2294e4ba314869b4454a6d2055176c&name=default HTTP/1.1" status: 200 len: 3120 time: 0.5123334
2026-07-15 06:07:09.075 10 INFO neutron.wsgi [None req-fbb92c65-3148-46f5-bd79-5f1552ebe4a0 56bc10a20c954bd9aae3713b5606c32b 37cdd8cec1a649dcbd4636d07df9d470 - - default default] 10.0.0.208 "GET /v2.0/subnets/edc64a52-2f72-49a2-94bd-e792383ad010 HTTP/1.1" status: 200 len: 811 time: 0.0347977
2026-07-15 06:07:09.098 10 INFO neutron.pecan_wsgi.hooks.translation [None req-cd72800d-511c-412a-b34e-18385ca577b9 56bc10a20c954bd9aae3713b5606c32b 37cdd8cec1a649dcbd4636d07df9d470 - - default default] DELETE failed (client error): The resource could not be found.
2026-07-15 06:07:09.100 10 INFO neutron.wsgi [None req-cd72800d-511c-412a-b34e-18385ca577b9 56bc10a20c954bd9aae3713b5606c32b 37cdd8cec1a649dcbd4636d07df9d470 - - default default] 10.0.0.208 "DELETE /v2.0/subnets/623b1b14-598a-4e5b-bee0-6b41a938829d HTTP/1.1" status: 404 len: 337 time: 0.0188680
2026-07-15 06:07:09.283 9 INFO neutron.wsgi [None req-36a9b390-7914-42c8-912b-3085e1ec2bbd 4239e68166ed4136927cb286b7fb9c8a 4df009eeb35b4bdeb722721d47d8db55 - - default default] 10.0.0.208 "DELETE /v2.0/security-groups/439de58a-d7f7-408c-9317-041daaaaf674 HTTP/1.1" status: 204 len: 168 time: 0.2084346
2026-07-15 06:07:09.385 10 INFO neutron.pecan_wsgi.hooks.translation [None req-a57c929b-6cc5-41de-92cf-e2814cc3343b 56bc10a20c954bd9aae3713b5606c32b 37cdd8cec1a649dcbd4636d07df9d470 - - default default] DELETE failed (client error): The resource could not be found.
2026-07-15 06:07:09.388 10 INFO neutron.wsgi [None req-a57c929b-6cc5-41de-92cf-e2814cc3343b 56bc10a20c954bd9aae3713b5606c32b 37cdd8cec1a649dcbd4636d07df9d470 - - default default] 10.0.0.208 "DELETE /v2.0/networks/7ac60079-8393-4fc0-a3bd-84171260b640 HTTP/1.1" status: 404 len: 339 time: 0.2831681
2026-07-15 06:07:09.431 10 INFO neutron.wsgi [None req-3d93e207-55dc-4bf5-ba86-6ddbc98f8b1e 4239e68166ed4136927cb286b7fb9c8a 4df009eeb35b4bdeb722721d47d8db55 - - default default] 10.0.0.208 "GET /v2.0/security-groups?tenant_id=6f8b8d2b45d7423c80553588e7210d67&name=default HTTP/1.1" status: 200 len: 3120 time: 0.3819714
2026-07-15 06:07:09.561 10 INFO neutron.db.ovn_revision_numbers_db [None req-e9fdfaf6-4d22-4c93-9260-879350495f13 4239e68166ed4136927cb286b7fb9c8a 4df009eeb35b4bdeb722721d47d8db55 - - default default] Successfully bumped revision number for resource 98328ca7-3e78-400d-825f-82f0ba9d6faa (type: security_groups) to 1
2026-07-15 06:07:09.580 10 INFO neutron.db.ovn_revision_numbers_db [None req-e9fdfaf6-4d22-4c93-9260-879350495f13 4239e68166ed4136927cb286b7fb9c8a 4df009eeb35b4bdeb722721d47d8db55 - - default default] Successfully bumped revision number for resource 337e0c3e-9abc-468d-b34d-ac8113e029e7 (type: security_group_rules) to 0
2026-07-15 06:07:09.598 10 INFO neutron.db.ovn_revision_numbers_db [None req-e9fdfaf6-4d22-4c93-9260-879350495f13 4239e68166ed4136927cb286b7fb9c8a 4df009eeb35b4bdeb722721d47d8db55 - - default default] Successfully bumped revision number for resource 404cd442-f039-4853-b40c-290739d2d0ee (type: security_group_rules) to 0
2026-07-15 06:07:09.606 9 INFO neutron.wsgi [None req-0b0d7de9-285e-4f0f-914a-96a1c6eb35a1 56bc10a20c954bd9aae3713b5606c32b 37cdd8cec1a649dcbd4636d07df9d470 - - default default] 10.0.0.208 "DELETE /v2.0/subnets/edc64a52-2f72-49a2-94bd-e792383ad010 HTTP/1.1" status: 204 len: 168 time: 0.2127180
2026-07-15 06:07:09.615 10 INFO neutron.db.ovn_revision_numbers_db [None req-e9fdfaf6-4d22-4c93-9260-879350495f13 4239e68166ed4136927cb286b7fb9c8a 4df009eeb35b4bdeb722721d47d8db55 - - default default] Successfully bumped revision number for resource 80b05680-c5f7-4a8e-a02a-da667d46bc1e (type: security_group_rules) to 0
2026-07-15 06:07:09.649 10 INFO neutron.db.ovn_revision_numbers_db [None req-e9fdfaf6-4d22-4c93-9260-879350495f13 4239e68166ed4136927cb286b7fb9c8a 4df009eeb35b4bdeb722721d47d8db55 - - default default] Successfully bumped revision number for resource fa8f0e16-cc3a-44fc-8be9-7b3e38d77b64 (type: security_group_rules) to 0
2026-07-15 06:07:09.683 10 INFO neutron.wsgi [None req-e9fdfaf6-4d22-4c93-9260-879350495f13 4239e68166ed4136927cb286b7fb9c8a 4df009eeb35b4bdeb722721d47d8db55 - - default default] 10.0.0.208 "GET /v2.0/security-groups?tenant_id=bff6af46655143f1a00a856933b55a0c&name=default HTTP/1.1" status: 200 len: 3120 time: 0.2748089
2026-07-15 06:07:09.699 10 INFO neutron.wsgi [None req-edf962f9-0c96-4097-8141-ac7758e9b777 4239e68166ed4136927cb286b7fb9c8a 4df009eeb35b4bdeb722721d47d8db55 - - default default] 10.0.0.208 "DELETE /v2.0/security-groups/af4efcfc-f032-4b63-9ac6-3dd9857ca56c HTTP/1.1" status: 204 len: 168 time: 0.2628775
2026-07-15 06:07:09.910 9 INFO neutron.wsgi [None req-84cd5cbc-03dc-47c9-8a2c-63e541235134 4239e68166ed4136927cb286b7fb9c8a 4df009eeb35b4bdeb722721d47d8db55 - - default default] 10.0.0.208 "DELETE /v2.0/security-groups/98328ca7-3e78-400d-825f-82f0ba9d6faa HTTP/1.1" status: 204 len: 168 time: 0.2201536
2026-07-15 06:07:10.020 10 INFO neutron.services.segments.plugin [-] Segment 016fda5d-e107-4862-84e8-2e57ffec4092 resource provider aggregate not found
2026-07-15 06:07:10.024 10 INFO neutron.services.segments.plugin [-] Segment 016fda5d-e107-4862-84e8-2e57ffec4092 resource provider aggregate not found
2026-07-15 06:07:10.039 10 INFO neutron.services.segments.plugin [-] Segment 016fda5d-e107-4862-84e8-2e57ffec4092 resource provider not found; error: Placement Client Error (4xx): {"errors": [{"status": 404, "title": "Not Found", "detail": "The resource could not be found.\n\n No resource provider with uuid 016fda5d-e107-4862-84e8-2e57ffec4092 found for delete ", "request_id": "req-79f549e4-381c-49a7-97c5-2747d1ca33e0"}]}
2026-07-15 06:07:10.040 10 INFO neutron.services.segments.plugin [-] Segment 016fda5d-e107-4862-84e8-2e57ffec4092 resource provider not found; error: Placement Client Error (4xx): {"errors": [{"status": 404, "title": "Not Found", "detail": "The resource could not be found.\n\n No resource provider with uuid 016fda5d-e107-4862-84e8-2e57ffec4092 found for delete ", "request_id": "req-b4bbda28-5302-49c6-98f3-8bfc93c409ad"}]}
2026-07-15 06:07:10.062 10 INFO neutron.wsgi [None req-491a0744-70a1-45b9-865a-edb2584671f2 56bc10a20c954bd9aae3713b5606c32b 37cdd8cec1a649dcbd4636d07df9d470 - - default default] 10.0.0.208 "DELETE /v2.0/networks/98273cdb-d7bc-417c-be97-998d0a6784d9 HTTP/1.1" status: 204 len: 168 time: 0.4482329
2026-07-15 06:07:10.189 10 INFO neutron.db.ovn_revision_numbers_db [None req-7dfd8861-5c04-49ea-80a6-31829662e0d9 4239e68166ed4136927cb286b7fb9c8a 4df009eeb35b4bdeb722721d47d8db55 - - default default] Successfully bumped revision number for resource 707e7617-c4eb-4b71-b964-2f086fbbd73e (type: security_groups) to 1
2026-07-15 06:07:10.207 10 INFO neutron.db.ovn_revision_numbers_db [None req-7dfd8861-5c04-49ea-80a6-31829662e0d9 4239e68166ed4136927cb286b7fb9c8a 4df009eeb35b4bdeb722721d47d8db55 - - default default] Successfully bumped revision number for resource 1641b0e5-c93d-4d4c-b47a-d805028b1022 (type: security_group_rules) to 0
2026-07-15 06:07:10.220 10 INFO neutron.db.ovn_revision_numbers_db [None req-7dfd8861-5c04-49ea-80a6-31829662e0d9 4239e68166ed4136927cb286b7fb9c8a 4df009eeb35b4bdeb722721d47d8db55 - - default default] Successfully bumped revision number for resource 64ecca1e-c6db-4bdf-a732-07ff16c8e61e (type: security_group_rules) to 0
2026-07-15 06:07:10.236 10 INFO neutron.db.ovn_revision_numbers_db [None req-7dfd8861-5c04-49ea-80a6-31829662e0d9 4239e68166ed4136927cb286b7fb9c8a 4df009eeb35b4bdeb722721d47d8db55 - - default default] Successfully bumped revision number for resource afc30e27-6d74-4839-812d-461fd5e3c850 (type: security_group_rules) to 0
2026-07-15 06:07:10.254 10 INFO neutron.db.ovn_revision_numbers_db [None req-7dfd8861-5c04-49ea-80a6-31829662e0d9 4239e68166ed4136927cb286b7fb9c8a 4df009eeb35b4bdeb722721d47d8db55 - - default default] Successfully bumped revision number for resource cf4931c3-84a9-4306-a600-70545f09adb3 (type: security_group_rules) to 0
2026-07-15 06:07:10.287 10 INFO neutron.wsgi [None req-7dfd8861-5c04-49ea-80a6-31829662e0d9 4239e68166ed4136927cb286b7fb9c8a 4df009eeb35b4bdeb722721d47d8db55 - - default default] 10.0.0.208 "GET /v2.0/security-groups?tenant_id=e37d5d782aa84a72af0ab829e88b0440&name=default HTTP/1.1" status: 200 len: 3120 time: 0.2148619
2026-07-15 06:07:10.525 9 INFO neutron.wsgi [None req-5dafa19b-7c69-4254-95d9-b6e00fdb3ee7 4239e68166ed4136927cb286b7fb9c8a 4df009eeb35b4bdeb722721d47d8db55 - - default default] 10.0.0.208 "DELETE /v2.0/security-groups/707e7617-c4eb-4b71-b964-2f086fbbd73e HTTP/1.1" status: 204 len: 168 time: 0.2281754
2026-07-15 06:07:10.807 10 INFO neutron.wsgi [None req-0258cf74-1693-42f4-97fb-968abd3b73e1 4239e68166ed4136927cb286b7fb9c8a 4df009eeb35b4bdeb722721d47d8db55 - - default default] 10.0.0.208 "GET /v2.0/security-groups?tenant_id=37cdd8cec1a649dcbd4636d07df9d470&name=default HTTP/1.1" status: 200 len: 3120 time: 0.1996753
2026-07-15 06:07:11.032 10 INFO neutron.wsgi [None req-d3574304-68ec-4605-af8e-b520a0d1a3df 4239e68166ed4136927cb286b7fb9c8a 4df009eeb35b4bdeb722721d47d8db55 - - default default] 10.0.0.208 "DELETE /v2.0/security-groups/f80bebc6-888d-4420-9ea8-c0cd6c2debed HTTP/1.1" status: 204 len: 168 time: 0.2189064
2026-07-15 06:07:11.731 10 WARNING neutron_lib.context [None req-7b0b7661-b0d2-4ae6-a69c-f1ea6aad01a5 6e351a483924414e897353d5f8f59a2b 5000235a83b946da8b9a5bf621f6b790 - - default default] Method 'is_advsvc' is deprecated since 2023.2 release (neutron-lib 3.8.0) and will be removed once support for the old RBAC API policies will be removed from Neutron. Please use method 'is_service_role' instead.
2026-07-15 06:07:11.800 10 INFO neutron.wsgi [None req-7b0b7661-b0d2-4ae6-a69c-f1ea6aad01a5 6e351a483924414e897353d5f8f59a2b 5000235a83b946da8b9a5bf621f6b790 - - default default] 10.0.0.208 "POST /v2.0/subnetpools HTTP/1.1" status: 201 len: 747 time: 0.3000886
2026-07-15 06:07:11.824 10 INFO neutron.wsgi [None req-081ca495-3948-45c5-b95a-6f179fd1efbb 6e351a483924414e897353d5f8f59a2b 5000235a83b946da8b9a5bf621f6b790 - - default default] 10.0.0.208 "GET /v2.0/subnetpools/bc6c39d7-b241-45ba-9900-7291e11ca270 HTTP/1.1" status: 200 len: 742 time: 0.0188837
2026-07-15 06:07:11.892 10 INFO neutron.wsgi [None req-a8929b63-a025-4907-947c-7c709c9b49ab 6e351a483924414e897353d5f8f59a2b 5000235a83b946da8b9a5bf621f6b790 - - default default] 10.0.0.208 "PUT /v2.0/subnetpools/bc6c39d7-b241-45ba-9900-7291e11ca270 HTTP/1.1" status: 200 len: 693 time: 0.0621905
2026-07-15 06:07:11.946 10 INFO neutron.wsgi [None req-3b9d8b46-5ca0-4e47-b871-e555b384a2fd 6e351a483924414e897353d5f8f59a2b 5000235a83b946da8b9a5bf621f6b790 - - default default] 10.0.0.208 "DELETE /v2.0/subnetpools/bc6c39d7-b241-45ba-9900-7291e11ca270 HTTP/1.1" status: 204 len: 168 time: 0.0496519
2026-07-15 06:07:11.969 9 INFO neutron.api.v2.resource [None req-b84cb8a9-5825-4579-b35a-88ae0ef4c575 6e351a483924414e897353d5f8f59a2b 5000235a83b946da8b9a5bf621f6b790 - - default default] show failed (client error): The resource could not be found.
2026-07-15 06:07:11.970 9 INFO neutron.wsgi [None req-b84cb8a9-5825-4579-b35a-88ae0ef4c575 6e351a483924414e897353d5f8f59a2b 5000235a83b946da8b9a5bf621f6b790 - - default default] 10.0.0.208 "GET /v2.0/subnetpools/bc6c39d7-b241-45ba-9900-7291e11ca270 HTTP/1.1" status: 404 len: 346 time: 0.0184338
2026-07-15 06:07:11.991 9 INFO neutron.api.v2.resource [None req-4b0ec10a-4b45-4ee1-94e6-a76ca0fbbee0 6e351a483924414e897353d5f8f59a2b 5000235a83b946da8b9a5bf621f6b790 - - default default] delete failed (client error): The resource could not be found.
2026-07-15 06:07:11.993 9 INFO neutron.wsgi [None req-4b0ec10a-4b45-4ee1-94e6-a76ca0fbbee0 6e351a483924414e897353d5f8f59a2b 5000235a83b946da8b9a5bf621f6b790 - - default default] 10.0.0.208 "DELETE /v2.0/subnetpools/bc6c39d7-b241-45ba-9900-7291e11ca270 HTTP/1.1" status: 404 len: 346 time: 0.0175087
2026-07-15 06:07:12.726 9 INFO neutron.db.ovn_revision_numbers_db [None req-4cc6376b-f702-48d2-8cae-46238843dbb0 4239e68166ed4136927cb286b7fb9c8a 4df009eeb35b4bdeb722721d47d8db55 - - default default] Successfully bumped revision number for resource 40117ade-6873-480b-8e05-d2232fc7b8f3 (type: security_groups) to 1
2026-07-15 06:07:12.744 9 INFO neutron.db.ovn_revision_numbers_db [None req-4cc6376b-f702-48d2-8cae-46238843dbb0 4239e68166ed4136927cb286b7fb9c8a 4df009eeb35b4bdeb722721d47d8db55 - - default default] Successfully bumped revision number for resource 02e3cacf-1785-4270-8335-d4d621587c2f (type: security_group_rules) to 0
2026-07-15 06:07:12.760 9 INFO neutron.db.ovn_revision_numbers_db [None req-4cc6376b-f702-48d2-8cae-46238843dbb0 4239e68166ed4136927cb286b7fb9c8a 4df009eeb35b4bdeb722721d47d8db55 - - default default] Successfully bumped revision number for resource 71f4267a-a40c-4013-ae3c-ea8451649082 (type: security_group_rules) to 0
2026-07-15 06:07:12.776 9 INFO neutron.db.ovn_revision_numbers_db [None req-4cc6376b-f702-48d2-8cae-46238843dbb0 4239e68166ed4136927cb286b7fb9c8a 4df009eeb35b4bdeb722721d47d8db55 - - default default] Successfully bumped revision number for resource 9885affd-24e7-4d3c-bbaf-ebdee265f51a (type: security_group_rules) to 0
2026-07-15 06:07:12.795 9 INFO neutron.db.ovn_revision_numbers_db [None req-4cc6376b-f702-48d2-8cae-46238843dbb0 4239e68166ed4136927cb286b7fb9c8a 4df009eeb35b4bdeb722721d47d8db55 - - default default] Successfully bumped revision number for resource be2f7084-fe3f-497c-bfcc-2a6fe51aeab0 (type: security_group_rules) to 0
2026-07-15 06:07:12.821 9 INFO neutron.wsgi [None req-4cc6376b-f702-48d2-8cae-46238843dbb0 4239e68166ed4136927cb286b7fb9c8a 4df009eeb35b4bdeb722721d47d8db55 - - default default] 10.0.0.208 "GET /v2.0/security-groups?tenant_id=5000235a83b946da8b9a5bf621f6b790&name=default HTTP/1.1" status: 200 len: 3120 time: 0.3234024
2026-07-15 06:07:12.826 10 INFO neutron.wsgi [-] 10.0.0.208 "GET / HTTP/1.1" status: 200 len: 279 time: 0.0020432
2026-07-15 06:07:12.985 10 INFO neutron.wsgi [None req-e09086a2-3462-4ec4-a3ef-c1c980033143 2d938d2fb1424ff69558097899ed5459 57bae13ccd98450fa9914693a8fe5f58 - - default default] 10.0.0.208 "GET /v2.0/ HTTP/1.1" status: 200 len: 826 time: 0.1533990
2026-07-15 06:07:13.049 9 INFO neutron.wsgi [None req-9a280dd4-a73a-4737-a89d-dd0d0d2a9757 4239e68166ed4136927cb286b7fb9c8a 4df009eeb35b4bdeb722721d47d8db55 - - default default] 10.0.0.208 "DELETE /v2.0/security-groups/40117ade-6873-480b-8e05-d2232fc7b8f3 HTTP/1.1" status: 204 len: 168 time: 0.2226667
2026-07-15 06:07:13.283 10 INFO neutron.wsgi [req-71750904-f697-4e67-82b9-c2576e8a05c4 req-999fd99c-ee9d-46d5-9815-3f68cd6ca8f1 cd9b9ee205c84cddbe4d7c10fe1a120b dfcca62c60f942559238de17f9258104 - - 69172da1aae54a58bc71ea00e04f72f7 69172da1aae54a58bc71ea00e04f72f7] 10.0.0.182 "GET /v2.0/ports?device_id=11b760a3-12ce-4e1d-a370-fdd987d8b77d HTTP/1.1" status: 200 len: 1409 time: 0.0773399
2026-07-15 06:07:13.361 10 INFO neutron.wsgi [req-71750904-f697-4e67-82b9-c2576e8a05c4 req-93b4c142-b914-49c6-8fd6-cc39f238ff48 cd9b9ee205c84cddbe4d7c10fe1a120b dfcca62c60f942559238de17f9258104 - - 69172da1aae54a58bc71ea00e04f72f7 69172da1aae54a58bc71ea00e04f72f7] 10.0.0.182 "GET /v2.0/security-groups?id=d0931fdc-6917-41a9-9fc0-4dba5459fecd&fields=id&fields=name HTTP/1.1" status: 200 len: 310 time: 0.0718474
2026-07-15 06:07:13.753 9 INFO neutron.db.ovn_revision_numbers_db [None req-baf40a58-c63d-43be-841f-0cdae1871b86 4239e68166ed4136927cb286b7fb9c8a 4df009eeb35b4bdeb722721d47d8db55 - - default default] Successfully bumped revision number for resource 9df8c419-d5d3-408f-a6a7-831c5fe12a26 (type: security_groups) to 1
2026-07-15 06:07:13.768 9 INFO neutron.db.ovn_revision_numbers_db [None req-baf40a58-c63d-43be-841f-0cdae1871b86 4239e68166ed4136927cb286b7fb9c8a 4df009eeb35b4bdeb722721d47d8db55 - - default default] Successfully bumped revision number for resource 04c6aaa0-14a2-4b32-b1ea-020c89166514 (type: security_group_rules) to 0
2026-07-15 06:07:13.779 9 INFO neutron.db.ovn_revision_numbers_db [None req-baf40a58-c63d-43be-841f-0cdae1871b86 4239e68166ed4136927cb286b7fb9c8a 4df009eeb35b4bdeb722721d47d8db55 - - default default] Successfully bumped revision number for resource 26bd1e4b-1228-4d3f-9e96-59c5c8de581e (type: security_group_rules) to 0
2026-07-15 06:07:13.798 9 INFO neutron.db.ovn_revision_numbers_db [None req-baf40a58-c63d-43be-841f-0cdae1871b86 4239e68166ed4136927cb286b7fb9c8a 4df009eeb35b4bdeb722721d47d8db55 - - default default] Successfully bumped revision number for resource 2fb096dd-6a7d-4fe4-9955-5aa754a024d9 (type: security_group_rules) to 0
2026-07-15 06:07:13.833 9 INFO neutron.db.ovn_revision_numbers_db [None req-baf40a58-c63d-43be-841f-0cdae1871b86 4239e68166ed4136927cb286b7fb9c8a 4df009eeb35b4bdeb722721d47d8db55 - - default default] Successfully bumped revision number for resource 33c9fb41-3126-4a06-8a92-2f046cbf0269 (type: security_group_rules) to 0
2026-07-15 06:07:13.877 9 WARNING neutron_lib.context [None req-389b37c6-0ca8-4658-8793-6ab2fd69ebbf f71d721f11484d289a876dc7b2876922 84a86b6e42e5400a97dd6878bcb908c2 - - default default] Method 'is_advsvc' is deprecated since 2023.2 release (neutron-lib 3.8.0) and will be removed once support for the old RBAC API policies will be removed from Neutron. Please use method 'is_service_role' instead.
2026-07-15 06:07:13.897 9 INFO neutron.wsgi [None req-baf40a58-c63d-43be-841f-0cdae1871b86 4239e68166ed4136927cb286b7fb9c8a 4df009eeb35b4bdeb722721d47d8db55 - - default default] 10.0.0.208 "GET /v2.0/security-groups?tenant_id=57bae13ccd98450fa9914693a8fe5f58&name=default HTTP/1.1" status: 200 len: 3120 time: 0.3775973
2026-07-15 06:07:14.066 9 INFO neutron.db.ovn_revision_numbers_db [None req-389b37c6-0ca8-4658-8793-6ab2fd69ebbf f71d721f11484d289a876dc7b2876922 84a86b6e42e5400a97dd6878bcb908c2 - - default default] Successfully bumped revision number for resource 87838fc1-79a6-4427-b2a3-498b14226941 (type: security_groups) to 1
2026-07-15 06:07:14.083 9 INFO neutron.db.ovn_revision_numbers_db [None req-389b37c6-0ca8-4658-8793-6ab2fd69ebbf f71d721f11484d289a876dc7b2876922 84a86b6e42e5400a97dd6878bcb908c2 - - default default] Successfully bumped revision number for resource 6633de08-ad0c-41b8-a6ba-ae78a0d3534c (type: security_group_rules) to 0
2026-07-15 06:07:14.098 9 INFO neutron.db.ovn_revision_numbers_db [None req-389b37c6-0ca8-4658-8793-6ab2fd69ebbf f71d721f11484d289a876dc7b2876922 84a86b6e42e5400a97dd6878bcb908c2 - - default default] Successfully bumped revision number for resource 8ba2b95f-aa2d-4c39-bb88-f350423f5455 (type: security_group_rules) to 0
2026-07-15 06:07:14.117 9 INFO neutron.db.ovn_revision_numbers_db [None req-389b37c6-0ca8-4658-8793-6ab2fd69ebbf f71d721f11484d289a876dc7b2876922 84a86b6e42e5400a97dd6878bcb908c2 - - default default] Successfully bumped revision number for resource a9297e8b-061f-44ce-bae0-74b19fd49330 (type: security_group_rules) to 0
2026-07-15 06:07:14.135 9 INFO neutron.db.ovn_revision_numbers_db [None req-389b37c6-0ca8-4658-8793-6ab2fd69ebbf f71d721f11484d289a876dc7b2876922 84a86b6e42e5400a97dd6878bcb908c2 - - default default] Successfully bumped revision number for resource feda34d5-4ed4-48e5-a274-fc38ee0b1000 (type: security_group_rules) to 0
2026-07-15 06:07:14.139 10 INFO neutron.wsgi [None req-61fcc169-ac88-4425-82aa-a5c520a79646 4239e68166ed4136927cb286b7fb9c8a 4df009eeb35b4bdeb722721d47d8db55 - - default default] 10.0.0.208 "DELETE /v2.0/security-groups/9df8c419-d5d3-408f-a6a7-831c5fe12a26 HTTP/1.1" status: 204 len: 168 time: 0.2279930
2026-07-15 06:07:14.179 9 INFO neutron.db.segments_db [None req-389b37c6-0ca8-4658-8793-6ab2fd69ebbf f71d721f11484d289a876dc7b2876922 84a86b6e42e5400a97dd6878bcb908c2 - - default default] Added segment 5af993e4-3b4e-41a3-af4d-af6d85a75b01 of type geneve for network cf06f479-ac2a-4b1d-ab44-fe227c764d4d
2026-07-15 06:07:14.361 9 INFO neutron.db.ovn_revision_numbers_db [None req-389b37c6-0ca8-4658-8793-6ab2fd69ebbf f71d721f11484d289a876dc7b2876922 84a86b6e42e5400a97dd6878bcb908c2 - - default default] Successfully bumped revision number for resource cf06f479-ac2a-4b1d-ab44-fe227c764d4d (type: networks) to 1
2026-07-15 06:07:14.560 9 WARNING neutron.scheduler.dhcp_agent_scheduler [None req-389b37c6-0ca8-4658-8793-6ab2fd69ebbf f71d721f11484d289a876dc7b2876922 84a86b6e42e5400a97dd6878bcb908c2 - - default default] No more DHCP agents
2026-07-15 06:07:14.563 9 WARNING neutron.api.rpc.agentnotifiers.dhcp_rpc_agent_api [None req-389b37c6-0ca8-4658-8793-6ab2fd69ebbf f71d721f11484d289a876dc7b2876922 84a86b6e42e5400a97dd6878bcb908c2 - - default default] Unable to schedule network cf06f479-ac2a-4b1d-ab44-fe227c764d4d: no agents available; will retry on subsequent port and subnet creation events.
2026-07-15 06:07:14.599 10 INFO neutron.wsgi [None req-cffae032-fdb8-4a83-9213-0f94a84205bd dc13b7510510488d968f48893d222337 4cfb8039071e4027b967f2e20af80cd3 - - default default] 10.0.0.208 "GET /v2.0/ports?project_id=8afcf190b57e46e6ac5fdd87e8f07164&network_id=cb4737b5-157d-4425-8da8-a1ac7b55c6fb HTTP/1.1" status: 200 len: 3510 time: 0.0734499
2026-07-15 06:07:14.684 9 INFO neutron.db.ovn_revision_numbers_db [None req-389b37c6-0ca8-4658-8793-6ab2fd69ebbf f71d721f11484d289a876dc7b2876922 84a86b6e42e5400a97dd6878bcb908c2 - - default default] Successfully bumped revision number for resource 8123dd51-5e07-4b0b-8e9e-f19ec4fe7c3f (type: ports) to 1
2026-07-15 06:07:14.711 9 INFO neutron.wsgi [None req-389b37c6-0ca8-4658-8793-6ab2fd69ebbf f71d721f11484d289a876dc7b2876922 84a86b6e42e5400a97dd6878bcb908c2 - - default default] 10.0.0.208 "POST /v2.0/networks HTTP/1.1" status: 201 len: 831 time: 0.8724616
2026-07-15 06:07:14.784 9 INFO neutron.wsgi [None req-9ea2d933-f170-45c8-968a-d975c1e75bbc f71d721f11484d289a876dc7b2876922 84a86b6e42e5400a97dd6878bcb908c2 - - default default] 10.0.0.208 "PUT /v2.0/networks/cf06f479-ac2a-4b1d-ab44-fe227c764d4d/tags HTTP/1.1" status: 200 len: 218 time: 0.0677948
2026-07-15 06:07:14.836 10 INFO neutron.wsgi [None req-2add3455-9473-4756-90ed-5234ff5415e8 dc13b7510510488d968f48893d222337 4cfb8039071e4027b967f2e20af80cd3 - - default default] 10.0.0.208 "GET /v2.0/subnets?network_id=61d64043-fc3e-466a-9133-8257a54ec247 HTTP/1.1" status: 200 len: 838 time: 0.0373631
2026-07-15 06:07:14.845 9 INFO neutron.wsgi [None req-0bdc3b19-0ab1-41ce-bfce-acd16b73e8d5 f71d721f11484d289a876dc7b2876922 84a86b6e42e5400a97dd6878bcb908c2 - - default default] 10.0.0.208 "GET /v2.0/networks/cf06f479-ac2a-4b1d-ab44-fe227c764d4d/tags HTTP/1.1" status: 200 len: 218 time: 0.0561795
2026-07-15 06:07:14.903 9 INFO neutron.wsgi [None req-38fcd53a-d9ec-4ccd-8602-aca5a608dc5d f71d721f11484d289a876dc7b2876922 84a86b6e42e5400a97dd6878bcb908c2 - - default default] 10.0.0.208 "PUT /v2.0/networks/cf06f479-ac2a-4b1d-ab44-fe227c764d4d/tags/green HTTP/1.1" status: 201 len: 201 time: 0.0533128
2026-07-15 06:07:14.958 9 INFO neutron.wsgi [None req-d80404b0-af0f-494b-99a3-b71322f8773a f71d721f11484d289a876dc7b2876922 84a86b6e42e5400a97dd6878bcb908c2 - - default default] 10.0.0.208 "GET /v2.0/networks/cf06f479-ac2a-4b1d-ab44-fe227c764d4d/tags HTTP/1.1" status: 200 len: 227 time: 0.0491383
