2026-07-15 06:07:15.011 9 INFO neutron.wsgi [None req-1e969f6a-78ca-4610-9ff9-e4ac1d67cda8 f71d721f11484d289a876dc7b2876922 84a86b6e42e5400a97dd6878bcb908c2 - - default default] 10.0.0.208 "PUT /v2.0/networks/cf06f479-ac2a-4b1d-ab44-fe227c764d4d/tags/red HTTP/1.1" status: 201 len: 201 time: 0.0483766
2026-07-15 06:07:15.066 9 INFO neutron.wsgi [None req-23bd621a-4b60-4f8b-b8a3-a0dbaae316b5 f71d721f11484d289a876dc7b2876922 84a86b6e42e5400a97dd6878bcb908c2 - - default default] 10.0.0.208 "GET /v2.0/networks/cf06f479-ac2a-4b1d-ab44-fe227c764d4d/tags HTTP/1.1" status: 200 len: 227 time: 0.0500369
2026-07-15 06:07:15.140 9 INFO neutron.wsgi [None req-6e4a5269-9bf2-4129-a772-74c80e8bbf07 f71d721f11484d289a876dc7b2876922 84a86b6e42e5400a97dd6878bcb908c2 - - default default] 10.0.0.208 "PUT /v2.0/networks/cf06f479-ac2a-4b1d-ab44-fe227c764d4d/tags/black.or.white HTTP/1.1" status: 201 len: 201 time: 0.0687737
2026-07-15 06:07:15.192 9 INFO neutron.wsgi [None req-30f672db-f2b7-4234-80c1-456f0d00a996 f71d721f11484d289a876dc7b2876922 84a86b6e42e5400a97dd6878bcb908c2 - - default default] 10.0.0.208 "GET /v2.0/networks/cf06f479-ac2a-4b1d-ab44-fe227c764d4d/tags HTTP/1.1" status: 200 len: 245 time: 0.0452743
2026-07-15 06:07:15.235 10 INFO neutron.db.ovn_revision_numbers_db [None req-ffdf348b-888e-4932-8945-cf103d43e701 3551f3ade1674dd7b584bbb8a56fd353 8afcf190b57e46e6ac5fdd87e8f07164 - - default default] Successfully bumped revision number for resource ff98473f-9348-46c9-934a-fef074c108a7 (type: floatingips) to 2
2026-07-15 06:07:15.303 9 INFO neutron.wsgi [None req-84959c6a-376c-48e1-b1e9-d74e17b91554 f71d721f11484d289a876dc7b2876922 84a86b6e42e5400a97dd6878bcb908c2 - - default default] 10.0.0.208 "PUT /v2.0/networks/cf06f479-ac2a-4b1d-ab44-fe227c764d4d/tags HTTP/1.1" status: 200 len: 230 time: 0.0970194 /var/lib/openstack/lib/python3.10/site-packages/pycadf/identifier.py:71: UserWarning: Invalid uuid: neutron. To ensure interoperability, identifiers should be a valid uuid. warnings.warn(('Invalid uuid: %s. To ensure interoperability, '
2026-07-15 06:07:15.319 10 INFO neutron.db.l3_db [None req-ffdf348b-888e-4932-8945-cf103d43e701 3551f3ade1674dd7b584bbb8a56fd353 8afcf190b57e46e6ac5fdd87e8f07164 - - default default] Floating IP ff98473f-9348-46c9-934a-fef074c108a7 disassociated. External IP: 10.96.250.215, port: 6aafdc6f-0427-4727-a671-e1141743cb7c.
2026-07-15 06:07:15.357 9 INFO neutron.wsgi [None req-51caeb99-934b-4185-bb3a-e57c383a38b0 f71d721f11484d289a876dc7b2876922 84a86b6e42e5400a97dd6878bcb908c2 - - default default] 10.0.0.208 "GET /v2.0/networks/cf06f479-ac2a-4b1d-ab44-fe227c764d4d/tags HTTP/1.1" status: 200 len: 230 time: 0.0500255
2026-07-15 06:07:15.357 10 INFO neutron.wsgi [None req-ffdf348b-888e-4932-8945-cf103d43e701 3551f3ade1674dd7b584bbb8a56fd353 8afcf190b57e46e6ac5fdd87e8f07164 - - default default] 10.0.0.208 "PUT /v2.0/floatingips/ff98473f-9348-46c9-934a-fef074c108a7 HTTP/1.1" status: 200 len: 748 time: 0.3450074
2026-07-15 06:07:15.401 10 INFO neutron.notifiers.nova [-] Nova event matching ['req-a4bf3947-4919-4d5b-b1b2-e29e15b4ded7'] response: {'name': 'network-changed', 'server_uuid': '11b760a3-12ce-4e1d-a370-fdd987d8b77d', 'tag': '6aafdc6f-0427-4727-a671-e1141743cb7c', 'status': 'completed', 'code': 200}
2026-07-15 06:07:15.423 9 INFO neutron.wsgi [None req-3c23c938-8c8e-4d6f-873a-fa9b71bb3d92 3551f3ade1674dd7b584bbb8a56fd353 8afcf190b57e46e6ac5fdd87e8f07164 - - default default] 10.0.0.208 "GET /v2.0/floatingips/ff98473f-9348-46c9-934a-fef074c108a7 HTTP/1.1" status: 200 len: 746 time: 0.0610356
2026-07-15 06:07:15.457 9 INFO neutron.wsgi [None req-b4f09a5e-6afa-418c-ac41-3f3aa97236ce f71d721f11484d289a876dc7b2876922 84a86b6e42e5400a97dd6878bcb908c2 - - default default] 10.0.0.208 "GET /v2.0/networks/cf06f479-ac2a-4b1d-ab44-fe227c764d4d/tags/red HTTP/1.1" status: 204 len: 168 time: 0.0938332
2026-07-15 06:07:15.498 9 INFO neutron.wsgi [req-44771f14-cfdc-4bd5-9f5e-273081a1466f req-55dee207-d532-4374-bb0a-44c3af709962 cd9b9ee205c84cddbe4d7c10fe1a120b dfcca62c60f942559238de17f9258104 - - 69172da1aae54a58bc71ea00e04f72f7 69172da1aae54a58bc71ea00e04f72f7] 199.204.45.210 "GET /v2.0/ports?tenant_id=8afcf190b57e46e6ac5fdd87e8f07164&device_id=11b760a3-12ce-4e1d-a370-fdd987d8b77d HTTP/1.1" status: 200 len: 1409 time: 0.0655146
2026-07-15 06:07:15.505 9 INFO neutron.api.v2.resource [None req-68e2963f-3919-49a3-b753-840e8b8118ce f71d721f11484d289a876dc7b2876922 84a86b6e42e5400a97dd6878bcb908c2 - - default default] show failed (client error): The resource could not be found.
2026-07-15 06:07:15.506 9 INFO neutron.wsgi [None req-68e2963f-3919-49a3-b753-840e8b8118ce f71d721f11484d289a876dc7b2876922 84a86b6e42e5400a97dd6878bcb908c2 - - default default] 10.0.0.208 "GET /v2.0/networks/cf06f479-ac2a-4b1d-ab44-fe227c764d4d/tags/green HTTP/1.1" status: 404 len: 299 time: 0.0434709
2026-07-15 06:07:15.577 9 INFO neutron.wsgi [req-44771f14-cfdc-4bd5-9f5e-273081a1466f req-cd9fee46-029e-4549-8c7f-d7e22a81d791 cd9b9ee205c84cddbe4d7c10fe1a120b dfcca62c60f942559238de17f9258104 - - 69172da1aae54a58bc71ea00e04f72f7 69172da1aae54a58bc71ea00e04f72f7] 199.204.45.210 "GET /v2.0/networks?id=cb4737b5-157d-4425-8da8-a1ac7b55c6fb HTTP/1.1" status: 200 len: 957 time: 0.0704150
2026-07-15 06:07:15.582 10 INFO neutron.wsgi [None req-dbd09507-e1cb-4176-bef7-2065fac219b8 f71d721f11484d289a876dc7b2876922 84a86b6e42e5400a97dd6878bcb908c2 - - default default] 10.0.0.208 "DELETE /v2.0/networks/cf06f479-ac2a-4b1d-ab44-fe227c764d4d/tags/red HTTP/1.1" status: 204 len: 168 time: 0.0700581
2026-07-15 06:07:15.614 9 INFO neutron.wsgi [req-44771f14-cfdc-4bd5-9f5e-273081a1466f req-f544bcc7-5bbb-4f24-aa47-54d9772d76be cd9b9ee205c84cddbe4d7c10fe1a120b dfcca62c60f942559238de17f9258104 - - 69172da1aae54a58bc71ea00e04f72f7 69172da1aae54a58bc71ea00e04f72f7] 199.204.45.210 "GET /v2.0/floatingips?fixed_ip_address=10.100.0.7&port_id=6aafdc6f-0427-4727-a671-e1141743cb7c HTTP/1.1" status: 200 len: 217 time: 0.0279098
2026-07-15 06:07:15.636 10 INFO neutron.wsgi [None req-b6d1f723-f115-494b-9913-8842b7ab808c f71d721f11484d289a876dc7b2876922 84a86b6e42e5400a97dd6878bcb908c2 - - default default] 10.0.0.208 "GET /v2.0/networks/cf06f479-ac2a-4b1d-ab44-fe227c764d4d/tags HTTP/1.1" status: 200 len: 223 time: 0.0455625
2026-07-15 06:07:15.661 9 INFO neutron.wsgi [req-44771f14-cfdc-4bd5-9f5e-273081a1466f req-07bffc87-b7fd-48c5-ac9c-3a1067ae5135 cd9b9ee205c84cddbe4d7c10fe1a120b dfcca62c60f942559238de17f9258104 - - 69172da1aae54a58bc71ea00e04f72f7 69172da1aae54a58bc71ea00e04f72f7] 199.204.45.210 "GET /v2.0/subnets?id=127a5cb3-457e-41ea-913c-c188666a7a9b HTTP/1.1" status: 200 len: 852 time: 0.0366509
2026-07-15 06:07:15.691 9 INFO neutron.wsgi [req-44771f14-cfdc-4bd5-9f5e-273081a1466f req-7a7d2e2d-7b59-42f9-bc0e-d81d762cd343 cd9b9ee205c84cddbe4d7c10fe1a120b dfcca62c60f942559238de17f9258104 - - 69172da1aae54a58bc71ea00e04f72f7 69172da1aae54a58bc71ea00e04f72f7] 199.204.45.210 "GET /v2.0/ports?network_id=cb4737b5-157d-4425-8da8-a1ac7b55c6fb&device_owner=network%3Adhcp HTTP/1.1" status: 200 len: 210 time: 0.0244882
2026-07-15 06:07:15.693 10 INFO neutron.api.v2.resource [None req-7e7c03e0-a2d5-471b-bd16-57894d9c0f31 f71d721f11484d289a876dc7b2876922 84a86b6e42e5400a97dd6878bcb908c2 - - default default] delete failed (client error): The resource could not be found.
2026-07-15 06:07:15.695 10 INFO neutron.wsgi [None req-7e7c03e0-a2d5-471b-bd16-57894d9c0f31 f71d721f11484d289a876dc7b2876922 84a86b6e42e5400a97dd6878bcb908c2 - - default default] 10.0.0.208 "DELETE /v2.0/networks/cf06f479-ac2a-4b1d-ab44-fe227c764d4d/tags/green HTTP/1.1" status: 404 len: 299 time: 0.0530851
2026-07-15 06:07:15.765 9 INFO neutron.wsgi [req-44771f14-cfdc-4bd5-9f5e-273081a1466f req-121fa65f-699e-4910-8dc4-6bdad20f3c53 cd9b9ee205c84cddbe4d7c10fe1a120b dfcca62c60f942559238de17f9258104 - - 69172da1aae54a58bc71ea00e04f72f7 69172da1aae54a58bc71ea00e04f72f7] 199.204.45.210 "GET /v2.0/networks/cb4737b5-157d-4425-8da8-a1ac7b55c6fb?fields=segments HTTP/1.1" status: 200 len: 212 time: 0.0682061
2026-07-15 06:07:15.771 10 INFO neutron.wsgi [None req-871cc3ff-0967-4c2e-bbbe-00a2268fcfe6 f71d721f11484d289a876dc7b2876922 84a86b6e42e5400a97dd6878bcb908c2 - - default default] 10.0.0.208 "DELETE /v2.0/networks/cf06f479-ac2a-4b1d-ab44-fe227c764d4d/tags HTTP/1.1" status: 204 len: 168 time: 0.0714014
2026-07-15 06:07:15.825 10 INFO neutron.wsgi [None req-fda1ccd8-3a1f-4359-84d8-758fbe011e6a f71d721f11484d289a876dc7b2876922 84a86b6e42e5400a97dd6878bcb908c2 - - default default] 10.0.0.208 "GET /v2.0/networks/cf06f479-ac2a-4b1d-ab44-fe227c764d4d/tags HTTP/1.1" status: 200 len: 205 time: 0.0496483
2026-07-15 06:07:15.852 9 INFO neutron.wsgi [req-44771f14-cfdc-4bd5-9f5e-273081a1466f req-2f31cfd9-31b2-4def-9dc2-052844e20d99 cd9b9ee205c84cddbe4d7c10fe1a120b dfcca62c60f942559238de17f9258104 - - 69172da1aae54a58bc71ea00e04f72f7 69172da1aae54a58bc71ea00e04f72f7] 199.204.45.210 "GET /v2.0/networks/cb4737b5-157d-4425-8da8-a1ac7b55c6fb?fields=provider%3Aphysical_network&fields=provider%3Anetwork_type HTTP/1.1" status: 200 len: 277 time: 0.0812490
2026-07-15 06:07:16.234 9 INFO neutron.services.segments.plugin [-] Segment 5af993e4-3b4e-41a3-af4d-af6d85a75b01 resource provider aggregate not found
2026-07-15 06:07:16.238 9 INFO neutron.services.segments.plugin [-] Segment 5af993e4-3b4e-41a3-af4d-af6d85a75b01 resource provider aggregate not found
2026-07-15 06:07:16.258 9 INFO neutron.services.segments.plugin [-] Segment 5af993e4-3b4e-41a3-af4d-af6d85a75b01 resource provider not found; error: Placement Client Error (4xx): {"errors": [{"status": 404, "title": "Not Found", "detail": "The resource could not be found.\n\n No resource provider with uuid 5af993e4-3b4e-41a3-af4d-af6d85a75b01 found for delete ", "request_id": "req-cd11d32e-e52c-41c7-85e4-223ed07b2bf3"}]}
2026-07-15 06:07:16.259 9 INFO neutron.services.segments.plugin [-] Segment 5af993e4-3b4e-41a3-af4d-af6d85a75b01 resource provider not found; error: Placement Client Error (4xx): {"errors": [{"status": 404, "title": "Not Found", "detail": "The resource could not be found.\n\n No resource provider with uuid 5af993e4-3b4e-41a3-af4d-af6d85a75b01 found for delete ", "request_id": "req-67368bec-a703-4c86-ae9c-7598e5efd9e2"}]}
2026-07-15 06:07:16.295 9 INFO neutron.wsgi [None req-43da8ac4-3d4f-4e2f-8d7e-05d747dce67a f71d721f11484d289a876dc7b2876922 84a86b6e42e5400a97dd6878bcb908c2 - - default default] 10.0.0.208 "DELETE /v2.0/networks/cf06f479-ac2a-4b1d-ab44-fe227c764d4d HTTP/1.1" status: 204 len: 168 time: 0.4615183
2026-07-15 06:07:16.492 9 WARNING neutron_lib.context [None req-f01870ef-d257-4e59-8249-2ae89f9ae913 3551f3ade1674dd7b584bbb8a56fd353 8afcf190b57e46e6ac5fdd87e8f07164 - - default default] Method 'is_advsvc' is deprecated since 2023.2 release (neutron-lib 3.8.0) and will be removed once support for the old RBAC API policies will be removed from Neutron. Please use method 'is_service_role' instead.
2026-07-15 06:07:16.668 9 INFO neutron.db.ovn_revision_numbers_db [None req-f01870ef-d257-4e59-8249-2ae89f9ae913 3551f3ade1674dd7b584bbb8a56fd353 8afcf190b57e46e6ac5fdd87e8f07164 - - default default] Successfully bumped revision number for resource 37269a00-0769-4398-aa12-f028902b7503 (type: security_groups) to 1
2026-07-15 06:07:16.684 9 INFO neutron.db.ovn_revision_numbers_db [None req-f01870ef-d257-4e59-8249-2ae89f9ae913 3551f3ade1674dd7b584bbb8a56fd353 8afcf190b57e46e6ac5fdd87e8f07164 - - default default] Successfully bumped revision number for resource 1459e33c-b771-420a-b4de-0fcce3afc1f6 (type: security_group_rules) to 0
2026-07-15 06:07:16.704 9 INFO neutron.db.ovn_revision_numbers_db [None req-f01870ef-d257-4e59-8249-2ae89f9ae913 3551f3ade1674dd7b584bbb8a56fd353 8afcf190b57e46e6ac5fdd87e8f07164 - - default default] Successfully bumped revision number for resource ac059f37-6c70-4e8e-876e-e2aed42ea1c7 (type: security_group_rules) to 0
2026-07-15 06:07:16.731 9 INFO neutron.wsgi [None req-f01870ef-d257-4e59-8249-2ae89f9ae913 3551f3ade1674dd7b584bbb8a56fd353 8afcf190b57e46e6ac5fdd87e8f07164 - - default default] 10.0.0.208 "POST /v2.0/security-groups HTTP/1.1" status: 201 len: 1875 time: 0.2435665
2026-07-15 06:07:16.742 9 WARNING neutron_lib.context [None req-8e325b2a-8219-4166-be08-9fadc4ac1ae2 3551f3ade1674dd7b584bbb8a56fd353 8afcf190b57e46e6ac5fdd87e8f07164 - - default default] Method 'is_advsvc' is deprecated since 2023.2 release (neutron-lib 3.8.0) and will be removed once support for the old RBAC API policies will be removed from Neutron. Please use method 'is_service_role' instead.
2026-07-15 06:07:16.914 9 INFO neutron.db.ovn_revision_numbers_db [None req-8e325b2a-8219-4166-be08-9fadc4ac1ae2 3551f3ade1674dd7b584bbb8a56fd353 8afcf190b57e46e6ac5fdd87e8f07164 - - default default] Successfully bumped revision number for resource 15496b19-6da2-45b8-9de1-5e58141364b2 (type: security_group_rules) to 0
2026-07-15 06:07:16.944 9 INFO neutron.wsgi [None req-8e325b2a-8219-4166-be08-9fadc4ac1ae2 3551f3ade1674dd7b584bbb8a56fd353 8afcf190b57e46e6ac5fdd87e8f07164 - - default default] 10.0.0.208 "POST /v2.0/security-group-rules HTTP/1.1" status: 201 len: 796 time: 0.2064767
2026-07-15 06:07:16.955 9 WARNING neutron_lib.context [None req-c6a9862e-94a8-46fc-9316-214b7fc4aa8d 3551f3ade1674dd7b584bbb8a56fd353 8afcf190b57e46e6ac5fdd87e8f07164 - - default default] Method 'is_advsvc' is deprecated since 2023.2 release (neutron-lib 3.8.0) and will be removed once support for the old RBAC API policies will be removed from Neutron. Please use method 'is_service_role' instead.
2026-07-15 06:07:17.122 10 INFO neutron.db.ovn_revision_numbers_db [None req-f47c57dc-88fb-426a-8811-042fd21c52b0 4239e68166ed4136927cb286b7fb9c8a 4df009eeb35b4bdeb722721d47d8db55 - - default default] Successfully bumped revision number for resource 40c812e5-2e74-45c5-b343-61fc4addd427 (type: security_groups) to 1
2026-07-15 06:07:17.124 9 INFO neutron.db.ovn_revision_numbers_db [None req-c6a9862e-94a8-46fc-9316-214b7fc4aa8d 3551f3ade1674dd7b584bbb8a56fd353 8afcf190b57e46e6ac5fdd87e8f07164 - - default default] Successfully bumped revision number for resource 6e87befc-fa44-4052-8afd-0f4d61a8797e (type: security_group_rules) to 0
2026-07-15 06:07:17.135 10 INFO neutron.db.ovn_revision_numbers_db [None req-f47c57dc-88fb-426a-8811-042fd21c52b0 4239e68166ed4136927cb286b7fb9c8a 4df009eeb35b4bdeb722721d47d8db55 - - default default] Successfully bumped revision number for resource 0efe5556-662b-481e-88db-bb729dc58ba7 (type: security_group_rules) to 0
2026-07-15 06:07:17.154 10 INFO neutron.db.ovn_revision_numbers_db [None req-f47c57dc-88fb-426a-8811-042fd21c52b0 4239e68166ed4136927cb286b7fb9c8a 4df009eeb35b4bdeb722721d47d8db55 - - default default] Successfully bumped revision number for resource 1cc0e94d-fbc2-46f4-be8e-750cd844d16b (type: security_group_rules) to 0
2026-07-15 06:07:17.156 9 INFO neutron.wsgi [None req-c6a9862e-94a8-46fc-9316-214b7fc4aa8d 3551f3ade1674dd7b584bbb8a56fd353 8afcf190b57e46e6ac5fdd87e8f07164 - - default default] 10.0.0.208 "POST /v2.0/security-group-rules HTTP/1.1" status: 201 len: 795 time: 0.2051301
2026-07-15 06:07:17.171 10 INFO neutron.db.ovn_revision_numbers_db [None req-f47c57dc-88fb-426a-8811-042fd21c52b0 4239e68166ed4136927cb286b7fb9c8a 4df009eeb35b4bdeb722721d47d8db55 - - default default] Successfully bumped revision number for resource d3e5d3ed-d933-4033-be60-fb8e19fb39be (type: security_group_rules) to 0
2026-07-15 06:07:17.177 9 WARNING neutron_lib.context [None req-914a9d6c-6346-40c4-871f-0e229cb1495e 3551f3ade1674dd7b584bbb8a56fd353 8afcf190b57e46e6ac5fdd87e8f07164 - - default default] Method 'is_advsvc' is deprecated since 2023.2 release (neutron-lib 3.8.0) and will be removed once support for the old RBAC API policies will be removed from Neutron. Please use method 'is_service_role' instead.
2026-07-15 06:07:17.183 10 INFO neutron.db.ovn_revision_numbers_db [None req-f47c57dc-88fb-426a-8811-042fd21c52b0 4239e68166ed4136927cb286b7fb9c8a 4df009eeb35b4bdeb722721d47d8db55 - - default default] Successfully bumped revision number for resource e8ab7b5b-c03f-4785-bb5c-574981e84cc3 (type: security_group_rules) to 0
2026-07-15 06:07:17.209 10 INFO neutron.wsgi [None req-f47c57dc-88fb-426a-8811-042fd21c52b0 4239e68166ed4136927cb286b7fb9c8a 4df009eeb35b4bdeb722721d47d8db55 - - default default] 10.0.0.208 "GET /v2.0/security-groups?tenant_id=c7d15c3277234c829169bf51d924faa7&name=default HTTP/1.1" status: 200 len: 3120 time: 0.4262538
2026-07-15 06:07:17.271 9 INFO neutron.db.ovn_revision_numbers_db [None req-d0fdd8fb-9ab3-4d57-b719-5d9ec857a809 4239e68166ed4136927cb286b7fb9c8a 4df009eeb35b4bdeb722721d47d8db55 - - default default] Successfully bumped revision number for resource 9a826dd0-aff7-4464-b70a-48d2402477ad (type: security_groups) to 1
2026-07-15 06:07:17.305 9 INFO neutron.db.ovn_revision_numbers_db [None req-d0fdd8fb-9ab3-4d57-b719-5d9ec857a809 4239e68166ed4136927cb286b7fb9c8a 4df009eeb35b4bdeb722721d47d8db55 - - default default] Successfully bumped revision number for resource 7f6282fb-ce2a-4601-b0fc-f9b6a89391aa (type: security_group_rules) to 0
2026-07-15 06:07:17.328 9 INFO neutron.db.ovn_revision_numbers_db [None req-d0fdd8fb-9ab3-4d57-b719-5d9ec857a809 4239e68166ed4136927cb286b7fb9c8a 4df009eeb35b4bdeb722721d47d8db55 - - default default] Successfully bumped revision number for resource 87cf2358-47e7-418c-8251-fd0c64f05729 (type: security_group_rules) to 0
2026-07-15 06:07:17.355 9 INFO neutron.db.ovn_revision_numbers_db [None req-d0fdd8fb-9ab3-4d57-b719-5d9ec857a809 4239e68166ed4136927cb286b7fb9c8a 4df009eeb35b4bdeb722721d47d8db55 - - default default] Successfully bumped revision number for resource 96f5549b-618c-4886-8a8f-1eb860247bf2 (type: security_group_rules) to 0
2026-07-15 06:07:17.395 9 INFO neutron.db.ovn_revision_numbers_db [None req-d0fdd8fb-9ab3-4d57-b719-5d9ec857a809 4239e68166ed4136927cb286b7fb9c8a 4df009eeb35b4bdeb722721d47d8db55 - - default default] Successfully bumped revision number for resource b3d26021-2b55-42bb-9a2c-e496459620e5 (type: security_group_rules) to 0
2026-07-15 06:07:17.404 9 INFO neutron.db.ovn_revision_numbers_db [None req-914a9d6c-6346-40c4-871f-0e229cb1495e 3551f3ade1674dd7b584bbb8a56fd353 8afcf190b57e46e6ac5fdd87e8f07164 - - default default] Successfully bumped revision number for resource db76bf39-f328-4f67-a6f0-8f9eccfe1762 (type: security_group_rules) to 0
2026-07-15 06:07:17.437 9 INFO neutron.wsgi [None req-d0fdd8fb-9ab3-4d57-b719-5d9ec857a809 4239e68166ed4136927cb286b7fb9c8a 4df009eeb35b4bdeb722721d47d8db55 - - default default] 10.0.0.208 "GET /v2.0/security-groups?tenant_id=c86abb32ae81456186d66df821a63a9b&name=default HTTP/1.1" status: 200 len: 3120 time: 0.4041021
2026-07-15 06:07:17.462 9 INFO neutron.wsgi [None req-914a9d6c-6346-40c4-871f-0e229cb1495e 3551f3ade1674dd7b584bbb8a56fd353 8afcf190b57e46e6ac5fdd87e8f07164 - - default default] 10.0.0.208 "POST /v2.0/security-group-rules HTTP/1.1" status: 201 len: 801 time: 0.2949066
2026-07-15 06:07:17.478 9 WARNING neutron_lib.context [None req-77d2cd36-4b68-4a7b-9889-7838fe0209de 3551f3ade1674dd7b584bbb8a56fd353 8afcf190b57e46e6ac5fdd87e8f07164 - - default default] Method 'is_advsvc' is deprecated since 2023.2 release (neutron-lib 3.8.0) and will be removed once support for the old RBAC API policies will be removed from Neutron. Please use method 'is_service_role' instead.
2026-07-15 06:07:17.559 9 INFO neutron.wsgi [None req-46ab5bac-6171-40f4-bd9b-ea8ddbf2e673 4239e68166ed4136927cb286b7fb9c8a 4df009eeb35b4bdeb722721d47d8db55 - - default default] 10.0.0.208 "DELETE /v2.0/security-groups/40c812e5-2e74-45c5-b343-61fc4addd427 HTTP/1.1" status: 204 len: 168 time: 0.3406453
2026-07-15 06:07:17.633 9 INFO neutron.db.ovn_revision_numbers_db [None req-77d2cd36-4b68-4a7b-9889-7838fe0209de 3551f3ade1674dd7b584bbb8a56fd353 8afcf190b57e46e6ac5fdd87e8f07164 - - default default] Successfully bumped revision number for resource b6e574c1-9d23-494c-ad69-3715abc4efcf (type: security_group_rules) to 0
2026-07-15 06:07:17.660 9 INFO neutron.wsgi [None req-77d2cd36-4b68-4a7b-9889-7838fe0209de 3551f3ade1674dd7b584bbb8a56fd353 8afcf190b57e46e6ac5fdd87e8f07164 - - default default] 10.0.0.208 "POST /v2.0/security-group-rules HTTP/1.1" status: 201 len: 800 time: 0.1894014
2026-07-15 06:07:17.672 9 WARNING neutron_lib.context [None req-946fb2dd-0435-4af4-bbc2-8bb5f8d16206 3551f3ade1674dd7b584bbb8a56fd353 8afcf190b57e46e6ac5fdd87e8f07164 - - default default] Method 'is_advsvc' is deprecated since 2023.2 release (neutron-lib 3.8.0) and will be removed once support for the old RBAC API policies will be removed from Neutron. Please use method 'is_service_role' instead.
2026-07-15 06:07:17.701 10 INFO neutron.wsgi [None req-a23979ad-b824-4de3-83be-152585d9a42e 4239e68166ed4136927cb286b7fb9c8a 4df009eeb35b4bdeb722721d47d8db55 - - default default] 10.0.0.208 "DELETE /v2.0/security-groups/9a826dd0-aff7-4464-b70a-48d2402477ad HTTP/1.1" status: 204 len: 168 time: 0.2601948
2026-07-15 06:07:17.717 9 INFO neutron.db.securitygroups_db [None req-946fb2dd-0435-4af4-bbc2-8bb5f8d16206 3551f3ade1674dd7b584bbb8a56fd353 8afcf190b57e46e6ac5fdd87e8f07164 - - default default] Project 8afcf190b57e46e6ac5fdd87e8f07164 added a security group rule with legacy IPv6 ICMP protocol name icmp, ipv6-icmp should be used instead. It was automatically converted.
2026-07-15 06:07:17.847 9 INFO neutron.db.ovn_revision_numbers_db [None req-946fb2dd-0435-4af4-bbc2-8bb5f8d16206 3551f3ade1674dd7b584bbb8a56fd353 8afcf190b57e46e6ac5fdd87e8f07164 - - default default] Successfully bumped revision number for resource a3b87d7a-fba4-4e77-bc36-4c0db05765a4 (type: security_group_rules) to 0
2026-07-15 06:07:17.877 9 INFO neutron.wsgi [None req-946fb2dd-0435-4af4-bbc2-8bb5f8d16206 3551f3ade1674dd7b584bbb8a56fd353 8afcf190b57e46e6ac5fdd87e8f07164 - - default default] 10.0.0.208 "POST /v2.0/security-group-rules HTTP/1.1" status: 201 len: 806 time: 0.2105255
2026-07-15 06:07:17.889 9 WARNING neutron_lib.context [None req-6aa6d4e7-29ea-4459-8aac-a3e6657b09da 3551f3ade1674dd7b584bbb8a56fd353 8afcf190b57e46e6ac5fdd87e8f07164 - - default default] Method 'is_advsvc' is deprecated since 2023.2 release (neutron-lib 3.8.0) and will be removed once support for the old RBAC API policies will be removed from Neutron. Please use method 'is_service_role' instead.
2026-07-15 06:07:17.921 10 INFO neutron.wsgi [None req-0e895850-420e-48f7-9e1e-06f4576b4655 4239e68166ed4136927cb286b7fb9c8a 4df009eeb35b4bdeb722721d47d8db55 - - default default] 10.0.0.208 "GET /v2.0/security-groups?tenant_id=84a86b6e42e5400a97dd6878bcb908c2&name=default HTTP/1.1" status: 200 len: 3120 time: 0.0375259
2026-07-15 06:07:17.932 9 INFO neutron.db.securitygroups_db [None req-6aa6d4e7-29ea-4459-8aac-a3e6657b09da 3551f3ade1674dd7b584bbb8a56fd353 8afcf190b57e46e6ac5fdd87e8f07164 - - default default] Project 8afcf190b57e46e6ac5fdd87e8f07164 added a security group rule with legacy IPv6 ICMP protocol name icmp, ipv6-icmp should be used instead. It was automatically converted.
2026-07-15 06:07:18.041 9 INFO neutron.db.ovn_revision_numbers_db [None req-6aa6d4e7-29ea-4459-8aac-a3e6657b09da 3551f3ade1674dd7b584bbb8a56fd353 8afcf190b57e46e6ac5fdd87e8f07164 - - default default] Successfully bumped revision number for resource 503899d8-66fe-4307-8b4a-26057fc86b7c (type: security_group_rules) to 0
2026-07-15 06:07:18.068 9 INFO neutron.wsgi [None req-6aa6d4e7-29ea-4459-8aac-a3e6657b09da 3551f3ade1674dd7b584bbb8a56fd353 8afcf190b57e46e6ac5fdd87e8f07164 - - default default] 10.0.0.208 "POST /v2.0/security-group-rules HTTP/1.1" status: 201 len: 805 time: 0.1854146
2026-07-15 06:07:18.127 10 INFO neutron.wsgi [None req-2b6ff5be-c192-4b1e-bc97-6ff2604e20e8 4239e68166ed4136927cb286b7fb9c8a 4df009eeb35b4bdeb722721d47d8db55 - - default default] 10.0.0.208 "DELETE /v2.0/security-groups/87838fc1-79a6-4427-b2a3-498b14226941 HTTP/1.1" status: 204 len: 168 time: 0.2013602
2026-07-15 06:07:18.797 10 INFO neutron.wsgi [None req-1e8e260e-5591-4a58-9d9b-1c560c69767f 3551f3ade1674dd7b584bbb8a56fd353 8afcf190b57e46e6ac5fdd87e8f07164 - - default default] 10.0.0.208 "GET /v2.0/networks HTTP/1.1" status: 200 len: 1492 time: 0.3449187
2026-07-15 06:07:18.860 10 INFO neutron.db.ovn_revision_numbers_db [None req-82be45a4-4ad4-4461-8378-c504237d1c96 4239e68166ed4136927cb286b7fb9c8a 4df009eeb35b4bdeb722721d47d8db55 - - default default] Successfully bumped revision number for resource 12a2c509-5ab4-42b3-8c66-a7dff3e71c23 (type: security_groups) to 1
2026-07-15 06:07:18.880 10 INFO neutron.db.ovn_revision_numbers_db [None req-82be45a4-4ad4-4461-8378-c504237d1c96 4239e68166ed4136927cb286b7fb9c8a 4df009eeb35b4bdeb722721d47d8db55 - - default default] Successfully bumped revision number for resource 78f09d3f-462e-4f8f-8012-4724bc7ef36f (type: security_group_rules) to 0
2026-07-15 06:07:18.902 10 INFO neutron.db.ovn_revision_numbers_db [None req-82be45a4-4ad4-4461-8378-c504237d1c96 4239e68166ed4136927cb286b7fb9c8a 4df009eeb35b4bdeb722721d47d8db55 - - default default] Successfully bumped revision number for resource 7d217819-c807-4923-8a69-0f817ea34047 (type: security_group_rules) to 0
2026-07-15 06:07:18.929 10 INFO neutron.db.ovn_revision_numbers_db [None req-82be45a4-4ad4-4461-8378-c504237d1c96 4239e68166ed4136927cb286b7fb9c8a 4df009eeb35b4bdeb722721d47d8db55 - - default default] Successfully bumped revision number for resource 8a0db12d-53b8-414b-97be-bacfde9c7598 (type: security_group_rules) to 0
2026-07-15 06:07:18.941 10 INFO neutron.wsgi [req-699cec55-6965-4b44-9fe7-1084e1d574a2 req-596dccd3-58ce-450e-9e77-9bcadafd5240 3551f3ade1674dd7b584bbb8a56fd353 8afcf190b57e46e6ac5fdd87e8f07164 - - default default] 10.0.0.24 "GET /v2.0/security-groups?name=tempest-secgroup-smoke-1830394428&fields=id&tenant_id=8afcf190b57e46e6ac5fdd87e8f07164 HTTP/1.1" status: 200 len: 267 time: 0.0579469
2026-07-15 06:07:18.948 10 INFO neutron.db.ovn_revision_numbers_db [None req-82be45a4-4ad4-4461-8378-c504237d1c96 4239e68166ed4136927cb286b7fb9c8a 4df009eeb35b4bdeb722721d47d8db55 - - default default] Successfully bumped revision number for resource e5b65149-052f-4de5-8e84-d8ba680f26b4 (type: security_group_rules) to 0
2026-07-15 06:07:19.005 10 INFO neutron.wsgi [None req-82be45a4-4ad4-4461-8378-c504237d1c96 4239e68166ed4136927cb286b7fb9c8a 4df009eeb35b4bdeb722721d47d8db55 - - default default] 10.0.0.208 "GET /v2.0/security-groups?tenant_id=c5bc1411ab3040188540ee1598604b6a&name=default HTTP/1.1" status: 200 len: 3120 time: 0.5281751
2026-07-15 06:07:19.058 10 INFO neutron.wsgi [req-699cec55-6965-4b44-9fe7-1084e1d574a2 req-37d37332-3c61-4762-9628-e4531afdea58 3551f3ade1674dd7b584bbb8a56fd353 8afcf190b57e46e6ac5fdd87e8f07164 - - default default] 10.0.0.24 "GET /v2.0/networks?id=cb4737b5-157d-4425-8da8-a1ac7b55c6fb HTTP/1.1" status: 200 len: 859 time: 0.1079626
2026-07-15 06:07:19.080 10 INFO neutron.wsgi [req-699cec55-6965-4b44-9fe7-1084e1d574a2 req-436f3da4-e058-4adb-a64a-ff9a5f811f88 3551f3ade1674dd7b584bbb8a56fd353 8afcf190b57e46e6ac5fdd87e8f07164 - - default default] 10.0.0.24 "GET /v2.0/quotas/8afcf190b57e46e6ac5fdd87e8f07164 HTTP/1.1" status: 200 len: 491 time: 0.0141413
2026-07-15 06:07:19.182 10 INFO neutron.wsgi [req-699cec55-6965-4b44-9fe7-1084e1d574a2 req-1e86061f-b035-4f8d-8e2a-812fab9063b3 3551f3ade1674dd7b584bbb8a56fd353 8afcf190b57e46e6ac5fdd87e8f07164 - - default default] 10.0.0.24 "GET /v2.0/ports?tenant_id=8afcf190b57e46e6ac5fdd87e8f07164&fields=id HTTP/1.1" status: 200 len: 348 time: 0.0941887
2026-07-15 06:07:19.274 10 INFO neutron.wsgi [req-699cec55-6965-4b44-9fe7-1084e1d574a2 req-5f5d9001-d259-4433-a7f3-d47bafa4841c cd9b9ee205c84cddbe4d7c10fe1a120b dfcca62c60f942559238de17f9258104 - - 69172da1aae54a58bc71ea00e04f72f7 69172da1aae54a58bc71ea00e04f72f7] 10.0.0.24 "GET /v2.0/networks/cb4737b5-157d-4425-8da8-a1ac7b55c6fb?fields=segments HTTP/1.1" status: 200 len: 212 time: 0.0791743
2026-07-15 06:07:19.327 10 INFO neutron.wsgi [None req-179b69be-fa87-4379-8087-18d9e8833112 4239e68166ed4136927cb286b7fb9c8a 4df009eeb35b4bdeb722721d47d8db55 - - default default] 10.0.0.208 "DELETE /v2.0/security-groups/12a2c509-5ab4-42b3-8c66-a7dff3e71c23 HTTP/1.1" status: 204 len: 168 time: 0.3161521
2026-07-15 06:07:19.375 10 INFO neutron.wsgi [req-699cec55-6965-4b44-9fe7-1084e1d574a2 req-20b56a9b-e571-4559-a165-9df1148dbe86 cd9b9ee205c84cddbe4d7c10fe1a120b dfcca62c60f942559238de17f9258104 - - 69172da1aae54a58bc71ea00e04f72f7 69172da1aae54a58bc71ea00e04f72f7] 10.0.0.24 "GET /v2.0/networks/cb4737b5-157d-4425-8da8-a1ac7b55c6fb?fields=provider%3Aphysical_network&fields=provider%3Anetwork_type HTTP/1.1" status: 200 len: 277 time: 0.0923247
2026-07-15 06:07:19.564 10 INFO neutron.wsgi [req-abef1b1e-72cc-47cc-b157-1ee5ac772c06 req-bcb2335a-978e-4fb5-8453-a7de0770e48e 3551f3ade1674dd7b584bbb8a56fd353 8afcf190b57e46e6ac5fdd87e8f07164 - - default default] 10.0.0.24 "GET /v2.0/ports?device_id=743f2f98-8089-420b-aed5-ce6c867bc2b0 HTTP/1.1" status: 200 len: 210 time: 0.0443547
2026-07-15 06:07:19.641 10 INFO neutron.db.ovn_revision_numbers_db [None req-78ccee34-a1b2-45e4-963b-78e0e149be67 4239e68166ed4136927cb286b7fb9c8a 4df009eeb35b4bdeb722721d47d8db55 - - default default] Successfully bumped revision number for resource 3454d85a-41dc-4b14-b1aa-ce5764260ce6 (type: security_groups) to 1
2026-07-15 06:07:19.668 10 INFO neutron.db.ovn_revision_numbers_db [None req-78ccee34-a1b2-45e4-963b-78e0e149be67 4239e68166ed4136927cb286b7fb9c8a 4df009eeb35b4bdeb722721d47d8db55 - - default default] Successfully bumped revision number for resource 04843a93-96bb-423d-bf6f-30fe43ec1689 (type: security_group_rules) to 0
2026-07-15 06:07:19.686 10 INFO neutron.db.ovn_revision_numbers_db [None req-78ccee34-a1b2-45e4-963b-78e0e149be67 4239e68166ed4136927cb286b7fb9c8a 4df009eeb35b4bdeb722721d47d8db55 - - default default] Successfully bumped revision number for resource 2e90d691-1c9e-4576-a19d-c141167306a2 (type: security_group_rules) to 0
2026-07-15 06:07:19.708 10 INFO neutron.db.ovn_revision_numbers_db [None req-78ccee34-a1b2-45e4-963b-78e0e149be67 4239e68166ed4136927cb286b7fb9c8a 4df009eeb35b4bdeb722721d47d8db55 - - default default] Successfully bumped revision number for resource 8df97e96-b243-44ea-b8df-dc490f256d86 (type: security_group_rules) to 0
2026-07-15 06:07:19.723 10 INFO neutron.db.ovn_revision_numbers_db [None req-78ccee34-a1b2-45e4-963b-78e0e149be67 4239e68166ed4136927cb286b7fb9c8a 4df009eeb35b4bdeb722721d47d8db55 - - default default] Successfully bumped revision number for resource b2a9cec6-bc6b-43bd-bd65-2dcb7bd8ebff (type: security_group_rules) to 0
2026-07-15 06:07:19.744 10 INFO neutron.wsgi [None req-78ccee34-a1b2-45e4-963b-78e0e149be67 4239e68166ed4136927cb286b7fb9c8a 4df009eeb35b4bdeb722721d47d8db55 - - default default] 10.0.0.208 "GET /v2.0/security-groups?tenant_id=55dab52203914dd48050cea49b8d632a&name=default HTTP/1.1" status: 200 len: 3120 time: 0.2925940
2026-07-15 06:07:20.025 9 INFO neutron.wsgi [None req-660e93e0-5acc-46ba-92c4-28baa61b9364 4239e68166ed4136927cb286b7fb9c8a 4df009eeb35b4bdeb722721d47d8db55 - - default default] 10.0.0.208 "DELETE /v2.0/security-groups/3454d85a-41dc-4b14-b1aa-ce5764260ce6 HTTP/1.1" status: 204 len: 168 time: 0.2751782
2026-07-15 06:07:20.567 9 INFO neutron.wsgi [req-699cec55-6965-4b44-9fe7-1084e1d574a2 req-83db9397-644b-46fa-a19f-19566f78c9c3 3551f3ade1674dd7b584bbb8a56fd353 8afcf190b57e46e6ac5fdd87e8f07164 - - default default] 199.204.45.210 "GET /v2.0/networks?id=cb4737b5-157d-4425-8da8-a1ac7b55c6fb HTTP/1.1" status: 200 len: 859 time: 0.3150501
2026-07-15 06:07:20.633 9 INFO neutron.wsgi [req-699cec55-6965-4b44-9fe7-1084e1d574a2 req-70bb57f9-bb09-4d1d-99c2-287a6386f64b 3551f3ade1674dd7b584bbb8a56fd353 8afcf190b57e46e6ac5fdd87e8f07164 - - default default] 199.204.45.210 "GET /v2.0/security-groups?fields=id&fields=name&tenant_id=8afcf190b57e46e6ac5fdd87e8f07164 HTTP/1.1" status: 200 len: 470 time: 0.0562243
2026-07-15 06:07:20.653 9 WARNING neutron_lib.context [req-699cec55-6965-4b44-9fe7-1084e1d574a2 req-30c2d62a-54f1-4e68-9f33-445c8a1e737b 3551f3ade1674dd7b584bbb8a56fd353 8afcf190b57e46e6ac5fdd87e8f07164 - - default default] Method 'is_advsvc' is deprecated since 2023.2 release (neutron-lib 3.8.0) and will be removed once support for the old RBAC API policies will be removed from Neutron. Please use method 'is_service_role' instead.
2026-07-15 06:07:20.660 10 INFO neutron.wsgi [req-ea9faeb0-cbc2-43b6-805f-f10b53813b4b req-6841faef-05f1-4785-8ef3-b2f9a2ae3b40 3551f3ade1674dd7b584bbb8a56fd353 8afcf190b57e46e6ac5fdd87e8f07164 - - default default] 10.0.0.24 "GET /v2.0/ports?device_id=743f2f98-8089-420b-aed5-ce6c867bc2b0 HTTP/1.1" status: 200 len: 210 time: 0.0346677
2026-07-15 06:07:20.976 10 INFO neutron.wsgi [-] 10.0.0.19 "GET / HTTP/1.1" status: 200 len: 246 time: 0.0023849
2026-07-15 06:07:20.979 10 INFO neutron.wsgi [-] 10.0.0.19 "GET / HTTP/1.1" status: 200 len: 246 time: 0.0015492
2026-07-15 06:07:21.015 9 WARNING neutron.scheduler.dhcp_agent_scheduler [req-699cec55-6965-4b44-9fe7-1084e1d574a2 req-30c2d62a-54f1-4e68-9f33-445c8a1e737b 3551f3ade1674dd7b584bbb8a56fd353 8afcf190b57e46e6ac5fdd87e8f07164 - - default default] No more DHCP agents
2026-07-15 06:07:21.017 9 WARNING neutron.api.rpc.agentnotifiers.dhcp_rpc_agent_api [req-699cec55-6965-4b44-9fe7-1084e1d574a2 req-30c2d62a-54f1-4e68-9f33-445c8a1e737b 3551f3ade1674dd7b584bbb8a56fd353 8afcf190b57e46e6ac5fdd87e8f07164 - - default default] Unable to schedule network cb4737b5-157d-4425-8da8-a1ac7b55c6fb: no agents available; will retry on subsequent port and subnet creation events. /var/lib/openstack/lib/python3.10/site-packages/pycadf/identifier.py:71: UserWarning: Invalid uuid: neutron. To ensure interoperability, identifiers should be a valid uuid. warnings.warn(('Invalid uuid: %s. To ensure interoperability, '
2026-07-15 06:07:21.193 9 INFO neutron.db.ovn_revision_numbers_db [req-699cec55-6965-4b44-9fe7-1084e1d574a2 req-30c2d62a-54f1-4e68-9f33-445c8a1e737b 3551f3ade1674dd7b584bbb8a56fd353 8afcf190b57e46e6ac5fdd87e8f07164 - - default default] Successfully bumped revision number for resource 364aec5c-796f-4a20-a0b5-772397caf6c6 (type: ports) to 1
2026-07-15 06:07:21.221 9 INFO neutron.wsgi [req-699cec55-6965-4b44-9fe7-1084e1d574a2 req-30c2d62a-54f1-4e68-9f33-445c8a1e737b 3551f3ade1674dd7b584bbb8a56fd353 8afcf190b57e46e6ac5fdd87e8f07164 - - default default] 199.204.45.210 "POST /v2.0/ports HTTP/1.1" status: 201 len: 1162 time: 0.5733037
2026-07-15 06:07:21.319 9 INFO neutron.db.ovn_revision_numbers_db [None req-cf964c4e-0e76-4fd2-af6d-d8969ac2e8a1 4239e68166ed4136927cb286b7fb9c8a 4df009eeb35b4bdeb722721d47d8db55 - - default default] Successfully bumped revision number for resource 271a8b76-2687-47cd-9134-6756f66f6253 (type: security_groups) to 1
2026-07-15 06:07:21.343 9 INFO neutron.db.ovn_revision_numbers_db [None req-cf964c4e-0e76-4fd2-af6d-d8969ac2e8a1 4239e68166ed4136927cb286b7fb9c8a 4df009eeb35b4bdeb722721d47d8db55 - - default default] Successfully bumped revision number for resource 1cc788a7-899f-4039-b7e6-e1dc6ea5fbf1 (type: security_group_rules) to 0
2026-07-15 06:07:21.375 9 INFO neutron.db.ovn_revision_numbers_db [None req-cf964c4e-0e76-4fd2-af6d-d8969ac2e8a1 4239e68166ed4136927cb286b7fb9c8a 4df009eeb35b4bdeb722721d47d8db55 - - default default] Successfully bumped revision number for resource 72bcb4b7-0382-4a05-b80b-522f2d3ac3f4 (type: security_group_rules) to 0
2026-07-15 06:07:21.406 9 INFO neutron.db.ovn_revision_numbers_db [None req-cf964c4e-0e76-4fd2-af6d-d8969ac2e8a1 4239e68166ed4136927cb286b7fb9c8a 4df009eeb35b4bdeb722721d47d8db55 - - default default] Successfully bumped revision number for resource e437b901-b65e-4f56-af3e-039f9852aa3b (type: security_group_rules) to 0
2026-07-15 06:07:21.432 9 INFO neutron.db.ovn_revision_numbers_db [None req-cf964c4e-0e76-4fd2-af6d-d8969ac2e8a1 4239e68166ed4136927cb286b7fb9c8a 4df009eeb35b4bdeb722721d47d8db55 - - default default] Successfully bumped revision number for resource e725ead1-7c35-436f-920d-f34614b895e6 (type: security_group_rules) to 0
2026-07-15 06:07:21.460 9 INFO neutron.wsgi [None req-cf964c4e-0e76-4fd2-af6d-d8969ac2e8a1 4239e68166ed4136927cb286b7fb9c8a 4df009eeb35b4bdeb722721d47d8db55 - - default default] 10.0.0.208 "GET /v2.0/security-groups?tenant_id=84be9cde8d6b416aac4fbcb2e5fd08e1&name=default HTTP/1.1" status: 200 len: 3120 time: 0.4941440
2026-07-15 06:07:21.701 10 INFO neutron.wsgi [None req-f6ddf8dd-43b1-42b1-85eb-c1a361028bd6 4239e68166ed4136927cb286b7fb9c8a 4df009eeb35b4bdeb722721d47d8db55 - - default default] 10.0.0.208 "DELETE /v2.0/security-groups/271a8b76-2687-47cd-9134-6756f66f6253 HTTP/1.1" status: 204 len: 168 time: 0.2342916
2026-07-15 06:07:21.719 9 INFO neutron.db.ovn_revision_numbers_db [req-699cec55-6965-4b44-9fe7-1084e1d574a2 req-5a37bcb9-70d7-468c-b4bd-49b961a5055c cd9b9ee205c84cddbe4d7c10fe1a120b dfcca62c60f942559238de17f9258104 - - 69172da1aae54a58bc71ea00e04f72f7 69172da1aae54a58bc71ea00e04f72f7] Successfully bumped revision number for resource 364aec5c-796f-4a20-a0b5-772397caf6c6 (type: ports) to 2
2026-07-15 06:07:21.748 10 WARNING neutron_lib.context [None req-59ba3e19-f17e-486b-a712-49794c372b9d 379585ce60004519b05428150d415a5a e17b0ea114a34904b656305901cf19e7 - - default default] Method 'is_advsvc' is deprecated since 2023.2 release (neutron-lib 3.8.0) and will be removed once support for the old RBAC API policies will be removed from Neutron. Please use method 'is_service_role' instead.
2026-07-15 06:07:21.783 10 INFO neutron.wsgi [req-8b577808-028e-4e6e-bb7f-3a8ae24a6373 req-b122081e-4a6f-425e-96f8-b1b13cad22ee 3551f3ade1674dd7b584bbb8a56fd353 8afcf190b57e46e6ac5fdd87e8f07164 - - default default] 10.0.0.24 "GET /v2.0/ports?device_id=743f2f98-8089-420b-aed5-ce6c867bc2b0 HTTP/1.1" status: 200 len: 1172 time: 0.0502427
2026-07-15 06:07:21.840 10 INFO neutron.wsgi [req-8b577808-028e-4e6e-bb7f-3a8ae24a6373 req-092b5280-27cf-4320-a962-da94059b6251 3551f3ade1674dd7b584bbb8a56fd353 8afcf190b57e46e6ac5fdd87e8f07164 - - default default] 10.0.0.24 "GET /v2.0/security-groups?id=37269a00-0769-4398-aa12-f028902b7503&fields=id&fields=name HTTP/1.1" status: 200 len: 313 time: 0.0501378
2026-07-15 06:07:21.915 10 INFO neutron.db.ovn_revision_numbers_db [None req-59ba3e19-f17e-486b-a712-49794c372b9d 379585ce60004519b05428150d415a5a e17b0ea114a34904b656305901cf19e7 - - default default] Successfully bumped revision number for resource c6c11bf5-5bc6-4404-bbfb-858b7cb49fca (type: security_groups) to 1
2026-07-15 06:07:21.929 10 INFO neutron.db.ovn_revision_numbers_db [None req-59ba3e19-f17e-486b-a712-49794c372b9d 379585ce60004519b05428150d415a5a e17b0ea114a34904b656305901cf19e7 - - default default] Successfully bumped revision number for resource 01f10d1d-a134-47eb-af66-5621e2a64c14 (type: security_group_rules) to 0
2026-07-15 06:07:21.942 10 INFO neutron.db.ovn_revision_numbers_db [None req-59ba3e19-f17e-486b-a712-49794c372b9d 379585ce60004519b05428150d415a5a e17b0ea114a34904b656305901cf19e7 - - default default] Successfully bumped revision number for resource 1a25cc1c-2e71-4017-9221-af23f3561a64 (type: security_group_rules) to 0
2026-07-15 06:07:21.957 10 INFO neutron.db.ovn_revision_numbers_db [None req-59ba3e19-f17e-486b-a712-49794c372b9d 379585ce60004519b05428150d415a5a e17b0ea114a34904b656305901cf19e7 - - default default] Successfully bumped revision number for resource 4498fab0-e4db-417a-9552-88c7e0eba5bf (type: security_group_rules) to 0
2026-07-15 06:07:21.970 10 INFO neutron.db.ovn_revision_numbers_db [None req-59ba3e19-f17e-486b-a712-49794c372b9d 379585ce60004519b05428150d415a5a e17b0ea114a34904b656305901cf19e7 - - default default] Successfully bumped revision number for resource 68f33e0f-631b-4d45-8a16-f30df92b28f6 (type: security_group_rules) to 0
2026-07-15 06:07:21.976 9 INFO neutron.db.ovn_revision_numbers_db [req-699cec55-6965-4b44-9fe7-1084e1d574a2 req-5a37bcb9-70d7-468c-b4bd-49b961a5055c cd9b9ee205c84cddbe4d7c10fe1a120b dfcca62c60f942559238de17f9258104 - - 69172da1aae54a58bc71ea00e04f72f7 69172da1aae54a58bc71ea00e04f72f7] Successfully bumped revision number for resource 364aec5c-796f-4a20-a0b5-772397caf6c6 (type: ports) to 2
2026-07-15 06:07:22.015 9 INFO neutron.wsgi [req-699cec55-6965-4b44-9fe7-1084e1d574a2 req-5a37bcb9-70d7-468c-b4bd-49b961a5055c cd9b9ee205c84cddbe4d7c10fe1a120b dfcca62c60f942559238de17f9258104 - - 69172da1aae54a58bc71ea00e04f72f7 69172da1aae54a58bc71ea00e04f72f7] 199.204.45.210 "PUT /v2.0/ports/364aec5c-796f-4a20-a0b5-772397caf6c6 HTTP/1.1" status: 200 len: 1380 time: 0.7863152
2026-07-15 06:07:22.033 10 INFO neutron.db.segments_db [None req-59ba3e19-f17e-486b-a712-49794c372b9d 379585ce60004519b05428150d415a5a e17b0ea114a34904b656305901cf19e7 - - default default] Added segment 14dad0a5-bc7b-4dce-8383-716495656bf5 of type geneve for network f185ca8b-4af6-4d05-b0a3-294bd328cac5 /var/lib/openstack/lib/python3.10/site-packages/pycadf/identifier.py:71: UserWarning: Invalid uuid: neutron. To ensure interoperability, identifiers should be a valid uuid. warnings.warn(('Invalid uuid: %s. To ensure interoperability, '
2026-07-15 06:07:22.063 9 INFO neutron.notifiers.nova [-] Nova event matching ['req-87361397-a5dd-42b9-9f70-d3930851e633'] response: {'name': 'network-changed', 'server_uuid': '743f2f98-8089-420b-aed5-ce6c867bc2b0', 'tag': '364aec5c-796f-4a20-a0b5-772397caf6c6', 'status': 'completed', 'code': 200}
2026-07-15 06:07:22.086 9 INFO neutron.wsgi [req-699cec55-6965-4b44-9fe7-1084e1d574a2 req-b068cfbf-7bf5-4b9a-b6a5-7910501ac219 cd9b9ee205c84cddbe4d7c10fe1a120b dfcca62c60f942559238de17f9258104 - - 69172da1aae54a58bc71ea00e04f72f7 69172da1aae54a58bc71ea00e04f72f7] 199.204.45.210 "GET /v2.0/ports?tenant_id=8afcf190b57e46e6ac5fdd87e8f07164&device_id=743f2f98-8089-420b-aed5-ce6c867bc2b0 HTTP/1.1" status: 200 len: 1411 time: 0.0308199
2026-07-15 06:07:22.126 9 INFO neutron.wsgi [req-699cec55-6965-4b44-9fe7-1084e1d574a2 req-cafea373-1731-4561-af8e-3d70b7621930 cd9b9ee205c84cddbe4d7c10fe1a120b dfcca62c60f942559238de17f9258104 - - 69172da1aae54a58bc71ea00e04f72f7 69172da1aae54a58bc71ea00e04f72f7] 199.204.45.210 "GET /v2.0/floatingips?fixed_ip_address=10.100.0.11&port_id=364aec5c-796f-4a20-a0b5-772397caf6c6 HTTP/1.1" status: 200 len: 217 time: 0.0351567
2026-07-15 06:07:22.168 9 INFO neutron.wsgi [req-699cec55-6965-4b44-9fe7-1084e1d574a2 req-28ffa430-9508-4d34-91eb-a9c8aaaaee18 cd9b9ee205c84cddbe4d7c10fe1a120b dfcca62c60f942559238de17f9258104 - - 69172da1aae54a58bc71ea00e04f72f7 69172da1aae54a58bc71ea00e04f72f7] 199.204.45.210 "GET /v2.0/subnets?id=127a5cb3-457e-41ea-913c-c188666a7a9b HTTP/1.1" status: 200 len: 852 time: 0.0373769
2026-07-15 06:07:22.173 10 INFO neutron.db.ovn_revision_numbers_db [None req-59ba3e19-f17e-486b-a712-49794c372b9d 379585ce60004519b05428150d415a5a e17b0ea114a34904b656305901cf19e7 - - default default] Successfully bumped revision number for resource f185ca8b-4af6-4d05-b0a3-294bd328cac5 (type: networks) to 1
2026-07-15 06:07:22.196 9 INFO neutron.wsgi [req-699cec55-6965-4b44-9fe7-1084e1d574a2 req-68f9751e-3cc6-40a3-a527-d42d02b183ec cd9b9ee205c84cddbe4d7c10fe1a120b dfcca62c60f942559238de17f9258104 - - 69172da1aae54a58bc71ea00e04f72f7 69172da1aae54a58bc71ea00e04f72f7] 199.204.45.210 "GET /v2.0/ports?network_id=cb4737b5-157d-4425-8da8-a1ac7b55c6fb&device_owner=network%3Adhcp HTTP/1.1" status: 200 len: 210 time: 0.0219986
2026-07-15 06:07:22.260 9 INFO neutron.wsgi [req-699cec55-6965-4b44-9fe7-1084e1d574a2 req-47ea56f2-388c-4ec3-8186-e922e89070f9 cd9b9ee205c84cddbe4d7c10fe1a120b dfcca62c60f942559238de17f9258104 - - 69172da1aae54a58bc71ea00e04f72f7 69172da1aae54a58bc71ea00e04f72f7] 199.204.45.210 "GET /v2.0/networks/cb4737b5-157d-4425-8da8-a1ac7b55c6fb?fields=segments HTTP/1.1" status: 200 len: 212 time: 0.0569408
2026-07-15 06:07:22.316 9 INFO neutron.wsgi [req-699cec55-6965-4b44-9fe7-1084e1d574a2 req-530f4bef-704f-4b82-8b3f-e63a8e8238bb cd9b9ee205c84cddbe4d7c10fe1a120b dfcca62c60f942559238de17f9258104 - - 69172da1aae54a58bc71ea00e04f72f7 69172da1aae54a58bc71ea00e04f72f7] 199.204.45.210 "GET /v2.0/networks/cb4737b5-157d-4425-8da8-a1ac7b55c6fb?fields=provider%3Aphysical_network&fields=provider%3Anetwork_type HTTP/1.1" status: 200 len: 277 time: 0.0479352
2026-07-15 06:07:22.398 10 WARNING neutron.scheduler.dhcp_agent_scheduler [None req-59ba3e19-f17e-486b-a712-49794c372b9d 379585ce60004519b05428150d415a5a e17b0ea114a34904b656305901cf19e7 - - default default] No more DHCP agents
2026-07-15 06:07:22.403 10 WARNING neutron.api.rpc.agentnotifiers.dhcp_rpc_agent_api [None req-59ba3e19-f17e-486b-a712-49794c372b9d 379585ce60004519b05428150d415a5a e17b0ea114a34904b656305901cf19e7 - - default default] Unable to schedule network f185ca8b-4af6-4d05-b0a3-294bd328cac5: no agents available; will retry on subsequent port and subnet creation events.
2026-07-15 06:07:22.414 9 INFO neutron.wsgi [req-389d8e1e-b8d8-4a43-ac0f-94f9e2414341 req-35ec351a-b0f2-4487-ade3-113a5a86d8d7 cd9b9ee205c84cddbe4d7c10fe1a120b dfcca62c60f942559238de17f9258104 - - 69172da1aae54a58bc71ea00e04f72f7 69172da1aae54a58bc71ea00e04f72f7] 199.204.45.210 "GET /v2.0/ports?tenant_id=8afcf190b57e46e6ac5fdd87e8f07164&device_id=743f2f98-8089-420b-aed5-ce6c867bc2b0 HTTP/1.1" status: 200 len: 1411 time: 0.0576921
2026-07-15 06:07:22.519 10 INFO neutron.db.ovn_revision_numbers_db [None req-59ba3e19-f17e-486b-a712-49794c372b9d 379585ce60004519b05428150d415a5a e17b0ea114a34904b656305901cf19e7 - - default default] Successfully bumped revision number for resource 245c6d34-320b-4aa4-962e-1caf837841de (type: ports) to 1
2026-07-15 06:07:22.530 9 INFO neutron.wsgi [req-389d8e1e-b8d8-4a43-ac0f-94f9e2414341 req-615b2d67-49cf-4b64-aef5-22293925b90d cd9b9ee205c84cddbe4d7c10fe1a120b dfcca62c60f942559238de17f9258104 - - 69172da1aae54a58bc71ea00e04f72f7 69172da1aae54a58bc71ea00e04f72f7] 199.204.45.210 "GET /v2.0/networks?id=cb4737b5-157d-4425-8da8-a1ac7b55c6fb HTTP/1.1" status: 200 len: 957 time: 0.1061332
2026-07-15 06:07:22.544 9 INFO neutron.plugins.ml2.drivers.ovn.mech_driver.mech_driver [None req-424360a4-b402-4a28-b76b-5c5ebb5779bb - - - - - -] OVN reports status up for port: 364aec5c-796f-4a20-a0b5-772397caf6c6
2026-07-15 06:07:22.559 9 INFO neutron.plugins.ml2.plugin [None req-424360a4-b402-4a28-b76b-5c5ebb5779bb - - - - - -] Attempt 1 to provision port 364aec5c-796f-4a20-a0b5-772397caf6c6
2026-07-15 06:07:22.560 10 INFO neutron.wsgi [None req-59ba3e19-f17e-486b-a712-49794c372b9d 379585ce60004519b05428150d415a5a e17b0ea114a34904b656305901cf19e7 - - default default] 10.0.0.208 "POST /v2.0/networks HTTP/1.1" status: 201 len: 830 time: 0.9609716
2026-07-15 06:07:22.574 10 WARNING neutron_lib.context [None req-eb95fa74-56ab-479a-9a91-259dade59c8d 379585ce60004519b05428150d415a5a e17b0ea114a34904b656305901cf19e7 - - default default] Method 'is_advsvc' is deprecated since 2023.2 release (neutron-lib 3.8.0) and will be removed once support for the old RBAC API policies will be removed from Neutron. Please use method 'is_service_role' instead.
2026-07-15 06:07:22.684 9 INFO neutron.wsgi [req-389d8e1e-b8d8-4a43-ac0f-94f9e2414341 req-aa8dd50f-f253-4506-9b80-77ad232cdbbd cd9b9ee205c84cddbe4d7c10fe1a120b dfcca62c60f942559238de17f9258104 - - 69172da1aae54a58bc71ea00e04f72f7 69172da1aae54a58bc71ea00e04f72f7] 199.204.45.210 "GET /v2.0/floatingips?fixed_ip_address=10.100.0.11&port_id=364aec5c-796f-4a20-a0b5-772397caf6c6 HTTP/1.1" status: 200 len: 217 time: 0.0301218
2026-07-15 06:07:22.733 9 INFO neutron.wsgi [req-389d8e1e-b8d8-4a43-ac0f-94f9e2414341 req-44281e0b-c0d9-4123-a6f1-62f78d49b1a2 cd9b9ee205c84cddbe4d7c10fe1a120b dfcca62c60f942559238de17f9258104 - - 69172da1aae54a58bc71ea00e04f72f7 69172da1aae54a58bc71ea00e04f72f7] 199.204.45.210 "GET /v2.0/subnets?id=127a5cb3-457e-41ea-913c-c188666a7a9b HTTP/1.1" status: 200 len: 852 time: 0.0445836
2026-07-15 06:07:22.757 9 INFO neutron.wsgi [req-389d8e1e-b8d8-4a43-ac0f-94f9e2414341 req-94c8a97d-89c0-40f5-b6b2-19724abd8b3d cd9b9ee205c84cddbe4d7c10fe1a120b dfcca62c60f942559238de17f9258104 - - 69172da1aae54a58bc71ea00e04f72f7 69172da1aae54a58bc71ea00e04f72f7] 199.204.45.210 "GET /v2.0/ports?network_id=cb4737b5-157d-4425-8da8-a1ac7b55c6fb&device_owner=network%3Adhcp HTTP/1.1" status: 200 len: 210 time: 0.0206366
2026-07-15 06:07:22.846 9 INFO neutron.wsgi [req-389d8e1e-b8d8-4a43-ac0f-94f9e2414341 req-e4ae2631-48d7-4940-a522-b417178a5f6b cd9b9ee205c84cddbe4d7c10fe1a120b dfcca62c60f942559238de17f9258104 - - 69172da1aae54a58bc71ea00e04f72f7 69172da1aae54a58bc71ea00e04f72f7] 199.204.45.210 "GET /v2.0/networks/cb4737b5-157d-4425-8da8-a1ac7b55c6fb?fields=segments HTTP/1.1" status: 200 len: 212 time: 0.0866487
2026-07-15 06:07:22.858 10 WARNING neutron.scheduler.dhcp_agent_scheduler [None req-eb95fa74-56ab-479a-9a91-259dade59c8d 379585ce60004519b05428150d415a5a e17b0ea114a34904b656305901cf19e7 - - default default] No more DHCP agents
2026-07-15 06:07:22.860 10 WARNING neutron.api.rpc.agentnotifiers.dhcp_rpc_agent_api [None req-eb95fa74-56ab-479a-9a91-259dade59c8d 379585ce60004519b05428150d415a5a e17b0ea114a34904b656305901cf19e7 - - default default] Unable to schedule network f185ca8b-4af6-4d05-b0a3-294bd328cac5: no agents available; will retry on subsequent port and subnet creation events. /var/lib/openstack/lib/python3.10/site-packages/pycadf/identifier.py:71: UserWarning: Invalid uuid: neutron. To ensure interoperability, identifiers should be a valid uuid. warnings.warn(('Invalid uuid: %s. To ensure interoperability, '
2026-07-15 06:07:22.960 10 INFO neutron.wsgi [req-5ff9d20a-a3f3-4b11-93d2-085474467eec req-67ad77cb-6e4f-49ab-b1da-76a5738b3b36 3551f3ade1674dd7b584bbb8a56fd353 8afcf190b57e46e6ac5fdd87e8f07164 - - default default] 10.0.0.24 "GET /v2.0/ports?device_id=743f2f98-8089-420b-aed5-ce6c867bc2b0 HTTP/1.1" status: 200 len: 1174 time: 0.0524149
