2026-07-15 06:04:43.136 10 INFO neutron.wsgi [req-343fc65f-7fb8-4bf6-a705-c5c9211ddc97 req-ba4eb708-3e24-4dbd-b294-c494aa0b5356 d48ac70a7bc0402e8cd09d60772c7493 a0eba1a1e9544e3faba703f1681334e7 - - default default] 10.0.0.24 "GET /v2.0/ports?tenant_id=a0eba1a1e9544e3faba703f1681334e7&fields=id HTTP/1.1" status: 200 len: 302 time: 0.1034052
2026-07-15 06:04:43.231 10 INFO neutron.wsgi [req-343fc65f-7fb8-4bf6-a705-c5c9211ddc97 req-ceefba1e-9365-40bc-8be1-6e6ebc9f5238 cd9b9ee205c84cddbe4d7c10fe1a120b dfcca62c60f942559238de17f9258104 - - 69172da1aae54a58bc71ea00e04f72f7 69172da1aae54a58bc71ea00e04f72f7] 10.0.0.24 "GET /v2.0/networks/366771f7-865e-4087-8412-1ff7f8954879?fields=segments HTTP/1.1" status: 200 len: 212 time: 0.0829189
2026-07-15 06:04:43.318 10 INFO neutron.wsgi [req-343fc65f-7fb8-4bf6-a705-c5c9211ddc97 req-2943ba47-1907-4e81-a93b-d62fe9eea637 cd9b9ee205c84cddbe4d7c10fe1a120b dfcca62c60f942559238de17f9258104 - - 69172da1aae54a58bc71ea00e04f72f7 69172da1aae54a58bc71ea00e04f72f7] 10.0.0.24 "GET /v2.0/networks/366771f7-865e-4087-8412-1ff7f8954879?fields=provider%3Aphysical_network&fields=provider%3Anetwork_type HTTP/1.1" status: 200 len: 277 time: 0.0766094
2026-07-15 06:04:43.481 10 INFO neutron.wsgi [req-8e9dcd57-13b0-4161-8b4f-8739889a7afb req-bd905cae-f8b7-4a49-ac55-8ec85ab1c36b d48ac70a7bc0402e8cd09d60772c7493 a0eba1a1e9544e3faba703f1681334e7 - - default default] 10.0.0.24 "GET /v2.0/ports?device_id=212c94ae-8b25-451d-910b-87bb8f55014a HTTP/1.1" status: 200 len: 210 time: 0.0247028
2026-07-15 06:04:43.562 9 INFO neutron.db.ovn_revision_numbers_db [None req-8efd4556-1c26-4c45-9513-b86ea29253d1 4239e68166ed4136927cb286b7fb9c8a 4df009eeb35b4bdeb722721d47d8db55 - - default default] Successfully bumped revision number for resource 52093b42-2a7e-4c63-a622-d419d7042e89 (type: router_ports) to 1
2026-07-15 06:04:43.567 9 INFO neutron.wsgi [None req-8efd4556-1c26-4c45-9513-b86ea29253d1 4239e68166ed4136927cb286b7fb9c8a 4df009eeb35b4bdeb722721d47d8db55 - - default default] 10.0.0.208 "PUT /v2.0/routers/caed6193-25a0-4e0d-aa5b-245acf40dabd/add_router_interface HTTP/1.1" status: 200 len: 503 time: 5.2687440
2026-07-15 06:04:43.878 10 INFO neutron.wsgi [req-211de968-7724-4e63-a33e-8dda34356645 req-8780b9a9-6066-4a4b-bdf6-ae5fc65de142 4531c4ec110e4eeeb655c1dcb8b0121b 4e982297489f47159608aa483e423d5f - - default default] 10.0.0.24 "GET /v2.0/ports?device_id=974b024b-ab4b-4fd5-ad84-c4ff45928630 HTTP/1.1" status: 200 len: 210 time: 0.0287066
2026-07-15 06:04:43.999 9 INFO neutron.wsgi [None req-2d7c5570-38b9-445f-b9a2-ccfa0688c007 4239e68166ed4136927cb286b7fb9c8a 4df009eeb35b4bdeb722721d47d8db55 - - default default] 10.0.0.208 "DELETE /v2.0/routers/d6f06c1b-deb6-48d0-9210-dfa02f23e19d HTTP/1.1" status: 204 len: 168 time: 1.0974901
2026-07-15 06:04:44.024 10 WARNING neutron_lib.context [req-63a8b084-321e-4c7b-9741-8ae4ca90ab88 req-44526c58-e5ea-475a-b0ff-2e88abd8fc63 e09ba427b5704d8889cc19bf728db4b8 02268429e35f456280a3ce8e1d17c185 - - default default] Method 'is_advsvc' is deprecated since 2023.2 release (neutron-lib 3.8.0) and will be removed once support for the old RBAC API policies will be removed from Neutron. Please use method 'is_service_role' instead.
2026-07-15 06:04:44.231 9 INFO neutron.wsgi [req-828c22ec-4146-46c8-9435-cd0203846e39 req-d510fe6c-557d-4d07-a3df-89f99dda8a65 4531c4ec110e4eeeb655c1dcb8b0121b 4e982297489f47159608aa483e423d5f - - default default] 199.204.45.210 "GET /v2.0/networks?id=88420403-3a67-41e2-8511-124cf8506b72 HTTP/1.1" status: 200 len: 869 time: 0.1434309
2026-07-15 06:04:44.245 10 INFO neutron.db.ovn_revision_numbers_db [req-63a8b084-321e-4c7b-9741-8ae4ca90ab88 req-44526c58-e5ea-475a-b0ff-2e88abd8fc63 e09ba427b5704d8889cc19bf728db4b8 02268429e35f456280a3ce8e1d17c185 - - default default] Successfully bumped revision number for resource 8c05c3f5-15b1-4d2f-8521-3ebc19336333 (type: security_groups) to 1
2026-07-15 06:04:44.270 10 INFO neutron.wsgi [None req-cf09cbac-9ff3-411c-a584-58599102554b 4239e68166ed4136927cb286b7fb9c8a 4df009eeb35b4bdeb722721d47d8db55 - - default default] 10.0.0.208 "DELETE /v2.0/subnets/67e5e5dd-f85a-472c-bf65-9416973733d2 HTTP/1.1" status: 204 len: 168 time: 0.2643657
2026-07-15 06:04:44.271 10 INFO neutron.db.ovn_revision_numbers_db [req-63a8b084-321e-4c7b-9741-8ae4ca90ab88 req-44526c58-e5ea-475a-b0ff-2e88abd8fc63 e09ba427b5704d8889cc19bf728db4b8 02268429e35f456280a3ce8e1d17c185 - - default default] Successfully bumped revision number for resource 8f40fb8b-2fe4-4fb5-b56d-0a1cea1c1c10 (type: security_group_rules) to 0
2026-07-15 06:04:44.289 10 INFO neutron.db.ovn_revision_numbers_db [req-63a8b084-321e-4c7b-9741-8ae4ca90ab88 req-44526c58-e5ea-475a-b0ff-2e88abd8fc63 e09ba427b5704d8889cc19bf728db4b8 02268429e35f456280a3ce8e1d17c185 - - default default] Successfully bumped revision number for resource a28a0ffe-e4c8-4f9a-80e3-e90822a6169a (type: security_group_rules) to 0
2026-07-15 06:04:44.321 10 INFO neutron.wsgi [req-63a8b084-321e-4c7b-9741-8ae4ca90ab88 req-44526c58-e5ea-475a-b0ff-2e88abd8fc63 e09ba427b5704d8889cc19bf728db4b8 02268429e35f456280a3ce8e1d17c185 - - default default] 10.0.0.24 "POST /v2.0/security-groups HTTP/1.1" status: 201 len: 1886 time: 0.3138859
2026-07-15 06:04:44.360 10 WARNING neutron_lib.context [req-fc19a9cf-3005-475a-a020-e34e6594d329 req-865199b0-114e-4c6c-8976-5ff16833b458 e09ba427b5704d8889cc19bf728db4b8 02268429e35f456280a3ce8e1d17c185 - - default default] Method 'is_advsvc' is deprecated since 2023.2 release (neutron-lib 3.8.0) and will be removed once support for the old RBAC API policies will be removed from Neutron. Please use method 'is_service_role' instead.
2026-07-15 06:04:44.494 9 INFO neutron.wsgi [req-828c22ec-4146-46c8-9435-cd0203846e39 req-32d954bd-8ab0-46f4-bff0-9babc4188e36 4531c4ec110e4eeeb655c1dcb8b0121b 4e982297489f47159608aa483e423d5f - - default default] 199.204.45.210 "GET /v2.0/security-groups?fields=id&fields=name&tenant_id=4e982297489f47159608aa483e423d5f HTTP/1.1" status: 200 len: 380 time: 0.2399626
2026-07-15 06:04:44.510 9 WARNING neutron_lib.context [req-828c22ec-4146-46c8-9435-cd0203846e39 req-7c4dbc1a-957a-460a-a646-3ef0edd82655 4531c4ec110e4eeeb655c1dcb8b0121b 4e982297489f47159608aa483e423d5f - - default default] Method 'is_advsvc' is deprecated since 2023.2 release (neutron-lib 3.8.0) and will be removed once support for the old RBAC API policies will be removed from Neutron. Please use method 'is_service_role' instead.
2026-07-15 06:04:44.552 10 INFO neutron.db.ovn_revision_numbers_db [req-fc19a9cf-3005-475a-a020-e34e6594d329 req-865199b0-114e-4c6c-8976-5ff16833b458 e09ba427b5704d8889cc19bf728db4b8 02268429e35f456280a3ce8e1d17c185 - - default default] Successfully bumped revision number for resource 448f8c57-713a-4326-8b9e-033bede81b8a (type: security_groups) to 1
2026-07-15 06:04:44.579 10 INFO neutron.db.ovn_revision_numbers_db [req-fc19a9cf-3005-475a-a020-e34e6594d329 req-865199b0-114e-4c6c-8976-5ff16833b458 e09ba427b5704d8889cc19bf728db4b8 02268429e35f456280a3ce8e1d17c185 - - default default] Successfully bumped revision number for resource 4308e00a-9ccb-4eb5-9871-fb30a9e43419 (type: security_group_rules) to 0
2026-07-15 06:04:44.586 10 INFO neutron.wsgi [req-343fc65f-7fb8-4bf6-a705-c5c9211ddc97 req-dd932561-cf40-403f-b3eb-a0d1276f0531 d48ac70a7bc0402e8cd09d60772c7493 a0eba1a1e9544e3faba703f1681334e7 - - default default] 199.204.45.210 "GET /v2.0/networks?id=366771f7-865e-4087-8412-1ff7f8954879 HTTP/1.1" status: 200 len: 882 time: 0.1042161
2026-07-15 06:04:44.634 10 INFO neutron.db.ovn_revision_numbers_db [req-fc19a9cf-3005-475a-a020-e34e6594d329 req-865199b0-114e-4c6c-8976-5ff16833b458 e09ba427b5704d8889cc19bf728db4b8 02268429e35f456280a3ce8e1d17c185 - - default default] Successfully bumped revision number for resource 5b741d6c-1dcc-41d4-9e48-432c5bc8c5d2 (type: security_group_rules) to 0
2026-07-15 06:04:44.650 10 INFO neutron.wsgi [req-ff6e9cc9-db56-4ef6-8641-7ca160e6d3a2 req-6bad58ab-cae9-4f07-852e-3e7271b75e0d d48ac70a7bc0402e8cd09d60772c7493 a0eba1a1e9544e3faba703f1681334e7 - - default default] 10.0.0.24 "GET /v2.0/ports?device_id=212c94ae-8b25-451d-910b-87bb8f55014a HTTP/1.1" status: 200 len: 210 time: 0.0383379
2026-07-15 06:04:44.675 10 INFO neutron.wsgi [req-fc19a9cf-3005-475a-a020-e34e6594d329 req-865199b0-114e-4c6c-8976-5ff16833b458 e09ba427b5704d8889cc19bf728db4b8 02268429e35f456280a3ce8e1d17c185 - - default default] 10.0.0.24 "POST /v2.0/security-groups HTTP/1.1" status: 201 len: 1885 time: 0.3211460
2026-07-15 06:04:44.699 10 INFO neutron.wsgi [req-343fc65f-7fb8-4bf6-a705-c5c9211ddc97 req-7e6e301a-a7bd-4f53-a7e6-d0f85aad87fe d48ac70a7bc0402e8cd09d60772c7493 a0eba1a1e9544e3faba703f1681334e7 - - default default] 199.204.45.210 "GET /v2.0/security-groups?fields=id&fields=name&tenant_id=a0eba1a1e9544e3faba703f1681334e7 HTTP/1.1" status: 200 len: 380 time: 0.1032929
2026-07-15 06:04:44.712 10 WARNING neutron_lib.context [req-343fc65f-7fb8-4bf6-a705-c5c9211ddc97 req-da36e2fd-5c50-4e9c-8468-aab611f7d02b d48ac70a7bc0402e8cd09d60772c7493 a0eba1a1e9544e3faba703f1681334e7 - - default default] Method 'is_advsvc' is deprecated since 2023.2 release (neutron-lib 3.8.0) and will be removed once support for the old RBAC API policies will be removed from Neutron. Please use method 'is_service_role' instead.
2026-07-15 06:04:44.725 10 WARNING neutron_lib.context [req-db169105-2b6e-4dfe-965e-2d389a9b5df8 req-607db654-c0b9-4702-a977-85936c9c6d61 e09ba427b5704d8889cc19bf728db4b8 02268429e35f456280a3ce8e1d17c185 - - default default] Method 'is_advsvc' is deprecated since 2023.2 release (neutron-lib 3.8.0) and will be removed once support for the old RBAC API policies will be removed from Neutron. Please use method 'is_service_role' instead.
2026-07-15 06:04:44.975 10 INFO neutron.db.ovn_revision_numbers_db [req-db169105-2b6e-4dfe-965e-2d389a9b5df8 req-607db654-c0b9-4702-a977-85936c9c6d61 e09ba427b5704d8889cc19bf728db4b8 02268429e35f456280a3ce8e1d17c185 - - default default] Successfully bumped revision number for resource 97347a40-9bde-403b-86c3-901fcfa1a389 (type: security_groups) to 1
2026-07-15 06:04:44.990 10 INFO neutron.wsgi [req-e830d9ca-e4e6-41b4-8405-bfc666290c22 req-cd750b92-ed61-406e-aa9f-1abb8a499293 4531c4ec110e4eeeb655c1dcb8b0121b 4e982297489f47159608aa483e423d5f - - default default] 10.0.0.24 "GET /v2.0/ports?device_id=974b024b-ab4b-4fd5-ad84-c4ff45928630 HTTP/1.1" status: 200 len: 210 time: 0.0361564
2026-07-15 06:04:45.014 10 INFO neutron.db.ovn_revision_numbers_db [req-db169105-2b6e-4dfe-965e-2d389a9b5df8 req-607db654-c0b9-4702-a977-85936c9c6d61 e09ba427b5704d8889cc19bf728db4b8 02268429e35f456280a3ce8e1d17c185 - - default default] Successfully bumped revision number for resource 8b6617b2-215d-420e-9749-e63ffc11ce95 (type: security_group_rules) to 0
2026-07-15 06:04:45.039 10 INFO neutron.db.ovn_revision_numbers_db [req-db169105-2b6e-4dfe-965e-2d389a9b5df8 req-607db654-c0b9-4702-a977-85936c9c6d61 e09ba427b5704d8889cc19bf728db4b8 02268429e35f456280a3ce8e1d17c185 - - default default] Successfully bumped revision number for resource c422655c-2405-4acb-8834-80b9fc9567cc (type: security_group_rules) to 0
2026-07-15 06:04:45.076 10 INFO neutron.wsgi [req-db169105-2b6e-4dfe-965e-2d389a9b5df8 req-607db654-c0b9-4702-a977-85936c9c6d61 e09ba427b5704d8889cc19bf728db4b8 02268429e35f456280a3ce8e1d17c185 - - default default] 10.0.0.24 "POST /v2.0/security-groups HTTP/1.1" status: 201 len: 1886 time: 0.3708148
2026-07-15 06:04:45.134 9 INFO neutron.wsgi [None req-a5a0cca8-a566-48be-a340-54cc0d9f84d1 4239e68166ed4136927cb286b7fb9c8a 4df009eeb35b4bdeb722721d47d8db55 - - default default] 10.0.0.208 "DELETE /v2.0/networks/a40a0cf4-39b9-45f2-a26c-16e55c62d032 HTTP/1.1" status: 204 len: 168 time: 0.8548884
2026-07-15 06:04:45.146 9 WARNING neutron.scheduler.dhcp_agent_scheduler [req-828c22ec-4146-46c8-9435-cd0203846e39 req-7c4dbc1a-957a-460a-a646-3ef0edd82655 4531c4ec110e4eeeb655c1dcb8b0121b 4e982297489f47159608aa483e423d5f - - default default] No more DHCP agents
2026-07-15 06:04:45.148 9 WARNING neutron.api.rpc.agentnotifiers.dhcp_rpc_agent_api [req-828c22ec-4146-46c8-9435-cd0203846e39 req-7c4dbc1a-957a-460a-a646-3ef0edd82655 4531c4ec110e4eeeb655c1dcb8b0121b 4e982297489f47159608aa483e423d5f - - default default] Unable to schedule network 88420403-3a67-41e2-8511-124cf8506b72: no agents available; will retry on subsequent port and subnet creation events.
2026-07-15 06:04:45.182 10 INFO neutron.wsgi [req-b3d53333-0668-4dae-8d7d-ae3681d273ef req-66168233-943d-42d7-8e98-5845a07783a4 e09ba427b5704d8889cc19bf728db4b8 02268429e35f456280a3ce8e1d17c185 - - default default] 10.0.0.24 "GET /v2.0/security-groups?tenant_id=02268429e35f456280a3ce8e1d17c185 HTTP/1.1" status: 200 len: 8103 time: 0.0766959 /var/lib/openstack/lib/python3.10/site-packages/pycadf/identifier.py:71: UserWarning: Invalid uuid: neutron. To ensure interoperability, identifiers should be a valid uuid. warnings.warn(('Invalid uuid: %s. To ensure interoperability, '
2026-07-15 06:04:45.228 10 WARNING neutron.scheduler.dhcp_agent_scheduler [req-343fc65f-7fb8-4bf6-a705-c5c9211ddc97 req-da36e2fd-5c50-4e9c-8468-aab611f7d02b d48ac70a7bc0402e8cd09d60772c7493 a0eba1a1e9544e3faba703f1681334e7 - - default default] No more DHCP agents
2026-07-15 06:04:45.234 10 WARNING neutron.api.rpc.agentnotifiers.dhcp_rpc_agent_api [req-343fc65f-7fb8-4bf6-a705-c5c9211ddc97 req-da36e2fd-5c50-4e9c-8468-aab611f7d02b d48ac70a7bc0402e8cd09d60772c7493 a0eba1a1e9544e3faba703f1681334e7 - - default default] Unable to schedule network 366771f7-865e-4087-8412-1ff7f8954879: no agents available; will retry on subsequent port and subnet creation events.
2026-07-15 06:04:45.243 10 INFO neutron.wsgi [req-b3d53333-0668-4dae-8d7d-ae3681d273ef req-6c5d33f2-4171-4a94-aa31-57b3c8a426af e09ba427b5704d8889cc19bf728db4b8 02268429e35f456280a3ce8e1d17c185 - - default default] 10.0.0.24 "GET /v2.0/security-groups/6784b7bc-9677-4177-a897-db0547de73b7 HTTP/1.1" status: 200 len: 3118 time: 0.0539274 /var/lib/openstack/lib/python3.10/site-packages/pycadf/identifier.py:71: UserWarning: Invalid uuid: neutron. To ensure interoperability, identifiers should be a valid uuid. warnings.warn(('Invalid uuid: %s. To ensure interoperability, ' /var/lib/openstack/lib/python3.10/site-packages/pycadf/identifier.py:71: UserWarning: Invalid uuid: neutron. To ensure interoperability, identifiers should be a valid uuid. warnings.warn(('Invalid uuid: %s. To ensure interoperability, '
2026-07-15 06:04:45.306 10 INFO neutron.wsgi [req-b3d53333-0668-4dae-8d7d-ae3681d273ef req-ac1360d0-df66-475b-89df-923d834a23a0 e09ba427b5704d8889cc19bf728db4b8 02268429e35f456280a3ce8e1d17c185 - - default default] 10.0.0.24 "GET /v2.0/security-groups/6784b7bc-9677-4177-a897-db0547de73b7 HTTP/1.1" status: 200 len: 3118 time: 0.0558119
2026-07-15 06:04:45.332 9 INFO neutron.wsgi [None req-99103ed9-3b5e-4990-8641-52ed95f24c0b 4239e68166ed4136927cb286b7fb9c8a 4df009eeb35b4bdeb722721d47d8db55 - - default default] 10.0.0.208 "GET /v2.0/security-groups?tenant_id=39b68d896f34445ba5c285318f7f9904&name=default HTTP/1.1" status: 200 len: 3116 time: 0.0580082
2026-07-15 06:04:45.352 9 INFO neutron.db.ovn_revision_numbers_db [req-828c22ec-4146-46c8-9435-cd0203846e39 req-7c4dbc1a-957a-460a-a646-3ef0edd82655 4531c4ec110e4eeeb655c1dcb8b0121b 4e982297489f47159608aa483e423d5f - - default default] Successfully bumped revision number for resource d4b2e84f-1948-4610-ae88-f39802a22bcf (type: ports) to 1
2026-07-15 06:04:45.389 10 INFO neutron.wsgi [req-3c7ccb30-0e5d-4ead-b47b-b3316a50c26f req-b7a286dd-9a1c-4624-b623-3471a53c55a7 e09ba427b5704d8889cc19bf728db4b8 02268429e35f456280a3ce8e1d17c185 - - default default] 10.0.0.24 "GET /v2.0/security-groups/8c05c3f5-15b1-4d2f-8521-3ebc19336333 HTTP/1.1" status: 200 len: 1881 time: 0.0456192
2026-07-15 06:04:45.391 9 INFO neutron.wsgi [req-828c22ec-4146-46c8-9435-cd0203846e39 req-7c4dbc1a-957a-460a-a646-3ef0edd82655 4531c4ec110e4eeeb655c1dcb8b0121b 4e982297489f47159608aa483e423d5f - - default default] 199.204.45.210 "POST /v2.0/ports HTTP/1.1" status: 201 len: 1162 time: 0.8877783
2026-07-15 06:04:45.428 9 INFO neutron.wsgi [req-828c22ec-4146-46c8-9435-cd0203846e39 req-68e6ef2a-0708-4d67-bd8e-8aad69f83467 4531c4ec110e4eeeb655c1dcb8b0121b 4e982297489f47159608aa483e423d5f - - default default] 199.204.45.210 "GET /v2.0/extensions HTTP/1.1" status: 200 len: 18683 time: 0.0224562
2026-07-15 06:04:45.465 10 INFO neutron.db.ovn_revision_numbers_db [req-343fc65f-7fb8-4bf6-a705-c5c9211ddc97 req-da36e2fd-5c50-4e9c-8468-aab611f7d02b d48ac70a7bc0402e8cd09d60772c7493 a0eba1a1e9544e3faba703f1681334e7 - - default default] Successfully bumped revision number for resource 9fda0994-0217-4903-ba5b-296ad12f25c5 (type: ports) to 1
2026-07-15 06:04:45.494 10 INFO neutron.wsgi [req-343fc65f-7fb8-4bf6-a705-c5c9211ddc97 req-da36e2fd-5c50-4e9c-8468-aab611f7d02b d48ac70a7bc0402e8cd09d60772c7493 a0eba1a1e9544e3faba703f1681334e7 - - default default] 199.204.45.210 "POST /v2.0/ports HTTP/1.1" status: 201 len: 1162 time: 0.7891998
2026-07-15 06:04:45.531 10 INFO neutron.wsgi [req-3c7ccb30-0e5d-4ead-b47b-b3316a50c26f req-84a8e65c-fdcb-45d3-88d7-b178d233d8ae e09ba427b5704d8889cc19bf728db4b8 02268429e35f456280a3ce8e1d17c185 - - default default] 10.0.0.24 "DELETE /v2.0/security-groups/8c05c3f5-15b1-4d2f-8521-3ebc19336333 HTTP/1.1" status: 204 len: 173 time: 0.1355851
2026-07-15 06:04:45.565 10 INFO neutron.api.v2.resource [req-57102b30-cac9-4321-84b7-1375c2714713 req-bdcfa632-85ca-4cc3-b5d1-4437617aeba9 e09ba427b5704d8889cc19bf728db4b8 02268429e35f456280a3ce8e1d17c185 - - default default] show failed (client error): The resource could not be found.
2026-07-15 06:04:45.566 10 INFO neutron.wsgi [req-57102b30-cac9-4321-84b7-1375c2714713 req-bdcfa632-85ca-4cc3-b5d1-4437617aeba9 e09ba427b5704d8889cc19bf728db4b8 02268429e35f456280a3ce8e1d17c185 - - default default] 10.0.0.24 "GET /v2.0/security-groups/8c05c3f5-15b1-4d2f-8521-3ebc19336333 HTTP/1.1" status: 404 len: 352 time: 0.0138683
2026-07-15 06:04:45.578 9 INFO neutron.services.segments.plugin [-] Segment bc02a6a1-5c3b-4aac-a2a8-d6ece5ac7b05 resource provider aggregate not found
2026-07-15 06:04:45.596 9 INFO neutron.services.segments.plugin [-] Segment bc02a6a1-5c3b-4aac-a2a8-d6ece5ac7b05 resource provider not found; error: Placement Client Error (4xx): {"errors": [{"status": 404, "title": "Not Found", "detail": "The resource could not be found.\n\n No resource provider with uuid bc02a6a1-5c3b-4aac-a2a8-d6ece5ac7b05 found for delete ", "request_id": "req-9e29e530-f989-498e-b26d-5c5e6620be73"}]}
2026-07-15 06:04:45.611 9 INFO neutron.services.segments.plugin [-] Segment bc02a6a1-5c3b-4aac-a2a8-d6ece5ac7b05 resource provider aggregate not found
2026-07-15 06:04:45.625 10 INFO neutron.wsgi [req-e20ffdc9-83f6-4132-9e18-1df3df2c23d2 req-bb6daada-93f7-4686-b3f0-fde9b2145603 e09ba427b5704d8889cc19bf728db4b8 02268429e35f456280a3ce8e1d17c185 - - default default] 10.0.0.24 "GET /v2.0/security-groups/448f8c57-713a-4326-8b9e-033bede81b8a HTTP/1.1" status: 200 len: 1880 time: 0.0326309
2026-07-15 06:04:45.626 9 INFO neutron.services.segments.plugin [-] Segment bc02a6a1-5c3b-4aac-a2a8-d6ece5ac7b05 resource provider not found; error: Placement Client Error (4xx): {"errors": [{"status": 404, "title": "Not Found", "detail": "The resource could not be found.\n\n No resource provider with uuid bc02a6a1-5c3b-4aac-a2a8-d6ece5ac7b05 found for delete ", "request_id": "req-0854bda0-9c15-4ccc-9284-fab19b352beb"}]}
2026-07-15 06:04:45.643 9 INFO neutron.wsgi [None req-51041221-e355-4b01-927d-c78102861fa4 4239e68166ed4136927cb286b7fb9c8a 4df009eeb35b4bdeb722721d47d8db55 - - default default] 10.0.0.208 "DELETE /v2.0/security-groups/22eaf17c-99fe-442c-bd10-9511a29b3041 HTTP/1.1" status: 204 len: 168 time: 0.3054111
2026-07-15 06:04:45.935 10 INFO neutron.wsgi [req-0974cacb-00f7-4f98-9527-426bce11e061 req-afbda05b-2833-4654-9c9a-1f7ea0d3803d d48ac70a7bc0402e8cd09d60772c7493 a0eba1a1e9544e3faba703f1681334e7 - - default default] 10.0.0.24 "GET /v2.0/ports?device_id=212c94ae-8b25-451d-910b-87bb8f55014a HTTP/1.1" status: 200 len: 1160 time: 0.2255940
2026-07-15 06:04:45.942 10 INFO neutron.wsgi [req-e20ffdc9-83f6-4132-9e18-1df3df2c23d2 req-d73c9cc5-972a-4a67-878a-08563a9d41a4 e09ba427b5704d8889cc19bf728db4b8 02268429e35f456280a3ce8e1d17c185 - - default default] 10.0.0.24 "DELETE /v2.0/security-groups/448f8c57-713a-4326-8b9e-033bede81b8a HTTP/1.1" status: 204 len: 173 time: 0.3113978
2026-07-15 06:04:45.984 10 INFO neutron.api.v2.resource [req-e8bbd0e1-9ab6-4bfa-8896-e33da6f2b806 req-19eb6cfc-436b-400a-b484-ab7d503dbe2e e09ba427b5704d8889cc19bf728db4b8 02268429e35f456280a3ce8e1d17c185 - - default default] show failed (client error): The resource could not be found.
2026-07-15 06:04:45.985 10 INFO neutron.wsgi [req-e8bbd0e1-9ab6-4bfa-8896-e33da6f2b806 req-19eb6cfc-436b-400a-b484-ab7d503dbe2e e09ba427b5704d8889cc19bf728db4b8 02268429e35f456280a3ce8e1d17c185 - - default default] 10.0.0.24 "GET /v2.0/security-groups/448f8c57-713a-4326-8b9e-033bede81b8a HTTP/1.1" status: 404 len: 352 time: 0.0211208
2026-07-15 06:04:46.013 10 INFO neutron.wsgi [req-0974cacb-00f7-4f98-9527-426bce11e061 req-553cd925-e696-481d-957a-4b9541ea05be d48ac70a7bc0402e8cd09d60772c7493 a0eba1a1e9544e3faba703f1681334e7 - - default default] 10.0.0.24 "GET /v2.0/security-groups?id=cf108d29-c5ff-44e4-8b02-d3babcef8bfa&fields=id&fields=name HTTP/1.1" status: 200 len: 313 time: 0.0696542
2026-07-15 06:04:46.045 10 INFO neutron.wsgi [req-4ce36f85-1018-41d5-a941-3d4a8a8d5dbf req-86880b8c-617d-4f7d-aac0-c9f1f7fca45f e09ba427b5704d8889cc19bf728db4b8 02268429e35f456280a3ce8e1d17c185 - - default default] 10.0.0.24 "GET /v2.0/security-groups/97347a40-9bde-403b-86c3-901fcfa1a389 HTTP/1.1" status: 200 len: 1881 time: 0.0426590
2026-07-15 06:04:46.122 10 INFO neutron.wsgi [req-83338870-4f02-4f8c-a7e1-68fce13f6843 req-e6db175b-4fa2-489f-acd8-d97626871f1f 4531c4ec110e4eeeb655c1dcb8b0121b 4e982297489f47159608aa483e423d5f - - default default] 10.0.0.24 "GET /v2.0/ports?device_id=974b024b-ab4b-4fd5-ad84-c4ff45928630 HTTP/1.1" status: 200 len: 1160 time: 0.0636160
2026-07-15 06:04:46.203 10 INFO neutron.wsgi [req-83338870-4f02-4f8c-a7e1-68fce13f6843 req-2cad0bba-d900-4ad4-b832-c46800541da1 4531c4ec110e4eeeb655c1dcb8b0121b 4e982297489f47159608aa483e423d5f - - default default] 10.0.0.24 "GET /v2.0/security-groups?id=1915b2c3-13e4-4034-9b69-2b2cc13f2e93&fields=id&fields=name HTTP/1.1" status: 200 len: 313 time: 0.0637934
2026-07-15 06:04:46.243 10 INFO neutron.wsgi [req-4ce36f85-1018-41d5-a941-3d4a8a8d5dbf req-69230ba5-b836-4a0c-9cfd-748eeb3b3f8f e09ba427b5704d8889cc19bf728db4b8 02268429e35f456280a3ce8e1d17c185 - - default default] 10.0.0.24 "DELETE /v2.0/security-groups/97347a40-9bde-403b-86c3-901fcfa1a389 HTTP/1.1" status: 204 len: 173 time: 0.1915648
2026-07-15 06:04:46.292 9 INFO neutron.db.ovn_revision_numbers_db [req-343fc65f-7fb8-4bf6-a705-c5c9211ddc97 req-9e8384f7-f7b0-4ce4-afca-891961a29249 cd9b9ee205c84cddbe4d7c10fe1a120b dfcca62c60f942559238de17f9258104 - - 69172da1aae54a58bc71ea00e04f72f7 69172da1aae54a58bc71ea00e04f72f7] Successfully bumped revision number for resource 9fda0994-0217-4903-ba5b-296ad12f25c5 (type: ports) to 2
2026-07-15 06:04:46.292 10 INFO neutron.api.v2.resource [req-bb4f5f26-dc31-48bb-a9b5-1eabf73a3a4b req-4d15a961-fe32-46e2-b0a1-dbc55439200e e09ba427b5704d8889cc19bf728db4b8 02268429e35f456280a3ce8e1d17c185 - - default default] show failed (client error): The resource could not be found.
2026-07-15 06:04:46.293 10 INFO neutron.wsgi [req-bb4f5f26-dc31-48bb-a9b5-1eabf73a3a4b req-4d15a961-fe32-46e2-b0a1-dbc55439200e e09ba427b5704d8889cc19bf728db4b8 02268429e35f456280a3ce8e1d17c185 - - default default] 10.0.0.24 "GET /v2.0/security-groups/97347a40-9bde-403b-86c3-901fcfa1a389 HTTP/1.1" status: 404 len: 352 time: 0.0263762 /var/lib/openstack/lib/python3.10/site-packages/pycadf/identifier.py:71: UserWarning: Invalid uuid: neutron. To ensure interoperability, identifiers should be a valid uuid. warnings.warn(('Invalid uuid: %s. To ensure interoperability, '
2026-07-15 06:04:46.388 10 INFO neutron.wsgi [req-58868552-9365-4f1c-b504-3ec2afa86997 req-65215298-a854-4eb5-aaf6-6c6f6d9a9798 e09ba427b5704d8889cc19bf728db4b8 02268429e35f456280a3ce8e1d17c185 - - default default] 10.0.0.24 "GET /v2.0/security-groups?tenant_id=02268429e35f456280a3ce8e1d17c185 HTTP/1.1" status: 200 len: 3121 time: 0.0665662
2026-07-15 06:04:46.447 10 INFO neutron.wsgi [req-58868552-9365-4f1c-b504-3ec2afa86997 req-074999d1-b178-4635-a033-2c1006aa98c8 e09ba427b5704d8889cc19bf728db4b8 02268429e35f456280a3ce8e1d17c185 - - default default] 10.0.0.24 "GET /v2.0/security-groups/6784b7bc-9677-4177-a897-db0547de73b7 HTTP/1.1" status: 200 len: 3118 time: 0.0506654
2026-07-15 06:04:46.478 10 INFO neutron.db.ovn_revision_numbers_db [req-828c22ec-4146-46c8-9435-cd0203846e39 req-c3a44d40-0ceb-481d-8588-3944a55bfa68 cd9b9ee205c84cddbe4d7c10fe1a120b dfcca62c60f942559238de17f9258104 - - 69172da1aae54a58bc71ea00e04f72f7 69172da1aae54a58bc71ea00e04f72f7] Successfully bumped revision number for resource d4b2e84f-1948-4610-ae88-f39802a22bcf (type: ports) to 2
2026-07-15 06:04:46.489 10 INFO neutron.wsgi [req-58868552-9365-4f1c-b504-3ec2afa86997 req-da148705-d2f4-45f2-a0f1-298b047f77e5 e09ba427b5704d8889cc19bf728db4b8 02268429e35f456280a3ce8e1d17c185 - - default default] 10.0.0.24 "GET /v2.0/security-groups/6784b7bc-9677-4177-a897-db0547de73b7 HTTP/1.1" status: 200 len: 3118 time: 0.0345035
2026-07-15 06:04:46.518 9 INFO neutron.db.ovn_revision_numbers_db [req-343fc65f-7fb8-4bf6-a705-c5c9211ddc97 req-9e8384f7-f7b0-4ce4-afca-891961a29249 cd9b9ee205c84cddbe4d7c10fe1a120b dfcca62c60f942559238de17f9258104 - - 69172da1aae54a58bc71ea00e04f72f7 69172da1aae54a58bc71ea00e04f72f7] Successfully bumped revision number for resource 9fda0994-0217-4903-ba5b-296ad12f25c5 (type: ports) to 2
2026-07-15 06:04:46.525 10 INFO neutron.api.v2.resource [req-52668a5a-943c-42be-90a8-8adcb6a857c4 req-f0ce6d10-5e36-435a-95be-5a6406973118 e09ba427b5704d8889cc19bf728db4b8 02268429e35f456280a3ce8e1d17c185 - - default default] show failed (client error): The resource could not be found.
2026-07-15 06:04:46.526 10 INFO neutron.wsgi [req-52668a5a-943c-42be-90a8-8adcb6a857c4 req-f0ce6d10-5e36-435a-95be-5a6406973118 e09ba427b5704d8889cc19bf728db4b8 02268429e35f456280a3ce8e1d17c185 - - default default] 10.0.0.24 "GET /v2.0/security-groups/97347a40-9bde-403b-86c3-901fcfa1a389 HTTP/1.1" status: 404 len: 352 time: 0.0141225
2026-07-15 06:04:46.539 9 INFO neutron.wsgi [req-343fc65f-7fb8-4bf6-a705-c5c9211ddc97 req-9e8384f7-f7b0-4ce4-afca-891961a29249 cd9b9ee205c84cddbe4d7c10fe1a120b dfcca62c60f942559238de17f9258104 - - 69172da1aae54a58bc71ea00e04f72f7 69172da1aae54a58bc71ea00e04f72f7] 199.204.45.210 "PUT /v2.0/ports/9fda0994-0217-4903-ba5b-296ad12f25c5 HTTP/1.1" status: 200 len: 1380 time: 0.7915835
2026-07-15 06:04:46.561 10 INFO neutron.api.v2.resource [req-87079285-ccea-40c1-a73a-a84bad63a338 req-a23d94b6-40c7-492c-9900-24e63039c4a4 e09ba427b5704d8889cc19bf728db4b8 02268429e35f456280a3ce8e1d17c185 - - default default] show failed (client error): The resource could not be found.
2026-07-15 06:04:46.562 10 INFO neutron.wsgi [req-87079285-ccea-40c1-a73a-a84bad63a338 req-a23d94b6-40c7-492c-9900-24e63039c4a4 e09ba427b5704d8889cc19bf728db4b8 02268429e35f456280a3ce8e1d17c185 - - default default] 10.0.0.24 "GET /v2.0/security-groups/448f8c57-713a-4326-8b9e-033bede81b8a HTTP/1.1" status: 404 len: 352 time: 0.0144348
2026-07-15 06:04:46.614 10 INFO neutron.api.v2.resource [req-02bab3fc-c3d4-46db-bf40-147fb2564118 req-b166b4cc-c02d-4d77-96cd-c921d3371631 e09ba427b5704d8889cc19bf728db4b8 02268429e35f456280a3ce8e1d17c185 - - default default] show failed (client error): The resource could not be found.
2026-07-15 06:04:46.615 10 INFO neutron.wsgi [req-02bab3fc-c3d4-46db-bf40-147fb2564118 req-b166b4cc-c02d-4d77-96cd-c921d3371631 e09ba427b5704d8889cc19bf728db4b8 02268429e35f456280a3ce8e1d17c185 - - default default] 10.0.0.24 "GET /v2.0/security-groups/8c05c3f5-15b1-4d2f-8521-3ebc19336333 HTTP/1.1" status: 404 len: 352 time: 0.0321674 /var/lib/openstack/lib/python3.10/site-packages/pycadf/identifier.py:71: UserWarning: Invalid uuid: neutron. To ensure interoperability, identifiers should be a valid uuid. warnings.warn(('Invalid uuid: %s. To ensure interoperability, '
2026-07-15 06:04:46.717 10 INFO neutron.db.ovn_revision_numbers_db [req-828c22ec-4146-46c8-9435-cd0203846e39 req-c3a44d40-0ceb-481d-8588-3944a55bfa68 cd9b9ee205c84cddbe4d7c10fe1a120b dfcca62c60f942559238de17f9258104 - - 69172da1aae54a58bc71ea00e04f72f7 69172da1aae54a58bc71ea00e04f72f7] Successfully bumped revision number for resource d4b2e84f-1948-4610-ae88-f39802a22bcf (type: ports) to 2
2026-07-15 06:04:46.720 9 INFO neutron.wsgi [req-343fc65f-7fb8-4bf6-a705-c5c9211ddc97 req-01a48173-80e2-4eaf-9b20-a3562f8278f3 cd9b9ee205c84cddbe4d7c10fe1a120b dfcca62c60f942559238de17f9258104 - - 69172da1aae54a58bc71ea00e04f72f7 69172da1aae54a58bc71ea00e04f72f7] 199.204.45.210 "GET /v2.0/ports?tenant_id=a0eba1a1e9544e3faba703f1681334e7&device_id=212c94ae-8b25-451d-910b-87bb8f55014a HTTP/1.1" status: 200 len: 1411 time: 0.0864570
2026-07-15 06:04:46.739 10 INFO neutron.wsgi [req-828c22ec-4146-46c8-9435-cd0203846e39 req-c3a44d40-0ceb-481d-8588-3944a55bfa68 cd9b9ee205c84cddbe4d7c10fe1a120b dfcca62c60f942559238de17f9258104 - - 69172da1aae54a58bc71ea00e04f72f7 69172da1aae54a58bc71ea00e04f72f7] 199.204.45.210 "PUT /v2.0/ports/d4b2e84f-1948-4610-ae88-f39802a22bcf HTTP/1.1" status: 200 len: 1380 time: 0.8471901
2026-07-15 06:04:46.769 9 INFO neutron.wsgi [req-343fc65f-7fb8-4bf6-a705-c5c9211ddc97 req-311358c4-0524-43c5-bab6-2cb1143c9f8a cd9b9ee205c84cddbe4d7c10fe1a120b dfcca62c60f942559238de17f9258104 - - 69172da1aae54a58bc71ea00e04f72f7 69172da1aae54a58bc71ea00e04f72f7] 199.204.45.210 "GET /v2.0/floatingips?fixed_ip_address=10.100.0.14&port_id=9fda0994-0217-4903-ba5b-296ad12f25c5 HTTP/1.1" status: 200 len: 217 time: 0.0373981 /var/lib/openstack/lib/python3.10/site-packages/pycadf/identifier.py:71: UserWarning: Invalid uuid: neutron. To ensure interoperability, identifiers should be a valid uuid. warnings.warn(('Invalid uuid: %s. To ensure interoperability, '
2026-07-15 06:04:46.842 10 INFO neutron.wsgi [req-828c22ec-4146-46c8-9435-cd0203846e39 req-7306442b-21b8-4973-8bf0-d2550aa28b27 cd9b9ee205c84cddbe4d7c10fe1a120b dfcca62c60f942559238de17f9258104 - - 69172da1aae54a58bc71ea00e04f72f7 69172da1aae54a58bc71ea00e04f72f7] 199.204.45.210 "GET /v2.0/ports?tenant_id=4e982297489f47159608aa483e423d5f&device_id=974b024b-ab4b-4fd5-ad84-c4ff45928630 HTTP/1.1" status: 200 len: 1411 time: 0.0632660
2026-07-15 06:04:46.874 10 INFO neutron.wsgi [req-828c22ec-4146-46c8-9435-cd0203846e39 req-c7d74f0a-764d-45ad-8f38-432bda6a5a0b cd9b9ee205c84cddbe4d7c10fe1a120b dfcca62c60f942559238de17f9258104 - - 69172da1aae54a58bc71ea00e04f72f7 69172da1aae54a58bc71ea00e04f72f7] 199.204.45.210 "GET /v2.0/floatingips?fixed_ip_address=10.100.0.11&port_id=d4b2e84f-1948-4610-ae88-f39802a22bcf HTTP/1.1" status: 200 len: 217 time: 0.0269730
2026-07-15 06:04:46.932 10 INFO neutron.wsgi [req-828c22ec-4146-46c8-9435-cd0203846e39 req-86e70e01-42ca-4510-97e0-c3fdd5d7bd8b cd9b9ee205c84cddbe4d7c10fe1a120b dfcca62c60f942559238de17f9258104 - - 69172da1aae54a58bc71ea00e04f72f7 69172da1aae54a58bc71ea00e04f72f7] 199.204.45.210 "GET /v2.0/subnets?id=579b4fad-f6e3-4c10-8557-edac8e4a7dab HTTP/1.1" status: 200 len: 863 time: 0.0501516
2026-07-15 06:04:46.980 10 INFO neutron.wsgi [req-828c22ec-4146-46c8-9435-cd0203846e39 req-4c6dc8e5-0ea3-4967-aea8-aa7a4f963e8b cd9b9ee205c84cddbe4d7c10fe1a120b dfcca62c60f942559238de17f9258104 - - 69172da1aae54a58bc71ea00e04f72f7 69172da1aae54a58bc71ea00e04f72f7] 199.204.45.210 "GET /v2.0/ports?network_id=88420403-3a67-41e2-8511-124cf8506b72&device_owner=network%3Adhcp HTTP/1.1" status: 200 len: 210 time: 0.0363092
2026-07-15 06:04:47.003 9 INFO neutron.wsgi [req-343fc65f-7fb8-4bf6-a705-c5c9211ddc97 req-05fc489c-1721-488e-9502-50f4398d3356 cd9b9ee205c84cddbe4d7c10fe1a120b dfcca62c60f942559238de17f9258104 - - 69172da1aae54a58bc71ea00e04f72f7 69172da1aae54a58bc71ea00e04f72f7] 199.204.45.210 "GET /v2.0/subnets?id=ecdc98dd-26bd-4e8a-916a-6213beb65036 HTTP/1.1" status: 200 len: 876 time: 0.2282004
2026-07-15 06:04:47.045 9 INFO neutron.wsgi [req-343fc65f-7fb8-4bf6-a705-c5c9211ddc97 req-24129af8-8608-41ae-81ab-d2378a017704 cd9b9ee205c84cddbe4d7c10fe1a120b dfcca62c60f942559238de17f9258104 - - 69172da1aae54a58bc71ea00e04f72f7 69172da1aae54a58bc71ea00e04f72f7] 199.204.45.210 "GET /v2.0/ports?network_id=366771f7-865e-4087-8412-1ff7f8954879&device_owner=network%3Adhcp HTTP/1.1" status: 200 len: 210 time: 0.0331681
2026-07-15 06:04:47.045 9 WARNING neutron.plugins.ml2.drivers.ovn.mech_driver.ovsdb.ovn_client [None req-424360a4-b402-4a28-b76b-5c5ebb5779bb - - - - - -] No hosting information found for port bc240bf7-543c-472b-b733-3a70e918ca7a: RuntimeError: No hosting information found for port bc240bf7-543c-472b-b733-3a70e918ca7a
2026-07-15 06:04:47.046 9 INFO neutron.plugins.ml2.drivers.ovn.mech_driver.mech_driver [None req-424360a4-b402-4a28-b76b-5c5ebb5779bb - - - - - -] OVN reports status up for port: 52093b42-2a7e-4c63-a622-d419d7042e89
2026-07-15 06:04:47.057 10 INFO neutron.wsgi [req-828c22ec-4146-46c8-9435-cd0203846e39 req-eee4c75b-b2d0-4fa1-bc55-b98cfaec8908 cd9b9ee205c84cddbe4d7c10fe1a120b dfcca62c60f942559238de17f9258104 - - 69172da1aae54a58bc71ea00e04f72f7 69172da1aae54a58bc71ea00e04f72f7] 199.204.45.210 "GET /v2.0/networks/88420403-3a67-41e2-8511-124cf8506b72?fields=segments HTTP/1.1" status: 200 len: 212 time: 0.0688732
2026-07-15 06:04:47.062 9 INFO neutron.plugins.ml2.plugin [None req-424360a4-b402-4a28-b76b-5c5ebb5779bb - - - - - -] Attempt 1 to provision port 52093b42-2a7e-4c63-a622-d419d7042e89
2026-07-15 06:04:47.129 9 INFO neutron.notifiers.nova [-] Nova event matching ['req-1d943077-b2fb-422e-bcc2-7626ea781b19'] response: {'name': 'network-changed', 'server_uuid': '212c94ae-8b25-451d-910b-87bb8f55014a', 'tag': '9fda0994-0217-4903-ba5b-296ad12f25c5', 'status': 'completed', 'code': 200}
2026-07-15 06:04:47.139 10 INFO neutron.wsgi [req-5d1c6f03-61c5-463c-822b-3eba18738f53 req-1c70871b-adbc-4ce9-9ad7-002212e460e3 d48ac70a7bc0402e8cd09d60772c7493 a0eba1a1e9544e3faba703f1681334e7 - - default default] 10.0.0.24 "GET /v2.0/ports?device_id=212c94ae-8b25-451d-910b-87bb8f55014a HTTP/1.1" status: 200 len: 1172 time: 0.0419829
2026-07-15 06:04:47.158 9 INFO neutron.wsgi [req-343fc65f-7fb8-4bf6-a705-c5c9211ddc97 req-aec92c88-207a-4336-a4a6-87887f95a0a4 cd9b9ee205c84cddbe4d7c10fe1a120b dfcca62c60f942559238de17f9258104 - - 69172da1aae54a58bc71ea00e04f72f7 69172da1aae54a58bc71ea00e04f72f7] 199.204.45.210 "GET /v2.0/networks/366771f7-865e-4087-8412-1ff7f8954879?fields=segments HTTP/1.1" status: 200 len: 212 time: 0.1063051
2026-07-15 06:04:47.175 10 INFO neutron.wsgi [req-828c22ec-4146-46c8-9435-cd0203846e39 req-125e657f-6da6-4e24-8a42-da143a86c2da cd9b9ee205c84cddbe4d7c10fe1a120b dfcca62c60f942559238de17f9258104 - - 69172da1aae54a58bc71ea00e04f72f7 69172da1aae54a58bc71ea00e04f72f7] 199.204.45.210 "GET /v2.0/networks/88420403-3a67-41e2-8511-124cf8506b72?fields=provider%3Aphysical_network&fields=provider%3Anetwork_type HTTP/1.1" status: 200 len: 277 time: 0.1135993
2026-07-15 06:04:47.211 10 INFO neutron.wsgi [req-5d1c6f03-61c5-463c-822b-3eba18738f53 req-b1f38d39-03e5-4187-95f5-fd78a932601b d48ac70a7bc0402e8cd09d60772c7493 a0eba1a1e9544e3faba703f1681334e7 - - default default] 10.0.0.24 "GET /v2.0/security-groups?id=cf108d29-c5ff-44e4-8b02-d3babcef8bfa&fields=id&fields=name HTTP/1.1" status: 200 len: 313 time: 0.0586524
2026-07-15 06:04:47.256 9 INFO neutron.wsgi [req-343fc65f-7fb8-4bf6-a705-c5c9211ddc97 req-627e5634-46cd-4077-90b8-95bc8f3c0d0b cd9b9ee205c84cddbe4d7c10fe1a120b dfcca62c60f942559238de17f9258104 - - 69172da1aae54a58bc71ea00e04f72f7 69172da1aae54a58bc71ea00e04f72f7] 199.204.45.210 "GET /v2.0/networks/366771f7-865e-4087-8412-1ff7f8954879?fields=provider%3Aphysical_network&fields=provider%3Anetwork_type HTTP/1.1" status: 200 len: 277 time: 0.0847573
2026-07-15 06:04:47.282 10 INFO neutron.notifiers.nova [-] Nova event matching ['req-c5e1b643-4992-4244-8b75-e6e9c4acf818'] response: {'name': 'network-changed', 'server_uuid': '974b024b-ab4b-4fd5-ad84-c4ff45928630', 'tag': 'd4b2e84f-1948-4610-ae88-f39802a22bcf', 'status': 'completed', 'code': 200}
2026-07-15 06:04:47.382 10 INFO neutron.wsgi [req-1b8aa794-7412-4d00-b779-b005359ad71b req-ff7a81f2-59ff-4997-97bd-6955371e23f9 4531c4ec110e4eeeb655c1dcb8b0121b 4e982297489f47159608aa483e423d5f - - default default] 10.0.0.24 "GET /v2.0/ports?device_id=974b024b-ab4b-4fd5-ad84-c4ff45928630 HTTP/1.1" status: 200 len: 1172 time: 0.1101849
2026-07-15 06:04:47.427 10 INFO neutron.wsgi [req-1b8aa794-7412-4d00-b779-b005359ad71b req-79bfc512-28e7-444b-b3d8-41a47e3aa105 4531c4ec110e4eeeb655c1dcb8b0121b 4e982297489f47159608aa483e423d5f - - default default] 10.0.0.24 "GET /v2.0/security-groups?id=1915b2c3-13e4-4034-9b69-2b2cc13f2e93&fields=id&fields=name HTTP/1.1" status: 200 len: 313 time: 0.0376530
2026-07-15 06:04:47.493 10 INFO neutron.wsgi [None req-ea6b4749-1fd4-4c4f-a126-dc962b72a588 4239e68166ed4136927cb286b7fb9c8a 4df009eeb35b4bdeb722721d47d8db55 - - default default] 10.0.0.3 "GET /v2.0/agents HTTP/1.1" status: 200 len: 1390 time: 0.1809864
2026-07-15 06:04:47.546 9 INFO neutron.wsgi [req-20b152bd-f77b-401e-b02b-e26971575fff req-34317084-2636-4f56-9b47-be6bf8d896b2 cd9b9ee205c84cddbe4d7c10fe1a120b dfcca62c60f942559238de17f9258104 - - 69172da1aae54a58bc71ea00e04f72f7 69172da1aae54a58bc71ea00e04f72f7] 199.204.45.210 "GET /v2.0/ports?tenant_id=a0eba1a1e9544e3faba703f1681334e7&device_id=212c94ae-8b25-451d-910b-87bb8f55014a HTTP/1.1" status: 200 len: 1411 time: 0.0560234
2026-07-15 06:04:47.571 10 INFO neutron.wsgi [None req-11184f1c-eaf0-49ac-9ff4-d8418b6c6923 4239e68166ed4136927cb286b7fb9c8a 4df009eeb35b4bdeb722721d47d8db55 - - default default] 10.0.0.3 "GET /v2.0/subnets HTTP/1.1" status: 200 len: 3409 time: 0.0770714
2026-07-15 06:04:47.575 10 INFO neutron.wsgi [req-62885ea3-5389-4f5c-87dd-8c2a8074c37f req-d84a90b8-63ae-4cb2-b103-b0bf7c1527b8 cd9b9ee205c84cddbe4d7c10fe1a120b dfcca62c60f942559238de17f9258104 - - 69172da1aae54a58bc71ea00e04f72f7 69172da1aae54a58bc71ea00e04f72f7] 199.204.45.210 "GET /v2.0/ports?tenant_id=4e982297489f47159608aa483e423d5f&device_id=974b024b-ab4b-4fd5-ad84-c4ff45928630 HTTP/1.1" status: 200 len: 1411 time: 0.0569198
2026-07-15 06:04:47.584 10 INFO neutron.wsgi [None req-7eb5381b-8306-403a-9505-21dbd72fecc5 4239e68166ed4136927cb286b7fb9c8a 4df009eeb35b4bdeb722721d47d8db55 - - default default] 10.0.0.3 "GET /v2.0/subnetpools HTTP/1.1" status: 200 len: 193 time: 0.0086114
2026-07-15 06:04:47.672 10 INFO neutron.wsgi [None req-6d4e7d5f-7853-4f7d-9f6b-0a1d8516f7c1 4239e68166ed4136927cb286b7fb9c8a 4df009eeb35b4bdeb722721d47d8db55 - - default default] 10.0.0.3 "GET /v2.0/security-groups HTTP/1.1" status: 200 len: 32009 time: 0.0827432
2026-07-15 06:04:47.685 9 INFO neutron.wsgi [req-20b152bd-f77b-401e-b02b-e26971575fff req-1fb69c28-bc1e-4f64-bd40-ebcf3af17561 cd9b9ee205c84cddbe4d7c10fe1a120b dfcca62c60f942559238de17f9258104 - - 69172da1aae54a58bc71ea00e04f72f7 69172da1aae54a58bc71ea00e04f72f7] 199.204.45.210 "GET /v2.0/networks?id=366771f7-865e-4087-8412-1ff7f8954879 HTTP/1.1" status: 200 len: 981 time: 0.1334860
2026-07-15 06:04:47.686 10 INFO neutron.wsgi [req-62885ea3-5389-4f5c-87dd-8c2a8074c37f req-74b3a191-7714-4286-8731-124fe598ae91 cd9b9ee205c84cddbe4d7c10fe1a120b dfcca62c60f942559238de17f9258104 - - 69172da1aae54a58bc71ea00e04f72f7 69172da1aae54a58bc71ea00e04f72f7] 199.204.45.210 "GET /v2.0/networks?id=88420403-3a67-41e2-8511-124cf8506b72 HTTP/1.1" status: 200 len: 967 time: 0.1034772
2026-07-15 06:04:47.746 10 INFO neutron.wsgi [req-62885ea3-5389-4f5c-87dd-8c2a8074c37f req-3f220c0e-8645-42b9-a7ad-fea045072b35 cd9b9ee205c84cddbe4d7c10fe1a120b dfcca62c60f942559238de17f9258104 - - 69172da1aae54a58bc71ea00e04f72f7 69172da1aae54a58bc71ea00e04f72f7] 199.204.45.210 "GET /v2.0/floatingips?fixed_ip_address=10.100.0.11&port_id=d4b2e84f-1948-4610-ae88-f39802a22bcf HTTP/1.1" status: 200 len: 217 time: 0.0464077
2026-07-15 06:04:47.748 9 INFO neutron.wsgi [req-20b152bd-f77b-401e-b02b-e26971575fff req-6df72706-ab65-4c57-bc54-4cf48ba7c56f cd9b9ee205c84cddbe4d7c10fe1a120b dfcca62c60f942559238de17f9258104 - - 69172da1aae54a58bc71ea00e04f72f7 69172da1aae54a58bc71ea00e04f72f7] 199.204.45.210 "GET /v2.0/floatingips?fixed_ip_address=10.100.0.14&port_id=9fda0994-0217-4903-ba5b-296ad12f25c5 HTTP/1.1" status: 200 len: 217 time: 0.0440440
2026-07-15 06:04:47.807 10 INFO neutron.wsgi [None req-eec02417-c1d1-4372-90be-b301189c2979 4239e68166ed4136927cb286b7fb9c8a 4df009eeb35b4bdeb722721d47d8db55 - - default default] 10.0.0.3 "GET /v2.0/ports HTTP/1.1" status: 200 len: 19415 time: 0.1207299
2026-07-15 06:04:47.822 9 INFO neutron.wsgi [req-20b152bd-f77b-401e-b02b-e26971575fff req-e4613fbc-a6fb-4b49-946e-ffb2c127d477 cd9b9ee205c84cddbe4d7c10fe1a120b dfcca62c60f942559238de17f9258104 - - 69172da1aae54a58bc71ea00e04f72f7 69172da1aae54a58bc71ea00e04f72f7] 199.204.45.210 "GET /v2.0/subnets?id=ecdc98dd-26bd-4e8a-916a-6213beb65036 HTTP/1.1" status: 200 len: 876 time: 0.0662761
2026-07-15 06:04:47.854 10 INFO neutron.wsgi [req-62885ea3-5389-4f5c-87dd-8c2a8074c37f req-34a50962-640b-4066-a325-a459b1a10bda cd9b9ee205c84cddbe4d7c10fe1a120b dfcca62c60f942559238de17f9258104 - - 69172da1aae54a58bc71ea00e04f72f7 69172da1aae54a58bc71ea00e04f72f7] 199.204.45.210 "GET /v2.0/subnets?id=579b4fad-f6e3-4c10-8557-edac8e4a7dab HTTP/1.1" status: 200 len: 863 time: 0.0988255
2026-07-15 06:04:47.863 9 INFO neutron.wsgi [req-20b152bd-f77b-401e-b02b-e26971575fff req-2da252c7-e172-4244-8faa-e619708289be cd9b9ee205c84cddbe4d7c10fe1a120b dfcca62c60f942559238de17f9258104 - - 69172da1aae54a58bc71ea00e04f72f7 69172da1aae54a58bc71ea00e04f72f7] 199.204.45.210 "GET /v2.0/ports?network_id=366771f7-865e-4087-8412-1ff7f8954879&device_owner=network%3Adhcp HTTP/1.1" status: 200 len: 210 time: 0.0336127
2026-07-15 06:04:47.911 10 INFO neutron.wsgi [req-62885ea3-5389-4f5c-87dd-8c2a8074c37f req-6d6a21bc-0533-4395-b794-64df3668c357 cd9b9ee205c84cddbe4d7c10fe1a120b dfcca62c60f942559238de17f9258104 - - 69172da1aae54a58bc71ea00e04f72f7 69172da1aae54a58bc71ea00e04f72f7] 199.204.45.210 "GET /v2.0/ports?network_id=88420403-3a67-41e2-8511-124cf8506b72&device_owner=network%3Adhcp HTTP/1.1" status: 200 len: 210 time: 0.0396464
2026-07-15 06:04:47.917 10 WARNING neutron.plugins.ml2.drivers.ovn.mech_driver.ovsdb.ovn_client [None req-d90ae858-aa8d-4b21-9d44-4f81669ce97e - - - - - -] No hosting information found for port b9a06685-2ffa-4bec-9869-3c84646925d7: RuntimeError: No hosting information found for port b9a06685-2ffa-4bec-9869-3c84646925d7
2026-07-15 06:04:47.917 10 INFO neutron.plugins.ml2.drivers.ovn.mech_driver.mech_driver [None req-d90ae858-aa8d-4b21-9d44-4f81669ce97e - - - - - -] OVN reports status up for port: f3f91554-23b4-4bb0-8006-39ea31f1ee52
2026-07-15 06:04:47.980 10 INFO neutron.plugins.ml2.plugin [None req-d90ae858-aa8d-4b21-9d44-4f81669ce97e - - - - - -] Attempt 1 to provision port f3f91554-23b4-4bb0-8006-39ea31f1ee52
2026-07-15 06:04:48.019 9 INFO neutron.wsgi [req-20b152bd-f77b-401e-b02b-e26971575fff req-ef4e1a72-8760-4200-95d3-fd1afa76bf3c cd9b9ee205c84cddbe4d7c10fe1a120b dfcca62c60f942559238de17f9258104 - - 69172da1aae54a58bc71ea00e04f72f7 69172da1aae54a58bc71ea00e04f72f7] 199.204.45.210 "GET /v2.0/networks/366771f7-865e-4087-8412-1ff7f8954879?fields=segments HTTP/1.1" status: 200 len: 212 time: 0.1466911
2026-07-15 06:04:48.038 10 INFO neutron.wsgi [None req-b46bfac2-fe0f-4571-bf22-a02130c079c5 4239e68166ed4136927cb286b7fb9c8a 4df009eeb35b4bdeb722721d47d8db55 - - default default] 10.0.0.3 "GET /v2.0/routers HTTP/1.1" status: 200 len: 3085 time: 0.2061613
2026-07-15 06:04:48.047 10 INFO neutron.wsgi [req-62885ea3-5389-4f5c-87dd-8c2a8074c37f req-06aea7b0-8792-488a-839a-7281eea89963 cd9b9ee205c84cddbe4d7c10fe1a120b dfcca62c60f942559238de17f9258104 - - 69172da1aae54a58bc71ea00e04f72f7 69172da1aae54a58bc71ea00e04f72f7] 199.204.45.210 "GET /v2.0/networks/88420403-3a67-41e2-8511-124cf8506b72?fields=segments HTTP/1.1" status: 200 len: 212 time: 0.1257770
2026-07-15 06:04:48.052 10 INFO neutron.wsgi [None req-7e538ae3-bda3-4c04-8934-6f38bc1fd0a8 4239e68166ed4136927cb286b7fb9c8a 4df009eeb35b4bdeb722721d47d8db55 - - default default] 10.0.0.3 "GET /v2.0/agents?binary=ovn-controller HTTP/1.1" status: 200 len: 591 time: 0.0115607
2026-07-15 06:04:48.254 10 INFO neutron.wsgi [None req-f5e05627-c99f-4814-968d-dd9a2b5a89cf 4239e68166ed4136927cb286b7fb9c8a 4df009eeb35b4bdeb722721d47d8db55 - - default default] 10.0.0.3 "GET /v2.0/floatingips HTTP/1.1" status: 200 len: 1269 time: 0.1996503
2026-07-15 06:04:48.299 9 ERROR neutron_lib.callbacks.manager [None req-424360a4-b402-4a28-b76b-5c5ebb5779bb - - - - - -] Error during notification for neutron.services.ovn_l3.plugin.OVNL3RouterPlugin._port_update-8739481113318 port, after_update: neutron.db.ovn_revision_numbers_db.StandardAttributeIDNotFound: Standard attribute ID not found for 52093b42-2a7e-4c63-a622-d419d7042e89
2026-07-15 06:04:48.299 9 ERROR neutron_lib.callbacks.manager
Traceback (most recent call last):
2026-07-15 06:04:48.299 9 ERROR neutron_lib.callbacks.manager
File "/var/lib/openstack/lib/python3.10/site-packages/neutron/db/ovn_revision_numbers_db.py", line 106, in _get_standard_attr_id
2026-07-15 06:04:48.299 9 ERROR neutron_lib.callbacks.manager id=resource_uuid).one()
2026-07-15 06:04:48.299 9 ERROR neutron_lib.callbacks.manager
File "/var/lib/openstack/lib/python3.10/site-packages/sqlalchemy/orm/query.py", line 2870, in one
2026-07-15 06:04:48.299 9 ERROR neutron_lib.callbacks.manager return self._iter().one()
2026-07-15 06:04:48.299 9 ERROR neutron_lib.callbacks.manager
File "/var/lib/openstack/lib/python3.10/site-packages/sqlalchemy/engine/result.py", line 1522, in one
2026-07-15 06:04:48.299 9 ERROR neutron_lib.callbacks.manager return self._only_one_row(
2026-07-15 06:04:48.299 9 ERROR neutron_lib.callbacks.manager
File "/var/lib/openstack/lib/python3.10/site-packages/sqlalchemy/engine/result.py", line 562, in _only_one_row
2026-07-15 06:04:48.299 9 ERROR neutron_lib.callbacks.manager raise exc.NoResultFound(
2026-07-15 06:04:48.299 9 ERROR neutron_lib.callbacks.manager sqlalchemy.exc.NoResultFound: No row was found when one was required
2026-07-15 06:04:48.299 9 ERROR neutron_lib.callbacks.manager
2026-07-15 06:04:48.299 9 ERROR neutron_lib.callbacks.manager During handling of the above exception, another exception occurred:
2026-07-15 06:04:48.299 9 ERROR neutron_lib.callbacks.manager
2026-07-15 06:04:48.299 9 ERROR neutron_lib.callbacks.manager
Traceback (most recent call last):
2026-07-15 06:04:48.299 9 ERROR neutron_lib.callbacks.manager
File "/var/lib/openstack/lib/python3.10/site-packages/neutron_lib/callbacks/manager.py", line 189, in _notify_loop
2026-07-15 06:04:48.299 9 ERROR neutron_lib.callbacks.manager callback.method(resource, event, trigger, payload=payload)
2026-07-15 06:04:48.299 9 ERROR neutron_lib.callbacks.manager
File "/var/lib/openstack/lib/python3.10/site-packages/neutron/services/ovn_l3/plugin.py", line 391, in _port_update
2026-07-15 06:04:48.299 9 ERROR neutron_lib.callbacks.manager l3plugin._ovn_client.update_router_port(context,
2026-07-15 06:04:48.299 9 ERROR neutron_lib.callbacks.manager
File "/var/lib/openstack/lib/python3.10/site-packages/neutron/plugins/ml2/drivers/ovn/mech_driver/ovsdb/ovn_client.py", line 1882, in update_router_port
2026-07-15 06:04:48.299 9 ERROR neutron_lib.callbacks.manager db_rev.bump_revision(
2026-07-15 06:04:48.299 9 ERROR neutron_lib.callbacks.manager
File "/var/lib/openstack/lib/python3.10/site-packages/neutron_lib/db/api.py", line 223, in wrapped
2026-07-15 06:04:48.299 9 ERROR neutron_lib.callbacks.manager return f_with_retry(*args, **kwargs,
2026-07-15 06:04:48.299 9 ERROR neutron_lib.callbacks.manager
File "/var/lib/openstack/lib/python3.10/site-packages/neutron_lib/db/api.py", line 137, in wrapped
2026-07-15 06:04:48.299 9 ERROR neutron_lib.callbacks.manager with excutils.save_and_reraise_exception():
2026-07-15 06:04:48.299 9 ERROR neutron_lib.callbacks.manager
File "/var/lib/openstack/lib/python3.10/site-packages/oslo_utils/excutils.py", line 227, in __exit__
2026-07-15 06:04:48.299 9 ERROR neutron_lib.callbacks.manager self.force_reraise()
2026-07-15 06:04:48.299 9 ERROR neutron_lib.callbacks.manager
File "/var/lib/openstack/lib/python3.10/site-packages/oslo_utils/excutils.py", line 200, in force_reraise
2026-07-15 06:04:48.299 9 ERROR neutron_lib.callbacks.manager raise self.value
2026-07-15 06:04:48.299 9 ERROR neutron_lib.callbacks.manager
File "/var/lib/openstack/lib/python3.10/site-packages/neutron_lib/db/api.py", line 135, in wrapped
2026-07-15 06:04:48.299 9 ERROR neutron_lib.callbacks.manager return f(*args, **kwargs)
2026-07-15 06:04:48.299 9 ERROR neutron_lib.callbacks.manager
File "/var/lib/openstack/lib/python3.10/site-packages/oslo_db/api.py", line 144, in wrapper
2026-07-15 06:04:48.299 9 ERROR neutron_lib.callbacks.manager with excutils.save_and_reraise_exception() as ectxt:
2026-07-15 06:04:48.299 9 ERROR neutron_lib.callbacks.manager
File "/var/lib/openstack/lib/python3.10/site-packages/oslo_utils/excutils.py", line 227, in __exit__
2026-07-15 06:04:48.299 9 ERROR neutron_lib.callbacks.manager self.force_reraise()
2026-07-15 06:04:48.299 9 ERROR neutron_lib.callbacks.manager
File "/var/lib/openstack/lib/python3.10/site-packages/oslo_utils/excutils.py", line 200, in force_reraise
2026-07-15 06:04:48.299 9 ERROR neutron_lib.callbacks.manager raise self.value
2026-07-15 06:04:48.299 9 ERROR neutron_lib.callbacks.manager
File "/var/lib/openstack/lib/python3.10/site-packages/oslo_db/api.py", line 142, in wrapper
2026-07-15 06:04:48.299 9 ERROR neutron_lib.callbacks.manager return f(*args, **kwargs)
