2026-07-15 06:04:48.299 9 ERROR neutron_lib.callbacks.manager
File "/var/lib/openstack/lib/python3.10/site-packages/neutron_lib/db/api.py", line 183, in wrapped
2026-07-15 06:04:48.299 9 ERROR neutron_lib.callbacks.manager with excutils.save_and_reraise_exception():
2026-07-15 06:04:48.299 9 ERROR neutron_lib.callbacks.manager
File "/var/lib/openstack/lib/python3.10/site-packages/oslo_utils/excutils.py", line 227, in __exit__
2026-07-15 06:04:48.299 9 ERROR neutron_lib.callbacks.manager self.force_reraise()
2026-07-15 06:04:48.299 9 ERROR neutron_lib.callbacks.manager
File "/var/lib/openstack/lib/python3.10/site-packages/oslo_utils/excutils.py", line 200, in force_reraise
2026-07-15 06:04:48.299 9 ERROR neutron_lib.callbacks.manager raise self.value
2026-07-15 06:04:48.299 9 ERROR neutron_lib.callbacks.manager
File "/var/lib/openstack/lib/python3.10/site-packages/neutron_lib/db/api.py", line 181, in wrapped
2026-07-15 06:04:48.299 9 ERROR neutron_lib.callbacks.manager return f(*dup_args, **dup_kwargs)
2026-07-15 06:04:48.299 9 ERROR neutron_lib.callbacks.manager
File "/var/lib/openstack/lib/python3.10/site-packages/neutron/db/ovn_revision_numbers_db.py", line 192, in bump_revision
2026-07-15 06:04:48.299 9 ERROR neutron_lib.callbacks.manager std_attr_id = _get_standard_attr_id(context, resource['id'],
2026-07-15 06:04:48.299 9 ERROR neutron_lib.callbacks.manager
File "/var/lib/openstack/lib/python3.10/site-packages/neutron/db/ovn_revision_numbers_db.py", line 109, in _get_standard_attr_id
2026-07-15 06:04:48.299 9 ERROR neutron_lib.callbacks.manager raise StandardAttributeIDNotFound(resource_uuid=resource_uuid)
2026-07-15 06:04:48.299 9 ERROR neutron_lib.callbacks.manager neutron.db.ovn_revision_numbers_db.StandardAttributeIDNotFound: Standard attribute ID not found for 52093b42-2a7e-4c63-a622-d419d7042e89
2026-07-15 06:04:48.299 9 ERROR neutron_lib.callbacks.manager 
2026-07-15 06:04:48.307 9 INFO neutron.wsgi [req-20b152bd-f77b-401e-b02b-e26971575fff req-0935e9d6-de88-4d05-9f45-b7612fed440b cd9b9ee205c84cddbe4d7c10fe1a120b dfcca62c60f942559238de17f9258104 - - 69172da1aae54a58bc71ea00e04f72f7 69172da1aae54a58bc71ea00e04f72f7] 199.204.45.210 "GET /v2.0/networks/366771f7-865e-4087-8412-1ff7f8954879?fields=provider%3Aphysical_network&fields=provider%3Anetwork_type HTTP/1.1" status: 200 len: 277 time: 0.2812097
2026-07-15 06:04:48.364 10 INFO neutron.wsgi [req-62885ea3-5389-4f5c-87dd-8c2a8074c37f req-7daab589-bbfb-403b-ba02-5d48b926b4c0 cd9b9ee205c84cddbe4d7c10fe1a120b dfcca62c60f942559238de17f9258104 - - 69172da1aae54a58bc71ea00e04f72f7 69172da1aae54a58bc71ea00e04f72f7] 199.204.45.210 "GET /v2.0/networks/88420403-3a67-41e2-8511-124cf8506b72?fields=provider%3Aphysical_network&fields=provider%3Anetwork_type HTTP/1.1" status: 200 len: 277 time: 0.3112912
2026-07-15 06:04:48.404 9 ERROR ovsdbapp.backend.ovs_idl.command [None req-424360a4-b402-4a28-b76b-5c5ebb5779bb - - - - - -] Error executing command (LspGetUpCommand): ovsdbapp.backend.ovs_idl.idlutils.RowNotFound: Cannot find Logical_Switch_Port with name=52093b42-2a7e-4c63-a622-d419d7042e89
2026-07-15 06:04:48.404 9 ERROR ovsdbapp.backend.ovs_idl.command
Traceback (most recent call last):
2026-07-15 06:04:48.404 9 ERROR ovsdbapp.backend.ovs_idl.command
File "/var/lib/openstack/lib/python3.10/site-packages/ovsdbapp/backend/ovs_idl/command.py", line 47, in execute
2026-07-15 06:04:48.404 9 ERROR ovsdbapp.backend.ovs_idl.command self.run_idl(None)
2026-07-15 06:04:48.404 9 ERROR ovsdbapp.backend.ovs_idl.command
File "/var/lib/openstack/lib/python3.10/site-packages/ovsdbapp/schema/ovn_northbound/commands.py", line 679, in run_idl
2026-07-15 06:04:48.404 9 ERROR ovsdbapp.backend.ovs_idl.command lsp = self.api.lookup('Logical_Switch_Port', self.port)
2026-07-15 06:04:48.404 9 ERROR ovsdbapp.backend.ovs_idl.command
File "/var/lib/openstack/lib/python3.10/site-packages/ovsdbapp/backend/ovs_idl/__init__.py", line 184, in lookup
2026-07-15 06:04:48.404 9 ERROR ovsdbapp.backend.ovs_idl.command return self._lookup(table, record)
2026-07-15 06:04:48.404 9 ERROR ovsdbapp.backend.ovs_idl.command
File "/var/lib/openstack/lib/python3.10/site-packages/ovsdbapp/backend/ovs_idl/__init__.py", line 235, in _lookup
2026-07-15 06:04:48.404 9 ERROR ovsdbapp.backend.ovs_idl.command row = idlutils.row_by_value(self, rl.table, rl.column, record)
2026-07-15 06:04:48.404 9 ERROR ovsdbapp.backend.ovs_idl.command
File "/var/lib/openstack/lib/python3.10/site-packages/ovsdbapp/backend/ovs_idl/idlutils.py", line 114, in row_by_value
2026-07-15 06:04:48.404 9 ERROR ovsdbapp.backend.ovs_idl.command raise RowNotFound(table=table, col=column, match=match)
2026-07-15 06:04:48.404 9 ERROR ovsdbapp.backend.ovs_idl.command ovsdbapp.backend.ovs_idl.idlutils.RowNotFound: Cannot find Logical_Switch_Port with name=52093b42-2a7e-4c63-a622-d419d7042e89
2026-07-15 06:04:48.404 9 ERROR ovsdbapp.backend.ovs_idl.command 
2026-07-15 06:04:48.405 9 ERROR ovsdbapp.event [None req-424360a4-b402-4a28-b76b-5c5ebb5779bb - - - - - -] Unexpected exception in notify_loop: ovsdbapp.backend.ovs_idl.idlutils.RowNotFound: Cannot find Logical_Switch_Port with name=52093b42-2a7e-4c63-a622-d419d7042e89
2026-07-15 06:04:48.405 9 ERROR ovsdbapp.event
Traceback (most recent call last):
2026-07-15 06:04:48.405 9 ERROR ovsdbapp.event
File "/var/lib/openstack/lib/python3.10/site-packages/ovsdbapp/event.py", line 177, in notify_loop
2026-07-15 06:04:48.405 9 ERROR ovsdbapp.event match.run(event, row, updates)
2026-07-15 06:04:48.405 9 ERROR ovsdbapp.event
File "/var/lib/openstack/lib/python3.10/site-packages/neutron/plugins/ml2/drivers/ovn/mech_driver/ovsdb/ovsdb_monitor.py", line 508, in run
2026-07-15 06:04:48.405 9 ERROR ovsdbapp.event self.driver.set_port_status_up(row.name)
2026-07-15 06:04:48.405 9 ERROR ovsdbapp.event
File "/var/lib/openstack/lib/python3.10/site-packages/neutron/plugins/ml2/drivers/ovn/mech_driver/mech_driver.py", line 1278, in set_port_status_up
2026-07-15 06:04:48.405 9 ERROR ovsdbapp.event self._ovn_client.update_lsp_host_info(admin_context, db_port)
2026-07-15 06:04:48.405 9 ERROR ovsdbapp.event
File "/var/lib/openstack/lib/python3.10/site-packages/neutron/plugins/ml2/drivers/ovn/mech_driver/ovsdb/ovn_client.py", line 307, in update_lsp_host_info
2026-07-15 06:04:48.405 9 ERROR ovsdbapp.event port_up = self._nb_idl.lsp_get_up(db_port.id).execute(
2026-07-15 06:04:48.405 9 ERROR ovsdbapp.event
File "/var/lib/openstack/lib/python3.10/site-packages/ovsdbapp/backend/ovs_idl/command.py", line 47, in execute
2026-07-15 06:04:48.405 9 ERROR ovsdbapp.event self.run_idl(None)
2026-07-15 06:04:48.405 9 ERROR ovsdbapp.event
File "/var/lib/openstack/lib/python3.10/site-packages/ovsdbapp/schema/ovn_northbound/commands.py", line 679, in run_idl
2026-07-15 06:04:48.405 9 ERROR ovsdbapp.event lsp = self.api.lookup('Logical_Switch_Port', self.port)
2026-07-15 06:04:48.405 9 ERROR ovsdbapp.event
File "/var/lib/openstack/lib/python3.10/site-packages/ovsdbapp/backend/ovs_idl/__init__.py", line 184, in lookup
2026-07-15 06:04:48.405 9 ERROR ovsdbapp.event return self._lookup(table, record)
2026-07-15 06:04:48.405 9 ERROR ovsdbapp.event
File "/var/lib/openstack/lib/python3.10/site-packages/ovsdbapp/backend/ovs_idl/__init__.py", line 235, in _lookup
2026-07-15 06:04:48.405 9 ERROR ovsdbapp.event row = idlutils.row_by_value(self, rl.table, rl.column, record)
2026-07-15 06:04:48.405 9 ERROR ovsdbapp.event
File "/var/lib/openstack/lib/python3.10/site-packages/ovsdbapp/backend/ovs_idl/idlutils.py", line 114, in row_by_value
2026-07-15 06:04:48.405 9 ERROR ovsdbapp.event raise RowNotFound(table=table, col=column, match=match)
2026-07-15 06:04:48.405 9 ERROR ovsdbapp.event ovsdbapp.backend.ovs_idl.idlutils.RowNotFound: Cannot find Logical_Switch_Port with name=52093b42-2a7e-4c63-a622-d419d7042e89
2026-07-15 06:04:48.405 9 ERROR ovsdbapp.event 
2026-07-15 06:04:48.408 10 INFO neutron.wsgi [None req-9a850c14-cd20-4c63-9135-e8187aef9df3 4239e68166ed4136927cb286b7fb9c8a 4df009eeb35b4bdeb722721d47d8db55 - - default default] 10.0.0.3 "GET /v2.0/networks HTTP/1.1" status: 200 len: 4633 time: 0.1453865
2026-07-15 06:04:48.447 10 INFO neutron.wsgi [req-c2eeec5a-a085-4409-9129-ed4db721b5e4 req-6f2b7ecc-24cd-4f68-bc8f-0dc3f79c697c d48ac70a7bc0402e8cd09d60772c7493 a0eba1a1e9544e3faba703f1681334e7 - - default default] 10.0.0.24 "GET /v2.0/ports?device_id=212c94ae-8b25-451d-910b-87bb8f55014a HTTP/1.1" status: 200 len: 1172 time: 0.1570973
2026-07-15 06:04:48.463 10 INFO neutron.wsgi [None req-ad0b1aea-51dc-4bd4-a1fc-da86b60332ce 4239e68166ed4136927cb286b7fb9c8a 4df009eeb35b4bdeb722721d47d8db55 - - default default] 10.0.0.3 "GET /v2.0/subnets HTTP/1.1" status: 200 len: 3409 time: 0.0500808
2026-07-15 06:04:48.485 10 INFO neutron.wsgi [None req-79840dc4-f00a-433a-9fbe-5641dbfeb467 4239e68166ed4136927cb286b7fb9c8a 4df009eeb35b4bdeb722721d47d8db55 - - default default] 10.0.0.3 "GET /v2.0/network-ip-availabilities HTTP/1.1" status: 200 len: 2716 time: 0.0207748
2026-07-15 06:04:48.503 10 INFO neutron.wsgi [req-c2eeec5a-a085-4409-9129-ed4db721b5e4 req-808a44e8-f668-467d-8d01-1a076b184fa9 d48ac70a7bc0402e8cd09d60772c7493 a0eba1a1e9544e3faba703f1681334e7 - - default default] 10.0.0.24 "GET /v2.0/security-groups?id=cf108d29-c5ff-44e4-8b02-d3babcef8bfa&fields=id&fields=name HTTP/1.1" status: 200 len: 313 time: 0.0400186
2026-07-15 06:04:48.541 10 INFO neutron.wsgi [req-f02c3b3c-da2b-4e1c-8421-9531b9ec7909 req-01c0d89f-cee8-42f6-b202-29b2b38ded6c 4531c4ec110e4eeeb655c1dcb8b0121b 4e982297489f47159608aa483e423d5f - - default default] 10.0.0.24 "GET /v2.0/ports?device_id=974b024b-ab4b-4fd5-ad84-c4ff45928630 HTTP/1.1" status: 200 len: 1172 time: 0.0373759
2026-07-15 06:04:48.584 10 INFO neutron.wsgi [req-f02c3b3c-da2b-4e1c-8421-9531b9ec7909 req-dc142693-b376-4b0f-bb1c-a50e5ee56cbb 4531c4ec110e4eeeb655c1dcb8b0121b 4e982297489f47159608aa483e423d5f - - default default] 10.0.0.24 "GET /v2.0/security-groups?id=1915b2c3-13e4-4034-9b69-2b2cc13f2e93&fields=id&fields=name HTTP/1.1" status: 200 len: 313 time: 0.0368605
2026-07-15 06:04:48.785 9 INFO neutron.db.ovn_revision_numbers_db [None req-47f15a71-fedf-49bd-83c7-42a4a9d9fef0 4239e68166ed4136927cb286b7fb9c8a 4df009eeb35b4bdeb722721d47d8db55 - - default default] Successfully bumped revision number for resource 9708857f-568d-46be-ac33-7dd401f4b2cd (type: security_groups) to 1
2026-07-15 06:04:48.821 9 INFO neutron.db.ovn_revision_numbers_db [None req-47f15a71-fedf-49bd-83c7-42a4a9d9fef0 4239e68166ed4136927cb286b7fb9c8a 4df009eeb35b4bdeb722721d47d8db55 - - default default] Successfully bumped revision number for resource 05cf45d3-0595-45e1-99d6-10be7a85aacf (type: security_group_rules) to 0
2026-07-15 06:04:48.839 9 INFO neutron.db.ovn_revision_numbers_db [None req-47f15a71-fedf-49bd-83c7-42a4a9d9fef0 4239e68166ed4136927cb286b7fb9c8a 4df009eeb35b4bdeb722721d47d8db55 - - default default] Successfully bumped revision number for resource 556bd5b2-4db5-4a51-9abd-745b93120efb (type: security_group_rules) to 0
2026-07-15 06:04:48.869 9 INFO neutron.db.ovn_revision_numbers_db [None req-47f15a71-fedf-49bd-83c7-42a4a9d9fef0 4239e68166ed4136927cb286b7fb9c8a 4df009eeb35b4bdeb722721d47d8db55 - - default default] Successfully bumped revision number for resource 57c75d2d-b720-42c2-b7c7-50dbcfd58915 (type: security_group_rules) to 0
2026-07-15 06:04:48.895 9 INFO neutron.db.ovn_revision_numbers_db [None req-47f15a71-fedf-49bd-83c7-42a4a9d9fef0 4239e68166ed4136927cb286b7fb9c8a 4df009eeb35b4bdeb722721d47d8db55 - - default default] Successfully bumped revision number for resource f6a0dc97-9870-4670-be30-176732ba6969 (type: security_group_rules) to 0
2026-07-15 06:04:48.922 9 INFO neutron.wsgi [None req-47f15a71-fedf-49bd-83c7-42a4a9d9fef0 4239e68166ed4136927cb286b7fb9c8a 4df009eeb35b4bdeb722721d47d8db55 - - default default] 10.0.0.208 "GET /v2.0/security-groups?tenant_id=4e5ba56752c641a19ce9032178feec66&name=default HTTP/1.1" status: 200 len: 3120 time: 0.4061298
2026-07-15 06:04:49.035 9 INFO neutron.wsgi [None req-62414f97-6a0d-492e-959b-3c6945824e2e 4239e68166ed4136927cb286b7fb9c8a 4df009eeb35b4bdeb722721d47d8db55 - - default default] 10.0.0.208 "PUT /v2.0/routers/caed6193-25a0-4e0d-aa5b-245acf40dabd/remove_router_interface HTTP/1.1" status: 200 len: 503 time: 2.4113929 /var/lib/openstack/lib/python3.10/site-packages/pycadf/identifier.py:71: UserWarning: Invalid uuid: neutron. To ensure interoperability, identifiers should be a valid uuid. warnings.warn(('Invalid uuid: %s. To ensure interoperability, '
2026-07-15 06:04:49.195 10 INFO neutron.wsgi [None req-f14d7427-f008-48df-bd1f-78519ce68e0d 4239e68166ed4136927cb286b7fb9c8a 4df009eeb35b4bdeb722721d47d8db55 - - default default] 10.0.0.208 "DELETE /v2.0/security-groups/9708857f-568d-46be-ac33-7dd401f4b2cd HTTP/1.1" status: 204 len: 168 time: 0.2673650
2026-07-15 06:04:49.418 9 INFO neutron.plugins.ml2.drivers.ovn.mech_driver.mech_driver [None req-424360a4-b402-4a28-b76b-5c5ebb5779bb - - - - - -] OVN reports status up for port: d4b2e84f-1948-4610-ae88-f39802a22bcf
2026-07-15 06:04:49.428 10 INFO neutron.plugins.ml2.drivers.ovn.mech_driver.mech_driver [None req-d90ae858-aa8d-4b21-9d44-4f81669ce97e - - - - - -] OVN reports status up for port: 9fda0994-0217-4903-ba5b-296ad12f25c5
2026-07-15 06:04:49.454 9 INFO neutron.plugins.ml2.plugin [None req-424360a4-b402-4a28-b76b-5c5ebb5779bb - - - - - -] Attempt 1 to provision port d4b2e84f-1948-4610-ae88-f39802a22bcf
2026-07-15 06:04:49.465 10 INFO neutron.plugins.ml2.plugin [None req-d90ae858-aa8d-4b21-9d44-4f81669ce97e - - - - - -] Attempt 1 to provision port 9fda0994-0217-4903-ba5b-296ad12f25c5
2026-07-15 06:04:49.672 10 INFO neutron.wsgi [req-24171a1b-0e90-4d0d-8619-5960ddeb0595 req-3cd1d1b1-002c-4d2f-a768-8087bf84bf33 d48ac70a7bc0402e8cd09d60772c7493 a0eba1a1e9544e3faba703f1681334e7 - - default default] 10.0.0.24 "GET /v2.0/ports?device_id=212c94ae-8b25-451d-910b-87bb8f55014a HTTP/1.1" status: 200 len: 1174 time: 0.0574787
2026-07-15 06:04:49.693 10 INFO neutron.notifiers.nova [-] Nova event matching ['req-ebf27f06-3541-4b13-b4f9-52c256edf767'] response: {'server_uuid': '212c94ae-8b25-451d-910b-87bb8f55014a', 'name': 'network-vif-plugged', 'status': 'completed', 'tag': '9fda0994-0217-4903-ba5b-296ad12f25c5', 'code': 200}
2026-07-15 06:04:49.756 10 INFO neutron.wsgi [req-24171a1b-0e90-4d0d-8619-5960ddeb0595 req-e8fdd926-696b-438a-9832-2df988b60109 d48ac70a7bc0402e8cd09d60772c7493 a0eba1a1e9544e3faba703f1681334e7 - - default default] 10.0.0.24 "GET /v2.0/security-groups?id=cf108d29-c5ff-44e4-8b02-d3babcef8bfa&fields=id&fields=name HTTP/1.1" status: 200 len: 313 time: 0.0726533
2026-07-15 06:04:49.790 9 INFO neutron.notifiers.nova [-] Nova event matching ['req-de572387-d5c3-4888-b4e0-253aaf4b5056'] response: {'server_uuid': '974b024b-ab4b-4fd5-ad84-c4ff45928630', 'name': 'network-vif-plugged', 'status': 'completed', 'tag': 'd4b2e84f-1948-4610-ae88-f39802a22bcf', 'code': 200}
2026-07-15 06:04:49.811 10 INFO neutron.wsgi [req-eaa39d76-3b23-42b9-981c-838d61e7e629 req-a4196514-54ff-4385-9bc0-f179bea42a6e 4531c4ec110e4eeeb655c1dcb8b0121b 4e982297489f47159608aa483e423d5f - - default default] 10.0.0.24 "GET /v2.0/ports?device_id=974b024b-ab4b-4fd5-ad84-c4ff45928630 HTTP/1.1" status: 200 len: 1174 time: 0.0805171
2026-07-15 06:04:49.882 10 INFO neutron.wsgi [req-eaa39d76-3b23-42b9-981c-838d61e7e629 req-cb3bde40-ab42-45f7-9d9b-39ee3fb258a5 4531c4ec110e4eeeb655c1dcb8b0121b 4e982297489f47159608aa483e423d5f - - default default] 10.0.0.24 "GET /v2.0/security-groups?id=1915b2c3-13e4-4034-9b69-2b2cc13f2e93&fields=id&fields=name HTTP/1.1" status: 200 len: 313 time: 0.0629480
2026-07-15 06:04:49.904 10 INFO neutron.db.ovn_revision_numbers_db [None req-d90ae858-aa8d-4b21-9d44-4f81669ce97e - - - - - -] Successfully bumped revision number for resource 9fda0994-0217-4903-ba5b-296ad12f25c5 (type: ports) to 4
2026-07-15 06:04:49.964 9 INFO neutron.db.ovn_revision_numbers_db [None req-424360a4-b402-4a28-b76b-5c5ebb5779bb - - - - - -] Successfully bumped revision number for resource d4b2e84f-1948-4610-ae88-f39802a22bcf (type: ports) to 4
2026-07-15 06:04:50.130 9 INFO neutron.wsgi [None req-d2422695-4a08-4201-81aa-bcd4aaea2e20 4239e68166ed4136927cb286b7fb9c8a 4df009eeb35b4bdeb722721d47d8db55 - - default default] 10.0.0.208 "DELETE /v2.0/routers/caed6193-25a0-4e0d-aa5b-245acf40dabd HTTP/1.1" status: 204 len: 168 time: 1.0891609 /var/lib/openstack/lib/python3.10/site-packages/pycadf/identifier.py:71: UserWarning: Invalid uuid: neutron. To ensure interoperability, identifiers should be a valid uuid. warnings.warn(('Invalid uuid: %s. To ensure interoperability, '
2026-07-15 06:04:50.382 9 INFO neutron.wsgi [None req-279720e3-4eca-4f72-a1b1-af53992fb830 4239e68166ed4136927cb286b7fb9c8a 4df009eeb35b4bdeb722721d47d8db55 - - default default] 10.0.0.208 "DELETE /v2.0/subnets/77909fda-db63-4fa5-bc17-acbeb30b7ede HTTP/1.1" status: 204 len: 168 time: 0.2478888 /var/lib/openstack/lib/python3.10/site-packages/pycadf/identifier.py:71: UserWarning: Invalid uuid: neutron. To ensure interoperability, identifiers should be a valid uuid. warnings.warn(('Invalid uuid: %s. To ensure interoperability, '
2026-07-15 06:04:50.895 10 INFO neutron.wsgi [req-a7315868-21b5-40dd-b5ee-6029f4838637 req-0f500226-611f-480d-9548-c4dfb476a177 d48ac70a7bc0402e8cd09d60772c7493 a0eba1a1e9544e3faba703f1681334e7 - - default default] 10.0.0.24 "GET /v2.0/ports?device_id=212c94ae-8b25-451d-910b-87bb8f55014a HTTP/1.1" status: 200 len: 1174 time: 0.0621018
2026-07-15 06:04:50.904 10 INFO neutron.wsgi [None req-36af3b27-2fe6-4bdb-bc0e-3000fc982390 4239e68166ed4136927cb286b7fb9c8a 4df009eeb35b4bdeb722721d47d8db55 - - default default] 10.0.0.208 "DELETE /v2.0/networks/49a2afb2-e389-4b4f-bb8a-78e34ded979a HTTP/1.1" status: 204 len: 168 time: 0.5175073
2026-07-15 06:04:50.978 9 INFO neutron.wsgi [-] 10.0.0.19 "GET / HTTP/1.1" status: 200 len: 246 time: 0.0039599
2026-07-15 06:04:50.981 9 INFO neutron.wsgi [-] 10.0.0.19 "GET / HTTP/1.1" status: 200 len: 246 time: 0.0018263
2026-07-15 06:04:50.982 10 INFO neutron.wsgi [req-a7315868-21b5-40dd-b5ee-6029f4838637 req-4f1120b7-ef57-4200-b79b-0a542b3112ef d48ac70a7bc0402e8cd09d60772c7493 a0eba1a1e9544e3faba703f1681334e7 - - default default] 10.0.0.24 "GET /v2.0/security-groups?id=cf108d29-c5ff-44e4-8b02-d3babcef8bfa&fields=id&fields=name HTTP/1.1" status: 200 len: 313 time: 0.0771234
2026-07-15 06:04:51.023 10 INFO neutron.wsgi [req-14ef8d6e-184f-4a7b-80f9-3124f7707804 req-d1a24e63-95a3-471c-b754-4c90a6f74485 4531c4ec110e4eeeb655c1dcb8b0121b 4e982297489f47159608aa483e423d5f - - default default] 10.0.0.24 "GET /v2.0/ports?device_id=974b024b-ab4b-4fd5-ad84-c4ff45928630 HTTP/1.1" status: 200 len: 1174 time: 0.0552037
2026-07-15 06:04:51.081 10 INFO neutron.wsgi [req-14ef8d6e-184f-4a7b-80f9-3124f7707804 req-6ce5d162-b6d4-4d9c-98c2-1c3543c181d7 4531c4ec110e4eeeb655c1dcb8b0121b 4e982297489f47159608aa483e423d5f - - default default] 10.0.0.24 "GET /v2.0/security-groups?id=1915b2c3-13e4-4034-9b69-2b2cc13f2e93&fields=id&fields=name HTTP/1.1" status: 200 len: 313 time: 0.0518043
2026-07-15 06:04:51.127 10 INFO neutron.wsgi [req-471bbe7c-963a-42e5-bf8f-b94cc4dc2a55 req-af463b08-c386-4f91-90fa-22b33da17c33 d48ac70a7bc0402e8cd09d60772c7493 a0eba1a1e9544e3faba703f1681334e7 - - default default] 10.0.0.24 "GET /v2.0/ports?device_id=212c94ae-8b25-451d-910b-87bb8f55014a HTTP/1.1" status: 200 len: 1174 time: 0.0507367
2026-07-15 06:04:51.281 10 INFO neutron.wsgi [req-04de735e-7afd-49dc-a98b-69be044af6c2 req-2e9a3277-2ab7-4944-b2b3-79c89647ccec 4531c4ec110e4eeeb655c1dcb8b0121b 4e982297489f47159608aa483e423d5f - - default default] 10.0.0.24 "GET /v2.0/ports?device_id=974b024b-ab4b-4fd5-ad84-c4ff45928630 HTTP/1.1" status: 200 len: 1174 time: 0.0986133
2026-07-15 06:04:51.293 10 INFO neutron.wsgi [None req-059516c0-72c8-40fb-865b-e0561e332750 4239e68166ed4136927cb286b7fb9c8a 4df009eeb35b4bdeb722721d47d8db55 - - default default] 10.0.0.208 "GET /v2.0/security-groups?tenant_id=02268429e35f456280a3ce8e1d17c185&name=default HTTP/1.1" status: 200 len: 3116 time: 0.1589181
2026-07-15 06:04:51.687 10 INFO neutron.services.segments.plugin [-] Segment fd1da00c-2973-4520-bf37-cedbbdd5cbd4 resource provider aggregate not found
2026-07-15 06:04:51.690 10 INFO neutron.services.segments.plugin [-] Segment fd1da00c-2973-4520-bf37-cedbbdd5cbd4 resource provider aggregate not found
2026-07-15 06:04:51.712 10 INFO neutron.services.segments.plugin [-] Segment fd1da00c-2973-4520-bf37-cedbbdd5cbd4 resource provider not found; error: Placement Client Error (4xx): {"errors": [{"status": 404, "title": "Not Found", "detail": "The resource could not be found.\n\n No resource provider with uuid fd1da00c-2973-4520-bf37-cedbbdd5cbd4 found for delete ", "request_id": "req-6c260a2b-625d-4bf4-b1ef-50c4e32b79e8"}]}
2026-07-15 06:04:51.714 10 INFO neutron.services.segments.plugin [-] Segment fd1da00c-2973-4520-bf37-cedbbdd5cbd4 resource provider not found; error: Placement Client Error (4xx): {"errors": [{"status": 404, "title": "Not Found", "detail": "The resource could not be found.\n\n No resource provider with uuid fd1da00c-2973-4520-bf37-cedbbdd5cbd4 found for delete ", "request_id": "req-9fac6cd3-d253-4a75-b53a-002ea448b9e0"}]}
2026-07-15 06:04:51.744 10 INFO neutron.notifiers.nova [-] Nova event matching ['req-bef78b4d-1238-473f-883a-d7a747df115d'] response: {'server_uuid': '212c94ae-8b25-451d-910b-87bb8f55014a', 'name': 'network-vif-plugged', 'status': 'completed', 'tag': '9fda0994-0217-4903-ba5b-296ad12f25c5', 'code': 200}
2026-07-15 06:04:51.831 9 INFO neutron.notifiers.nova [-] Nova event matching ['req-fdc793a1-02c0-4f2a-9c51-e46048c88dc0'] response: {'server_uuid': '974b024b-ab4b-4fd5-ad84-c4ff45928630', 'name': 'network-vif-plugged', 'status': 'completed', 'tag': 'd4b2e84f-1948-4610-ae88-f39802a22bcf', 'code': 200}
2026-07-15 06:04:51.940 10 INFO neutron.wsgi [None req-91db2184-3dd6-4253-8766-abac82fd2e6c 4239e68166ed4136927cb286b7fb9c8a 4df009eeb35b4bdeb722721d47d8db55 - - default default] 10.0.0.208 "DELETE /v2.0/security-groups/6784b7bc-9677-4177-a897-db0547de73b7 HTTP/1.1" status: 204 len: 168 time: 0.6376970
2026-07-15 06:04:52.175 10 INFO neutron.db.ovn_revision_numbers_db [None req-b2f11ace-0bb6-4c50-9def-f317bbb47dcd d48ac70a7bc0402e8cd09d60772c7493 a0eba1a1e9544e3faba703f1681334e7 - - default default] Successfully bumped revision number for resource e919be1c-231c-4137-bd65-9a14b8ba673d (type: floatingips) to 1
2026-07-15 06:04:52.283 9 INFO neutron.db.ovn_revision_numbers_db [None req-00c1f598-04ed-45a3-9685-3aa8da9b6299 4531c4ec110e4eeeb655c1dcb8b0121b 4e982297489f47159608aa483e423d5f - - default default] Successfully bumped revision number for resource d0d8e711-f28e-4a73-ae09-b979687a2d0f (type: floatingips) to 1
2026-07-15 06:04:52.336 10 INFO neutron.db.ovn_revision_numbers_db [None req-b2f11ace-0bb6-4c50-9def-f317bbb47dcd d48ac70a7bc0402e8cd09d60772c7493 a0eba1a1e9544e3faba703f1681334e7 - - default default] Successfully bumped revision number for resource e919be1c-231c-4137-bd65-9a14b8ba673d (type: floatingips) to 2
2026-07-15 06:04:52.337 10 INFO neutron.db.l3_db [None req-b2f11ace-0bb6-4c50-9def-f317bbb47dcd d48ac70a7bc0402e8cd09d60772c7493 a0eba1a1e9544e3faba703f1681334e7 - - default default] Floating IP e919be1c-231c-4137-bd65-9a14b8ba673d associated. External IP: 10.96.250.204, port: 9fda0994-0217-4903-ba5b-296ad12f25c5.
2026-07-15 06:04:52.379 10 INFO neutron.wsgi [None req-b2f11ace-0bb6-4c50-9def-f317bbb47dcd d48ac70a7bc0402e8cd09d60772c7493 a0eba1a1e9544e3faba703f1681334e7 - - default default] 10.0.0.208 "PUT /v2.0/floatingips/e919be1c-231c-4137-bd65-9a14b8ba673d HTTP/1.1" status: 200 len: 1050 time: 1.2428641 /var/lib/openstack/lib/python3.10/site-packages/pycadf/identifier.py:71: UserWarning: Invalid uuid: neutron. To ensure interoperability, identifiers should be a valid uuid. warnings.warn(('Invalid uuid: %s. To ensure interoperability, '
2026-07-15 06:04:52.459 9 INFO neutron.db.ovn_revision_numbers_db [None req-00c1f598-04ed-45a3-9685-3aa8da9b6299 4531c4ec110e4eeeb655c1dcb8b0121b 4e982297489f47159608aa483e423d5f - - default default] Successfully bumped revision number for resource d0d8e711-f28e-4a73-ae09-b979687a2d0f (type: floatingips) to 2
2026-07-15 06:04:52.460 9 INFO neutron.db.l3_db [None req-00c1f598-04ed-45a3-9685-3aa8da9b6299 4531c4ec110e4eeeb655c1dcb8b0121b 4e982297489f47159608aa483e423d5f - - default default] Floating IP d0d8e711-f28e-4a73-ae09-b979687a2d0f associated. External IP: 10.96.250.216, port: d4b2e84f-1948-4610-ae88-f39802a22bcf.
2026-07-15 06:04:52.484 10 INFO neutron.wsgi [req-8f231995-3bfb-462b-a3ac-de047fed23b4 req-ab55a162-41b4-4a09-85db-898e05e3a3fb d48ac70a7bc0402e8cd09d60772c7493 a0eba1a1e9544e3faba703f1681334e7 - - default default] 10.0.0.24 "GET /v2.0/ports?device_id=212c94ae-8b25-451d-910b-87bb8f55014a HTTP/1.1" status: 200 len: 1174 time: 0.0482304
2026-07-15 06:04:52.494 9 INFO neutron.wsgi [None req-00c1f598-04ed-45a3-9685-3aa8da9b6299 4531c4ec110e4eeeb655c1dcb8b0121b 4e982297489f47159608aa483e423d5f - - default default] 10.0.0.208 "PUT /v2.0/floatingips/d0d8e711-f28e-4a73-ae09-b979687a2d0f HTTP/1.1" status: 200 len: 1050 time: 1.2017970
2026-07-15 06:04:52.544 10 INFO neutron.wsgi [req-8f231995-3bfb-462b-a3ac-de047fed23b4 req-8d230787-87d5-4ad6-bab7-fd6d3df9b2b3 d48ac70a7bc0402e8cd09d60772c7493 a0eba1a1e9544e3faba703f1681334e7 - - default default] 10.0.0.24 "GET /v2.0/security-groups?id=cf108d29-c5ff-44e4-8b02-d3babcef8bfa&fields=id&fields=name HTTP/1.1" status: 200 len: 313 time: 0.0539596
2026-07-15 06:04:52.645 10 INFO neutron.wsgi [req-9727ad62-b0f9-4208-ac3f-d52ec580cf5f req-048dc881-b65d-465c-9d62-1a06fa1faf6e 4531c4ec110e4eeeb655c1dcb8b0121b 4e982297489f47159608aa483e423d5f - - default default] 10.0.0.24 "GET /v2.0/ports?device_id=974b024b-ab4b-4fd5-ad84-c4ff45928630 HTTP/1.1" status: 200 len: 1174 time: 0.1069129
2026-07-15 06:04:52.693 10 INFO neutron.wsgi [req-9727ad62-b0f9-4208-ac3f-d52ec580cf5f req-31e2b32e-b670-4524-ad3e-8cf9471e7112 4531c4ec110e4eeeb655c1dcb8b0121b 4e982297489f47159608aa483e423d5f - - default default] 10.0.0.24 "GET /v2.0/security-groups?id=1915b2c3-13e4-4034-9b69-2b2cc13f2e93&fields=id&fields=name HTTP/1.1" status: 200 len: 313 time: 0.0416374
2026-07-15 06:04:53.186 9 INFO neutron.plugins.ml2.drivers.ovn.mech_driver.mech_driver [None req-424360a4-b402-4a28-b76b-5c5ebb5779bb - - - - - -] OVN reports status down for port: d4b2e84f-1948-4610-ae88-f39802a22bcf
2026-07-15 06:04:53.208 10 INFO neutron.wsgi [req-3df33bb5-b450-4aa6-8803-1688a213c871 req-8a17315e-3782-4bcd-898e-550eed765b98 4531c4ec110e4eeeb655c1dcb8b0121b 4e982297489f47159608aa483e423d5f - - default default] 10.0.0.24 "GET /v2.0/ports?device_id=974b024b-ab4b-4fd5-ad84-c4ff45928630 HTTP/1.1" status: 200 len: 1174 time: 0.0641057
2026-07-15 06:04:53.276 10 INFO neutron.wsgi [req-3df33bb5-b450-4aa6-8803-1688a213c871 req-a3a08118-e1a8-41c8-922f-3f629ffa8c31 4531c4ec110e4eeeb655c1dcb8b0121b 4e982297489f47159608aa483e423d5f - - default default] 10.0.0.24 "GET /v2.0/security-groups?id=1915b2c3-13e4-4034-9b69-2b2cc13f2e93&fields=id&fields=name HTTP/1.1" status: 200 len: 313 time: 0.0601439
2026-07-15 06:04:53.640 9 INFO neutron.db.ovn_revision_numbers_db [None req-424360a4-b402-4a28-b76b-5c5ebb5779bb - - - - - -] Successfully bumped revision number for resource d4b2e84f-1948-4610-ae88-f39802a22bcf (type: ports) to 5
2026-07-15 06:04:53.679 10 INFO neutron.wsgi [req-1b99a8dd-1c37-4c4d-95c1-99c21fd3b53e req-a941dddc-5c2e-43f7-a769-18bdb83aaa80 4531c4ec110e4eeeb655c1dcb8b0121b 4e982297489f47159608aa483e423d5f - - default default] 199.204.45.210 "GET /v2.0/ports?device_id=974b024b-ab4b-4fd5-ad84-c4ff45928630 HTTP/1.1" status: 200 len: 1172 time: 0.0414810
2026-07-15 06:04:53.830 10 INFO neutron.notifiers.nova [-] Nova event matching ['req-31db8056-a37c-4a38-9d99-840bd2385c52'] response: {'name': 'network-changed', 'server_uuid': '212c94ae-8b25-451d-910b-87bb8f55014a', 'tag': '9fda0994-0217-4903-ba5b-296ad12f25c5', 'status': 'completed', 'code': 200} /var/lib/openstack/lib/python3.10/site-packages/pycadf/identifier.py:71: UserWarning: Invalid uuid: neutron. To ensure interoperability, identifiers should be a valid uuid. warnings.warn(('Invalid uuid: %s. To ensure interoperability, '
2026-07-15 06:04:53.888 9 INFO neutron.notifiers.nova [-] Nova event matching ['req-e31be9e4-1f4d-4976-9f04-bbbd706b19b4'] response: {'name': 'network-changed', 'server_uuid': '974b024b-ab4b-4fd5-ad84-c4ff45928630', 'tag': 'd4b2e84f-1948-4610-ae88-f39802a22bcf', 'status': 'completed', 'code': 200}
2026-07-15 06:04:53.888 9 INFO neutron.notifiers.nova [-] Nova event matching ['req-e31be9e4-1f4d-4976-9f04-bbbd706b19b4'] response: {'server_uuid': '974b024b-ab4b-4fd5-ad84-c4ff45928630', 'name': 'network-vif-unplugged', 'status': 'completed', 'tag': 'd4b2e84f-1948-4610-ae88-f39802a22bcf', 'code': 200}
2026-07-15 06:04:53.888 9 INFO neutron.notifiers.nova [-] Nova event matching ['req-e31be9e4-1f4d-4976-9f04-bbbd706b19b4'] response: {'server_uuid': '974b024b-ab4b-4fd5-ad84-c4ff45928630', 'name': 'network-vif-unplugged', 'status': 'completed', 'tag': 'd4b2e84f-1948-4610-ae88-f39802a22bcf', 'code': 200}
2026-07-15 06:04:53.908 9 INFO neutron.wsgi [req-dfcda929-fe88-4c5c-9f4a-cdb14b2ce254 req-65ee55f5-7eba-4d77-95a1-10541a56e64d cd9b9ee205c84cddbe4d7c10fe1a120b dfcca62c60f942559238de17f9258104 - - 69172da1aae54a58bc71ea00e04f72f7 69172da1aae54a58bc71ea00e04f72f7] 199.204.45.210 "GET /v2.0/ports?tenant_id=a0eba1a1e9544e3faba703f1681334e7&device_id=212c94ae-8b25-451d-910b-87bb8f55014a HTTP/1.1" status: 200 len: 1413 time: 0.0533953
2026-07-15 06:04:53.965 10 INFO neutron.wsgi [req-aec0be83-0174-4e3e-9de7-ec3335735715 req-ba3cfb6e-5237-4820-930e-47ecc63ce63c cd9b9ee205c84cddbe4d7c10fe1a120b dfcca62c60f942559238de17f9258104 - - 69172da1aae54a58bc71ea00e04f72f7 69172da1aae54a58bc71ea00e04f72f7] 199.204.45.210 "GET /v2.0/ports?tenant_id=4e982297489f47159608aa483e423d5f&device_id=974b024b-ab4b-4fd5-ad84-c4ff45928630 HTTP/1.1" status: 200 len: 1411 time: 0.0597324
2026-07-15 06:04:53.982 9 INFO neutron.wsgi [req-dfcda929-fe88-4c5c-9f4a-cdb14b2ce254 req-ba8c69a5-3ec2-4b86-86fc-2e6cc8126ce9 cd9b9ee205c84cddbe4d7c10fe1a120b dfcca62c60f942559238de17f9258104 - - 69172da1aae54a58bc71ea00e04f72f7 69172da1aae54a58bc71ea00e04f72f7] 199.204.45.210 "GET /v2.0/networks?id=366771f7-865e-4087-8412-1ff7f8954879 HTTP/1.1" status: 200 len: 981 time: 0.0699348
2026-07-15 06:04:54.061 9 INFO neutron.wsgi [req-dfcda929-fe88-4c5c-9f4a-cdb14b2ce254 req-82f7f29d-28ba-47da-9126-9ab6c188a088 cd9b9ee205c84cddbe4d7c10fe1a120b dfcca62c60f942559238de17f9258104 - - 69172da1aae54a58bc71ea00e04f72f7 69172da1aae54a58bc71ea00e04f72f7] 199.204.45.210 "GET /v2.0/floatingips?fixed_ip_address=10.100.0.14&port_id=9fda0994-0217-4903-ba5b-296ad12f25c5 HTTP/1.1" status: 200 len: 1060 time: 0.0717666
2026-07-15 06:04:54.097 10 INFO neutron.wsgi [req-aec0be83-0174-4e3e-9de7-ec3335735715 req-a55d36ad-40c4-41fa-b2fd-2d79fb65b7de cd9b9ee205c84cddbe4d7c10fe1a120b dfcca62c60f942559238de17f9258104 - - 69172da1aae54a58bc71ea00e04f72f7 69172da1aae54a58bc71ea00e04f72f7] 199.204.45.210 "GET /v2.0/networks?id=88420403-3a67-41e2-8511-124cf8506b72 HTTP/1.1" status: 200 len: 967 time: 0.1186187
2026-07-15 06:04:54.109 9 INFO neutron.wsgi [req-dfcda929-fe88-4c5c-9f4a-cdb14b2ce254 req-776da403-8e51-420e-984f-aa3f4b2735fc cd9b9ee205c84cddbe4d7c10fe1a120b dfcca62c60f942559238de17f9258104 - - 69172da1aae54a58bc71ea00e04f72f7 69172da1aae54a58bc71ea00e04f72f7] 199.204.45.210 "GET /v2.0/subnets?id=ecdc98dd-26bd-4e8a-916a-6213beb65036 HTTP/1.1" status: 200 len: 876 time: 0.0400357
2026-07-15 06:04:54.142 9 INFO neutron.wsgi [req-dfcda929-fe88-4c5c-9f4a-cdb14b2ce254 req-80ec67b5-fc53-4e3d-b4c7-d663cdf8e062 cd9b9ee205c84cddbe4d7c10fe1a120b dfcca62c60f942559238de17f9258104 - - 69172da1aae54a58bc71ea00e04f72f7 69172da1aae54a58bc71ea00e04f72f7] 199.204.45.210 "GET /v2.0/ports?network_id=366771f7-865e-4087-8412-1ff7f8954879&device_owner=network%3Adhcp HTTP/1.1" status: 200 len: 210 time: 0.0245523
2026-07-15 06:04:54.202 10 INFO neutron.wsgi [req-aec0be83-0174-4e3e-9de7-ec3335735715 req-e94ddd31-764a-42c7-8274-84e61ccc2ee7 cd9b9ee205c84cddbe4d7c10fe1a120b dfcca62c60f942559238de17f9258104 - - 69172da1aae54a58bc71ea00e04f72f7 69172da1aae54a58bc71ea00e04f72f7] 199.204.45.210 "GET /v2.0/floatingips?fixed_ip_address=10.100.0.11&port_id=d4b2e84f-1948-4610-ae88-f39802a22bcf HTTP/1.1" status: 200 len: 1058 time: 0.0918176
2026-07-15 06:04:54.215 9 INFO neutron.wsgi [req-dfcda929-fe88-4c5c-9f4a-cdb14b2ce254 req-baba90a2-4a71-4549-ac85-2f18bdb691c1 cd9b9ee205c84cddbe4d7c10fe1a120b dfcca62c60f942559238de17f9258104 - - 69172da1aae54a58bc71ea00e04f72f7 69172da1aae54a58bc71ea00e04f72f7] 199.204.45.210 "GET /v2.0/networks/366771f7-865e-4087-8412-1ff7f8954879?fields=segments HTTP/1.1" status: 200 len: 212 time: 0.0668461
2026-07-15 06:04:54.279 9 INFO neutron.wsgi [req-dfcda929-fe88-4c5c-9f4a-cdb14b2ce254 req-43fbb2d6-4fbf-4ca0-9032-35b46700dffd cd9b9ee205c84cddbe4d7c10fe1a120b dfcca62c60f942559238de17f9258104 - - 69172da1aae54a58bc71ea00e04f72f7 69172da1aae54a58bc71ea00e04f72f7] 199.204.45.210 "GET /v2.0/networks/366771f7-865e-4087-8412-1ff7f8954879?fields=provider%3Aphysical_network&fields=provider%3Anetwork_type HTTP/1.1" status: 200 len: 277 time: 0.0603859
2026-07-15 06:04:54.302 10 INFO neutron.wsgi [req-aec0be83-0174-4e3e-9de7-ec3335735715 req-e6a97173-ca41-4e5b-bc44-8011726815b6 cd9b9ee205c84cddbe4d7c10fe1a120b dfcca62c60f942559238de17f9258104 - - 69172da1aae54a58bc71ea00e04f72f7 69172da1aae54a58bc71ea00e04f72f7] 199.204.45.210 "GET /v2.0/subnets?id=579b4fad-f6e3-4c10-8557-edac8e4a7dab HTTP/1.1" status: 200 len: 863 time: 0.0953667 /var/lib/openstack/lib/python3.10/site-packages/pycadf/identifier.py:71: UserWarning: Invalid uuid: neutron. To ensure interoperability, identifiers should be a valid uuid. warnings.warn(('Invalid uuid: %s. To ensure interoperability, '
2026-07-15 06:04:54.617 10 INFO neutron.wsgi [req-aec0be83-0174-4e3e-9de7-ec3335735715 req-ff0ad446-5ed9-4b75-a357-599283beb56f cd9b9ee205c84cddbe4d7c10fe1a120b dfcca62c60f942559238de17f9258104 - - 69172da1aae54a58bc71ea00e04f72f7 69172da1aae54a58bc71ea00e04f72f7] 199.204.45.210 "GET /v2.0/ports?network_id=88420403-3a67-41e2-8511-124cf8506b72&device_owner=network%3Adhcp HTTP/1.1" status: 200 len: 210 time: 0.0281696
2026-07-15 06:04:54.644 10 INFO neutron.db.l3_db [req-1b99a8dd-1c37-4c4d-95c1-99c21fd3b53e req-f90aa830-5e5c-4c48-ab6d-9ab0b2e14659 4531c4ec110e4eeeb655c1dcb8b0121b 4e982297489f47159608aa483e423d5f - - default default] Floating IP d0d8e711-f28e-4a73-ae09-b979687a2d0f disassociated. External IP: 10.96.250.216, port: d4b2e84f-1948-4610-ae88-f39802a22bcf.
2026-07-15 06:04:54.692 10 INFO neutron.wsgi [req-d98b0296-3653-4a21-8c49-a3428310a179 req-b7158baa-ac72-4f22-ab4d-ae83793cff54 4531c4ec110e4eeeb655c1dcb8b0121b 4e982297489f47159608aa483e423d5f - - default default] 10.0.0.24 "GET /v2.0/ports?device_id=974b024b-ab4b-4fd5-ad84-c4ff45928630 HTTP/1.1" status: 200 len: 1172 time: 0.1012058
2026-07-15 06:04:54.757 10 INFO neutron.wsgi [req-aec0be83-0174-4e3e-9de7-ec3335735715 req-cb8e24d9-e3e6-4216-ac6f-eae1b006223c cd9b9ee205c84cddbe4d7c10fe1a120b dfcca62c60f942559238de17f9258104 - - 69172da1aae54a58bc71ea00e04f72f7 69172da1aae54a58bc71ea00e04f72f7] 199.204.45.210 "GET /v2.0/networks/88420403-3a67-41e2-8511-124cf8506b72?fields=segments HTTP/1.1" status: 200 len: 212 time: 0.1277790
2026-07-15 06:04:54.811 10 INFO neutron.wsgi [req-d98b0296-3653-4a21-8c49-a3428310a179 req-456b9e3e-8c70-4444-b3a3-dd683409fca5 4531c4ec110e4eeeb655c1dcb8b0121b 4e982297489f47159608aa483e423d5f - - default default] 10.0.0.24 "GET /v2.0/security-groups?id=1915b2c3-13e4-4034-9b69-2b2cc13f2e93&fields=id&fields=name HTTP/1.1" status: 200 len: 313 time: 0.1087430
2026-07-15 06:04:54.908 10 INFO neutron.wsgi [req-aec0be83-0174-4e3e-9de7-ec3335735715 req-c4a46ecf-693b-49ec-a855-bc1c7180997f cd9b9ee205c84cddbe4d7c10fe1a120b dfcca62c60f942559238de17f9258104 - - 69172da1aae54a58bc71ea00e04f72f7 69172da1aae54a58bc71ea00e04f72f7] 199.204.45.210 "GET /v2.0/networks/88420403-3a67-41e2-8511-124cf8506b72?fields=provider%3Aphysical_network&fields=provider%3Anetwork_type HTTP/1.1" status: 200 len: 277 time: 0.1404419
2026-07-15 06:04:54.915 10 INFO neutron.db.ovn_revision_numbers_db [None req-8662f849-7671-4bc9-a655-2eede89534c4 4239e68166ed4136927cb286b7fb9c8a 4df009eeb35b4bdeb722721d47d8db55 - - default default] Successfully bumped revision number for resource 1a31b3cc-a855-4dc2-847a-92bad04c4342 (type: security_groups) to 1
2026-07-15 06:04:54.929 10 INFO neutron.wsgi [req-1b99a8dd-1c37-4c4d-95c1-99c21fd3b53e req-f90aa830-5e5c-4c48-ab6d-9ab0b2e14659 4531c4ec110e4eeeb655c1dcb8b0121b 4e982297489f47159608aa483e423d5f - - default default] 199.204.45.210 "DELETE /v2.0/ports/d4b2e84f-1948-4610-ae88-f39802a22bcf HTTP/1.1" status: 204 len: 173 time: 1.2450047
2026-07-15 06:04:54.937 10 INFO neutron.db.ovn_revision_numbers_db [None req-8662f849-7671-4bc9-a655-2eede89534c4 4239e68166ed4136927cb286b7fb9c8a 4df009eeb35b4bdeb722721d47d8db55 - - default default] Successfully bumped revision number for resource 258f8228-b6b7-443f-a15b-775999395faf (type: security_group_rules) to 0
2026-07-15 06:04:54.957 10 INFO neutron.db.ovn_revision_numbers_db [None req-8662f849-7671-4bc9-a655-2eede89534c4 4239e68166ed4136927cb286b7fb9c8a 4df009eeb35b4bdeb722721d47d8db55 - - default default] Successfully bumped revision number for resource 5b016a3e-ec05-45c6-9b47-97f3d04d3fd3 (type: security_group_rules) to 0
2026-07-15 06:04:54.978 10 INFO neutron.db.ovn_revision_numbers_db [None req-8662f849-7671-4bc9-a655-2eede89534c4 4239e68166ed4136927cb286b7fb9c8a 4df009eeb35b4bdeb722721d47d8db55 - - default default] Successfully bumped revision number for resource 956ff8ce-7b63-4611-ad5f-1414e4e5039f (type: security_group_rules) to 0
2026-07-15 06:04:54.995 10 INFO neutron.db.ovn_revision_numbers_db [None req-8662f849-7671-4bc9-a655-2eede89534c4 4239e68166ed4136927cb286b7fb9c8a 4df009eeb35b4bdeb722721d47d8db55 - - default default] Successfully bumped revision number for resource d3e0c52c-8153-467c-b7c0-4eb5271e3fce (type: security_group_rules) to 0
2026-07-15 06:04:55.049 10 INFO neutron.db.segments_db [None req-8662f849-7671-4bc9-a655-2eede89534c4 4239e68166ed4136927cb286b7fb9c8a 4df009eeb35b4bdeb722721d47d8db55 - - default default] Added segment 9f606cfb-44dc-4332-a26c-3238f4f53d80 of type geneve for network a5cee617-2b2e-48b7-b8c9-c781b2a7527d
2026-07-15 06:04:55.080 9 INFO neutron.db.ovn_revision_numbers_db [None req-346c743e-0be5-4cda-984e-8c4ded4b97d6 4239e68166ed4136927cb286b7fb9c8a 4df009eeb35b4bdeb722721d47d8db55 - - default default] Successfully bumped revision number for resource b81184be-63c8-4e2d-8a75-79b6e31bcd7a (type: security_groups) to 1
2026-07-15 06:04:55.101 9 INFO neutron.db.ovn_revision_numbers_db [None req-346c743e-0be5-4cda-984e-8c4ded4b97d6 4239e68166ed4136927cb286b7fb9c8a 4df009eeb35b4bdeb722721d47d8db55 - - default default] Successfully bumped revision number for resource 0e64bd1c-9d4a-4df0-bcc9-07b409f6a942 (type: security_group_rules) to 0
2026-07-15 06:04:55.116 9 INFO neutron.db.ovn_revision_numbers_db [None req-346c743e-0be5-4cda-984e-8c4ded4b97d6 4239e68166ed4136927cb286b7fb9c8a 4df009eeb35b4bdeb722721d47d8db55 - - default default] Successfully bumped revision number for resource 37d0b653-3f42-4872-b348-259f2fa064d3 (type: security_group_rules) to 0
2026-07-15 06:04:55.132 9 INFO neutron.db.ovn_revision_numbers_db [None req-346c743e-0be5-4cda-984e-8c4ded4b97d6 4239e68166ed4136927cb286b7fb9c8a 4df009eeb35b4bdeb722721d47d8db55 - - default default] Successfully bumped revision number for resource 3a3f91c4-9c8c-4671-998b-78deeb5d3762 (type: security_group_rules) to 0
2026-07-15 06:04:55.146 9 INFO neutron.db.ovn_revision_numbers_db [None req-346c743e-0be5-4cda-984e-8c4ded4b97d6 4239e68166ed4136927cb286b7fb9c8a 4df009eeb35b4bdeb722721d47d8db55 - - default default] Successfully bumped revision number for resource cc9c4ba6-247c-4a79-ab28-fe634b744598 (type: security_group_rules) to 0
2026-07-15 06:04:55.170 9 INFO neutron.wsgi [None req-346c743e-0be5-4cda-984e-8c4ded4b97d6 4239e68166ed4136927cb286b7fb9c8a 4df009eeb35b4bdeb722721d47d8db55 - - default default] 10.0.0.208 "GET /v2.0/security-groups?tenant_id=7b58ff15a1394faeb22756e2563a8b4c&name=default HTTP/1.1" status: 200 len: 3120 time: 0.3246348
2026-07-15 06:04:55.213 10 INFO neutron.db.ovn_revision_numbers_db [None req-8662f849-7671-4bc9-a655-2eede89534c4 4239e68166ed4136927cb286b7fb9c8a 4df009eeb35b4bdeb722721d47d8db55 - - default default] Successfully bumped revision number for resource a5cee617-2b2e-48b7-b8c9-c781b2a7527d (type: networks) to 1
2026-07-15 06:04:55.439 10 WARNING neutron.scheduler.dhcp_agent_scheduler [None req-8662f849-7671-4bc9-a655-2eede89534c4 4239e68166ed4136927cb286b7fb9c8a 4df009eeb35b4bdeb722721d47d8db55 - - default default] No more DHCP agents
2026-07-15 06:04:55.445 10 WARNING neutron.api.rpc.agentnotifiers.dhcp_rpc_agent_api [None req-8662f849-7671-4bc9-a655-2eede89534c4 4239e68166ed4136927cb286b7fb9c8a 4df009eeb35b4bdeb722721d47d8db55 - - default default] Unable to schedule network a5cee617-2b2e-48b7-b8c9-c781b2a7527d: no agents available; will retry on subsequent port and subnet creation events.
2026-07-15 06:04:55.511 10 INFO neutron.wsgi [None req-3972c14b-c9c3-4e06-923c-a04a2837aae0 4239e68166ed4136927cb286b7fb9c8a 4df009eeb35b4bdeb722721d47d8db55 - - default default] 10.0.0.208 "DELETE /v2.0/security-groups/b81184be-63c8-4e2d-8a75-79b6e31bcd7a HTTP/1.1" status: 204 len: 168 time: 0.3363137
2026-07-15 06:04:55.538 10 INFO neutron.db.ovn_revision_numbers_db [None req-8662f849-7671-4bc9-a655-2eede89534c4 4239e68166ed4136927cb286b7fb9c8a 4df009eeb35b4bdeb722721d47d8db55 - - default default] Successfully bumped revision number for resource 8ae339a8-66b8-4ace-bc0b-95b19d2f69ea (type: ports) to 1
2026-07-15 06:04:55.567 10 INFO neutron.wsgi [None req-8662f849-7671-4bc9-a655-2eede89534c4 4239e68166ed4136927cb286b7fb9c8a 4df009eeb35b4bdeb722721d47d8db55 - - default default] 10.0.0.208 "POST /v2.0/networks HTTP/1.1" status: 201 len: 949 time: 1.5139766
2026-07-15 06:04:55.742 10 WARNING neutron.scheduler.dhcp_agent_scheduler [None req-b9801cf8-2dcb-4200-9082-f88a4b8344b4 4239e68166ed4136927cb286b7fb9c8a 4df009eeb35b4bdeb722721d47d8db55 - - default default] No more DHCP agents
2026-07-15 06:04:55.744 10 WARNING neutron.api.rpc.agentnotifiers.dhcp_rpc_agent_api [None req-b9801cf8-2dcb-4200-9082-f88a4b8344b4 4239e68166ed4136927cb286b7fb9c8a 4df009eeb35b4bdeb722721d47d8db55 - - default default] Unable to schedule network a5cee617-2b2e-48b7-b8c9-c781b2a7527d: no agents available; will retry on subsequent port and subnet creation events.
2026-07-15 06:04:55.747 9 INFO neutron.db.ovn_revision_numbers_db [None req-ae80b008-d87e-42fd-8773-a630653faa80 4239e68166ed4136927cb286b7fb9c8a 4df009eeb35b4bdeb722721d47d8db55 - - default default] Successfully bumped revision number for resource 603c2418-cb97-4eb0-8b7d-e9b92918abef (type: security_groups) to 1
2026-07-15 06:04:55.764 9 INFO neutron.db.ovn_revision_numbers_db [None req-ae80b008-d87e-42fd-8773-a630653faa80 4239e68166ed4136927cb286b7fb9c8a 4df009eeb35b4bdeb722721d47d8db55 - - default default] Successfully bumped revision number for resource 28942e2e-953f-4afd-957e-bb02f22bfbce (type: security_group_rules) to 0
2026-07-15 06:04:55.783 9 INFO neutron.db.ovn_revision_numbers_db [None req-ae80b008-d87e-42fd-8773-a630653faa80 4239e68166ed4136927cb286b7fb9c8a 4df009eeb35b4bdeb722721d47d8db55 - - default default] Successfully bumped revision number for resource 64638a54-f999-4689-9395-de370694e550 (type: security_group_rules) to 0
2026-07-15 06:04:55.799 9 INFO neutron.db.ovn_revision_numbers_db [None req-ae80b008-d87e-42fd-8773-a630653faa80 4239e68166ed4136927cb286b7fb9c8a 4df009eeb35b4bdeb722721d47d8db55 - - default default] Successfully bumped revision number for resource 813451cd-d8e2-4d53-9f68-882300aedd08 (type: security_group_rules) to 0
2026-07-15 06:04:55.815 9 INFO neutron.db.ovn_revision_numbers_db [None req-ae80b008-d87e-42fd-8773-a630653faa80 4239e68166ed4136927cb286b7fb9c8a 4df009eeb35b4bdeb722721d47d8db55 - - default default] Successfully bumped revision number for resource e53d438e-9c10-4d62-8e1f-de441567f928 (type: security_group_rules) to 0
2026-07-15 06:04:55.840 9 INFO neutron.wsgi [None req-ae80b008-d87e-42fd-8773-a630653faa80 4239e68166ed4136927cb286b7fb9c8a 4df009eeb35b4bdeb722721d47d8db55 - - default default] 10.0.0.208 "GET /v2.0/security-groups?tenant_id=4018b1d0d74245e3aa1358697ce2692a&name=default HTTP/1.1" status: 200 len: 3120 time: 0.2223134
2026-07-15 06:04:55.869 10 INFO neutron.notifiers.nova [-] Nova event matching ['req-fa510714-e527-4222-bb5f-257b395b0fe8'] response: {'server_uuid': '974b024b-ab4b-4fd5-ad84-c4ff45928630', 'name': 'network-vif-deleted', 'tag': 'd4b2e84f-1948-4610-ae88-f39802a22bcf', 'status': 'completed', 'code': 200}
2026-07-15 06:04:56.028 9 INFO neutron.wsgi [None req-34a8c92a-17f4-4401-b9f9-78b0c13f5196 4531c4ec110e4eeeb655c1dcb8b0121b 4e982297489f47159608aa483e423d5f - - default default] 10.0.0.208 "DELETE /v2.0/security-groups/1915b2c3-13e4-4034-9b69-2b2cc13f2e93 HTTP/1.1" status: 204 len: 168 time: 0.1377575
2026-07-15 06:04:56.045 10 INFO neutron.api.v2.resource [None req-aac1efaa-671f-4f82-bdb3-ceb9f1cd684c 4531c4ec110e4eeeb655c1dcb8b0121b 4e982297489f47159608aa483e423d5f - - default default] show failed (client error): The resource could not be found.
2026-07-15 06:04:56.046 10 INFO neutron.wsgi [None req-aac1efaa-671f-4f82-bdb3-ceb9f1cd684c 4531c4ec110e4eeeb655c1dcb8b0121b 4e982297489f47159608aa483e423d5f - - default default] 10.0.0.208 "GET /v2.0/security-groups/1915b2c3-13e4-4034-9b69-2b2cc13f2e93 HTTP/1.1" status: 404 len: 347 time: 0.0138707
2026-07-15 06:04:56.170 10 INFO neutron.wsgi [None req-46cf0e5d-ca3e-42b1-9da9-9056b5de6892 4239e68166ed4136927cb286b7fb9c8a 4df009eeb35b4bdeb722721d47d8db55 - - default default] 10.0.0.208 "DELETE /v2.0/security-groups/603c2418-cb97-4eb0-8b7d-e9b92918abef HTTP/1.1" status: 204 len: 168 time: 0.3244257
2026-07-15 06:04:56.283 10 INFO neutron.db.ovn_revision_numbers_db [None req-b9801cf8-2dcb-4200-9082-f88a4b8344b4 4239e68166ed4136927cb286b7fb9c8a 4df009eeb35b4bdeb722721d47d8db55 - - default default] Successfully bumped revision number for resource 8ae339a8-66b8-4ace-bc0b-95b19d2f69ea (type: ports) to 2
2026-07-15 06:04:56.316 10 INFO neutron.db.ovn_revision_numbers_db [None req-b9801cf8-2dcb-4200-9082-f88a4b8344b4 4239e68166ed4136927cb286b7fb9c8a 4df009eeb35b4bdeb722721d47d8db55 - - default default] Successfully bumped revision number for resource d47c53af-5a82-4375-818a-0ec2851c9122 (type: subnets) to 0
2026-07-15 06:04:56.333 10 INFO neutron.wsgi [None req-b9801cf8-2dcb-4200-9082-f88a4b8344b4 4239e68166ed4136927cb286b7fb9c8a 4df009eeb35b4bdeb722721d47d8db55 - - default default] 10.0.0.208 "POST /v2.0/subnets HTTP/1.1" status: 201 len: 869 time: 0.7604787
2026-07-15 06:04:56.734 9 INFO neutron.wsgi [None req-9b54d757-dfe9-4101-91cd-2ddf39e1e825 4531c4ec110e4eeeb655c1dcb8b0121b 4e982297489f47159608aa483e423d5f - - default default] 10.0.0.208 "DELETE /v2.0/floatingips/d0d8e711-f28e-4a73-ae09-b979687a2d0f HTTP/1.1" status: 204 len: 168 time: 0.6829493
2026-07-15 06:04:57.194 9 WARNING neutron.scheduler.dhcp_agent_scheduler [None req-86ff7fe8-fd4a-4c36-8a22-a9f3c9101376 4239e68166ed4136927cb286b7fb9c8a 4df009eeb35b4bdeb722721d47d8db55 - - default default] No more DHCP agents
2026-07-15 06:04:57.199 9 WARNING neutron.api.rpc.agentnotifiers.dhcp_rpc_agent_api [None req-86ff7fe8-fd4a-4c36-8a22-a9f3c9101376 4239e68166ed4136927cb286b7fb9c8a 4df009eeb35b4bdeb722721d47d8db55 - - default default] Unable to schedule network 61d64043-fc3e-466a-9133-8257a54ec247: no agents available; will retry on subsequent port and subnet creation events.
2026-07-15 06:04:57.462 9 INFO neutron.db.ovn_revision_numbers_db [None req-86ff7fe8-fd4a-4c36-8a22-a9f3c9101376 4239e68166ed4136927cb286b7fb9c8a 4df009eeb35b4bdeb722721d47d8db55 - - default default] Successfully bumped revision number for resource a9f673e0-0480-4e50-81d5-4582681a2905 (type: ports) to 1
2026-07-15 06:04:58.618 9 INFO neutron.plugins.ml2.drivers.ovn.mech_driver.ovsdb.commands [None req-94d80a61-0f9b-46e0-9929-59e5e401525e - - - - - -] Schedule LRP lrp-a9f673e0-0480-4e50-81d5-4582681a2905 on gateway 09dc8415-5e84-46b1-8c1e-26d17f8a839a with priority 1
2026-07-15 06:04:58.632 10 INFO neutron.plugins.ml2.drivers.ovn.mech_driver.mech_driver [None req-d90ae858-aa8d-4b21-9d44-4f81669ce97e - - - - - -] OVN reports status up for port: a9f673e0-0480-4e50-81d5-4582681a2905
2026-07-15 06:04:58.649 10 INFO neutron.plugins.ml2.drivers.ovn.mech_driver.ovsdb.ovsdb_monitor [None req-738ee074-ef3a-40a1-b4a3-aa7af4e30fbd - - - - - -] Router 4198429c-66ca-4aa2-aa53-73d21a9148c9 is bound to host instance
2026-07-15 06:04:58.659 10 INFO neutron.plugins.ml2.plugin [None req-d90ae858-aa8d-4b21-9d44-4f81669ce97e - - - - - -] Attempt 1 to provision port a9f673e0-0480-4e50-81d5-4582681a2905
2026-07-15 06:04:58.696 9 INFO neutron.db.ovn_revision_numbers_db [None req-86ff7fe8-fd4a-4c36-8a22-a9f3c9101376 4239e68166ed4136927cb286b7fb9c8a 4df009eeb35b4bdeb722721d47d8db55 - - default default] Successfully bumped revision number for resource a9f673e0-0480-4e50-81d5-4582681a2905 (type: router_ports) to 1
2026-07-15 06:04:58.777 9 INFO neutron.wsgi [None req-f823e8f9-4c89-46d2-a5ce-dd6f3f022f5b 4239e68166ed4136927cb286b7fb9c8a 4df009eeb35b4bdeb722721d47d8db55 - - default default] 10.0.0.208 "PUT /v2.0/routers/9b2aed36-9a0e-4fb1-88ba-85ff5cf10485/remove_router_interface HTTP/1.1" status: 200 len: 503 time: 2.0366647 /var/lib/openstack/lib/python3.10/site-packages/pycadf/identifier.py:71: UserWarning: Invalid uuid: neutron. To ensure interoperability, identifiers should be a valid uuid. warnings.warn(('Invalid uuid: %s. To ensure interoperability, '
