2026-07-15 06:05:33.140 10 WARNING neutron.api.rpc.agentnotifiers.dhcp_rpc_agent_api [None req-3f7620cb-d260-4670-bff3-f6e22e9ec039 f53f6289f3aa483c8c68d1824dd4b4df 4c3d4ae95494411391313bf7a6e53af7 - - default default] Unable to schedule network aa77a544-4ed1-41ad-a80e-6c7cf2f08364: no agents available; will retry on subsequent port and subnet creation events.
2026-07-15 06:05:33.236 10 INFO neutron.db.ovn_revision_numbers_db [None req-3f7620cb-d260-4670-bff3-f6e22e9ec039 f53f6289f3aa483c8c68d1824dd4b4df 4c3d4ae95494411391313bf7a6e53af7 - - default default] Successfully bumped revision number for resource 87eeed84-f2ae-488f-a18a-cfc6f857328e (type: ports) to 1
2026-07-15 06:05:33.262 10 INFO neutron.wsgi [None req-3f7620cb-d260-4670-bff3-f6e22e9ec039 f53f6289f3aa483c8c68d1824dd4b4df 4c3d4ae95494411391313bf7a6e53af7 - - default default] 10.0.0.208 "POST /v2.0/networks HTTP/1.1" status: 201 len: 833 time: 0.6183095
2026-07-15 06:05:33.272 10 WARNING neutron_lib.context [None req-44d3f1c6-5f86-4a93-914d-3775d149a3d9 f53f6289f3aa483c8c68d1824dd4b4df 4c3d4ae95494411391313bf7a6e53af7 - - default default] Method 'is_advsvc' is deprecated since 2023.2 release (neutron-lib 3.8.0) and will be removed once support for the old RBAC API policies will be removed from Neutron. Please use method 'is_service_role' instead.
2026-07-15 06:05:33.418 9 ERROR ovsdbapp.backend.ovs_idl.transaction [None req-57b51e7d-9201-405a-9ea5-2ca8532a1ff4 - - - - - -]
Traceback (most recent call last): File "/var/lib/openstack/lib/python3.10/site-packages/ovsdbapp/backend/ovs_idl/connection.py", line 118, in run txn.results.put(txn.do_commit())
File "/var/lib/openstack/lib/python3.10/site-packages/ovsdbapp/backend/ovs_idl/transaction.py", line 92, in do_commit command.run_idl(txn)
File "/var/lib/openstack/lib/python3.10/site-packages/neutron/plugins/ml2/drivers/ovn/mech_driver/ovsdb/commands.py", line 927, in run_idl raise ovn_exc.RevisionConflict( neutron.common.ovn.exceptions.RevisionConflict: OVN revision number for 8c7178fb-5aeb-401f-8d51-b1a68d4376cc (type: ports) is higher than the given resource. Skipping update 
2026-07-15 06:05:33.418 9 INFO neutron.plugins.ml2.drivers.ovn.mech_driver.ovsdb.impl_idl_ovn [None req-57b51e7d-9201-405a-9ea5-2ca8532a1ff4 - - - - - -] Transaction aborted. Reason: OVN revision number for 8c7178fb-5aeb-401f-8d51-b1a68d4376cc (type: ports) is higher than the given resource. Skipping update
2026-07-15 06:05:33.450 10 INFO neutron.services.segments.plugin [-] Segment f187fd5d-b488-41d2-9c19-3e8e8fec8f88 resource provider aggregate not found
2026-07-15 06:05:33.461 10 INFO neutron.services.segments.plugin [-] Segment f187fd5d-b488-41d2-9c19-3e8e8fec8f88 resource provider aggregate not found
2026-07-15 06:05:33.475 9 ERROR ovsdbapp.backend.ovs_idl.command [None req-d8840ef8-b8ac-4bac-b820-1a28df4811ab 4239e68166ed4136927cb286b7fb9c8a 4df009eeb35b4bdeb722721d47d8db55 - - default default] Error executing command (DbGetCommand): ovsdbapp.backend.ovs_idl.idlutils.RowNotFound: Cannot find Logical_Router_Port with name=lrp-41ecf361-f80a-477b-bc98-df95f41064bd
2026-07-15 06:05:33.475 9 ERROR ovsdbapp.backend.ovs_idl.command
Traceback (most recent call last):
2026-07-15 06:05:33.475 9 ERROR ovsdbapp.backend.ovs_idl.command
File "/var/lib/openstack/lib/python3.10/site-packages/ovsdbapp/backend/ovs_idl/command.py", line 47, in execute
2026-07-15 06:05:33.475 9 ERROR ovsdbapp.backend.ovs_idl.command self.run_idl(None)
2026-07-15 06:05:33.475 9 ERROR ovsdbapp.backend.ovs_idl.command
File "/var/lib/openstack/lib/python3.10/site-packages/ovsdbapp/backend/ovs_idl/command.py", line 235, in run_idl
2026-07-15 06:05:33.475 9 ERROR ovsdbapp.backend.ovs_idl.command record = self.api.lookup(self.table, self.record)
2026-07-15 06:05:33.475 9 ERROR ovsdbapp.backend.ovs_idl.command
File "/var/lib/openstack/lib/python3.10/site-packages/ovsdbapp/backend/ovs_idl/__init__.py", line 184, in lookup
2026-07-15 06:05:33.475 9 ERROR ovsdbapp.backend.ovs_idl.command return self._lookup(table, record)
2026-07-15 06:05:33.475 9 ERROR ovsdbapp.backend.ovs_idl.command
File "/var/lib/openstack/lib/python3.10/site-packages/ovsdbapp/backend/ovs_idl/__init__.py", line 235, in _lookup
2026-07-15 06:05:33.475 9 ERROR ovsdbapp.backend.ovs_idl.command row = idlutils.row_by_value(self, rl.table, rl.column, record)
2026-07-15 06:05:33.475 9 ERROR ovsdbapp.backend.ovs_idl.command
File "/var/lib/openstack/lib/python3.10/site-packages/ovsdbapp/backend/ovs_idl/idlutils.py", line 114, in row_by_value
2026-07-15 06:05:33.475 9 ERROR ovsdbapp.backend.ovs_idl.command raise RowNotFound(table=table, col=column, match=match)
2026-07-15 06:05:33.475 9 ERROR ovsdbapp.backend.ovs_idl.command ovsdbapp.backend.ovs_idl.idlutils.RowNotFound: Cannot find Logical_Router_Port with name=lrp-41ecf361-f80a-477b-bc98-df95f41064bd
2026-07-15 06:05:33.475 9 ERROR ovsdbapp.backend.ovs_idl.command 
2026-07-15 06:05:33.475 9 ERROR neutron_lib.callbacks.manager [None req-d8840ef8-b8ac-4bac-b820-1a28df4811ab 4239e68166ed4136927cb286b7fb9c8a 4df009eeb35b4bdeb722721d47d8db55 - - default default] Error during notification for neutron.services.ovn_l3.plugin.OVNL3RouterPlugin._port_update-8739481113318 port, after_update: ovsdbapp.backend.ovs_idl.idlutils.RowNotFound: Cannot find Logical_Router_Port with name=lrp-41ecf361-f80a-477b-bc98-df95f41064bd
2026-07-15 06:05:33.475 9 ERROR neutron_lib.callbacks.manager
Traceback (most recent call last):
2026-07-15 06:05:33.475 9 ERROR neutron_lib.callbacks.manager
File "/var/lib/openstack/lib/python3.10/site-packages/neutron_lib/callbacks/manager.py", line 189, in _notify_loop
2026-07-15 06:05:33.475 9 ERROR neutron_lib.callbacks.manager callback.method(resource, event, trigger, payload=payload)
2026-07-15 06:05:33.475 9 ERROR neutron_lib.callbacks.manager
File "/var/lib/openstack/lib/python3.10/site-packages/neutron/services/ovn_l3/plugin.py", line 391, in _port_update
2026-07-15 06:05:33.475 9 ERROR neutron_lib.callbacks.manager l3plugin._ovn_client.update_router_port(context,
2026-07-15 06:05:33.475 9 ERROR neutron_lib.callbacks.manager
File "/var/lib/openstack/lib/python3.10/site-packages/neutron/plugins/ml2/drivers/ovn/mech_driver/ovsdb/ovn_client.py", line 1878, in update_router_port
2026-07-15 06:05:33.475 9 ERROR neutron_lib.callbacks.manager self._update_lrouter_port(context, port, if_exists=if_exists,
2026-07-15 06:05:33.475 9 ERROR neutron_lib.callbacks.manager
File "/var/lib/openstack/lib/python3.10/site-packages/neutron/plugins/ml2/drivers/ovn/mech_driver/ovsdb/ovn_client.py", line 1855, in _update_lrouter_port
2026-07-15 06:05:33.475 9 ERROR neutron_lib.callbacks.manager external_ids = self._nb_idl.db_get(
2026-07-15 06:05:33.475 9 ERROR neutron_lib.callbacks.manager
File "/var/lib/openstack/lib/python3.10/site-packages/ovsdbapp/backend/ovs_idl/command.py", line 47, in execute
2026-07-15 06:05:33.475 9 ERROR neutron_lib.callbacks.manager self.run_idl(None)
2026-07-15 06:05:33.475 9 ERROR neutron_lib.callbacks.manager
File "/var/lib/openstack/lib/python3.10/site-packages/ovsdbapp/backend/ovs_idl/command.py", line 235, in run_idl
2026-07-15 06:05:33.475 9 ERROR neutron_lib.callbacks.manager record = self.api.lookup(self.table, self.record)
2026-07-15 06:05:33.475 9 ERROR neutron_lib.callbacks.manager
File "/var/lib/openstack/lib/python3.10/site-packages/ovsdbapp/backend/ovs_idl/__init__.py", line 184, in lookup
2026-07-15 06:05:33.475 9 ERROR neutron_lib.callbacks.manager return self._lookup(table, record)
2026-07-15 06:05:33.475 9 ERROR neutron_lib.callbacks.manager
File "/var/lib/openstack/lib/python3.10/site-packages/ovsdbapp/backend/ovs_idl/__init__.py", line 235, in _lookup
2026-07-15 06:05:33.475 9 ERROR neutron_lib.callbacks.manager row = idlutils.row_by_value(self, rl.table, rl.column, record)
2026-07-15 06:05:33.475 9 ERROR neutron_lib.callbacks.manager
File "/var/lib/openstack/lib/python3.10/site-packages/ovsdbapp/backend/ovs_idl/idlutils.py", line 114, in row_by_value
2026-07-15 06:05:33.475 9 ERROR neutron_lib.callbacks.manager raise RowNotFound(table=table, col=column, match=match)
2026-07-15 06:05:33.475 9 ERROR neutron_lib.callbacks.manager ovsdbapp.backend.ovs_idl.idlutils.RowNotFound: Cannot find Logical_Router_Port with name=lrp-41ecf361-f80a-477b-bc98-df95f41064bd
2026-07-15 06:05:33.475 9 ERROR neutron_lib.callbacks.manager 
2026-07-15 06:05:33.479 10 INFO neutron.services.segments.plugin [-] Segment f187fd5d-b488-41d2-9c19-3e8e8fec8f88 resource provider not found; error: Placement Client Error (4xx): {"errors": [{"status": 404, "title": "Not Found", "detail": "The resource could not be found.\n\n No resource provider with uuid f187fd5d-b488-41d2-9c19-3e8e8fec8f88 found for delete ", "request_id": "req-a13ba458-4181-41fc-84c7-44f9f430a55e"}]}
2026-07-15 06:05:33.480 10 INFO neutron.services.segments.plugin [-] Segment f187fd5d-b488-41d2-9c19-3e8e8fec8f88 resource provider not found; error: Placement Client Error (4xx): {"errors": [{"status": 404, "title": "Not Found", "detail": "The resource could not be found.\n\n No resource provider with uuid f187fd5d-b488-41d2-9c19-3e8e8fec8f88 found for delete ", "request_id": "req-6953ec5e-6e85-4f00-9b12-53879a3365f1"}]}
2026-07-15 06:05:33.484 9 INFO neutron.db.ovn_revision_numbers_db [None req-424360a4-b402-4a28-b76b-5c5ebb5779bb - - - - - -] Successfully bumped revision number for resource 8c7178fb-5aeb-401f-8d51-b1a68d4376cc (type: ports) to 4
2026-07-15 06:05:33.573 10 WARNING neutron.scheduler.dhcp_agent_scheduler [None req-44d3f1c6-5f86-4a93-914d-3775d149a3d9 f53f6289f3aa483c8c68d1824dd4b4df 4c3d4ae95494411391313bf7a6e53af7 - - default default] No more DHCP agents
2026-07-15 06:05:33.576 10 WARNING neutron.api.rpc.agentnotifiers.dhcp_rpc_agent_api [None req-44d3f1c6-5f86-4a93-914d-3775d149a3d9 f53f6289f3aa483c8c68d1824dd4b4df 4c3d4ae95494411391313bf7a6e53af7 - - default default] Unable to schedule network aa77a544-4ed1-41ad-a80e-6c7cf2f08364: no agents available; will retry on subsequent port and subnet creation events.
2026-07-15 06:05:33.607 10 INFO neutron.db.ovn_revision_numbers_db [None req-44d3f1c6-5f86-4a93-914d-3775d149a3d9 f53f6289f3aa483c8c68d1824dd4b4df 4c3d4ae95494411391313bf7a6e53af7 - - default default] Successfully bumped revision number for resource 7707c3f6-6649-4b71-b46f-9e26c1c522b0 (type: subnets) to 0
2026-07-15 06:05:33.623 10 INFO neutron.wsgi [None req-44d3f1c6-5f86-4a93-914d-3775d149a3d9 f53f6289f3aa483c8c68d1824dd4b4df 4c3d4ae95494411391313bf7a6e53af7 - - default default] 10.0.0.208 "POST /v2.0/subnets HTTP/1.1" status: 201 len: 821 time: 0.3562639
2026-07-15 06:05:33.633 10 WARNING neutron_lib.context [None req-4842f9ce-69d6-45d9-8a6a-79afc31fca52 f53f6289f3aa483c8c68d1824dd4b4df 4c3d4ae95494411391313bf7a6e53af7 - - default default] Method 'is_advsvc' is deprecated since 2023.2 release (neutron-lib 3.8.0) and will be removed once support for the old RBAC API policies will be removed from Neutron. Please use method 'is_service_role' instead.
2026-07-15 06:05:33.750 10 INFO neutron.db.ovn_revision_numbers_db [None req-4842f9ce-69d6-45d9-8a6a-79afc31fca52 f53f6289f3aa483c8c68d1824dd4b4df 4c3d4ae95494411391313bf7a6e53af7 - - default default] Successfully bumped revision number for resource 16bd7950-1b28-440f-93af-9a861cba26db (type: routers) to 1
2026-07-15 06:05:33.766 10 INFO neutron.wsgi [None req-4842f9ce-69d6-45d9-8a6a-79afc31fca52 f53f6289f3aa483c8c68d1824dd4b4df 4c3d4ae95494411391313bf7a6e53af7 - - default default] 10.0.0.208 "POST /v2.0/routers HTTP/1.1" status: 201 len: 806 time: 0.1384168
2026-07-15 06:05:33.777 10 WARNING neutron_lib.context [None req-a517dac3-2150-4e9d-9936-3adbd4a1e524 f53f6289f3aa483c8c68d1824dd4b4df 4c3d4ae95494411391313bf7a6e53af7 - - default default] Method 'is_advsvc' is deprecated since 2023.2 release (neutron-lib 3.8.0) and will be removed once support for the old RBAC API policies will be removed from Neutron. Please use method 'is_service_role' instead.
2026-07-15 06:05:33.814 10 INFO neutron.plugins.ml2.drivers.ovn.mech_driver.mech_driver [None req-d90ae858-aa8d-4b21-9d44-4f81669ce97e - - - - - -] OVN reports status up for port: 41ecf361-f80a-477b-bc98-df95f41064bd
2026-07-15 06:05:33.826 10 INFO neutron.plugins.ml2.plugin [None req-d90ae858-aa8d-4b21-9d44-4f81669ce97e - - - - - -] Attempt 1 to provision port 41ecf361-f80a-477b-bc98-df95f41064bd
2026-07-15 06:05:33.851 9 INFO neutron.db.ovn_revision_numbers_db [None req-d8840ef8-b8ac-4bac-b820-1a28df4811ab 4239e68166ed4136927cb286b7fb9c8a 4df009eeb35b4bdeb722721d47d8db55 - - default default] Successfully bumped revision number for resource 41ecf361-f80a-477b-bc98-df95f41064bd (type: ports) to 1
2026-07-15 06:05:33.878 9 INFO neutron.db.ovn_revision_numbers_db [None req-424360a4-b402-4a28-b76b-5c5ebb5779bb - - - - - -] Successfully bumped revision number for resource 8c7178fb-5aeb-401f-8d51-b1a68d4376cc (type: router_ports) to 4
2026-07-15 06:05:33.928 9 WARNING neutron.scheduler.dhcp_agent_scheduler [None req-d8840ef8-b8ac-4bac-b820-1a28df4811ab 4239e68166ed4136927cb286b7fb9c8a 4df009eeb35b4bdeb722721d47d8db55 - - default default] No more DHCP agents
2026-07-15 06:05:33.929 9 WARNING neutron.api.rpc.agentnotifiers.dhcp_rpc_agent_api [None req-d8840ef8-b8ac-4bac-b820-1a28df4811ab 4239e68166ed4136927cb286b7fb9c8a 4df009eeb35b4bdeb722721d47d8db55 - - default default] Unable to schedule network 77a2fd90-5857-4d6b-a7dd-7bac8c0ef9b6: no agents available; will retry on subsequent port and subnet creation events.
2026-07-15 06:05:34.270 10 WARNING neutron.scheduler.dhcp_agent_scheduler [None req-a517dac3-2150-4e9d-9936-3adbd4a1e524 f53f6289f3aa483c8c68d1824dd4b4df 4c3d4ae95494411391313bf7a6e53af7 - - default default] No more DHCP agents
2026-07-15 06:05:34.277 10 WARNING neutron.api.rpc.agentnotifiers.dhcp_rpc_agent_api [None req-a517dac3-2150-4e9d-9936-3adbd4a1e524 f53f6289f3aa483c8c68d1824dd4b4df 4c3d4ae95494411391313bf7a6e53af7 - - default default] Unable to schedule network aa77a544-4ed1-41ad-a80e-6c7cf2f08364: no agents available; will retry on subsequent port and subnet creation events.
2026-07-15 06:05:34.469 10 INFO neutron.db.ovn_revision_numbers_db [None req-d90ae858-aa8d-4b21-9d44-4f81669ce97e - - - - - -] Successfully bumped revision number for resource 41ecf361-f80a-477b-bc98-df95f41064bd (type: ports) to 2
2026-07-15 06:05:34.490 9 INFO neutron.db.ovn_revision_numbers_db [None req-d8840ef8-b8ac-4bac-b820-1a28df4811ab 4239e68166ed4136927cb286b7fb9c8a 4df009eeb35b4bdeb722721d47d8db55 - - default default] Successfully bumped revision number for resource 41ecf361-f80a-477b-bc98-df95f41064bd (type: router_ports) to 1
2026-07-15 06:05:34.496 9 INFO neutron.wsgi [None req-d8840ef8-b8ac-4bac-b820-1a28df4811ab 4239e68166ed4136927cb286b7fb9c8a 4df009eeb35b4bdeb722721d47d8db55 - - default default] 10.0.0.208 "PUT /v2.0/routers/7e0d9b5d-9852-4f26-b099-6f960b2648ab/add_router_interface HTTP/1.1" status: 200 len: 503 time: 3.9139607
2026-07-15 06:05:34.778 10 INFO neutron.db.ovn_revision_numbers_db [None req-a517dac3-2150-4e9d-9936-3adbd4a1e524 f53f6289f3aa483c8c68d1824dd4b4df 4c3d4ae95494411391313bf7a6e53af7 - - default default] Successfully bumped revision number for resource 474817c8-acbe-4893-90f7-83e90983e480 (type: ports) to 1
2026-07-15 06:05:34.824 10 INFO neutron.wsgi [None req-a517dac3-2150-4e9d-9936-3adbd4a1e524 f53f6289f3aa483c8c68d1824dd4b4df 4c3d4ae95494411391313bf7a6e53af7 - - default default] 10.0.0.208 "POST /v2.0/ports HTTP/1.1" status: 201 len: 1159 time: 1.0521722
2026-07-15 06:05:34.907 10 INFO neutron.db.ovn_revision_numbers_db [None req-d90ae858-aa8d-4b21-9d44-4f81669ce97e - - - - - -] Successfully bumped revision number for resource 41ecf361-f80a-477b-bc98-df95f41064bd (type: router_ports) to 2 /var/lib/openstack/lib/python3.10/site-packages/pycadf/identifier.py:71: UserWarning: Invalid uuid: neutron. To ensure interoperability, identifiers should be a valid uuid. warnings.warn(('Invalid uuid: %s. To ensure interoperability, '
2026-07-15 06:05:35.237 10 WARNING neutron_lib.context [None req-3c5421ba-4209-4906-93d2-9fcbdf085667 2101693d77b14345b06216b4f0813ac1 77c7d908e9bf44a5a2fe13acd906911f - - default default] Method 'is_advsvc' is deprecated since 2023.2 release (neutron-lib 3.8.0) and will be removed once support for the old RBAC API policies will be removed from Neutron. Please use method 'is_service_role' instead.
2026-07-15 06:05:35.302 9 INFO neutron.db.ovn_revision_numbers_db [None req-8064d8b4-ea77-4769-8eaf-bfba4b3b4347 4239e68166ed4136927cb286b7fb9c8a 4df009eeb35b4bdeb722721d47d8db55 - - default default] Successfully bumped revision number for resource 9cbf84bc-de6c-46df-b225-edce03d0a3d3 (type: security_groups) to 1
2026-07-15 06:05:35.346 9 INFO neutron.db.ovn_revision_numbers_db [None req-8064d8b4-ea77-4769-8eaf-bfba4b3b4347 4239e68166ed4136927cb286b7fb9c8a 4df009eeb35b4bdeb722721d47d8db55 - - default default] Successfully bumped revision number for resource 64e5ffb0-fae8-4867-9ee0-26902713a2c9 (type: security_group_rules) to 0
2026-07-15 06:05:35.354 9 ERROR ovsdbapp.backend.ovs_idl.command [None req-2a22198f-61b8-4f0f-a2e3-ef36d2692ccd f53f6289f3aa483c8c68d1824dd4b4df 4c3d4ae95494411391313bf7a6e53af7 - - default default] Error executing command (DbGetCommand): ovsdbapp.backend.ovs_idl.idlutils.RowNotFound: Cannot find Logical_Router_Port with name=lrp-474817c8-acbe-4893-90f7-83e90983e480
2026-07-15 06:05:35.354 9 ERROR ovsdbapp.backend.ovs_idl.command
Traceback (most recent call last):
2026-07-15 06:05:35.354 9 ERROR ovsdbapp.backend.ovs_idl.command
File "/var/lib/openstack/lib/python3.10/site-packages/ovsdbapp/backend/ovs_idl/command.py", line 47, in execute
2026-07-15 06:05:35.354 9 ERROR ovsdbapp.backend.ovs_idl.command self.run_idl(None)
2026-07-15 06:05:35.354 9 ERROR ovsdbapp.backend.ovs_idl.command
File "/var/lib/openstack/lib/python3.10/site-packages/ovsdbapp/backend/ovs_idl/command.py", line 235, in run_idl
2026-07-15 06:05:35.354 9 ERROR ovsdbapp.backend.ovs_idl.command record = self.api.lookup(self.table, self.record)
2026-07-15 06:05:35.354 9 ERROR ovsdbapp.backend.ovs_idl.command
File "/var/lib/openstack/lib/python3.10/site-packages/ovsdbapp/backend/ovs_idl/__init__.py", line 184, in lookup
2026-07-15 06:05:35.354 9 ERROR ovsdbapp.backend.ovs_idl.command return self._lookup(table, record)
2026-07-15 06:05:35.354 9 ERROR ovsdbapp.backend.ovs_idl.command
File "/var/lib/openstack/lib/python3.10/site-packages/ovsdbapp/backend/ovs_idl/__init__.py", line 235, in _lookup
2026-07-15 06:05:35.354 9 ERROR ovsdbapp.backend.ovs_idl.command row = idlutils.row_by_value(self, rl.table, rl.column, record)
2026-07-15 06:05:35.354 9 ERROR ovsdbapp.backend.ovs_idl.command
File "/var/lib/openstack/lib/python3.10/site-packages/ovsdbapp/backend/ovs_idl/idlutils.py", line 114, in row_by_value
2026-07-15 06:05:35.354 9 ERROR ovsdbapp.backend.ovs_idl.command raise RowNotFound(table=table, col=column, match=match)
2026-07-15 06:05:35.354 9 ERROR ovsdbapp.backend.ovs_idl.command ovsdbapp.backend.ovs_idl.idlutils.RowNotFound: Cannot find Logical_Router_Port with name=lrp-474817c8-acbe-4893-90f7-83e90983e480
2026-07-15 06:05:35.354 9 ERROR ovsdbapp.backend.ovs_idl.command 
2026-07-15 06:05:35.355 9 ERROR neutron_lib.callbacks.manager [None req-2a22198f-61b8-4f0f-a2e3-ef36d2692ccd f53f6289f3aa483c8c68d1824dd4b4df 4c3d4ae95494411391313bf7a6e53af7 - - default default] Error during notification for neutron.services.ovn_l3.plugin.OVNL3RouterPlugin._port_update-8739481113318 port, after_update: ovsdbapp.backend.ovs_idl.idlutils.RowNotFound: Cannot find Logical_Router_Port with name=lrp-474817c8-acbe-4893-90f7-83e90983e480
2026-07-15 06:05:35.355 9 ERROR neutron_lib.callbacks.manager
Traceback (most recent call last):
2026-07-15 06:05:35.355 9 ERROR neutron_lib.callbacks.manager
File "/var/lib/openstack/lib/python3.10/site-packages/neutron_lib/callbacks/manager.py", line 189, in _notify_loop
2026-07-15 06:05:35.355 9 ERROR neutron_lib.callbacks.manager callback.method(resource, event, trigger, payload=payload)
2026-07-15 06:05:35.355 9 ERROR neutron_lib.callbacks.manager
File "/var/lib/openstack/lib/python3.10/site-packages/neutron/services/ovn_l3/plugin.py", line 391, in _port_update
2026-07-15 06:05:35.355 9 ERROR neutron_lib.callbacks.manager l3plugin._ovn_client.update_router_port(context,
2026-07-15 06:05:35.355 9 ERROR neutron_lib.callbacks.manager
File "/var/lib/openstack/lib/python3.10/site-packages/neutron/plugins/ml2/drivers/ovn/mech_driver/ovsdb/ovn_client.py", line 1878, in update_router_port
2026-07-15 06:05:35.355 9 ERROR neutron_lib.callbacks.manager self._update_lrouter_port(context, port, if_exists=if_exists,
2026-07-15 06:05:35.355 9 ERROR neutron_lib.callbacks.manager
File "/var/lib/openstack/lib/python3.10/site-packages/neutron/plugins/ml2/drivers/ovn/mech_driver/ovsdb/ovn_client.py", line 1855, in _update_lrouter_port
2026-07-15 06:05:35.355 9 ERROR neutron_lib.callbacks.manager external_ids = self._nb_idl.db_get(
2026-07-15 06:05:35.355 9 ERROR neutron_lib.callbacks.manager
File "/var/lib/openstack/lib/python3.10/site-packages/ovsdbapp/backend/ovs_idl/command.py", line 47, in execute
2026-07-15 06:05:35.355 9 ERROR neutron_lib.callbacks.manager self.run_idl(None)
2026-07-15 06:05:35.355 9 ERROR neutron_lib.callbacks.manager
File "/var/lib/openstack/lib/python3.10/site-packages/ovsdbapp/backend/ovs_idl/command.py", line 235, in run_idl
2026-07-15 06:05:35.355 9 ERROR neutron_lib.callbacks.manager record = self.api.lookup(self.table, self.record)
2026-07-15 06:05:35.355 9 ERROR neutron_lib.callbacks.manager
File "/var/lib/openstack/lib/python3.10/site-packages/ovsdbapp/backend/ovs_idl/__init__.py", line 184, in lookup
2026-07-15 06:05:35.355 9 ERROR neutron_lib.callbacks.manager return self._lookup(table, record)
2026-07-15 06:05:35.355 9 ERROR neutron_lib.callbacks.manager
File "/var/lib/openstack/lib/python3.10/site-packages/ovsdbapp/backend/ovs_idl/__init__.py", line 235, in _lookup
2026-07-15 06:05:35.355 9 ERROR neutron_lib.callbacks.manager row = idlutils.row_by_value(self, rl.table, rl.column, record)
2026-07-15 06:05:35.355 9 ERROR neutron_lib.callbacks.manager
File "/var/lib/openstack/lib/python3.10/site-packages/ovsdbapp/backend/ovs_idl/idlutils.py", line 114, in row_by_value
2026-07-15 06:05:35.355 9 ERROR neutron_lib.callbacks.manager raise RowNotFound(table=table, col=column, match=match)
2026-07-15 06:05:35.355 9 ERROR neutron_lib.callbacks.manager ovsdbapp.backend.ovs_idl.idlutils.RowNotFound: Cannot find Logical_Router_Port with name=lrp-474817c8-acbe-4893-90f7-83e90983e480
2026-07-15 06:05:35.355 9 ERROR neutron_lib.callbacks.manager 
2026-07-15 06:05:35.362 10 INFO neutron.db.ovn_revision_numbers_db [None req-3c5421ba-4209-4906-93d2-9fcbdf085667 2101693d77b14345b06216b4f0813ac1 77c7d908e9bf44a5a2fe13acd906911f - - default default] Successfully bumped revision number for resource 88bc5ead-76c2-4078-9d91-cc7bc39c976f (type: security_groups) to 1
2026-07-15 06:05:35.369 9 INFO neutron.db.ovn_revision_numbers_db [None req-8064d8b4-ea77-4769-8eaf-bfba4b3b4347 4239e68166ed4136927cb286b7fb9c8a 4df009eeb35b4bdeb722721d47d8db55 - - default default] Successfully bumped revision number for resource 8073695f-0434-4697-a8bd-a91c0be3791e (type: security_group_rules) to 0
2026-07-15 06:05:35.382 10 INFO neutron.db.ovn_revision_numbers_db [None req-3c5421ba-4209-4906-93d2-9fcbdf085667 2101693d77b14345b06216b4f0813ac1 77c7d908e9bf44a5a2fe13acd906911f - - default default] Successfully bumped revision number for resource 8f642a82-a5dc-451a-85b1-c35007d54cf2 (type: security_group_rules) to 0
2026-07-15 06:05:35.384 9 INFO neutron.db.ovn_revision_numbers_db [None req-8064d8b4-ea77-4769-8eaf-bfba4b3b4347 4239e68166ed4136927cb286b7fb9c8a 4df009eeb35b4bdeb722721d47d8db55 - - default default] Successfully bumped revision number for resource 8d40dc45-5bb4-4eff-8193-1dafbb2c8da4 (type: security_group_rules) to 0
2026-07-15 06:05:35.401 10 INFO neutron.db.ovn_revision_numbers_db [None req-3c5421ba-4209-4906-93d2-9fcbdf085667 2101693d77b14345b06216b4f0813ac1 77c7d908e9bf44a5a2fe13acd906911f - - default default] Successfully bumped revision number for resource fa604a9d-d408-471a-b10e-57163c545c8e (type: security_group_rules) to 0
2026-07-15 06:05:35.417 9 INFO neutron.db.ovn_revision_numbers_db [None req-8064d8b4-ea77-4769-8eaf-bfba4b3b4347 4239e68166ed4136927cb286b7fb9c8a 4df009eeb35b4bdeb722721d47d8db55 - - default default] Successfully bumped revision number for resource e08c7a9b-7adb-459f-bad9-fc659b2e8ee9 (type: security_group_rules) to 0
2026-07-15 06:05:35.428 10 INFO neutron.wsgi [None req-3c5421ba-4209-4906-93d2-9fcbdf085667 2101693d77b14345b06216b4f0813ac1 77c7d908e9bf44a5a2fe13acd906911f - - default default] 10.0.0.208 "POST /v2.0/security-groups HTTP/1.1" status: 201 len: 1860 time: 0.1968827
2026-07-15 06:05:35.437 10 WARNING neutron_lib.context [None req-af07e682-aa58-44b8-be8c-29cd3a43661b 2101693d77b14345b06216b4f0813ac1 77c7d908e9bf44a5a2fe13acd906911f - - default default] Method 'is_advsvc' is deprecated since 2023.2 release (neutron-lib 3.8.0) and will be removed once support for the old RBAC API policies will be removed from Neutron. Please use method 'is_service_role' instead.
2026-07-15 06:05:35.495 9 INFO neutron.db.segments_db [None req-8064d8b4-ea77-4769-8eaf-bfba4b3b4347 4239e68166ed4136927cb286b7fb9c8a 4df009eeb35b4bdeb722721d47d8db55 - - default default] Added segment e1cf52ed-081f-400f-b0ff-72468df9a343 of type geneve for network 31f8b1fc-e62e-4e27-af7c-be6fb1d627ef
2026-07-15 06:05:35.575 10 INFO neutron.db.ovn_revision_numbers_db [None req-af07e682-aa58-44b8-be8c-29cd3a43661b 2101693d77b14345b06216b4f0813ac1 77c7d908e9bf44a5a2fe13acd906911f - - default default] Successfully bumped revision number for resource 977f1ab6-1663-4a7b-955f-632b54d59f1c (type: security_group_rules) to 0
2026-07-15 06:05:35.587 9 INFO neutron.db.ovn_revision_numbers_db [None req-2a22198f-61b8-4f0f-a2e3-ef36d2692ccd f53f6289f3aa483c8c68d1824dd4b4df 4c3d4ae95494411391313bf7a6e53af7 - - default default] Successfully bumped revision number for resource 474817c8-acbe-4893-90f7-83e90983e480 (type: ports) to 2
2026-07-15 06:05:35.607 10 INFO neutron.wsgi [None req-af07e682-aa58-44b8-be8c-29cd3a43661b 2101693d77b14345b06216b4f0813ac1 77c7d908e9bf44a5a2fe13acd906911f - - default default] 10.0.0.208 "POST /v2.0/security-group-rules HTTP/1.1" status: 201 len: 796 time: 0.1737685
2026-07-15 06:05:35.615 10 WARNING neutron_lib.context [None req-3fb02038-0bd3-480e-aeeb-52586ee873bd 2101693d77b14345b06216b4f0813ac1 77c7d908e9bf44a5a2fe13acd906911f - - default default] Method 'is_advsvc' is deprecated since 2023.2 release (neutron-lib 3.8.0) and will be removed once support for the old RBAC API policies will be removed from Neutron. Please use method 'is_service_role' instead.
2026-07-15 06:05:35.690 9 INFO neutron.db.ovn_revision_numbers_db [None req-8064d8b4-ea77-4769-8eaf-bfba4b3b4347 4239e68166ed4136927cb286b7fb9c8a 4df009eeb35b4bdeb722721d47d8db55 - - default default] Successfully bumped revision number for resource 31f8b1fc-e62e-4e27-af7c-be6fb1d627ef (type: networks) to 1
2026-07-15 06:05:35.733 10 INFO neutron.db.ovn_revision_numbers_db [None req-7cd9d349-31dd-478b-9561-b153e0876017 4239e68166ed4136927cb286b7fb9c8a 4df009eeb35b4bdeb722721d47d8db55 - - default default] Successfully bumped revision number for resource 3be0c26d-5114-4097-b014-1a936dfa696a (type: security_groups) to 1
2026-07-15 06:05:35.751 10 INFO neutron.db.ovn_revision_numbers_db [None req-7cd9d349-31dd-478b-9561-b153e0876017 4239e68166ed4136927cb286b7fb9c8a 4df009eeb35b4bdeb722721d47d8db55 - - default default] Successfully bumped revision number for resource 2f88acd9-9116-4e18-bdb1-1bc5a3340703 (type: security_group_rules) to 0
2026-07-15 06:05:35.766 10 INFO neutron.db.ovn_revision_numbers_db [None req-7cd9d349-31dd-478b-9561-b153e0876017 4239e68166ed4136927cb286b7fb9c8a 4df009eeb35b4bdeb722721d47d8db55 - - default default] Successfully bumped revision number for resource 403cf4cc-bf37-4e5b-837a-ee765a5b9a54 (type: security_group_rules) to 0
2026-07-15 06:05:35.770 10 INFO neutron.db.ovn_revision_numbers_db [None req-3fb02038-0bd3-480e-aeeb-52586ee873bd 2101693d77b14345b06216b4f0813ac1 77c7d908e9bf44a5a2fe13acd906911f - - default default] Successfully bumped revision number for resource 3521c5f2-2cff-46f6-8a67-f7f34cf6f3c6 (type: security_group_rules) to 0
2026-07-15 06:05:35.787 10 INFO neutron.db.ovn_revision_numbers_db [None req-7cd9d349-31dd-478b-9561-b153e0876017 4239e68166ed4136927cb286b7fb9c8a 4df009eeb35b4bdeb722721d47d8db55 - - default default] Successfully bumped revision number for resource 7da5ce1a-64c8-4911-b20e-fa56f85ad1c6 (type: security_group_rules) to 0
2026-07-15 06:05:35.798 10 INFO neutron.wsgi [None req-3fb02038-0bd3-480e-aeeb-52586ee873bd 2101693d77b14345b06216b4f0813ac1 77c7d908e9bf44a5a2fe13acd906911f - - default default] 10.0.0.208 "POST /v2.0/security-group-rules HTTP/1.1" status: 201 len: 801 time: 0.1868825
2026-07-15 06:05:35.802 10 INFO neutron.db.ovn_revision_numbers_db [None req-7cd9d349-31dd-478b-9561-b153e0876017 4239e68166ed4136927cb286b7fb9c8a 4df009eeb35b4bdeb722721d47d8db55 - - default default] Successfully bumped revision number for resource e383d5c1-4437-4abc-bfed-03714936845a (type: security_group_rules) to 0
2026-07-15 06:05:35.820 10 WARNING neutron_lib.context [None req-0e876000-c9d9-4ddb-be09-b86b6484796c 2101693d77b14345b06216b4f0813ac1 77c7d908e9bf44a5a2fe13acd906911f - - default default] Method 'is_advsvc' is deprecated since 2023.2 release (neutron-lib 3.8.0) and will be removed once support for the old RBAC API policies will be removed from Neutron. Please use method 'is_service_role' instead.
2026-07-15 06:05:35.832 10 INFO neutron.wsgi [None req-7cd9d349-31dd-478b-9561-b153e0876017 4239e68166ed4136927cb286b7fb9c8a 4df009eeb35b4bdeb722721d47d8db55 - - default default] 10.0.0.208 "GET /v2.0/security-groups?tenant_id=c4f6077d35fb41b292dcc96735997dc0&name=default HTTP/1.1" status: 200 len: 3120 time: 0.3466768
2026-07-15 06:05:35.910 9 WARNING neutron.scheduler.dhcp_agent_scheduler [None req-8064d8b4-ea77-4769-8eaf-bfba4b3b4347 4239e68166ed4136927cb286b7fb9c8a 4df009eeb35b4bdeb722721d47d8db55 - - default default] No more DHCP agents
2026-07-15 06:05:35.912 9 WARNING neutron.api.rpc.agentnotifiers.dhcp_rpc_agent_api [None req-8064d8b4-ea77-4769-8eaf-bfba4b3b4347 4239e68166ed4136927cb286b7fb9c8a 4df009eeb35b4bdeb722721d47d8db55 - - default default] Unable to schedule network 31f8b1fc-e62e-4e27-af7c-be6fb1d627ef: no agents available; will retry on subsequent port and subnet creation events.
2026-07-15 06:05:35.975 10 INFO neutron.wsgi [-] 10.0.0.19 "GET / HTTP/1.1" status: 200 len: 246 time: 0.0012608
2026-07-15 06:05:35.977 10 INFO neutron.wsgi [-] 10.0.0.19 "GET / HTTP/1.1" status: 200 len: 246 time: 0.0009124
2026-07-15 06:05:36.060 9 INFO neutron.db.ovn_revision_numbers_db [None req-8064d8b4-ea77-4769-8eaf-bfba4b3b4347 4239e68166ed4136927cb286b7fb9c8a 4df009eeb35b4bdeb722721d47d8db55 - - default default] Successfully bumped revision number for resource 22f4212e-975f-4885-b81d-39c0ffcd1521 (type: ports) to 1
2026-07-15 06:05:36.089 9 INFO neutron.wsgi [None req-8064d8b4-ea77-4769-8eaf-bfba4b3b4347 4239e68166ed4136927cb286b7fb9c8a 4df009eeb35b4bdeb722721d47d8db55 - - default default] 10.0.0.208 "POST /v2.0/networks HTTP/1.1" status: 201 len: 948 time: 1.3079662 /var/lib/openstack/lib/python3.10/site-packages/pycadf/identifier.py:71: UserWarning: Invalid uuid: neutron. To ensure interoperability, identifiers should be a valid uuid. warnings.warn(('Invalid uuid: %s. To ensure interoperability, '
2026-07-15 06:05:36.105 10 WARNING neutron.scheduler.dhcp_agent_scheduler [None req-0e876000-c9d9-4ddb-be09-b86b6484796c 2101693d77b14345b06216b4f0813ac1 77c7d908e9bf44a5a2fe13acd906911f - - default default] No more DHCP agents
2026-07-15 06:05:36.108 10 WARNING neutron.api.rpc.agentnotifiers.dhcp_rpc_agent_api [None req-0e876000-c9d9-4ddb-be09-b86b6484796c 2101693d77b14345b06216b4f0813ac1 77c7d908e9bf44a5a2fe13acd906911f - - default default] Unable to schedule network 61d64043-fc3e-466a-9133-8257a54ec247: no agents available; will retry on subsequent port and subnet creation events.
2026-07-15 06:05:36.129 10 INFO neutron.wsgi [None req-bb3b69fe-3de7-4659-a529-ed30d3950e0c 4239e68166ed4136927cb286b7fb9c8a 4df009eeb35b4bdeb722721d47d8db55 - - default default] 10.0.0.208 "DELETE /v2.0/security-groups/3be0c26d-5114-4097-b014-1a936dfa696a HTTP/1.1" status: 204 len: 168 time: 0.2890730
2026-07-15 06:05:36.438 10 INFO neutron.db.ovn_revision_numbers_db [None req-0d590221-9a85-4637-a63b-8d5460e0b031 4239e68166ed4136927cb286b7fb9c8a 4df009eeb35b4bdeb722721d47d8db55 - - default default] Successfully bumped revision number for resource 1a21091e-5f43-4da4-969b-6582b1362b7b (type: security_groups) to 1
2026-07-15 06:05:36.455 10 INFO neutron.db.ovn_revision_numbers_db [None req-0d590221-9a85-4637-a63b-8d5460e0b031 4239e68166ed4136927cb286b7fb9c8a 4df009eeb35b4bdeb722721d47d8db55 - - default default] Successfully bumped revision number for resource 18698125-880e-49f9-b969-a634e9e9a542 (type: security_group_rules) to 0
2026-07-15 06:05:36.466 10 INFO neutron.wsgi [None req-0e876000-c9d9-4ddb-be09-b86b6484796c 2101693d77b14345b06216b4f0813ac1 77c7d908e9bf44a5a2fe13acd906911f - - default default] 10.0.0.208 "POST /v2.0/floatingips HTTP/1.1" status: 201 len: 751 time: 0.6557136
2026-07-15 06:05:36.477 10 INFO neutron.db.ovn_revision_numbers_db [None req-0d590221-9a85-4637-a63b-8d5460e0b031 4239e68166ed4136927cb286b7fb9c8a 4df009eeb35b4bdeb722721d47d8db55 - - default default] Successfully bumped revision number for resource 2e457129-bb26-4cb0-a363-96f1329bac21 (type: security_group_rules) to 0
2026-07-15 06:05:36.492 10 INFO neutron.db.ovn_revision_numbers_db [None req-0d590221-9a85-4637-a63b-8d5460e0b031 4239e68166ed4136927cb286b7fb9c8a 4df009eeb35b4bdeb722721d47d8db55 - - default default] Successfully bumped revision number for resource acc9f0f8-d58d-48b3-b50b-62ba24dc527f (type: security_group_rules) to 0
2026-07-15 06:05:36.505 10 INFO neutron.db.ovn_revision_numbers_db [None req-0d590221-9a85-4637-a63b-8d5460e0b031 4239e68166ed4136927cb286b7fb9c8a 4df009eeb35b4bdeb722721d47d8db55 - - default default] Successfully bumped revision number for resource cde79046-6193-47a6-876f-de1044e8c414 (type: security_group_rules) to 0
2026-07-15 06:05:36.527 10 INFO neutron.wsgi [None req-0d590221-9a85-4637-a63b-8d5460e0b031 4239e68166ed4136927cb286b7fb9c8a 4df009eeb35b4bdeb722721d47d8db55 - - default default] 10.0.0.208 "GET /v2.0/security-groups?tenant_id=94c247d695574b54ab6ae4aecb5b061f&name=default HTTP/1.1" status: 200 len: 3120 time: 0.3065274
2026-07-15 06:05:36.564 9 ERROR ovsdbapp.backend.ovs_idl.command [None req-2a22198f-61b8-4f0f-a2e3-ef36d2692ccd f53f6289f3aa483c8c68d1824dd4b4df 4c3d4ae95494411391313bf7a6e53af7 - - default default] Error executing command (DbGetCommand): ovsdbapp.backend.ovs_idl.idlutils.RowNotFound: Cannot find Logical_Router_Port with name=lrp-474817c8-acbe-4893-90f7-83e90983e480
2026-07-15 06:05:36.564 9 ERROR ovsdbapp.backend.ovs_idl.command
Traceback (most recent call last):
2026-07-15 06:05:36.564 9 ERROR ovsdbapp.backend.ovs_idl.command
File "/var/lib/openstack/lib/python3.10/site-packages/ovsdbapp/backend/ovs_idl/command.py", line 47, in execute
2026-07-15 06:05:36.564 9 ERROR ovsdbapp.backend.ovs_idl.command self.run_idl(None)
2026-07-15 06:05:36.564 9 ERROR ovsdbapp.backend.ovs_idl.command
File "/var/lib/openstack/lib/python3.10/site-packages/ovsdbapp/backend/ovs_idl/command.py", line 235, in run_idl
2026-07-15 06:05:36.564 9 ERROR ovsdbapp.backend.ovs_idl.command record = self.api.lookup(self.table, self.record)
2026-07-15 06:05:36.564 9 ERROR ovsdbapp.backend.ovs_idl.command
File "/var/lib/openstack/lib/python3.10/site-packages/ovsdbapp/backend/ovs_idl/__init__.py", line 184, in lookup
2026-07-15 06:05:36.564 9 ERROR ovsdbapp.backend.ovs_idl.command return self._lookup(table, record)
2026-07-15 06:05:36.564 9 ERROR ovsdbapp.backend.ovs_idl.command
File "/var/lib/openstack/lib/python3.10/site-packages/ovsdbapp/backend/ovs_idl/__init__.py", line 235, in _lookup
2026-07-15 06:05:36.564 9 ERROR ovsdbapp.backend.ovs_idl.command row = idlutils.row_by_value(self, rl.table, rl.column, record)
2026-07-15 06:05:36.564 9 ERROR ovsdbapp.backend.ovs_idl.command
File "/var/lib/openstack/lib/python3.10/site-packages/ovsdbapp/backend/ovs_idl/idlutils.py", line 114, in row_by_value
2026-07-15 06:05:36.564 9 ERROR ovsdbapp.backend.ovs_idl.command raise RowNotFound(table=table, col=column, match=match)
2026-07-15 06:05:36.564 9 ERROR ovsdbapp.backend.ovs_idl.command ovsdbapp.backend.ovs_idl.idlutils.RowNotFound: Cannot find Logical_Router_Port with name=lrp-474817c8-acbe-4893-90f7-83e90983e480
2026-07-15 06:05:36.564 9 ERROR ovsdbapp.backend.ovs_idl.command 
2026-07-15 06:05:36.564 9 ERROR neutron_lib.callbacks.manager [None req-2a22198f-61b8-4f0f-a2e3-ef36d2692ccd f53f6289f3aa483c8c68d1824dd4b4df 4c3d4ae95494411391313bf7a6e53af7 - - default default] Error during notification for neutron.services.ovn_l3.plugin.OVNL3RouterPlugin._port_update-8739481113318 port, after_update: ovsdbapp.backend.ovs_idl.idlutils.RowNotFound: Cannot find Logical_Router_Port with name=lrp-474817c8-acbe-4893-90f7-83e90983e480
2026-07-15 06:05:36.564 9 ERROR neutron_lib.callbacks.manager
Traceback (most recent call last):
2026-07-15 06:05:36.564 9 ERROR neutron_lib.callbacks.manager
File "/var/lib/openstack/lib/python3.10/site-packages/neutron_lib/callbacks/manager.py", line 189, in _notify_loop
2026-07-15 06:05:36.564 9 ERROR neutron_lib.callbacks.manager callback.method(resource, event, trigger, payload=payload)
2026-07-15 06:05:36.564 9 ERROR neutron_lib.callbacks.manager
File "/var/lib/openstack/lib/python3.10/site-packages/neutron/services/ovn_l3/plugin.py", line 391, in _port_update
2026-07-15 06:05:36.564 9 ERROR neutron_lib.callbacks.manager l3plugin._ovn_client.update_router_port(context,
2026-07-15 06:05:36.564 9 ERROR neutron_lib.callbacks.manager
File "/var/lib/openstack/lib/python3.10/site-packages/neutron/plugins/ml2/drivers/ovn/mech_driver/ovsdb/ovn_client.py", line 1878, in update_router_port
2026-07-15 06:05:36.564 9 ERROR neutron_lib.callbacks.manager self._update_lrouter_port(context, port, if_exists=if_exists,
2026-07-15 06:05:36.564 9 ERROR neutron_lib.callbacks.manager
File "/var/lib/openstack/lib/python3.10/site-packages/neutron/plugins/ml2/drivers/ovn/mech_driver/ovsdb/ovn_client.py", line 1855, in _update_lrouter_port
2026-07-15 06:05:36.564 9 ERROR neutron_lib.callbacks.manager external_ids = self._nb_idl.db_get(
2026-07-15 06:05:36.564 9 ERROR neutron_lib.callbacks.manager
File "/var/lib/openstack/lib/python3.10/site-packages/ovsdbapp/backend/ovs_idl/command.py", line 47, in execute
2026-07-15 06:05:36.564 9 ERROR neutron_lib.callbacks.manager self.run_idl(None)
2026-07-15 06:05:36.564 9 ERROR neutron_lib.callbacks.manager
File "/var/lib/openstack/lib/python3.10/site-packages/ovsdbapp/backend/ovs_idl/command.py", line 235, in run_idl
2026-07-15 06:05:36.564 9 ERROR neutron_lib.callbacks.manager record = self.api.lookup(self.table, self.record)
2026-07-15 06:05:36.564 9 ERROR neutron_lib.callbacks.manager
File "/var/lib/openstack/lib/python3.10/site-packages/ovsdbapp/backend/ovs_idl/__init__.py", line 184, in lookup
2026-07-15 06:05:36.564 9 ERROR neutron_lib.callbacks.manager return self._lookup(table, record)
2026-07-15 06:05:36.564 9 ERROR neutron_lib.callbacks.manager
File "/var/lib/openstack/lib/python3.10/site-packages/ovsdbapp/backend/ovs_idl/__init__.py", line 235, in _lookup
2026-07-15 06:05:36.564 9 ERROR neutron_lib.callbacks.manager row = idlutils.row_by_value(self, rl.table, rl.column, record)
2026-07-15 06:05:36.564 9 ERROR neutron_lib.callbacks.manager
File "/var/lib/openstack/lib/python3.10/site-packages/ovsdbapp/backend/ovs_idl/idlutils.py", line 114, in row_by_value
2026-07-15 06:05:36.564 9 ERROR neutron_lib.callbacks.manager raise RowNotFound(table=table, col=column, match=match)
2026-07-15 06:05:36.564 9 ERROR neutron_lib.callbacks.manager ovsdbapp.backend.ovs_idl.idlutils.RowNotFound: Cannot find Logical_Router_Port with name=lrp-474817c8-acbe-4893-90f7-83e90983e480
2026-07-15 06:05:36.564 9 ERROR neutron_lib.callbacks.manager 
2026-07-15 06:05:36.614 9 WARNING neutron.scheduler.dhcp_agent_scheduler [None req-d0fa5c62-62f4-431f-a1ab-3bd0829e7a0a 4239e68166ed4136927cb286b7fb9c8a 4df009eeb35b4bdeb722721d47d8db55 - - default default] No more DHCP agents
2026-07-15 06:05:36.617 9 WARNING neutron.api.rpc.agentnotifiers.dhcp_rpc_agent_api [None req-d0fa5c62-62f4-431f-a1ab-3bd0829e7a0a 4239e68166ed4136927cb286b7fb9c8a 4df009eeb35b4bdeb722721d47d8db55 - - default default] Unable to schedule network 31f8b1fc-e62e-4e27-af7c-be6fb1d627ef: no agents available; will retry on subsequent port and subnet creation events.
2026-07-15 06:05:36.763 9 INFO neutron.db.ovn_revision_numbers_db [None req-2a22198f-61b8-4f0f-a2e3-ef36d2692ccd f53f6289f3aa483c8c68d1824dd4b4df 4c3d4ae95494411391313bf7a6e53af7 - - default default] Successfully bumped revision number for resource 474817c8-acbe-4893-90f7-83e90983e480 (type: ports) to 2
2026-07-15 06:05:36.780 10 INFO neutron.wsgi [None req-48059990-11b5-41ba-a741-b921e76ccb55 4239e68166ed4136927cb286b7fb9c8a 4df009eeb35b4bdeb722721d47d8db55 - - default default] 10.0.0.208 "DELETE /v2.0/security-groups/1a21091e-5f43-4da4-969b-6582b1362b7b HTTP/1.1" status: 204 len: 168 time: 0.2477369
2026-07-15 06:05:36.883 9 WARNING neutron.scheduler.dhcp_agent_scheduler [None req-2a22198f-61b8-4f0f-a2e3-ef36d2692ccd f53f6289f3aa483c8c68d1824dd4b4df 4c3d4ae95494411391313bf7a6e53af7 - - default default] No more DHCP agents
2026-07-15 06:05:36.888 9 WARNING neutron.api.rpc.agentnotifiers.dhcp_rpc_agent_api [None req-2a22198f-61b8-4f0f-a2e3-ef36d2692ccd f53f6289f3aa483c8c68d1824dd4b4df 4c3d4ae95494411391313bf7a6e53af7 - - default default] Unable to schedule network aa77a544-4ed1-41ad-a80e-6c7cf2f08364: no agents available; will retry on subsequent port and subnet creation events.
2026-07-15 06:05:36.972 10 INFO neutron.wsgi [req-6c15e4fc-10fb-49d8-b615-801190354333 req-e78f2b1c-8fa4-44e9-8791-0a8236647582 2101693d77b14345b06216b4f0813ac1 77c7d908e9bf44a5a2fe13acd906911f - - default default] 10.0.0.24 "GET /v2.0/security-groups?name=tempest-securitygroup--1060959730&fields=id&tenant_id=77c7d908e9bf44a5a2fe13acd906911f HTTP/1.1" status: 200 len: 267 time: 0.0564699
2026-07-15 06:05:37.039 10 INFO neutron.wsgi [req-6c15e4fc-10fb-49d8-b615-801190354333 req-e6dc8ae5-06f8-42c2-9892-213c169cf95b 2101693d77b14345b06216b4f0813ac1 77c7d908e9bf44a5a2fe13acd906911f - - default default] 10.0.0.24 "GET /v2.0/networks?id=77a2fd90-5857-4d6b-a7dd-7bac8c0ef9b6 HTTP/1.1" status: 200 len: 874 time: 0.0584285
2026-07-15 06:05:37.060 10 INFO neutron.wsgi [req-6c15e4fc-10fb-49d8-b615-801190354333 req-e3ad18c4-0ad4-4455-ba92-e4028080acc4 2101693d77b14345b06216b4f0813ac1 77c7d908e9bf44a5a2fe13acd906911f - - default default] 10.0.0.24 "GET /v2.0/quotas/77c7d908e9bf44a5a2fe13acd906911f HTTP/1.1" status: 200 len: 491 time: 0.0109129
2026-07-15 06:05:37.106 9 INFO neutron.db.ovn_revision_numbers_db [None req-2a22198f-61b8-4f0f-a2e3-ef36d2692ccd f53f6289f3aa483c8c68d1824dd4b4df 4c3d4ae95494411391313bf7a6e53af7 - - default default] Successfully bumped revision number for resource 474817c8-acbe-4893-90f7-83e90983e480 (type: router_ports) to 2
2026-07-15 06:05:37.116 9 INFO neutron.wsgi [None req-2a22198f-61b8-4f0f-a2e3-ef36d2692ccd f53f6289f3aa483c8c68d1824dd4b4df 4c3d4ae95494411391313bf7a6e53af7 - - default default] 10.0.0.208 "PUT /v2.0/routers/16bd7950-1b28-440f-93af-9a861cba26db/add_router_interface HTTP/1.1" status: 200 len: 503 time: 2.2868435 /var/lib/openstack/lib/python3.10/site-packages/pycadf/identifier.py:71: UserWarning: Invalid uuid: neutron. To ensure interoperability, identifiers should be a valid uuid. warnings.warn(('Invalid uuid: %s. To ensure interoperability, '
2026-07-15 06:05:37.148 10 INFO neutron.wsgi [req-6c15e4fc-10fb-49d8-b615-801190354333 req-a80d00e8-f386-4517-b8e4-12ba579b780f 2101693d77b14345b06216b4f0813ac1 77c7d908e9bf44a5a2fe13acd906911f - - default default] 10.0.0.24 "GET /v2.0/ports?tenant_id=77c7d908e9bf44a5a2fe13acd906911f&fields=id HTTP/1.1" status: 200 len: 302 time: 0.0815291
2026-07-15 06:05:37.213 10 INFO neutron.wsgi [req-6c15e4fc-10fb-49d8-b615-801190354333 req-440c982c-a129-45c4-bf31-9db5c2925958 cd9b9ee205c84cddbe4d7c10fe1a120b dfcca62c60f942559238de17f9258104 - - 69172da1aae54a58bc71ea00e04f72f7 69172da1aae54a58bc71ea00e04f72f7] 10.0.0.24 "GET /v2.0/networks/77a2fd90-5857-4d6b-a7dd-7bac8c0ef9b6?fields=segments HTTP/1.1" status: 200 len: 212 time: 0.0529742
2026-07-15 06:05:37.235 9 INFO neutron.wsgi [None req-077681de-911e-4c12-9114-e98054baf5ed f53f6289f3aa483c8c68d1824dd4b4df 4c3d4ae95494411391313bf7a6e53af7 - - default default] 10.0.0.208 "GET /v2.0/ports/474817c8-acbe-4893-90f7-83e90983e480 HTTP/1.1" status: 200 len: 1215 time: 0.1141317
2026-07-15 06:05:37.313 9 INFO neutron.db.ovn_revision_numbers_db [None req-d0fa5c62-62f4-431f-a1ab-3bd0829e7a0a 4239e68166ed4136927cb286b7fb9c8a 4df009eeb35b4bdeb722721d47d8db55 - - default default] Successfully bumped revision number for resource 22f4212e-975f-4885-b81d-39c0ffcd1521 (type: ports) to 2
2026-07-15 06:05:37.328 10 INFO neutron.wsgi [req-6c15e4fc-10fb-49d8-b615-801190354333 req-025803b7-d6c0-4143-9c12-c063844256e8 cd9b9ee205c84cddbe4d7c10fe1a120b dfcca62c60f942559238de17f9258104 - - 69172da1aae54a58bc71ea00e04f72f7 69172da1aae54a58bc71ea00e04f72f7] 10.0.0.24 "GET /v2.0/networks/77a2fd90-5857-4d6b-a7dd-7bac8c0ef9b6?fields=provider%3Aphysical_network&fields=provider%3Anetwork_type HTTP/1.1" status: 200 len: 277 time: 0.1084352
2026-07-15 06:05:37.363 9 INFO neutron.db.ovn_revision_numbers_db [None req-d0fa5c62-62f4-431f-a1ab-3bd0829e7a0a 4239e68166ed4136927cb286b7fb9c8a 4df009eeb35b4bdeb722721d47d8db55 - - default default] Successfully bumped revision number for resource 297b5eb7-4732-47cb-8408-26ed19913769 (type: subnets) to 0
2026-07-15 06:05:37.380 9 INFO neutron.wsgi [None req-d0fa5c62-62f4-431f-a1ab-3bd0829e7a0a 4239e68166ed4136927cb286b7fb9c8a 4df009eeb35b4bdeb722721d47d8db55 - - default default] 10.0.0.208 "POST /v2.0/subnets HTTP/1.1" status: 201 len: 868 time: 1.2851193 /var/lib/openstack/lib/python3.10/site-packages/pycadf/identifier.py:71: UserWarning: Invalid uuid: neutron. To ensure interoperability, identifiers should be a valid uuid. warnings.warn(('Invalid uuid: %s. To ensure interoperability, '
2026-07-15 06:05:37.500 10 INFO neutron.wsgi [req-506e2729-3e2a-468b-92ff-c8a15c539ef6 req-51573d9f-dc08-426c-9876-2289349de191 2101693d77b14345b06216b4f0813ac1 77c7d908e9bf44a5a2fe13acd906911f - - default default] 10.0.0.24 "GET /v2.0/ports?device_id=1b66663b-2d1c-4c83-8432-69d05ff9fa66 HTTP/1.1" status: 200 len: 210 time: 0.0335588
2026-07-15 06:05:37.925 9 WARNING neutron.scheduler.dhcp_agent_scheduler [None req-7ed44193-32b6-49ad-86f2-1afd6b985754 4239e68166ed4136927cb286b7fb9c8a 4df009eeb35b4bdeb722721d47d8db55 - - default default] No more DHCP agents
2026-07-15 06:05:37.929 9 WARNING neutron.api.rpc.agentnotifiers.dhcp_rpc_agent_api [None req-7ed44193-32b6-49ad-86f2-1afd6b985754 4239e68166ed4136927cb286b7fb9c8a 4df009eeb35b4bdeb722721d47d8db55 - - default default] Unable to schedule network 61d64043-fc3e-466a-9133-8257a54ec247: no agents available; will retry on subsequent port and subnet creation events.
2026-07-15 06:05:38.054 10 INFO neutron.wsgi [None req-910c6f2e-43cf-43f0-846a-9ea17b78eff2 f53f6289f3aa483c8c68d1824dd4b4df 4c3d4ae95494411391313bf7a6e53af7 - - default default] 10.0.0.208 "PUT /v2.0/routers/16bd7950-1b28-440f-93af-9a861cba26db/remove_router_interface HTTP/1.1" status: 200 len: 503 time: 0.8143790 /var/lib/openstack/lib/python3.10/site-packages/pycadf/identifier.py:71: UserWarning: Invalid uuid: neutron. To ensure interoperability, identifiers should be a valid uuid. warnings.warn(('Invalid uuid: %s. To ensure interoperability, '
2026-07-15 06:05:38.099 9 INFO neutron.db.ovn_revision_numbers_db [None req-7ed44193-32b6-49ad-86f2-1afd6b985754 4239e68166ed4136927cb286b7fb9c8a 4df009eeb35b4bdeb722721d47d8db55 - - default default] Successfully bumped revision number for resource b2283f81-9af3-415b-ab79-27c57e820b4d (type: ports) to 1
2026-07-15 06:05:38.139 10 INFO neutron.api.v2.resource [None req-d0a4bdd3-e969-4474-8a19-8c95624dee9b f53f6289f3aa483c8c68d1824dd4b4df 4c3d4ae95494411391313bf7a6e53af7 - - default default] remove_router_interface failed (client error): The resource could not be found.
2026-07-15 06:05:38.141 10 INFO neutron.wsgi [None req-d0a4bdd3-e969-4474-8a19-8c95624dee9b f53f6289f3aa483c8c68d1824dd4b4df 4c3d4ae95494411391313bf7a6e53af7 - - default default] 10.0.0.208 "PUT /v2.0/routers/16bd7950-1b28-440f-93af-9a861cba26db/remove_router_interface HTTP/1.1" status: 404 len: 398 time: 0.0698392
2026-07-15 06:05:38.171 10 INFO neutron.wsgi [None req-4ad95f43-1e3a-433b-8ed7-f99b2d4a6259 f53f6289f3aa483c8c68d1824dd4b4df 4c3d4ae95494411391313bf7a6e53af7 - - default default] 10.0.0.208 "GET /v2.0/ports?device_id=16bd7950-1b28-440f-93af-9a861cba26db HTTP/1.1" status: 200 len: 205 time: 0.0256298
2026-07-15 06:05:38.286 9 INFO neutron.wsgi [req-6c15e4fc-10fb-49d8-b615-801190354333 req-c4cb00d6-d332-4837-aa6f-ce918b7e63af 2101693d77b14345b06216b4f0813ac1 77c7d908e9bf44a5a2fe13acd906911f - - default default] 199.204.45.210 "GET /v2.0/networks?id=77a2fd90-5857-4d6b-a7dd-7bac8c0ef9b6 HTTP/1.1" status: 200 len: 874 time: 0.1273887
