Jul 24 15:35:14.569614 np0000186580 devstack@g-api.service[114021]: DEBUG glance.image_cache.drivers.centralized_db [None req-1e0e1648-30fd-43a3-a9eb-5313122fcedb None None] Node reference is already recorded, ignoring it {{(pid=114021) configure /opt/stack/glance/glance/image_cache/drivers/centralized_db.py:71}}
Jul 24 15:35:14.571310 np0000186580 devstack@g-api.service[114022]: INFO glance.image_cache [None req-4049d949-f3cc-481b-aa4e-d1fd8e4d62c1 None None] Image cache loaded driver 'centralized_db'.
Jul 24 15:35:14.574951 np0000186580 devstack@g-api.service[114023]: INFO glance.image_cache [None req-71044e93-91f6-416a-bebc-953d7c6ceab0 None None] Image cache loaded driver 'centralized_db'.
Jul 24 15:35:14.577505 np0000186580 devstack@g-api.service[114021]: DEBUG glance.api.v2.cached_images [None req-1e0e1648-30fd-43a3-a9eb-5313122fcedb None None] Started cache worker thread {{(pid=114021) __init__ /opt/stack/glance/glance/api/v2/cached_images.py:71}}
Jul 24 15:35:14.578541 np0000186580 devstack@g-api.service[114021]: INFO glance.image_cache [None req-1e0e1648-30fd-43a3-a9eb-5313122fcedb None None] Image cache loaded driver 'centralized_db'.
Jul 24 15:35:14.585154 np0000186580 devstack@g-api.service[114022]: DEBUG glance.image_cache.drivers.centralized_db [None req-4049d949-f3cc-481b-aa4e-d1fd8e4d62c1 None None] Node reference is already recorded, ignoring it {{(pid=114022) configure /opt/stack/glance/glance/image_cache/drivers/centralized_db.py:71}}
Jul 24 15:35:14.585525 np0000186580 devstack@g-api.service[114023]: DEBUG glance.image_cache.drivers.centralized_db [None req-71044e93-91f6-416a-bebc-953d7c6ceab0 None None] Node reference is already recorded, ignoring it {{(pid=114023) configure /opt/stack/glance/glance/image_cache/drivers/centralized_db.py:71}}
Jul 24 15:35:14.590745 np0000186580 devstack@g-api.service[114024]: DEBUG dbcounter [-] [114024] Writer thread running {{(pid=114024) stat_writer /opt/stack/data/venv/lib/python3.12/site-packages/dbcounter.py:102}}
Jul 24 15:35:14.591562 np0000186580 devstack@g-api.service[114021]: DEBUG glance.image_cache.drivers.centralized_db [None req-1e0e1648-30fd-43a3-a9eb-5313122fcedb None None] Node reference is already recorded, ignoring it {{(pid=114021) configure /opt/stack/glance/glance/image_cache/drivers/centralized_db.py:71}}
Jul 24 15:35:14.591891 np0000186580 devstack@g-api.service[114023]: DEBUG glance.api.v2.cached_images [None req-71044e93-91f6-416a-bebc-953d7c6ceab0 None None] Started cache worker thread {{(pid=114023) __init__ /opt/stack/glance/glance/api/v2/cached_images.py:71}}
Jul 24 15:35:14.593026 np0000186580 devstack@g-api.service[114022]: DEBUG glance.api.v2.cached_images [None req-4049d949-f3cc-481b-aa4e-d1fd8e4d62c1 None None] Started cache worker thread {{(pid=114022) __init__ /opt/stack/glance/glance/api/v2/cached_images.py:71}}
Jul 24 15:35:14.593853 np0000186580 devstack@g-api.service[114023]: INFO glance.image_cache [None req-71044e93-91f6-416a-bebc-953d7c6ceab0 None None] Image cache loaded driver 'centralized_db'.
Jul 24 15:35:14.593912 np0000186580 devstack@g-api.service[114022]: INFO glance.image_cache [None req-4049d949-f3cc-481b-aa4e-d1fd8e4d62c1 None None] Image cache loaded driver 'centralized_db'.
Jul 24 15:35:14.597487 np0000186580 devstack@g-api.service[114021]: INFO glance.api.middleware.cache_manage [None req-1e0e1648-30fd-43a3-a9eb-5313122fcedb None None] Initialized image cache management middleware
Jul 24 15:35:14.597693 np0000186580 devstack@g-api.service[114021]: INFO glance.image_cache [None req-1e0e1648-30fd-43a3-a9eb-5313122fcedb None None] Image cache loaded driver 'centralized_db'.
Jul 24 15:35:14.598590 np0000186580 devstack@g-api.service[114024]: DEBUG glance.image_cache.drivers.centralized_db [None req-f8aadbb0-1757-40c8-afe4-ae634eecae57 None None] Node reference is already recorded, ignoring it {{(pid=114024) configure /opt/stack/glance/glance/image_cache/drivers/centralized_db.py:71}}
Jul 24 15:35:14.606742 np0000186580 devstack@g-api.service[114024]: INFO glance.image_cache [None req-f8aadbb0-1757-40c8-afe4-ae634eecae57 None None] Image cache loaded driver 'centralized_db'.
Jul 24 15:35:14.621121 np0000186580 devstack@g-api.service[114024]: DEBUG glance.image_cache.drivers.centralized_db [None req-f8aadbb0-1757-40c8-afe4-ae634eecae57 None None] Node reference is already recorded, ignoring it {{(pid=114024) configure /opt/stack/glance/glance/image_cache/drivers/centralized_db.py:71}}
Jul 24 15:35:14.621437 np0000186580 devstack@g-api.service[114021]: DEBUG glance.image_cache.drivers.centralized_db [None req-1e0e1648-30fd-43a3-a9eb-5313122fcedb None None] Node reference is already recorded, ignoring it {{(pid=114021) configure /opt/stack/glance/glance/image_cache/drivers/centralized_db.py:71}}
Jul 24 15:35:14.621634 np0000186580 devstack@g-api.service[114022]: DEBUG glance.image_cache.drivers.centralized_db [None req-4049d949-f3cc-481b-aa4e-d1fd8e4d62c1 None None] Node reference is already recorded, ignoring it {{(pid=114022) configure /opt/stack/glance/glance/image_cache/drivers/centralized_db.py:71}}
Jul 24 15:35:14.621857 np0000186580 devstack@g-api.service[114023]: DEBUG glance.image_cache.drivers.centralized_db [None req-71044e93-91f6-416a-bebc-953d7c6ceab0 None None] Node reference is already recorded, ignoring it {{(pid=114023) configure /opt/stack/glance/glance/image_cache/drivers/centralized_db.py:71}}
Jul 24 15:35:14.628273 np0000186580 devstack@g-api.service[114024]: DEBUG glance.api.v2.cached_images [None req-f8aadbb0-1757-40c8-afe4-ae634eecae57 None None] Started cache worker thread {{(pid=114024) __init__ /opt/stack/glance/glance/api/v2/cached_images.py:71}}
Jul 24 15:35:14.629872 np0000186580 devstack@g-api.service[114024]: INFO glance.image_cache [None req-f8aadbb0-1757-40c8-afe4-ae634eecae57 None None] Image cache loaded driver 'centralized_db'.
Jul 24 15:35:14.631365 np0000186580 devstack@g-api.service[114023]: INFO glance.api.middleware.cache_manage [None req-71044e93-91f6-416a-bebc-953d7c6ceab0 None None] Initialized image cache management middleware
Jul 24 15:35:14.631657 np0000186580 devstack@g-api.service[114023]: INFO glance.image_cache [None req-71044e93-91f6-416a-bebc-953d7c6ceab0 None None] Image cache loaded driver 'centralized_db'.
Jul 24 15:35:14.631877 np0000186580 devstack@g-api.service[114021]: INFO glance.api.middleware.cache [None req-1e0e1648-30fd-43a3-a9eb-5313122fcedb None None] Initialized image cache middleware
Jul 24 15:35:14.632096 np0000186580 devstack@g-api.service[114022]: INFO glance.api.middleware.cache_manage [None req-4049d949-f3cc-481b-aa4e-d1fd8e4d62c1 None None] Initialized image cache management middleware
Jul 24 15:35:14.632294 np0000186580 devstack@g-api.service[114022]: INFO glance.image_cache [None req-4049d949-f3cc-481b-aa4e-d1fd8e4d62c1 None None] Image cache loaded driver 'centralized_db'.
Jul 24 15:35:14.642403 np0000186580 devstack@g-api.service[114024]: DEBUG glance.image_cache.drivers.centralized_db [None req-f8aadbb0-1757-40c8-afe4-ae634eecae57 None None] Node reference is already recorded, ignoring it {{(pid=114024) configure /opt/stack/glance/glance/image_cache/drivers/centralized_db.py:71}}
Jul 24 15:35:14.643091 np0000186580 devstack@g-api.service[114022]: DEBUG glance.image_cache.drivers.centralized_db [None req-4049d949-f3cc-481b-aa4e-d1fd8e4d62c1 None None] Node reference is already recorded, ignoring it {{(pid=114022) configure /opt/stack/glance/glance/image_cache/drivers/centralized_db.py:71}}
Jul 24 15:35:14.643215 np0000186580 devstack@g-api.service[114023]: DEBUG glance.image_cache.drivers.centralized_db [None req-71044e93-91f6-416a-bebc-953d7c6ceab0 None None] Node reference is already recorded, ignoring it {{(pid=114023) configure /opt/stack/glance/glance/image_cache/drivers/centralized_db.py:71}}
Jul 24 15:35:14.646357 np0000186580 devstack@g-api.service[114021]: DEBUG glance.common.config [None req-1e0e1648-30fd-43a3-a9eb-5313122fcedb None None] ******************************************************************************** {{(pid=114021) log_opt_values /opt/stack/data/venv/lib/python3.12/site-packages/oslo_config/cfg.py:3226}}
Jul 24 15:35:14.646357 np0000186580 devstack@g-api.service[114021]: DEBUG glance.common.config [None req-1e0e1648-30fd-43a3-a9eb-5313122fcedb None None] Configuration options gathered from: {{(pid=114021) log_opt_values /opt/stack/data/venv/lib/python3.12/site-packages/oslo_config/cfg.py:3227}}
Jul 24 15:35:14.646710 np0000186580 devstack@g-api.service[114021]: DEBUG glance.common.config [None req-1e0e1648-30fd-43a3-a9eb-5313122fcedb None None] command line args: [] {{(pid=114021) log_opt_values /opt/stack/data/venv/lib/python3.12/site-packages/oslo_config/cfg.py:3228}}
Jul 24 15:35:14.646866 np0000186580 devstack@g-api.service[114021]: DEBUG glance.common.config [None req-1e0e1648-30fd-43a3-a9eb-5313122fcedb None None] config files: ['/etc/glance/glance-image-import.conf', '/etc/glance/glance-api.conf'] {{(pid=114021) log_opt_values /opt/stack/data/venv/lib/python3.12/site-packages/oslo_config/cfg.py:3229}}
Jul 24 15:35:14.646960 np0000186580 devstack@g-api.service[114021]: DEBUG glance.common.config [None req-1e0e1648-30fd-43a3-a9eb-5313122fcedb None None] ================================================================================ {{(pid=114021) log_opt_values /opt/stack/data/venv/lib/python3.12/site-packages/oslo_config/cfg.py:3234}}
Jul 24 15:35:14.647093 np0000186580 devstack@g-api.service[114021]: DEBUG glance.common.config [None req-1e0e1648-30fd-43a3-a9eb-5313122fcedb None None] allow_anonymous_access = False {{(pid=114021) log_opt_values /opt/stack/data/venv/lib/python3.12/site-packages/oslo_config/cfg.py:3242}}
Jul 24 15:35:14.647211 np0000186580 devstack@g-api.service[114021]: DEBUG glance.common.config [None req-1e0e1648-30fd-43a3-a9eb-5313122fcedb None None] api_limit_max = 1000 {{(pid=114021) log_opt_values /opt/stack/data/venv/lib/python3.12/site-packages/oslo_config/cfg.py:3242}}
Jul 24 15:35:14.647355 np0000186580 devstack@g-api.service[114021]: DEBUG glance.common.config [None req-1e0e1648-30fd-43a3-a9eb-5313122fcedb None None] config_dir = [] {{(pid=114021) log_opt_values /opt/stack/data/venv/lib/python3.12/site-packages/oslo_config/cfg.py:3242}}
Jul 24 15:35:14.647492 np0000186580 devstack@g-api.service[114021]: DEBUG glance.common.config [None req-1e0e1648-30fd-43a3-a9eb-5313122fcedb None None] config_file = ['/etc/glance/glance-image-import.conf', '/etc/glance/glance-api.conf'] {{(pid=114021) log_opt_values /opt/stack/data/venv/lib/python3.12/site-packages/oslo_config/cfg.py:3242}}
Jul 24 15:35:14.647580 np0000186580 devstack@g-api.service[114021]: DEBUG glance.common.config [None req-1e0e1648-30fd-43a3-a9eb-5313122fcedb None None] config_source = [] {{(pid=114021) log_opt_values /opt/stack/data/venv/lib/python3.12/site-packages/oslo_config/cfg.py:3242}}
Jul 24 15:35:14.647766 np0000186580 devstack@g-api.service[114024]: INFO glance.api.middleware.cache_manage [None req-f8aadbb0-1757-40c8-afe4-ae634eecae57 None None] Initialized image cache management middleware
Jul 24 15:35:14.647907 np0000186580 devstack@g-api.service[114021]: DEBUG glance.common.config [None req-1e0e1648-30fd-43a3-a9eb-5313122fcedb None None] control_exchange = glance {{(pid=114021) log_opt_values /opt/stack/data/venv/lib/python3.12/site-packages/oslo_config/cfg.py:3242}}
Jul 24 15:35:14.647983 np0000186580 devstack@g-api.service[114024]: INFO glance.image_cache [None req-f8aadbb0-1757-40c8-afe4-ae634eecae57 None None] Image cache loaded driver 'centralized_db'.
Jul 24 15:35:14.648174 np0000186580 devstack@g-api.service[114021]: DEBUG glance.common.config [None req-1e0e1648-30fd-43a3-a9eb-5313122fcedb None None] debug = True {{(pid=114021) log_opt_values /opt/stack/data/venv/lib/python3.12/site-packages/oslo_config/cfg.py:3242}}
Jul 24 15:35:14.648174 np0000186580 devstack@g-api.service[114021]: DEBUG glance.common.config [None req-1e0e1648-30fd-43a3-a9eb-5313122fcedb None None] default_log_levels = ['amqp=WARN', 'boto=WARN', 'sqlalchemy=WARN', 'suds=INFO', 'oslo.messaging=INFO', 'oslo_messaging=INFO', 'iso8601=WARN', 'requests.packages.urllib3.connectionpool=WARN', 'urllib3.connectionpool=WARN', 'websocket=WARN', 'requests.packages.urllib3.util.retry=WARN', 'urllib3.util.retry=WARN', 'keystonemiddleware=WARN', 'routes.middleware=WARN', 'stevedore=WARN', 'taskflow=WARN', 'keystoneauth=WARN', 'oslo.cache=INFO', 'oslo_policy=INFO', 'dogpile.core.dogpile=INFO'] {{(pid=114021) log_opt_values /opt/stack/data/venv/lib/python3.12/site-packages/oslo_config/cfg.py:3242}}
Jul 24 15:35:14.648174 np0000186580 devstack@g-api.service[114021]: DEBUG glance.common.config [None req-1e0e1648-30fd-43a3-a9eb-5313122fcedb None None] default_publisher_id = image.localhost {{(pid=114021) log_opt_values /opt/stack/data/venv/lib/python3.12/site-packages/oslo_config/cfg.py:3242}}
Jul 24 15:35:14.648693 np0000186580 devstack@g-api.service[114022]: INFO glance.api.middleware.cache [None req-4049d949-f3cc-481b-aa4e-d1fd8e4d62c1 None None] Initialized image cache middleware
Jul 24 15:35:14.648885 np0000186580 devstack@g-api.service[114021]: DEBUG glance.common.config [None req-1e0e1648-30fd-43a3-a9eb-5313122fcedb None None] delayed_delete = False {{(pid=114021) log_opt_values /opt/stack/data/venv/lib/python3.12/site-packages/oslo_config/cfg.py:3242}}
Jul 24 15:35:14.648885 np0000186580 devstack@g-api.service[114021]: DEBUG glance.common.config [None req-1e0e1648-30fd-43a3-a9eb-5313122fcedb None None] digest_algorithm = sha256 {{(pid=114021) log_opt_values /opt/stack/data/venv/lib/python3.12/site-packages/oslo_config/cfg.py:3242}}
Jul 24 15:35:14.648885 np0000186580 devstack@g-api.service[114021]: DEBUG glance.common.config [None req-1e0e1648-30fd-43a3-a9eb-5313122fcedb None None] disabled_notifications = [] {{(pid=114021) log_opt_values /opt/stack/data/venv/lib/python3.12/site-packages/oslo_config/cfg.py:3242}}
Jul 24 15:35:14.648885 np0000186580 devstack@g-api.service[114021]: DEBUG glance.common.config [None req-1e0e1648-30fd-43a3-a9eb-5313122fcedb None None] do_secure_hash = True {{(pid=114021) log_opt_values /opt/stack/data/venv/lib/python3.12/site-packages/oslo_config/cfg.py:3242}}
Jul 24 15:35:14.648885 np0000186580 devstack@g-api.service[114021]: DEBUG glance.common.config [None req-1e0e1648-30fd-43a3-a9eb-5313122fcedb None None] enabled_backends = None {{(pid=114021) log_opt_values /opt/stack/data/venv/lib/python3.12/site-packages/oslo_config/cfg.py:3242}}
Jul 24 15:35:14.649204 np0000186580 devstack@g-api.service[114021]: DEBUG glance.common.config [None req-1e0e1648-30fd-43a3-a9eb-5313122fcedb None None] enabled_import_methods = ['glance-direct', 'web-download', 'copy-image'] {{(pid=114021) log_opt_values /opt/stack/data/venv/lib/python3.12/site-packages/oslo_config/cfg.py:3242}}
Jul 24 15:35:14.649272 np0000186580 devstack@g-api.service[114023]: INFO glance.api.middleware.cache [None req-71044e93-91f6-416a-bebc-953d7c6ceab0 None None] Initialized image cache middleware
Jul 24 15:35:14.649338 np0000186580 devstack@g-api.service[114021]: DEBUG glance.common.config [None req-1e0e1648-30fd-43a3-a9eb-5313122fcedb None None] hashing_algorithm = sha512 {{(pid=114021) log_opt_values /opt/stack/data/venv/lib/python3.12/site-packages/oslo_config/cfg.py:3242}}
Jul 24 15:35:14.649338 np0000186580 devstack@g-api.service[114021]: DEBUG glance.common.config [None req-1e0e1648-30fd-43a3-a9eb-5313122fcedb None None] http_retries = 3 {{(pid=114021) log_opt_values /opt/stack/data/venv/lib/python3.12/site-packages/oslo_config/cfg.py:3242}}
Jul 24 15:35:14.649500 np0000186580 devstack@g-api.service[114021]: DEBUG glance.common.config [None req-1e0e1648-30fd-43a3-a9eb-5313122fcedb None None] image_cache_dir = /opt/stack/data/glance/cache/ {{(pid=114021) log_opt_values /opt/stack/data/venv/lib/python3.12/site-packages/oslo_config/cfg.py:3242}}
Jul 24 15:35:14.649500 np0000186580 devstack@g-api.service[114021]: DEBUG glance.common.config [None req-1e0e1648-30fd-43a3-a9eb-5313122fcedb None None] image_cache_driver = centralized_db {{(pid=114021) log_opt_values /opt/stack/data/venv/lib/python3.12/site-packages/oslo_config/cfg.py:3242}}
Jul 24 15:35:14.649626 np0000186580 devstack@g-api.service[114021]: DEBUG glance.common.config [None req-1e0e1648-30fd-43a3-a9eb-5313122fcedb None None] image_cache_max_size = 10737418240 {{(pid=114021) log_opt_values /opt/stack/data/venv/lib/python3.12/site-packages/oslo_config/cfg.py:3242}}
Jul 24 15:35:14.649788 np0000186580 devstack@g-api.service[114021]: DEBUG glance.common.config [None req-1e0e1648-30fd-43a3-a9eb-5313122fcedb None None] image_cache_sqlite_db = cache.db {{(pid=114021) log_opt_values /opt/stack/data/venv/lib/python3.12/site-packages/oslo_config/cfg.py:3242}}
Jul 24 15:35:14.649910 np0000186580 devstack@g-api.service[114021]: DEBUG glance.common.config [None req-1e0e1648-30fd-43a3-a9eb-5313122fcedb None None] image_cache_stall_time = 86400 {{(pid=114021) log_opt_values /opt/stack/data/venv/lib/python3.12/site-packages/oslo_config/cfg.py:3242}}
Jul 24 15:35:14.649910 np0000186580 devstack@g-api.service[114021]: DEBUG glance.common.config [None req-1e0e1648-30fd-43a3-a9eb-5313122fcedb None None] image_location_quota = 10 {{(pid=114021) log_opt_values /opt/stack/data/venv/lib/python3.12/site-packages/oslo_config/cfg.py:3242}}
Jul 24 15:35:14.650120 np0000186580 devstack@g-api.service[114021]: DEBUG glance.common.config [None req-1e0e1648-30fd-43a3-a9eb-5313122fcedb None None] image_member_quota = 128 {{(pid=114021) log_opt_values /opt/stack/data/venv/lib/python3.12/site-packages/oslo_config/cfg.py:3242}}
Jul 24 15:35:14.650120 np0000186580 devstack@g-api.service[114021]: DEBUG glance.common.config [None req-1e0e1648-30fd-43a3-a9eb-5313122fcedb None None] image_property_quota = 128 {{(pid=114021) log_opt_values /opt/stack/data/venv/lib/python3.12/site-packages/oslo_config/cfg.py:3242}}
Jul 24 15:35:14.650343 np0000186580 devstack@g-api.service[114021]: DEBUG glance.common.config [None req-1e0e1648-30fd-43a3-a9eb-5313122fcedb None None] image_size_cap = 1099511627776 {{(pid=114021) log_opt_values /opt/stack/data/venv/lib/python3.12/site-packages/oslo_config/cfg.py:3242}}
Jul 24 15:35:14.650343 np0000186580 devstack@g-api.service[114021]: DEBUG glance.common.config [None req-1e0e1648-30fd-43a3-a9eb-5313122fcedb None None] image_tag_quota = 128 {{(pid=114021) log_opt_values /opt/stack/data/venv/lib/python3.12/site-packages/oslo_config/cfg.py:3242}}
Jul 24 15:35:14.650589 np0000186580 devstack@g-api.service[114021]: DEBUG glance.common.config [None req-1e0e1648-30fd-43a3-a9eb-5313122fcedb None None] instance_format = [instance: %(uuid)s] {{(pid=114021) log_opt_values /opt/stack/data/venv/lib/python3.12/site-packages/oslo_config/cfg.py:3242}}
Jul 24 15:35:14.650589 np0000186580 devstack@g-api.service[114021]: DEBUG glance.common.config [None req-1e0e1648-30fd-43a3-a9eb-5313122fcedb None None] instance_uuid_format = [instance: %(uuid)s] {{(pid=114021) log_opt_values /opt/stack/data/venv/lib/python3.12/site-packages/oslo_config/cfg.py:3242}}
Jul 24 15:35:14.650806 np0000186580 devstack@g-api.service[114021]: DEBUG glance.common.config [None req-1e0e1648-30fd-43a3-a9eb-5313122fcedb None None] limit_param_default = 25 {{(pid=114021) log_opt_values /opt/stack/data/venv/lib/python3.12/site-packages/oslo_config/cfg.py:3242}}
Jul 24 15:35:14.650806 np0000186580 devstack@g-api.service[114021]: DEBUG glance.common.config [None req-1e0e1648-30fd-43a3-a9eb-5313122fcedb None None] log_color = False {{(pid=114021) log_opt_values /opt/stack/data/venv/lib/python3.12/site-packages/oslo_config/cfg.py:3242}}
Jul 24 15:35:14.650998 np0000186580 devstack@g-api.service[114021]: DEBUG glance.common.config [None req-1e0e1648-30fd-43a3-a9eb-5313122fcedb None None] log_config_append = None {{(pid=114021) log_opt_values /opt/stack/data/venv/lib/python3.12/site-packages/oslo_config/cfg.py:3242}}
Jul 24 15:35:14.651120 np0000186580 devstack@g-api.service[114021]: DEBUG glance.common.config [None req-1e0e1648-30fd-43a3-a9eb-5313122fcedb None None] log_date_format = %Y-%m-%d %H:%M:%S {{(pid=114021) log_opt_values /opt/stack/data/venv/lib/python3.12/site-packages/oslo_config/cfg.py:3242}}
Jul 24 15:35:14.651240 np0000186580 devstack@g-api.service[114021]: DEBUG glance.common.config [None req-1e0e1648-30fd-43a3-a9eb-5313122fcedb None None] log_dir = None {{(pid=114021) log_opt_values /opt/stack/data/venv/lib/python3.12/site-packages/oslo_config/cfg.py:3242}}
Jul 24 15:35:14.651350 np0000186580 devstack@g-api.service[114021]: DEBUG glance.common.config [None req-1e0e1648-30fd-43a3-a9eb-5313122fcedb None None] log_file = None {{(pid=114021) log_opt_values /opt/stack/data/venv/lib/python3.12/site-packages/oslo_config/cfg.py:3242}}
Jul 24 15:35:14.651461 np0000186580 devstack@g-api.service[114021]: DEBUG glance.common.config [None req-1e0e1648-30fd-43a3-a9eb-5313122fcedb None None] log_rotate_interval = 1 {{(pid=114021) log_opt_values /opt/stack/data/venv/lib/python3.12/site-packages/oslo_config/cfg.py:3242}}
Jul 24 15:35:14.651646 np0000186580 devstack@g-api.service[114021]: DEBUG glance.common.config [None req-1e0e1648-30fd-43a3-a9eb-5313122fcedb None None] log_rotate_interval_type = days {{(pid=114021) log_opt_values /opt/stack/data/venv/lib/python3.12/site-packages/oslo_config/cfg.py:3242}}
Jul 24 15:35:14.651794 np0000186580 devstack@g-api.service[114021]: DEBUG glance.common.config [None req-1e0e1648-30fd-43a3-a9eb-5313122fcedb None None] log_rotation_type = none {{(pid=114021) log_opt_values /opt/stack/data/venv/lib/python3.12/site-packages/oslo_config/cfg.py:3242}}
Jul 24 15:35:14.651923 np0000186580 devstack@g-api.service[114021]: DEBUG glance.common.config [None req-1e0e1648-30fd-43a3-a9eb-5313122fcedb None None] logging_context_format_string = %(color)s%(levelname)s %(name)s [%(global_request_id)s %(request_id)s %(project_name)s %(user_name)s%(color)s] %(instance)s%(color)s%(message)s {{(pid=114021) log_opt_values /opt/stack/data/venv/lib/python3.12/site-packages/oslo_config/cfg.py:3242}}
Jul 24 15:35:14.652030 np0000186580 devstack@g-api.service[114021]: DEBUG glance.common.config [None req-1e0e1648-30fd-43a3-a9eb-5313122fcedb None None] logging_debug_format_suffix = {{(pid=%(process)d) %(funcName)s %(pathname)s:%(lineno)d}} {{(pid=114021) log_opt_values /opt/stack/data/venv/lib/python3.12/site-packages/oslo_config/cfg.py:3242}}
Jul 24 15:35:14.652117 np0000186580 devstack@g-api.service[114021]: DEBUG glance.common.config [None req-1e0e1648-30fd-43a3-a9eb-5313122fcedb None None] logging_default_format_string = %(color)s%(levelname)s %(name)s [-%(color)s] %(instance)s%(color)s%(message)s {{(pid=114021) log_opt_values /opt/stack/data/venv/lib/python3.12/site-packages/oslo_config/cfg.py:3242}}
Jul 24 15:35:14.652271 np0000186580 devstack@g-api.service[114021]: DEBUG glance.common.config [None req-1e0e1648-30fd-43a3-a9eb-5313122fcedb None None] logging_exception_prefix = ERROR %(name)s %(instance)s {{(pid=114021) log_opt_values /opt/stack/data/venv/lib/python3.12/site-packages/oslo_config/cfg.py:3242}}
Jul 24 15:35:14.652393 np0000186580 devstack@g-api.service[114021]: DEBUG glance.common.config [None req-1e0e1648-30fd-43a3-a9eb-5313122fcedb None None] logging_user_identity_format = %(user)s %(project)s %(domain)s %(system_scope)s %(user_domain)s %(project_domain)s {{(pid=114021) log_opt_values /opt/stack/data/venv/lib/python3.12/site-packages/oslo_config/cfg.py:3242}}
Jul 24 15:35:14.652534 np0000186580 devstack@g-api.service[114021]: DEBUG glance.common.config [None req-1e0e1648-30fd-43a3-a9eb-5313122fcedb None None] max_logfile_count = 30 {{(pid=114021) log_opt_values /opt/stack/data/venv/lib/python3.12/site-packages/oslo_config/cfg.py:3242}}
Jul 24 15:35:14.652661 np0000186580 devstack@g-api.service[114021]: DEBUG glance.common.config [None req-1e0e1648-30fd-43a3-a9eb-5313122fcedb None None] max_logfile_size_mb = 200 {{(pid=114021) log_opt_values /opt/stack/data/venv/lib/python3.12/site-packages/oslo_config/cfg.py:3242}}
Jul 24 15:35:14.652792 np0000186580 devstack@g-api.service[114021]: DEBUG glance.common.config [None req-1e0e1648-30fd-43a3-a9eb-5313122fcedb None None] max_request_id_length = 64 {{(pid=114021) log_opt_values /opt/stack/data/venv/lib/python3.12/site-packages/oslo_config/cfg.py:3242}}
Jul 24 15:35:14.652941 np0000186580 devstack@g-api.service[114021]: DEBUG glance.common.config [None req-1e0e1648-30fd-43a3-a9eb-5313122fcedb None None] metadata_encryption_key = **** {{(pid=114021) log_opt_values /opt/stack/data/venv/lib/python3.12/site-packages/oslo_config/cfg.py:3242}}
Jul 24 15:35:14.653069 np0000186580 devstack@g-api.service[114021]: DEBUG glance.common.config [None req-1e0e1648-30fd-43a3-a9eb-5313122fcedb None None] node_staging_uri = file:///tmp/staging/ {{(pid=114021) log_opt_values /opt/stack/data/venv/lib/python3.12/site-packages/oslo_config/cfg.py:3242}}
Jul 24 15:35:14.653195 np0000186580 devstack@g-api.service[114021]: DEBUG glance.common.config [None req-1e0e1648-30fd-43a3-a9eb-5313122fcedb None None] property_protection_file = None {{(pid=114021) log_opt_values /opt/stack/data/venv/lib/python3.12/site-packages/oslo_config/cfg.py:3242}}
Jul 24 15:35:14.653331 np0000186580 devstack@g-api.service[114021]: DEBUG glance.common.config [None req-1e0e1648-30fd-43a3-a9eb-5313122fcedb None None] property_protection_rule_format = roles {{(pid=114021) log_opt_values /opt/stack/data/venv/lib/python3.12/site-packages/oslo_config/cfg.py:3242}}
Jul 24 15:35:14.653484 np0000186580 devstack@g-api.service[114021]: DEBUG glance.common.config [None req-1e0e1648-30fd-43a3-a9eb-5313122fcedb None None] public_endpoint = https://199.204.45.169/image {{(pid=114021) log_opt_values /opt/stack/data/venv/lib/python3.12/site-packages/oslo_config/cfg.py:3242}}
Jul 24 15:35:14.653645 np0000186580 devstack@g-api.service[114021]: DEBUG glance.common.config [None req-1e0e1648-30fd-43a3-a9eb-5313122fcedb None None] publish_errors = False {{(pid=114021) log_opt_values /opt/stack/data/venv/lib/python3.12/site-packages/oslo_config/cfg.py:3242}}
Jul 24 15:35:14.653766 np0000186580 devstack@g-api.service[114021]: DEBUG glance.common.config [None req-1e0e1648-30fd-43a3-a9eb-5313122fcedb None None] pydev_worker_debug_host = None {{(pid=114021) log_opt_values /opt/stack/data/venv/lib/python3.12/site-packages/oslo_config/cfg.py:3242}}
Jul 24 15:35:14.653880 np0000186580 devstack@g-api.service[114021]: DEBUG glance.common.config [None req-1e0e1648-30fd-43a3-a9eb-5313122fcedb None None] pydev_worker_debug_port = 5678 {{(pid=114021) log_opt_values /opt/stack/data/venv/lib/python3.12/site-packages/oslo_config/cfg.py:3242}}
Jul 24 15:35:14.654004 np0000186580 devstack@g-api.service[114021]: DEBUG glance.common.config [None req-1e0e1648-30fd-43a3-a9eb-5313122fcedb None None] rate_limit_burst = 0 {{(pid=114021) log_opt_values /opt/stack/data/venv/lib/python3.12/site-packages/oslo_config/cfg.py:3242}}
Jul 24 15:35:14.654139 np0000186580 devstack@g-api.service[114021]: DEBUG glance.common.config [None req-1e0e1648-30fd-43a3-a9eb-5313122fcedb None None] rate_limit_except_level = CRITICAL {{(pid=114021) log_opt_values /opt/stack/data/venv/lib/python3.12/site-packages/oslo_config/cfg.py:3242}}
Jul 24 15:35:14.654272 np0000186580 devstack@g-api.service[114021]: DEBUG glance.common.config [None req-1e0e1648-30fd-43a3-a9eb-5313122fcedb None None] rate_limit_interval = 0 {{(pid=114021) log_opt_values /opt/stack/data/venv/lib/python3.12/site-packages/oslo_config/cfg.py:3242}}
Jul 24 15:35:14.654427 np0000186580 devstack@g-api.service[114021]: DEBUG glance.common.config [None req-1e0e1648-30fd-43a3-a9eb-5313122fcedb None None] scrub_pool_size = 1 {{(pid=114021) log_opt_values /opt/stack/data/venv/lib/python3.12/site-packages/oslo_config/cfg.py:3242}}
Jul 24 15:35:14.654593 np0000186580 devstack@g-api.service[114021]: DEBUG glance.common.config [None req-1e0e1648-30fd-43a3-a9eb-5313122fcedb None None] scrub_time = 0 {{(pid=114021) log_opt_values /opt/stack/data/venv/lib/python3.12/site-packages/oslo_config/cfg.py:3242}}
Jul 24 15:35:14.654715 np0000186580 devstack@g-api.service[114021]: DEBUG glance.common.config [None req-1e0e1648-30fd-43a3-a9eb-5313122fcedb None None] shell_completion = None {{(pid=114021) log_opt_values /opt/stack/data/venv/lib/python3.12/site-packages/oslo_config/cfg.py:3242}}
Jul 24 15:35:14.654853 np0000186580 devstack@g-api.service[114021]: DEBUG glance.common.config [None req-1e0e1648-30fd-43a3-a9eb-5313122fcedb None None] show_image_direct_url = False {{(pid=114021) log_opt_values /opt/stack/data/venv/lib/python3.12/site-packages/oslo_config/cfg.py:3242}}
Jul 24 15:35:14.655100 np0000186580 devstack@g-api.service[114021]: WARNING oslo_config.cfg [None req-1e0e1648-30fd-43a3-a9eb-5313122fcedb None None] Deprecated: Option "show_multiple_locations" from group "DEFAULT" is deprecated for removal (Use of this option, deprecated since Newton, is a security risk and will be removed once we figure out a way to satisfy those use cases that currently require it. An earlier announcement that the same functionality can be achieved with greater granularity by using policies is incorrect. You cannot work around this option via policy configuration at the present time, though that is the direction we believe the fix will take. Please keep an eye on the Glance release notes to stay up to date on progress in addressing this issue.). Its value may be silently ignored in the future.
Jul 24 15:35:14.655303 np0000186580 devstack@g-api.service[114021]: DEBUG glance.common.config [None req-1e0e1648-30fd-43a3-a9eb-5313122fcedb None None] show_multiple_locations = False {{(pid=114021) log_opt_values /opt/stack/data/venv/lib/python3.12/site-packages/oslo_config/cfg.py:3242}}
Jul 24 15:35:14.655411 np0000186580 devstack@g-api.service[114021]: DEBUG glance.common.config [None req-1e0e1648-30fd-43a3-a9eb-5313122fcedb None None] syslog_log_facility = LOG_USER {{(pid=114021) log_opt_values /opt/stack/data/venv/lib/python3.12/site-packages/oslo_config/cfg.py:3242}}
Jul 24 15:35:14.655508 np0000186580 devstack@g-api.service[114021]: DEBUG glance.common.config [None req-1e0e1648-30fd-43a3-a9eb-5313122fcedb None None] transport_url = **** {{(pid=114021) log_opt_values /opt/stack/data/venv/lib/python3.12/site-packages/oslo_config/cfg.py:3242}}
Jul 24 15:35:14.655586 np0000186580 devstack@g-api.service[114021]: DEBUG glance.common.config [None req-1e0e1648-30fd-43a3-a9eb-5313122fcedb None None] use_journal = False {{(pid=114021) log_opt_values /opt/stack/data/venv/lib/python3.12/site-packages/oslo_config/cfg.py:3242}}
Jul 24 15:35:14.655728 np0000186580 devstack@g-api.service[114021]: DEBUG glance.common.config [None req-1e0e1648-30fd-43a3-a9eb-5313122fcedb None None] use_json = False {{(pid=114021) log_opt_values /opt/stack/data/venv/lib/python3.12/site-packages/oslo_config/cfg.py:3242}}
Jul 24 15:35:14.655844 np0000186580 devstack@g-api.service[114021]: DEBUG glance.common.config [None req-1e0e1648-30fd-43a3-a9eb-5313122fcedb None None] use_keystone_limits = True {{(pid=114021) log_opt_values /opt/stack/data/venv/lib/python3.12/site-packages/oslo_config/cfg.py:3242}}
Jul 24 15:35:14.655945 np0000186580 devstack@g-api.service[114021]: DEBUG glance.common.config [None req-1e0e1648-30fd-43a3-a9eb-5313122fcedb None None] use_stderr = False {{(pid=114021) log_opt_values /opt/stack/data/venv/lib/python3.12/site-packages/oslo_config/cfg.py:3242}}
Jul 24 15:35:14.656049 np0000186580 devstack@g-api.service[114021]: DEBUG glance.common.config [None req-1e0e1648-30fd-43a3-a9eb-5313122fcedb None None] use_syslog = False {{(pid=114021) log_opt_values /opt/stack/data/venv/lib/python3.12/site-packages/oslo_config/cfg.py:3242}}
Jul 24 15:35:14.656155 np0000186580 devstack@g-api.service[114021]: DEBUG glance.common.config [None req-1e0e1648-30fd-43a3-a9eb-5313122fcedb None None] user_storage_quota = 0 {{(pid=114021) log_opt_values /opt/stack/data/venv/lib/python3.12/site-packages/oslo_config/cfg.py:3242}}
Jul 24 15:35:14.656259 np0000186580 devstack@g-api.service[114021]: DEBUG glance.common.config [None req-1e0e1648-30fd-43a3-a9eb-5313122fcedb None None] worker_self_reference_url = http://127.0.0.1:60999 {{(pid=114021) log_opt_values /opt/stack/data/venv/lib/python3.12/site-packages/oslo_config/cfg.py:3242}}
Jul 24 15:35:14.656388 np0000186580 devstack@g-api.service[114021]: DEBUG glance.common.config [None req-1e0e1648-30fd-43a3-a9eb-5313122fcedb None None] oslo_concurrency.disable_process_locking = False {{(pid=114021) log_opt_values /opt/stack/data/venv/lib/python3.12/site-packages/oslo_config/cfg.py:3253}}
Jul 24 15:35:14.656553 np0000186580 devstack@g-api.service[114021]: DEBUG glance.common.config [None req-1e0e1648-30fd-43a3-a9eb-5313122fcedb None None] oslo_concurrency.lock_path = /opt/stack/data/glance/locks {{(pid=114021) log_opt_values /opt/stack/data/venv/lib/python3.12/site-packages/oslo_config/cfg.py:3253}}
Jul 24 15:35:14.656664 np0000186580 devstack@g-api.service[114021]: DEBUG glance.common.config [None req-1e0e1648-30fd-43a3-a9eb-5313122fcedb None None] oslo_middleware.enable_proxy_headers_parsing = False {{(pid=114021) log_opt_values /opt/stack/data/venv/lib/python3.12/site-packages/oslo_config/cfg.py:3253}}
Jul 24 15:35:14.656774 np0000186580 devstack@g-api.service[114021]: DEBUG glance.common.config [None req-1e0e1648-30fd-43a3-a9eb-5313122fcedb None None] oslo_middleware.http_basic_auth_user_file = /etc/htpasswd {{(pid=114021) log_opt_values /opt/stack/data/venv/lib/python3.12/site-packages/oslo_config/cfg.py:3253}}
Jul 24 15:35:14.656881 np0000186580 devstack@g-api.service[114021]: DEBUG glance.common.config [None req-1e0e1648-30fd-43a3-a9eb-5313122fcedb None None] paste_deploy.config_file = None {{(pid=114021) log_opt_values /opt/stack/data/venv/lib/python3.12/site-packages/oslo_config/cfg.py:3253}}
Jul 24 15:35:14.656989 np0000186580 devstack@g-api.service[114021]: DEBUG glance.common.config [None req-1e0e1648-30fd-43a3-a9eb-5313122fcedb None None] paste_deploy.flavor = keystone+cachemanagement {{(pid=114021) log_opt_values /opt/stack/data/venv/lib/python3.12/site-packages/oslo_config/cfg.py:3253}}
Jul 24 15:35:14.657138 np0000186580 devstack@g-api.service[114021]: DEBUG glance.common.config [None req-1e0e1648-30fd-43a3-a9eb-5313122fcedb None None] image_format.container_formats = ['ami', 'ari', 'aki', 'bare', 'ovf', 'ova', 'docker', 'compressed'] {{(pid=114021) log_opt_values /opt/stack/data/venv/lib/python3.12/site-packages/oslo_config/cfg.py:3253}}
Jul 24 15:35:14.657286 np0000186580 devstack@g-api.service[114021]: DEBUG glance.common.config [None req-1e0e1648-30fd-43a3-a9eb-5313122fcedb None None] image_format.disk_formats = ['ami', 'ari', 'aki', 'vhd', 'vhdx', 'vmdk', 'raw', 'qcow2', 'vdi', 'iso', 'ploop'] {{(pid=114021) log_opt_values /opt/stack/data/venv/lib/python3.12/site-packages/oslo_config/cfg.py:3253}}
Jul 24 15:35:14.657391 np0000186580 devstack@g-api.service[114021]: DEBUG glance.common.config [None req-1e0e1648-30fd-43a3-a9eb-5313122fcedb None None] image_format.gpt_safety_checks_nonfatal = [] {{(pid=114021) log_opt_values /opt/stack/data/venv/lib/python3.12/site-packages/oslo_config/cfg.py:3253}}
Jul 24 15:35:14.657527 np0000186580 devstack@g-api.service[114021]: DEBUG glance.common.config [None req-1e0e1648-30fd-43a3-a9eb-5313122fcedb None None] image_format.require_image_format_match = True {{(pid=114021) log_opt_values /opt/stack/data/venv/lib/python3.12/site-packages/oslo_config/cfg.py:3253}}
Jul 24 15:35:14.657647 np0000186580 devstack@g-api.service[114021]: DEBUG glance.common.config [None req-1e0e1648-30fd-43a3-a9eb-5313122fcedb None None] image_format.vmdk_allowed_types = ['streamOptimized', 'monolithicSparse'] {{(pid=114021) log_opt_values /opt/stack/data/venv/lib/python3.12/site-packages/oslo_config/cfg.py:3253}}
Jul 24 15:35:14.657770 np0000186580 devstack@g-api.service[114021]: DEBUG glance.common.config [None req-1e0e1648-30fd-43a3-a9eb-5313122fcedb None None] task.task_executor = taskflow {{(pid=114021) log_opt_values /opt/stack/data/venv/lib/python3.12/site-packages/oslo_config/cfg.py:3253}}
Jul 24 15:35:14.657885 np0000186580 devstack@g-api.service[114021]: DEBUG glance.common.config [None req-1e0e1648-30fd-43a3-a9eb-5313122fcedb None None] task.task_time_to_live = 48 {{(pid=114021) log_opt_values /opt/stack/data/venv/lib/python3.12/site-packages/oslo_config/cfg.py:3253}}
Jul 24 15:35:14.657988 np0000186580 devstack@g-api.service[114021]: DEBUG glance.common.config [None req-1e0e1648-30fd-43a3-a9eb-5313122fcedb None None] task.work_dir = None {{(pid=114021) log_opt_values /opt/stack/data/venv/lib/python3.12/site-packages/oslo_config/cfg.py:3253}}
Jul 24 15:35:14.658100 np0000186580 devstack@g-api.service[114021]: DEBUG glance.common.config [None req-1e0e1648-30fd-43a3-a9eb-5313122fcedb None None] wsgi.python_interpreter = /opt/stack/data/venv/bin/python3 {{(pid=114021) log_opt_values /opt/stack/data/venv/lib/python3.12/site-packages/oslo_config/cfg.py:3253}}
Jul 24 15:35:14.658202 np0000186580 devstack@g-api.service[114021]: DEBUG glance.common.config [None req-1e0e1648-30fd-43a3-a9eb-5313122fcedb None None] wsgi.task_pool_threads = 16 {{(pid=114021) log_opt_values /opt/stack/data/venv/lib/python3.12/site-packages/oslo_config/cfg.py:3253}}
Jul 24 15:35:14.658314 np0000186580 devstack@g-api.service[114021]: DEBUG glance.common.config [None req-1e0e1648-30fd-43a3-a9eb-5313122fcedb None None] import_filtering_opts.allowed_hosts = [] {{(pid=114021) log_opt_values /opt/stack/data/venv/lib/python3.12/site-packages/oslo_config/cfg.py:3253}}
Jul 24 15:35:14.658423 np0000186580 devstack@g-api.service[114021]: DEBUG glance.common.config [None req-1e0e1648-30fd-43a3-a9eb-5313122fcedb None None] import_filtering_opts.allowed_ports = [80, 443] {{(pid=114021) log_opt_values /opt/stack/data/venv/lib/python3.12/site-packages/oslo_config/cfg.py:3253}}
Jul 24 15:35:14.658572 np0000186580 devstack@g-api.service[114021]: DEBUG glance.common.config [None req-1e0e1648-30fd-43a3-a9eb-5313122fcedb None None] import_filtering_opts.allowed_schemes = ['http', 'https'] {{(pid=114021) log_opt_values /opt/stack/data/venv/lib/python3.12/site-packages/oslo_config/cfg.py:3253}}
Jul 24 15:35:14.658677 np0000186580 devstack@g-api.service[114021]: DEBUG glance.common.config [None req-1e0e1648-30fd-43a3-a9eb-5313122fcedb None None] import_filtering_opts.disallowed_hosts = [] {{(pid=114021) log_opt_values /opt/stack/data/venv/lib/python3.12/site-packages/oslo_config/cfg.py:3253}}
Jul 24 15:35:14.658794 np0000186580 devstack@g-api.service[114021]: DEBUG glance.common.config [None req-1e0e1648-30fd-43a3-a9eb-5313122fcedb None None] import_filtering_opts.disallowed_ports = [] {{(pid=114021) log_opt_values /opt/stack/data/venv/lib/python3.12/site-packages/oslo_config/cfg.py:3253}}
Jul 24 15:35:14.658900 np0000186580 devstack@g-api.service[114021]: DEBUG glance.common.config [None req-1e0e1648-30fd-43a3-a9eb-5313122fcedb None None] import_filtering_opts.disallowed_schemes = [] {{(pid=114021) log_opt_values /opt/stack/data/venv/lib/python3.12/site-packages/oslo_config/cfg.py:3253}}
Jul 24 15:35:14.659008 np0000186580 devstack@g-api.service[114021]: DEBUG glance.common.config [None req-1e0e1648-30fd-43a3-a9eb-5313122fcedb None None] oslo_messaging_metrics.metrics_buffer_size = 1000 {{(pid=114021) log_opt_values /opt/stack/data/venv/lib/python3.12/site-packages/oslo_config/cfg.py:3253}}
Jul 24 15:35:14.659121 np0000186580 devstack@g-api.service[114021]: DEBUG glance.common.config [None req-1e0e1648-30fd-43a3-a9eb-5313122fcedb None None] oslo_messaging_metrics.metrics_enabled = False {{(pid=114021) log_opt_values /opt/stack/data/venv/lib/python3.12/site-packages/oslo_config/cfg.py:3253}}
Jul 24 15:35:14.659218 np0000186580 devstack@g-api.service[114021]: DEBUG glance.common.config [None req-1e0e1648-30fd-43a3-a9eb-5313122fcedb None None] oslo_messaging_metrics.metrics_process_name = {{(pid=114021) log_opt_values /opt/stack/data/venv/lib/python3.12/site-packages/oslo_config/cfg.py:3253}}
Jul 24 15:35:14.659324 np0000186580 devstack@g-api.service[114021]: DEBUG glance.common.config [None req-1e0e1648-30fd-43a3-a9eb-5313122fcedb None None] oslo_messaging_metrics.metrics_socket_file = /var/tmp/metrics_collector.sock {{(pid=114021) log_opt_values /opt/stack/data/venv/lib/python3.12/site-packages/oslo_config/cfg.py:3253}}
Jul 24 15:35:14.659427 np0000186580 devstack@g-api.service[114021]: DEBUG glance.common.config [None req-1e0e1648-30fd-43a3-a9eb-5313122fcedb None None] oslo_messaging_metrics.metrics_thread_stop_timeout = 10 {{(pid=114021) log_opt_values /opt/stack/data/venv/lib/python3.12/site-packages/oslo_config/cfg.py:3253}}
Jul 24 15:35:14.659560 np0000186580 devstack@g-api.service[114021]: DEBUG glance.common.config [None req-1e0e1648-30fd-43a3-a9eb-5313122fcedb None None] profiler.connection_string = messaging:// {{(pid=114021) log_opt_values /opt/stack/data/venv/lib/python3.12/site-packages/oslo_config/cfg.py:3253}}
Jul 24 15:35:14.659682 np0000186580 devstack@g-api.service[114021]: DEBUG glance.common.config [None req-1e0e1648-30fd-43a3-a9eb-5313122fcedb None None] profiler.enabled = False {{(pid=114021) log_opt_values /opt/stack/data/venv/lib/python3.12/site-packages/oslo_config/cfg.py:3253}}
Jul 24 15:35:14.659792 np0000186580 devstack@g-api.service[114021]: DEBUG glance.common.config [None req-1e0e1648-30fd-43a3-a9eb-5313122fcedb None None] profiler.es_doc_type = notification {{(pid=114021) log_opt_values /opt/stack/data/venv/lib/python3.12/site-packages/oslo_config/cfg.py:3253}}
Jul 24 15:35:14.659897 np0000186580 devstack@g-api.service[114021]: DEBUG glance.common.config [None req-1e0e1648-30fd-43a3-a9eb-5313122fcedb None None] profiler.es_scroll_size = 10000 {{(pid=114021) log_opt_values /opt/stack/data/venv/lib/python3.12/site-packages/oslo_config/cfg.py:3253}}
Jul 24 15:35:14.660004 np0000186580 devstack@g-api.service[114021]: DEBUG glance.common.config [None req-1e0e1648-30fd-43a3-a9eb-5313122fcedb None None] profiler.es_scroll_time = 2m {{(pid=114021) log_opt_values /opt/stack/data/venv/lib/python3.12/site-packages/oslo_config/cfg.py:3253}}
Jul 24 15:35:14.660108 np0000186580 devstack@g-api.service[114021]: DEBUG glance.common.config [None req-1e0e1648-30fd-43a3-a9eb-5313122fcedb None None] profiler.filter_error_trace = False {{(pid=114021) log_opt_values /opt/stack/data/venv/lib/python3.12/site-packages/oslo_config/cfg.py:3253}}
Jul 24 15:35:14.660217 np0000186580 devstack@g-api.service[114021]: DEBUG glance.common.config [None req-1e0e1648-30fd-43a3-a9eb-5313122fcedb None None] profiler.hmac_keys = **** {{(pid=114021) log_opt_values /opt/stack/data/venv/lib/python3.12/site-packages/oslo_config/cfg.py:3253}}
Jul 24 15:35:14.660324 np0000186580 devstack@g-api.service[114021]: DEBUG glance.common.config [None req-1e0e1648-30fd-43a3-a9eb-5313122fcedb None None] profiler.sentinel_service_name = mymaster {{(pid=114021) log_opt_values /opt/stack/data/venv/lib/python3.12/site-packages/oslo_config/cfg.py:3253}}
Jul 24 15:35:14.660454 np0000186580 devstack@g-api.service[114021]: DEBUG glance.common.config [None req-1e0e1648-30fd-43a3-a9eb-5313122fcedb None None] profiler.socket_timeout = 0.1 {{(pid=114021) log_opt_values /opt/stack/data/venv/lib/python3.12/site-packages/oslo_config/cfg.py:3253}}
Jul 24 15:35:14.660622 np0000186580 devstack@g-api.service[114021]: DEBUG glance.common.config [None req-1e0e1648-30fd-43a3-a9eb-5313122fcedb None None] profiler.trace_requests = False {{(pid=114021) log_opt_values /opt/stack/data/venv/lib/python3.12/site-packages/oslo_config/cfg.py:3253}}
Jul 24 15:35:14.660734 np0000186580 devstack@g-api.service[114021]: DEBUG glance.common.config [None req-1e0e1648-30fd-43a3-a9eb-5313122fcedb None None] profiler.trace_sqlalchemy = False {{(pid=114021) log_opt_values /opt/stack/data/venv/lib/python3.12/site-packages/oslo_config/cfg.py:3253}}
Jul 24 15:35:14.660846 np0000186580 devstack@g-api.service[114021]: DEBUG glance.common.config [None req-1e0e1648-30fd-43a3-a9eb-5313122fcedb None None] profiler_jaeger.process_tags = {} {{(pid=114021) log_opt_values /opt/stack/data/venv/lib/python3.12/site-packages/oslo_config/cfg.py:3253}}
Jul 24 15:35:14.660947 np0000186580 devstack@g-api.service[114021]: DEBUG glance.common.config [None req-1e0e1648-30fd-43a3-a9eb-5313122fcedb None None] profiler_jaeger.service_name_prefix = None {{(pid=114021) log_opt_values /opt/stack/data/venv/lib/python3.12/site-packages/oslo_config/cfg.py:3253}}
Jul 24 15:35:14.661050 np0000186580 devstack@g-api.service[114021]: DEBUG glance.common.config [None req-1e0e1648-30fd-43a3-a9eb-5313122fcedb None None] profiler_otlp.service_name_prefix = None {{(pid=114021) log_opt_values /opt/stack/data/venv/lib/python3.12/site-packages/oslo_config/cfg.py:3253}}
Jul 24 15:35:14.661231 np0000186580 devstack@g-api.service[114021]: DEBUG glance.common.config [None req-1e0e1648-30fd-43a3-a9eb-5313122fcedb None None] os_brick.lightos_discovery_client_address = localhost {{(pid=114021) log_opt_values /opt/stack/data/venv/lib/python3.12/site-packages/oslo_config/cfg.py:3253}}
Jul 24 15:35:14.661340 np0000186580 devstack@g-api.service[114021]: DEBUG glance.common.config [None req-1e0e1648-30fd-43a3-a9eb-5313122fcedb None None] os_brick.lightos_discovery_client_dir_path = /etc/discovery-client/discovery.d/ {{(pid=114021) log_opt_values /opt/stack/data/venv/lib/python3.12/site-packages/oslo_config/cfg.py:3253}}
Jul 24 15:35:14.661447 np0000186580 devstack@g-api.service[114021]: DEBUG glance.common.config [None req-1e0e1648-30fd-43a3-a9eb-5313122fcedb None None] os_brick.lightos_discovery_client_port = 6060 {{(pid=114021) log_opt_values /opt/stack/data/venv/lib/python3.12/site-packages/oslo_config/cfg.py:3253}}
Jul 24 15:35:14.661581 np0000186580 devstack@g-api.service[114021]: DEBUG glance.common.config [None req-1e0e1648-30fd-43a3-a9eb-5313122fcedb None None] os_brick.lock_path = /opt/stack/data/os_brick {{(pid=114021) log_opt_values /opt/stack/data/venv/lib/python3.12/site-packages/oslo_config/cfg.py:3253}}
Jul 24 15:35:14.661685 np0000186580 devstack@g-api.service[114021]: DEBUG glance.common.config [None req-1e0e1648-30fd-43a3-a9eb-5313122fcedb None None] os_brick.wait_mpath_device_attempts = 4 {{(pid=114021) log_opt_values /opt/stack/data/venv/lib/python3.12/site-packages/oslo_config/cfg.py:3253}}
Jul 24 15:35:14.661824 np0000186580 devstack@g-api.service[114021]: DEBUG glance.common.config [None req-1e0e1648-30fd-43a3-a9eb-5313122fcedb None None] os_brick.wait_mpath_device_interval = 1 {{(pid=114021) log_opt_values /opt/stack/data/venv/lib/python3.12/site-packages/oslo_config/cfg.py:3253}}
Jul 24 15:35:14.662088 np0000186580 devstack@g-api.service[114021]: DEBUG glance.common.config [None req-1e0e1648-30fd-43a3-a9eb-5313122fcedb None None] privsep_osbrick.capabilities = [21, 2] {{(pid=114021) log_opt_values /opt/stack/data/venv/lib/python3.12/site-packages/oslo_config/cfg.py:3253}}
Jul 24 15:35:14.662188 np0000186580 devstack@g-api.service[114021]: DEBUG glance.common.config [None req-1e0e1648-30fd-43a3-a9eb-5313122fcedb None None] privsep_osbrick.group = None {{(pid=114021) log_opt_values /opt/stack/data/venv/lib/python3.12/site-packages/oslo_config/cfg.py:3253}}
Jul 24 15:35:14.662298 np0000186580 devstack@g-api.service[114021]: DEBUG glance.common.config [None req-1e0e1648-30fd-43a3-a9eb-5313122fcedb None None] privsep_osbrick.helper_command = None {{(pid=114021) log_opt_values /opt/stack/data/venv/lib/python3.12/site-packages/oslo_config/cfg.py:3253}}
Jul 24 15:35:14.662445 np0000186580 devstack@g-api.service[114021]: DEBUG glance.common.config [None req-1e0e1648-30fd-43a3-a9eb-5313122fcedb None None] privsep_osbrick.log_daemon_traceback = False {{(pid=114021) log_opt_values /opt/stack/data/venv/lib/python3.12/site-packages/oslo_config/cfg.py:3253}}
Jul 24 15:35:14.662615 np0000186580 devstack@g-api.service[114021]: DEBUG glance.common.config [None req-1e0e1648-30fd-43a3-a9eb-5313122fcedb None None] privsep_osbrick.logger_name = brick_privsep_hide_output {{(pid=114021) log_opt_values /opt/stack/data/venv/lib/python3.12/site-packages/oslo_config/cfg.py:3253}}
Jul 24 15:35:14.662732 np0000186580 devstack@g-api.service[114021]: DEBUG glance.common.config [None req-1e0e1648-30fd-43a3-a9eb-5313122fcedb None None] privsep_osbrick.thread_pool_size = 16 {{(pid=114021) log_opt_values /opt/stack/data/venv/lib/python3.12/site-packages/oslo_config/cfg.py:3253}}
Jul 24 15:35:14.662849 np0000186580 devstack@g-api.service[114021]: DEBUG glance.common.config [None req-1e0e1648-30fd-43a3-a9eb-5313122fcedb None None] privsep_osbrick.user = None {{(pid=114021) log_opt_values /opt/stack/data/venv/lib/python3.12/site-packages/oslo_config/cfg.py:3253}}
Jul 24 15:35:14.662973 np0000186580 devstack@g-api.service[114021]: DEBUG glance.common.config [None req-1e0e1648-30fd-43a3-a9eb-5313122fcedb None None] glance_store.cinder_api_insecure = False {{(pid=114021) log_opt_values /opt/stack/data/venv/lib/python3.12/site-packages/oslo_config/cfg.py:3253}}
Jul 24 15:35:14.663080 np0000186580 devstack@g-api.service[114021]: DEBUG glance.common.config [None req-1e0e1648-30fd-43a3-a9eb-5313122fcedb None None] glance_store.cinder_attachment_retry_attempts = 5 {{(pid=114021) log_opt_values /opt/stack/data/venv/lib/python3.12/site-packages/oslo_config/cfg.py:3253}}
Jul 24 15:35:14.663182 np0000186580 devstack@g-api.service[114021]: DEBUG glance.common.config [None req-1e0e1648-30fd-43a3-a9eb-5313122fcedb None None] glance_store.cinder_ca_certificates_file = None {{(pid=114021) log_opt_values /opt/stack/data/venv/lib/python3.12/site-packages/oslo_config/cfg.py:3253}}
