2026-07-24 18:48:28.582 6 INFO placement.requestlog [req-b5cd62d4-e5a3-4361-a2a7-75877442446a req-ceb0cb2a-f138-4ae9-ba7e-2f6c4a1d40da c7901e1bced041fe8dd8fbb8c7bf9bb9 ff944b3d19bc4aacbe565937ea3cc3b9 - - 75e8ac54e67148d48e740636c3cefa9a 75e8ac54e67148d48e740636c3cefa9a] 199.19.213.21 "GET /allocations/2124db95-9fcf-480d-9f14-a21ec6250d0f" status: 200 len: 245 microversion: 1.28 [pid: 6|app: 0|req: 615/1229] 199.19.213.21 () {34 vars in 862 bytes} [Fri Jul 24 18:48:28 2026] GET /allocations/2124db95-9fcf-480d-9f14-a21ec6250d0f => generated 245 bytes in 21 msecs (HTTP/1.1 200) 8 headers in 296 bytes (1 switches on core 0)
2026-07-24 18:48:28.602 7 INFO placement.requestlog [req-b5cd62d4-e5a3-4361-a2a7-75877442446a req-ed4ba7c9-c75d-4be7-b119-596f7a7772ff c7901e1bced041fe8dd8fbb8c7bf9bb9 ff944b3d19bc4aacbe565937ea3cc3b9 - - 75e8ac54e67148d48e740636c3cefa9a 75e8ac54e67148d48e740636c3cefa9a] 199.19.213.21 "GET /allocations/608921d7-e6db-4585-ba6d-75f1badb22f5" status: 200 len: 258 microversion: 1.28 [pid: 7|app: 0|req: 615/1230] 199.19.213.21 () {34 vars in 862 bytes} [Fri Jul 24 18:48:28 2026] GET /allocations/608921d7-e6db-4585-ba6d-75f1badb22f5 => generated 258 bytes in 13 msecs (HTTP/1.1 200) 8 headers in 296 bytes (1 switches on core 0)
2026-07-24 18:48:28.626 6 INFO placement.requestlog [req-b5cd62d4-e5a3-4361-a2a7-75877442446a req-25eed5e8-e6c4-4595-8c24-ea010555689c c7901e1bced041fe8dd8fbb8c7bf9bb9 ff944b3d19bc4aacbe565937ea3cc3b9 - - 75e8ac54e67148d48e740636c3cefa9a 75e8ac54e67148d48e740636c3cefa9a] 199.19.213.21 "GET /allocations/ff48525e-d573-4752-bddb-010429b7cff8" status: 200 len: 258 microversion: 1.28 [pid: 6|app: 0|req: 616/1231] 199.19.213.21 () {34 vars in 862 bytes} [Fri Jul 24 18:48:28 2026] GET /allocations/ff48525e-d573-4752-bddb-010429b7cff8 => generated 258 bytes in 18 msecs (HTTP/1.1 200) 8 headers in 296 bytes (1 switches on core 0)
2026-07-24 18:48:29.672 7 INFO placement.requestlog [req-b5cd62d4-e5a3-4361-a2a7-75877442446a req-d8737df7-b54b-44f4-8e3a-cb2792f5d95e c7901e1bced041fe8dd8fbb8c7bf9bb9 ff944b3d19bc4aacbe565937ea3cc3b9 - - 75e8ac54e67148d48e740636c3cefa9a 75e8ac54e67148d48e740636c3cefa9a] 199.19.213.21 "DELETE /allocations/6ffacac2-59d0-4197-bfb9-5ab3a74f2061" status: 204 len: 0 microversion: 1.0 [pid: 7|app: 0|req: 616/1232] 199.19.213.21 () {34 vars in 840 bytes} [Fri Jul 24 18:48:29 2026] DELETE /allocations/6ffacac2-59d0-4197-bfb9-5ab3a74f2061 => generated 0 bytes in 23 msecs (HTTP/1.1 204) 5 headers in 198 bytes (1 switches on core 0)
2026-07-24 18:48:33.134 6 INFO placement.requestlog [None req-bab049d4-2b01-4e4a-bfd3-21fc4c89e54c - - - - - -] 10.0.0.216 "GET /" status: 200 len: 136 microversion: 1.0
2026-07-24 18:48:33.135 7 INFO placement.requestlog [None req-938162e5-1765-4f87-9e7c-03a52efd5bc8 - - - - - -] 10.0.0.216 "GET /" status: 200 len: 136 microversion: 1.0
2026-07-24 18:48:35.610 6 INFO placement.requestlog [req-2b16e85b-83bc-4e6e-96b5-a558775171be req-625b82d5-0773-4e2e-9c97-8b502f73001e c7901e1bced041fe8dd8fbb8c7bf9bb9 ff944b3d19bc4aacbe565937ea3cc3b9 - - 75e8ac54e67148d48e740636c3cefa9a 75e8ac54e67148d48e740636c3cefa9a] 199.19.213.21 "GET /resource_providers/cfe4cb02-7c9b-4342-bd12-160f490373ea/allocations" status: 200 len: 440 microversion: 1.0 [pid: 6|app: 0|req: 618/1235] 199.19.213.21 () {32 vars in 856 bytes} [Fri Jul 24 18:48:35 2026] GET /resource_providers/cfe4cb02-7c9b-4342-bd12-160f490373ea/allocations => generated 440 bytes in 20 msecs (HTTP/1.1 200) 6 headers in 224 bytes (1 switches on core 0)
2026-07-24 18:48:35.631 7 INFO placement.requestlog [req-2b16e85b-83bc-4e6e-96b5-a558775171be req-0f2741aa-5d34-4265-816b-3bd4b1b2e46b c7901e1bced041fe8dd8fbb8c7bf9bb9 ff944b3d19bc4aacbe565937ea3cc3b9 - - 75e8ac54e67148d48e740636c3cefa9a 75e8ac54e67148d48e740636c3cefa9a] 199.19.213.21 "GET /allocations/2124db95-9fcf-480d-9f14-a21ec6250d0f" status: 200 len: 245 microversion: 1.28 [pid: 7|app: 0|req: 618/1236] 199.19.213.21 () {34 vars in 862 bytes} [Fri Jul 24 18:48:35 2026] GET /allocations/2124db95-9fcf-480d-9f14-a21ec6250d0f => generated 245 bytes in 16 msecs (HTTP/1.1 200) 8 headers in 296 bytes (1 switches on core 0)
2026-07-24 18:48:35.654 6 INFO placement.requestlog [req-2b16e85b-83bc-4e6e-96b5-a558775171be req-761a0064-2a06-456a-9acc-866361245778 c7901e1bced041fe8dd8fbb8c7bf9bb9 ff944b3d19bc4aacbe565937ea3cc3b9 - - 75e8ac54e67148d48e740636c3cefa9a 75e8ac54e67148d48e740636c3cefa9a] 199.19.213.21 "GET /allocations/95301821-4c81-407a-8d8d-37d888e9e130" status: 200 len: 258 microversion: 1.28 [pid: 6|app: 0|req: 619/1237] 199.19.213.21 () {34 vars in 862 bytes} [Fri Jul 24 18:48:35 2026] GET /allocations/95301821-4c81-407a-8d8d-37d888e9e130 => generated 258 bytes in 16 msecs (HTTP/1.1 200) 8 headers in 296 bytes (1 switches on core 0)
2026-07-24 18:48:35.674 7 INFO placement.requestlog [req-2b16e85b-83bc-4e6e-96b5-a558775171be req-cecdadc5-dd22-4c1d-89b5-bcbc8793fe08 c7901e1bced041fe8dd8fbb8c7bf9bb9 ff944b3d19bc4aacbe565937ea3cc3b9 - - 75e8ac54e67148d48e740636c3cefa9a 75e8ac54e67148d48e740636c3cefa9a] 199.19.213.21 "GET /allocations/608921d7-e6db-4585-ba6d-75f1badb22f5" status: 200 len: 258 microversion: 1.28 [pid: 7|app: 0|req: 619/1238] 199.19.213.21 () {34 vars in 862 bytes} [Fri Jul 24 18:48:35 2026] GET /allocations/608921d7-e6db-4585-ba6d-75f1badb22f5 => generated 258 bytes in 14 msecs (HTTP/1.1 200) 8 headers in 296 bytes (1 switches on core 0)
2026-07-24 18:48:35.693 6 INFO placement.requestlog [req-2b16e85b-83bc-4e6e-96b5-a558775171be req-3bed1769-fab4-45f7-b95d-c2fe98323b94 c7901e1bced041fe8dd8fbb8c7bf9bb9 ff944b3d19bc4aacbe565937ea3cc3b9 - - 75e8ac54e67148d48e740636c3cefa9a 75e8ac54e67148d48e740636c3cefa9a] 199.19.213.21 "GET /allocations/ff48525e-d573-4752-bddb-010429b7cff8" status: 200 len: 258 microversion: 1.28 [pid: 6|app: 0|req: 620/1239] 199.19.213.21 () {34 vars in 862 bytes} [Fri Jul 24 18:48:35 2026] GET /allocations/ff48525e-d573-4752-bddb-010429b7cff8 => generated 258 bytes in 13 msecs (HTTP/1.1 200) 8 headers in 296 bytes (1 switches on core 0)
2026-07-24 18:48:36.737 7 INFO placement.requestlog [req-2b16e85b-83bc-4e6e-96b5-a558775171be req-b9442db3-3cf3-4881-b5d9-6f80e3dd7aeb c7901e1bced041fe8dd8fbb8c7bf9bb9 ff944b3d19bc4aacbe565937ea3cc3b9 - - 75e8ac54e67148d48e740636c3cefa9a 75e8ac54e67148d48e740636c3cefa9a] 199.19.213.21 "DELETE /allocations/95301821-4c81-407a-8d8d-37d888e9e130" status: 204 len: 0 microversion: 1.0 [pid: 7|app: 0|req: 620/1240] 199.19.213.21 () {34 vars in 840 bytes} [Fri Jul 24 18:48:36 2026] DELETE /allocations/95301821-4c81-407a-8d8d-37d888e9e130 => generated 0 bytes in 21 msecs (HTTP/1.1 204) 5 headers in 198 bytes (1 switches on core 0)
2026-07-24 18:48:40.639 7 INFO placement.requestlog [None req-968913d5-b7ae-47bd-a933-439ca76f9de4 83331c60b91640a18a4ad8e756d8e26f ff944b3d19bc4aacbe565937ea3cc3b9 - - 75e8ac54e67148d48e740636c3cefa9a 75e8ac54e67148d48e740636c3cefa9a] 10.0.0.149 "GET /resource_providers/1800a8d8-3148-4f1e-a11b-1a5ffd834890/aggregates" status: 404 len: 235 microversion: 1.1 [pid: 7|app: 0|req: 621/1241] 10.0.0.149 () {32 vars in 816 bytes} [Fri Jul 24 18:48:40 2026] GET /resource_providers/1800a8d8-3148-4f1e-a11b-1a5ffd834890/aggregates => generated 235 bytes in 139 msecs (HTTP/1.1 404) 5 headers in 202 bytes (1 switches on core 0)
2026-07-24 18:48:40.647 6 INFO placement.requestlog [None req-ddbe35fb-2fa5-4679-acaa-d33e22812a04 83331c60b91640a18a4ad8e756d8e26f ff944b3d19bc4aacbe565937ea3cc3b9 - - 75e8ac54e67148d48e740636c3cefa9a 75e8ac54e67148d48e740636c3cefa9a] 10.0.0.149 "GET /resource_providers/1800a8d8-3148-4f1e-a11b-1a5ffd834890/aggregates" status: 404 len: 235 microversion: 1.1 [pid: 6|app: 0|req: 621/1242] 10.0.0.149 () {32 vars in 816 bytes} [Fri Jul 24 18:48:40 2026] GET /resource_providers/1800a8d8-3148-4f1e-a11b-1a5ffd834890/aggregates => generated 235 bytes in 147 msecs (HTTP/1.1 404) 5 headers in 202 bytes (1 switches on core 0)
2026-07-24 18:48:40.654 7 INFO placement.requestlog [None req-d08cbf49-be84-4486-8a1e-57d370fbda6d 83331c60b91640a18a4ad8e756d8e26f ff944b3d19bc4aacbe565937ea3cc3b9 - - 75e8ac54e67148d48e740636c3cefa9a 75e8ac54e67148d48e740636c3cefa9a] 10.0.0.149 "DELETE /resource_providers/1800a8d8-3148-4f1e-a11b-1a5ffd834890" status: 404 len: 246 microversion: 1.1 [pid: 7|app: 0|req: 622/1243] 10.0.0.149 () {34 vars in 816 bytes} [Fri Jul 24 18:48:40 2026] DELETE /resource_providers/1800a8d8-3148-4f1e-a11b-1a5ffd834890 => generated 246 bytes in 8 msecs (HTTP/1.1 404) 6 headers in 231 bytes (1 switches on core 0)
2026-07-24 18:48:40.672 6 INFO placement.requestlog [None req-f532620b-e319-4391-994f-c8f3d168efd0 83331c60b91640a18a4ad8e756d8e26f ff944b3d19bc4aacbe565937ea3cc3b9 - - 75e8ac54e67148d48e740636c3cefa9a 75e8ac54e67148d48e740636c3cefa9a] 10.0.0.149 "DELETE /resource_providers/1800a8d8-3148-4f1e-a11b-1a5ffd834890" status: 404 len: 246 microversion: 1.1 [pid: 6|app: 0|req: 622/1244] 10.0.0.149 () {34 vars in 816 bytes} [Fri Jul 24 18:48:40 2026] DELETE /resource_providers/1800a8d8-3148-4f1e-a11b-1a5ffd834890 => generated 246 bytes in 10 msecs (HTTP/1.1 404) 6 headers in 231 bytes (1 switches on core 0)
2026-07-24 18:48:40.913 6 INFO placement.requestlog [None req-59f3a89a-c3b7-4a97-b7b9-73babf77eeed 83331c60b91640a18a4ad8e756d8e26f ff944b3d19bc4aacbe565937ea3cc3b9 - - 75e8ac54e67148d48e740636c3cefa9a 75e8ac54e67148d48e740636c3cefa9a] 10.0.0.149 "GET /resource_providers/f5669f97-abaa-420f-9671-29245cdcbfd6/aggregates" status: 404 len: 235 microversion: 1.1 [pid: 6|app: 0|req: 623/1245] 10.0.0.149 () {32 vars in 816 bytes} [Fri Jul 24 18:48:40 2026] GET /resource_providers/f5669f97-abaa-420f-9671-29245cdcbfd6/aggregates => generated 235 bytes in 51 msecs (HTTP/1.1 404) 5 headers in 202 bytes (1 switches on core 0)
2026-07-24 18:48:40.923 7 INFO placement.requestlog [None req-cdbfc8c7-0d16-488e-b416-d0b97fc31ad1 83331c60b91640a18a4ad8e756d8e26f ff944b3d19bc4aacbe565937ea3cc3b9 - - 75e8ac54e67148d48e740636c3cefa9a 75e8ac54e67148d48e740636c3cefa9a] 10.0.0.149 "GET /resource_providers/f5669f97-abaa-420f-9671-29245cdcbfd6/aggregates" status: 404 len: 235 microversion: 1.1 [pid: 7|app: 0|req: 623/1246] 10.0.0.149 () {32 vars in 816 bytes} [Fri Jul 24 18:48:40 2026] GET /resource_providers/f5669f97-abaa-420f-9671-29245cdcbfd6/aggregates => generated 235 bytes in 65 msecs (HTTP/1.1 404) 5 headers in 202 bytes (1 switches on core 0)
2026-07-24 18:48:40.936 6 INFO placement.requestlog [None req-dc265f71-4e2a-45f5-a303-aa4f9e708040 83331c60b91640a18a4ad8e756d8e26f ff944b3d19bc4aacbe565937ea3cc3b9 - - 75e8ac54e67148d48e740636c3cefa9a 75e8ac54e67148d48e740636c3cefa9a] 10.0.0.149 "DELETE /resource_providers/f5669f97-abaa-420f-9671-29245cdcbfd6" status: 404 len: 246 microversion: 1.1 [pid: 6|app: 0|req: 624/1247] 10.0.0.149 () {34 vars in 816 bytes} [Fri Jul 24 18:48:40 2026] DELETE /resource_providers/f5669f97-abaa-420f-9671-29245cdcbfd6 => generated 246 bytes in 15 msecs (HTTP/1.1 404) 6 headers in 231 bytes (1 switches on core 0)
2026-07-24 18:48:40.944 7 INFO placement.requestlog [None req-740b94ec-78c7-451b-89aa-d7a8412d8501 83331c60b91640a18a4ad8e756d8e26f ff944b3d19bc4aacbe565937ea3cc3b9 - - 75e8ac54e67148d48e740636c3cefa9a 75e8ac54e67148d48e740636c3cefa9a] 10.0.0.149 "DELETE /resource_providers/f5669f97-abaa-420f-9671-29245cdcbfd6" status: 404 len: 246 microversion: 1.1 [pid: 7|app: 0|req: 624/1248] 10.0.0.149 () {34 vars in 816 bytes} [Fri Jul 24 18:48:40 2026] DELETE /resource_providers/f5669f97-abaa-420f-9671-29245cdcbfd6 => generated 246 bytes in 12 msecs (HTTP/1.1 404) 6 headers in 231 bytes (1 switches on core 0)
2026-07-24 18:48:43.134 6 INFO placement.requestlog [None req-96bd7cd4-6ba9-4059-98aa-98878626ff6f - - - - - -] 10.0.0.216 "GET /" status: 200 len: 136 microversion: 1.0
2026-07-24 18:48:43.135 7 INFO placement.requestlog [None req-0b21d34b-d813-466e-93fa-658dadceb633 - - - - - -] 10.0.0.216 "GET /" status: 200 len: 136 microversion: 1.0
2026-07-24 18:48:49.696 6 INFO placement.requestlog [req-f6dc64bf-3016-404e-9d28-88b09f331a66 req-52fc54d4-3295-4c26-b589-bfc064da21a5 c7901e1bced041fe8dd8fbb8c7bf9bb9 ff944b3d19bc4aacbe565937ea3cc3b9 - - 75e8ac54e67148d48e740636c3cefa9a 75e8ac54e67148d48e740636c3cefa9a] 199.19.213.21 "GET /resource_providers/cfe4cb02-7c9b-4342-bd12-160f490373ea/allocations" status: 200 len: 340 microversion: 1.0 [pid: 6|app: 0|req: 626/1251] 199.19.213.21 () {32 vars in 856 bytes} [Fri Jul 24 18:48:49 2026] GET /resource_providers/cfe4cb02-7c9b-4342-bd12-160f490373ea/allocations => generated 340 bytes in 18 msecs (HTTP/1.1 200) 6 headers in 224 bytes (1 switches on core 0)
2026-07-24 18:48:49.727 7 INFO placement.requestlog [req-f6dc64bf-3016-404e-9d28-88b09f331a66 req-66610de9-b4bb-43c1-ab95-85d8bc6ab419 c7901e1bced041fe8dd8fbb8c7bf9bb9 ff944b3d19bc4aacbe565937ea3cc3b9 - - 75e8ac54e67148d48e740636c3cefa9a 75e8ac54e67148d48e740636c3cefa9a] 199.19.213.21 "GET /resource_providers/cfe4cb02-7c9b-4342-bd12-160f490373ea/allocations" status: 200 len: 340 microversion: 1.0 [pid: 7|app: 0|req: 626/1252] 199.19.213.21 () {32 vars in 856 bytes} [Fri Jul 24 18:48:49 2026] GET /resource_providers/cfe4cb02-7c9b-4342-bd12-160f490373ea/allocations => generated 340 bytes in 23 msecs (HTTP/1.1 200) 6 headers in 224 bytes (1 switches on core 0)
2026-07-24 18:48:49.747 6 INFO placement.requestlog [req-f6dc64bf-3016-404e-9d28-88b09f331a66 req-a7e6796a-4a5e-4f82-8317-f798a150b401 c7901e1bced041fe8dd8fbb8c7bf9bb9 ff944b3d19bc4aacbe565937ea3cc3b9 - - 75e8ac54e67148d48e740636c3cefa9a 75e8ac54e67148d48e740636c3cefa9a] 199.19.213.21 "GET /allocations/2124db95-9fcf-480d-9f14-a21ec6250d0f" status: 200 len: 245 microversion: 1.28 [pid: 6|app: 0|req: 627/1253] 199.19.213.21 () {34 vars in 862 bytes} [Fri Jul 24 18:48:49 2026] GET /allocations/2124db95-9fcf-480d-9f14-a21ec6250d0f => generated 245 bytes in 13 msecs (HTTP/1.1 200) 8 headers in 296 bytes (1 switches on core 0)
2026-07-24 18:48:49.769 7 INFO placement.requestlog [req-f6dc64bf-3016-404e-9d28-88b09f331a66 req-b0c71e29-90fd-4fc1-997d-f582bc40f408 c7901e1bced041fe8dd8fbb8c7bf9bb9 ff944b3d19bc4aacbe565937ea3cc3b9 - - 75e8ac54e67148d48e740636c3cefa9a 75e8ac54e67148d48e740636c3cefa9a] 199.19.213.21 "GET /allocations/608921d7-e6db-4585-ba6d-75f1badb22f5" status: 200 len: 258 microversion: 1.28 [pid: 7|app: 0|req: 627/1254] 199.19.213.21 () {34 vars in 862 bytes} [Fri Jul 24 18:48:49 2026] GET /allocations/608921d7-e6db-4585-ba6d-75f1badb22f5 => generated 258 bytes in 15 msecs (HTTP/1.1 200) 8 headers in 296 bytes (1 switches on core 0)
2026-07-24 18:48:49.808 6 INFO placement.requestlog [req-f6dc64bf-3016-404e-9d28-88b09f331a66 req-192767c2-84a6-4f55-a627-bc78f2ea5af0 c7901e1bced041fe8dd8fbb8c7bf9bb9 ff944b3d19bc4aacbe565937ea3cc3b9 - - 75e8ac54e67148d48e740636c3cefa9a 75e8ac54e67148d48e740636c3cefa9a] 199.19.213.21 "GET /allocations/ff48525e-d573-4752-bddb-010429b7cff8" status: 200 len: 258 microversion: 1.28 [pid: 6|app: 0|req: 628/1255] 199.19.213.21 () {34 vars in 862 bytes} [Fri Jul 24 18:48:49 2026] GET /allocations/ff48525e-d573-4752-bddb-010429b7cff8 => generated 258 bytes in 26 msecs (HTTP/1.1 200) 8 headers in 296 bytes (1 switches on core 0)
2026-07-24 18:48:53.134 6 INFO placement.requestlog [None req-f8f851f4-22b8-46ce-8980-bcb96592cd7e - - - - - -] 10.0.0.216 "GET /" status: 200 len: 136 microversion: 1.0
2026-07-24 18:48:53.134 7 INFO placement.requestlog [None req-51d06f04-654a-4d10-8009-2e88ff449baa - - - - - -] 10.0.0.216 "GET /" status: 200 len: 136 microversion: 1.0
2026-07-24 18:48:55.337 6 INFO placement.requestlog [None req-d399ff4d-1fb9-41cf-ada3-9c81b3704bfb 83331c60b91640a18a4ad8e756d8e26f ff944b3d19bc4aacbe565937ea3cc3b9 - - 75e8ac54e67148d48e740636c3cefa9a 75e8ac54e67148d48e740636c3cefa9a] 10.0.0.149 "GET /resource_providers/958cb697-31d6-4d82-b3c6-36a206aa517c/aggregates" status: 404 len: 235 microversion: 1.1 [pid: 6|app: 0|req: 630/1258] 10.0.0.149 () {32 vars in 816 bytes} [Fri Jul 24 18:48:55 2026] GET /resource_providers/958cb697-31d6-4d82-b3c6-36a206aa517c/aggregates => generated 235 bytes in 17 msecs (HTTP/1.1 404) 5 headers in 202 bytes (1 switches on core 0)
2026-07-24 18:48:55.341 7 INFO placement.requestlog [None req-f41269cc-26dd-4cd3-a8ae-88967efb9c2d 83331c60b91640a18a4ad8e756d8e26f ff944b3d19bc4aacbe565937ea3cc3b9 - - 75e8ac54e67148d48e740636c3cefa9a 75e8ac54e67148d48e740636c3cefa9a] 10.0.0.149 "GET /resource_providers/958cb697-31d6-4d82-b3c6-36a206aa517c/aggregates" status: 404 len: 235 microversion: 1.1 [pid: 7|app: 0|req: 629/1259] 10.0.0.149 () {32 vars in 816 bytes} [Fri Jul 24 18:48:55 2026] GET /resource_providers/958cb697-31d6-4d82-b3c6-36a206aa517c/aggregates => generated 235 bytes in 21 msecs (HTTP/1.1 404) 5 headers in 202 bytes (1 switches on core 0)
2026-07-24 18:48:55.375 7 INFO placement.requestlog [None req-0d4a08e9-88a0-45c9-9820-5bebd89b035a 83331c60b91640a18a4ad8e756d8e26f ff944b3d19bc4aacbe565937ea3cc3b9 - - 75e8ac54e67148d48e740636c3cefa9a 75e8ac54e67148d48e740636c3cefa9a] 10.0.0.149 "DELETE /resource_providers/958cb697-31d6-4d82-b3c6-36a206aa517c" status: 404 len: 246 microversion: 1.1
2026-07-24 18:48:55.377 6 INFO placement.requestlog [None req-f60c19e2-49aa-4d2b-bc90-19c82a17c9e5 83331c60b91640a18a4ad8e756d8e26f ff944b3d19bc4aacbe565937ea3cc3b9 - - 75e8ac54e67148d48e740636c3cefa9a 75e8ac54e67148d48e740636c3cefa9a] 10.0.0.149 "DELETE /resource_providers/958cb697-31d6-4d82-b3c6-36a206aa517c" status: 404 len: 246 microversion: 1.1 [pid: 7|app: 0|req: 630/1260] 10.0.0.149 () {34 vars in 816 bytes} [Fri Jul 24 18:48:55 2026] DELETE /resource_providers/958cb697-31d6-4d82-b3c6-36a206aa517c => generated 246 bytes in 12 msecs (HTTP/1.1 404) 6 headers in 231 bytes (1 switches on core 0) [pid: 6|app: 0|req: 631/1261] 10.0.0.149 () {34 vars in 816 bytes} [Fri Jul 24 18:48:55 2026] DELETE /resource_providers/958cb697-31d6-4d82-b3c6-36a206aa517c => generated 246 bytes in 13 msecs (HTTP/1.1 404) 6 headers in 231 bytes (1 switches on core 0)
2026-07-24 18:49:01.163 7 INFO placement.requestlog [None req-8407e790-f307-4274-9fbf-3dffc61661f7 83331c60b91640a18a4ad8e756d8e26f ff944b3d19bc4aacbe565937ea3cc3b9 - - 75e8ac54e67148d48e740636c3cefa9a 75e8ac54e67148d48e740636c3cefa9a] 10.0.0.149 "GET /resource_providers/9c327b91-a6e0-48e1-9049-97a559a126c6/aggregates" status: 404 len: 235 microversion: 1.1 [pid: 7|app: 0|req: 631/1262] 10.0.0.149 () {32 vars in 816 bytes} [Fri Jul 24 18:49:01 2026] GET /resource_providers/9c327b91-a6e0-48e1-9049-97a559a126c6/aggregates => generated 235 bytes in 12 msecs (HTTP/1.1 404) 5 headers in 202 bytes (1 switches on core 0)
2026-07-24 18:49:01.169 6 INFO placement.requestlog [None req-318a791f-95d6-4aeb-a367-7064accd3bc6 83331c60b91640a18a4ad8e756d8e26f ff944b3d19bc4aacbe565937ea3cc3b9 - - 75e8ac54e67148d48e740636c3cefa9a 75e8ac54e67148d48e740636c3cefa9a] 10.0.0.149 "GET /resource_providers/9c327b91-a6e0-48e1-9049-97a559a126c6/aggregates" status: 404 len: 235 microversion: 1.1 [pid: 6|app: 0|req: 632/1263] 10.0.0.149 () {32 vars in 816 bytes} [Fri Jul 24 18:49:01 2026] GET /resource_providers/9c327b91-a6e0-48e1-9049-97a559a126c6/aggregates => generated 235 bytes in 14 msecs (HTTP/1.1 404) 5 headers in 202 bytes (1 switches on core 0)
2026-07-24 18:49:01.190 7 INFO placement.requestlog [None req-5a9b3bc4-035e-4955-a035-252defc2456b 83331c60b91640a18a4ad8e756d8e26f ff944b3d19bc4aacbe565937ea3cc3b9 - - 75e8ac54e67148d48e740636c3cefa9a 75e8ac54e67148d48e740636c3cefa9a] 10.0.0.149 "DELETE /resource_providers/9c327b91-a6e0-48e1-9049-97a559a126c6" status: 404 len: 246 microversion: 1.1 [pid: 7|app: 0|req: 632/1264] 10.0.0.149 () {34 vars in 816 bytes} [Fri Jul 24 18:49:01 2026] DELETE /resource_providers/9c327b91-a6e0-48e1-9049-97a559a126c6 => generated 246 bytes in 10 msecs (HTTP/1.1 404) 6 headers in 231 bytes (1 switches on core 0)
2026-07-24 18:49:01.190 6 INFO placement.requestlog [None req-9fd11ce8-b22d-4fd0-b415-d0d3b7d947a7 83331c60b91640a18a4ad8e756d8e26f ff944b3d19bc4aacbe565937ea3cc3b9 - - 75e8ac54e67148d48e740636c3cefa9a 75e8ac54e67148d48e740636c3cefa9a] 10.0.0.149 "DELETE /resource_providers/9c327b91-a6e0-48e1-9049-97a559a126c6" status: 404 len: 246 microversion: 1.1 [pid: 6|app: 0|req: 633/1265] 10.0.0.149 () {34 vars in 816 bytes} [Fri Jul 24 18:49:01 2026] DELETE /resource_providers/9c327b91-a6e0-48e1-9049-97a559a126c6 => generated 246 bytes in 11 msecs (HTTP/1.1 404) 6 headers in 231 bytes (1 switches on core 0)
2026-07-24 18:49:03.134 6 INFO placement.requestlog [None req-d61a9228-d539-4efb-9696-f6dd5b9e0406 - - - - - -] 10.0.0.216 "GET /" status: 200 len: 136 microversion: 1.0
2026-07-24 18:49:03.134 7 INFO placement.requestlog [None req-20d4acce-0917-4b67-a0e3-fb9cba815996 - - - - - -] 10.0.0.216 "GET /" status: 200 len: 136 microversion: 1.0
2026-07-24 18:49:03.214 6 INFO placement.requestlog [None req-b8db2818-9d1d-432d-b470-4856813c1c85 83331c60b91640a18a4ad8e756d8e26f ff944b3d19bc4aacbe565937ea3cc3b9 - - 75e8ac54e67148d48e740636c3cefa9a 75e8ac54e67148d48e740636c3cefa9a] 10.0.0.149 "GET /resource_providers/672dd910-ce90-4e77-b48f-219c85014d20/aggregates" status: 404 len: 235 microversion: 1.1
2026-07-24 18:49:03.214 7 INFO placement.requestlog [None req-db8b8c88-59fd-429f-ac6d-9858a82ac943 83331c60b91640a18a4ad8e756d8e26f ff944b3d19bc4aacbe565937ea3cc3b9 - - 75e8ac54e67148d48e740636c3cefa9a 75e8ac54e67148d48e740636c3cefa9a] 10.0.0.149 "GET /resource_providers/672dd910-ce90-4e77-b48f-219c85014d20/aggregates" status: 404 len: 235 microversion: 1.1 [pid: 6|app: 0|req: 635/1268] 10.0.0.149 () {32 vars in 816 bytes} [Fri Jul 24 18:49:03 2026] GET /resource_providers/672dd910-ce90-4e77-b48f-219c85014d20/aggregates => generated 235 bytes in 12 msecs (HTTP/1.1 404) 5 headers in 202 bytes (1 switches on core 0) [pid: 7|app: 0|req: 634/1269] 10.0.0.149 () {32 vars in 816 bytes} [Fri Jul 24 18:49:03 2026] GET /resource_providers/672dd910-ce90-4e77-b48f-219c85014d20/aggregates => generated 235 bytes in 10 msecs (HTTP/1.1 404) 5 headers in 202 bytes (1 switches on core 0)
2026-07-24 18:49:03.233 6 INFO placement.requestlog [None req-07b8a2c1-1273-428f-8a8b-b31b0e2f7132 83331c60b91640a18a4ad8e756d8e26f ff944b3d19bc4aacbe565937ea3cc3b9 - - 75e8ac54e67148d48e740636c3cefa9a 75e8ac54e67148d48e740636c3cefa9a] 10.0.0.149 "DELETE /resource_providers/672dd910-ce90-4e77-b48f-219c85014d20" status: 404 len: 246 microversion: 1.1
2026-07-24 18:49:03.234 7 INFO placement.requestlog [None req-143d193f-09eb-4cd8-8abd-b9dcd004e198 83331c60b91640a18a4ad8e756d8e26f ff944b3d19bc4aacbe565937ea3cc3b9 - - 75e8ac54e67148d48e740636c3cefa9a 75e8ac54e67148d48e740636c3cefa9a] 10.0.0.149 "DELETE /resource_providers/672dd910-ce90-4e77-b48f-219c85014d20" status: 404 len: 246 microversion: 1.1 [pid: 6|app: 0|req: 636/1270] 10.0.0.149 () {34 vars in 816 bytes} [Fri Jul 24 18:49:03 2026] DELETE /resource_providers/672dd910-ce90-4e77-b48f-219c85014d20 => generated 246 bytes in 9 msecs (HTTP/1.1 404) 6 headers in 231 bytes (1 switches on core 0) [pid: 7|app: 0|req: 635/1271] 10.0.0.149 () {34 vars in 816 bytes} [Fri Jul 24 18:49:03 2026] DELETE /resource_providers/672dd910-ce90-4e77-b48f-219c85014d20 => generated 246 bytes in 8 msecs (HTTP/1.1 404) 6 headers in 231 bytes (1 switches on core 0)
2026-07-24 18:49:13.134 7 INFO placement.requestlog [None req-7031ff7c-c888-4d12-9855-b7e31de696b8 - - - - - -] 10.0.0.216 "GET /" status: 200 len: 136 microversion: 1.0
2026-07-24 18:49:13.134 6 INFO placement.requestlog [None req-b92d6638-0ca0-420c-bd17-5758218d4c8c - - - - - -] 10.0.0.216 "GET /" status: 200 len: 136 microversion: 1.0
2026-07-24 18:49:23.135 7 INFO placement.requestlog [None req-8df51676-f9bc-4f91-ae0b-e468c5453165 - - - - - -] 10.0.0.216 "GET /" status: 200 len: 136 microversion: 1.0
2026-07-24 18:49:23.136 6 INFO placement.requestlog [None req-8ab143dd-cee6-4f6b-84db-adeef51d7bf3 - - - - - -] 10.0.0.216 "GET /" status: 200 len: 136 microversion: 1.0
2026-07-24 18:49:33.134 7 INFO placement.requestlog [None req-697c5497-8769-4e03-9fe9-1239f259a051 - - - - - -] 10.0.0.216 "GET /" status: 200 len: 136 microversion: 1.0
2026-07-24 18:49:33.134 6 INFO placement.requestlog [None req-de882cd9-940b-4ad1-b49c-ba51243f9ca6 - - - - - -] 10.0.0.216 "GET /" status: 200 len: 136 microversion: 1.0
2026-07-24 18:49:43.134 6 INFO placement.requestlog [None req-1a41f393-7169-4080-8394-add56ca23d35 - - - - - -] 10.0.0.216 "GET /" status: 200 len: 136 microversion: 1.0
2026-07-24 18:49:43.134 7 INFO placement.requestlog [None req-3157350b-0c8e-44fa-8103-9b8d0f85cf24 - - - - - -] 10.0.0.216 "GET /" status: 200 len: 136 microversion: 1.0
2026-07-24 18:49:51.705 6 INFO placement.requestlog [req-98178f03-c3f7-4e4c-a5ab-26fcb18b8f67 req-c98083ee-76ae-4bad-8289-8ebcd3e62c50 c7901e1bced041fe8dd8fbb8c7bf9bb9 ff944b3d19bc4aacbe565937ea3cc3b9 - - 75e8ac54e67148d48e740636c3cefa9a 75e8ac54e67148d48e740636c3cefa9a] 199.19.213.21 "GET /resource_providers/cfe4cb02-7c9b-4342-bd12-160f490373ea/allocations" status: 200 len: 340 microversion: 1.0 [pid: 6|app: 0|req: 641/1280] 199.19.213.21 () {32 vars in 856 bytes} [Fri Jul 24 18:49:51 2026] GET /resource_providers/cfe4cb02-7c9b-4342-bd12-160f490373ea/allocations => generated 340 bytes in 18 msecs (HTTP/1.1 200) 6 headers in 224 bytes (1 switches on core 0)
2026-07-24 18:49:51.731 7 INFO placement.requestlog [req-98178f03-c3f7-4e4c-a5ab-26fcb18b8f67 req-57e26e2b-9e33-4f09-aaec-7b2feac30a11 c7901e1bced041fe8dd8fbb8c7bf9bb9 ff944b3d19bc4aacbe565937ea3cc3b9 - - 75e8ac54e67148d48e740636c3cefa9a 75e8ac54e67148d48e740636c3cefa9a] 199.19.213.21 "GET /resource_providers/cfe4cb02-7c9b-4342-bd12-160f490373ea/allocations" status: 200 len: 340 microversion: 1.0 [pid: 7|app: 0|req: 640/1281] 199.19.213.21 () {32 vars in 856 bytes} [Fri Jul 24 18:49:51 2026] GET /resource_providers/cfe4cb02-7c9b-4342-bd12-160f490373ea/allocations => generated 340 bytes in 20 msecs (HTTP/1.1 200) 6 headers in 224 bytes (1 switches on core 0)
2026-07-24 18:49:51.750 6 INFO placement.requestlog [req-98178f03-c3f7-4e4c-a5ab-26fcb18b8f67 req-647ca33b-ffa6-43dd-819a-b0bae7d25b4c c7901e1bced041fe8dd8fbb8c7bf9bb9 ff944b3d19bc4aacbe565937ea3cc3b9 - - 75e8ac54e67148d48e740636c3cefa9a 75e8ac54e67148d48e740636c3cefa9a] 199.19.213.21 "GET /allocations/2124db95-9fcf-480d-9f14-a21ec6250d0f" status: 200 len: 245 microversion: 1.28 [pid: 6|app: 0|req: 642/1282] 199.19.213.21 () {34 vars in 862 bytes} [Fri Jul 24 18:49:51 2026] GET /allocations/2124db95-9fcf-480d-9f14-a21ec6250d0f => generated 245 bytes in 14 msecs (HTTP/1.1 200) 8 headers in 296 bytes (1 switches on core 0)
2026-07-24 18:49:51.773 7 INFO placement.requestlog [req-98178f03-c3f7-4e4c-a5ab-26fcb18b8f67 req-ba045e5b-caab-49e7-9045-c75b3da8894b c7901e1bced041fe8dd8fbb8c7bf9bb9 ff944b3d19bc4aacbe565937ea3cc3b9 - - 75e8ac54e67148d48e740636c3cefa9a 75e8ac54e67148d48e740636c3cefa9a] 199.19.213.21 "GET /allocations/608921d7-e6db-4585-ba6d-75f1badb22f5" status: 200 len: 258 microversion: 1.28 [pid: 7|app: 0|req: 641/1283] 199.19.213.21 () {34 vars in 862 bytes} [Fri Jul 24 18:49:51 2026] GET /allocations/608921d7-e6db-4585-ba6d-75f1badb22f5 => generated 258 bytes in 17 msecs (HTTP/1.1 200) 8 headers in 296 bytes (1 switches on core 0)
2026-07-24 18:49:51.795 6 INFO placement.requestlog [req-98178f03-c3f7-4e4c-a5ab-26fcb18b8f67 req-7e3f7867-7e39-42e6-99df-b260d286320b c7901e1bced041fe8dd8fbb8c7bf9bb9 ff944b3d19bc4aacbe565937ea3cc3b9 - - 75e8ac54e67148d48e740636c3cefa9a 75e8ac54e67148d48e740636c3cefa9a] 199.19.213.21 "GET /allocations/ff48525e-d573-4752-bddb-010429b7cff8" status: 200 len: 258 microversion: 1.28 [pid: 6|app: 0|req: 643/1284] 199.19.213.21 () {34 vars in 862 bytes} [Fri Jul 24 18:49:51 2026] GET /allocations/ff48525e-d573-4752-bddb-010429b7cff8 => generated 258 bytes in 13 msecs (HTTP/1.1 200) 8 headers in 296 bytes (1 switches on core 0)
2026-07-24 18:49:53.135 7 INFO placement.requestlog [None req-90de4be0-78f4-49b0-a48f-6ffb93d6b8cc - - - - - -] 10.0.0.216 "GET /" status: 200 len: 136 microversion: 1.0
2026-07-24 18:49:53.135 6 INFO placement.requestlog [None req-de527003-1f0e-48e6-b0a2-27ca43e42383 - - - - - -] 10.0.0.216 "GET /" status: 200 len: 136 microversion: 1.0
2026-07-24 18:50:03.134 7 INFO placement.requestlog [None req-9a507f50-7f50-4cc8-86d8-b79eaea6880a - - - - - -] 10.0.0.216 "GET /" status: 200 len: 136 microversion: 1.0
2026-07-24 18:50:03.137 6 INFO placement.requestlog [None req-b01e6739-31c4-4586-8627-049b3d66f49c - - - - - -] 10.0.0.216 "GET /" status: 200 len: 136 microversion: 1.0
2026-07-24 18:50:13.134 6 INFO placement.requestlog [None req-2c0ab348-ff1c-4396-9f4f-c1a5c0ef9c0a - - - - - -] 10.0.0.216 "GET /" status: 200 len: 136 microversion: 1.0
2026-07-24 18:50:13.134 7 INFO placement.requestlog [None req-d0112972-c4a5-4c5e-8ed5-06d1c56ac08b - - - - - -] 10.0.0.216 "GET /" status: 200 len: 136 microversion: 1.0
2026-07-24 18:50:23.135 7 INFO placement.requestlog [None req-a44a658d-a94d-492c-857e-cb248ac719c3 - - - - - -] 10.0.0.216 "GET /" status: 200 len: 136 microversion: 1.0
2026-07-24 18:50:23.135 6 INFO placement.requestlog [None req-5d5ccfa3-e45c-4eec-bf38-a3c17a86922b - - - - - -] 10.0.0.216 "GET /" status: 200 len: 136 microversion: 1.0
2026-07-24 18:50:33.134 7 INFO placement.requestlog [None req-0fec7142-4f5f-4b66-99e0-66bf02739131 - - - - - -] 10.0.0.216 "GET /" status: 200 len: 136 microversion: 1.0
2026-07-24 18:50:33.135 6 INFO placement.requestlog [None req-5f550a3a-f58e-4379-baae-d6b6fc429e55 - - - - - -] 10.0.0.216 "GET /" status: 200 len: 136 microversion: 1.0
2026-07-24 18:50:43.135 7 INFO placement.requestlog [None req-dba442aa-824f-4d83-a41f-83893a3db344 - - - - - -] 10.0.0.216 "GET /" status: 200 len: 136 microversion: 1.0
2026-07-24 18:50:43.135 6 INFO placement.requestlog [None req-52121771-6628-4c66-bb8e-a4618d583742 - - - - - -] 10.0.0.216 "GET /" status: 200 len: 136 microversion: 1.0
2026-07-24 18:50:53.134 6 INFO placement.requestlog [None req-45122025-7ccd-446e-a55e-db73b670bfc2 - - - - - -] 10.0.0.216 "GET /" status: 200 len: 136 microversion: 1.0
2026-07-24 18:50:53.135 7 INFO placement.requestlog [None req-226bdccd-9d9e-47a4-80b3-e0d7ffc27287 - - - - - -] 10.0.0.216 "GET /" status: 200 len: 136 microversion: 1.0
2026-07-24 18:50:53.703 6 INFO placement.requestlog [req-8777c4b6-efa1-4484-aab2-c6d709503f9b req-c1e27e9e-0fe2-4820-ab74-3319450061fc c7901e1bced041fe8dd8fbb8c7bf9bb9 ff944b3d19bc4aacbe565937ea3cc3b9 - - 75e8ac54e67148d48e740636c3cefa9a 75e8ac54e67148d48e740636c3cefa9a] 199.19.213.21 "GET /resource_providers/cfe4cb02-7c9b-4342-bd12-160f490373ea/allocations" status: 200 len: 340 microversion: 1.0 [pid: 6|app: 0|req: 651/1299] 199.19.213.21 () {32 vars in 856 bytes} [Fri Jul 24 18:50:53 2026] GET /resource_providers/cfe4cb02-7c9b-4342-bd12-160f490373ea/allocations => generated 340 bytes in 148 msecs (HTTP/1.1 200) 6 headers in 224 bytes (1 switches on core 0)
2026-07-24 18:50:53.727 7 INFO placement.requestlog [req-8777c4b6-efa1-4484-aab2-c6d709503f9b req-054dfb56-2784-4771-a6aa-c583d9a7fc9f c7901e1bced041fe8dd8fbb8c7bf9bb9 ff944b3d19bc4aacbe565937ea3cc3b9 - - 75e8ac54e67148d48e740636c3cefa9a 75e8ac54e67148d48e740636c3cefa9a] 199.19.213.21 "GET /resource_providers?in_tree=cfe4cb02-7c9b-4342-bd12-160f490373ea" status: 200 len: 798 microversion: 1.14 [pid: 7|app: 0|req: 649/1300] 199.19.213.21 () {34 vars in 891 bytes} [Fri Jul 24 18:50:53 2026] GET /resource_providers?in_tree=cfe4cb02-7c9b-4342-bd12-160f490373ea => generated 798 bytes in 18 msecs (HTTP/1.1 200) 6 headers in 225 bytes (1 switches on core 0)
2026-07-24 18:50:53.750 6 INFO placement.requestlog [req-8777c4b6-efa1-4484-aab2-c6d709503f9b req-f137ab08-b2d5-49e3-b55f-1c467522be91 c7901e1bced041fe8dd8fbb8c7bf9bb9 ff944b3d19bc4aacbe565937ea3cc3b9 - - 75e8ac54e67148d48e740636c3cefa9a 75e8ac54e67148d48e740636c3cefa9a] 199.19.213.21 "GET /resource_providers/cfe4cb02-7c9b-4342-bd12-160f490373ea/inventories" status: 200 len: 401 microversion: 1.0 [pid: 6|app: 0|req: 652/1301] 199.19.213.21 () {32 vars in 856 bytes} [Fri Jul 24 18:50:53 2026] GET /resource_providers/cfe4cb02-7c9b-4342-bd12-160f490373ea/inventories => generated 401 bytes in 15 msecs (HTTP/1.1 200) 6 headers in 224 bytes (1 switches on core 0)
2026-07-24 18:50:53.765 7 INFO placement.requestlog [req-8777c4b6-efa1-4484-aab2-c6d709503f9b req-b00d21f1-1f5c-4c2a-be5a-24297601e155 c7901e1bced041fe8dd8fbb8c7bf9bb9 ff944b3d19bc4aacbe565937ea3cc3b9 - - 75e8ac54e67148d48e740636c3cefa9a 75e8ac54e67148d48e740636c3cefa9a] 199.19.213.21 "GET /resource_providers/cfe4cb02-7c9b-4342-bd12-160f490373ea/aggregates" status: 200 len: 54 microversion: 1.19 [pid: 7|app: 0|req: 650/1302] 199.19.213.21 () {34 vars in 898 bytes} [Fri Jul 24 18:50:53 2026] GET /resource_providers/cfe4cb02-7c9b-4342-bd12-160f490373ea/aggregates => generated 54 bytes in 11 msecs (HTTP/1.1 200) 8 headers in 295 bytes (1 switches on core 0)
2026-07-24 18:50:53.791 6 INFO placement.requestlog [req-8777c4b6-efa1-4484-aab2-c6d709503f9b req-8ea9fc37-e945-41ee-a502-dcc7654a7257 c7901e1bced041fe8dd8fbb8c7bf9bb9 ff944b3d19bc4aacbe565937ea3cc3b9 - - 75e8ac54e67148d48e740636c3cefa9a 75e8ac54e67148d48e740636c3cefa9a] 199.19.213.21 "GET /resource_providers/cfe4cb02-7c9b-4342-bd12-160f490373ea/traits" status: 200 len: 1978 microversion: 1.6 [pid: 6|app: 0|req: 653/1303] 199.19.213.21 () {34 vars in 889 bytes} [Fri Jul 24 18:50:53 2026] GET /resource_providers/cfe4cb02-7c9b-4342-bd12-160f490373ea/traits => generated 1978 bytes in 22 msecs (HTTP/1.1 200) 6 headers in 225 bytes (1 switches on core 0)
2026-07-24 18:50:53.817 7 INFO placement.requestlog [req-8777c4b6-efa1-4484-aab2-c6d709503f9b req-052a8f00-b78a-4913-b3a9-9f50a1c08bc6 c7901e1bced041fe8dd8fbb8c7bf9bb9 ff944b3d19bc4aacbe565937ea3cc3b9 - - 75e8ac54e67148d48e740636c3cefa9a 75e8ac54e67148d48e740636c3cefa9a] 199.19.213.21 "GET /resource_providers/cfe4cb02-7c9b-4342-bd12-160f490373ea/allocations" status: 200 len: 340 microversion: 1.0 [pid: 7|app: 0|req: 651/1304] 199.19.213.21 () {32 vars in 856 bytes} [Fri Jul 24 18:50:53 2026] GET /resource_providers/cfe4cb02-7c9b-4342-bd12-160f490373ea/allocations => generated 340 bytes in 18 msecs (HTTP/1.1 200) 6 headers in 224 bytes (1 switches on core 0)
2026-07-24 18:50:53.842 6 INFO placement.requestlog [req-8777c4b6-efa1-4484-aab2-c6d709503f9b req-ae38a325-4c79-4730-ba4c-d999d544c111 c7901e1bced041fe8dd8fbb8c7bf9bb9 ff944b3d19bc4aacbe565937ea3cc3b9 - - 75e8ac54e67148d48e740636c3cefa9a 75e8ac54e67148d48e740636c3cefa9a] 199.19.213.21 "GET /allocations/2124db95-9fcf-480d-9f14-a21ec6250d0f" status: 200 len: 245 microversion: 1.28 [pid: 6|app: 0|req: 654/1305] 199.19.213.21 () {34 vars in 862 bytes} [Fri Jul 24 18:50:53 2026] GET /allocations/2124db95-9fcf-480d-9f14-a21ec6250d0f => generated 245 bytes in 18 msecs (HTTP/1.1 200) 8 headers in 296 bytes (1 switches on core 0)
2026-07-24 18:50:53.867 7 INFO placement.requestlog [req-8777c4b6-efa1-4484-aab2-c6d709503f9b req-9e6249e2-dbb7-4297-87e6-2c319eb7d9e1 c7901e1bced041fe8dd8fbb8c7bf9bb9 ff944b3d19bc4aacbe565937ea3cc3b9 - - 75e8ac54e67148d48e740636c3cefa9a 75e8ac54e67148d48e740636c3cefa9a] 199.19.213.21 "GET /allocations/608921d7-e6db-4585-ba6d-75f1badb22f5" status: 200 len: 258 microversion: 1.28 [pid: 7|app: 0|req: 652/1306] 199.19.213.21 () {34 vars in 862 bytes} [Fri Jul 24 18:50:53 2026] GET /allocations/608921d7-e6db-4585-ba6d-75f1badb22f5 => generated 258 bytes in 19 msecs (HTTP/1.1 200) 8 headers in 296 bytes (1 switches on core 0)
2026-07-24 18:50:53.891 6 INFO placement.requestlog [req-8777c4b6-efa1-4484-aab2-c6d709503f9b req-9a98235c-58db-4cd9-9c9c-16d7883232a9 c7901e1bced041fe8dd8fbb8c7bf9bb9 ff944b3d19bc4aacbe565937ea3cc3b9 - - 75e8ac54e67148d48e740636c3cefa9a 75e8ac54e67148d48e740636c3cefa9a] 199.19.213.21 "GET /allocations/ff48525e-d573-4752-bddb-010429b7cff8" status: 200 len: 258 microversion: 1.28 [pid: 6|app: 0|req: 655/1307] 199.19.213.21 () {34 vars in 862 bytes} [Fri Jul 24 18:50:53 2026] GET /allocations/ff48525e-d573-4752-bddb-010429b7cff8 => generated 258 bytes in 16 msecs (HTTP/1.1 200) 8 headers in 296 bytes (1 switches on core 0)
2026-07-24 18:50:57.389 7 INFO placement.requestlog [req-a28a48e0-58eb-42f5-a9e2-727880d7b468 req-080d630c-9531-41e3-aa20-9a6a9a35f6fe c7901e1bced041fe8dd8fbb8c7bf9bb9 ff944b3d19bc4aacbe565937ea3cc3b9 - - 75e8ac54e67148d48e740636c3cefa9a 75e8ac54e67148d48e740636c3cefa9a] 199.19.213.21 "GET /resource_providers/cfe4cb02-7c9b-4342-bd12-160f490373ea/allocations" status: 200 len: 340 microversion: 1.0 [pid: 7|app: 0|req: 653/1308] 199.19.213.21 () {32 vars in 856 bytes} [Fri Jul 24 18:50:57 2026] GET /resource_providers/cfe4cb02-7c9b-4342-bd12-160f490373ea/allocations => generated 340 bytes in 17 msecs (HTTP/1.1 200) 6 headers in 224 bytes (1 switches on core 0)
2026-07-24 18:50:57.411 6 INFO placement.requestlog [req-a28a48e0-58eb-42f5-a9e2-727880d7b468 req-e1cf63b8-d4b9-48fb-a78d-95072a8d142d c7901e1bced041fe8dd8fbb8c7bf9bb9 ff944b3d19bc4aacbe565937ea3cc3b9 - - 75e8ac54e67148d48e740636c3cefa9a 75e8ac54e67148d48e740636c3cefa9a] 199.19.213.21 "GET /allocations/2124db95-9fcf-480d-9f14-a21ec6250d0f" status: 200 len: 245 microversion: 1.28 [pid: 6|app: 0|req: 656/1309] 199.19.213.21 () {34 vars in 862 bytes} [Fri Jul 24 18:50:57 2026] GET /allocations/2124db95-9fcf-480d-9f14-a21ec6250d0f => generated 245 bytes in 18 msecs (HTTP/1.1 200) 8 headers in 296 bytes (1 switches on core 0)
2026-07-24 18:50:57.429 7 INFO placement.requestlog [req-a28a48e0-58eb-42f5-a9e2-727880d7b468 req-99737042-01a3-4ace-9711-6caa613b2451 c7901e1bced041fe8dd8fbb8c7bf9bb9 ff944b3d19bc4aacbe565937ea3cc3b9 - - 75e8ac54e67148d48e740636c3cefa9a 75e8ac54e67148d48e740636c3cefa9a] 199.19.213.21 "GET /allocations/608921d7-e6db-4585-ba6d-75f1badb22f5" status: 200 len: 258 microversion: 1.28 [pid: 7|app: 0|req: 654/1310] 199.19.213.21 () {34 vars in 862 bytes} [Fri Jul 24 18:50:57 2026] GET /allocations/608921d7-e6db-4585-ba6d-75f1badb22f5 => generated 258 bytes in 12 msecs (HTTP/1.1 200) 8 headers in 296 bytes (1 switches on core 0)
2026-07-24 18:50:57.448 6 INFO placement.requestlog [req-a28a48e0-58eb-42f5-a9e2-727880d7b468 req-fed764f7-4868-4567-9075-1b241a331170 c7901e1bced041fe8dd8fbb8c7bf9bb9 ff944b3d19bc4aacbe565937ea3cc3b9 - - 75e8ac54e67148d48e740636c3cefa9a 75e8ac54e67148d48e740636c3cefa9a] 199.19.213.21 "GET /allocations/ff48525e-d573-4752-bddb-010429b7cff8" status: 200 len: 258 microversion: 1.28 [pid: 6|app: 0|req: 657/1311] 199.19.213.21 () {34 vars in 862 bytes} [Fri Jul 24 18:50:57 2026] GET /allocations/ff48525e-d573-4752-bddb-010429b7cff8 => generated 258 bytes in 12 msecs (HTTP/1.1 200) 8 headers in 296 bytes (1 switches on core 0)
2026-07-24 18:50:58.493 7 INFO placement.requestlog [req-a28a48e0-58eb-42f5-a9e2-727880d7b468 req-3ac7162f-95b6-4493-bfc2-29ed0964a4e3 c7901e1bced041fe8dd8fbb8c7bf9bb9 ff944b3d19bc4aacbe565937ea3cc3b9 - - 75e8ac54e67148d48e740636c3cefa9a 75e8ac54e67148d48e740636c3cefa9a] 199.19.213.21 "DELETE /allocations/2124db95-9fcf-480d-9f14-a21ec6250d0f" status: 204 len: 0 microversion: 1.0 [pid: 7|app: 0|req: 655/1312] 199.19.213.21 () {34 vars in 840 bytes} [Fri Jul 24 18:50:58 2026] DELETE /allocations/2124db95-9fcf-480d-9f14-a21ec6250d0f => generated 0 bytes in 26 msecs (HTTP/1.1 204) 5 headers in 198 bytes (1 switches on core 0)
2026-07-24 18:51:01.636 6 INFO placement.requestlog [req-a514989d-2c62-475c-8df7-911ebd4bed47 req-79d6b869-835d-410b-8448-b68543c2268b c7901e1bced041fe8dd8fbb8c7bf9bb9 ff944b3d19bc4aacbe565937ea3cc3b9 - - 75e8ac54e67148d48e740636c3cefa9a 75e8ac54e67148d48e740636c3cefa9a] 199.19.213.21 "GET /resource_providers/cfe4cb02-7c9b-4342-bd12-160f490373ea/allocations" status: 200 len: 253 microversion: 1.0 [pid: 6|app: 0|req: 658/1313] 199.19.213.21 () {32 vars in 856 bytes} [Fri Jul 24 18:51:01 2026] GET /resource_providers/cfe4cb02-7c9b-4342-bd12-160f490373ea/allocations => generated 253 bytes in 18 msecs (HTTP/1.1 200) 6 headers in 224 bytes (1 switches on core 0)
2026-07-24 18:51:01.655 7 INFO placement.requestlog [req-a514989d-2c62-475c-8df7-911ebd4bed47 req-77528c32-d850-45d2-b745-f72ed16b4dc1 c7901e1bced041fe8dd8fbb8c7bf9bb9 ff944b3d19bc4aacbe565937ea3cc3b9 - - 75e8ac54e67148d48e740636c3cefa9a 75e8ac54e67148d48e740636c3cefa9a] 199.19.213.21 "GET /allocations/608921d7-e6db-4585-ba6d-75f1badb22f5" status: 200 len: 258 microversion: 1.28 [pid: 7|app: 0|req: 656/1314] 199.19.213.21 () {34 vars in 862 bytes} [Fri Jul 24 18:51:01 2026] GET /allocations/608921d7-e6db-4585-ba6d-75f1badb22f5 => generated 258 bytes in 14 msecs (HTTP/1.1 200) 8 headers in 296 bytes (1 switches on core 0)
2026-07-24 18:51:01.674 6 INFO placement.requestlog [req-a514989d-2c62-475c-8df7-911ebd4bed47 req-2e8f4553-6a1f-46f6-b27c-318f0c5e35b0 c7901e1bced041fe8dd8fbb8c7bf9bb9 ff944b3d19bc4aacbe565937ea3cc3b9 - - 75e8ac54e67148d48e740636c3cefa9a 75e8ac54e67148d48e740636c3cefa9a] 199.19.213.21 "GET /allocations/ff48525e-d573-4752-bddb-010429b7cff8" status: 200 len: 258 microversion: 1.28 [pid: 6|app: 0|req: 659/1315] 199.19.213.21 () {34 vars in 862 bytes} [Fri Jul 24 18:51:01 2026] GET /allocations/ff48525e-d573-4752-bddb-010429b7cff8 => generated 258 bytes in 12 msecs (HTTP/1.1 200) 8 headers in 296 bytes (1 switches on core 0)
2026-07-24 18:51:02.723 7 INFO placement.requestlog [req-a514989d-2c62-475c-8df7-911ebd4bed47 req-486d99f8-0a9a-4450-9e44-c31968f9eec9 c7901e1bced041fe8dd8fbb8c7bf9bb9 ff944b3d19bc4aacbe565937ea3cc3b9 - - 75e8ac54e67148d48e740636c3cefa9a 75e8ac54e67148d48e740636c3cefa9a] 199.19.213.21 "DELETE /allocations/608921d7-e6db-4585-ba6d-75f1badb22f5" status: 204 len: 0 microversion: 1.0 [pid: 7|app: 0|req: 657/1316] 199.19.213.21 () {34 vars in 840 bytes} [Fri Jul 24 18:51:02 2026] DELETE /allocations/608921d7-e6db-4585-ba6d-75f1badb22f5 => generated 0 bytes in 24 msecs (HTTP/1.1 204) 5 headers in 198 bytes (1 switches on core 0)
2026-07-24 18:51:03.135 6 INFO placement.requestlog [None req-6e117e76-dfdf-4ba5-b6bb-02ce0a4cb322 - - - - - -] 10.0.0.216 "GET /" status: 200 len: 136 microversion: 1.0
2026-07-24 18:51:03.135 7 INFO placement.requestlog [None req-18e898e9-7915-4fa3-8892-cd6acadd23b4 - - - - - -] 10.0.0.216 "GET /" status: 200 len: 136 microversion: 1.0
2026-07-24 18:51:12.790 6 INFO placement.requestlog [req-9a113c91-30b0-4519-bdea-fadb4df56f50 req-c7d85b84-e815-4996-8e6f-acd44f347e10 c7901e1bced041fe8dd8fbb8c7bf9bb9 ff944b3d19bc4aacbe565937ea3cc3b9 - - 75e8ac54e67148d48e740636c3cefa9a 75e8ac54e67148d48e740636c3cefa9a] 199.19.213.21 "GET /resource_providers/cfe4cb02-7c9b-4342-bd12-160f490373ea/allocations" status: 200 len: 153 microversion: 1.0 [pid: 6|app: 0|req: 661/1319] 199.19.213.21 () {32 vars in 856 bytes} [Fri Jul 24 18:51:12 2026] GET /resource_providers/cfe4cb02-7c9b-4342-bd12-160f490373ea/allocations => generated 153 bytes in 17 msecs (HTTP/1.1 200) 6 headers in 224 bytes (1 switches on core 0)
2026-07-24 18:51:12.812 7 INFO placement.requestlog [req-9a113c91-30b0-4519-bdea-fadb4df56f50 req-2063dbc8-0798-413e-8b0a-9b60a4abca93 c7901e1bced041fe8dd8fbb8c7bf9bb9 ff944b3d19bc4aacbe565937ea3cc3b9 - - 75e8ac54e67148d48e740636c3cefa9a 75e8ac54e67148d48e740636c3cefa9a] 199.19.213.21 "GET /allocations/ff48525e-d573-4752-bddb-010429b7cff8" status: 200 len: 258 microversion: 1.28 [pid: 7|app: 0|req: 659/1320] 199.19.213.21 () {34 vars in 862 bytes} [Fri Jul 24 18:51:12 2026] GET /allocations/ff48525e-d573-4752-bddb-010429b7cff8 => generated 258 bytes in 16 msecs (HTTP/1.1 200) 8 headers in 296 bytes (1 switches on core 0)
2026-07-24 18:51:13.134 6 INFO placement.requestlog [None req-c22749ff-fc1c-44a0-9cf1-54732736009b - - - - - -] 10.0.0.216 "GET /" status: 200 len: 136 microversion: 1.0
2026-07-24 18:51:13.135 7 INFO placement.requestlog [None req-6c48de90-1dc2-481f-bf1e-04756bd581dd - - - - - -] 10.0.0.216 "GET /" status: 200 len: 136 microversion: 1.0
2026-07-24 18:51:13.871 6 INFO placement.requestlog [req-9a113c91-30b0-4519-bdea-fadb4df56f50 req-43aa029d-53c6-4fa9-a078-323a09270f6b c7901e1bced041fe8dd8fbb8c7bf9bb9 ff944b3d19bc4aacbe565937ea3cc3b9 - - 75e8ac54e67148d48e740636c3cefa9a 75e8ac54e67148d48e740636c3cefa9a] 199.19.213.21 "DELETE /allocations/ff48525e-d573-4752-bddb-010429b7cff8" status: 204 len: 0 microversion: 1.0 [pid: 6|app: 0|req: 663/1323] 199.19.213.21 () {34 vars in 840 bytes} [Fri Jul 24 18:51:13 2026] DELETE /allocations/ff48525e-d573-4752-bddb-010429b7cff8 => generated 0 bytes in 34 msecs (HTTP/1.1 204) 5 headers in 198 bytes (1 switches on core 0)
2026-07-24 18:51:23.134 6 INFO placement.requestlog [None req-2486876e-f636-4a8c-9b4a-471d0cb7beba - - - - - -] 10.0.0.216 "GET /" status: 200 len: 136 microversion: 1.0
2026-07-24 18:51:23.134 7 INFO placement.requestlog [None req-a04f9bc6-af78-4f38-a1a7-710e6952d76f - - - - - -] 10.0.0.216 "GET /" status: 200 len: 136 microversion: 1.0
2026-07-24 18:51:24.409 6 INFO placement.requestlog [None req-e5727c48-5b41-4807-abbb-b8ca0d605250 83331c60b91640a18a4ad8e756d8e26f ff944b3d19bc4aacbe565937ea3cc3b9 - - 75e8ac54e67148d48e740636c3cefa9a 75e8ac54e67148d48e740636c3cefa9a] 10.0.0.149 "GET /resource_providers/3cf07dc2-2234-49a0-a8e8-12c30f3115ae/aggregates" status: 404 len: 235 microversion: 1.1 [pid: 6|app: 0|req: 665/1326] 10.0.0.149 () {32 vars in 816 bytes} [Fri Jul 24 18:51:24 2026] GET /resource_providers/3cf07dc2-2234-49a0-a8e8-12c30f3115ae/aggregates => generated 235 bytes in 10 msecs (HTTP/1.1 404) 5 headers in 202 bytes (1 switches on core 0)
2026-07-24 18:51:24.414 7 INFO placement.requestlog [None req-f04b1c3f-59cb-404a-a32c-2aa806fafd90 83331c60b91640a18a4ad8e756d8e26f ff944b3d19bc4aacbe565937ea3cc3b9 - - 75e8ac54e67148d48e740636c3cefa9a 75e8ac54e67148d48e740636c3cefa9a] 10.0.0.149 "GET /resource_providers/3cf07dc2-2234-49a0-a8e8-12c30f3115ae/aggregates" status: 404 len: 235 microversion: 1.1 [pid: 7|app: 0|req: 662/1327] 10.0.0.149 () {32 vars in 816 bytes} [Fri Jul 24 18:51:24 2026] GET /resource_providers/3cf07dc2-2234-49a0-a8e8-12c30f3115ae/aggregates => generated 235 bytes in 9 msecs (HTTP/1.1 404) 5 headers in 202 bytes (1 switches on core 0)
2026-07-24 18:51:24.429 6 INFO placement.requestlog [None req-fb6571fa-ccc0-4b25-8a93-c79e177fd931 83331c60b91640a18a4ad8e756d8e26f ff944b3d19bc4aacbe565937ea3cc3b9 - - 75e8ac54e67148d48e740636c3cefa9a 75e8ac54e67148d48e740636c3cefa9a] 10.0.0.149 "DELETE /resource_providers/3cf07dc2-2234-49a0-a8e8-12c30f3115ae" status: 404 len: 246 microversion: 1.1 [pid: 6|app: 0|req: 666/1328] 10.0.0.149 () {34 vars in 816 bytes} [Fri Jul 24 18:51:24 2026] DELETE /resource_providers/3cf07dc2-2234-49a0-a8e8-12c30f3115ae => generated 246 bytes in 9 msecs (HTTP/1.1 404) 6 headers in 231 bytes (1 switches on core 0)
2026-07-24 18:51:24.438 7 INFO placement.requestlog [None req-357e5c0f-1ae7-4f35-9fa7-44df217ae3ef 83331c60b91640a18a4ad8e756d8e26f ff944b3d19bc4aacbe565937ea3cc3b9 - - 75e8ac54e67148d48e740636c3cefa9a 75e8ac54e67148d48e740636c3cefa9a] 10.0.0.149 "DELETE /resource_providers/3cf07dc2-2234-49a0-a8e8-12c30f3115ae" status: 404 len: 246 microversion: 1.1 [pid: 7|app: 0|req: 663/1329] 10.0.0.149 () {34 vars in 816 bytes} [Fri Jul 24 18:51:24 2026] DELETE /resource_providers/3cf07dc2-2234-49a0-a8e8-12c30f3115ae => generated 246 bytes in 10 msecs (HTTP/1.1 404) 6 headers in 231 bytes (1 switches on core 0)
2026-07-24 18:51:26.450 6 INFO placement.requestlog [None req-820a05b8-9af1-4db4-aa78-ab25d3d181c8 83331c60b91640a18a4ad8e756d8e26f ff944b3d19bc4aacbe565937ea3cc3b9 - - 75e8ac54e67148d48e740636c3cefa9a 75e8ac54e67148d48e740636c3cefa9a] 10.0.0.149 "GET /resource_providers/168d1caa-b465-42bd-86e4-4ebf02841bb9/aggregates" status: 404 len: 235 microversion: 1.1 [pid: 6|app: 0|req: 667/1330] 10.0.0.149 () {32 vars in 816 bytes} [Fri Jul 24 18:51:26 2026] GET /resource_providers/168d1caa-b465-42bd-86e4-4ebf02841bb9/aggregates => generated 235 bytes in 12 msecs (HTTP/1.1 404) 5 headers in 202 bytes (1 switches on core 0)
2026-07-24 18:51:26.467 7 INFO placement.requestlog [None req-d47410d5-37c0-4b54-9747-5579915f59ef 83331c60b91640a18a4ad8e756d8e26f ff944b3d19bc4aacbe565937ea3cc3b9 - - 75e8ac54e67148d48e740636c3cefa9a 75e8ac54e67148d48e740636c3cefa9a] 10.0.0.149 "GET /resource_providers/168d1caa-b465-42bd-86e4-4ebf02841bb9/aggregates" status: 404 len: 235 microversion: 1.1 [pid: 7|app: 0|req: 664/1331] 10.0.0.149 () {32 vars in 816 bytes} [Fri Jul 24 18:51:26 2026] GET /resource_providers/168d1caa-b465-42bd-86e4-4ebf02841bb9/aggregates => generated 235 bytes in 7 msecs (HTTP/1.1 404) 5 headers in 202 bytes (1 switches on core 0)
2026-07-24 18:51:26.480 6 INFO placement.requestlog [None req-ea0009b1-7e88-4894-bcfe-af49b154609a 83331c60b91640a18a4ad8e756d8e26f ff944b3d19bc4aacbe565937ea3cc3b9 - - 75e8ac54e67148d48e740636c3cefa9a 75e8ac54e67148d48e740636c3cefa9a] 10.0.0.149 "DELETE /resource_providers/168d1caa-b465-42bd-86e4-4ebf02841bb9" status: 404 len: 246 microversion: 1.1 [pid: 6|app: 0|req: 668/1332] 10.0.0.149 () {34 vars in 816 bytes} [Fri Jul 24 18:51:26 2026] DELETE /resource_providers/168d1caa-b465-42bd-86e4-4ebf02841bb9 => generated 246 bytes in 13 msecs (HTTP/1.1 404) 6 headers in 231 bytes (1 switches on core 0)
2026-07-24 18:51:26.484 7 INFO placement.requestlog [None req-8d56af0f-6c91-4834-956f-77ee195a3f91 83331c60b91640a18a4ad8e756d8e26f ff944b3d19bc4aacbe565937ea3cc3b9 - - 75e8ac54e67148d48e740636c3cefa9a 75e8ac54e67148d48e740636c3cefa9a] 10.0.0.149 "DELETE /resource_providers/168d1caa-b465-42bd-86e4-4ebf02841bb9" status: 404 len: 246 microversion: 1.1 [pid: 7|app: 0|req: 665/1333] 10.0.0.149 () {34 vars in 816 bytes} [Fri Jul 24 18:51:26 2026] DELETE /resource_providers/168d1caa-b465-42bd-86e4-4ebf02841bb9 => generated 246 bytes in 9 msecs (HTTP/1.1 404) 6 headers in 231 bytes (1 switches on core 0)
