2026-07-24 18:44:41.447 7 INFO placement.requestlog [None req-ece669d5-4597-4ebb-b99c-a5ded2ef9afc 83331c60b91640a18a4ad8e756d8e26f ff944b3d19bc4aacbe565937ea3cc3b9 - - 75e8ac54e67148d48e740636c3cefa9a 75e8ac54e67148d48e740636c3cefa9a] 10.0.0.149 "GET /resource_providers/d64f3477-8d5e-4f8e-b266-6bf2a19a1ebb/aggregates" status: 404 len: 235 microversion: 1.1 [pid: 7|app: 0|req: 396/796] 10.0.0.149 () {32 vars in 816 bytes} [Fri Jul 24 18:44:41 2026] GET /resource_providers/d64f3477-8d5e-4f8e-b266-6bf2a19a1ebb/aggregates => generated 235 bytes in 12 msecs (HTTP/1.1 404) 5 headers in 202 bytes (1 switches on core 0)
2026-07-24 18:44:41.450 6 INFO placement.requestlog [None req-149fa585-3918-400c-bfd1-2300dd99c938 83331c60b91640a18a4ad8e756d8e26f ff944b3d19bc4aacbe565937ea3cc3b9 - - 75e8ac54e67148d48e740636c3cefa9a 75e8ac54e67148d48e740636c3cefa9a] 10.0.0.149 "GET /resource_providers/d64f3477-8d5e-4f8e-b266-6bf2a19a1ebb/aggregates" status: 404 len: 235 microversion: 1.1 [pid: 6|app: 0|req: 401/797] 10.0.0.149 () {32 vars in 816 bytes} [Fri Jul 24 18:44:41 2026] GET /resource_providers/d64f3477-8d5e-4f8e-b266-6bf2a19a1ebb/aggregates => generated 235 bytes in 11 msecs (HTTP/1.1 404) 5 headers in 202 bytes (1 switches on core 0)
2026-07-24 18:44:41.470 7 INFO placement.requestlog [None req-4e0e427e-dcdf-4e9c-91ad-214683188b9f 83331c60b91640a18a4ad8e756d8e26f ff944b3d19bc4aacbe565937ea3cc3b9 - - 75e8ac54e67148d48e740636c3cefa9a 75e8ac54e67148d48e740636c3cefa9a] 10.0.0.149 "DELETE /resource_providers/d64f3477-8d5e-4f8e-b266-6bf2a19a1ebb" status: 404 len: 246 microversion: 1.1 [pid: 7|app: 0|req: 397/798] 10.0.0.149 () {34 vars in 816 bytes} [Fri Jul 24 18:44:41 2026] DELETE /resource_providers/d64f3477-8d5e-4f8e-b266-6bf2a19a1ebb => generated 246 bytes in 13 msecs (HTTP/1.1 404) 6 headers in 231 bytes (1 switches on core 0)
2026-07-24 18:44:41.478 6 INFO placement.requestlog [None req-173070c1-703d-4964-9f84-49afc71c1c97 83331c60b91640a18a4ad8e756d8e26f ff944b3d19bc4aacbe565937ea3cc3b9 - - 75e8ac54e67148d48e740636c3cefa9a 75e8ac54e67148d48e740636c3cefa9a] 10.0.0.149 "DELETE /resource_providers/d64f3477-8d5e-4f8e-b266-6bf2a19a1ebb" status: 404 len: 246 microversion: 1.1 [pid: 6|app: 0|req: 402/799] 10.0.0.149 () {34 vars in 816 bytes} [Fri Jul 24 18:44:41 2026] DELETE /resource_providers/d64f3477-8d5e-4f8e-b266-6bf2a19a1ebb => generated 246 bytes in 11 msecs (HTTP/1.1 404) 6 headers in 231 bytes (1 switches on core 0)
2026-07-24 18:44:41.496 7 INFO placement.requestlog [None req-0bf8ebd6-0d53-447d-a4fe-9fc327de41d8 83331c60b91640a18a4ad8e756d8e26f ff944b3d19bc4aacbe565937ea3cc3b9 - - 75e8ac54e67148d48e740636c3cefa9a 75e8ac54e67148d48e740636c3cefa9a] 10.0.0.149 "GET /resource_providers/05203c8c-2f90-4802-ba10-19f9f81db2c2/aggregates" status: 404 len: 235 microversion: 1.1 [pid: 7|app: 0|req: 398/800] 10.0.0.149 () {32 vars in 816 bytes} [Fri Jul 24 18:44:41 2026] GET /resource_providers/05203c8c-2f90-4802-ba10-19f9f81db2c2/aggregates => generated 235 bytes in 9 msecs (HTTP/1.1 404) 5 headers in 202 bytes (1 switches on core 0)
2026-07-24 18:44:41.501 6 INFO placement.requestlog [None req-fef4986a-fab1-4f54-a4ea-e5289af892cf 83331c60b91640a18a4ad8e756d8e26f ff944b3d19bc4aacbe565937ea3cc3b9 - - 75e8ac54e67148d48e740636c3cefa9a 75e8ac54e67148d48e740636c3cefa9a] 10.0.0.149 "GET /resource_providers/05203c8c-2f90-4802-ba10-19f9f81db2c2/aggregates" status: 404 len: 235 microversion: 1.1 [pid: 6|app: 0|req: 403/801] 10.0.0.149 () {32 vars in 816 bytes} [Fri Jul 24 18:44:41 2026] GET /resource_providers/05203c8c-2f90-4802-ba10-19f9f81db2c2/aggregates => generated 235 bytes in 13 msecs (HTTP/1.1 404) 5 headers in 202 bytes (1 switches on core 0)
2026-07-24 18:44:41.527 6 INFO placement.requestlog [None req-62dde58e-3413-4de1-aaaa-205522e5d40d 83331c60b91640a18a4ad8e756d8e26f ff944b3d19bc4aacbe565937ea3cc3b9 - - 75e8ac54e67148d48e740636c3cefa9a 75e8ac54e67148d48e740636c3cefa9a] 10.0.0.149 "DELETE /resource_providers/05203c8c-2f90-4802-ba10-19f9f81db2c2" status: 404 len: 246 microversion: 1.1
2026-07-24 18:44:41.528 7 INFO placement.requestlog [None req-875dd4e6-3492-48b1-989b-c7b1bb653beb 83331c60b91640a18a4ad8e756d8e26f ff944b3d19bc4aacbe565937ea3cc3b9 - - 75e8ac54e67148d48e740636c3cefa9a 75e8ac54e67148d48e740636c3cefa9a] 10.0.0.149 "DELETE /resource_providers/05203c8c-2f90-4802-ba10-19f9f81db2c2" status: 404 len: 246 microversion: 1.1 [pid: 6|app: 0|req: 404/802] 10.0.0.149 () {34 vars in 816 bytes} [Fri Jul 24 18:44:41 2026] DELETE /resource_providers/05203c8c-2f90-4802-ba10-19f9f81db2c2 => generated 246 bytes in 10 msecs (HTTP/1.1 404) 6 headers in 231 bytes (1 switches on core 0) [pid: 7|app: 0|req: 399/803] 10.0.0.149 () {34 vars in 816 bytes} [Fri Jul 24 18:44:41 2026] DELETE /resource_providers/05203c8c-2f90-4802-ba10-19f9f81db2c2 => generated 246 bytes in 13 msecs (HTTP/1.1 404) 6 headers in 231 bytes (1 switches on core 0)
2026-07-24 18:44:42.671 6 INFO placement.requestlog [req-9cbf1349-3bfb-4dc1-9178-b616c99b7cf5 req-f72b769e-eba7-4917-9aef-b67539fd2acb c7901e1bced041fe8dd8fbb8c7bf9bb9 ff944b3d19bc4aacbe565937ea3cc3b9 - - 75e8ac54e67148d48e740636c3cefa9a 75e8ac54e67148d48e740636c3cefa9a] 199.19.213.21 "GET /resource_providers/cfe4cb02-7c9b-4342-bd12-160f490373ea/allocations" status: 200 len: 252 microversion: 1.0 [pid: 6|app: 0|req: 405/804] 199.19.213.21 () {32 vars in 856 bytes} [Fri Jul 24 18:44:42 2026] GET /resource_providers/cfe4cb02-7c9b-4342-bd12-160f490373ea/allocations => generated 252 bytes in 17 msecs (HTTP/1.1 200) 6 headers in 224 bytes (1 switches on core 0)
2026-07-24 18:44:42.694 7 INFO placement.requestlog [req-9cbf1349-3bfb-4dc1-9178-b616c99b7cf5 req-69c073b8-671a-4382-a8d5-c6ac145b578a c7901e1bced041fe8dd8fbb8c7bf9bb9 ff944b3d19bc4aacbe565937ea3cc3b9 - - 75e8ac54e67148d48e740636c3cefa9a 75e8ac54e67148d48e740636c3cefa9a] 199.19.213.21 "GET /allocations/41b906da-5b07-486c-97e8-0054207e5d90" status: 200 len: 257 microversion: 1.28 [pid: 7|app: 0|req: 400/805] 199.19.213.21 () {34 vars in 862 bytes} [Fri Jul 24 18:44:42 2026] GET /allocations/41b906da-5b07-486c-97e8-0054207e5d90 => generated 257 bytes in 15 msecs (HTTP/1.1 200) 8 headers in 296 bytes (1 switches on core 0)
2026-07-24 18:44:42.712 6 INFO placement.requestlog [req-9cbf1349-3bfb-4dc1-9178-b616c99b7cf5 req-44201a44-dd57-4387-b08f-c64db6cab5e9 c7901e1bced041fe8dd8fbb8c7bf9bb9 ff944b3d19bc4aacbe565937ea3cc3b9 - - 75e8ac54e67148d48e740636c3cefa9a 75e8ac54e67148d48e740636c3cefa9a] 199.19.213.21 "GET /allocations/6e76fa49-1098-444d-83ab-0d3bfb0e79e5" status: 200 len: 257 microversion: 1.28 [pid: 6|app: 0|req: 406/806] 199.19.213.21 () {34 vars in 862 bytes} [Fri Jul 24 18:44:42 2026] GET /allocations/6e76fa49-1098-444d-83ab-0d3bfb0e79e5 => generated 257 bytes in 12 msecs (HTTP/1.1 200) 8 headers in 296 bytes (1 switches on core 0)
2026-07-24 18:44:42.756 6 INFO placement.requestlog [None req-9f250407-7ee9-4cd2-8fbe-303da8582183 83331c60b91640a18a4ad8e756d8e26f ff944b3d19bc4aacbe565937ea3cc3b9 - - 75e8ac54e67148d48e740636c3cefa9a 75e8ac54e67148d48e740636c3cefa9a] 10.0.0.149 "GET /resource_providers/0b285718-81ae-4b37-aa5d-c0cc8271fdd2/aggregates" status: 404 len: 235 microversion: 1.1 [pid: 6|app: 0|req: 407/807] 10.0.0.149 () {32 vars in 816 bytes} [Fri Jul 24 18:44:42 2026] GET /resource_providers/0b285718-81ae-4b37-aa5d-c0cc8271fdd2/aggregates => generated 235 bytes in 17 msecs (HTTP/1.1 404) 5 headers in 202 bytes (1 switches on core 0)
2026-07-24 18:44:42.757 7 INFO placement.requestlog [None req-4798c424-c511-45a1-a9a0-b463d3b8b3f4 83331c60b91640a18a4ad8e756d8e26f ff944b3d19bc4aacbe565937ea3cc3b9 - - 75e8ac54e67148d48e740636c3cefa9a 75e8ac54e67148d48e740636c3cefa9a] 10.0.0.149 "GET /resource_providers/0b285718-81ae-4b37-aa5d-c0cc8271fdd2/aggregates" status: 404 len: 235 microversion: 1.1 [pid: 7|app: 0|req: 401/808] 10.0.0.149 () {32 vars in 816 bytes} [Fri Jul 24 18:44:42 2026] GET /resource_providers/0b285718-81ae-4b37-aa5d-c0cc8271fdd2/aggregates => generated 235 bytes in 18 msecs (HTTP/1.1 404) 5 headers in 202 bytes (1 switches on core 0)
2026-07-24 18:44:42.789 7 INFO placement.requestlog [None req-77325999-adbf-4c1b-ab8a-9f7ff6e19c91 83331c60b91640a18a4ad8e756d8e26f ff944b3d19bc4aacbe565937ea3cc3b9 - - 75e8ac54e67148d48e740636c3cefa9a 75e8ac54e67148d48e740636c3cefa9a] 10.0.0.149 "DELETE /resource_providers/0b285718-81ae-4b37-aa5d-c0cc8271fdd2" status: 404 len: 246 microversion: 1.1 [pid: 7|app: 0|req: 402/809] 10.0.0.149 () {34 vars in 816 bytes} [Fri Jul 24 18:44:42 2026] DELETE /resource_providers/0b285718-81ae-4b37-aa5d-c0cc8271fdd2 => generated 246 bytes in 16 msecs (HTTP/1.1 404) 6 headers in 231 bytes (1 switches on core 0)
2026-07-24 18:44:42.791 6 INFO placement.requestlog [None req-f0617948-3609-4ccb-afcb-7ab9b5214731 83331c60b91640a18a4ad8e756d8e26f ff944b3d19bc4aacbe565937ea3cc3b9 - - 75e8ac54e67148d48e740636c3cefa9a 75e8ac54e67148d48e740636c3cefa9a] 10.0.0.149 "DELETE /resource_providers/0b285718-81ae-4b37-aa5d-c0cc8271fdd2" status: 404 len: 246 microversion: 1.1 [pid: 6|app: 0|req: 408/810] 10.0.0.149 () {34 vars in 816 bytes} [Fri Jul 24 18:44:42 2026] DELETE /resource_providers/0b285718-81ae-4b37-aa5d-c0cc8271fdd2 => generated 246 bytes in 22 msecs (HTTP/1.1 404) 6 headers in 231 bytes (1 switches on core 0)
2026-07-24 18:44:43.134 7 INFO placement.requestlog [None req-b0bfd541-f2bf-4340-8956-5473e9802683 - - - - - -] 10.0.0.216 "GET /" status: 200 len: 136 microversion: 1.0
2026-07-24 18:44:43.134 6 INFO placement.requestlog [None req-0d4eb906-31c4-4a03-8f76-68a7dd163cfb - - - - - -] 10.0.0.216 "GET /" status: 200 len: 136 microversion: 1.0
2026-07-24 18:44:43.758 7 INFO placement.requestlog [req-9cbf1349-3bfb-4dc1-9178-b616c99b7cf5 req-2b336430-1882-4e56-b81b-f4bfedf641c1 c7901e1bced041fe8dd8fbb8c7bf9bb9 ff944b3d19bc4aacbe565937ea3cc3b9 - - 75e8ac54e67148d48e740636c3cefa9a 75e8ac54e67148d48e740636c3cefa9a] 199.19.213.21 "DELETE /allocations/6e76fa49-1098-444d-83ab-0d3bfb0e79e5" status: 204 len: 0 microversion: 1.0 [pid: 7|app: 0|req: 404/813] 199.19.213.21 () {34 vars in 840 bytes} [Fri Jul 24 18:44:43 2026] DELETE /allocations/6e76fa49-1098-444d-83ab-0d3bfb0e79e5 => generated 0 bytes in 23 msecs (HTTP/1.1 204) 5 headers in 198 bytes (1 switches on core 0)
2026-07-24 18:44:44.766 6 INFO placement.requestlog [req-40a25b7e-0e04-447d-b7a8-2ab33a13d49e req-244c5ca0-4eeb-4821-80dd-cd0bc6d9a3ba c7901e1bced041fe8dd8fbb8c7bf9bb9 ff944b3d19bc4aacbe565937ea3cc3b9 - - 75e8ac54e67148d48e740636c3cefa9a 75e8ac54e67148d48e740636c3cefa9a] 199.19.213.21 "GET /resource_providers/cfe4cb02-7c9b-4342-bd12-160f490373ea/allocations" status: 200 len: 152 microversion: 1.0 [pid: 6|app: 0|req: 410/814] 199.19.213.21 () {32 vars in 856 bytes} [Fri Jul 24 18:44:44 2026] GET /resource_providers/cfe4cb02-7c9b-4342-bd12-160f490373ea/allocations => generated 152 bytes in 16 msecs (HTTP/1.1 200) 6 headers in 224 bytes (1 switches on core 0)
2026-07-24 18:44:44.787 7 INFO placement.requestlog [req-40a25b7e-0e04-447d-b7a8-2ab33a13d49e req-68ba449d-3260-46b9-ab29-e0cd41f3fe8b c7901e1bced041fe8dd8fbb8c7bf9bb9 ff944b3d19bc4aacbe565937ea3cc3b9 - - 75e8ac54e67148d48e740636c3cefa9a 75e8ac54e67148d48e740636c3cefa9a] 199.19.213.21 "GET /resource_providers/cfe4cb02-7c9b-4342-bd12-160f490373ea/allocations" status: 200 len: 152 microversion: 1.0 [pid: 7|app: 0|req: 405/815] 199.19.213.21 () {32 vars in 856 bytes} [Fri Jul 24 18:44:44 2026] GET /resource_providers/cfe4cb02-7c9b-4342-bd12-160f490373ea/allocations => generated 152 bytes in 13 msecs (HTTP/1.1 200) 6 headers in 224 bytes (1 switches on core 0)
2026-07-24 18:44:44.802 6 INFO placement.requestlog [req-40a25b7e-0e04-447d-b7a8-2ab33a13d49e req-1067777b-221c-493d-852b-afbd86357f46 c7901e1bced041fe8dd8fbb8c7bf9bb9 ff944b3d19bc4aacbe565937ea3cc3b9 - - 75e8ac54e67148d48e740636c3cefa9a 75e8ac54e67148d48e740636c3cefa9a] 199.19.213.21 "GET /allocations/41b906da-5b07-486c-97e8-0054207e5d90" status: 200 len: 257 microversion: 1.28 [pid: 6|app: 0|req: 411/816] 199.19.213.21 () {34 vars in 862 bytes} [Fri Jul 24 18:44:44 2026] GET /allocations/41b906da-5b07-486c-97e8-0054207e5d90 => generated 257 bytes in 11 msecs (HTTP/1.1 200) 8 headers in 296 bytes (1 switches on core 0)
2026-07-24 18:44:47.594 7 INFO placement.requestlog [None req-145443a9-5a72-4545-a506-297eb482fb59 83331c60b91640a18a4ad8e756d8e26f ff944b3d19bc4aacbe565937ea3cc3b9 - - 75e8ac54e67148d48e740636c3cefa9a 75e8ac54e67148d48e740636c3cefa9a] 10.0.0.149 "GET /resource_providers/a096e8f3-883a-4f67-9bc2-e457cfc6a8fa/aggregates" status: 404 len: 235 microversion: 1.1 [pid: 7|app: 0|req: 406/817] 10.0.0.149 () {32 vars in 816 bytes} [Fri Jul 24 18:44:47 2026] GET /resource_providers/a096e8f3-883a-4f67-9bc2-e457cfc6a8fa/aggregates => generated 235 bytes in 14 msecs (HTTP/1.1 404) 5 headers in 202 bytes (1 switches on core 0)
2026-07-24 18:44:47.608 6 INFO placement.requestlog [None req-963f39ac-be14-4fb6-af46-3005d7129cab 83331c60b91640a18a4ad8e756d8e26f ff944b3d19bc4aacbe565937ea3cc3b9 - - 75e8ac54e67148d48e740636c3cefa9a 75e8ac54e67148d48e740636c3cefa9a] 10.0.0.149 "GET /resource_providers/a096e8f3-883a-4f67-9bc2-e457cfc6a8fa/aggregates" status: 404 len: 235 microversion: 1.1 [pid: 6|app: 0|req: 412/818] 10.0.0.149 () {32 vars in 816 bytes} [Fri Jul 24 18:44:47 2026] GET /resource_providers/a096e8f3-883a-4f67-9bc2-e457cfc6a8fa/aggregates => generated 235 bytes in 11 msecs (HTTP/1.1 404) 5 headers in 202 bytes (1 switches on core 0)
2026-07-24 18:44:47.614 7 INFO placement.requestlog [None req-9e181edc-48b2-45e4-9dee-21bdc4e49ba5 83331c60b91640a18a4ad8e756d8e26f ff944b3d19bc4aacbe565937ea3cc3b9 - - 75e8ac54e67148d48e740636c3cefa9a 75e8ac54e67148d48e740636c3cefa9a] 10.0.0.149 "DELETE /resource_providers/a096e8f3-883a-4f67-9bc2-e457cfc6a8fa" status: 404 len: 246 microversion: 1.1 [pid: 7|app: 0|req: 407/819] 10.0.0.149 () {34 vars in 816 bytes} [Fri Jul 24 18:44:47 2026] DELETE /resource_providers/a096e8f3-883a-4f67-9bc2-e457cfc6a8fa => generated 246 bytes in 9 msecs (HTTP/1.1 404) 6 headers in 231 bytes (1 switches on core 0)
2026-07-24 18:44:47.631 6 INFO placement.requestlog [None req-9dec0439-af20-4396-af54-5f2c9bf3a6f2 83331c60b91640a18a4ad8e756d8e26f ff944b3d19bc4aacbe565937ea3cc3b9 - - 75e8ac54e67148d48e740636c3cefa9a 75e8ac54e67148d48e740636c3cefa9a] 10.0.0.149 "DELETE /resource_providers/a096e8f3-883a-4f67-9bc2-e457cfc6a8fa" status: 404 len: 246 microversion: 1.1 [pid: 6|app: 0|req: 413/820] 10.0.0.149 () {34 vars in 816 bytes} [Fri Jul 24 18:44:47 2026] DELETE /resource_providers/a096e8f3-883a-4f67-9bc2-e457cfc6a8fa => generated 246 bytes in 13 msecs (HTTP/1.1 404) 6 headers in 231 bytes (1 switches on core 0)
2026-07-24 18:44:49.635 7 INFO placement.requestlog [None req-494d1d02-8b6a-4d20-b767-689cb0786998 83331c60b91640a18a4ad8e756d8e26f ff944b3d19bc4aacbe565937ea3cc3b9 - - 75e8ac54e67148d48e740636c3cefa9a 75e8ac54e67148d48e740636c3cefa9a] 10.0.0.149 "GET /resource_providers/8da96ed4-be40-4799-8823-4cb806e41789/aggregates" status: 404 len: 235 microversion: 1.1 [pid: 7|app: 0|req: 408/821] 10.0.0.149 () {32 vars in 816 bytes} [Fri Jul 24 18:44:49 2026] GET /resource_providers/8da96ed4-be40-4799-8823-4cb806e41789/aggregates => generated 235 bytes in 10 msecs (HTTP/1.1 404) 5 headers in 202 bytes (1 switches on core 0)
2026-07-24 18:44:49.653 6 INFO placement.requestlog [None req-42cb9d44-fcbb-4a17-bf7f-1b5379c0d70a 83331c60b91640a18a4ad8e756d8e26f ff944b3d19bc4aacbe565937ea3cc3b9 - - 75e8ac54e67148d48e740636c3cefa9a 75e8ac54e67148d48e740636c3cefa9a] 10.0.0.149 "GET /resource_providers/8da96ed4-be40-4799-8823-4cb806e41789/aggregates" status: 404 len: 235 microversion: 1.1 [pid: 6|app: 0|req: 414/822] 10.0.0.149 () {32 vars in 816 bytes} [Fri Jul 24 18:44:49 2026] GET /resource_providers/8da96ed4-be40-4799-8823-4cb806e41789/aggregates => generated 235 bytes in 13 msecs (HTTP/1.1 404) 5 headers in 202 bytes (1 switches on core 0)
2026-07-24 18:44:49.656 7 INFO placement.requestlog [None req-9cceabb9-6aa3-423d-a5b5-e8c1d8fae48e 83331c60b91640a18a4ad8e756d8e26f ff944b3d19bc4aacbe565937ea3cc3b9 - - 75e8ac54e67148d48e740636c3cefa9a 75e8ac54e67148d48e740636c3cefa9a] 10.0.0.149 "DELETE /resource_providers/8da96ed4-be40-4799-8823-4cb806e41789" status: 404 len: 246 microversion: 1.1 [pid: 7|app: 0|req: 409/823] 10.0.0.149 () {34 vars in 816 bytes} [Fri Jul 24 18:44:49 2026] DELETE /resource_providers/8da96ed4-be40-4799-8823-4cb806e41789 => generated 246 bytes in 10 msecs (HTTP/1.1 404) 6 headers in 231 bytes (1 switches on core 0)
2026-07-24 18:44:49.677 6 INFO placement.requestlog [None req-ae0a63c4-f3f1-4645-8f91-6da121bb78b9 83331c60b91640a18a4ad8e756d8e26f ff944b3d19bc4aacbe565937ea3cc3b9 - - 75e8ac54e67148d48e740636c3cefa9a 75e8ac54e67148d48e740636c3cefa9a] 10.0.0.149 "DELETE /resource_providers/8da96ed4-be40-4799-8823-4cb806e41789" status: 404 len: 246 microversion: 1.1 [pid: 6|app: 0|req: 415/824] 10.0.0.149 () {34 vars in 816 bytes} [Fri Jul 24 18:44:49 2026] DELETE /resource_providers/8da96ed4-be40-4799-8823-4cb806e41789 => generated 246 bytes in 13 msecs (HTTP/1.1 404) 6 headers in 231 bytes (1 switches on core 0)
2026-07-24 18:44:53.134 7 INFO placement.requestlog [None req-420d8cfe-938b-48f8-956b-0267e8e864ed - - - - - -] 10.0.0.216 "GET /" status: 200 len: 136 microversion: 1.0
2026-07-24 18:44:53.135 6 INFO placement.requestlog [None req-3e48ead5-190c-4a77-9905-3dcb449d11bd - - - - - -] 10.0.0.216 "GET /" status: 200 len: 136 microversion: 1.0
2026-07-24 18:44:53.641 7 INFO placement.requestlog [None req-86dc456a-6c11-4a97-86c8-9686d54ff1a1 83331c60b91640a18a4ad8e756d8e26f ff944b3d19bc4aacbe565937ea3cc3b9 - - 75e8ac54e67148d48e740636c3cefa9a 75e8ac54e67148d48e740636c3cefa9a] 10.0.0.149 "GET /resource_providers/8e0909c8-9962-452a-9a1c-5ef321123d25/aggregates" status: 404 len: 235 microversion: 1.1 [pid: 7|app: 0|req: 411/827] 10.0.0.149 () {32 vars in 816 bytes} [Fri Jul 24 18:44:53 2026] GET /resource_providers/8e0909c8-9962-452a-9a1c-5ef321123d25/aggregates => generated 235 bytes in 10 msecs (HTTP/1.1 404) 5 headers in 202 bytes (1 switches on core 0)
2026-07-24 18:44:53.647 6 INFO placement.requestlog [None req-39f4867e-428a-45f2-bf93-3d70981511ec 83331c60b91640a18a4ad8e756d8e26f ff944b3d19bc4aacbe565937ea3cc3b9 - - 75e8ac54e67148d48e740636c3cefa9a 75e8ac54e67148d48e740636c3cefa9a] 10.0.0.149 "GET /resource_providers/8e0909c8-9962-452a-9a1c-5ef321123d25/aggregates" status: 404 len: 235 microversion: 1.1 [pid: 6|app: 0|req: 417/828] 10.0.0.149 () {32 vars in 816 bytes} [Fri Jul 24 18:44:53 2026] GET /resource_providers/8e0909c8-9962-452a-9a1c-5ef321123d25/aggregates => generated 235 bytes in 14 msecs (HTTP/1.1 404) 5 headers in 202 bytes (1 switches on core 0)
2026-07-24 18:44:53.662 7 INFO placement.requestlog [None req-37534f01-1527-44f6-8582-11479f3a2924 83331c60b91640a18a4ad8e756d8e26f ff944b3d19bc4aacbe565937ea3cc3b9 - - 75e8ac54e67148d48e740636c3cefa9a 75e8ac54e67148d48e740636c3cefa9a] 10.0.0.149 "DELETE /resource_providers/8e0909c8-9962-452a-9a1c-5ef321123d25" status: 404 len: 246 microversion: 1.1 [pid: 7|app: 0|req: 412/829] 10.0.0.149 () {34 vars in 816 bytes} [Fri Jul 24 18:44:53 2026] DELETE /resource_providers/8e0909c8-9962-452a-9a1c-5ef321123d25 => generated 246 bytes in 7 msecs (HTTP/1.1 404) 6 headers in 231 bytes (1 switches on core 0)
2026-07-24 18:44:53.671 6 INFO placement.requestlog [None req-a0f26f07-9195-4068-99fc-fa49c6681cff 83331c60b91640a18a4ad8e756d8e26f ff944b3d19bc4aacbe565937ea3cc3b9 - - 75e8ac54e67148d48e740636c3cefa9a 75e8ac54e67148d48e740636c3cefa9a] 10.0.0.149 "DELETE /resource_providers/8e0909c8-9962-452a-9a1c-5ef321123d25" status: 404 len: 246 microversion: 1.1 [pid: 6|app: 0|req: 418/830] 10.0.0.149 () {34 vars in 816 bytes} [Fri Jul 24 18:44:53 2026] DELETE /resource_providers/8e0909c8-9962-452a-9a1c-5ef321123d25 => generated 246 bytes in 13 msecs (HTTP/1.1 404) 6 headers in 231 bytes (1 switches on core 0)
2026-07-24 18:44:55.691 7 INFO placement.requestlog [None req-59c42eb6-4c82-47f0-997f-a2b17fd8b3f2 83331c60b91640a18a4ad8e756d8e26f ff944b3d19bc4aacbe565937ea3cc3b9 - - 75e8ac54e67148d48e740636c3cefa9a 75e8ac54e67148d48e740636c3cefa9a] 10.0.0.149 "GET /resource_providers/265f4b3c-60db-4000-b527-cb96a9b8b373/aggregates" status: 404 len: 235 microversion: 1.1 [pid: 7|app: 0|req: 413/831] 10.0.0.149 () {32 vars in 816 bytes} [Fri Jul 24 18:44:55 2026] GET /resource_providers/265f4b3c-60db-4000-b527-cb96a9b8b373/aggregates => generated 235 bytes in 20 msecs (HTTP/1.1 404) 5 headers in 202 bytes (1 switches on core 0)
2026-07-24 18:44:55.702 6 INFO placement.requestlog [None req-b0b478a4-1135-474d-afe7-0dafef084440 83331c60b91640a18a4ad8e756d8e26f ff944b3d19bc4aacbe565937ea3cc3b9 - - 75e8ac54e67148d48e740636c3cefa9a 75e8ac54e67148d48e740636c3cefa9a] 10.0.0.149 "GET /resource_providers/265f4b3c-60db-4000-b527-cb96a9b8b373/aggregates" status: 404 len: 235 microversion: 1.1 [pid: 6|app: 0|req: 419/832] 10.0.0.149 () {32 vars in 816 bytes} [Fri Jul 24 18:44:55 2026] GET /resource_providers/265f4b3c-60db-4000-b527-cb96a9b8b373/aggregates => generated 235 bytes in 12 msecs (HTTP/1.1 404) 5 headers in 202 bytes (1 switches on core 0)
2026-07-24 18:44:55.725 7 INFO placement.requestlog [None req-22c4a753-cb52-4e8d-bc84-7b10ae073760 83331c60b91640a18a4ad8e756d8e26f ff944b3d19bc4aacbe565937ea3cc3b9 - - 75e8ac54e67148d48e740636c3cefa9a 75e8ac54e67148d48e740636c3cefa9a] 10.0.0.149 "DELETE /resource_providers/265f4b3c-60db-4000-b527-cb96a9b8b373" status: 404 len: 246 microversion: 1.1
2026-07-24 18:44:55.726 6 INFO placement.requestlog [None req-416c794f-977a-455c-887d-b8f632781762 83331c60b91640a18a4ad8e756d8e26f ff944b3d19bc4aacbe565937ea3cc3b9 - - 75e8ac54e67148d48e740636c3cefa9a 75e8ac54e67148d48e740636c3cefa9a] 10.0.0.149 "DELETE /resource_providers/265f4b3c-60db-4000-b527-cb96a9b8b373" status: 404 len: 246 microversion: 1.1 [pid: 7|app: 0|req: 414/833] 10.0.0.149 () {34 vars in 816 bytes} [Fri Jul 24 18:44:55 2026] DELETE /resource_providers/265f4b3c-60db-4000-b527-cb96a9b8b373 => generated 246 bytes in 11 msecs (HTTP/1.1 404) 6 headers in 231 bytes (1 switches on core 0) [pid: 6|app: 0|req: 420/834] 10.0.0.149 () {34 vars in 816 bytes} [Fri Jul 24 18:44:55 2026] DELETE /resource_providers/265f4b3c-60db-4000-b527-cb96a9b8b373 => generated 246 bytes in 12 msecs (HTTP/1.1 404) 6 headers in 231 bytes (1 switches on core 0)
2026-07-24 18:44:55.747 6 INFO placement.requestlog [None req-38422b9c-6d93-4d0c-8390-a4313de38aaa 83331c60b91640a18a4ad8e756d8e26f ff944b3d19bc4aacbe565937ea3cc3b9 - - 75e8ac54e67148d48e740636c3cefa9a 75e8ac54e67148d48e740636c3cefa9a] 10.0.0.149 "GET /resource_providers/0874e930-fa53-487e-9a67-b56c1f06a9cb/aggregates" status: 404 len: 235 microversion: 1.1 [pid: 6|app: 0|req: 421/835] 10.0.0.149 () {32 vars in 816 bytes} [Fri Jul 24 18:44:55 2026] GET /resource_providers/0874e930-fa53-487e-9a67-b56c1f06a9cb/aggregates => generated 235 bytes in 11 msecs (HTTP/1.1 404) 5 headers in 202 bytes (1 switches on core 0)
2026-07-24 18:44:55.748 7 INFO placement.requestlog [None req-3bffadbf-7c1a-42b6-927f-f72a8742cbc4 83331c60b91640a18a4ad8e756d8e26f ff944b3d19bc4aacbe565937ea3cc3b9 - - 75e8ac54e67148d48e740636c3cefa9a 75e8ac54e67148d48e740636c3cefa9a] 10.0.0.149 "GET /resource_providers/0874e930-fa53-487e-9a67-b56c1f06a9cb/aggregates" status: 404 len: 235 microversion: 1.1 [pid: 7|app: 0|req: 415/836] 10.0.0.149 () {32 vars in 816 bytes} [Fri Jul 24 18:44:55 2026] GET /resource_providers/0874e930-fa53-487e-9a67-b56c1f06a9cb/aggregates => generated 235 bytes in 12 msecs (HTTP/1.1 404) 5 headers in 202 bytes (1 switches on core 0)
2026-07-24 18:44:55.768 6 INFO placement.requestlog [None req-30bc7afe-ac4f-46f3-94b5-ef47cfddccdb 83331c60b91640a18a4ad8e756d8e26f ff944b3d19bc4aacbe565937ea3cc3b9 - - 75e8ac54e67148d48e740636c3cefa9a 75e8ac54e67148d48e740636c3cefa9a] 10.0.0.149 "DELETE /resource_providers/0874e930-fa53-487e-9a67-b56c1f06a9cb" status: 404 len: 246 microversion: 1.1 [pid: 6|app: 0|req: 422/837] 10.0.0.149 () {34 vars in 816 bytes} [Fri Jul 24 18:44:55 2026] DELETE /resource_providers/0874e930-fa53-487e-9a67-b56c1f06a9cb => generated 246 bytes in 11 msecs (HTTP/1.1 404) 6 headers in 231 bytes (1 switches on core 0)
2026-07-24 18:44:55.769 7 INFO placement.requestlog [None req-46916284-4b42-410e-9887-8826653a6bde 83331c60b91640a18a4ad8e756d8e26f ff944b3d19bc4aacbe565937ea3cc3b9 - - 75e8ac54e67148d48e740636c3cefa9a 75e8ac54e67148d48e740636c3cefa9a] 10.0.0.149 "DELETE /resource_providers/0874e930-fa53-487e-9a67-b56c1f06a9cb" status: 404 len: 246 microversion: 1.1 [pid: 7|app: 0|req: 416/838] 10.0.0.149 () {34 vars in 816 bytes} [Fri Jul 24 18:44:55 2026] DELETE /resource_providers/0874e930-fa53-487e-9a67-b56c1f06a9cb => generated 246 bytes in 10 msecs (HTTP/1.1 404) 6 headers in 231 bytes (1 switches on core 0)
2026-07-24 18:44:58.587 6 INFO placement.requestlog [req-b1bf8094-d081-4c0a-af0c-c6e690ca6fcc req-ac9c0f43-678a-40d0-a26f-4652ff2b73ab c7901e1bced041fe8dd8fbb8c7bf9bb9 ff944b3d19bc4aacbe565937ea3cc3b9 - - 75e8ac54e67148d48e740636c3cefa9a 75e8ac54e67148d48e740636c3cefa9a] 10.0.0.51 "GET /allocation_candidates?limit=1000&resources=DISK_GB%3A1%2CMEMORY_MB%3A512%2CVCPU%3A1&root_required=%21COMPUTE_STATUS_DISABLED" status: 200 len: 2444 microversion: 1.36 [pid: 6|app: 0|req: 423/839] 10.0.0.51 () {34 vars in 1011 bytes} [Fri Jul 24 18:44:58 2026] GET /allocation_candidates?limit=1000&resources=DISK_GB%3A1%2CMEMORY_MB%3A512%2CVCPU%3A1&root_required=%21COMPUTE_STATUS_DISABLED => generated 2444 bytes in 56 msecs (HTTP/1.1 200) 8 headers in 297 bytes (1 switches on core 0)
2026-07-24 18:44:58.623 7 INFO placement.requestlog [req-b1bf8094-d081-4c0a-af0c-c6e690ca6fcc req-c9468aac-9fcb-4d16-bac2-a4fb97a3d8dc c7901e1bced041fe8dd8fbb8c7bf9bb9 ff944b3d19bc4aacbe565937ea3cc3b9 - - 75e8ac54e67148d48e740636c3cefa9a 75e8ac54e67148d48e740636c3cefa9a] 10.0.0.51 "GET /allocations/fcc4b170-730e-4334-b6f0-9fb9b60d054f" status: 200 len: 19 microversion: 1.28 [pid: 7|app: 0|req: 417/840] 10.0.0.51 () {34 vars in 860 bytes} [Fri Jul 24 18:44:58 2026] GET /allocations/fcc4b170-730e-4334-b6f0-9fb9b60d054f => generated 19 bytes in 13 msecs (HTTP/1.1 200) 8 headers in 295 bytes (1 switches on core 0)
2026-07-24 18:44:58.699 6 INFO placement.requestlog [req-b1bf8094-d081-4c0a-af0c-c6e690ca6fcc req-79539f93-ceda-48fb-9240-85d59d0c0787 c7901e1bced041fe8dd8fbb8c7bf9bb9 ff944b3d19bc4aacbe565937ea3cc3b9 - - 75e8ac54e67148d48e740636c3cefa9a 75e8ac54e67148d48e740636c3cefa9a] 10.0.0.51 "PUT /allocations/fcc4b170-730e-4334-b6f0-9fb9b60d054f" status: 204 len: 0 microversion: 1.36 [pid: 6|app: 0|req: 424/841] 10.0.0.51 () {38 vars in 913 bytes} [Fri Jul 24 18:44:58 2026] PUT /allocations/fcc4b170-730e-4334-b6f0-9fb9b60d054f => generated 0 bytes in 71 msecs (HTTP/1.1 204) 5 headers in 199 bytes (1 switches on core 0)
2026-07-24 18:45:00.021 6 INFO placement.requestlog [None req-2b382884-7535-4d90-a286-6fd1c1d8219a 83331c60b91640a18a4ad8e756d8e26f ff944b3d19bc4aacbe565937ea3cc3b9 - - 75e8ac54e67148d48e740636c3cefa9a 75e8ac54e67148d48e740636c3cefa9a] 10.0.0.149 "GET /resource_providers/69a930be-f56c-4b32-a5c4-e2c3678a371c/aggregates" status: 404 len: 235 microversion: 1.1 [pid: 6|app: 0|req: 425/842] 10.0.0.149 () {32 vars in 816 bytes} [Fri Jul 24 18:45:00 2026] GET /resource_providers/69a930be-f56c-4b32-a5c4-e2c3678a371c/aggregates => generated 235 bytes in 9 msecs (HTTP/1.1 404) 5 headers in 202 bytes (1 switches on core 0)
2026-07-24 18:45:00.023 7 INFO placement.requestlog [None req-a47d7c63-84e0-4c0d-8698-86c2c88ef06d 83331c60b91640a18a4ad8e756d8e26f ff944b3d19bc4aacbe565937ea3cc3b9 - - 75e8ac54e67148d48e740636c3cefa9a 75e8ac54e67148d48e740636c3cefa9a] 10.0.0.149 "GET /resource_providers/69a930be-f56c-4b32-a5c4-e2c3678a371c/aggregates" status: 404 len: 235 microversion: 1.1 [pid: 7|app: 0|req: 418/843] 10.0.0.149 () {32 vars in 816 bytes} [Fri Jul 24 18:45:00 2026] GET /resource_providers/69a930be-f56c-4b32-a5c4-e2c3678a371c/aggregates => generated 235 bytes in 11 msecs (HTTP/1.1 404) 5 headers in 202 bytes (1 switches on core 0)
2026-07-24 18:45:00.049 7 INFO placement.requestlog [None req-87fd3017-a79c-4312-a7c8-5f85a3142969 83331c60b91640a18a4ad8e756d8e26f ff944b3d19bc4aacbe565937ea3cc3b9 - - 75e8ac54e67148d48e740636c3cefa9a 75e8ac54e67148d48e740636c3cefa9a] 10.0.0.149 "DELETE /resource_providers/69a930be-f56c-4b32-a5c4-e2c3678a371c" status: 404 len: 246 microversion: 1.1 [pid: 7|app: 0|req: 419/844] 10.0.0.149 () {34 vars in 816 bytes} [Fri Jul 24 18:45:00 2026] DELETE /resource_providers/69a930be-f56c-4b32-a5c4-e2c3678a371c => generated 246 bytes in 14 msecs (HTTP/1.1 404) 6 headers in 231 bytes (1 switches on core 0)
2026-07-24 18:45:00.051 6 INFO placement.requestlog [None req-b2976a8f-8caa-49be-9856-034a44834f0f 83331c60b91640a18a4ad8e756d8e26f ff944b3d19bc4aacbe565937ea3cc3b9 - - 75e8ac54e67148d48e740636c3cefa9a 75e8ac54e67148d48e740636c3cefa9a] 10.0.0.149 "DELETE /resource_providers/69a930be-f56c-4b32-a5c4-e2c3678a371c" status: 404 len: 246 microversion: 1.1 [pid: 6|app: 0|req: 426/845] 10.0.0.149 () {34 vars in 816 bytes} [Fri Jul 24 18:45:00 2026] DELETE /resource_providers/69a930be-f56c-4b32-a5c4-e2c3678a371c => generated 246 bytes in 18 msecs (HTTP/1.1 404) 6 headers in 231 bytes (1 switches on core 0)
2026-07-24 18:45:00.233 7 INFO placement.requestlog [req-b1bf8094-d081-4c0a-af0c-c6e690ca6fcc req-f6a3124f-3477-42b1-8f78-8af4a9772479 c7901e1bced041fe8dd8fbb8c7bf9bb9 ff944b3d19bc4aacbe565937ea3cc3b9 - - 75e8ac54e67148d48e740636c3cefa9a 75e8ac54e67148d48e740636c3cefa9a] 199.19.213.21 "GET /allocations/fcc4b170-730e-4334-b6f0-9fb9b60d054f" status: 200 len: 257 microversion: 1.28 [pid: 7|app: 0|req: 420/846] 199.19.213.21 () {34 vars in 862 bytes} [Fri Jul 24 18:45:00 2026] GET /allocations/fcc4b170-730e-4334-b6f0-9fb9b60d054f => generated 257 bytes in 18 msecs (HTTP/1.1 200) 8 headers in 296 bytes (1 switches on core 0)
2026-07-24 18:45:00.682 6 INFO placement.requestlog [None req-706f16ae-11f0-4dec-a75b-8a5c9e6673b4 83331c60b91640a18a4ad8e756d8e26f ff944b3d19bc4aacbe565937ea3cc3b9 - - 75e8ac54e67148d48e740636c3cefa9a 75e8ac54e67148d48e740636c3cefa9a] 10.0.0.149 "GET /resource_providers/9909ed84-4522-4bb2-8eed-9f3df3545c68/aggregates" status: 404 len: 235 microversion: 1.1 [pid: 6|app: 0|req: 427/847] 10.0.0.149 () {32 vars in 816 bytes} [Fri Jul 24 18:45:00 2026] GET /resource_providers/9909ed84-4522-4bb2-8eed-9f3df3545c68/aggregates => generated 235 bytes in 10 msecs (HTTP/1.1 404) 5 headers in 202 bytes (1 switches on core 0)
2026-07-24 18:45:00.684 7 INFO placement.requestlog [None req-bd59fc0c-b02c-4eb7-bb98-b770a1ecd402 83331c60b91640a18a4ad8e756d8e26f ff944b3d19bc4aacbe565937ea3cc3b9 - - 75e8ac54e67148d48e740636c3cefa9a 75e8ac54e67148d48e740636c3cefa9a] 10.0.0.149 "GET /resource_providers/9909ed84-4522-4bb2-8eed-9f3df3545c68/aggregates" status: 404 len: 235 microversion: 1.1 [pid: 7|app: 0|req: 421/848] 10.0.0.149 () {32 vars in 816 bytes} [Fri Jul 24 18:45:00 2026] GET /resource_providers/9909ed84-4522-4bb2-8eed-9f3df3545c68/aggregates => generated 235 bytes in 8 msecs (HTTP/1.1 404) 5 headers in 202 bytes (1 switches on core 0)
2026-07-24 18:45:00.709 7 INFO placement.requestlog [None req-c9a27147-2cf3-4448-ba01-1ea1d24cd0e9 83331c60b91640a18a4ad8e756d8e26f ff944b3d19bc4aacbe565937ea3cc3b9 - - 75e8ac54e67148d48e740636c3cefa9a 75e8ac54e67148d48e740636c3cefa9a] 10.0.0.149 "DELETE /resource_providers/9909ed84-4522-4bb2-8eed-9f3df3545c68" status: 404 len: 246 microversion: 1.1
2026-07-24 18:45:00.710 6 INFO placement.requestlog [None req-115280fb-65a2-4930-91b7-5e084af2d06f 83331c60b91640a18a4ad8e756d8e26f ff944b3d19bc4aacbe565937ea3cc3b9 - - 75e8ac54e67148d48e740636c3cefa9a 75e8ac54e67148d48e740636c3cefa9a] 10.0.0.149 "DELETE /resource_providers/9909ed84-4522-4bb2-8eed-9f3df3545c68" status: 404 len: 246 microversion: 1.1 [pid: 7|app: 0|req: 422/849] 10.0.0.149 () {34 vars in 816 bytes} [Fri Jul 24 18:45:00 2026] DELETE /resource_providers/9909ed84-4522-4bb2-8eed-9f3df3545c68 => generated 246 bytes in 8 msecs (HTTP/1.1 404) 6 headers in 231 bytes (1 switches on core 0) [pid: 6|app: 0|req: 428/850] 10.0.0.149 () {34 vars in 816 bytes} [Fri Jul 24 18:45:00 2026] DELETE /resource_providers/9909ed84-4522-4bb2-8eed-9f3df3545c68 => generated 246 bytes in 10 msecs (HTTP/1.1 404) 6 headers in 231 bytes (1 switches on core 0)
2026-07-24 18:45:01.278 7 INFO placement.requestlog [req-b1bf8094-d081-4c0a-af0c-c6e690ca6fcc req-ca737974-ab3d-49b9-95d1-bad5b452a529 c7901e1bced041fe8dd8fbb8c7bf9bb9 ff944b3d19bc4aacbe565937ea3cc3b9 - - 75e8ac54e67148d48e740636c3cefa9a 75e8ac54e67148d48e740636c3cefa9a] 199.19.213.21 "GET /resource_providers/cfe4cb02-7c9b-4342-bd12-160f490373ea/allocations" status: 200 len: 252 microversion: 1.0 [pid: 7|app: 0|req: 423/851] 199.19.213.21 () {32 vars in 856 bytes} [Fri Jul 24 18:45:01 2026] GET /resource_providers/cfe4cb02-7c9b-4342-bd12-160f490373ea/allocations => generated 252 bytes in 17 msecs (HTTP/1.1 200) 6 headers in 224 bytes (1 switches on core 0)
2026-07-24 18:45:01.297 6 INFO placement.requestlog [req-b1bf8094-d081-4c0a-af0c-c6e690ca6fcc req-25846c8f-b09a-47c2-91c3-84c72211b762 c7901e1bced041fe8dd8fbb8c7bf9bb9 ff944b3d19bc4aacbe565937ea3cc3b9 - - 75e8ac54e67148d48e740636c3cefa9a 75e8ac54e67148d48e740636c3cefa9a] 199.19.213.21 "GET /allocations/fcc4b170-730e-4334-b6f0-9fb9b60d054f" status: 200 len: 257 microversion: 1.28 [pid: 6|app: 0|req: 429/852] 199.19.213.21 () {34 vars in 862 bytes} [Fri Jul 24 18:45:01 2026] GET /allocations/fcc4b170-730e-4334-b6f0-9fb9b60d054f => generated 257 bytes in 14 msecs (HTTP/1.1 200) 8 headers in 296 bytes (1 switches on core 0)
2026-07-24 18:45:01.313 7 INFO placement.requestlog [req-b1bf8094-d081-4c0a-af0c-c6e690ca6fcc req-0621e761-0244-492c-8130-dbc92d549147 c7901e1bced041fe8dd8fbb8c7bf9bb9 ff944b3d19bc4aacbe565937ea3cc3b9 - - 75e8ac54e67148d48e740636c3cefa9a 75e8ac54e67148d48e740636c3cefa9a] 199.19.213.21 "GET /allocations/41b906da-5b07-486c-97e8-0054207e5d90" status: 200 len: 257 microversion: 1.28 [pid: 7|app: 0|req: 424/853] 199.19.213.21 () {34 vars in 862 bytes} [Fri Jul 24 18:45:01 2026] GET /allocations/41b906da-5b07-486c-97e8-0054207e5d90 => generated 257 bytes in 11 msecs (HTTP/1.1 200) 8 headers in 296 bytes (1 switches on core 0)
2026-07-24 18:45:03.134 6 INFO placement.requestlog [None req-c2de667a-c9fe-498e-9ba4-665f1318a20b - - - - - -] 10.0.0.216 "GET /" status: 200 len: 136 microversion: 1.0
2026-07-24 18:45:03.134 7 INFO placement.requestlog [None req-8af440d5-b859-4395-a480-b5edbce2f6d0 - - - - - -] 10.0.0.216 "GET /" status: 200 len: 136 microversion: 1.0
2026-07-24 18:45:05.492 6 INFO placement.requestlog [None req-6936f547-9cc6-4ebd-b0ae-9f29104aa3b9 83331c60b91640a18a4ad8e756d8e26f ff944b3d19bc4aacbe565937ea3cc3b9 - - 75e8ac54e67148d48e740636c3cefa9a 75e8ac54e67148d48e740636c3cefa9a] 10.0.0.149 "GET /resource_providers/f4cdee0f-d41b-4d5f-90d6-d9df23dce4cb/aggregates" status: 404 len: 235 microversion: 1.1 [pid: 6|app: 0|req: 431/856] 10.0.0.149 () {32 vars in 816 bytes} [Fri Jul 24 18:45:05 2026] GET /resource_providers/f4cdee0f-d41b-4d5f-90d6-d9df23dce4cb/aggregates => generated 235 bytes in 10 msecs (HTTP/1.1 404) 5 headers in 202 bytes (1 switches on core 0)
2026-07-24 18:45:05.493 7 INFO placement.requestlog [None req-a7c7b0ed-d532-4ba6-8723-dc77fc50b311 83331c60b91640a18a4ad8e756d8e26f ff944b3d19bc4aacbe565937ea3cc3b9 - - 75e8ac54e67148d48e740636c3cefa9a 75e8ac54e67148d48e740636c3cefa9a] 10.0.0.149 "GET /resource_providers/f4cdee0f-d41b-4d5f-90d6-d9df23dce4cb/aggregates" status: 404 len: 235 microversion: 1.1 [pid: 7|app: 0|req: 426/857] 10.0.0.149 () {32 vars in 816 bytes} [Fri Jul 24 18:45:05 2026] GET /resource_providers/f4cdee0f-d41b-4d5f-90d6-d9df23dce4cb/aggregates => generated 235 bytes in 10 msecs (HTTP/1.1 404) 5 headers in 202 bytes (1 switches on core 0)
2026-07-24 18:45:05.518 7 INFO placement.requestlog [None req-5abbb79c-5c1c-47f7-a02e-51d351344c10 83331c60b91640a18a4ad8e756d8e26f ff944b3d19bc4aacbe565937ea3cc3b9 - - 75e8ac54e67148d48e740636c3cefa9a 75e8ac54e67148d48e740636c3cefa9a] 10.0.0.149 "DELETE /resource_providers/f4cdee0f-d41b-4d5f-90d6-d9df23dce4cb" status: 404 len: 246 microversion: 1.1 [pid: 7|app: 0|req: 427/858] 10.0.0.149 () {34 vars in 816 bytes} [Fri Jul 24 18:45:05 2026] DELETE /resource_providers/f4cdee0f-d41b-4d5f-90d6-d9df23dce4cb => generated 246 bytes in 8 msecs (HTTP/1.1 404) 6 headers in 231 bytes (1 switches on core 0)
2026-07-24 18:45:05.521 6 INFO placement.requestlog [None req-59dcd269-546e-47a6-81cf-6819f35c2d21 83331c60b91640a18a4ad8e756d8e26f ff944b3d19bc4aacbe565937ea3cc3b9 - - 75e8ac54e67148d48e740636c3cefa9a 75e8ac54e67148d48e740636c3cefa9a] 10.0.0.149 "DELETE /resource_providers/f4cdee0f-d41b-4d5f-90d6-d9df23dce4cb" status: 404 len: 246 microversion: 1.1 [pid: 6|app: 0|req: 432/859] 10.0.0.149 () {34 vars in 816 bytes} [Fri Jul 24 18:45:05 2026] DELETE /resource_providers/f4cdee0f-d41b-4d5f-90d6-d9df23dce4cb => generated 246 bytes in 11 msecs (HTTP/1.1 404) 6 headers in 231 bytes (1 switches on core 0)
2026-07-24 18:45:05.893 6 INFO placement.requestlog [None req-c8e859a8-506e-44a7-84ab-56da44cad577 83331c60b91640a18a4ad8e756d8e26f ff944b3d19bc4aacbe565937ea3cc3b9 - - 75e8ac54e67148d48e740636c3cefa9a 75e8ac54e67148d48e740636c3cefa9a] 10.0.0.149 "GET /resource_providers/775ad1ea-a4a9-47ec-b160-23fc9ae0dd1c/aggregates" status: 404 len: 235 microversion: 1.1 [pid: 6|app: 0|req: 433/860] 10.0.0.149 () {32 vars in 816 bytes} [Fri Jul 24 18:45:05 2026] GET /resource_providers/775ad1ea-a4a9-47ec-b160-23fc9ae0dd1c/aggregates => generated 235 bytes in 7 msecs (HTTP/1.1 404) 5 headers in 202 bytes (1 switches on core 0)
2026-07-24 18:45:05.899 7 INFO placement.requestlog [None req-2595b6ab-72b2-41e7-b381-60465c928683 83331c60b91640a18a4ad8e756d8e26f ff944b3d19bc4aacbe565937ea3cc3b9 - - 75e8ac54e67148d48e740636c3cefa9a 75e8ac54e67148d48e740636c3cefa9a] 10.0.0.149 "GET /resource_providers/775ad1ea-a4a9-47ec-b160-23fc9ae0dd1c/aggregates" status: 404 len: 235 microversion: 1.1 [pid: 7|app: 0|req: 428/861] 10.0.0.149 () {32 vars in 816 bytes} [Fri Jul 24 18:45:05 2026] GET /resource_providers/775ad1ea-a4a9-47ec-b160-23fc9ae0dd1c/aggregates => generated 235 bytes in 13 msecs (HTTP/1.1 404) 5 headers in 202 bytes (1 switches on core 0)
2026-07-24 18:45:05.927 6 INFO placement.requestlog [None req-fad68708-5f7e-4aaf-9c27-9079e51d66ca 83331c60b91640a18a4ad8e756d8e26f ff944b3d19bc4aacbe565937ea3cc3b9 - - 75e8ac54e67148d48e740636c3cefa9a 75e8ac54e67148d48e740636c3cefa9a] 10.0.0.149 "DELETE /resource_providers/775ad1ea-a4a9-47ec-b160-23fc9ae0dd1c" status: 404 len: 246 microversion: 1.1 [pid: 6|app: 0|req: 434/862] 10.0.0.149 () {34 vars in 816 bytes} [Fri Jul 24 18:45:05 2026] DELETE /resource_providers/775ad1ea-a4a9-47ec-b160-23fc9ae0dd1c => generated 246 bytes in 8 msecs (HTTP/1.1 404) 6 headers in 231 bytes (1 switches on core 0)
2026-07-24 18:45:05.934 7 INFO placement.requestlog [None req-ecc677e0-b7d1-426a-9b1a-f1977433cfac 83331c60b91640a18a4ad8e756d8e26f ff944b3d19bc4aacbe565937ea3cc3b9 - - 75e8ac54e67148d48e740636c3cefa9a 75e8ac54e67148d48e740636c3cefa9a] 10.0.0.149 "DELETE /resource_providers/775ad1ea-a4a9-47ec-b160-23fc9ae0dd1c" status: 404 len: 246 microversion: 1.1 [pid: 7|app: 0|req: 429/863] 10.0.0.149 () {34 vars in 816 bytes} [Fri Jul 24 18:45:05 2026] DELETE /resource_providers/775ad1ea-a4a9-47ec-b160-23fc9ae0dd1c => generated 246 bytes in 12 msecs (HTTP/1.1 404) 6 headers in 231 bytes (1 switches on core 0)
2026-07-24 18:45:07.549 7 INFO placement.requestlog [None req-cb6b0adb-615e-436e-976f-00f43f619f4f 83331c60b91640a18a4ad8e756d8e26f ff944b3d19bc4aacbe565937ea3cc3b9 - - 75e8ac54e67148d48e740636c3cefa9a 75e8ac54e67148d48e740636c3cefa9a] 10.0.0.149 "GET /resource_providers/a3b981b3-2a80-4722-91ef-b636c12f07ad/aggregates" status: 404 len: 235 microversion: 1.1 [pid: 7|app: 0|req: 430/864] 10.0.0.149 () {32 vars in 816 bytes} [Fri Jul 24 18:45:07 2026] GET /resource_providers/a3b981b3-2a80-4722-91ef-b636c12f07ad/aggregates => generated 235 bytes in 12 msecs (HTTP/1.1 404) 5 headers in 202 bytes (1 switches on core 0)
2026-07-24 18:45:07.557 6 INFO placement.requestlog [None req-1abba5a3-0898-42e7-8d67-2d4de7b02d7d 83331c60b91640a18a4ad8e756d8e26f ff944b3d19bc4aacbe565937ea3cc3b9 - - 75e8ac54e67148d48e740636c3cefa9a 75e8ac54e67148d48e740636c3cefa9a] 10.0.0.149 "GET /resource_providers/a3b981b3-2a80-4722-91ef-b636c12f07ad/aggregates" status: 404 len: 235 microversion: 1.1 [pid: 6|app: 0|req: 435/865] 10.0.0.149 () {32 vars in 816 bytes} [Fri Jul 24 18:45:07 2026] GET /resource_providers/a3b981b3-2a80-4722-91ef-b636c12f07ad/aggregates => generated 235 bytes in 22 msecs (HTTP/1.1 404) 5 headers in 202 bytes (1 switches on core 0)
2026-07-24 18:45:07.572 7 INFO placement.requestlog [None req-0647a831-8a47-4125-adcd-61c54c099086 83331c60b91640a18a4ad8e756d8e26f ff944b3d19bc4aacbe565937ea3cc3b9 - - 75e8ac54e67148d48e740636c3cefa9a 75e8ac54e67148d48e740636c3cefa9a] 10.0.0.149 "DELETE /resource_providers/a3b981b3-2a80-4722-91ef-b636c12f07ad" status: 404 len: 246 microversion: 1.1 [pid: 7|app: 0|req: 431/866] 10.0.0.149 () {34 vars in 816 bytes} [Fri Jul 24 18:45:07 2026] DELETE /resource_providers/a3b981b3-2a80-4722-91ef-b636c12f07ad => generated 246 bytes in 16 msecs (HTTP/1.1 404) 6 headers in 231 bytes (1 switches on core 0)
2026-07-24 18:45:07.574 6 INFO placement.requestlog [None req-48e9b13f-f637-43e2-8a8f-706be053cced 83331c60b91640a18a4ad8e756d8e26f ff944b3d19bc4aacbe565937ea3cc3b9 - - 75e8ac54e67148d48e740636c3cefa9a 75e8ac54e67148d48e740636c3cefa9a] 10.0.0.149 "DELETE /resource_providers/a3b981b3-2a80-4722-91ef-b636c12f07ad" status: 404 len: 246 microversion: 1.1 [pid: 6|app: 0|req: 436/867] 10.0.0.149 () {34 vars in 816 bytes} [Fri Jul 24 18:45:07 2026] DELETE /resource_providers/a3b981b3-2a80-4722-91ef-b636c12f07ad => generated 246 bytes in 10 msecs (HTTP/1.1 404) 6 headers in 231 bytes (1 switches on core 0)
2026-07-24 18:45:07.968 6 INFO placement.requestlog [None req-f1026eb9-aa84-49c5-8e40-0c792bb84e98 83331c60b91640a18a4ad8e756d8e26f ff944b3d19bc4aacbe565937ea3cc3b9 - - 75e8ac54e67148d48e740636c3cefa9a 75e8ac54e67148d48e740636c3cefa9a] 10.0.0.149 "GET /resource_providers/3267d116-19bf-4387-b4f9-d1c48b540b55/aggregates" status: 404 len: 235 microversion: 1.1 [pid: 6|app: 0|req: 437/868] 10.0.0.149 () {32 vars in 816 bytes} [Fri Jul 24 18:45:07 2026] GET /resource_providers/3267d116-19bf-4387-b4f9-d1c48b540b55/aggregates => generated 235 bytes in 11 msecs (HTTP/1.1 404) 5 headers in 202 bytes (1 switches on core 0)
2026-07-24 18:45:07.984 7 INFO placement.requestlog [None req-a4377e3a-2722-4d3c-8996-673e610677df 83331c60b91640a18a4ad8e756d8e26f ff944b3d19bc4aacbe565937ea3cc3b9 - - 75e8ac54e67148d48e740636c3cefa9a 75e8ac54e67148d48e740636c3cefa9a] 10.0.0.149 "GET /resource_providers/3267d116-19bf-4387-b4f9-d1c48b540b55/aggregates" status: 404 len: 235 microversion: 1.1 [pid: 7|app: 0|req: 432/869] 10.0.0.149 () {32 vars in 816 bytes} [Fri Jul 24 18:45:07 2026] GET /resource_providers/3267d116-19bf-4387-b4f9-d1c48b540b55/aggregates => generated 235 bytes in 31 msecs (HTTP/1.1 404) 5 headers in 202 bytes (1 switches on core 0)
2026-07-24 18:45:07.988 6 INFO placement.requestlog [None req-6215408e-f98c-40cb-8fc7-b3ac3a4fadd6 83331c60b91640a18a4ad8e756d8e26f ff944b3d19bc4aacbe565937ea3cc3b9 - - 75e8ac54e67148d48e740636c3cefa9a 75e8ac54e67148d48e740636c3cefa9a] 10.0.0.149 "DELETE /resource_providers/3267d116-19bf-4387-b4f9-d1c48b540b55" status: 404 len: 246 microversion: 1.1 [pid: 6|app: 0|req: 438/870] 10.0.0.149 () {34 vars in 816 bytes} [Fri Jul 24 18:45:07 2026] DELETE /resource_providers/3267d116-19bf-4387-b4f9-d1c48b540b55 => generated 246 bytes in 10 msecs (HTTP/1.1 404) 6 headers in 231 bytes (1 switches on core 0)
2026-07-24 18:45:08.008 7 INFO placement.requestlog [None req-a8ad8887-8393-470c-b5b5-e20aa0f14e8d 83331c60b91640a18a4ad8e756d8e26f ff944b3d19bc4aacbe565937ea3cc3b9 - - 75e8ac54e67148d48e740636c3cefa9a 75e8ac54e67148d48e740636c3cefa9a] 10.0.0.149 "DELETE /resource_providers/3267d116-19bf-4387-b4f9-d1c48b540b55" status: 404 len: 246 microversion: 1.1 [pid: 7|app: 0|req: 433/871] 10.0.0.149 () {34 vars in 816 bytes} [Fri Jul 24 18:45:07 2026] DELETE /resource_providers/3267d116-19bf-4387-b4f9-d1c48b540b55 => generated 246 bytes in 10 msecs (HTTP/1.1 404) 6 headers in 231 bytes (1 switches on core 0)
2026-07-24 18:45:10.736 7 INFO placement.requestlog [None req-406522f6-2613-48e8-88fe-8fcfd800f565 83331c60b91640a18a4ad8e756d8e26f ff944b3d19bc4aacbe565937ea3cc3b9 - - 75e8ac54e67148d48e740636c3cefa9a 75e8ac54e67148d48e740636c3cefa9a] 10.0.0.149 "GET /resource_providers/dd37e833-b691-4574-9e6e-11286532d72a/aggregates" status: 404 len: 235 microversion: 1.1
2026-07-24 18:45:10.736 6 INFO placement.requestlog [None req-7936be80-8939-48a3-9284-37c0fcbed40c 83331c60b91640a18a4ad8e756d8e26f ff944b3d19bc4aacbe565937ea3cc3b9 - - 75e8ac54e67148d48e740636c3cefa9a 75e8ac54e67148d48e740636c3cefa9a] 10.0.0.149 "GET /resource_providers/dd37e833-b691-4574-9e6e-11286532d72a/aggregates" status: 404 len: 235 microversion: 1.1 [pid: 7|app: 0|req: 434/872] 10.0.0.149 () {32 vars in 816 bytes} [Fri Jul 24 18:45:10 2026] GET /resource_providers/dd37e833-b691-4574-9e6e-11286532d72a/aggregates => generated 235 bytes in 22 msecs (HTTP/1.1 404) 5 headers in 202 bytes (1 switches on core 0) [pid: 6|app: 0|req: 439/873] 10.0.0.149 () {32 vars in 816 bytes} [Fri Jul 24 18:45:10 2026] GET /resource_providers/dd37e833-b691-4574-9e6e-11286532d72a/aggregates => generated 235 bytes in 23 msecs (HTTP/1.1 404) 5 headers in 202 bytes (1 switches on core 0)
2026-07-24 18:45:10.760 6 INFO placement.requestlog [None req-60adb7ec-41f0-4e44-9a6a-76e96e938087 83331c60b91640a18a4ad8e756d8e26f ff944b3d19bc4aacbe565937ea3cc3b9 - - 75e8ac54e67148d48e740636c3cefa9a 75e8ac54e67148d48e740636c3cefa9a] 10.0.0.149 "DELETE /resource_providers/dd37e833-b691-4574-9e6e-11286532d72a" status: 404 len: 246 microversion: 1.1 [pid: 6|app: 0|req: 440/874] 10.0.0.149 () {34 vars in 816 bytes} [Fri Jul 24 18:45:10 2026] DELETE /resource_providers/dd37e833-b691-4574-9e6e-11286532d72a => generated 246 bytes in 13 msecs (HTTP/1.1 404) 6 headers in 231 bytes (1 switches on core 0)
2026-07-24 18:45:10.763 7 INFO placement.requestlog [None req-1cf68445-e266-4679-847a-fdc89375ccea 83331c60b91640a18a4ad8e756d8e26f ff944b3d19bc4aacbe565937ea3cc3b9 - - 75e8ac54e67148d48e740636c3cefa9a 75e8ac54e67148d48e740636c3cefa9a] 10.0.0.149 "DELETE /resource_providers/dd37e833-b691-4574-9e6e-11286532d72a" status: 404 len: 246 microversion: 1.1 [pid: 7|app: 0|req: 435/875] 10.0.0.149 () {34 vars in 816 bytes} [Fri Jul 24 18:45:10 2026] DELETE /resource_providers/dd37e833-b691-4574-9e6e-11286532d72a => generated 246 bytes in 16 msecs (HTTP/1.1 404) 6 headers in 231 bytes (1 switches on core 0)
2026-07-24 18:45:13.134 7 INFO placement.requestlog [None req-1cfe3414-8151-42e5-b4ef-a60180889edc - - - - - -] 10.0.0.216 "GET /" status: 200 len: 136 microversion: 1.0
2026-07-24 18:45:13.134 6 INFO placement.requestlog [None req-3395e679-0d4c-41b5-b262-ea91300d0679 - - - - - -] 10.0.0.216 "GET /" status: 200 len: 136 microversion: 1.0
2026-07-24 18:45:17.973 7 INFO placement.requestlog [req-1f63b0f3-ad09-4050-9ae0-af6ea5859783 req-6f1463c5-4828-4b35-ba02-7ffe981b2f71 c7901e1bced041fe8dd8fbb8c7bf9bb9 ff944b3d19bc4aacbe565937ea3cc3b9 - - 75e8ac54e67148d48e740636c3cefa9a 75e8ac54e67148d48e740636c3cefa9a] 199.19.213.21 "GET /resource_providers/cfe4cb02-7c9b-4342-bd12-160f490373ea/allocations" status: 200 len: 252 microversion: 1.0 [pid: 7|app: 0|req: 437/878] 199.19.213.21 () {32 vars in 856 bytes} [Fri Jul 24 18:45:17 2026] GET /resource_providers/cfe4cb02-7c9b-4342-bd12-160f490373ea/allocations => generated 252 bytes in 17 msecs (HTTP/1.1 200) 6 headers in 224 bytes (1 switches on core 0)
2026-07-24 18:45:17.997 6 INFO placement.requestlog [req-1f63b0f3-ad09-4050-9ae0-af6ea5859783 req-9d67670e-81a6-4df1-94d1-f2e038cff53c c7901e1bced041fe8dd8fbb8c7bf9bb9 ff944b3d19bc4aacbe565937ea3cc3b9 - - 75e8ac54e67148d48e740636c3cefa9a 75e8ac54e67148d48e740636c3cefa9a] 199.19.213.21 "GET /allocations/fcc4b170-730e-4334-b6f0-9fb9b60d054f" status: 200 len: 257 microversion: 1.28 [pid: 6|app: 0|req: 442/879] 199.19.213.21 () {34 vars in 862 bytes} [Fri Jul 24 18:45:17 2026] GET /allocations/fcc4b170-730e-4334-b6f0-9fb9b60d054f => generated 257 bytes in 16 msecs (HTTP/1.1 200) 8 headers in 296 bytes (1 switches on core 0)
2026-07-24 18:45:18.026 7 INFO placement.requestlog [req-1f63b0f3-ad09-4050-9ae0-af6ea5859783 req-18e79367-a05c-4364-a3cb-d1f11b770387 c7901e1bced041fe8dd8fbb8c7bf9bb9 ff944b3d19bc4aacbe565937ea3cc3b9 - - 75e8ac54e67148d48e740636c3cefa9a 75e8ac54e67148d48e740636c3cefa9a] 199.19.213.21 "GET /allocations/41b906da-5b07-486c-97e8-0054207e5d90" status: 200 len: 257 microversion: 1.28 [pid: 7|app: 0|req: 438/880] 199.19.213.21 () {34 vars in 862 bytes} [Fri Jul 24 18:45:18 2026] GET /allocations/41b906da-5b07-486c-97e8-0054207e5d90 => generated 257 bytes in 21 msecs (HTTP/1.1 200) 8 headers in 296 bytes (1 switches on core 0)
2026-07-24 18:45:19.077 6 INFO placement.requestlog [req-1f63b0f3-ad09-4050-9ae0-af6ea5859783 req-cbdf0955-836e-4ae7-9421-5982cb7fbb07 c7901e1bced041fe8dd8fbb8c7bf9bb9 ff944b3d19bc4aacbe565937ea3cc3b9 - - 75e8ac54e67148d48e740636c3cefa9a 75e8ac54e67148d48e740636c3cefa9a] 199.19.213.21 "DELETE /allocations/fcc4b170-730e-4334-b6f0-9fb9b60d054f" status: 204 len: 0 microversion: 1.0 [pid: 6|app: 0|req: 443/881] 199.19.213.21 () {34 vars in 840 bytes} [Fri Jul 24 18:45:19 2026] DELETE /allocations/fcc4b170-730e-4334-b6f0-9fb9b60d054f => generated 0 bytes in 24 msecs (HTTP/1.1 204) 5 headers in 198 bytes (1 switches on core 0)
