2026-07-24 18:46:39.222 7 INFO placement.requestlog [None req-70c0f261-8d89-44b8-8f96-2872038faaed 83331c60b91640a18a4ad8e756d8e26f ff944b3d19bc4aacbe565937ea3cc3b9 - - 75e8ac54e67148d48e740636c3cefa9a 75e8ac54e67148d48e740636c3cefa9a] 10.0.0.149 "DELETE /resource_providers/cf7fa09e-b6dc-449f-ab47-c68ba852467c" status: 404 len: 246 microversion: 1.1 [pid: 7|app: 0|req: 526/1054] 10.0.0.149 () {34 vars in 816 bytes} [Fri Jul 24 18:46:39 2026] DELETE /resource_providers/cf7fa09e-b6dc-449f-ab47-c68ba852467c => generated 246 bytes in 13 msecs (HTTP/1.1 404) 6 headers in 231 bytes (1 switches on core 0)
2026-07-24 18:46:41.240 6 INFO placement.requestlog [None req-76848735-86f5-4aee-b264-e5c2ea9cc8d5 83331c60b91640a18a4ad8e756d8e26f ff944b3d19bc4aacbe565937ea3cc3b9 - - 75e8ac54e67148d48e740636c3cefa9a 75e8ac54e67148d48e740636c3cefa9a] 10.0.0.149 "GET /resource_providers/af6b62b2-d9a5-4a55-b3a7-2d49a29c16bb/aggregates" status: 404 len: 235 microversion: 1.1 [pid: 6|app: 0|req: 529/1055] 10.0.0.149 () {32 vars in 816 bytes} [Fri Jul 24 18:46:41 2026] GET /resource_providers/af6b62b2-d9a5-4a55-b3a7-2d49a29c16bb/aggregates => generated 235 bytes in 12 msecs (HTTP/1.1 404) 5 headers in 202 bytes (1 switches on core 0)
2026-07-24 18:46:41.241 7 INFO placement.requestlog [None req-f2820d3f-30be-48b4-8333-6446e99ec9bf 83331c60b91640a18a4ad8e756d8e26f ff944b3d19bc4aacbe565937ea3cc3b9 - - 75e8ac54e67148d48e740636c3cefa9a 75e8ac54e67148d48e740636c3cefa9a] 10.0.0.149 "GET /resource_providers/af6b62b2-d9a5-4a55-b3a7-2d49a29c16bb/aggregates" status: 404 len: 235 microversion: 1.1 [pid: 7|app: 0|req: 527/1056] 10.0.0.149 () {32 vars in 816 bytes} [Fri Jul 24 18:46:41 2026] GET /resource_providers/af6b62b2-d9a5-4a55-b3a7-2d49a29c16bb/aggregates => generated 235 bytes in 12 msecs (HTTP/1.1 404) 5 headers in 202 bytes (1 switches on core 0)
2026-07-24 18:46:41.271 6 INFO placement.requestlog [None req-3644a310-30ef-49ae-8d26-a10b1c571f6c 83331c60b91640a18a4ad8e756d8e26f ff944b3d19bc4aacbe565937ea3cc3b9 - - 75e8ac54e67148d48e740636c3cefa9a 75e8ac54e67148d48e740636c3cefa9a] 10.0.0.149 "DELETE /resource_providers/af6b62b2-d9a5-4a55-b3a7-2d49a29c16bb" status: 404 len: 246 microversion: 1.1 [pid: 6|app: 0|req: 530/1057] 10.0.0.149 () {34 vars in 816 bytes} [Fri Jul 24 18:46:41 2026] DELETE /resource_providers/af6b62b2-d9a5-4a55-b3a7-2d49a29c16bb => generated 246 bytes in 14 msecs (HTTP/1.1 404) 6 headers in 231 bytes (1 switches on core 0)
2026-07-24 18:46:41.279 7 INFO placement.requestlog [None req-7b79b964-0687-491d-b03d-d787b1ff0113 83331c60b91640a18a4ad8e756d8e26f ff944b3d19bc4aacbe565937ea3cc3b9 - - 75e8ac54e67148d48e740636c3cefa9a 75e8ac54e67148d48e740636c3cefa9a] 10.0.0.149 "DELETE /resource_providers/af6b62b2-d9a5-4a55-b3a7-2d49a29c16bb" status: 404 len: 246 microversion: 1.1 [pid: 7|app: 0|req: 528/1058] 10.0.0.149 () {34 vars in 816 bytes} [Fri Jul 24 18:46:41 2026] DELETE /resource_providers/af6b62b2-d9a5-4a55-b3a7-2d49a29c16bb => generated 246 bytes in 16 msecs (HTTP/1.1 404) 6 headers in 231 bytes (1 switches on core 0)
2026-07-24 18:46:43.133 6 INFO placement.requestlog [None req-9004e090-dded-48a2-9339-d5b63c90da20 - - - - - -] 10.0.0.216 "GET /" status: 200 len: 136 microversion: 1.0
2026-07-24 18:46:43.134 7 INFO placement.requestlog [None req-300a52d3-3789-41e5-80bf-8d559035694e - - - - - -] 10.0.0.216 "GET /" status: 200 len: 136 microversion: 1.0
2026-07-24 18:46:43.301 6 INFO placement.requestlog [None req-0f43b8b5-a809-4a8d-a5e9-e4808f98bc03 83331c60b91640a18a4ad8e756d8e26f ff944b3d19bc4aacbe565937ea3cc3b9 - - 75e8ac54e67148d48e740636c3cefa9a 75e8ac54e67148d48e740636c3cefa9a] 10.0.0.149 "GET /resource_providers/70cf6693-da21-4eca-bd0e-807da31ed52e/aggregates" status: 404 len: 235 microversion: 1.1 [pid: 6|app: 0|req: 532/1061] 10.0.0.149 () {32 vars in 816 bytes} [Fri Jul 24 18:46:43 2026] GET /resource_providers/70cf6693-da21-4eca-bd0e-807da31ed52e/aggregates => generated 235 bytes in 13 msecs (HTTP/1.1 404) 5 headers in 202 bytes (1 switches on core 0)
2026-07-24 18:46:43.305 7 INFO placement.requestlog [None req-86aa68d0-dfad-4b0a-9b31-da916b7bf7a7 83331c60b91640a18a4ad8e756d8e26f ff944b3d19bc4aacbe565937ea3cc3b9 - - 75e8ac54e67148d48e740636c3cefa9a 75e8ac54e67148d48e740636c3cefa9a] 10.0.0.149 "GET /resource_providers/70cf6693-da21-4eca-bd0e-807da31ed52e/aggregates" status: 404 len: 235 microversion: 1.1 [pid: 7|app: 0|req: 530/1062] 10.0.0.149 () {32 vars in 816 bytes} [Fri Jul 24 18:46:43 2026] GET /resource_providers/70cf6693-da21-4eca-bd0e-807da31ed52e/aggregates => generated 235 bytes in 14 msecs (HTTP/1.1 404) 5 headers in 202 bytes (1 switches on core 0)
2026-07-24 18:46:43.328 6 INFO placement.requestlog [None req-b8a237cc-3de9-4c90-90e6-8e5eb1932d7c 83331c60b91640a18a4ad8e756d8e26f ff944b3d19bc4aacbe565937ea3cc3b9 - - 75e8ac54e67148d48e740636c3cefa9a 75e8ac54e67148d48e740636c3cefa9a] 10.0.0.149 "DELETE /resource_providers/70cf6693-da21-4eca-bd0e-807da31ed52e" status: 404 len: 246 microversion: 1.1 [pid: 6|app: 0|req: 533/1063] 10.0.0.149 () {34 vars in 816 bytes} [Fri Jul 24 18:46:43 2026] DELETE /resource_providers/70cf6693-da21-4eca-bd0e-807da31ed52e => generated 246 bytes in 12 msecs (HTTP/1.1 404) 6 headers in 231 bytes (1 switches on core 0)
2026-07-24 18:46:43.331 7 INFO placement.requestlog [None req-ab583f50-f81c-4293-8f17-d5bf0f009565 83331c60b91640a18a4ad8e756d8e26f ff944b3d19bc4aacbe565937ea3cc3b9 - - 75e8ac54e67148d48e740636c3cefa9a 75e8ac54e67148d48e740636c3cefa9a] 10.0.0.149 "DELETE /resource_providers/70cf6693-da21-4eca-bd0e-807da31ed52e" status: 404 len: 246 microversion: 1.1 [pid: 7|app: 0|req: 531/1064] 10.0.0.149 () {34 vars in 816 bytes} [Fri Jul 24 18:46:43 2026] DELETE /resource_providers/70cf6693-da21-4eca-bd0e-807da31ed52e => generated 246 bytes in 12 msecs (HTTP/1.1 404) 6 headers in 231 bytes (1 switches on core 0)
2026-07-24 18:46:46.466 6 INFO placement.requestlog [req-f951891a-12fa-4edd-a8a0-c8ecba61e3d8 req-ec327098-03cd-4c83-b0e9-ec192de4e2a0 c7901e1bced041fe8dd8fbb8c7bf9bb9 ff944b3d19bc4aacbe565937ea3cc3b9 - - 75e8ac54e67148d48e740636c3cefa9a 75e8ac54e67148d48e740636c3cefa9a] 199.19.213.21 "GET /resource_providers/cfe4cb02-7c9b-4342-bd12-160f490373ea/allocations" status: 200 len: 153 microversion: 1.0 [pid: 6|app: 0|req: 534/1065] 199.19.213.21 () {32 vars in 856 bytes} [Fri Jul 24 18:46:46 2026] GET /resource_providers/cfe4cb02-7c9b-4342-bd12-160f490373ea/allocations => generated 153 bytes in 16 msecs (HTTP/1.1 200) 6 headers in 224 bytes (1 switches on core 0)
2026-07-24 18:46:46.492 7 INFO placement.requestlog [req-f951891a-12fa-4edd-a8a0-c8ecba61e3d8 req-9eacafff-be24-4d3e-9132-be640d60e27d c7901e1bced041fe8dd8fbb8c7bf9bb9 ff944b3d19bc4aacbe565937ea3cc3b9 - - 75e8ac54e67148d48e740636c3cefa9a 75e8ac54e67148d48e740636c3cefa9a] 199.19.213.21 "GET /resource_providers/cfe4cb02-7c9b-4342-bd12-160f490373ea/allocations" status: 200 len: 153 microversion: 1.0 [pid: 7|app: 0|req: 532/1066] 199.19.213.21 () {32 vars in 856 bytes} [Fri Jul 24 18:46:46 2026] GET /resource_providers/cfe4cb02-7c9b-4342-bd12-160f490373ea/allocations => generated 153 bytes in 16 msecs (HTTP/1.1 200) 6 headers in 224 bytes (1 switches on core 0)
2026-07-24 18:46:46.522 6 INFO placement.requestlog [req-f951891a-12fa-4edd-a8a0-c8ecba61e3d8 req-843fc38c-250e-4c65-9273-c560bc3543dc c7901e1bced041fe8dd8fbb8c7bf9bb9 ff944b3d19bc4aacbe565937ea3cc3b9 - - 75e8ac54e67148d48e740636c3cefa9a 75e8ac54e67148d48e740636c3cefa9a] 199.19.213.21 "GET /allocations/b3f2e769-9444-483e-9edc-ae7e376b87c1" status: 200 len: 258 microversion: 1.28 [pid: 6|app: 0|req: 535/1067] 199.19.213.21 () {34 vars in 862 bytes} [Fri Jul 24 18:46:46 2026] GET /allocations/b3f2e769-9444-483e-9edc-ae7e376b87c1 => generated 258 bytes in 23 msecs (HTTP/1.1 200) 8 headers in 296 bytes (1 switches on core 0)
2026-07-24 18:46:53.135 7 INFO placement.requestlog [None req-415ef634-2350-4871-86e8-e9924f20137c - - - - - -] 10.0.0.216 "GET /" status: 200 len: 136 microversion: 1.0
2026-07-24 18:46:53.137 6 INFO placement.requestlog [None req-9ac9a7d6-4ce2-4ca8-a199-a5d3773ee618 - - - - - -] 10.0.0.216 "GET /" status: 200 len: 136 microversion: 1.0
2026-07-24 18:46:53.486 7 INFO placement.requestlog [req-e00e18d8-ecfa-4148-8736-fafad73bd36f req-8a92518e-9fd2-40c7-b76f-1bad4414107e c7901e1bced041fe8dd8fbb8c7bf9bb9 ff944b3d19bc4aacbe565937ea3cc3b9 - - 75e8ac54e67148d48e740636c3cefa9a 75e8ac54e67148d48e740636c3cefa9a] 10.0.0.51 "GET /allocation_candidates?limit=1000&resources=DISK_GB%3A1%2CMEMORY_MB%3A512%2CVCPU%3A1&root_required=%21COMPUTE_STATUS_DISABLED" status: 200 len: 2444 microversion: 1.36 [pid: 7|app: 0|req: 534/1070] 10.0.0.51 () {34 vars in 1011 bytes} [Fri Jul 24 18:46:53 2026] GET /allocation_candidates?limit=1000&resources=DISK_GB%3A1%2CMEMORY_MB%3A512%2CVCPU%3A1&root_required=%21COMPUTE_STATUS_DISABLED => generated 2444 bytes in 60 msecs (HTTP/1.1 200) 8 headers in 297 bytes (1 switches on core 0)
2026-07-24 18:46:53.510 6 INFO placement.requestlog [req-e00e18d8-ecfa-4148-8736-fafad73bd36f req-a5413464-b2d2-45ea-aa01-d48a4d9fd855 c7901e1bced041fe8dd8fbb8c7bf9bb9 ff944b3d19bc4aacbe565937ea3cc3b9 - - 75e8ac54e67148d48e740636c3cefa9a 75e8ac54e67148d48e740636c3cefa9a] 10.0.0.51 "GET /allocations/ff48525e-d573-4752-bddb-010429b7cff8" status: 200 len: 19 microversion: 1.28 [pid: 6|app: 0|req: 537/1071] 10.0.0.51 () {34 vars in 860 bytes} [Fri Jul 24 18:46:53 2026] GET /allocations/ff48525e-d573-4752-bddb-010429b7cff8 => generated 19 bytes in 10 msecs (HTTP/1.1 200) 8 headers in 295 bytes (1 switches on core 0)
2026-07-24 18:46:53.595 7 INFO placement.requestlog [req-e00e18d8-ecfa-4148-8736-fafad73bd36f req-f6b62c8a-0444-445a-990b-a933cb985fdf c7901e1bced041fe8dd8fbb8c7bf9bb9 ff944b3d19bc4aacbe565937ea3cc3b9 - - 75e8ac54e67148d48e740636c3cefa9a 75e8ac54e67148d48e740636c3cefa9a] 10.0.0.51 "PUT /allocations/ff48525e-d573-4752-bddb-010429b7cff8" status: 204 len: 0 microversion: 1.36 [pid: 7|app: 0|req: 535/1072] 10.0.0.51 () {38 vars in 913 bytes} [Fri Jul 24 18:46:53 2026] PUT /allocations/ff48525e-d573-4752-bddb-010429b7cff8 => generated 0 bytes in 79 msecs (HTTP/1.1 204) 5 headers in 199 bytes (1 switches on core 0)
2026-07-24 18:46:55.100 6 INFO placement.requestlog [req-e00e18d8-ecfa-4148-8736-fafad73bd36f req-71b27bcf-8578-46d1-9665-9ff58b66a59b c7901e1bced041fe8dd8fbb8c7bf9bb9 ff944b3d19bc4aacbe565937ea3cc3b9 - - 75e8ac54e67148d48e740636c3cefa9a 75e8ac54e67148d48e740636c3cefa9a] 199.19.213.21 "GET /allocations/ff48525e-d573-4752-bddb-010429b7cff8" status: 200 len: 258 microversion: 1.28 [pid: 6|app: 0|req: 538/1073] 199.19.213.21 () {34 vars in 862 bytes} [Fri Jul 24 18:46:55 2026] GET /allocations/ff48525e-d573-4752-bddb-010429b7cff8 => generated 258 bytes in 18 msecs (HTTP/1.1 200) 8 headers in 296 bytes (1 switches on core 0)
2026-07-24 18:46:56.143 7 INFO placement.requestlog [req-e00e18d8-ecfa-4148-8736-fafad73bd36f req-56a54855-95df-4b6b-aa1d-e41ad10b77b4 c7901e1bced041fe8dd8fbb8c7bf9bb9 ff944b3d19bc4aacbe565937ea3cc3b9 - - 75e8ac54e67148d48e740636c3cefa9a 75e8ac54e67148d48e740636c3cefa9a] 199.19.213.21 "GET /resource_providers/cfe4cb02-7c9b-4342-bd12-160f490373ea/allocations" status: 200 len: 253 microversion: 1.0 [pid: 7|app: 0|req: 536/1074] 199.19.213.21 () {32 vars in 856 bytes} [Fri Jul 24 18:46:56 2026] GET /resource_providers/cfe4cb02-7c9b-4342-bd12-160f490373ea/allocations => generated 253 bytes in 23 msecs (HTTP/1.1 200) 6 headers in 224 bytes (1 switches on core 0)
2026-07-24 18:46:56.163 6 INFO placement.requestlog [req-e00e18d8-ecfa-4148-8736-fafad73bd36f req-f714634f-7763-4898-a405-103423554a2a c7901e1bced041fe8dd8fbb8c7bf9bb9 ff944b3d19bc4aacbe565937ea3cc3b9 - - 75e8ac54e67148d48e740636c3cefa9a 75e8ac54e67148d48e740636c3cefa9a] 199.19.213.21 "GET /allocations/b3f2e769-9444-483e-9edc-ae7e376b87c1" status: 200 len: 258 microversion: 1.28 [pid: 6|app: 0|req: 539/1075] 199.19.213.21 () {34 vars in 862 bytes} [Fri Jul 24 18:46:56 2026] GET /allocations/b3f2e769-9444-483e-9edc-ae7e376b87c1 => generated 258 bytes in 14 msecs (HTTP/1.1 200) 8 headers in 296 bytes (1 switches on core 0)
2026-07-24 18:46:56.180 7 INFO placement.requestlog [req-e00e18d8-ecfa-4148-8736-fafad73bd36f req-adaf21cc-eb70-4b84-9b4a-11f9169c8a8a c7901e1bced041fe8dd8fbb8c7bf9bb9 ff944b3d19bc4aacbe565937ea3cc3b9 - - 75e8ac54e67148d48e740636c3cefa9a 75e8ac54e67148d48e740636c3cefa9a] 199.19.213.21 "GET /allocations/ff48525e-d573-4752-bddb-010429b7cff8" status: 200 len: 258 microversion: 1.28 [pid: 7|app: 0|req: 537/1076] 199.19.213.21 () {34 vars in 862 bytes} [Fri Jul 24 18:46:56 2026] GET /allocations/ff48525e-d573-4752-bddb-010429b7cff8 => generated 258 bytes in 10 msecs (HTTP/1.1 200) 8 headers in 296 bytes (1 switches on core 0)
2026-07-24 18:46:59.524 6 INFO placement.requestlog [req-55af7400-a81c-4591-a06f-9ba30963bd88 req-b97ddf23-dd30-4b1d-9cbf-d7279bda5d51 c7901e1bced041fe8dd8fbb8c7bf9bb9 ff944b3d19bc4aacbe565937ea3cc3b9 - - 75e8ac54e67148d48e740636c3cefa9a 75e8ac54e67148d48e740636c3cefa9a] 199.19.213.21 "GET /resource_providers/cfe4cb02-7c9b-4342-bd12-160f490373ea/allocations" status: 200 len: 253 microversion: 1.0 [pid: 6|app: 0|req: 540/1077] 199.19.213.21 () {32 vars in 856 bytes} [Fri Jul 24 18:46:59 2026] GET /resource_providers/cfe4cb02-7c9b-4342-bd12-160f490373ea/allocations => generated 253 bytes in 14 msecs (HTTP/1.1 200) 6 headers in 224 bytes (1 switches on core 0)
2026-07-24 18:46:59.546 7 INFO placement.requestlog [req-55af7400-a81c-4591-a06f-9ba30963bd88 req-8913d663-f31d-4e58-9177-9410d131575a c7901e1bced041fe8dd8fbb8c7bf9bb9 ff944b3d19bc4aacbe565937ea3cc3b9 - - 75e8ac54e67148d48e740636c3cefa9a 75e8ac54e67148d48e740636c3cefa9a] 199.19.213.21 "GET /allocations/b3f2e769-9444-483e-9edc-ae7e376b87c1" status: 200 len: 258 microversion: 1.28 [pid: 7|app: 0|req: 538/1078] 199.19.213.21 () {34 vars in 862 bytes} [Fri Jul 24 18:46:59 2026] GET /allocations/b3f2e769-9444-483e-9edc-ae7e376b87c1 => generated 258 bytes in 15 msecs (HTTP/1.1 200) 8 headers in 296 bytes (1 switches on core 0)
2026-07-24 18:46:59.568 6 INFO placement.requestlog [req-55af7400-a81c-4591-a06f-9ba30963bd88 req-4a66c0ae-993d-4d01-b1a6-23a43b9f4c21 c7901e1bced041fe8dd8fbb8c7bf9bb9 ff944b3d19bc4aacbe565937ea3cc3b9 - - 75e8ac54e67148d48e740636c3cefa9a 75e8ac54e67148d48e740636c3cefa9a] 199.19.213.21 "GET /allocations/ff48525e-d573-4752-bddb-010429b7cff8" status: 200 len: 258 microversion: 1.28 [pid: 6|app: 0|req: 541/1079] 199.19.213.21 () {34 vars in 862 bytes} [Fri Jul 24 18:46:59 2026] GET /allocations/ff48525e-d573-4752-bddb-010429b7cff8 => generated 258 bytes in 17 msecs (HTTP/1.1 200) 8 headers in 296 bytes (1 switches on core 0)
2026-07-24 18:47:00.621 7 INFO placement.requestlog [req-55af7400-a81c-4591-a06f-9ba30963bd88 req-6d69effa-49ba-468e-a660-7c7b9bf4c875 c7901e1bced041fe8dd8fbb8c7bf9bb9 ff944b3d19bc4aacbe565937ea3cc3b9 - - 75e8ac54e67148d48e740636c3cefa9a 75e8ac54e67148d48e740636c3cefa9a] 199.19.213.21 "DELETE /allocations/b3f2e769-9444-483e-9edc-ae7e376b87c1" status: 204 len: 0 microversion: 1.0 [pid: 7|app: 0|req: 539/1080] 199.19.213.21 () {34 vars in 840 bytes} [Fri Jul 24 18:47:00 2026] DELETE /allocations/b3f2e769-9444-483e-9edc-ae7e376b87c1 => generated 0 bytes in 25 msecs (HTTP/1.1 204) 5 headers in 198 bytes (1 switches on core 0)
2026-07-24 18:47:03.134 6 INFO placement.requestlog [None req-c67ceba9-6647-4644-9fd5-621f925884b7 - - - - - -] 10.0.0.216 "GET /" status: 200 len: 136 microversion: 1.0
2026-07-24 18:47:03.135 7 INFO placement.requestlog [None req-aeb8a691-a9b0-4ff5-a6a5-cc532c182c05 - - - - - -] 10.0.0.216 "GET /" status: 200 len: 136 microversion: 1.0
2026-07-24 18:47:05.716 7 INFO placement.requestlog [None req-0a987078-d037-4feb-bbe4-4749a33bebe7 83331c60b91640a18a4ad8e756d8e26f ff944b3d19bc4aacbe565937ea3cc3b9 - - 75e8ac54e67148d48e740636c3cefa9a 75e8ac54e67148d48e740636c3cefa9a] 10.0.0.149 "GET /resource_providers/7dc04141-b12b-4389-a40e-0fa721761f79/aggregates" status: 404 len: 235 microversion: 1.1 [pid: 7|app: 0|req: 541/1083] 10.0.0.149 () {32 vars in 816 bytes} [Fri Jul 24 18:47:05 2026] GET /resource_providers/7dc04141-b12b-4389-a40e-0fa721761f79/aggregates => generated 235 bytes in 14 msecs (HTTP/1.1 404) 5 headers in 202 bytes (1 switches on core 0)
2026-07-24 18:47:05.717 6 INFO placement.requestlog [None req-4a5b1162-50be-46fb-bf55-d02a82d2baca 83331c60b91640a18a4ad8e756d8e26f ff944b3d19bc4aacbe565937ea3cc3b9 - - 75e8ac54e67148d48e740636c3cefa9a 75e8ac54e67148d48e740636c3cefa9a] 10.0.0.149 "GET /resource_providers/7dc04141-b12b-4389-a40e-0fa721761f79/aggregates" status: 404 len: 235 microversion: 1.1 [pid: 6|app: 0|req: 543/1084] 10.0.0.149 () {32 vars in 816 bytes} [Fri Jul 24 18:47:05 2026] GET /resource_providers/7dc04141-b12b-4389-a40e-0fa721761f79/aggregates => generated 235 bytes in 16 msecs (HTTP/1.1 404) 5 headers in 202 bytes (1 switches on core 0)
2026-07-24 18:47:05.740 7 INFO placement.requestlog [None req-bea602f1-6f5e-48d1-a905-57038a44ab5c 83331c60b91640a18a4ad8e756d8e26f ff944b3d19bc4aacbe565937ea3cc3b9 - - 75e8ac54e67148d48e740636c3cefa9a 75e8ac54e67148d48e740636c3cefa9a] 10.0.0.149 "DELETE /resource_providers/7dc04141-b12b-4389-a40e-0fa721761f79" status: 404 len: 246 microversion: 1.1 [pid: 7|app: 0|req: 542/1085] 10.0.0.149 () {34 vars in 816 bytes} [Fri Jul 24 18:47:05 2026] DELETE /resource_providers/7dc04141-b12b-4389-a40e-0fa721761f79 => generated 246 bytes in 10 msecs (HTTP/1.1 404) 6 headers in 231 bytes (1 switches on core 0)
2026-07-24 18:47:05.746 6 INFO placement.requestlog [None req-96237a55-5e6e-441a-982a-2c5acc5f5432 83331c60b91640a18a4ad8e756d8e26f ff944b3d19bc4aacbe565937ea3cc3b9 - - 75e8ac54e67148d48e740636c3cefa9a 75e8ac54e67148d48e740636c3cefa9a] 10.0.0.149 "DELETE /resource_providers/7dc04141-b12b-4389-a40e-0fa721761f79" status: 404 len: 246 microversion: 1.1 [pid: 6|app: 0|req: 544/1086] 10.0.0.149 () {34 vars in 816 bytes} [Fri Jul 24 18:47:05 2026] DELETE /resource_providers/7dc04141-b12b-4389-a40e-0fa721761f79 => generated 246 bytes in 14 msecs (HTTP/1.1 404) 6 headers in 231 bytes (1 switches on core 0)
2026-07-24 18:47:07.973 6 INFO placement.requestlog [None req-4fb6b959-ddf9-4bca-8179-5c0a00e36768 83331c60b91640a18a4ad8e756d8e26f ff944b3d19bc4aacbe565937ea3cc3b9 - - 75e8ac54e67148d48e740636c3cefa9a 75e8ac54e67148d48e740636c3cefa9a] 10.0.0.149 "GET /resource_providers/27dc62af-56db-4781-93da-47489d31c108/aggregates" status: 404 len: 235 microversion: 1.1 [pid: 6|app: 0|req: 545/1087] 10.0.0.149 () {32 vars in 816 bytes} [Fri Jul 24 18:47:07 2026] GET /resource_providers/27dc62af-56db-4781-93da-47489d31c108/aggregates => generated 235 bytes in 9 msecs (HTTP/1.1 404) 5 headers in 202 bytes (1 switches on core 0)
2026-07-24 18:47:07.976 7 INFO placement.requestlog [None req-9856507d-e472-46e0-bf1f-59514e19fb18 83331c60b91640a18a4ad8e756d8e26f ff944b3d19bc4aacbe565937ea3cc3b9 - - 75e8ac54e67148d48e740636c3cefa9a 75e8ac54e67148d48e740636c3cefa9a] 10.0.0.149 "GET /resource_providers/27dc62af-56db-4781-93da-47489d31c108/aggregates" status: 404 len: 235 microversion: 1.1 [pid: 7|app: 0|req: 543/1088] 10.0.0.149 () {32 vars in 816 bytes} [Fri Jul 24 18:47:07 2026] GET /resource_providers/27dc62af-56db-4781-93da-47489d31c108/aggregates => generated 235 bytes in 13 msecs (HTTP/1.1 404) 5 headers in 202 bytes (1 switches on core 0)
2026-07-24 18:47:08.006 6 INFO placement.requestlog [None req-64ff8af0-a370-4601-abea-bf1f1cc8a1a1 83331c60b91640a18a4ad8e756d8e26f ff944b3d19bc4aacbe565937ea3cc3b9 - - 75e8ac54e67148d48e740636c3cefa9a 75e8ac54e67148d48e740636c3cefa9a] 10.0.0.149 "DELETE /resource_providers/27dc62af-56db-4781-93da-47489d31c108" status: 404 len: 246 microversion: 1.1 [pid: 6|app: 0|req: 546/1089] 10.0.0.149 () {34 vars in 816 bytes} [Fri Jul 24 18:47:07 2026] DELETE /resource_providers/27dc62af-56db-4781-93da-47489d31c108 => generated 246 bytes in 15 msecs (HTTP/1.1 404) 6 headers in 231 bytes (1 switches on core 0)
2026-07-24 18:47:08.009 7 INFO placement.requestlog [None req-895c698f-785b-4433-89b7-5f901888e85c 83331c60b91640a18a4ad8e756d8e26f ff944b3d19bc4aacbe565937ea3cc3b9 - - 75e8ac54e67148d48e740636c3cefa9a 75e8ac54e67148d48e740636c3cefa9a] 10.0.0.149 "DELETE /resource_providers/27dc62af-56db-4781-93da-47489d31c108" status: 404 len: 246 microversion: 1.1 [pid: 7|app: 0|req: 544/1090] 10.0.0.149 () {34 vars in 816 bytes} [Fri Jul 24 18:47:07 2026] DELETE /resource_providers/27dc62af-56db-4781-93da-47489d31c108 => generated 246 bytes in 16 msecs (HTTP/1.1 404) 6 headers in 231 bytes (1 switches on core 0)
2026-07-24 18:47:09.280 6 INFO placement.requestlog [req-55f8bcf0-4f4f-4e35-9787-d4966324bc04 req-309978b2-dde6-42ec-9772-8b7c484a5086 c7901e1bced041fe8dd8fbb8c7bf9bb9 ff944b3d19bc4aacbe565937ea3cc3b9 - - 75e8ac54e67148d48e740636c3cefa9a 75e8ac54e67148d48e740636c3cefa9a] 10.0.0.51 "GET /allocation_candidates?limit=1000&resources=DISK_GB%3A1%2CMEMORY_MB%3A512%2CVCPU%3A1&root_required=%21COMPUTE_STATUS_DISABLED" status: 200 len: 2444 microversion: 1.36 [pid: 6|app: 0|req: 547/1091] 10.0.0.51 () {34 vars in 1011 bytes} [Fri Jul 24 18:47:09 2026] GET /allocation_candidates?limit=1000&resources=DISK_GB%3A1%2CMEMORY_MB%3A512%2CVCPU%3A1&root_required=%21COMPUTE_STATUS_DISABLED => generated 2444 bytes in 55 msecs (HTTP/1.1 200) 8 headers in 297 bytes (1 switches on core 0)
2026-07-24 18:47:09.321 7 INFO placement.requestlog [req-55f8bcf0-4f4f-4e35-9787-d4966324bc04 req-dbd649ac-1a99-4f0f-b313-d1a2f50edf48 c7901e1bced041fe8dd8fbb8c7bf9bb9 ff944b3d19bc4aacbe565937ea3cc3b9 - - 75e8ac54e67148d48e740636c3cefa9a 75e8ac54e67148d48e740636c3cefa9a] 10.0.0.51 "GET /allocations/95301821-4c81-407a-8d8d-37d888e9e130" status: 200 len: 19 microversion: 1.28 [pid: 7|app: 0|req: 545/1092] 10.0.0.51 () {34 vars in 860 bytes} [Fri Jul 24 18:47:09 2026] GET /allocations/95301821-4c81-407a-8d8d-37d888e9e130 => generated 19 bytes in 21 msecs (HTTP/1.1 200) 8 headers in 295 bytes (1 switches on core 0)
2026-07-24 18:47:09.400 6 INFO placement.requestlog [req-55f8bcf0-4f4f-4e35-9787-d4966324bc04 req-bd3aba7d-2e89-45fd-827c-e68107aded4f c7901e1bced041fe8dd8fbb8c7bf9bb9 ff944b3d19bc4aacbe565937ea3cc3b9 - - 75e8ac54e67148d48e740636c3cefa9a 75e8ac54e67148d48e740636c3cefa9a] 10.0.0.51 "PUT /allocations/95301821-4c81-407a-8d8d-37d888e9e130" status: 204 len: 0 microversion: 1.36 [pid: 6|app: 0|req: 548/1093] 10.0.0.51 () {38 vars in 913 bytes} [Fri Jul 24 18:47:09 2026] PUT /allocations/95301821-4c81-407a-8d8d-37d888e9e130 => generated 0 bytes in 69 msecs (HTTP/1.1 204) 5 headers in 199 bytes (1 switches on core 0)
2026-07-24 18:47:10.040 6 INFO placement.requestlog [None req-f3d67321-efac-4382-8e9a-fdf1d18bfa38 83331c60b91640a18a4ad8e756d8e26f ff944b3d19bc4aacbe565937ea3cc3b9 - - 75e8ac54e67148d48e740636c3cefa9a 75e8ac54e67148d48e740636c3cefa9a] 10.0.0.149 "GET /resource_providers/8f9f0785-507c-4fc1-8985-4255905b1e99/aggregates" status: 404 len: 235 microversion: 1.1 [pid: 6|app: 0|req: 549/1094] 10.0.0.149 () {32 vars in 816 bytes} [Fri Jul 24 18:47:10 2026] GET /resource_providers/8f9f0785-507c-4fc1-8985-4255905b1e99/aggregates => generated 235 bytes in 15 msecs (HTTP/1.1 404) 5 headers in 202 bytes (1 switches on core 0)
2026-07-24 18:47:10.048 7 INFO placement.requestlog [None req-7ad39645-4724-4051-b86d-d67dbf9d5d76 83331c60b91640a18a4ad8e756d8e26f ff944b3d19bc4aacbe565937ea3cc3b9 - - 75e8ac54e67148d48e740636c3cefa9a 75e8ac54e67148d48e740636c3cefa9a] 10.0.0.149 "GET /resource_providers/8f9f0785-507c-4fc1-8985-4255905b1e99/aggregates" status: 404 len: 235 microversion: 1.1 [pid: 7|app: 0|req: 546/1095] 10.0.0.149 () {32 vars in 816 bytes} [Fri Jul 24 18:47:10 2026] GET /resource_providers/8f9f0785-507c-4fc1-8985-4255905b1e99/aggregates => generated 235 bytes in 23 msecs (HTTP/1.1 404) 5 headers in 202 bytes (1 switches on core 0)
2026-07-24 18:47:10.060 6 INFO placement.requestlog [None req-a8c1985a-8bb5-49b0-b561-ea150ff0c6d5 83331c60b91640a18a4ad8e756d8e26f ff944b3d19bc4aacbe565937ea3cc3b9 - - 75e8ac54e67148d48e740636c3cefa9a 75e8ac54e67148d48e740636c3cefa9a] 10.0.0.149 "DELETE /resource_providers/8f9f0785-507c-4fc1-8985-4255905b1e99" status: 404 len: 246 microversion: 1.1 [pid: 6|app: 0|req: 550/1096] 10.0.0.149 () {34 vars in 816 bytes} [Fri Jul 24 18:47:10 2026] DELETE /resource_providers/8f9f0785-507c-4fc1-8985-4255905b1e99 => generated 246 bytes in 12 msecs (HTTP/1.1 404) 6 headers in 231 bytes (1 switches on core 0)
2026-07-24 18:47:10.066 7 INFO placement.requestlog [None req-98a52f4d-d2e4-443f-9c4b-b61a54e13a10 83331c60b91640a18a4ad8e756d8e26f ff944b3d19bc4aacbe565937ea3cc3b9 - - 75e8ac54e67148d48e740636c3cefa9a 75e8ac54e67148d48e740636c3cefa9a] 10.0.0.149 "DELETE /resource_providers/8f9f0785-507c-4fc1-8985-4255905b1e99" status: 404 len: 246 microversion: 1.1 [pid: 7|app: 0|req: 547/1097] 10.0.0.149 () {34 vars in 816 bytes} [Fri Jul 24 18:47:10 2026] DELETE /resource_providers/8f9f0785-507c-4fc1-8985-4255905b1e99 => generated 246 bytes in 10 msecs (HTTP/1.1 404) 6 headers in 231 bytes (1 switches on core 0)
2026-07-24 18:47:10.077 6 INFO placement.requestlog [None req-3afcd852-8335-4701-9d8e-e66c5dcf034d 83331c60b91640a18a4ad8e756d8e26f ff944b3d19bc4aacbe565937ea3cc3b9 - - 75e8ac54e67148d48e740636c3cefa9a 75e8ac54e67148d48e740636c3cefa9a] 10.0.0.149 "GET /resource_providers/43d6cba2-b582-44df-9fa9-fe82230d36bd/aggregates" status: 404 len: 235 microversion: 1.1 [pid: 6|app: 0|req: 551/1098] 10.0.0.149 () {32 vars in 816 bytes} [Fri Jul 24 18:47:10 2026] GET /resource_providers/43d6cba2-b582-44df-9fa9-fe82230d36bd/aggregates => generated 235 bytes in 10 msecs (HTTP/1.1 404) 5 headers in 202 bytes (1 switches on core 0)
2026-07-24 18:47:10.092 7 INFO placement.requestlog [None req-983be70c-f965-4bd0-a736-60cd06d0cac4 83331c60b91640a18a4ad8e756d8e26f ff944b3d19bc4aacbe565937ea3cc3b9 - - 75e8ac54e67148d48e740636c3cefa9a 75e8ac54e67148d48e740636c3cefa9a] 10.0.0.149 "GET /resource_providers/43d6cba2-b582-44df-9fa9-fe82230d36bd/aggregates" status: 404 len: 235 microversion: 1.1 [pid: 7|app: 0|req: 548/1099] 10.0.0.149 () {32 vars in 816 bytes} [Fri Jul 24 18:47:10 2026] GET /resource_providers/43d6cba2-b582-44df-9fa9-fe82230d36bd/aggregates => generated 235 bytes in 17 msecs (HTTP/1.1 404) 5 headers in 202 bytes (1 switches on core 0)
2026-07-24 18:47:10.120 6 INFO placement.requestlog [None req-a1b282be-31b6-4a00-aa50-b6745370d4bc 83331c60b91640a18a4ad8e756d8e26f ff944b3d19bc4aacbe565937ea3cc3b9 - - 75e8ac54e67148d48e740636c3cefa9a 75e8ac54e67148d48e740636c3cefa9a] 10.0.0.149 "DELETE /resource_providers/43d6cba2-b582-44df-9fa9-fe82230d36bd" status: 404 len: 246 microversion: 1.1 [pid: 6|app: 0|req: 552/1100] 10.0.0.149 () {34 vars in 816 bytes} [Fri Jul 24 18:47:10 2026] DELETE /resource_providers/43d6cba2-b582-44df-9fa9-fe82230d36bd => generated 246 bytes in 18 msecs (HTTP/1.1 404) 6 headers in 231 bytes (1 switches on core 0)
2026-07-24 18:47:10.123 7 INFO placement.requestlog [None req-1e4d262e-e7cd-476d-996b-85f54ffef289 83331c60b91640a18a4ad8e756d8e26f ff944b3d19bc4aacbe565937ea3cc3b9 - - 75e8ac54e67148d48e740636c3cefa9a 75e8ac54e67148d48e740636c3cefa9a] 10.0.0.149 "DELETE /resource_providers/43d6cba2-b582-44df-9fa9-fe82230d36bd" status: 404 len: 246 microversion: 1.1 [pid: 7|app: 0|req: 549/1101] 10.0.0.149 () {34 vars in 816 bytes} [Fri Jul 24 18:47:10 2026] DELETE /resource_providers/43d6cba2-b582-44df-9fa9-fe82230d36bd => generated 246 bytes in 11 msecs (HTTP/1.1 404) 6 headers in 231 bytes (1 switches on core 0)
2026-07-24 18:47:11.135 6 INFO placement.requestlog [req-55f8bcf0-4f4f-4e35-9787-d4966324bc04 req-0191632d-faaa-4d11-b477-0441f1590e89 c7901e1bced041fe8dd8fbb8c7bf9bb9 ff944b3d19bc4aacbe565937ea3cc3b9 - - 75e8ac54e67148d48e740636c3cefa9a 75e8ac54e67148d48e740636c3cefa9a] 199.19.213.21 "GET /allocations/95301821-4c81-407a-8d8d-37d888e9e130" status: 200 len: 258 microversion: 1.28 [pid: 6|app: 0|req: 553/1102] 199.19.213.21 () {34 vars in 862 bytes} [Fri Jul 24 18:47:11 2026] GET /allocations/95301821-4c81-407a-8d8d-37d888e9e130 => generated 258 bytes in 14 msecs (HTTP/1.1 200) 8 headers in 296 bytes (1 switches on core 0)
2026-07-24 18:47:12.124 7 INFO placement.requestlog [req-ee674fdc-bb0d-4548-acfa-f3a521e48fca req-c226352d-e668-4985-9ed9-97800622412f c7901e1bced041fe8dd8fbb8c7bf9bb9 ff944b3d19bc4aacbe565937ea3cc3b9 - - 75e8ac54e67148d48e740636c3cefa9a 75e8ac54e67148d48e740636c3cefa9a] 10.0.0.51 "GET /allocation_candidates?limit=1000&resources=DISK_GB%3A1%2CMEMORY_MB%3A512%2CVCPU%3A1&root_required=%21COMPUTE_STATUS_DISABLED" status: 200 len: 2445 microversion: 1.36 [pid: 7|app: 0|req: 550/1103] 10.0.0.51 () {34 vars in 1011 bytes} [Fri Jul 24 18:47:12 2026] GET /allocation_candidates?limit=1000&resources=DISK_GB%3A1%2CMEMORY_MB%3A512%2CVCPU%3A1&root_required=%21COMPUTE_STATUS_DISABLED => generated 2445 bytes in 57 msecs (HTTP/1.1 200) 8 headers in 297 bytes (1 switches on core 0)
2026-07-24 18:47:12.158 6 INFO placement.requestlog [req-ee674fdc-bb0d-4548-acfa-f3a521e48fca req-d85ae28a-03f3-452e-bf13-b2f097844fed c7901e1bced041fe8dd8fbb8c7bf9bb9 ff944b3d19bc4aacbe565937ea3cc3b9 - - 75e8ac54e67148d48e740636c3cefa9a 75e8ac54e67148d48e740636c3cefa9a] 10.0.0.51 "GET /allocations/608921d7-e6db-4585-ba6d-75f1badb22f5" status: 200 len: 19 microversion: 1.28 [pid: 6|app: 0|req: 554/1104] 10.0.0.51 () {34 vars in 860 bytes} [Fri Jul 24 18:47:12 2026] GET /allocations/608921d7-e6db-4585-ba6d-75f1badb22f5 => generated 19 bytes in 8 msecs (HTTP/1.1 200) 8 headers in 295 bytes (1 switches on core 0)
2026-07-24 18:47:12.191 7 INFO placement.requestlog [req-55f8bcf0-4f4f-4e35-9787-d4966324bc04 req-5334a849-b383-4759-8793-3bbdb7981848 c7901e1bced041fe8dd8fbb8c7bf9bb9 ff944b3d19bc4aacbe565937ea3cc3b9 - - 75e8ac54e67148d48e740636c3cefa9a 75e8ac54e67148d48e740636c3cefa9a] 199.19.213.21 "GET /resource_providers/cfe4cb02-7c9b-4342-bd12-160f490373ea/allocations" status: 200 len: 253 microversion: 1.0 [pid: 7|app: 0|req: 551/1105] 199.19.213.21 () {32 vars in 856 bytes} [Fri Jul 24 18:47:12 2026] GET /resource_providers/cfe4cb02-7c9b-4342-bd12-160f490373ea/allocations => generated 253 bytes in 31 msecs (HTTP/1.1 200) 6 headers in 224 bytes (1 switches on core 0)
2026-07-24 18:47:12.215 7 INFO placement.requestlog [req-55f8bcf0-4f4f-4e35-9787-d4966324bc04 req-bc46fdeb-3eef-4115-ab78-924e14542d6b c7901e1bced041fe8dd8fbb8c7bf9bb9 ff944b3d19bc4aacbe565937ea3cc3b9 - - 75e8ac54e67148d48e740636c3cefa9a 75e8ac54e67148d48e740636c3cefa9a] 199.19.213.21 "GET /allocations/95301821-4c81-407a-8d8d-37d888e9e130" status: 200 len: 258 microversion: 1.28 [pid: 7|app: 0|req: 552/1106] 199.19.213.21 () {34 vars in 862 bytes} [Fri Jul 24 18:47:12 2026] GET /allocations/95301821-4c81-407a-8d8d-37d888e9e130 => generated 258 bytes in 15 msecs (HTTP/1.1 200) 8 headers in 296 bytes (1 switches on core 0)
2026-07-24 18:47:12.231 7 INFO placement.requestlog [req-55f8bcf0-4f4f-4e35-9787-d4966324bc04 req-7058f9c7-dfc3-40bf-8d1a-b94965446b78 c7901e1bced041fe8dd8fbb8c7bf9bb9 ff944b3d19bc4aacbe565937ea3cc3b9 - - 75e8ac54e67148d48e740636c3cefa9a 75e8ac54e67148d48e740636c3cefa9a] 199.19.213.21 "GET /allocations/ff48525e-d573-4752-bddb-010429b7cff8" status: 200 len: 258 microversion: 1.28 [pid: 7|app: 0|req: 553/1107] 199.19.213.21 () {34 vars in 862 bytes} [Fri Jul 24 18:47:12 2026] GET /allocations/ff48525e-d573-4752-bddb-010429b7cff8 => generated 258 bytes in 13 msecs (HTTP/1.1 200) 8 headers in 296 bytes (1 switches on core 0)
2026-07-24 18:47:12.267 6 INFO placement.requestlog [req-ee674fdc-bb0d-4548-acfa-f3a521e48fca req-98848c66-a435-4cb8-95e3-151da41205d1 c7901e1bced041fe8dd8fbb8c7bf9bb9 ff944b3d19bc4aacbe565937ea3cc3b9 - - 75e8ac54e67148d48e740636c3cefa9a 75e8ac54e67148d48e740636c3cefa9a] 10.0.0.51 "PUT /allocations/608921d7-e6db-4585-ba6d-75f1badb22f5" status: 204 len: 0 microversion: 1.36 [pid: 6|app: 0|req: 555/1108] 10.0.0.51 () {38 vars in 913 bytes} [Fri Jul 24 18:47:12 2026] PUT /allocations/608921d7-e6db-4585-ba6d-75f1badb22f5 => generated 0 bytes in 101 msecs (HTTP/1.1 204) 5 headers in 199 bytes (1 switches on core 0)
2026-07-24 18:47:12.754 7 INFO placement.requestlog [None req-5c6c21b2-3243-4079-a4f8-1f58895fa730 83331c60b91640a18a4ad8e756d8e26f ff944b3d19bc4aacbe565937ea3cc3b9 - - 75e8ac54e67148d48e740636c3cefa9a 75e8ac54e67148d48e740636c3cefa9a] 10.0.0.149 "GET /resource_providers/c202c354-67d1-4ac7-a0e9-14e2f9082123/aggregates" status: 404 len: 235 microversion: 1.1 [pid: 7|app: 0|req: 554/1109] 10.0.0.149 () {32 vars in 816 bytes} [Fri Jul 24 18:47:12 2026] GET /resource_providers/c202c354-67d1-4ac7-a0e9-14e2f9082123/aggregates => generated 235 bytes in 8 msecs (HTTP/1.1 404) 5 headers in 202 bytes (1 switches on core 0)
2026-07-24 18:47:12.763 6 INFO placement.requestlog [None req-37e183f1-fb0b-452c-879b-9542053f549f 83331c60b91640a18a4ad8e756d8e26f ff944b3d19bc4aacbe565937ea3cc3b9 - - 75e8ac54e67148d48e740636c3cefa9a 75e8ac54e67148d48e740636c3cefa9a] 10.0.0.149 "GET /resource_providers/c202c354-67d1-4ac7-a0e9-14e2f9082123/aggregates" status: 404 len: 235 microversion: 1.1 [pid: 6|app: 0|req: 556/1110] 10.0.0.149 () {32 vars in 816 bytes} [Fri Jul 24 18:47:12 2026] GET /resource_providers/c202c354-67d1-4ac7-a0e9-14e2f9082123/aggregates => generated 235 bytes in 12 msecs (HTTP/1.1 404) 5 headers in 202 bytes (1 switches on core 0)
2026-07-24 18:47:12.773 7 INFO placement.requestlog [None req-f24e5cd2-3378-407a-8a90-b54912fd1791 83331c60b91640a18a4ad8e756d8e26f ff944b3d19bc4aacbe565937ea3cc3b9 - - 75e8ac54e67148d48e740636c3cefa9a 75e8ac54e67148d48e740636c3cefa9a] 10.0.0.149 "DELETE /resource_providers/c202c354-67d1-4ac7-a0e9-14e2f9082123" status: 404 len: 246 microversion: 1.1 [pid: 7|app: 0|req: 555/1111] 10.0.0.149 () {34 vars in 816 bytes} [Fri Jul 24 18:47:12 2026] DELETE /resource_providers/c202c354-67d1-4ac7-a0e9-14e2f9082123 => generated 246 bytes in 9 msecs (HTTP/1.1 404) 6 headers in 231 bytes (1 switches on core 0)
2026-07-24 18:47:12.786 6 INFO placement.requestlog [None req-a2237533-0e99-49cc-85c0-92598d76eee4 83331c60b91640a18a4ad8e756d8e26f ff944b3d19bc4aacbe565937ea3cc3b9 - - 75e8ac54e67148d48e740636c3cefa9a 75e8ac54e67148d48e740636c3cefa9a] 10.0.0.149 "DELETE /resource_providers/c202c354-67d1-4ac7-a0e9-14e2f9082123" status: 404 len: 246 microversion: 1.1 [pid: 6|app: 0|req: 557/1112] 10.0.0.149 () {34 vars in 816 bytes} [Fri Jul 24 18:47:12 2026] DELETE /resource_providers/c202c354-67d1-4ac7-a0e9-14e2f9082123 => generated 246 bytes in 9 msecs (HTTP/1.1 404) 6 headers in 231 bytes (1 switches on core 0)
2026-07-24 18:47:13.133 7 INFO placement.requestlog [None req-44ba5eef-a99e-43b8-ba3c-37d711d0f59b - - - - - -] 10.0.0.216 "GET /" status: 200 len: 136 microversion: 1.0
2026-07-24 18:47:13.133 6 INFO placement.requestlog [None req-8ba6f2d8-771f-4654-8877-bd2358c14ad1 - - - - - -] 10.0.0.216 "GET /" status: 200 len: 136 microversion: 1.0
2026-07-24 18:47:13.716 7 INFO placement.requestlog [req-ee674fdc-bb0d-4548-acfa-f3a521e48fca req-d6e523a0-2e6a-47c2-a08c-7608918e4b2d c7901e1bced041fe8dd8fbb8c7bf9bb9 ff944b3d19bc4aacbe565937ea3cc3b9 - - 75e8ac54e67148d48e740636c3cefa9a 75e8ac54e67148d48e740636c3cefa9a] 199.19.213.21 "GET /allocations/608921d7-e6db-4585-ba6d-75f1badb22f5" status: 200 len: 258 microversion: 1.28 [pid: 7|app: 0|req: 557/1115] 199.19.213.21 () {34 vars in 862 bytes} [Fri Jul 24 18:47:13 2026] GET /allocations/608921d7-e6db-4585-ba6d-75f1badb22f5 => generated 258 bytes in 14 msecs (HTTP/1.1 200) 8 headers in 296 bytes (1 switches on core 0)
2026-07-24 18:47:14.757 6 INFO placement.requestlog [req-ee674fdc-bb0d-4548-acfa-f3a521e48fca req-0ef0a076-ad2b-46ed-b0ed-53ff942ca275 c7901e1bced041fe8dd8fbb8c7bf9bb9 ff944b3d19bc4aacbe565937ea3cc3b9 - - 75e8ac54e67148d48e740636c3cefa9a 75e8ac54e67148d48e740636c3cefa9a] 199.19.213.21 "GET /resource_providers/cfe4cb02-7c9b-4342-bd12-160f490373ea/allocations" status: 200 len: 353 microversion: 1.0 [pid: 6|app: 0|req: 559/1116] 199.19.213.21 () {32 vars in 856 bytes} [Fri Jul 24 18:47:14 2026] GET /resource_providers/cfe4cb02-7c9b-4342-bd12-160f490373ea/allocations => generated 353 bytes in 16 msecs (HTTP/1.1 200) 6 headers in 224 bytes (1 switches on core 0)
2026-07-24 18:47:14.777 7 INFO placement.requestlog [req-ee674fdc-bb0d-4548-acfa-f3a521e48fca req-c90bd233-bc57-457e-8420-7b317e1b8d05 c7901e1bced041fe8dd8fbb8c7bf9bb9 ff944b3d19bc4aacbe565937ea3cc3b9 - - 75e8ac54e67148d48e740636c3cefa9a 75e8ac54e67148d48e740636c3cefa9a] 199.19.213.21 "GET /allocations/95301821-4c81-407a-8d8d-37d888e9e130" status: 200 len: 258 microversion: 1.28 [pid: 7|app: 0|req: 558/1117] 199.19.213.21 () {34 vars in 862 bytes} [Fri Jul 24 18:47:14 2026] GET /allocations/95301821-4c81-407a-8d8d-37d888e9e130 => generated 258 bytes in 14 msecs (HTTP/1.1 200) 8 headers in 296 bytes (1 switches on core 0)
2026-07-24 18:47:14.795 6 INFO placement.requestlog [req-ee674fdc-bb0d-4548-acfa-f3a521e48fca req-1bf35c9d-48a0-46f2-bd80-03d793b7f587 c7901e1bced041fe8dd8fbb8c7bf9bb9 ff944b3d19bc4aacbe565937ea3cc3b9 - - 75e8ac54e67148d48e740636c3cefa9a 75e8ac54e67148d48e740636c3cefa9a] 199.19.213.21 "GET /allocations/608921d7-e6db-4585-ba6d-75f1badb22f5" status: 200 len: 258 microversion: 1.28 [pid: 6|app: 0|req: 560/1118] 199.19.213.21 () {34 vars in 862 bytes} [Fri Jul 24 18:47:14 2026] GET /allocations/608921d7-e6db-4585-ba6d-75f1badb22f5 => generated 258 bytes in 12 msecs (HTTP/1.1 200) 8 headers in 296 bytes (1 switches on core 0)
2026-07-24 18:47:14.829 7 INFO placement.requestlog [req-ee674fdc-bb0d-4548-acfa-f3a521e48fca req-98ac5fff-730a-4bc4-9a13-539859330b11 c7901e1bced041fe8dd8fbb8c7bf9bb9 ff944b3d19bc4aacbe565937ea3cc3b9 - - 75e8ac54e67148d48e740636c3cefa9a 75e8ac54e67148d48e740636c3cefa9a] 199.19.213.21 "GET /allocations/ff48525e-d573-4752-bddb-010429b7cff8" status: 200 len: 258 microversion: 1.28 [pid: 7|app: 0|req: 559/1119] 199.19.213.21 () {34 vars in 862 bytes} [Fri Jul 24 18:47:14 2026] GET /allocations/ff48525e-d573-4752-bddb-010429b7cff8 => generated 258 bytes in 27 msecs (HTTP/1.1 200) 8 headers in 296 bytes (1 switches on core 0)
2026-07-24 18:47:23.133 6 INFO placement.requestlog [None req-104d8495-4c9a-482b-b05d-bbcf6ca1634d - - - - - -] 10.0.0.216 "GET /" status: 200 len: 136 microversion: 1.0
2026-07-24 18:47:23.134 7 INFO placement.requestlog [None req-e6659f4e-db27-4ef7-9e0b-2c8b814db6ca - - - - - -] 10.0.0.216 "GET /" status: 200 len: 136 microversion: 1.0
2026-07-24 18:47:31.715 7 INFO placement.requestlog [None req-32f05252-a049-471c-bf53-ff9692761602 83331c60b91640a18a4ad8e756d8e26f ff944b3d19bc4aacbe565937ea3cc3b9 - - 75e8ac54e67148d48e740636c3cefa9a 75e8ac54e67148d48e740636c3cefa9a] 10.0.0.149 "GET /resource_providers/50ef513f-1b5a-4833-88fd-c58a0a871bb6/aggregates" status: 404 len: 235 microversion: 1.1 [pid: 7|app: 0|req: 561/1122] 10.0.0.149 () {32 vars in 816 bytes} [Fri Jul 24 18:47:31 2026] GET /resource_providers/50ef513f-1b5a-4833-88fd-c58a0a871bb6/aggregates => generated 235 bytes in 8 msecs (HTTP/1.1 404) 5 headers in 202 bytes (1 switches on core 0)
2026-07-24 18:47:31.717 6 INFO placement.requestlog [None req-fc057166-1e70-420e-ad0b-52565674d3a8 83331c60b91640a18a4ad8e756d8e26f ff944b3d19bc4aacbe565937ea3cc3b9 - - 75e8ac54e67148d48e740636c3cefa9a 75e8ac54e67148d48e740636c3cefa9a] 10.0.0.149 "GET /resource_providers/50ef513f-1b5a-4833-88fd-c58a0a871bb6/aggregates" status: 404 len: 235 microversion: 1.1 [pid: 6|app: 0|req: 562/1123] 10.0.0.149 () {32 vars in 816 bytes} [Fri Jul 24 18:47:31 2026] GET /resource_providers/50ef513f-1b5a-4833-88fd-c58a0a871bb6/aggregates => generated 235 bytes in 10 msecs (HTTP/1.1 404) 5 headers in 202 bytes (1 switches on core 0)
2026-07-24 18:47:31.740 7 INFO placement.requestlog [None req-de0725b7-b950-4514-a532-af609dbe5491 83331c60b91640a18a4ad8e756d8e26f ff944b3d19bc4aacbe565937ea3cc3b9 - - 75e8ac54e67148d48e740636c3cefa9a 75e8ac54e67148d48e740636c3cefa9a] 10.0.0.149 "DELETE /resource_providers/50ef513f-1b5a-4833-88fd-c58a0a871bb6" status: 404 len: 246 microversion: 1.1 [pid: 7|app: 0|req: 562/1124] 10.0.0.149 () {34 vars in 816 bytes} [Fri Jul 24 18:47:31 2026] DELETE /resource_providers/50ef513f-1b5a-4833-88fd-c58a0a871bb6 => generated 246 bytes in 10 msecs (HTTP/1.1 404) 6 headers in 231 bytes (1 switches on core 0)
2026-07-24 18:47:31.742 6 INFO placement.requestlog [None req-a74871fb-9b0b-4b01-967d-912109873dce 83331c60b91640a18a4ad8e756d8e26f ff944b3d19bc4aacbe565937ea3cc3b9 - - 75e8ac54e67148d48e740636c3cefa9a 75e8ac54e67148d48e740636c3cefa9a] 10.0.0.149 "DELETE /resource_providers/50ef513f-1b5a-4833-88fd-c58a0a871bb6" status: 404 len: 246 microversion: 1.1 [pid: 6|app: 0|req: 563/1125] 10.0.0.149 () {34 vars in 816 bytes} [Fri Jul 24 18:47:31 2026] DELETE /resource_providers/50ef513f-1b5a-4833-88fd-c58a0a871bb6 => generated 246 bytes in 12 msecs (HTTP/1.1 404) 6 headers in 231 bytes (1 switches on core 0)
2026-07-24 18:47:33.134 6 INFO placement.requestlog [None req-ddd196d6-36fc-43cb-be7e-38f55ac4a214 - - - - - -] 10.0.0.216 "GET /" status: 200 len: 136 microversion: 1.0
2026-07-24 18:47:33.134 7 INFO placement.requestlog [None req-68ed633c-1ad4-433b-bb74-c59da5126369 - - - - - -] 10.0.0.216 "GET /" status: 200 len: 136 microversion: 1.0
2026-07-24 18:47:33.766 6 INFO placement.requestlog [None req-5ee585bd-ae81-428f-ad28-98eb95a55af4 83331c60b91640a18a4ad8e756d8e26f ff944b3d19bc4aacbe565937ea3cc3b9 - - 75e8ac54e67148d48e740636c3cefa9a 75e8ac54e67148d48e740636c3cefa9a] 10.0.0.149 "GET /resource_providers/95465751-492b-4a29-8b97-87777a985a75/aggregates" status: 404 len: 235 microversion: 1.1 [pid: 6|app: 0|req: 565/1128] 10.0.0.149 () {32 vars in 816 bytes} [Fri Jul 24 18:47:33 2026] GET /resource_providers/95465751-492b-4a29-8b97-87777a985a75/aggregates => generated 235 bytes in 10 msecs (HTTP/1.1 404) 5 headers in 202 bytes (1 switches on core 0)
2026-07-24 18:47:33.767 7 INFO placement.requestlog [None req-a9e2baa4-7741-4b9e-9b9e-5604d7fcd337 83331c60b91640a18a4ad8e756d8e26f ff944b3d19bc4aacbe565937ea3cc3b9 - - 75e8ac54e67148d48e740636c3cefa9a 75e8ac54e67148d48e740636c3cefa9a] 10.0.0.149 "GET /resource_providers/95465751-492b-4a29-8b97-87777a985a75/aggregates" status: 404 len: 235 microversion: 1.1 [pid: 7|app: 0|req: 564/1129] 10.0.0.149 () {32 vars in 816 bytes} [Fri Jul 24 18:47:33 2026] GET /resource_providers/95465751-492b-4a29-8b97-87777a985a75/aggregates => generated 235 bytes in 14 msecs (HTTP/1.1 404) 5 headers in 202 bytes (1 switches on core 0)
2026-07-24 18:47:33.788 6 INFO placement.requestlog [None req-8e35e00b-4fe2-4f78-b1cb-71dc2802c5f6 83331c60b91640a18a4ad8e756d8e26f ff944b3d19bc4aacbe565937ea3cc3b9 - - 75e8ac54e67148d48e740636c3cefa9a 75e8ac54e67148d48e740636c3cefa9a] 10.0.0.149 "DELETE /resource_providers/95465751-492b-4a29-8b97-87777a985a75" status: 404 len: 246 microversion: 1.1 [pid: 6|app: 0|req: 566/1130] 10.0.0.149 () {34 vars in 816 bytes} [Fri Jul 24 18:47:33 2026] DELETE /resource_providers/95465751-492b-4a29-8b97-87777a985a75 => generated 246 bytes in 9 msecs (HTTP/1.1 404) 6 headers in 231 bytes (1 switches on core 0)
2026-07-24 18:47:33.790 7 INFO placement.requestlog [None req-02a09345-088e-42ae-8879-903fa144cd11 83331c60b91640a18a4ad8e756d8e26f ff944b3d19bc4aacbe565937ea3cc3b9 - - 75e8ac54e67148d48e740636c3cefa9a 75e8ac54e67148d48e740636c3cefa9a] 10.0.0.149 "DELETE /resource_providers/95465751-492b-4a29-8b97-87777a985a75" status: 404 len: 246 microversion: 1.1 [pid: 7|app: 0|req: 565/1131] 10.0.0.149 () {34 vars in 816 bytes} [Fri Jul 24 18:47:33 2026] DELETE /resource_providers/95465751-492b-4a29-8b97-87777a985a75 => generated 246 bytes in 9 msecs (HTTP/1.1 404) 6 headers in 231 bytes (1 switches on core 0)
2026-07-24 18:47:33.809 6 INFO placement.requestlog [None req-30229e4d-e8c6-4df2-8b4b-aeb679ca768a 83331c60b91640a18a4ad8e756d8e26f ff944b3d19bc4aacbe565937ea3cc3b9 - - 75e8ac54e67148d48e740636c3cefa9a 75e8ac54e67148d48e740636c3cefa9a] 10.0.0.149 "GET /resource_providers/d12f0c89-7fd5-4df4-8e46-eb32424ae06d/aggregates" status: 404 len: 235 microversion: 1.1 [pid: 6|app: 0|req: 567/1132] 10.0.0.149 () {32 vars in 816 bytes} [Fri Jul 24 18:47:33 2026] GET /resource_providers/d12f0c89-7fd5-4df4-8e46-eb32424ae06d/aggregates => generated 235 bytes in 8 msecs (HTTP/1.1 404) 5 headers in 202 bytes (1 switches on core 0)
2026-07-24 18:47:33.815 7 INFO placement.requestlog [None req-ed1ada8a-a975-48be-9f6e-7500f4b154ca 83331c60b91640a18a4ad8e756d8e26f ff944b3d19bc4aacbe565937ea3cc3b9 - - 75e8ac54e67148d48e740636c3cefa9a 75e8ac54e67148d48e740636c3cefa9a] 10.0.0.149 "GET /resource_providers/d12f0c89-7fd5-4df4-8e46-eb32424ae06d/aggregates" status: 404 len: 235 microversion: 1.1 [pid: 7|app: 0|req: 566/1133] 10.0.0.149 () {32 vars in 816 bytes} [Fri Jul 24 18:47:33 2026] GET /resource_providers/d12f0c89-7fd5-4df4-8e46-eb32424ae06d/aggregates => generated 235 bytes in 12 msecs (HTTP/1.1 404) 5 headers in 202 bytes (1 switches on core 0)
2026-07-24 18:47:33.849 7 INFO placement.requestlog [None req-60106dba-9c6a-4a58-a09c-f44feda9c938 83331c60b91640a18a4ad8e756d8e26f ff944b3d19bc4aacbe565937ea3cc3b9 - - 75e8ac54e67148d48e740636c3cefa9a 75e8ac54e67148d48e740636c3cefa9a] 10.0.0.149 "DELETE /resource_providers/d12f0c89-7fd5-4df4-8e46-eb32424ae06d" status: 404 len: 246 microversion: 1.1 [pid: 7|app: 0|req: 567/1134] 10.0.0.149 () {34 vars in 816 bytes} [Fri Jul 24 18:47:33 2026] DELETE /resource_providers/d12f0c89-7fd5-4df4-8e46-eb32424ae06d => generated 246 bytes in 12 msecs (HTTP/1.1 404) 6 headers in 231 bytes (1 switches on core 0)
2026-07-24 18:47:33.851 6 INFO placement.requestlog [None req-25c32eb7-921b-4e09-881d-0541b436e52b 83331c60b91640a18a4ad8e756d8e26f ff944b3d19bc4aacbe565937ea3cc3b9 - - 75e8ac54e67148d48e740636c3cefa9a 75e8ac54e67148d48e740636c3cefa9a] 10.0.0.149 "DELETE /resource_providers/d12f0c89-7fd5-4df4-8e46-eb32424ae06d" status: 404 len: 246 microversion: 1.1 [pid: 6|app: 0|req: 568/1135] 10.0.0.149 () {34 vars in 816 bytes} [Fri Jul 24 18:47:33 2026] DELETE /resource_providers/d12f0c89-7fd5-4df4-8e46-eb32424ae06d => generated 246 bytes in 15 msecs (HTTP/1.1 404) 6 headers in 231 bytes (1 switches on core 0)
2026-07-24 18:47:33.879 7 INFO placement.requestlog [None req-a97b7d01-3692-4891-b2fb-280e32c9a92a 83331c60b91640a18a4ad8e756d8e26f ff944b3d19bc4aacbe565937ea3cc3b9 - - 75e8ac54e67148d48e740636c3cefa9a 75e8ac54e67148d48e740636c3cefa9a] 10.0.0.149 "GET /resource_providers/06246e2e-086c-4d68-934f-a0800980c5d1/aggregates" status: 404 len: 235 microversion: 1.1 [pid: 7|app: 0|req: 568/1136] 10.0.0.149 () {32 vars in 816 bytes} [Fri Jul 24 18:47:33 2026] GET /resource_providers/06246e2e-086c-4d68-934f-a0800980c5d1/aggregates => generated 235 bytes in 9 msecs (HTTP/1.1 404) 5 headers in 202 bytes (1 switches on core 0)
2026-07-24 18:47:33.884 6 INFO placement.requestlog [None req-0ab72bde-f60b-4443-bab8-4d1321ce927b 83331c60b91640a18a4ad8e756d8e26f ff944b3d19bc4aacbe565937ea3cc3b9 - - 75e8ac54e67148d48e740636c3cefa9a 75e8ac54e67148d48e740636c3cefa9a] 10.0.0.149 "GET /resource_providers/06246e2e-086c-4d68-934f-a0800980c5d1/aggregates" status: 404 len: 235 microversion: 1.1 [pid: 6|app: 0|req: 569/1137] 10.0.0.149 () {32 vars in 816 bytes} [Fri Jul 24 18:47:33 2026] GET /resource_providers/06246e2e-086c-4d68-934f-a0800980c5d1/aggregates => generated 235 bytes in 13 msecs (HTTP/1.1 404) 5 headers in 202 bytes (1 switches on core 0)
2026-07-24 18:47:33.906 7 INFO placement.requestlog [None req-89a4ff29-91c4-4d7b-a618-eb031bc96866 83331c60b91640a18a4ad8e756d8e26f ff944b3d19bc4aacbe565937ea3cc3b9 - - 75e8ac54e67148d48e740636c3cefa9a 75e8ac54e67148d48e740636c3cefa9a] 10.0.0.149 "DELETE /resource_providers/06246e2e-086c-4d68-934f-a0800980c5d1" status: 404 len: 246 microversion: 1.1 [pid: 7|app: 0|req: 569/1138] 10.0.0.149 () {34 vars in 816 bytes} [Fri Jul 24 18:47:33 2026] DELETE /resource_providers/06246e2e-086c-4d68-934f-a0800980c5d1 => generated 246 bytes in 11 msecs (HTTP/1.1 404) 6 headers in 231 bytes (1 switches on core 0)
2026-07-24 18:47:33.911 6 INFO placement.requestlog [None req-8a3f8a05-c7aa-4e28-9ec1-f1479bf700a5 83331c60b91640a18a4ad8e756d8e26f ff944b3d19bc4aacbe565937ea3cc3b9 - - 75e8ac54e67148d48e740636c3cefa9a 75e8ac54e67148d48e740636c3cefa9a] 10.0.0.149 "DELETE /resource_providers/06246e2e-086c-4d68-934f-a0800980c5d1" status: 404 len: 246 microversion: 1.1 [pid: 6|app: 0|req: 570/1139] 10.0.0.149 () {34 vars in 816 bytes} [Fri Jul 24 18:47:33 2026] DELETE /resource_providers/06246e2e-086c-4d68-934f-a0800980c5d1 => generated 246 bytes in 12 msecs (HTTP/1.1 404) 6 headers in 231 bytes (1 switches on core 0)
2026-07-24 18:47:33.932 6 INFO placement.requestlog [None req-c4b3fffb-9cd8-40f7-8ae0-0202d354df6c 83331c60b91640a18a4ad8e756d8e26f ff944b3d19bc4aacbe565937ea3cc3b9 - - 75e8ac54e67148d48e740636c3cefa9a 75e8ac54e67148d48e740636c3cefa9a] 10.0.0.149 "GET /resource_providers/2dbb7b6b-3689-40fc-acd9-c9f58bdf56b1/aggregates" status: 404 len: 235 microversion: 1.1 [pid: 6|app: 0|req: 571/1140] 10.0.0.149 () {32 vars in 816 bytes} [Fri Jul 24 18:47:33 2026] GET /resource_providers/2dbb7b6b-3689-40fc-acd9-c9f58bdf56b1/aggregates => generated 235 bytes in 9 msecs (HTTP/1.1 404) 5 headers in 202 bytes (1 switches on core 0)
2026-07-24 18:47:33.932 7 INFO placement.requestlog [None req-84c82b91-78d3-4704-8561-3b4422a5874c 83331c60b91640a18a4ad8e756d8e26f ff944b3d19bc4aacbe565937ea3cc3b9 - - 75e8ac54e67148d48e740636c3cefa9a 75e8ac54e67148d48e740636c3cefa9a] 10.0.0.149 "GET /resource_providers/2dbb7b6b-3689-40fc-acd9-c9f58bdf56b1/aggregates" status: 404 len: 235 microversion: 1.1 [pid: 7|app: 0|req: 570/1141] 10.0.0.149 () {32 vars in 816 bytes} [Fri Jul 24 18:47:33 2026] GET /resource_providers/2dbb7b6b-3689-40fc-acd9-c9f58bdf56b1/aggregates => generated 235 bytes in 10 msecs (HTTP/1.1 404) 5 headers in 202 bytes (1 switches on core 0)
