Jul 14 19:52:20.886186 np0000185284 devstack@neutron-api.service[101905]: INFO neutron.db.ovn_revision_numbers_db [None req-7c916741-08f9-4130-a5db-7fd51ec1c222 admin admin] Successfully bumped revision number for resource 34bcbc52-eba2-4cdb-b722-6d505a060ba5 (type: security_group_rules) to 0
Jul 14 19:52:20.900017 np0000185284 devstack@neutron-api.service[101905]: INFO neutron.db.ovn_revision_numbers_db [None req-7c916741-08f9-4130-a5db-7fd51ec1c222 admin admin] Successfully bumped revision number for resource 50673b1e-76c4-41e7-a40f-ce97cfbb14a5 (type: security_group_rules) to 0
Jul 14 19:52:20.912586 np0000185284 devstack@neutron-api.service[101905]: INFO neutron.db.ovn_revision_numbers_db [None req-7c916741-08f9-4130-a5db-7fd51ec1c222 admin admin] Successfully bumped revision number for resource 76233ca4-fb66-4464-8346-b5f3413c3ad1 (type: security_group_rules) to 0
Jul 14 19:52:20.925584 np0000185284 devstack@neutron-api.service[101905]: INFO neutron.db.ovn_revision_numbers_db [None req-7c916741-08f9-4130-a5db-7fd51ec1c222 admin admin] Successfully bumped revision number for resource 993e086a-50b9-4639-96d4-b9f5f90c59d1 (type: security_group_rules) to 0
Jul 14 19:52:20.949222 np0000185284 devstack@neutron-api.service[101905]: DEBUG neutron.api.rpc.handlers.resources_rpc [None req-7c916741-08f9-4130-a5db-7fd51ec1c222 admin admin] Pushing event updated for resources: {'SecurityGroup': ['ID=7fa88323-ee07-436e-9f12-30fd3d393e13,revision_number=1']} {{(pid=101905) push /opt/stack/neutron/neutron/api/rpc/handlers/resources_rpc.py:237}}
Jul 14 19:52:20.953210 np0000185284 devstack@neutron-api.service[101905]: DEBUG ovsdbapp.backend.ovs_idl.transaction [None req-4f1e7169-3280-47a1-acfd-cb4fcb0277a2 None None] Running txn n=1 command(idx=0): CheckLivenessCommand(_result=None) {{(pid=101905) do_commit /opt/stack/data/venv/lib/python3.12/site-packages/ovsdbapp/backend/ovs_idl/transaction.py:89}}
Jul 14 19:52:20.959027 np0000185284 devstack@neutron-api.service[101904]: DEBUG neutron.plugins.ml2.drivers.ovn.mech_driver.ovsdb.ovsdb_monitor [None req-bfe634c8-c319-4bbd-a8cc-3c2fdc708b0e None None] Touching Hash Ring node "1d085bc1fa9b5c159cdef0e6b9bd8465" from IDL notify handler {{(pid=101904) notify /opt/stack/neutron/neutron/plugins/ml2/drivers/ovn/mech_driver/ovsdb/ovsdb_monitor.py:1001}}
Jul 14 19:52:20.959653 np0000185284 devstack@neutron-api.service[101905]: DEBUG neutron.api.rpc.callbacks.version_manager [None req-7c916741-08f9-4130-a5db-7fd51ec1c222 admin admin] Tracked resource versions report:
Jul 14 19:52:20.959653 np0000185284 devstack@neutron-api.service[101905]: pushed versions:
Jul 14 19:52:20.959653 np0000185284 devstack@neutron-api.service[101905]: { 'AddressGroup': {'1.2'},
Jul 14 19:52:20.959653 np0000185284 devstack@neutron-api.service[101905]: 'Agent': {'1.1'},
Jul 14 19:52:20.959653 np0000185284 devstack@neutron-api.service[101905]: 'ConntrackHelper': {'1.0'},
Jul 14 19:52:20.959653 np0000185284 devstack@neutron-api.service[101905]: 'LocalIPAssociation': {'1.0'},
Jul 14 19:52:20.959653 np0000185284 devstack@neutron-api.service[101905]: 'Log': {'1.0'},
Jul 14 19:52:20.959653 np0000185284 devstack@neutron-api.service[101905]: 'NDPProxy': {'1.0'},
Jul 14 19:52:20.959653 np0000185284 devstack@neutron-api.service[101905]: 'Network': {'1.3'},
Jul 14 19:52:20.959653 np0000185284 devstack@neutron-api.service[101905]: 'Port': {'1.11'},
Jul 14 19:52:20.959653 np0000185284 devstack@neutron-api.service[101905]: 'PortForwarding': {'1.3'},
Jul 14 19:52:20.959653 np0000185284 devstack@neutron-api.service[101905]: 'QosPolicy': {'1.10'},
Jul 14 19:52:20.959653 np0000185284 devstack@neutron-api.service[101905]: 'SecurityGroup': {'1.6'},
Jul 14 19:52:20.959653 np0000185284 devstack@neutron-api.service[101905]: 'SecurityGroupRule': {'1.3'},
Jul 14 19:52:20.959653 np0000185284 devstack@neutron-api.service[101905]: 'SubPort': {'1.0'},
Jul 14 19:52:20.959653 np0000185284 devstack@neutron-api.service[101905]: 'Subnet': {'1.2'},
Jul 14 19:52:20.959653 np0000185284 devstack@neutron-api.service[101905]: 'Trunk': {'1.1'}}
Jul 14 19:52:20.959653 np0000185284 devstack@neutron-api.service[101905]: consumer versions:
Jul 14 19:52:20.959653 np0000185284 devstack@neutron-api.service[101905]: { OVN Controller Gateway agent@np0000185284: {},
Jul 14 19:52:20.959653 np0000185284 devstack@neutron-api.service[101905]: OVN Neutron agent@np0000185284: {}}
Jul 14 19:52:20.959653 np0000185284 devstack@neutron-api.service[101905]: {{(pid=101905) report /opt/stack/neutron/neutron/api/rpc/callbacks/version_manager.py:183}}
Jul 14 19:52:20.962031 np0000185284 devstack@neutron-api.service[101902]: DEBUG ovsdbapp.backend.ovs_idl.event [None req-22b8f1bc-9fd4-46cb-a448-de916e7c4bb8 None None] Matched UPDATE: ChassisAgentWriteEvent(events=('create', 'update'), table='Chassis_Private', conditions=None, old_conditions=None), priority=20 to row=Chassis_Private(uuid=8c95fc60-ecac-478c-8826-25f283297482, chassis=902f0731-8303-4372-91e7-7e2d5fe89c05, external_ids={'neutron:ovn-bridge': 'br-int', 'neutron:ovn-neutron-agent-id': '5d99079a-c761-541c-8b93-7cb249b856a2', 'neutron:ovn-neutron-agent-sb-cfg': '2'}, name='64c40716-e2de-4b2d-be40-adfd2f3ef7e6', nb_cfg=3, nb_cfg_timestamp=1784058740956) old=Chassis_Private(uuid=8c95fc60-ecac-478c-8826-25f283297482, nb_cfg=2, nb_cfg_timestamp=1784058659995) {{(pid=101902) matches /opt/stack/data/venv/lib/python3.12/site-packages/ovsdbapp/backend/ovs_idl/event.py:55}}
Jul 14 19:52:20.964101 np0000185284 devstack@neutron-api.service[101904]: DEBUG ovsdbapp.backend.ovs_idl.event [None req-9c44a4f4-7ca3-4582-afbd-88e81fa9abb2 None None] Matched UPDATE: ChassisAgentWriteEvent(events=('create', 'update'), table='Chassis_Private', conditions=None, old_conditions=None), priority=20 to row=Chassis_Private(uuid=8c95fc60-ecac-478c-8826-25f283297482, chassis=902f0731-8303-4372-91e7-7e2d5fe89c05, external_ids={'neutron:ovn-bridge': 'br-int', 'neutron:ovn-neutron-agent-id': '5d99079a-c761-541c-8b93-7cb249b856a2', 'neutron:ovn-neutron-agent-sb-cfg': '2'}, name='64c40716-e2de-4b2d-be40-adfd2f3ef7e6', nb_cfg=3, nb_cfg_timestamp=1784058740956) old=Chassis_Private(uuid=8c95fc60-ecac-478c-8826-25f283297482, nb_cfg=2, nb_cfg_timestamp=1784058659995) {{(pid=101904) matches /opt/stack/data/venv/lib/python3.12/site-packages/ovsdbapp/backend/ovs_idl/event.py:55}}
Jul 14 19:52:20.964247 np0000185284 devstack@neutron-api.service[101903]: DEBUG ovsdbapp.backend.ovs_idl.event [None req-7f5c45ba-134b-4861-b6d6-050c91349e03 None None] Matched UPDATE: ChassisAgentWriteEvent(events=('create', 'update'), table='Chassis_Private', conditions=None, old_conditions=None), priority=20 to row=Chassis_Private(uuid=8c95fc60-ecac-478c-8826-25f283297482, chassis=902f0731-8303-4372-91e7-7e2d5fe89c05, external_ids={'neutron:ovn-bridge': 'br-int', 'neutron:ovn-neutron-agent-id': '5d99079a-c761-541c-8b93-7cb249b856a2', 'neutron:ovn-neutron-agent-sb-cfg': '2'}, name='64c40716-e2de-4b2d-be40-adfd2f3ef7e6', nb_cfg=3, nb_cfg_timestamp=1784058740956) old=Chassis_Private(uuid=8c95fc60-ecac-478c-8826-25f283297482, nb_cfg=2, nb_cfg_timestamp=1784058659995) {{(pid=101903) matches /opt/stack/data/venv/lib/python3.12/site-packages/ovsdbapp/backend/ovs_idl/event.py:55}}
Jul 14 19:52:20.965144 np0000185284 devstack@neutron-api.service[101905]: DEBUG ovsdbapp.backend.ovs_idl.event [None req-6013bf55-6857-49ba-8b52-cff9d46bc439 None None] Matched UPDATE: ChassisAgentWriteEvent(events=('create', 'update'), table='Chassis_Private', conditions=None, old_conditions=None), priority=20 to row=Chassis_Private(uuid=8c95fc60-ecac-478c-8826-25f283297482, chassis=902f0731-8303-4372-91e7-7e2d5fe89c05, external_ids={'neutron:ovn-bridge': 'br-int', 'neutron:ovn-neutron-agent-id': '5d99079a-c761-541c-8b93-7cb249b856a2', 'neutron:ovn-neutron-agent-sb-cfg': '2'}, name='64c40716-e2de-4b2d-be40-adfd2f3ef7e6', nb_cfg=3, nb_cfg_timestamp=1784058740956) old=Chassis_Private(uuid=8c95fc60-ecac-478c-8826-25f283297482, nb_cfg=2, nb_cfg_timestamp=1784058659995) {{(pid=101905) matches /opt/stack/data/venv/lib/python3.12/site-packages/ovsdbapp/backend/ovs_idl/event.py:55}}
Jul 14 19:52:20.969061 np0000185284 devstack@neutron-api.service[101902]: DEBUG neutron.common.ovn.hash_ring_manager [None req-22b8f1bc-9fd4-46cb-a448-de916e7c4bb8 None None] Hash Ring loaded. 4 active nodes. 0 offline nodes {{(pid=101902) _load_hash_ring /opt/stack/neutron/neutron/common/ovn/hash_ring_manager.py:110}}
Jul 14 19:52:20.969742 np0000185284 devstack@neutron-api.service[101904]: DEBUG neutron.plugins.ml2.drivers.ovn.mech_driver.ovsdb.ovsdb_monitor [None req-bfe634c8-c319-4bbd-a8cc-3c2fdc708b0e None None] Hash Ring: Node 1d085bc1fa9b5c159cdef0e6b9bd8465 (host: np0000185284) handling event "update" for row f4268c83-9efe-4e35-be37-a4669fcbd850 (table: NB_Global) {{(pid=101904) notify /opt/stack/neutron/neutron/plugins/ml2/drivers/ovn/mech_driver/ovsdb/ovsdb_monitor.py:1009}}
Jul 14 19:52:20.973419 np0000185284 devstack@neutron-api.service[101903]: DEBUG neutron.common.ovn.hash_ring_manager [None req-7f5c45ba-134b-4861-b6d6-050c91349e03 None None] Hash Ring loaded. 4 active nodes. 0 offline nodes {{(pid=101903) _load_hash_ring /opt/stack/neutron/neutron/common/ovn/hash_ring_manager.py:110}}
Jul 14 19:52:20.973914 np0000185284 devstack@neutron-api.service[101904]: DEBUG neutron.plugins.ml2.drivers.ovn.mech_driver.ovsdb.ovsdb_monitor [None req-bfe634c8-c319-4bbd-a8cc-3c2fdc708b0e None None] Touching Hash Ring node "1d085bc1fa9b5c159cdef0e6b9bd8465" from IDL notify handler {{(pid=101904) notify /opt/stack/neutron/neutron/plugins/ml2/drivers/ovn/mech_driver/ovsdb/ovsdb_monitor.py:1001}}
Jul 14 19:52:20.978238 np0000185284 devstack@neutron-api.service[101904]: DEBUG neutron.common.ovn.hash_ring_manager [None req-9c44a4f4-7ca3-4582-afbd-88e81fa9abb2 None None] Hash Ring loaded. 4 active nodes. 0 offline nodes {{(pid=101904) _load_hash_ring /opt/stack/neutron/neutron/common/ovn/hash_ring_manager.py:110}}
Jul 14 19:52:20.978536 np0000185284 devstack@neutron-api.service[101904]: DEBUG neutron.plugins.ml2.drivers.ovn.mech_driver.ovsdb.ovsdb_monitor [None req-9c44a4f4-7ca3-4582-afbd-88e81fa9abb2 None None] Hash Ring: Node 1d085bc1fa9b5c159cdef0e6b9bd8465 (host: np0000185284) handling event "update" for row 8c95fc60-ecac-478c-8826-25f283297482 (table: Chassis_Private) {{(pid=101904) notify /opt/stack/neutron/neutron/plugins/ml2/drivers/ovn/mech_driver/ovsdb/ovsdb_monitor.py:1009}}
Jul 14 19:52:20.979953 np0000185284 devstack@neutron-api.service[101904]: DEBUG neutron.plugins.ml2.drivers.ovn.mech_driver.ovsdb.ovsdb_monitor [None req-bfe634c8-c319-4bbd-a8cc-3c2fdc708b0e None None] Hash Ring: Node 1d085bc1fa9b5c159cdef0e6b9bd8465 (host: np0000185284) handling event "update" for row f4268c83-9efe-4e35-be37-a4669fcbd850 (table: NB_Global) {{(pid=101904) notify /opt/stack/neutron/neutron/plugins/ml2/drivers/ovn/mech_driver/ovsdb/ovsdb_monitor.py:1009}}
Jul 14 19:52:20.981183 np0000185284 devstack@neutron-api.service[101905]: DEBUG neutron.common.ovn.hash_ring_manager [None req-6013bf55-6857-49ba-8b52-cff9d46bc439 None None] Hash Ring loaded. 4 active nodes. 0 offline nodes {{(pid=101905) _load_hash_ring /opt/stack/neutron/neutron/common/ovn/hash_ring_manager.py:110}}
Jul 14 19:52:20.982935 np0000185284 devstack@neutron-api.service[101904]: DEBUG neutron.plugins.ml2.drivers.ovn.mech_driver.ovsdb.ovsdb_monitor [None req-bfe634c8-c319-4bbd-a8cc-3c2fdc708b0e None None] Touching Hash Ring node "1d085bc1fa9b5c159cdef0e6b9bd8465" from IDL notify handler {{(pid=101904) notify /opt/stack/neutron/neutron/plugins/ml2/drivers/ovn/mech_driver/ovsdb/ovsdb_monitor.py:1001}}
Jul 14 19:52:20.986950 np0000185284 devstack@neutron-api.service[101904]: DEBUG neutron.plugins.ml2.drivers.ovn.mech_driver.ovsdb.ovsdb_monitor [None req-bfe634c8-c319-4bbd-a8cc-3c2fdc708b0e None None] Hash Ring: Node 1d085bc1fa9b5c159cdef0e6b9bd8465 (host: np0000185284) handling event "update" for row f4268c83-9efe-4e35-be37-a4669fcbd850 (table: NB_Global) {{(pid=101904) notify /opt/stack/neutron/neutron/plugins/ml2/drivers/ovn/mech_driver/ovsdb/ovsdb_monitor.py:1009}}
Jul 14 19:52:20.987955 np0000185284 devstack@neutron-api.service[101904]: DEBUG neutron.plugins.ml2.drivers.ovn.mech_driver.ovsdb.ovsdb_monitor [None req-bfe634c8-c319-4bbd-a8cc-3c2fdc708b0e None None] Touching Hash Ring node "1d085bc1fa9b5c159cdef0e6b9bd8465" from IDL notify handler {{(pid=101904) notify /opt/stack/neutron/neutron/plugins/ml2/drivers/ovn/mech_driver/ovsdb/ovsdb_monitor.py:1001}}
Jul 14 19:52:20.989711 np0000185284 devstack@neutron-api.service[101904]: DEBUG neutron.plugins.ml2.drivers.ovn.mech_driver.ovsdb.ovsdb_monitor [None req-bfe634c8-c319-4bbd-a8cc-3c2fdc708b0e None None] Hash Ring: Node 1d085bc1fa9b5c159cdef0e6b9bd8465 (host: np0000185284) handling event "update" for row f4268c83-9efe-4e35-be37-a4669fcbd850 (table: NB_Global) {{(pid=101904) notify /opt/stack/neutron/neutron/plugins/ml2/drivers/ovn/mech_driver/ovsdb/ovsdb_monitor.py:1009}}
Jul 14 19:52:21.006406 np0000185284 devstack@neutron-api.service[101905]: DEBUG neutron.plugins.ml2.drivers.helpers [None req-7c916741-08f9-4130-a5db-7fd51ec1c222 admin admin] geneve segment allocate from pool success with {'geneve_vni': 2852} {{(pid=101905) allocate_partially_specified_segment /opt/stack/neutron/neutron/plugins/ml2/drivers/helpers.py:142}}
Jul 14 19:52:21.012367 np0000185284 devstack@neutron-api.service[101905]: DEBUG neutron_lib.callbacks.manager [None req-7c916741-08f9-4130-a5db-7fd51ec1c222 admin admin] Publish callbacks ['neutron.services.segments.db._add_segment_host_mapping_for_segment-7837397931852', 'neutron.plugins.ml2.plugin.Ml2Plugin._handle_segment_change-2530071'] for segment (017f3631-1d11-4834-93c6-7ccf06f30a86), precommit_create {{(pid=101905) _notify_loop /opt/stack/data/venv/lib/python3.12/site-packages/neutron_lib/callbacks/manager.py:184}}
Jul 14 19:52:21.012490 np0000185284 devstack@neutron-api.service[101905]: INFO neutron.db.segments_db [None req-7c916741-08f9-4130-a5db-7fd51ec1c222 admin admin] Added segment 017f3631-1d11-4834-93c6-7ccf06f30a86 of type geneve for network d0ec819d-30e7-4784-b571-5624c978a397
Jul 14 19:52:21.023950 np0000185284 devstack@neutron-api.service[101905]: DEBUG neutron_lib.callbacks.manager [None req-7c916741-08f9-4130-a5db-7fd51ec1c222 admin admin] Publish callbacks ['neutron.services.auto_allocate.db._ensure_external_network_default_value_callback-7837396592020'] for network (d0ec819d-30e7-4784-b571-5624c978a397), precommit_create {{(pid=101905) _notify_loop /opt/stack/data/venv/lib/python3.12/site-packages/neutron_lib/callbacks/manager.py:184}}
Jul 14 19:52:21.033340 np0000185284 devstack@neutron-api.service[101905]: DEBUG neutron.plugins.ml2.drivers.ovn.mech_driver.mech_driver [None req-7c916741-08f9-4130-a5db-7fd51ec1c222 admin admin] Validating network segment with type geneve, segmentation ID 2852, physical network None {{(pid=101905) _validate_network_segments /opt/stack/neutron/neutron/plugins/ml2/drivers/ovn/mech_driver/mech_driver.py:646}}
Jul 14 19:52:21.033461 np0000185284 devstack@neutron-api.service[101905]: DEBUG neutron.db.ovn_revision_numbers_db [None req-7c916741-08f9-4130-a5db-7fd51ec1c222 admin admin] create_initial_revision uuid=d0ec819d-30e7-4784-b571-5624c978a397, type=networks, rev=-1 {{(pid=101905) create_initial_revision /opt/stack/neutron/neutron/db/ovn_revision_numbers_db.py:98}}
Jul 14 19:52:21.043675 np0000185284 devstack@neutron-api.service[101905]: DEBUG neutron_lib.callbacks.manager [None req-7c916741-08f9-4130-a5db-7fd51ec1c222 admin admin] Publish callbacks ['neutron.plugins.ml2.ovo_rpc._ObjectChangeHandler.handle_event-6916554'] for network (d0ec819d-30e7-4784-b571-5624c978a397), after_create {{(pid=101905) _notify_loop /opt/stack/data/venv/lib/python3.12/site-packages/neutron_lib/callbacks/manager.py:184}}
Jul 14 19:52:21.066337 np0000185284 devstack@neutron-api.service[101905]: DEBUG neutron.api.rpc.handlers.resources_rpc [None req-7c916741-08f9-4130-a5db-7fd51ec1c222 admin admin] Pushing event updated for resources: {'Network': ['ID=d0ec819d-30e7-4784-b571-5624c978a397,revision_number=1']} {{(pid=101905) push /opt/stack/neutron/neutron/api/rpc/handlers/resources_rpc.py:237}}
Jul 14 19:52:21.073311 np0000185284 devstack@neutron-api.service[101905]: DEBUG ovsdbapp.backend.ovs_idl.transaction [None req-4f1e7169-3280-47a1-acfd-cb4fcb0277a2 None None] Running txn n=1 command(idx=0): AddNetworkCommand(_result=None, network_uuid=d0ec819d-30e7-4784-b571-5624c978a397, may_exist=True, columns={'external_ids': {'neutron:network_name': 'admin_net', 'neutron:mtu': '1372', 'neutron:revision_number': '1', 'neutron:availability_zone_hints': '', 'neutron:provnet-network-type': 'geneve'}, 'other_config': {'mcast_snoop': 'false', 'mcast_flood_unregistered': 'false', 'vlan-passthru': 'false'}}) {{(pid=101905) do_commit /opt/stack/data/venv/lib/python3.12/site-packages/ovsdbapp/backend/ovs_idl/transaction.py:89}}
Jul 14 19:52:21.084065 np0000185284 devstack@neutron-api.service[101902]: DEBUG neutron.plugins.ml2.drivers.ovn.mech_driver.ovsdb.ovsdb_monitor [None req-22b8f1bc-9fd4-46cb-a448-de916e7c4bb8 None None] Hash Ring: Node 095f89e3ce6f566f9f2a25a6b27e3f41 (host: np0000185284) handling event "create" for row 781d3e3c-9e4f-40fc-8a90-9b730911fb36 (table: Datapath_Binding) {{(pid=101902) notify /opt/stack/neutron/neutron/plugins/ml2/drivers/ovn/mech_driver/ovsdb/ovsdb_monitor.py:1009}}
Jul 14 19:52:21.086487 np0000185284 devstack@neutron-api.service[101904]: DEBUG neutron.plugins.ml2.drivers.ovn.mech_driver.ovsdb.ovsdb_monitor [None req-bfe634c8-c319-4bbd-a8cc-3c2fdc708b0e None None] Touching Hash Ring node "1d085bc1fa9b5c159cdef0e6b9bd8465" from IDL notify handler {{(pid=101904) notify /opt/stack/neutron/neutron/plugins/ml2/drivers/ovn/mech_driver/ovsdb/ovsdb_monitor.py:1001}}
Jul 14 19:52:21.090774 np0000185284 devstack@neutron-api.service[101904]: DEBUG neutron.plugins.ml2.drivers.ovn.mech_driver.ovsdb.ovsdb_monitor [None req-bfe634c8-c319-4bbd-a8cc-3c2fdc708b0e None None] Hash Ring: Node 1d085bc1fa9b5c159cdef0e6b9bd8465 (host: np0000185284) handling event "create" for row d0ec819d-30e7-4784-b571-5624c978a397 (table: Logical_Switch) {{(pid=101904) notify /opt/stack/neutron/neutron/plugins/ml2/drivers/ovn/mech_driver/ovsdb/ovsdb_monitor.py:1009}}
Jul 14 19:52:21.103867 np0000185284 devstack@neutron-api.service[101905]: INFO neutron.db.ovn_revision_numbers_db [None req-7c916741-08f9-4130-a5db-7fd51ec1c222 admin admin] Successfully bumped revision number for resource d0ec819d-30e7-4784-b571-5624c978a397 (type: networks) to 1
Jul 14 19:52:21.118048 np0000185284 devstack@neutron-api.service[101905]: DEBUG neutron_lib.callbacks.manager [None req-7c916741-08f9-4130-a5db-7fd51ec1c222 admin admin] Publish callbacks ['neutron.plugins.ml2.plugin.SecurityGroupDbMixin._ensure_default_security_group_handler-3847915'] for port (None), before_create {{(pid=101905) _notify_loop /opt/stack/data/venv/lib/python3.12/site-packages/neutron_lib/callbacks/manager.py:184}}
Jul 14 19:52:21.191472 np0000185284 devstack@neutron-api.service[101905]: DEBUG neutron_lib.callbacks.manager [None req-7c916741-08f9-4130-a5db-7fd51ec1c222 admin admin] Publish callbacks ['neutron.plugins.ml2.drivers.ovn.mech_driver.mech_driver.OVNMechanismDriver._validate_allowed_address_pairs-332564'] for allowed_address_pair (7f2589aa-21c6-4dd4-b108-314602702d83), before_create {{(pid=101905) _notify_loop /opt/stack/data/venv/lib/python3.12/site-packages/neutron_lib/callbacks/manager.py:184}}
Jul 14 19:52:21.192265 np0000185284 devstack@neutron-api.service[101905]: DEBUG neutron_lib.callbacks.manager [None req-7c916741-08f9-4130-a5db-7fd51ec1c222 admin admin] Publish callbacks [] for port (7f2589aa-21c6-4dd4-b108-314602702d83), precommit_create {{(pid=101905) _notify_loop /opt/stack/data/venv/lib/python3.12/site-packages/neutron_lib/callbacks/manager.py:184}}
Jul 14 19:52:21.192537 np0000185284 devstack@neutron-api.service[101905]: DEBUG neutron.plugins.ml2.drivers.ovn.mech_driver.mech_driver [None req-7c916741-08f9-4130-a5db-7fd51ec1c222 admin admin] No provisioning block for port 7f2589aa-21c6-4dd4-b108-314602702d83 since it does not have a host {{(pid=101905) _is_port_provisioning_required /opt/stack/neutron/neutron/plugins/ml2/drivers/ovn/mech_driver/mech_driver.py:899}}
Jul 14 19:52:21.192833 np0000185284 devstack@neutron-api.service[101905]: DEBUG neutron.db.ovn_revision_numbers_db [None req-7c916741-08f9-4130-a5db-7fd51ec1c222 admin admin] create_initial_revision uuid=7f2589aa-21c6-4dd4-b108-314602702d83, type=ports, rev=-1 {{(pid=101905) create_initial_revision /opt/stack/neutron/neutron/db/ovn_revision_numbers_db.py:98}}
Jul 14 19:52:21.225072 np0000185284 devstack@neutron-api.service[101905]: DEBUG neutron_lib.callbacks.manager [None req-7c916741-08f9-4130-a5db-7fd51ec1c222 admin admin] Publish callbacks ['neutron.plugins.ml2.ovo_rpc._ObjectChangeHandler.handle_event-6916595'] for port (7f2589aa-21c6-4dd4-b108-314602702d83), after_create {{(pid=101905) _notify_loop /opt/stack/data/venv/lib/python3.12/site-packages/neutron_lib/callbacks/manager.py:184}}
Jul 14 19:52:21.255737 np0000185284 devstack@neutron-api.service[101905]: DEBUG neutron.api.rpc.handlers.resources_rpc [None req-7c916741-08f9-4130-a5db-7fd51ec1c222 admin admin] Pushing event updated for resources: {'Port': ['ID=7f2589aa-21c6-4dd4-b108-314602702d83,revision_number=1']} {{(pid=101905) push /opt/stack/neutron/neutron/api/rpc/handlers/resources_rpc.py:237}}
Jul 14 19:52:21.262389 np0000185284 devstack@neutron-api.service[101905]: DEBUG neutron.plugins.ml2.drivers.ovn.mech_driver.ovsdb.commands [None req-7c916741-08f9-4130-a5db-7fd51ec1c222 admin admin] Converting tag [] to a tag_request {{(pid=101905) _tag_column_to_tag_request /opt/stack/neutron/neutron/plugins/ml2/drivers/ovn/mech_driver/ovsdb/commands.py:205}}
Jul 14 19:52:21.263073 np0000185284 devstack@neutron-api.service[101905]: DEBUG ovsdbapp.backend.ovs_idl.transaction [None req-4f1e7169-3280-47a1-acfd-cb4fcb0277a2 None None] Running txn n=1 command(idx=0): AddLSwitchPortCommand(_result=None, lport=7f2589aa-21c6-4dd4-b108-314602702d83, lswitch=neutron-d0ec819d-30e7-4784-b571-5624c978a397, may_exist=True, network_uuid=d0ec819d-30e7-4784-b571-5624c978a397, columns={'addresses': ['fa:16:3e:2f:be:ae'], 'external_ids': {'neutron:port_name': '', 'neutron:device_id': 'ovnmeta-d0ec819d-30e7-4784-b571-5624c978a397', 'neutron:project_id': '9a78f7fb529b4d69b770a84081636352', 'neutron:cidrs': '', 'neutron:device_owner': 'network:distributed', 'neutron:subnet_pool_addr_scope4': '', 'neutron:subnet_pool_addr_scope6': '', 'neutron:network_name': 'neutron-d0ec819d-30e7-4784-b571-5624c978a397', 'neutron:security_group_ids': '', 'neutron:revision_number': '1', 'neutron:vnic_type': 'normal', 'neutron:port_capabilities': '', 'neutron:mtu': '1372'}, 'parent_name': [], 'enabled': True, 'options': {}, 'type': 'localport', 'port_security': [], 'dhcpv4_options': [], 'dhcpv6_options': [], 'tag_request': []}) {{(pid=101905) do_commit /opt/stack/data/venv/lib/python3.12/site-packages/ovsdbapp/backend/ovs_idl/transaction.py:89}}
Jul 14 19:52:21.263795 np0000185284 devstack@neutron-api.service[101905]: DEBUG ovsdbapp.backend.ovs_idl.transaction [None req-4f1e7169-3280-47a1-acfd-cb4fcb0277a2 None None] Running txn n=1 command(idx=1): QoSDelCommand(_result=None, switch=neutron-d0ec819d-30e7-4784-b571-5624c978a397, conditions=[('direction', '=', 'to-lport'), ('priority', '=', 2002), ('match', '=', 'outport == "7f2589aa-21c6-4dd4-b108-314602702d83"')], if_exists=True) {{(pid=101905) do_commit /opt/stack/data/venv/lib/python3.12/site-packages/ovsdbapp/backend/ovs_idl/transaction.py:89}}
Jul 14 19:52:21.264077 np0000185284 devstack@neutron-api.service[101905]: DEBUG ovsdbapp.backend.ovs_idl.transaction [None req-4f1e7169-3280-47a1-acfd-cb4fcb0277a2 None None] Running txn n=1 command(idx=2): QoSDelCommand(_result=None, switch=neutron-d0ec819d-30e7-4784-b571-5624c978a397, conditions=[('direction', '=', 'from-lport'), ('priority', '=', 2002), ('match', '=', 'inport == "7f2589aa-21c6-4dd4-b108-314602702d83"')], if_exists=True) {{(pid=101905) do_commit /opt/stack/data/venv/lib/python3.12/site-packages/ovsdbapp/backend/ovs_idl/transaction.py:89}}
Jul 14 19:52:21.271858 np0000185284 devstack@neutron-api.service[101904]: DEBUG neutron.plugins.ml2.drivers.ovn.mech_driver.ovsdb.ovsdb_monitor [None req-bfe634c8-c319-4bbd-a8cc-3c2fdc708b0e None None] Touching Hash Ring node "1d085bc1fa9b5c159cdef0e6b9bd8465" from IDL notify handler {{(pid=101904) notify /opt/stack/neutron/neutron/plugins/ml2/drivers/ovn/mech_driver/ovsdb/ovsdb_monitor.py:1001}}
Jul 14 19:52:21.278187 np0000185284 devstack@neutron-api.service[101904]: DEBUG neutron.plugins.ml2.drivers.ovn.mech_driver.ovsdb.ovsdb_monitor [None req-9c44a4f4-7ca3-4582-afbd-88e81fa9abb2 None None] Hash Ring: Node 1d085bc1fa9b5c159cdef0e6b9bd8465 (host: np0000185284) handling event "create" for row 4729e8db-7fca-4db7-babd-5f87f3aa302b (table: Port_Binding) {{(pid=101904) notify /opt/stack/neutron/neutron/plugins/ml2/drivers/ovn/mech_driver/ovsdb/ovsdb_monitor.py:1009}}
Jul 14 19:52:21.279308 np0000185284 devstack@neutron-api.service[101904]: DEBUG neutron.plugins.ml2.drivers.ovn.mech_driver.ovsdb.ovsdb_monitor [None req-bfe634c8-c319-4bbd-a8cc-3c2fdc708b0e None None] Hash Ring: Node 1d085bc1fa9b5c159cdef0e6b9bd8465 (host: np0000185284) handling event "update" for row d0ec819d-30e7-4784-b571-5624c978a397 (table: Logical_Switch) {{(pid=101904) notify /opt/stack/neutron/neutron/plugins/ml2/drivers/ovn/mech_driver/ovsdb/ovsdb_monitor.py:1009}}
Jul 14 19:52:21.280600 np0000185284 devstack@neutron-api.service[101904]: DEBUG neutron.plugins.ml2.drivers.ovn.mech_driver.ovsdb.ovsdb_monitor [None req-bfe634c8-c319-4bbd-a8cc-3c2fdc708b0e None None] Touching Hash Ring node "1d085bc1fa9b5c159cdef0e6b9bd8465" from IDL notify handler {{(pid=101904) notify /opt/stack/neutron/neutron/plugins/ml2/drivers/ovn/mech_driver/ovsdb/ovsdb_monitor.py:1001}}
Jul 14 19:52:21.283127 np0000185284 devstack@neutron-api.service[101904]: DEBUG neutron.plugins.ml2.drivers.ovn.mech_driver.ovsdb.ovsdb_monitor [None req-bfe634c8-c319-4bbd-a8cc-3c2fdc708b0e None None] Hash Ring: Node 1d085bc1fa9b5c159cdef0e6b9bd8465 (host: np0000185284) handling event "create" for row a82ddba1-109e-421e-a78e-e9b9380629c2 (table: Logical_Switch_Port) {{(pid=101904) notify /opt/stack/neutron/neutron/plugins/ml2/drivers/ovn/mech_driver/ovsdb/ovsdb_monitor.py:1009}}
Jul 14 19:52:21.284143 np0000185284 devstack@neutron-api.service[101904]: DEBUG ovsdbapp.backend.ovs_idl.event [None req-bfe634c8-c319-4bbd-a8cc-3c2fdc708b0e None None] Matched CREATE: LogicalSwitchPortCreateEvent(events=('create',), table='Logical_Switch_Port', conditions=[], old_conditions=None), priority=20 to row=Logical_Switch_Port(uuid=a82ddba1-109e-421e-a78e-e9b9380629c2, addresses=['fa:16:3e:2f:be:ae'], dhcpv4_options=[], dhcpv6_options=[], dynamic_addresses=[], enabled=True, external_ids={'neutron:cidrs': '', 'neutron:device_id': 'ovnmeta-d0ec819d-30e7-4784-b571-5624c978a397', 'neutron:device_owner': 'network:distributed', 'neutron:mtu': '1372', 'neutron:network_name': 'neutron-d0ec819d-30e7-4784-b571-5624c978a397', 'neutron:port_capabilities': '', 'neutron:port_name': '', 'neutron:project_id': '9a78f7fb529b4d69b770a84081636352', 'neutron:revision_number': '1', 'neutron:security_group_ids': '', 'neutron:subnet_pool_addr_scope4': '', 'neutron:subnet_pool_addr_scope6': '', 'neutron:vnic_type': 'normal'}, ha_chassis_group=[], mirror_rules=[], name='7f2589aa-21c6-4dd4-b108-314602702d83', options={}, parent_name=[], port_security=[], tag=[], tag_request=[], type='localport', up=[]) old= {{(pid=101904) matches /opt/stack/data/venv/lib/python3.12/site-packages/ovsdbapp/backend/ovs_idl/event.py:55}}
Jul 14 19:52:21.286087 np0000185284 devstack@neutron-api.service[101904]: INFO neutron.plugins.ml2.drivers.ovn.mech_driver.mech_driver [None req-bb7a0fa1-129b-46a4-b0f9-3e0792c86779 None None] OVN reports status down for port: 7f2589aa-21c6-4dd4-b108-314602702d83
Jul 14 19:52:21.287163 np0000185284 devstack@neutron-api.service[101904]: DEBUG neutron.plugins.ml2.drivers.ovn.mech_driver.ovsdb.ovsdb_monitor [None req-bfe634c8-c319-4bbd-a8cc-3c2fdc708b0e None None] Touching Hash Ring node "1d085bc1fa9b5c159cdef0e6b9bd8465" from IDL notify handler {{(pid=101904) notify /opt/stack/neutron/neutron/plugins/ml2/drivers/ovn/mech_driver/ovsdb/ovsdb_monitor.py:1001}}
Jul 14 19:52:21.290268 np0000185284 devstack@neutron-api.service[101904]: DEBUG neutron.plugins.ml2.drivers.ovn.mech_driver.ovsdb.ovsdb_monitor [None req-bfe634c8-c319-4bbd-a8cc-3c2fdc708b0e None None] Hash Ring: Node 1d085bc1fa9b5c159cdef0e6b9bd8465 (host: np0000185284) handling event "update" for row a82ddba1-109e-421e-a78e-e9b9380629c2 (table: Logical_Switch_Port) {{(pid=101904) notify /opt/stack/neutron/neutron/plugins/ml2/drivers/ovn/mech_driver/ovsdb/ovsdb_monitor.py:1009}}
Jul 14 19:52:21.304972 np0000185284 devstack@neutron-api.service[101905]: INFO neutron.db.ovn_revision_numbers_db [None req-7c916741-08f9-4130-a5db-7fd51ec1c222 admin admin] Successfully bumped revision number for resource 7f2589aa-21c6-4dd4-b108-314602702d83 (type: ports) to 1
Jul 14 19:52:21.312203 np0000185284 devstack@neutron-api.service[101905]: DEBUG neutron.pecan_wsgi.hooks.policy_enforcement [None req-7c916741-08f9-4130-a5db-7fd51ec1c222 admin admin] Attributes excluded by policy engine: ['standard_attr_id'] {{(pid=101905) _exclude_attributes_by_policy /opt/stack/neutron/neutron/pecan_wsgi/hooks/policy_enforcement.py:259}}
Jul 14 19:52:21.312612 np0000185284 devstack@neutron-api.service[101905]: DEBUG neutron_lib.callbacks.manager [None req-7c916741-08f9-4130-a5db-7fd51ec1c222 admin admin] Publish callbacks [] for network (None), before_response {{(pid=101905) _notify_loop /opt/stack/data/venv/lib/python3.12/site-packages/neutron_lib/callbacks/manager.py:184}}
Jul 14 19:52:21.317252 np0000185284 devstack@neutron-api.service[101904]: DEBUG neutron.db.provisioning_blocks [None req-bb7a0fa1-129b-46a4-b0f9-3e0792c86779 None None] Transition to ACTIVE for port object 7f2589aa-21c6-4dd4-b108-314602702d83 will not be triggered until provisioned by entity L2. {{(pid=101904) add_provisioning_component /opt/stack/neutron/neutron/db/provisioning_blocks.py:74}}
Jul 14 19:52:21.325485 np0000185284 devstack@neutron-api.service[101905]: [pid: 101905|app: 0|req: 23/93] 199.204.45.23 () {68 vars in 1351 bytes} [Tue Jul 14 19:52:20 2026] POST /networking/v2.0/networks => generated 682 bytes in 630 msecs (HTTP/1.1 201) 4 headers in 162 bytes (1 switches on core 0)
Jul 14 19:52:21.343691 np0000185284 devstack@neutron-api.service[101904]: DEBUG neutron.plugins.ml2.plugin [None req-bb7a0fa1-129b-46a4-b0f9-3e0792c86779 None None] Current status of the port 7f2589aa-21c6-4dd4-b108-314602702d83 is: DOWN; New status is: DOWN {{(pid=101904) _update_individual_port_db_status /opt/stack/neutron/neutron/plugins/ml2/plugin.py:2473}}
Jul 14 19:52:21.345690 np0000185284 devstack@neutron-api.service[101904]: DEBUG ovsdbapp.backend.ovs_idl.transaction [None req-bfe634c8-c319-4bbd-a8cc-3c2fdc708b0e None None] Running txn n=1 command(idx=0): DbRemoveCommand(_result=None, table=Logical_Switch_Port, record=7f2589aa-21c6-4dd4-b108-314602702d83, column=external_ids, values=('neutron:host_id',), keyvalues={}, if_exists=True) {{(pid=101904) do_commit /opt/stack/data/venv/lib/python3.12/site-packages/ovsdbapp/backend/ovs_idl/transaction.py:89}}
Jul 14 19:52:21.550879 np0000185284 devstack@neutron-api.service[101904]: INFO neutron.pecan_wsgi.hooks.translation [None req-88df4bd2-0f9a-4765-97d1-f38c162f67cd admin admin] GET failed (client error): The resource could not be found.
Jul 14 19:52:21.551427 np0000185284 devstack@neutron-api.service[101904]: [pid: 101904|app: 0|req: 25/94] 199.204.45.23 () {64 vars in 1327 bytes} [Tue Jul 14 19:52:21 2026] GET /networking/v2.0/networks/admin_net => generated 111 bytes in 12 msecs (HTTP/1.1 404) 4 headers in 164 bytes (1 switches on core 0)
Jul 14 19:52:21.606702 np0000185284 devstack@neutron-api.service[101902]: DEBUG neutron.pecan_wsgi.hooks.policy_enforcement [None req-b1c864a6-5473-4482-972a-55075c3f68f9 admin admin] Attributes excluded by policy engine: ['standard_attr_id'] {{(pid=101902) _exclude_attributes_by_policy /opt/stack/neutron/neutron/pecan_wsgi/hooks/policy_enforcement.py:259}}
Jul 14 19:52:21.608090 np0000185284 devstack@neutron-api.service[101902]: [pid: 101902|app: 0|req: 24/95] 199.204.45.23 () {64 vars in 1339 bytes} [Tue Jul 14 19:52:21 2026] GET /networking/v2.0/networks?name=admin_net => generated 666 bytes in 46 msecs (HTTP/1.1 200) 4 headers in 157 bytes (1 switches on core 0)
Jul 14 19:52:21.828024 np0000185284 devstack@neutron-api.service[101903]: INFO neutron.pecan_wsgi.hooks.translation [None req-73281b0f-28c4-4e59-96d7-caddd8068104 admin admin] GET failed (client error): The resource could not be found.
Jul 14 19:52:21.828521 np0000185284 devstack@neutron-api.service[101903]: [pid: 101903|app: 0|req: 24/96] 199.204.45.23 () {64 vars in 1333 bytes} [Tue Jul 14 19:52:21 2026] GET /networking/v2.0/subnets/admin_subnet => generated 112 bytes in 8 msecs (HTTP/1.1 404) 4 headers in 164 bytes (1 switches on core 0)
Jul 14 19:52:21.864355 np0000185284 devstack@neutron-api.service[101905]: [pid: 101905|app: 0|req: 24/97] 199.204.45.23 () {64 vars in 1342 bytes} [Tue Jul 14 19:52:21 2026] GET /networking/v2.0/subnets?name=admin_subnet => generated 14 bytes in 24 msecs (HTTP/1.1 200) 4 headers in 156 bytes (1 switches on core 0)
Jul 14 19:52:22.173387 np0000185284 devstack@neutron-api.service[101904]: DEBUG neutron.pecan_wsgi.hooks.policy_enforcement [None req-6bec1ea9-0d42-408e-8057-2ac1c08efd6a admin admin] Attributes excluded by policy engine: ['standard_attr_id'] {{(pid=101904) _exclude_attributes_by_policy /opt/stack/neutron/neutron/pecan_wsgi/hooks/policy_enforcement.py:259}}
Jul 14 19:52:22.174428 np0000185284 devstack@neutron-api.service[101904]: [pid: 101904|app: 0|req: 26/98] 199.204.45.23 () {64 vars in 1408 bytes} [Tue Jul 14 19:52:22 2026] GET /networking/v2.0/networks/d0ec819d-30e7-4784-b571-5624c978a397 => generated 663 bytes in 25 msecs (HTTP/1.1 200) 4 headers in 157 bytes (1 switches on core 0)
Jul 14 19:52:22.194294 np0000185284 devstack@neutron-api.service[101902]: DEBUG neutron.api.v2.base [None req-a2928832-9500-4eff-b3d8-99251ceb8fea admin admin] Request body: {'subnet': {'gateway_ip': None, 'network_id': 'd0ec819d-30e7-4784-b571-5624c978a397', 'ip_version': 4, 'project_id': '9a78f7fb529b4d69b770a84081636352', 'name': 'admin_subnet', 'cidr': '10.2.5.0/24'}} {{(pid=101902) prepare_request_body /opt/stack/neutron/neutron/api/v2/base.py:727}}
Jul 14 19:52:22.213676 np0000185284 devstack@neutron-api.service[101902]: DEBUG neutron.pecan_wsgi.hooks.quota_enforcement [None req-a2928832-9500-4eff-b3d8-99251ceb8fea admin admin] Made reservation on behalf of 9a78f7fb529b4d69b770a84081636352 for: {'subnet': 1} {{(pid=101902) before /opt/stack/neutron/neutron/pecan_wsgi/hooks/quota_enforcement.py:66}}
Jul 14 19:52:22.216868 np0000185284 devstack@neutron-api.service[101902]: DEBUG neutron_lib.callbacks.manager [None req-a2928832-9500-4eff-b3d8-99251ceb8fea admin admin] Publish callbacks [] for subnet (None), before_create {{(pid=101902) _notify_loop /opt/stack/data/venv/lib/python3.12/site-packages/neutron_lib/callbacks/manager.py:184}}
Jul 14 19:52:22.281363 np0000185284 devstack@neutron-api.service[101902]: DEBUG neutron.db.ovn_revision_numbers_db [None req-a2928832-9500-4eff-b3d8-99251ceb8fea admin admin] create_initial_revision uuid=3b2da16a-13cb-400e-863a-51c9ff0be5e4, type=subnets, rev=-1 {{(pid=101902) create_initial_revision /opt/stack/neutron/neutron/db/ovn_revision_numbers_db.py:98}}
Jul 14 19:52:22.288203 np0000185284 devstack@neutron-api.service[101902]: DEBUG neutron_lib.callbacks.manager [None req-a2928832-9500-4eff-b3d8-99251ceb8fea admin admin] Publish callbacks ['neutron.plugins.ml2.ovo_rpc._ObjectChangeHandler.handle_event-6918638'] for subnet (3b2da16a-13cb-400e-863a-51c9ff0be5e4), after_create {{(pid=101902) _notify_loop /opt/stack/data/venv/lib/python3.12/site-packages/neutron_lib/callbacks/manager.py:184}}
Jul 14 19:52:22.303748 np0000185284 devstack@neutron-api.service[101902]: DEBUG neutron.api.rpc.handlers.resources_rpc [None req-a2928832-9500-4eff-b3d8-99251ceb8fea admin admin] Pushing event updated for resources: {'Subnet': ['ID=3b2da16a-13cb-400e-863a-51c9ff0be5e4,revision_number=0']} {{(pid=101902) push /opt/stack/neutron/neutron/api/rpc/handlers/resources_rpc.py:237}}
Jul 14 19:52:22.354177 np0000185284 devstack@neutron-api.service[101902]: DEBUG neutron_lib.callbacks.manager [None req-a2928832-9500-4eff-b3d8-99251ceb8fea admin admin] Publish callbacks ['neutron.plugins.ml2.plugin.SecurityGroupDbMixin._ensure_default_security_group_handler-1883699', 'neutron.services.ovn_l3.plugin.OVNL3RouterPlugin._port_update-7837396587260', 'neutron.db.l3_db.L3_NAT_dbonly_mixin._prevent_internal_ip_change_for_fip-7837397796734'] for port (7f2589aa-21c6-4dd4-b108-314602702d83), before_update {{(pid=101902) _notify_loop /opt/stack/data/venv/lib/python3.12/site-packages/neutron_lib/callbacks/manager.py:184}}
Jul 14 19:52:22.440343 np0000185284 devstack@neutron-api.service[101902]: DEBUG neutron.db.db_base_plugin_common [None req-a2928832-9500-4eff-b3d8-99251ceb8fea admin admin] Allocated IP 10.2.5.1 (d0ec819d-30e7-4784-b571-5624c978a397/3b2da16a-13cb-400e-863a-51c9ff0be5e4/7f2589aa-21c6-4dd4-b108-314602702d83) {{(pid=101902) _store_ip_allocation /opt/stack/neutron/neutron/db/db_base_plugin_common.py:131}}
Jul 14 19:52:22.510764 np0000185284 devstack@neutron-api.service[101902]: DEBUG neutron_lib.callbacks.manager [None req-a2928832-9500-4eff-b3d8-99251ceb8fea admin admin] Publish callbacks [] for port (7f2589aa-21c6-4dd4-b108-314602702d83), precommit_update {{(pid=101902) _notify_loop /opt/stack/data/venv/lib/python3.12/site-packages/neutron_lib/callbacks/manager.py:184}}
Jul 14 19:52:22.510991 np0000185284 devstack@neutron-api.service[101902]: DEBUG neutron.plugins.ml2.drivers.ovn.mech_driver.mech_driver [None req-a2928832-9500-4eff-b3d8-99251ceb8fea admin admin] No provisioning block for port 7f2589aa-21c6-4dd4-b108-314602702d83 since it does not have a host {{(pid=101902) _is_port_provisioning_required /opt/stack/neutron/neutron/plugins/ml2/drivers/ovn/mech_driver/mech_driver.py:899}}
Jul 14 19:52:22.523354 np0000185284 devstack@neutron-api.service[101902]: DEBUG neutron_lib.callbacks.manager [None req-a2928832-9500-4eff-b3d8-99251ceb8fea admin admin] Publish callbacks ['neutron.plugins.ml2.ovo_rpc._ObjectChangeHandler.handle_event-6918626', 'neutron.services.ovn_l3.plugin.OVNL3RouterPlugin._port_update-7837396587260'] for port (7f2589aa-21c6-4dd4-b108-314602702d83), after_update {{(pid=101902) _notify_loop /opt/stack/data/venv/lib/python3.12/site-packages/neutron_lib/callbacks/manager.py:184}}
Jul 14 19:52:22.552673 np0000185284 devstack@neutron-api.service[101902]: DEBUG neutron.api.rpc.handlers.resources_rpc [None req-a2928832-9500-4eff-b3d8-99251ceb8fea admin admin] Pushing event updated for resources: {'Port': ['ID=7f2589aa-21c6-4dd4-b108-314602702d83,revision_number=2']} {{(pid=101902) push /opt/stack/neutron/neutron/api/rpc/handlers/resources_rpc.py:237}}
Jul 14 19:52:22.648716 np0000185284 devstack@neutron-api.service[101902]: DEBUG neutron.plugins.ml2.drivers.ovn.mech_driver.ovsdb.commands [None req-a2928832-9500-4eff-b3d8-99251ceb8fea admin admin] Converting tag [] to a tag_request {{(pid=101902) _tag_column_to_tag_request /opt/stack/neutron/neutron/plugins/ml2/drivers/ovn/mech_driver/ovsdb/commands.py:205}}
Jul 14 19:52:22.649736 np0000185284 devstack@neutron-api.service[101902]: DEBUG ovsdbapp.backend.ovs_idl.transaction [None req-d40d0347-6119-4989-a220-629dffd61c00 None None] Running txn n=1 command(idx=0): CheckRevisionNumberCommand(_result=None, name=7f2589aa-21c6-4dd4-b108-314602702d83, resource={'id': '7f2589aa-21c6-4dd4-b108-314602702d83', 'name': '', 'network_id': 'd0ec819d-30e7-4784-b571-5624c978a397', 'project_id': '9a78f7fb529b4d69b770a84081636352', 'mac_address': 'fa:16:3e:2f:be:ae', 'admin_state_up': True, 'status': 'DOWN', 'device_id': 'ovnmeta-d0ec819d-30e7-4784-b571-5624c978a397', 'device_owner': 'network:distributed', 'standard_attr_id': 44, 'fixed_ips': [{'subnet_id': '3b2da16a-13cb-400e-863a-51c9ff0be5e4', 'ip_address': '10.2.5.1'}], 'allowed_address_pairs': [], 'extra_dhcp_opts': [], 'security_groups': [], 'description': '', 'binding:vnic_type': 'normal', 'binding:profile': {}, 'binding:host_id': '', 'binding:vif_type': 'unbound', 'binding:vif_details': {}, 'port_security_enabled': False, 'tags': [], 'created_at': '2026-07-14T19:52:21Z', 'updated_at': '2026-07-14T19:52:22Z', 'revision_number': 2, 'tenant_id': '9a78f7fb529b4d69b770a84081636352', 'network': {'id': 'd0ec819d-30e7-4784-b571-5624c978a397', 'name': 'admin_net', 'tenant_id': '9a78f7fb529b4d69b770a84081636352', 'project_id': '9a78f7fb529b4d69b770a84081636352', 'admin_state_up': True, 'mtu': 1372, 'status': 'ACTIVE', 'subnets': ['3b2da16a-13cb-400e-863a-51c9ff0be5e4'], 'standard_attr_id': 42, 'shared': False, 'availability_zone_hints': [], 'availability_zones': [], 'ipv4_address_scope': None, 'ipv6_address_scope': None, 'router:external': False, 'qinq': False, 'vlan_transparent': False, 'description': '', 'port_security_enabled': True, 'tags': [], 'created_at': '2026-07-14T19:52:20Z', 'updated_at': '2026-07-14T19:52:22Z', 'revision_number': 2, 'provider:network_type': 'geneve', 'provider:physical_network': None, 'provider:segmentation_id': 2852}}, resource_type=ports, if_exists=True) {{(pid=101902) do_commit /opt/stack/data/venv/lib/python3.12/site-packages/ovsdbapp/backend/ovs_idl/transaction.py:89}}
Jul 14 19:52:22.650199 np0000185284 devstack@neutron-api.service[101902]: DEBUG ovsdbapp.backend.ovs_idl.transaction [None req-d40d0347-6119-4989-a220-629dffd61c00 None None] Running txn n=1 command(idx=1): AddDHCPOptionsCommand(_result=None, columns={'cidr': '10.2.5.0/24', 'options': {'server_id': '10.2.5.1', 'lease_time': '43200', 'mtu': '1372', 'server_mac': 'fa:16:3e:8c:6f:79', 'dns_server': '{127.0.0.53}', 'classless_static_route': '{169.254.169.254/32,10.2.5.1}'}, 'external_ids': {'subnet_id': '3b2da16a-13cb-400e-863a-51c9ff0be5e4', 'neutron:network_id': 'd0ec819d-30e7-4784-b571-5624c978a397', 'neutron:revision_number': '0'}}, may_exist=True, subnet_id=3b2da16a-13cb-400e-863a-51c9ff0be5e4, port_id=None, new_insert=False) {{(pid=101902) do_commit /opt/stack/data/venv/lib/python3.12/site-packages/ovsdbapp/backend/ovs_idl/transaction.py:89}}
Jul 14 19:52:22.650606 np0000185284 devstack@neutron-api.service[101902]: DEBUG ovsdbapp.backend.ovs_idl.transaction [None req-d40d0347-6119-4989-a220-629dffd61c00 None None] Running txn n=1 command(idx=2): SetLSwitchPortCommand(_result=None, lport=7f2589aa-21c6-4dd4-b108-314602702d83, external_ids_update=None, columns={'external_ids': {'neutron:port_name': '', 'neutron:device_id': 'ovnmeta-d0ec819d-30e7-4784-b571-5624c978a397', 'neutron:project_id': '9a78f7fb529b4d69b770a84081636352', 'neutron:cidrs': '10.2.5.1/24', 'neutron:device_owner': 'network:distributed', 'neutron:subnet_pool_addr_scope4': '', 'neutron:subnet_pool_addr_scope6': '', 'neutron:network_name': 'neutron-d0ec819d-30e7-4784-b571-5624c978a397', 'neutron:security_group_ids': '', 'neutron:revision_number': '2', 'neutron:vnic_type': 'normal', 'neutron:port_capabilities': '', 'neutron:mtu': '1372'}, 'parent_name': [], 'options': {}, 'enabled': True, 'port_security': [], 'dhcpv4_options': [], 'dhcpv6_options': [], 'type': 'localport', 'addresses': ['fa:16:3e:2f:be:ae 10.2.5.1'], 'ha_chassis_group': [], 'tag_request': []}, if_exists=False) {{(pid=101902) do_commit /opt/stack/data/venv/lib/python3.12/site-packages/ovsdbapp/backend/ovs_idl/transaction.py:89}}
Jul 14 19:52:22.651437 np0000185284 devstack@neutron-api.service[101902]: DEBUG ovsdbapp.backend.ovs_idl.transaction [None req-d40d0347-6119-4989-a220-629dffd61c00 None None] Running txn n=1 command(idx=3): PgDelPortCommand(_result=None, port_group=neutron_pg_drop, lsp=['7f2589aa-21c6-4dd4-b108-314602702d83'], if_exists=False) {{(pid=101902) do_commit /opt/stack/data/venv/lib/python3.12/site-packages/ovsdbapp/backend/ovs_idl/transaction.py:89}}
Jul 14 19:52:22.655911 np0000185284 devstack@neutron-api.service[101902]: DEBUG neutron.plugins.ml2.drivers.ovn.mech_driver.ovsdb.ovsdb_monitor [None req-d40d0347-6119-4989-a220-629dffd61c00 None None] Touching Hash Ring node "095f89e3ce6f566f9f2a25a6b27e3f41" from IDL notify handler {{(pid=101902) notify /opt/stack/neutron/neutron/plugins/ml2/drivers/ovn/mech_driver/ovsdb/ovsdb_monitor.py:1001}}
Jul 14 19:52:22.659277 np0000185284 devstack@neutron-api.service[101904]: DEBUG neutron.plugins.ml2.drivers.ovn.mech_driver.ovsdb.ovsdb_monitor [None req-bfe634c8-c319-4bbd-a8cc-3c2fdc708b0e None None] Touching Hash Ring node "1d085bc1fa9b5c159cdef0e6b9bd8465" from IDL notify handler {{(pid=101904) notify /opt/stack/neutron/neutron/plugins/ml2/drivers/ovn/mech_driver/ovsdb/ovsdb_monitor.py:1001}}
Jul 14 19:52:22.665532 np0000185284 devstack@neutron-api.service[101904]: DEBUG neutron.plugins.ml2.drivers.ovn.mech_driver.ovsdb.ovsdb_monitor [None req-9c44a4f4-7ca3-4582-afbd-88e81fa9abb2 None None] Hash Ring: Node 1d085bc1fa9b5c159cdef0e6b9bd8465 (host: np0000185284) handling event "update" for row 4729e8db-7fca-4db7-babd-5f87f3aa302b (table: Port_Binding) {{(pid=101904) notify /opt/stack/neutron/neutron/plugins/ml2/drivers/ovn/mech_driver/ovsdb/ovsdb_monitor.py:1009}}
Jul 14 19:52:22.667313 np0000185284 devstack@neutron-api.service[101902]: DEBUG neutron.plugins.ml2.drivers.ovn.mech_driver.ovsdb.ovsdb_monitor [None req-d40d0347-6119-4989-a220-629dffd61c00 None None] Hash Ring: Node 095f89e3ce6f566f9f2a25a6b27e3f41 (host: np0000185284) handling event "create" for row 6d950bfe-2e95-4059-80f1-901a4d86ac67 (table: DHCP_Options) {{(pid=101902) notify /opt/stack/neutron/neutron/plugins/ml2/drivers/ovn/mech_driver/ovsdb/ovsdb_monitor.py:1009}}
Jul 14 19:52:22.672113 np0000185284 devstack@neutron-api.service[101904]: DEBUG neutron.plugins.ml2.drivers.ovn.mech_driver.ovsdb.ovsdb_monitor [None req-bfe634c8-c319-4bbd-a8cc-3c2fdc708b0e None None] Hash Ring: Node 1d085bc1fa9b5c159cdef0e6b9bd8465 (host: np0000185284) handling event "update" for row a82ddba1-109e-421e-a78e-e9b9380629c2 (table: Logical_Switch_Port) {{(pid=101904) notify /opt/stack/neutron/neutron/plugins/ml2/drivers/ovn/mech_driver/ovsdb/ovsdb_monitor.py:1009}}
Jul 14 19:52:22.704398 np0000185284 devstack@neutron-api.service[101902]: INFO neutron.db.ovn_revision_numbers_db [None req-a2928832-9500-4eff-b3d8-99251ceb8fea admin admin] Successfully bumped revision number for resource 7f2589aa-21c6-4dd4-b108-314602702d83 (type: ports) to 2
Jul 14 19:52:22.715649 np0000185284 devstack@neutron-api.service[101902]: DEBUG neutron.plugins.ml2.plugin [None req-a2928832-9500-4eff-b3d8-99251ceb8fea admin admin] In _notify_port_updated(), no bound segment for port 7f2589aa-21c6-4dd4-b108-314602702d83 on network d0ec819d-30e7-4784-b571-5624c978a397 {{(pid=101902) _notify_port_updated /opt/stack/neutron/neutron/plugins/ml2/plugin.py:1041}}
Jul 14 19:52:22.738540 np0000185284 devstack@neutron-api.service[101902]: INFO neutron.db.ovn_revision_numbers_db [None req-a2928832-9500-4eff-b3d8-99251ceb8fea admin admin] Successfully bumped revision number for resource 3b2da16a-13cb-400e-863a-51c9ff0be5e4 (type: subnets) to 0
Jul 14 19:52:22.740680 np0000185284 devstack@neutron-api.service[101902]: DEBUG neutron.pecan_wsgi.hooks.policy_enforcement [None req-a2928832-9500-4eff-b3d8-99251ceb8fea admin admin] Attributes excluded by policy engine: ['standard_attr_id', 'shared', 'network'] {{(pid=101902) _exclude_attributes_by_policy /opt/stack/neutron/neutron/pecan_wsgi/hooks/policy_enforcement.py:259}}
Jul 14 19:52:22.741091 np0000185284 devstack@neutron-api.service[101902]: DEBUG neutron_lib.callbacks.manager [None req-a2928832-9500-4eff-b3d8-99251ceb8fea admin admin] Publish callbacks [] for subnet (None), before_response {{(pid=101902) _notify_loop /opt/stack/data/venv/lib/python3.12/site-packages/neutron_lib/callbacks/manager.py:184}}
Jul 14 19:52:22.754373 np0000185284 devstack@neutron-api.service[101902]: [pid: 101902|app: 0|req: 25/99] 199.204.45.23 () {68 vars in 1348 bytes} [Tue Jul 14 19:52:22 2026] POST /networking/v2.0/subnets => generated 625 bytes in 565 msecs (HTTP/1.1 201) 4 headers in 162 bytes (1 switches on core 0)
Jul 14 19:52:22.978224 np0000185284 devstack@neutron-api.service[101903]: INFO neutron.pecan_wsgi.hooks.translation [None req-56d2a0f2-5afd-4baa-8d46-9cc32a758eee admin admin] GET failed (client error): The resource could not be found.
Jul 14 19:52:22.978955 np0000185284 devstack@neutron-api.service[101903]: [pid: 101903|app: 0|req: 25/100] 199.204.45.23 () {64 vars in 1333 bytes} [Tue Jul 14 19:52:22 2026] GET /networking/v2.0/subnets/admin_subnet => generated 112 bytes in 12 msecs (HTTP/1.1 404) 4 headers in 164 bytes (1 switches on core 0)
Jul 14 19:52:23.016736 np0000185284 devstack@neutron-api.service[101905]: DEBUG neutron.pecan_wsgi.hooks.policy_enforcement [None req-1604dd2d-e676-4cab-97f5-ce98ded99ef7 admin admin] Attributes excluded by policy engine: ['standard_attr_id', 'shared'] {{(pid=101905) _exclude_attributes_by_policy /opt/stack/neutron/neutron/pecan_wsgi/hooks/policy_enforcement.py:259}}
Jul 14 19:52:23.018965 np0000185284 devstack@neutron-api.service[101905]: [pid: 101905|app: 0|req: 25/101] 199.204.45.23 () {64 vars in 1342 bytes} [Tue Jul 14 19:52:22 2026] GET /networking/v2.0/subnets?name=admin_subnet => generated 628 bytes in 29 msecs (HTTP/1.1 200) 4 headers in 157 bytes (1 switches on core 0)
