Jul 22 07:31:53.023734 np0000186159 devstack@neutron-api.service[101887]: DEBUG neutron.api.extensions [None req-ab2dcc59-1943-47c2-aa63-19d89af28086 None None] Ext name="Equal Cost Multipath Routing" alias="ecmp_routes" description="Allows traffic to reach thesame destination via multiple different links " updated="2020-11-26T18:00:00-00:00" {{(pid=101887) _check_extension /opt/stack/neutron/neutron/api/extensions.py:415}}
Jul 22 07:31:53.023944 np0000186159 devstack@neutron-api.service[101887]: INFO neutron.api.extensions [None req-ab2dcc59-1943-47c2-aa63-19d89af28086 None None] Extension ecmp_routes not supported by any of loaded plugins
Jul 22 07:31:53.024003 np0000186159 devstack@neutron-api.service[101887]: DEBUG neutron.api.extensions [None req-ab2dcc59-1943-47c2-aa63-19d89af28086 None None] Loading extension file: empty_string_filtering.py {{(pid=101887) _load_all_extensions_from_path /opt/stack/neutron/neutron/api/extensions.py:449}}
Jul 22 07:31:53.024219 np0000186159 devstack@neutron-api.service[101887]: DEBUG neutron.api.extensions [None req-ab2dcc59-1943-47c2-aa63-19d89af28086 None None] Ext name="Empty String Filtering Extension" alias="empty-string-filtering" description="Allow filtering by attributes with empty string value" updated="2018-05-01T10:00:00-00:00" {{(pid=101887) _check_extension /opt/stack/neutron/neutron/api/extensions.py:415}}
Jul 22 07:31:53.024370 np0000186159 devstack@neutron-api.service[101887]: INFO neutron.api.extensions [None req-ab2dcc59-1943-47c2-aa63-19d89af28086 None None] Loaded extension: empty-string-filtering
Jul 22 07:31:53.024493 np0000186159 devstack@neutron-api.service[101887]: DEBUG neutron.api.extensions [None req-ab2dcc59-1943-47c2-aa63-19d89af28086 None None] Loading extension file: evpn.py {{(pid=101887) _load_all_extensions_from_path /opt/stack/neutron/neutron/api/extensions.py:449}}
Jul 22 07:31:53.024744 np0000186159 devstack@neutron-api.service[101887]: DEBUG neutron.api.extensions [None req-ab2dcc59-1943-47c2-aa63-19d89af28086 None None] Ext name="EVPN" alias="evpn" description="Router extension to support EVPN Type-5 route advertisement" updated="2026-04-28T00:00:00-00:00" {{(pid=101887) _check_extension /opt/stack/neutron/neutron/api/extensions.py:415}}
Jul 22 07:31:53.024991 np0000186159 devstack@neutron-api.service[101887]: INFO neutron.api.extensions [None req-ab2dcc59-1943-47c2-aa63-19d89af28086 None None] Extension evpn not supported by any of loaded plugins
Jul 22 07:31:53.025130 np0000186159 devstack@neutron-api.service[101887]: DEBUG neutron.api.extensions [None req-ab2dcc59-1943-47c2-aa63-19d89af28086 None None] Loading extension file: expose_l3_conntrack_helper.py {{(pid=101887) _load_all_extensions_from_path /opt/stack/neutron/neutron/api/extensions.py:449}}
Jul 22 07:31:53.025339 np0000186159 devstack@neutron-api.service[101887]: DEBUG neutron.api.extensions [None req-ab2dcc59-1943-47c2-aa63-19d89af28086 None None] Ext name="Expose CT target rules for conntrack helper" alias="expose-l3-conntrack-helper" description="Expose allow adding CT target rules for conntrack helper" updated="2019-04-04T10:00:00-00:00" {{(pid=101887) _check_extension /opt/stack/neutron/neutron/api/extensions.py:415}}
Jul 22 07:31:53.025538 np0000186159 devstack@neutron-api.service[101887]: INFO neutron.api.extensions [None req-ab2dcc59-1943-47c2-aa63-19d89af28086 None None] Extension expose-l3-conntrack-helper not supported by any of loaded plugins
Jul 22 07:31:53.025610 np0000186159 devstack@neutron-api.service[101887]: DEBUG neutron.api.extensions [None req-ab2dcc59-1943-47c2-aa63-19d89af28086 None None] Loading extension file: expose_port_forwarding_in_fip.py {{(pid=101887) _load_all_extensions_from_path /opt/stack/neutron/neutron/api/extensions.py:449}}
Jul 22 07:31:53.025839 np0000186159 devstack@neutron-api.service[101887]: DEBUG neutron.api.extensions [None req-ab2dcc59-1943-47c2-aa63-19d89af28086 None None] Ext name="Expose Floating IP port forwardings" alias="expose-port-forwarding-in-fip" description="Expose port forwarding fields in floating IP response" updated="2018-06-28T16:00:00-00:00" {{(pid=101887) _check_extension /opt/stack/neutron/neutron/api/extensions.py:415}}
Jul 22 07:31:53.025999 np0000186159 devstack@neutron-api.service[101887]: INFO neutron.api.extensions [None req-ab2dcc59-1943-47c2-aa63-19d89af28086 None None] Extension expose-port-forwarding-in-fip not supported by any of loaded plugins
Jul 22 07:31:53.026107 np0000186159 devstack@neutron-api.service[101887]: DEBUG neutron.api.extensions [None req-ab2dcc59-1943-47c2-aa63-19d89af28086 None None] Loading extension file: external_net.py {{(pid=101887) _load_all_extensions_from_path /opt/stack/neutron/neutron/api/extensions.py:449}}
Jul 22 07:31:53.026350 np0000186159 devstack@neutron-api.service[101887]: DEBUG neutron.api.extensions [None req-ab2dcc59-1943-47c2-aa63-19d89af28086 None None] Ext name="Neutron external network" alias="external-net" description="Adds external network attribute to network resource." updated="2013-01-14T10:00:00-00:00" {{(pid=101887) _check_extension /opt/stack/neutron/neutron/api/extensions.py:415}}
Jul 22 07:31:53.026586 np0000186159 devstack@neutron-api.service[101887]: INFO neutron.api.extensions [None req-ab2dcc59-1943-47c2-aa63-19d89af28086 None None] Loaded extension: external-net
Jul 22 07:31:53.026586 np0000186159 devstack@neutron-api.service[101887]: DEBUG neutron.api.extensions [None req-ab2dcc59-1943-47c2-aa63-19d89af28086 None None] Loading extension file: extra_dhcp_opt.py {{(pid=101887) _load_all_extensions_from_path /opt/stack/neutron/neutron/api/extensions.py:449}}
Jul 22 07:31:53.026730 np0000186159 devstack@neutron-api.service[101886]: DEBUG neutron.services.provider_configuration [None req-5f688d14-3263-4207-b387-944b16577303 None None] Service providers = [] {{(pid=101886) parse_service_provider_opt /opt/stack/neutron/neutron/services/provider_configuration.py:170}}
Jul 22 07:31:53.026887 np0000186159 devstack@neutron-api.service[101886]: DEBUG neutron.db.servicetype_db [None req-5f688d14-3263-4207-b387-944b16577303 None None] Adding provider configuration for service L3_ROUTER_NAT {{(pid=101886) add_provider_configuration /opt/stack/neutron/neutron/db/servicetype_db.py:45}}
Jul 22 07:31:53.026925 np0000186159 devstack@neutron-api.service[101887]: DEBUG neutron.api.extensions [None req-ab2dcc59-1943-47c2-aa63-19d89af28086 None None] Ext name="Neutron Extra DHCP options" alias="extra_dhcp_opt" description="Extra options configuration for DHCP. For example PXE boot options to DHCP clients can be specified (e.g. tftp-server, server-ip-address, bootfile-name)" updated="2013-03-17T12:00:00-00:00" {{(pid=101887) _check_extension /opt/stack/neutron/neutron/api/extensions.py:415}}
Jul 22 07:31:53.027040 np0000186159 devstack@neutron-api.service[101887]: INFO neutron.api.extensions [None req-ab2dcc59-1943-47c2-aa63-19d89af28086 None None] Loaded extension: extra_dhcp_opt
Jul 22 07:31:53.027118 np0000186159 devstack@neutron-api.service[101887]: DEBUG neutron.api.extensions [None req-ab2dcc59-1943-47c2-aa63-19d89af28086 None None] Loading extension file: extraroute.py {{(pid=101887) _load_all_extensions_from_path /opt/stack/neutron/neutron/api/extensions.py:449}}
Jul 22 07:31:53.027342 np0000186159 devstack@neutron-api.service[101887]: DEBUG neutron.api.extensions [None req-ab2dcc59-1943-47c2-aa63-19d89af28086 None None] Ext name="Neutron Extra Route" alias="extraroute" description="Extra routes configuration for L3 router" updated="2013-02-01T10:00:00-00:00" {{(pid=101887) _check_extension /opt/stack/neutron/neutron/api/extensions.py:415}}
Jul 22 07:31:53.027570 np0000186159 devstack@neutron-api.service[101887]: INFO neutron.api.extensions [None req-ab2dcc59-1943-47c2-aa63-19d89af28086 None None] Loaded extension: extraroute
Jul 22 07:31:53.027644 np0000186159 devstack@neutron-api.service[101887]: DEBUG neutron.api.extensions [None req-ab2dcc59-1943-47c2-aa63-19d89af28086 None None] Loading extension file: extraroute_atomic.py {{(pid=101887) _load_all_extensions_from_path /opt/stack/neutron/neutron/api/extensions.py:449}}
Jul 22 07:31:53.027882 np0000186159 devstack@neutron-api.service[101887]: DEBUG neutron.api.extensions [None req-ab2dcc59-1943-47c2-aa63-19d89af28086 None None] Ext name="Atomically add/remove extra routes" alias="extraroute-atomic" description="Edit extra routes of a router on server side by atomically adding/removing extra routes" updated="2019-07-10T00:00:00+00:00" {{(pid=101887) _check_extension /opt/stack/neutron/neutron/api/extensions.py:415}}
Jul 22 07:31:53.027990 np0000186159 devstack@neutron-api.service[101886]: DEBUG neutron_lib.callbacks.manager [None req-5f688d14-3263-4207-b387-944b16577303 None None] Subscribe: > router precommit_create 55549900, False {{(pid=101886) subscribe /opt/stack/data/venv/lib/python3.12/site-packages/neutron_lib/callbacks/manager.py:52}}
Jul 22 07:31:53.028050 np0000186159 devstack@neutron-api.service[101887]: INFO neutron.api.extensions [None req-ab2dcc59-1943-47c2-aa63-19d89af28086 None None] Loaded extension: extraroute-atomic
Jul 22 07:31:53.028173 np0000186159 devstack@neutron-api.service[101886]: DEBUG neutron_lib.callbacks.manager [None req-5f688d14-3263-4207-b387-944b16577303 None None] Subscribe: > router_interface after_create 55550000, False {{(pid=101886) subscribe /opt/stack/data/venv/lib/python3.12/site-packages/neutron_lib/callbacks/manager.py:52}}
Jul 22 07:31:53.028227 np0000186159 devstack@neutron-api.service[101887]: DEBUG neutron.api.extensions [None req-ab2dcc59-1943-47c2-aa63-19d89af28086 None None] Loading extension file: filter_validation.py {{(pid=101887) _load_all_extensions_from_path /opt/stack/neutron/neutron/api/extensions.py:449}}
Jul 22 07:31:53.028254 np0000186159 devstack@neutron-api.service[101886]: DEBUG neutron_lib.callbacks.manager [None req-5f688d14-3263-4207-b387-944b16577303 None None] Subscribe: > floatingip after_create 55550000, False {{(pid=101886) subscribe /opt/stack/data/venv/lib/python3.12/site-packages/neutron_lib/callbacks/manager.py:52}}
Jul 22 07:31:53.028353 np0000186159 devstack@neutron-api.service[101886]: DEBUG neutron_lib.callbacks.manager [None req-5f688d14-3263-4207-b387-944b16577303 None None] Subscribe: > floatingip precommit_create 55550000, False {{(pid=101886) subscribe /opt/stack/data/venv/lib/python3.12/site-packages/neutron_lib/callbacks/manager.py:52}}
Jul 22 07:31:53.028385 np0000186159 devstack@neutron-api.service[101887]: DEBUG neutron.api.extensions [None req-ab2dcc59-1943-47c2-aa63-19d89af28086 None None] Ext name="Filter parameters validation" alias="filter-validation" description="Provides validation on filter parameters." updated="2018-07-04T10:00:00-00:00" {{(pid=101887) _check_extension /opt/stack/neutron/neutron/api/extensions.py:415}}
Jul 22 07:31:53.028416 np0000186159 devstack@neutron-api.service[101886]: DEBUG neutron_lib.callbacks.manager [None req-5f688d14-3263-4207-b387-944b16577303 None None] Subscribe: > floatingip precommit_update 55550000, False {{(pid=101886) subscribe /opt/stack/data/venv/lib/python3.12/site-packages/neutron_lib/callbacks/manager.py:52}}
Jul 22 07:31:53.028581 np0000186159 devstack@neutron-api.service[101886]: DEBUG neutron_lib.callbacks.manager [None req-5f688d14-3263-4207-b387-944b16577303 None None] Subscribe: > floatingip after_delete 55550000, False {{(pid=101886) subscribe /opt/stack/data/venv/lib/python3.12/site-packages/neutron_lib/callbacks/manager.py:52}}
Jul 22 07:31:53.028610 np0000186159 devstack@neutron-api.service[101887]: INFO neutron.api.extensions [None req-ab2dcc59-1943-47c2-aa63-19d89af28086 None None] Loaded extension: filter-validation
Jul 22 07:31:53.028669 np0000186159 devstack@neutron-api.service[101886]: DEBUG neutron_lib.callbacks.manager [None req-5f688d14-3263-4207-b387-944b16577303 None None] Subscribe: > floatingip after_status_update 55550000, False {{(pid=101886) subscribe /opt/stack/data/venv/lib/python3.12/site-packages/neutron_lib/callbacks/manager.py:52}}
Jul 22 07:31:53.028696 np0000186159 devstack@neutron-api.service[101887]: DEBUG neutron.api.extensions [None req-ab2dcc59-1943-47c2-aa63-19d89af28086 None None] Loading extension file: fip_pf_description.py {{(pid=101887) _load_all_extensions_from_path /opt/stack/neutron/neutron/api/extensions.py:449}}
Jul 22 07:31:53.028748 np0000186159 devstack@neutron-api.service[101886]: DEBUG neutron_lib.callbacks.manager [None req-5f688d14-3263-4207-b387-944b16577303 None None] Subscribe: > floatingip after_update 55550000, False {{(pid=101886) subscribe /opt/stack/data/venv/lib/python3.12/site-packages/neutron_lib/callbacks/manager.py:52}}
Jul 22 07:31:53.028774 np0000186159 devstack@neutron-api.service[101885]: DEBUG neutron.common.ovn.hash_ring_manager [-] Hash Ring loaded. 1 active nodes. 0 offline nodes {{(pid=101885) _load_hash_ring /opt/stack/neutron/neutron/common/ovn/hash_ring_manager.py:110}}
Jul 22 07:31:53.028960 np0000186159 devstack@neutron-api.service[101886]: DEBUG neutron_lib.callbacks.manager [None req-5f688d14-3263-4207-b387-944b16577303 None None] Subscribe: > port_forwarding after_create 55550000, False {{(pid=101886) subscribe /opt/stack/data/venv/lib/python3.12/site-packages/neutron_lib/callbacks/manager.py:52}}
Jul 22 07:31:53.029078 np0000186159 devstack@neutron-api.service[101887]: DEBUG neutron.api.extensions [None req-ab2dcc59-1943-47c2-aa63-19d89af28086 None None] Ext name="Floating IP Port Forwarding new attribute description" alias="floating-ip-port-forwarding-description" description="Add a description field to Port Forwarding rules" updated="2019-11-01T10:00:00-00:00" {{(pid=101887) _check_extension /opt/stack/neutron/neutron/api/extensions.py:415}}
Jul 22 07:31:53.029455 np0000186159 devstack@neutron-api.service[101885]: DEBUG neutron.plugins.ml2.drivers.ovn.mech_driver.ovsdb.ovsdb_monitor [-] Hash Ring: Node 98a92dae35c7548592da94bc69b9d9d1 (host: np0000186159) handling event "update" for row fe374223-b849-46e0-a44c-a890fb43439c (table: Connection) {{(pid=101885) notify /opt/stack/neutron/neutron/plugins/ml2/drivers/ovn/mech_driver/ovsdb/ovsdb_monitor.py:1013}}
Jul 22 07:31:53.029619 np0000186159 devstack@neutron-api.service[101886]: DEBUG neutron_lib.callbacks.manager [None req-5f688d14-3263-4207-b387-944b16577303 None None] Subscribe: > router_interface after_delete 55550000, False {{(pid=101886) subscribe /opt/stack/data/venv/lib/python3.12/site-packages/neutron_lib/callbacks/manager.py:52}}
Jul 22 07:31:53.029900 np0000186159 devstack@neutron-api.service[101887]: INFO neutron.api.extensions [None req-ab2dcc59-1943-47c2-aa63-19d89af28086 None None] Extension floating-ip-port-forwarding-description not supported by any of loaded plugins
Jul 22 07:31:53.029997 np0000186159 devstack@neutron-api.service[101886]: DEBUG neutron_lib.callbacks.manager [None req-5f688d14-3263-4207-b387-944b16577303 None None] Subscribe: > router after_create 55550000, False {{(pid=101886) subscribe /opt/stack/data/venv/lib/python3.12/site-packages/neutron_lib/callbacks/manager.py:52}}
Jul 22 07:31:53.030059 np0000186159 devstack@neutron-api.service[101887]: DEBUG neutron.api.extensions [None req-ab2dcc59-1943-47c2-aa63-19d89af28086 None None] Loading extension file: fip_pf_detail.py {{(pid=101887) _load_all_extensions_from_path /opt/stack/neutron/neutron/api/extensions.py:449}}
Jul 22 07:31:53.030114 np0000186159 devstack@neutron-api.service[101886]: DEBUG neutron_lib.callbacks.manager [None req-5f688d14-3263-4207-b387-944b16577303 None None] Subscribe: > router precommit_create 55550000, False {{(pid=101886) subscribe /opt/stack/data/venv/lib/python3.12/site-packages/neutron_lib/callbacks/manager.py:52}}
Jul 22 07:31:53.030114 np0000186159 devstack@neutron-api.service[101886]: DEBUG neutron_lib.callbacks.manager [None req-5f688d14-3263-4207-b387-944b16577303 None None] Subscribe: > router after_delete 55550000, False {{(pid=101886) subscribe /opt/stack/data/venv/lib/python3.12/site-packages/neutron_lib/callbacks/manager.py:52}}
Jul 22 07:31:53.030114 np0000186159 devstack@neutron-api.service[101886]: DEBUG neutron_lib.callbacks.manager [None req-5f688d14-3263-4207-b387-944b16577303 None None] Subscribe: > router after_update 55550000, False {{(pid=101886) subscribe /opt/stack/data/venv/lib/python3.12/site-packages/neutron_lib/callbacks/manager.py:52}}
Jul 22 07:31:53.030193 np0000186159 devstack@neutron-api.service[101887]: DEBUG neutron.api.extensions [None req-ab2dcc59-1943-47c2-aa63-19d89af28086 None None] Ext name="Floating IP port forwarding detail" alias="floating-ip-port-forwarding-detail" description="Allow list floating ip return more port forwarding data, include'id' and 'internal_port_id'" updated="2022-05-06T10:00:00-00:00" {{(pid=101887) _check_extension /opt/stack/neutron/neutron/api/extensions.py:415}}
Jul 22 07:31:53.030279 np0000186159 devstack@neutron-api.service[101886]: DEBUG neutron.services.service_base [None req-5f688d14-3263-4207-b387-944b16577303 None None] Loaded 'neutron.services.ovn_l3.service_providers.ovn.OvnDriver' provider for service L3_ROUTER_NAT {{(pid=101886) load_drivers /opt/stack/neutron/neutron/services/service_base.py:49}}
Jul 22 07:31:53.030338 np0000186159 devstack@neutron-api.service[101887]: INFO neutron.api.extensions [None req-ab2dcc59-1943-47c2-aa63-19d89af28086 None None] Loaded extension: floating-ip-port-forwarding-detail
Jul 22 07:31:53.030368 np0000186159 devstack@neutron-api.service[101886]: DEBUG neutron_lib.callbacks.manager [None req-5f688d14-3263-4207-b387-944b16577303 None None] Subscribe: > process after_init 55550001, True {{(pid=101886) subscribe /opt/stack/data/venv/lib/python3.12/site-packages/neutron_lib/callbacks/manager.py:52}}
Jul 22 07:31:53.030428 np0000186159 devstack@neutron-api.service[101887]: DEBUG neutron.api.extensions [None req-ab2dcc59-1943-47c2-aa63-19d89af28086 None None] Loading extension file: fip_pf_port_range.py {{(pid=101887) _load_all_extensions_from_path /opt/stack/neutron/neutron/api/extensions.py:449}}
Jul 22 07:31:53.030472 np0000186159 devstack@neutron-api.service[101886]: DEBUG neutron.manager [None req-5f688d14-3263-4207-b387-944b16577303 None None] Successfully loaded L3_ROUTER_NAT plugin. Description: L3 Router Service Plugin for basic L3 forwarding using OVN {{(pid=101886) _create_and_add_service_plugin /opt/stack/neutron/neutron/manager.py:236}}
Jul 22 07:31:53.030472 np0000186159 devstack@neutron-api.service[101886]: INFO neutron.manager [None req-5f688d14-3263-4207-b387-944b16577303 None None] Loading Plugin: auto_allocate
Jul 22 07:31:53.030549 np0000186159 devstack@neutron-api.service[101887]: DEBUG neutron.api.extensions [None req-ab2dcc59-1943-47c2-aa63-19d89af28086 None None] Ext name="Floating IP Port Forwarding support port ranges" alias="floating-ip-port-forwarding-port-ranges" description="Add support to port ranges" updated="2020-07-01T10:00:00-00:00" {{(pid=101887) _check_extension /opt/stack/neutron/neutron/api/extensions.py:415}}
Jul 22 07:31:53.030549 np0000186159 devstack@neutron-api.service[101887]: INFO neutron.api.extensions [None req-ab2dcc59-1943-47c2-aa63-19d89af28086 None None] Extension floating-ip-port-forwarding-port-ranges not supported by any of loaded plugins
Jul 22 07:31:53.030549 np0000186159 devstack@neutron-api.service[101887]: DEBUG neutron.api.extensions [None req-ab2dcc59-1943-47c2-aa63-19d89af28086 None None] Loading extension file: fip_port_details.py {{(pid=101887) _load_all_extensions_from_path /opt/stack/neutron/neutron/api/extensions.py:449}}
Jul 22 07:31:53.030549 np0000186159 devstack@neutron-api.service[101887]: DEBUG neutron.api.extensions [None req-ab2dcc59-1943-47c2-aa63-19d89af28086 None None] Ext name="Floating IP Port Details Extension" alias="fip-port-details" description="Add port_details attribute to Floating IP resource" updated="2018-04-09T10:00:00-00:00" {{(pid=101887) _check_extension /opt/stack/neutron/neutron/api/extensions.py:415}}
Jul 22 07:31:53.030549 np0000186159 devstack@neutron-api.service[101887]: INFO neutron.api.extensions [None req-ab2dcc59-1943-47c2-aa63-19d89af28086 None None] Loaded extension: fip-port-details
Jul 22 07:31:53.030549 np0000186159 devstack@neutron-api.service[101887]: DEBUG neutron.api.extensions [None req-ab2dcc59-1943-47c2-aa63-19d89af28086 None None] Loading extension file: flavors.py {{(pid=101887) _load_all_extensions_from_path /opt/stack/neutron/neutron/api/extensions.py:449}}
Jul 22 07:31:53.030822 np0000186159 devstack@neutron-api.service[101886]: DEBUG neutron_lib.callbacks.manager [None req-5f688d14-3263-4207-b387-944b16577303 None None] Subscribe: network precommit_update 55550000, False {{(pid=101886) subscribe /opt/stack/data/venv/lib/python3.12/site-packages/neutron_lib/callbacks/manager.py:52}}
Jul 22 07:31:53.030885 np0000186159 devstack@neutron-api.service[101887]: DEBUG neutron.api.extensions [None req-ab2dcc59-1943-47c2-aa63-19d89af28086 None None] Ext name="Neutron Service Flavors" alias="flavors" description="Flavor specification for Neutron advanced services." updated="2015-09-17T10:00:00-00:00" {{(pid=101887) _check_extension /opt/stack/neutron/neutron/api/extensions.py:415}}
Jul 22 07:31:53.030917 np0000186159 devstack@neutron-api.service[101886]: DEBUG neutron_lib.callbacks.manager [None req-5f688d14-3263-4207-b387-944b16577303 None None] Subscribe: network precommit_create 55550000, False {{(pid=101886) subscribe /opt/stack/data/venv/lib/python3.12/site-packages/neutron_lib/callbacks/manager.py:52}}
Jul 22 07:31:53.031010 np0000186159 devstack@neutron-api.service[101887]: INFO neutron.api.extensions [None req-ab2dcc59-1943-47c2-aa63-19d89af28086 None None] Loaded extension: flavors
Jul 22 07:31:53.031253 np0000186159 devstack@neutron-api.service[101886]: DEBUG neutron.manager [None req-5f688d14-3263-4207-b387-944b16577303 None None] Successfully loaded auto-allocated-topology plugin. Description: Auto Allocated Topology - aka get me a network. {{(pid=101886) _create_and_add_service_plugin /opt/stack/neutron/neutron/manager.py:236}}
Jul 22 07:31:53.031544 np0000186159 devstack@neutron-api.service[101887]: DEBUG neutron.api.extensions [None req-ab2dcc59-1943-47c2-aa63-19d89af28086 None None] Loading extension file: floating_ip_port_forwarding.py {{(pid=101887) _load_all_extensions_from_path /opt/stack/neutron/neutron/api/extensions.py:449}}
Jul 22 07:31:53.031718 np0000186159 devstack@neutron-api.service[101886]: INFO neutron.manager [None req-5f688d14-3263-4207-b387-944b16577303 None None] Loading Plugin: tag
Jul 22 07:31:53.031861 np0000186159 devstack@neutron-api.service[101887]: DEBUG neutron.api.extensions [None req-ab2dcc59-1943-47c2-aa63-19d89af28086 None None] Ext name="Floating IP Port Forwarding" alias="floating-ip-port-forwarding" description="Allow port forwarding from floating IP port to an internal port" updated="2018-01-19T10:00:00-00:00" {{(pid=101887) _check_extension /opt/stack/neutron/neutron/api/extensions.py:415}}
Jul 22 07:31:53.031861 np0000186159 devstack@neutron-api.service[101887]: INFO neutron.api.extensions [None req-ab2dcc59-1943-47c2-aa63-19d89af28086 None None] Extension floating-ip-port-forwarding not supported by any of loaded plugins
Jul 22 07:31:53.031861 np0000186159 devstack@neutron-api.service[101887]: DEBUG neutron.api.extensions [None req-ab2dcc59-1943-47c2-aa63-19d89af28086 None None] Loading extension file: floatingip_pools.py {{(pid=101887) _load_all_extensions_from_path /opt/stack/neutron/neutron/api/extensions.py:449}}
Jul 22 07:31:53.032340 np0000186159 devstack@neutron-api.service[101887]: DEBUG neutron.api.extensions [None req-ab2dcc59-1943-47c2-aa63-19d89af28086 None None] Ext name="Floating IP Pools Extension" alias="floatingip-pools" description="Provides a floating IP pools API." updated="2018-03-21T10:00:00-00:00" {{(pid=101887) _check_extension /opt/stack/neutron/neutron/api/extensions.py:415}}
Jul 22 07:31:53.032340 np0000186159 devstack@neutron-api.service[101887]: INFO neutron.api.extensions [None req-ab2dcc59-1943-47c2-aa63-19d89af28086 None None] Loaded extension: floatingip-pools
Jul 22 07:31:53.032340 np0000186159 devstack@neutron-api.service[101887]: DEBUG neutron.api.extensions [None req-ab2dcc59-1943-47c2-aa63-19d89af28086 None None] Loading extension file: ip_allocation.py {{(pid=101887) _load_all_extensions_from_path /opt/stack/neutron/neutron/api/extensions.py:449}}
Jul 22 07:31:53.032763 np0000186159 devstack@neutron-api.service[101887]: DEBUG neutron.api.extensions [None req-ab2dcc59-1943-47c2-aa63-19d89af28086 None None] Ext name="IP Allocation" alias="ip_allocation" description="IP allocation extension." updated="2016-06-10T23:00:00-00:00" {{(pid=101887) _check_extension /opt/stack/neutron/neutron/api/extensions.py:415}}
Jul 22 07:31:53.032763 np0000186159 devstack@neutron-api.service[101887]: INFO neutron.api.extensions [None req-ab2dcc59-1943-47c2-aa63-19d89af28086 None None] Extension ip_allocation not supported by any of loaded plugins
Jul 22 07:31:53.032763 np0000186159 devstack@neutron-api.service[101887]: DEBUG neutron.api.extensions [None req-ab2dcc59-1943-47c2-aa63-19d89af28086 None None] Loading extension file: ip_substring_port_filtering.py {{(pid=101887) _load_all_extensions_from_path /opt/stack/neutron/neutron/api/extensions.py:449}}
Jul 22 07:31:53.033159 np0000186159 devstack@neutron-api.service[101887]: DEBUG neutron.api.extensions [None req-ab2dcc59-1943-47c2-aa63-19d89af28086 None None] Ext name="IP address substring filtering" alias="ip-substring-filtering" description="Provides IP address substring filtering when listing ports" updated="2017-11-28T09:00:00-00:00" {{(pid=101887) _check_extension /opt/stack/neutron/neutron/api/extensions.py:415}}
Jul 22 07:31:53.033159 np0000186159 devstack@neutron-api.service[101887]: INFO neutron.api.extensions [None req-ab2dcc59-1943-47c2-aa63-19d89af28086 None None] Extension ip-substring-filtering not supported by any of loaded plugins
Jul 22 07:31:53.033474 np0000186159 devstack@neutron-api.service[101887]: DEBUG neutron.api.extensions [None req-ab2dcc59-1943-47c2-aa63-19d89af28086 None None] Loading extension file: l2_adjacency.py {{(pid=101887) _load_all_extensions_from_path /opt/stack/neutron/neutron/api/extensions.py:449}}
Jul 22 07:31:53.033474 np0000186159 devstack@neutron-api.service[101887]: DEBUG neutron.api.extensions [None req-ab2dcc59-1943-47c2-aa63-19d89af28086 None None] Ext name="L2 Adjacency" alias="l2_adjacency" description="Display L2 Adjacency for Neutron Networks." updated="2016-04-12T16:00:00-00:00" {{(pid=101887) _check_extension /opt/stack/neutron/neutron/api/extensions.py:415}}
Jul 22 07:31:53.033712 np0000186159 devstack@neutron-api.service[101887]: INFO neutron.api.extensions [None req-ab2dcc59-1943-47c2-aa63-19d89af28086 None None] Extension l2_adjacency not supported by any of loaded plugins
Jul 22 07:31:53.033802 np0000186159 devstack@neutron-api.service[101887]: DEBUG neutron.api.extensions [None req-ab2dcc59-1943-47c2-aa63-19d89af28086 None None] Loading extension file: l3.py {{(pid=101887) _load_all_extensions_from_path /opt/stack/neutron/neutron/api/extensions.py:449}}
Jul 22 07:31:53.033979 np0000186159 devstack@neutron-api.service[101886]: DEBUG neutron.manager [None req-5f688d14-3263-4207-b387-944b16577303 None None] Successfully loaded TAG plugin. Description: Tag support {{(pid=101886) _create_and_add_service_plugin /opt/stack/neutron/neutron/manager.py:236}}
Jul 22 07:31:53.033979 np0000186159 devstack@neutron-api.service[101886]: INFO neutron.manager [None req-5f688d14-3263-4207-b387-944b16577303 None None] Loading Plugin: timestamp
Jul 22 07:31:53.034290 np0000186159 devstack@neutron-api.service[101887]: DEBUG neutron.api.extensions [None req-ab2dcc59-1943-47c2-aa63-19d89af28086 None None] Ext name="Neutron L3 Router" alias="router" description="Router abstraction for basic L3 forwarding between L2 Neutron networks and access to external networks via a NAT gateway." updated="2012-07-20T10:00:00-00:00" {{(pid=101887) _check_extension /opt/stack/neutron/neutron/api/extensions.py:415}}
Jul 22 07:31:53.034433 np0000186159 devstack@neutron-api.service[101887]: INFO neutron.api.extensions [None req-ab2dcc59-1943-47c2-aa63-19d89af28086 None None] Loaded extension: router
Jul 22 07:31:53.034433 np0000186159 devstack@neutron-api.service[101887]: DEBUG neutron.api.extensions [None req-ab2dcc59-1943-47c2-aa63-19d89af28086 None None] Loading extension file: l3_agent_scheduler_ha_chassis_priority.py {{(pid=101887) _load_all_extensions_from_path /opt/stack/neutron/neutron/api/extensions.py:449}}
Jul 22 07:31:53.034754 np0000186159 devstack@neutron-api.service[101887]: DEBUG neutron.api.extensions [None req-ab2dcc59-1943-47c2-aa63-19d89af28086 None None] Ext name="L3 Agent Scheduler HA Chassis Priority" alias="l3-agent-scheduler-ha-chassis-priority" description="Exposes the HA_Chassis priority in the L3 Agent Scheduler API responses and allows setting priority when scheduling a router to a chassis." updated="2026-03-31T00:00:00-00:00" {{(pid=101887) _check_extension /opt/stack/neutron/neutron/api/extensions.py:415}}
Jul 22 07:31:53.034912 np0000186159 devstack@neutron-api.service[101887]: INFO neutron.api.extensions [None req-ab2dcc59-1943-47c2-aa63-19d89af28086 None None] Loaded extension: l3-agent-scheduler-ha-chassis-priority
Jul 22 07:31:53.035002 np0000186159 devstack@neutron-api.service[101887]: DEBUG neutron.api.extensions [None req-ab2dcc59-1943-47c2-aa63-19d89af28086 None None] Loading extension file: l3_conntrack_helper.py {{(pid=101887) _load_all_extensions_from_path /opt/stack/neutron/neutron/api/extensions.py:449}}
Jul 22 07:31:53.035229 np0000186159 devstack@neutron-api.service[101886]: DEBUG neutron.manager [None req-5f688d14-3263-4207-b387-944b16577303 None None] Successfully loaded timestamp plugin. Description: Adds timestamps to Neutron resources with standard attributes {{(pid=101886) _create_and_add_service_plugin /opt/stack/neutron/neutron/manager.py:236}}
Jul 22 07:31:53.035332 np0000186159 devstack@neutron-api.service[101886]: INFO neutron.manager [None req-5f688d14-3263-4207-b387-944b16577303 None None] Loading Plugin: network_ip_availability
Jul 22 07:31:53.035603 np0000186159 devstack@neutron-api.service[101887]: DEBUG neutron.api.extensions [None req-ab2dcc59-1943-47c2-aa63-19d89af28086 None None] Ext name="L3 Conntrack helper" alias="l3-conntrack-helper" description="Allow adding CT target rules for conntrack helper" updated="2019-04-04T10:00:00-00:00" {{(pid=101887) _check_extension /opt/stack/neutron/neutron/api/extensions.py:415}}
Jul 22 07:31:53.035790 np0000186159 devstack@neutron-api.service[101887]: INFO neutron.api.extensions [None req-ab2dcc59-1943-47c2-aa63-19d89af28086 None None] Extension l3-conntrack-helper not supported by any of loaded plugins
Jul 22 07:31:53.035881 np0000186159 devstack@neutron-api.service[101887]: DEBUG neutron.api.extensions [None req-ab2dcc59-1943-47c2-aa63-19d89af28086 None None] Loading extension file: l3_enable_default_route_bfd.py {{(pid=101887) _load_all_extensions_from_path /opt/stack/neutron/neutron/api/extensions.py:449}}
Jul 22 07:31:53.036128 np0000186159 devstack@neutron-api.service[101887]: DEBUG neutron.api.extensions [None req-ab2dcc59-1943-47c2-aa63-19d89af28086 None None] Ext name="Enable Default Route BFD" alias="enable-default-route-bfd" description="Enables configurable BFD behavior for default routes" updated="2023-02-27T00:00:00-00:00" {{(pid=101887) _check_extension /opt/stack/neutron/neutron/api/extensions.py:415}}
Jul 22 07:31:53.036274 np0000186159 devstack@neutron-api.service[101887]: INFO neutron.api.extensions [None req-ab2dcc59-1943-47c2-aa63-19d89af28086 None None] Loaded extension: enable-default-route-bfd
Jul 22 07:31:53.036388 np0000186159 devstack@neutron-api.service[101887]: DEBUG neutron.api.extensions [None req-ab2dcc59-1943-47c2-aa63-19d89af28086 None None] Loading extension file: l3_enable_default_route_ecmp.py {{(pid=101887) _load_all_extensions_from_path /opt/stack/neutron/neutron/api/extensions.py:449}}
Jul 22 07:31:53.036601 np0000186159 devstack@neutron-api.service[101887]: DEBUG neutron.api.extensions [None req-ab2dcc59-1943-47c2-aa63-19d89af28086 None None] Ext name="Enable Default Route ECMP" alias="enable-default-route-ecmp" description="Enables configurable ECMP behavior for default routes" updated="2023-02-27T00:00:00-00:00" {{(pid=101887) _check_extension /opt/stack/neutron/neutron/api/extensions.py:415}}
Jul 22 07:31:53.036778 np0000186159 devstack@neutron-api.service[101887]: INFO neutron.api.extensions [None req-ab2dcc59-1943-47c2-aa63-19d89af28086 None None] Loaded extension: enable-default-route-ecmp
Jul 22 07:31:53.036876 np0000186159 devstack@neutron-api.service[101887]: DEBUG neutron.api.extensions [None req-ab2dcc59-1943-47c2-aa63-19d89af28086 None None] Loading extension file: l3_ext_gw_mode.py {{(pid=101887) _load_all_extensions_from_path /opt/stack/neutron/neutron/api/extensions.py:449}}
Jul 22 07:31:53.036964 np0000186159 devstack@neutron-api.service[101886]: DEBUG neutron.manager [None req-5f688d14-3263-4207-b387-944b16577303 None None] Successfully loaded network-ip-availability plugin. Description: Provides IP availability data for each network and subnet. {{(pid=101886) _create_and_add_service_plugin /opt/stack/neutron/neutron/manager.py:236}}
Jul 22 07:31:53.037059 np0000186159 devstack@neutron-api.service[101886]: INFO neutron.manager [None req-5f688d14-3263-4207-b387-944b16577303 None None] Loading Plugin: flavors
Jul 22 07:31:53.037164 np0000186159 devstack@neutron-api.service[101887]: DEBUG neutron.api.extensions [None req-ab2dcc59-1943-47c2-aa63-19d89af28086 None None] Ext name="Neutron L3 Configurable external gateway mode" alias="ext-gw-mode" description="Extension of the router abstraction for specifying whether SNAT should occur on the external gateway" updated="2013-03-28T10:00:00-00:00" {{(pid=101887) _check_extension /opt/stack/neutron/neutron/api/extensions.py:415}}
Jul 22 07:31:53.037344 np0000186159 devstack@neutron-api.service[101887]: INFO neutron.api.extensions [None req-ab2dcc59-1943-47c2-aa63-19d89af28086 None None] Loaded extension: ext-gw-mode
Jul 22 07:31:53.037344 np0000186159 devstack@neutron-api.service[101887]: DEBUG neutron.api.extensions [None req-ab2dcc59-1943-47c2-aa63-19d89af28086 None None] Loading extension file: l3_ext_ha_mode.py {{(pid=101887) _load_all_extensions_from_path /opt/stack/neutron/neutron/api/extensions.py:449}}
Jul 22 07:31:53.037595 np0000186159 devstack@neutron-api.service[101887]: DEBUG neutron.api.extensions [None req-ab2dcc59-1943-47c2-aa63-19d89af28086 None None] Ext name="HA Router extension" alias="l3-ha" description="Adds HA capability to routers." updated="2014-04-26T00:00:00-00:00" {{(pid=101887) _check_extension /opt/stack/neutron/neutron/api/extensions.py:415}}
Jul 22 07:31:53.037765 np0000186159 devstack@neutron-api.service[101887]: INFO neutron.api.extensions [None req-ab2dcc59-1943-47c2-aa63-19d89af28086 None None] Loaded extension: l3-ha
Jul 22 07:31:53.037864 np0000186159 devstack@neutron-api.service[101887]: DEBUG neutron.api.extensions [None req-ab2dcc59-1943-47c2-aa63-19d89af28086 None None] Loading extension file: l3_ext_ndp_proxy.py {{(pid=101887) _load_all_extensions_from_path /opt/stack/neutron/neutron/api/extensions.py:449}}
Jul 22 07:31:53.037916 np0000186159 devstack@neutron-api.service[101886]: DEBUG neutron.manager [None req-5f688d14-3263-4207-b387-944b16577303 None None] Successfully loaded FLAVORS plugin. Description: Neutron Flavors and Service Profiles manager plugin {{(pid=101886) _create_and_add_service_plugin /opt/stack/neutron/neutron/manager.py:236}}
Jul 22 07:31:53.037916 np0000186159 devstack@neutron-api.service[101886]: INFO neutron.manager [None req-5f688d14-3263-4207-b387-944b16577303 None None] Loading Plugin: revisions
Jul 22 07:31:53.038085 np0000186159 devstack@neutron-api.service[101887]: DEBUG neutron.api.extensions [None req-ab2dcc59-1943-47c2-aa63-19d89af28086 None None] Ext name="Router support to enable NDP proxy" alias="l3-ext-ndp-proxy" description="Router extension to enable ndp proxy" updated="2020-08-25T00:00:00-00:00" {{(pid=101887) _check_extension /opt/stack/neutron/neutron/api/extensions.py:415}}
Jul 22 07:31:53.038227 np0000186159 devstack@neutron-api.service[101887]: INFO neutron.api.extensions [None req-ab2dcc59-1943-47c2-aa63-19d89af28086 None None] Extension l3-ext-ndp-proxy not supported by any of loaded plugins
Jul 22 07:31:53.038331 np0000186159 devstack@neutron-api.service[101887]: DEBUG neutron.api.extensions [None req-ab2dcc59-1943-47c2-aa63-19d89af28086 None None] Loading extension file: l3_extra_gws.py {{(pid=101887) _load_all_extensions_from_path /opt/stack/neutron/neutron/api/extensions.py:449}}
Jul 22 07:31:53.038569 np0000186159 devstack@neutron-api.service[101887]: DEBUG neutron.api.extensions [None req-ab2dcc59-1943-47c2-aa63-19d89af28086 None None] Ext name="Neutron L3 External Gateway Multihoming" alias="external-gateway-multihoming" description="Allow multiple external gateway ports per router" updated="2023-01-18T00:00:00-00:00" {{(pid=101887) _check_extension /opt/stack/neutron/neutron/api/extensions.py:415}}
Jul 22 07:31:53.038745 np0000186159 devstack@neutron-api.service[101887]: INFO neutron.api.extensions [None req-ab2dcc59-1943-47c2-aa63-19d89af28086 None None] Loaded extension: external-gateway-multihoming
Jul 22 07:31:53.038837 np0000186159 devstack@neutron-api.service[101887]: DEBUG neutron.api.extensions [None req-ab2dcc59-1943-47c2-aa63-19d89af28086 None None] Loading extension file: l3_flavors.py {{(pid=101887) _load_all_extensions_from_path /opt/stack/neutron/neutron/api/extensions.py:449}}
Jul 22 07:31:53.038957 np0000186159 devstack@neutron-api.service[101886]: DEBUG neutron.manager [None req-5f688d14-3263-4207-b387-944b16577303 None None] Successfully loaded revision_plugin plugin. Description: Adds revision numbers to resources. {{(pid=101886) _create_and_add_service_plugin /opt/stack/neutron/neutron/manager.py:236}}
Jul 22 07:31:53.039072 np0000186159 devstack@neutron-api.service[101887]: DEBUG neutron.api.extensions [None req-ab2dcc59-1943-47c2-aa63-19d89af28086 None None] Ext name="Router Flavor Extension" alias="l3-flavors" description="Flavor support for routers." updated="2016-05-17T00:00:00-00:00" {{(pid=101887) _check_extension /opt/stack/neutron/neutron/api/extensions.py:415}}
Jul 22 07:31:53.039102 np0000186159 devstack@neutron-api.service[101886]: DEBUG oslo_concurrency.lockutils [None req-5f688d14-3263-4207-b387-944b16577303 None None] Lock "manager" "released" by "neutron.manager.NeutronManager._create_instance" :: held 4.602s {{(pid=101886) inner /opt/stack/data/venv/lib/python3.12/site-packages/oslo_concurrency/lockutils.py:544}}
Jul 22 07:31:53.039250 np0000186159 devstack@neutron-api.service[101887]: INFO neutron.api.extensions [None req-ab2dcc59-1943-47c2-aa63-19d89af28086 None None] Loaded extension: l3-flavors
Jul 22 07:31:53.039326 np0000186159 devstack@neutron-api.service[101886]: DEBUG neutron.api.extensions [None req-5f688d14-3263-4207-b387-944b16577303 None None] get_extension_paths = OrderedDict({'/opt/stack/neutron/neutron/extensions': 1}) {{(pid=101886) get_extensions_path /opt/stack/neutron/neutron/api/extensions.py:640}}
Jul 22 07:31:53.039504 np0000186159 devstack@neutron-api.service[101887]: DEBUG neutron.api.extensions [None req-ab2dcc59-1943-47c2-aa63-19d89af28086 None None] Loading extension file: l3_ndp_proxy.py {{(pid=101887) _load_all_extensions_from_path /opt/stack/neutron/neutron/api/extensions.py:449}}
Jul 22 07:31:53.039673 np0000186159 devstack@neutron-api.service[101886]: INFO neutron.api.extensions [None req-5f688d14-3263-4207-b387-944b16577303 None None] Initializing extension manager.
Jul 22 07:31:53.039782 np0000186159 devstack@neutron-api.service[101887]: DEBUG neutron.api.extensions [None req-ab2dcc59-1943-47c2-aa63-19d89af28086 None None] Ext name="name" alias="l3-ndp-proxy" description="description" updated="2021-06-29T10:00:00-00:00" {{(pid=101887) _check_extension /opt/stack/neutron/neutron/api/extensions.py:415}}
Jul 22 07:31:53.039928 np0000186159 devstack@neutron-api.service[101886]: DEBUG neutron.api.extensions [None req-5f688d14-3263-4207-b387-944b16577303 None None] Loading extension file: __init__.py {{(pid=101886) _load_all_extensions_from_path /opt/stack/neutron/neutron/api/extensions.py:449}}
Jul 22 07:31:53.039928 np0000186159 devstack@neutron-api.service[101886]: DEBUG neutron.api.extensions [None req-5f688d14-3263-4207-b387-944b16577303 None None] Loading extension file: __pycache__ {{(pid=101886) _load_all_extensions_from_path /opt/stack/neutron/neutron/api/extensions.py:449}}
Jul 22 07:31:53.040078 np0000186159 devstack@neutron-api.service[101887]: INFO neutron.api.extensions [None req-ab2dcc59-1943-47c2-aa63-19d89af28086 None None] Extension l3-ndp-proxy not supported by any of loaded plugins
Jul 22 07:31:53.040138 np0000186159 devstack@neutron-api.service[101886]: DEBUG neutron.api.extensions [None req-5f688d14-3263-4207-b387-944b16577303 None None] Loading extension file: aap_reject_multicast.py {{(pid=101886) _load_all_extensions_from_path /opt/stack/neutron/neutron/api/extensions.py:449}}
Jul 22 07:31:53.040167 np0000186159 devstack@neutron-api.service[101887]: DEBUG neutron.api.extensions [None req-ab2dcc59-1943-47c2-aa63-19d89af28086 None None] Loading extension file: l3_port_ip_change_not_allowed.py {{(pid=101887) _load_all_extensions_from_path /opt/stack/neutron/neutron/api/extensions.py:449}}
Jul 22 07:31:53.040224 np0000186159 devstack@neutron-api.service[101886]: DEBUG neutron.api.extensions [None req-5f688d14-3263-4207-b387-944b16577303 None None] Ext name="Allowed address pairs reject multicast extension" alias="aap-reject-multicast" description="Reject multicast addresses in Allowed Address Pairs" updated="2026-04-01T00:00:00-00:00" {{(pid=101886) _check_extension /opt/stack/neutron/neutron/api/extensions.py:415}}
Jul 22 07:31:53.040370 np0000186159 devstack@neutron-api.service[101886]: INFO neutron.api.extensions [None req-5f688d14-3263-4207-b387-944b16577303 None None] Extension aap-reject-multicast not supported by any of loaded plugins
Jul 22 07:31:53.040450 np0000186159 devstack@neutron-api.service[101886]: DEBUG neutron.api.extensions [None req-5f688d14-3263-4207-b387-944b16577303 None None] Loading extension file: address_group.py {{(pid=101886) _load_all_extensions_from_path /opt/stack/neutron/neutron/api/extensions.py:449}}
Jul 22 07:31:53.040831 np0000186159 devstack@neutron-api.service[101886]: DEBUG neutron.api.extensions [None req-5f688d14-3263-4207-b387-944b16577303 None None] Ext name="Address group" alias="address-group" description="Support address group" updated="2020-07-15T10:00:00-00:00" {{(pid=101886) _check_extension /opt/stack/neutron/neutron/api/extensions.py:415}}
Jul 22 07:31:53.041004 np0000186159 devstack@neutron-api.service[101886]: INFO neutron.api.extensions [None req-5f688d14-3263-4207-b387-944b16577303 None None] Loaded extension: address-group
Jul 22 07:31:53.041096 np0000186159 devstack@neutron-api.service[101886]: DEBUG neutron.api.extensions [None req-5f688d14-3263-4207-b387-944b16577303 None None] Loading extension file: address_scope.py {{(pid=101886) _load_all_extensions_from_path /opt/stack/neutron/neutron/api/extensions.py:449}}
Jul 22 07:31:53.041386 np0000186159 devstack@neutron-api.service[101886]: DEBUG neutron.api.extensions [None req-5f688d14-3263-4207-b387-944b16577303 None None] Ext name="Address scope" alias="address-scope" description="Address scopes extension." updated="2015-07-26T10:00:00-00:00" {{(pid=101886) _check_extension /opt/stack/neutron/neutron/api/extensions.py:415}}
Jul 22 07:31:53.041625 np0000186159 devstack@neutron-api.service[101886]: INFO neutron.api.extensions [None req-5f688d14-3263-4207-b387-944b16577303 None None] Loaded extension: address-scope
Jul 22 07:31:53.041718 np0000186159 devstack@neutron-api.service[101886]: DEBUG neutron.api.extensions [None req-5f688d14-3263-4207-b387-944b16577303 None None] Loading extension file: admin_state_down_before_update.py {{(pid=101886) _load_all_extensions_from_path /opt/stack/neutron/neutron/api/extensions.py:449}}
Jul 22 07:31:53.041914 np0000186159 devstack@neutron-api.service[101886]: DEBUG neutron.api.extensions [None req-5f688d14-3263-4207-b387-944b16577303 None None] Ext name="Enforce Router's Admin State Down Before Update Extension" alias="router-admin-state-down-before-update" description="Ensure that the admin state of a router is DOWN (admin_state_up=False) before updating the distributed attribute" updated="2019-07-02T15:56:00" {{(pid=101886) _check_extension /opt/stack/neutron/neutron/api/extensions.py:415}}
Jul 22 07:31:53.042089 np0000186159 devstack@neutron-api.service[101886]: INFO neutron.api.extensions [None req-5f688d14-3263-4207-b387-944b16577303 None None] Extension router-admin-state-down-before-update not supported by any of loaded plugins
Jul 22 07:31:53.042218 np0000186159 devstack@neutron-api.service[101886]: DEBUG neutron.api.extensions [None req-5f688d14-3263-4207-b387-944b16577303 None None] Loading extension file: agent.py {{(pid=101886) _load_all_extensions_from_path /opt/stack/neutron/neutron/api/extensions.py:449}}
Jul 22 07:31:53.042486 np0000186159 devstack@neutron-api.service[101886]: DEBUG neutron.api.extensions [None req-5f688d14-3263-4207-b387-944b16577303 None None] Ext name="agent" alias="agent" description="The agent management extension." updated="2013-02-03T10:00:00-00:00" {{(pid=101886) _check_extension /opt/stack/neutron/neutron/api/extensions.py:415}}
Jul 22 07:31:53.042686 np0000186159 devstack@neutron-api.service[101886]: INFO neutron.api.extensions [None req-5f688d14-3263-4207-b387-944b16577303 None None] Loaded extension: agent
Jul 22 07:31:53.042787 np0000186159 devstack@neutron-api.service[101886]: DEBUG neutron.api.extensions [None req-5f688d14-3263-4207-b387-944b16577303 None None] Loading extension file: agent_resources_synced.py {{(pid=101886) _load_all_extensions_from_path /opt/stack/neutron/neutron/api/extensions.py:449}}
Jul 22 07:31:53.043024 np0000186159 devstack@neutron-api.service[101886]: DEBUG neutron.api.extensions [None req-5f688d14-3263-4207-b387-944b16577303 None None] Ext name="Agent's Resource View Synced to Placement" alias="agent-resources-synced" description="Stores success/failure of last sync to Placement" updated="2018-12-19T00:00:00-00:00" {{(pid=101886) _check_extension /opt/stack/neutron/neutron/api/extensions.py:415}}
Jul 22 07:31:53.043212 np0000186159 devstack@neutron-api.service[101886]: INFO neutron.api.extensions [None req-5f688d14-3263-4207-b387-944b16577303 None None] Extension agent-resources-synced not supported by any of loaded plugins
Jul 22 07:31:53.043291 np0000186159 devstack@neutron-api.service[101886]: DEBUG neutron.api.extensions [None req-5f688d14-3263-4207-b387-944b16577303 None None] Loading extension file: agent_sort_key.py {{(pid=101886) _load_all_extensions_from_path /opt/stack/neutron/neutron/api/extensions.py:449}}
Jul 22 07:31:53.043532 np0000186159 devstack@neutron-api.service[101886]: DEBUG neutron.api.extensions [None req-5f688d14-3263-4207-b387-944b16577303 None None] Ext name="Agents Sort Key" alias="agent_sort_key" description="Enabling the keyword sort_key for sorting in agents." updated="2013-02-03T10:00:00-00:00" {{(pid=101886) _check_extension /opt/stack/neutron/neutron/api/extensions.py:415}}
Jul 22 07:31:53.043688 np0000186159 devstack@neutron-api.service[101886]: INFO neutron.api.extensions [None req-5f688d14-3263-4207-b387-944b16577303 None None] Extension agent_sort_key not supported by any of loaded plugins
Jul 22 07:31:53.043789 np0000186159 devstack@neutron-api.service[101886]: DEBUG neutron.api.extensions [None req-5f688d14-3263-4207-b387-944b16577303 None None] Loading extension file: allowedaddresspairs.py {{(pid=101886) _load_all_extensions_from_path /opt/stack/neutron/neutron/api/extensions.py:449}}
Jul 22 07:31:53.044523 np0000186159 devstack@neutron-api.service[101886]: DEBUG neutron.api.extensions [None req-5f688d14-3263-4207-b387-944b16577303 None None] Ext name="Allowed Address Pairs" alias="allowed-address-pairs" description="Provides allowed address pairs" updated="2013-07-23T10:00:00-00:00" {{(pid=101886) _check_extension /opt/stack/neutron/neutron/api/extensions.py:415}}
Jul 22 07:31:53.044766 np0000186159 devstack@neutron-api.service[101886]: INFO neutron.api.extensions [None req-5f688d14-3263-4207-b387-944b16577303 None None] Loaded extension: allowed-address-pairs
Jul 22 07:31:53.044890 np0000186159 devstack@neutron-api.service[101886]: DEBUG neutron.api.extensions [None req-5f688d14-3263-4207-b387-944b16577303 None None] Loading extension file: auto_allocated_topology.py {{(pid=101886) _load_all_extensions_from_path /opt/stack/neutron/neutron/api/extensions.py:449}}
Jul 22 07:31:53.045054 np0000186159 devstack@neutron-api.service[101886]: DEBUG neutron.api.extensions [None req-5f688d14-3263-4207-b387-944b16577303 None None] Ext name="Auto Allocated Topology Services" alias="auto-allocated-topology" description="Auto Allocated Topology Services." updated="2016-01-01T00:00:00-00:00" {{(pid=101886) _check_extension /opt/stack/neutron/neutron/api/extensions.py:415}}
Jul 22 07:31:53.045250 np0000186159 devstack@neutron-api.service[101886]: INFO neutron.api.extensions [None req-5f688d14-3263-4207-b387-944b16577303 None None] Loaded extension: auto-allocated-topology
Jul 22 07:31:53.045344 np0000186159 devstack@neutron-api.service[101886]: DEBUG neutron.api.extensions [None req-5f688d14-3263-4207-b387-944b16577303 None None] Loading extension file: availability_zone.py {{(pid=101886) _load_all_extensions_from_path /opt/stack/neutron/neutron/api/extensions.py:449}}
