Jul 22 07:31:53.077755 np0000186159 devstack@neutron-api.service[101886]: DEBUG neutron.api.extensions [None req-5f688d14-3263-4207-b387-944b16577303 None None] Loading extension file: pagination.py {{(pid=101886) _load_all_extensions_from_path /opt/stack/neutron/neutron/api/extensions.py:449}}
Jul 22 07:31:53.078002 np0000186159 devstack@neutron-api.service[101886]: DEBUG neutron.api.extensions [None req-5f688d14-3263-4207-b387-944b16577303 None None] Ext name="Pagination support" alias="pagination" description="Extension that indicates that pagination is enabled." updated="2016-06-12T00:00:00-00:00" {{(pid=101886) _check_extension /opt/stack/neutron/neutron/api/extensions.py:415}}
Jul 22 07:31:53.078100 np0000186159 devstack@neutron-api.service[101886]: INFO neutron.api.extensions [None req-5f688d14-3263-4207-b387-944b16577303 None None] Loaded extension: pagination
Jul 22 07:31:53.078213 np0000186159 devstack@neutron-api.service[101886]: DEBUG neutron.api.extensions [None req-5f688d14-3263-4207-b387-944b16577303 None None] Loading extension file: port_device_profile.py {{(pid=101886) _load_all_extensions_from_path /opt/stack/neutron/neutron/api/extensions.py:449}}
Jul 22 07:31:53.078407 np0000186159 devstack@neutron-api.service[101886]: DEBUG neutron.api.extensions [None req-5f688d14-3263-4207-b387-944b16577303 None None] Ext name="Port device profile" alias="port-device-profile" description="Expose the port device profile (Cyborg)" updated="2020-12-17T10:00:00-00:00" {{(pid=101886) _check_extension /opt/stack/neutron/neutron/api/extensions.py:415}}
Jul 22 07:31:53.078625 np0000186159 devstack@neutron-api.service[101886]: INFO neutron.api.extensions [None req-5f688d14-3263-4207-b387-944b16577303 None None] Loaded extension: port-device-profile
Jul 22 07:31:53.078723 np0000186159 devstack@neutron-api.service[101886]: DEBUG neutron.api.extensions [None req-5f688d14-3263-4207-b387-944b16577303 None None] Loading extension file: port_hardware_offload_type.py {{(pid=101886) _load_all_extensions_from_path /opt/stack/neutron/neutron/api/extensions.py:449}}
Jul 22 07:31:53.078950 np0000186159 devstack@neutron-api.service[101886]: DEBUG neutron.api.extensions [None req-5f688d14-3263-4207-b387-944b16577303 None None] Ext name="Port hardware offload" alias="port-hardware-offload-type" description="Expose port hardware offload extension" updated="2023-05-09T10:00:00-00:00" {{(pid=101886) _check_extension /opt/stack/neutron/neutron/api/extensions.py:415}}
Jul 22 07:31:53.079114 np0000186159 devstack@neutron-api.service[101886]: INFO neutron.api.extensions [None req-5f688d14-3263-4207-b387-944b16577303 None None] Extension port-hardware-offload-type not supported by any of loaded plugins
Jul 22 07:31:53.079199 np0000186159 devstack@neutron-api.service[101886]: DEBUG neutron.api.extensions [None req-5f688d14-3263-4207-b387-944b16577303 None None] Loading extension file: port_hint_ovs_tx_steering.py {{(pid=101886) _load_all_extensions_from_path /opt/stack/neutron/neutron/api/extensions.py:449}}
Jul 22 07:31:53.079464 np0000186159 devstack@neutron-api.service[101886]: DEBUG neutron.api.extensions [None req-5f688d14-3263-4207-b387-944b16577303 None None] Ext name="Port hint: Open vSwitch Tx steering" alias="port-hint-ovs-tx-steering" description="Enable Port hint: Open vSwitch Tx steering" updated="2023-01-01T00:00:00-00:00" {{(pid=101886) _check_extension /opt/stack/neutron/neutron/api/extensions.py:415}}
Jul 22 07:31:53.079625 np0000186159 devstack@neutron-api.service[101886]: INFO neutron.api.extensions [None req-5f688d14-3263-4207-b387-944b16577303 None None] Extension port-hint-ovs-tx-steering not supported by any of loaded plugins
Jul 22 07:31:53.079722 np0000186159 devstack@neutron-api.service[101886]: DEBUG neutron.api.extensions [None req-5f688d14-3263-4207-b387-944b16577303 None None] Loading extension file: port_hints.py {{(pid=101886) _load_all_extensions_from_path /opt/stack/neutron/neutron/api/extensions.py:449}}
Jul 22 07:31:53.079952 np0000186159 devstack@neutron-api.service[101886]: DEBUG neutron.api.extensions [None req-5f688d14-3263-4207-b387-944b16577303 None None] Ext name="Port hints" alias="port-hints" description="Backend specific port hints to allow backend specific tuning" updated="2023-01-01T00:00:00-00:00" {{(pid=101886) _check_extension /opt/stack/neutron/neutron/api/extensions.py:415}}
Jul 22 07:31:53.080122 np0000186159 devstack@neutron-api.service[101886]: INFO neutron.api.extensions [None req-5f688d14-3263-4207-b387-944b16577303 None None] Extension port-hints not supported by any of loaded plugins
Jul 22 07:31:53.080218 np0000186159 devstack@neutron-api.service[101886]: DEBUG neutron.api.extensions [None req-5f688d14-3263-4207-b387-944b16577303 None None] Loading extension file: port_mac_address_override.py {{(pid=101886) _load_all_extensions_from_path /opt/stack/neutron/neutron/api/extensions.py:449}}
Jul 22 07:31:53.080457 np0000186159 devstack@neutron-api.service[101886]: DEBUG neutron.api.extensions [None req-5f688d14-3263-4207-b387-944b16577303 None None] Ext name="Neutron Port MAC address override" alias="port-mac-override" description="Allow overriding the MAC address of a direct-physical Port via the active binding profile" updated="2022-03-18T10:00:00-00:00" {{(pid=101886) _check_extension /opt/stack/neutron/neutron/api/extensions.py:415}}
Jul 22 07:31:53.080630 np0000186159 devstack@neutron-api.service[101886]: INFO neutron.api.extensions [None req-5f688d14-3263-4207-b387-944b16577303 None None] Extension port-mac-override not supported by any of loaded plugins
Jul 22 07:31:53.080723 np0000186159 devstack@neutron-api.service[101886]: DEBUG neutron.api.extensions [None req-5f688d14-3263-4207-b387-944b16577303 None None] Loading extension file: port_mac_address_regenerate.py {{(pid=101886) _load_all_extensions_from_path /opt/stack/neutron/neutron/api/extensions.py:449}}
Jul 22 07:31:53.080952 np0000186159 devstack@neutron-api.service[101886]: DEBUG neutron.api.extensions [None req-5f688d14-3263-4207-b387-944b16577303 None None] Ext name="Neutron Port MAC address regenerate" alias="port-mac-address-regenerate" description="Network port MAC address regenerate" updated="2018-05-03T10:00:00-00:00" {{(pid=101886) _check_extension /opt/stack/neutron/neutron/api/extensions.py:415}}
Jul 22 07:31:53.081124 np0000186159 devstack@neutron-api.service[101886]: INFO neutron.api.extensions [None req-5f688d14-3263-4207-b387-944b16577303 None None] Loaded extension: port-mac-address-regenerate
Jul 22 07:31:53.081214 np0000186159 devstack@neutron-api.service[101886]: DEBUG neutron.api.extensions [None req-5f688d14-3263-4207-b387-944b16577303 None None] Loading extension file: port_numa_affinity_policy.py {{(pid=101886) _load_all_extensions_from_path /opt/stack/neutron/neutron/api/extensions.py:449}}
Jul 22 07:31:53.081464 np0000186159 devstack@neutron-api.service[101886]: DEBUG neutron.api.extensions [None req-5f688d14-3263-4207-b387-944b16577303 None None] Ext name="Port NUMA affinity policy" alias="port-numa-affinity-policy" description="Expose the port NUMA affinity policy" updated="2020-07-08T10:00:00-00:00" {{(pid=101886) _check_extension /opt/stack/neutron/neutron/api/extensions.py:415}}
Jul 22 07:31:53.081625 np0000186159 devstack@neutron-api.service[101886]: INFO neutron.api.extensions [None req-5f688d14-3263-4207-b387-944b16577303 None None] Loaded extension: port-numa-affinity-policy
Jul 22 07:31:53.081717 np0000186159 devstack@neutron-api.service[101886]: DEBUG neutron.api.extensions [None req-5f688d14-3263-4207-b387-944b16577303 None None] Loading extension file: port_numa_affinity_policy_socket.py {{(pid=101886) _load_all_extensions_from_path /opt/stack/neutron/neutron/api/extensions.py:449}}
Jul 22 07:31:53.081946 np0000186159 devstack@neutron-api.service[101886]: DEBUG neutron.api.extensions [None req-5f688d14-3263-4207-b387-944b16577303 None None] Ext name="Port NUMA affinity policy "socket"" alias="port-numa-affinity-policy-socket" description="Adds "socket" to the supported port NUMA affinity policies" updated="2024-02-09T10:00:00-00:00" {{(pid=101886) _check_extension /opt/stack/neutron/neutron/api/extensions.py:415}}
Jul 22 07:31:53.082115 np0000186159 devstack@neutron-api.service[101886]: INFO neutron.api.extensions [None req-5f688d14-3263-4207-b387-944b16577303 None None] Loaded extension: port-numa-affinity-policy-socket
Jul 22 07:31:53.082207 np0000186159 devstack@neutron-api.service[101886]: DEBUG neutron.api.extensions [None req-5f688d14-3263-4207-b387-944b16577303 None None] Loading extension file: port_resource_request.py {{(pid=101886) _load_all_extensions_from_path /opt/stack/neutron/neutron/api/extensions.py:449}}
Jul 22 07:31:53.082432 np0000186159 devstack@neutron-api.service[101886]: DEBUG neutron.api.extensions [None req-5f688d14-3263-4207-b387-944b16577303 None None] Ext name="Port Resource Request" alias="port-resource-request" description="Expose resource request to Port" updated="2018-05-08T10:00:00-00:00" {{(pid=101886) _check_extension /opt/stack/neutron/neutron/api/extensions.py:415}}
Jul 22 07:31:53.082692 np0000186159 devstack@neutron-api.service[101886]: INFO neutron.api.extensions [None req-5f688d14-3263-4207-b387-944b16577303 None None] Extension port-resource-request not supported by any of loaded plugins
Jul 22 07:31:53.082795 np0000186159 devstack@neutron-api.service[101886]: DEBUG neutron.api.extensions [None req-5f688d14-3263-4207-b387-944b16577303 None None] Loading extension file: port_resource_request_groups.py {{(pid=101886) _load_all_extensions_from_path /opt/stack/neutron/neutron/api/extensions.py:449}}
Jul 22 07:31:53.083044 np0000186159 devstack@neutron-api.service[101886]: DEBUG neutron.api.extensions [None req-5f688d14-3263-4207-b387-944b16577303 None None] Ext name="Port Resource Request Groups" alias="port-resource-request-groups" description="Support requesting multiple groups of resources and traits from the same RP subtree in resource_request" updated="2021-08-02T10:00:00-00:00" {{(pid=101886) _check_extension /opt/stack/neutron/neutron/api/extensions.py:415}}
Jul 22 07:31:53.083230 np0000186159 devstack@neutron-api.service[101886]: INFO neutron.api.extensions [None req-5f688d14-3263-4207-b387-944b16577303 None None] Extension port-resource-request-groups not supported by any of loaded plugins
Jul 22 07:31:53.083362 np0000186159 devstack@neutron-api.service[101886]: DEBUG neutron.api.extensions [None req-5f688d14-3263-4207-b387-944b16577303 None None] Loading extension file: port_trusted_vif.py {{(pid=101886) _load_all_extensions_from_path /opt/stack/neutron/neutron/api/extensions.py:449}}
Jul 22 07:31:53.083733 np0000186159 devstack@neutron-api.service[101886]: DEBUG neutron.api.extensions [None req-5f688d14-3263-4207-b387-944b16577303 None None] Ext name="Port trusted vif" alias="port-trusted-vif" description="Expose port 'trusted' attribute in the API" updated="2024-07-10T10:00:00-00:00" {{(pid=101886) _check_extension /opt/stack/neutron/neutron/api/extensions.py:415}}
Jul 22 07:31:53.083979 np0000186159 devstack@neutron-api.service[101886]: INFO neutron.api.extensions [None req-5f688d14-3263-4207-b387-944b16577303 None None] Extension port-trusted-vif not supported by any of loaded plugins
Jul 22 07:31:53.084113 np0000186159 devstack@neutron-api.service[101886]: DEBUG neutron.api.extensions [None req-5f688d14-3263-4207-b387-944b16577303 None None] Loading extension file: portbindings.py {{(pid=101886) _load_all_extensions_from_path /opt/stack/neutron/neutron/api/extensions.py:449}}
Jul 22 07:31:53.084464 np0000186159 devstack@neutron-api.service[101886]: DEBUG neutron.api.extensions [None req-5f688d14-3263-4207-b387-944b16577303 None None] Ext name="Port Binding" alias="binding" description="Expose port bindings of a virtual port to external application" updated="2014-02-03T10:00:00-00:00" {{(pid=101886) _check_extension /opt/stack/neutron/neutron/api/extensions.py:415}}
Jul 22 07:31:53.085044 np0000186159 devstack@neutron-api.service[101886]: INFO neutron.api.extensions [None req-5f688d14-3263-4207-b387-944b16577303 None None] Loaded extension: binding
Jul 22 07:31:53.085044 np0000186159 devstack@neutron-api.service[101886]: DEBUG neutron.api.extensions [None req-5f688d14-3263-4207-b387-944b16577303 None None] Loading extension file: portbindings_extended.py {{(pid=101886) _load_all_extensions_from_path /opt/stack/neutron/neutron/api/extensions.py:449}}
Jul 22 07:31:53.085297 np0000186159 devstack@neutron-api.service[101886]: DEBUG neutron.api.extensions [None req-5f688d14-3263-4207-b387-944b16577303 None None] Ext name="Port Bindings Extended" alias="binding-extended" description="Expose port bindings of a virtual port to external application" updated="2017-07-17T10:00:00-00:00" {{(pid=101886) _check_extension /opt/stack/neutron/neutron/api/extensions.py:415}}
Jul 22 07:31:53.085544 np0000186159 devstack@neutron-api.service[101886]: INFO neutron.api.extensions [None req-5f688d14-3263-4207-b387-944b16577303 None None] Loaded extension: binding-extended
Jul 22 07:31:53.085687 np0000186159 devstack@neutron-api.service[101886]: DEBUG neutron.api.extensions [None req-5f688d14-3263-4207-b387-944b16577303 None None] Loading extension file: portsecurity.py {{(pid=101886) _load_all_extensions_from_path /opt/stack/neutron/neutron/api/extensions.py:449}}
Jul 22 07:31:53.086047 np0000186159 devstack@neutron-api.service[101886]: DEBUG neutron.api.extensions [None req-5f688d14-3263-4207-b387-944b16577303 None None] Ext name="Port Security" alias="port-security" description="Provides port security" updated="2012-07-23T10:00:00-00:00" {{(pid=101886) _check_extension /opt/stack/neutron/neutron/api/extensions.py:415}}
Jul 22 07:31:53.086252 np0000186159 devstack@neutron-api.service[101886]: INFO neutron.api.extensions [None req-5f688d14-3263-4207-b387-944b16577303 None None] Loaded extension: port-security
Jul 22 07:31:53.086406 np0000186159 devstack@neutron-api.service[101886]: DEBUG neutron.api.extensions [None req-5f688d14-3263-4207-b387-944b16577303 None None] Loading extension file: project_id.py {{(pid=101886) _load_all_extensions_from_path /opt/stack/neutron/neutron/api/extensions.py:449}}
Jul 22 07:31:53.087224 np0000186159 devstack@neutron-api.service[101886]: DEBUG neutron.api.extensions [None req-5f688d14-3263-4207-b387-944b16577303 None None] Ext name="project_id field enabled" alias="project-id" description="Extension that indicates that project_id field is enabled." updated="2016-09-09T09:09:09-09:09" {{(pid=101886) _check_extension /opt/stack/neutron/neutron/api/extensions.py:415}}
Jul 22 07:31:53.087224 np0000186159 devstack@neutron-api.service[101886]: INFO neutron.api.extensions [None req-5f688d14-3263-4207-b387-944b16577303 None None] Loaded extension: project-id
Jul 22 07:31:53.087224 np0000186159 devstack@neutron-api.service[101886]: DEBUG neutron.api.extensions [None req-5f688d14-3263-4207-b387-944b16577303 None None] Loading extension file: providernet.py {{(pid=101886) _load_all_extensions_from_path /opt/stack/neutron/neutron/api/extensions.py:449}}
Jul 22 07:31:53.087399 np0000186159 devstack@neutron-api.service[101886]: DEBUG neutron.api.extensions [None req-5f688d14-3263-4207-b387-944b16577303 None None] Ext name="Provider Network" alias="provider" description="Expose mapping of virtual networks to physical networks" updated="2012-09-07T10:00:00-00:00" {{(pid=101886) _check_extension /opt/stack/neutron/neutron/api/extensions.py:415}}
Jul 22 07:31:53.087730 np0000186159 devstack@neutron-api.service[101886]: INFO neutron.api.extensions [None req-5f688d14-3263-4207-b387-944b16577303 None None] Loaded extension: provider
Jul 22 07:31:53.087730 np0000186159 devstack@neutron-api.service[101886]: DEBUG neutron.api.extensions [None req-5f688d14-3263-4207-b387-944b16577303 None None] Loading extension file: pvlan.py {{(pid=101886) _load_all_extensions_from_path /opt/stack/neutron/neutron/api/extensions.py:449}}
Jul 22 07:31:53.088118 np0000186159 devstack@neutron-api.service[101886]: DEBUG neutron.api.extensions [None req-5f688d14-3263-4207-b387-944b16577303 None None] Ext name="Private VLAN" alias="pvlan" description="The Private VLAN semantics extension." updated="2026-02-03T10:00:00-00:00" {{(pid=101886) _check_extension /opt/stack/neutron/neutron/api/extensions.py:415}}
Jul 22 07:31:53.218767 np0000186159 devstack@neutron-api.service[101884]: INFO neutron.plugins.ml2.drivers.type_vlan [None req-f57af756-fa15-489e-b902-9d3f9aaa2dda None None] VlanTypeDriver initialization complete
Jul 22 07:31:53.219023 np0000186159 devstack@neutron-api.service[101884]: INFO neutron.plugins.ml2.managers [None req-f57af756-fa15-489e-b902-9d3f9aaa2dda None None] Initializing extension driver 'port_security'
Jul 22 07:31:53.219023 np0000186159 devstack@neutron-api.service[101884]: INFO neutron.plugins.ml2.extensions.port_security [None req-f57af756-fa15-489e-b902-9d3f9aaa2dda None None] PortSecurityExtensionDriver initialization complete
Jul 22 07:31:53.219181 np0000186159 devstack@neutron-api.service[101884]: INFO neutron.plugins.ml2.managers [None req-f57af756-fa15-489e-b902-9d3f9aaa2dda None None] Initializing extension driver 'qos'
Jul 22 07:31:53.219181 np0000186159 devstack@neutron-api.service[101884]: DEBUG neutron.plugins.ml2.extensions.qos [None req-f57af756-fa15-489e-b902-9d3f9aaa2dda None None] QosExtensionDriver initialization complete {{(pid=101884) initialize /opt/stack/neutron/neutron/plugins/ml2/extensions/qos.py:31}}
Jul 22 07:31:53.219327 np0000186159 devstack@neutron-api.service[101884]: INFO neutron.plugins.ml2.managers [None req-f57af756-fa15-489e-b902-9d3f9aaa2dda None None] Initializing mechanism driver 'ovn'
Jul 22 07:31:53.219417 np0000186159 devstack@neutron-api.service[101884]: INFO neutron.plugins.ml2.drivers.ovn.mech_driver.mech_driver [None req-f57af756-fa15-489e-b902-9d3f9aaa2dda None None] Starting OVNMechanismDriver
Jul 22 07:31:53.221255 np0000186159 devstack@neutron-api.service[101884]: DEBUG neutron_lib.callbacks.manager [None req-f57af756-fa15-489e-b902-9d3f9aaa2dda None None] Subscribe: > process before_spawn 55550000, False {{(pid=101884) subscribe /opt/stack/data/venv/lib/python3.12/site-packages/neutron_lib/callbacks/manager.py:52}}
Jul 22 07:31:53.221382 np0000186159 devstack@neutron-api.service[101884]: DEBUG neutron_lib.callbacks.manager [None req-f57af756-fa15-489e-b902-9d3f9aaa2dda None None] Subscribe: > process after_init 55550000, True {{(pid=101884) subscribe /opt/stack/data/venv/lib/python3.12/site-packages/neutron_lib/callbacks/manager.py:52}}
Jul 22 07:31:53.221495 np0000186159 devstack@neutron-api.service[101884]: DEBUG neutron_lib.callbacks.manager [None req-f57af756-fa15-489e-b902-9d3f9aaa2dda None None] Subscribe: > segment after_create 55550000, False {{(pid=101884) subscribe /opt/stack/data/venv/lib/python3.12/site-packages/neutron_lib/callbacks/manager.py:52}}
Jul 22 07:31:53.221597 np0000186159 devstack@neutron-api.service[101884]: DEBUG neutron_lib.callbacks.manager [None req-f57af756-fa15-489e-b902-9d3f9aaa2dda None None] Subscribe: > segment after_create 55550000, False {{(pid=101884) subscribe /opt/stack/data/venv/lib/python3.12/site-packages/neutron_lib/callbacks/manager.py:52}}
Jul 22 07:31:53.221693 np0000186159 devstack@neutron-api.service[101884]: DEBUG neutron_lib.callbacks.manager [None req-f57af756-fa15-489e-b902-9d3f9aaa2dda None None] Subscribe: > segment after_delete 55550000, False {{(pid=101884) subscribe /opt/stack/data/venv/lib/python3.12/site-packages/neutron_lib/callbacks/manager.py:52}}
Jul 22 07:31:53.221786 np0000186159 devstack@neutron-api.service[101884]: DEBUG neutron_lib.callbacks.manager [None req-f57af756-fa15-489e-b902-9d3f9aaa2dda None None] Subscribe: > allowed_address_pair before_create 55550000, False {{(pid=101884) subscribe /opt/stack/data/venv/lib/python3.12/site-packages/neutron_lib/callbacks/manager.py:52}}
Jul 22 07:31:53.221909 np0000186159 devstack@neutron-api.service[101884]: DEBUG neutron_lib.callbacks.manager [None req-f57af756-fa15-489e-b902-9d3f9aaa2dda None None] Subscribe: > security_group precommit_create 55550000, False {{(pid=101884) subscribe /opt/stack/data/venv/lib/python3.12/site-packages/neutron_lib/callbacks/manager.py:52}}
Jul 22 07:31:53.221996 np0000186159 devstack@neutron-api.service[101884]: DEBUG neutron_lib.callbacks.manager [None req-f57af756-fa15-489e-b902-9d3f9aaa2dda None None] Subscribe: > security_group after_update 55550000, False {{(pid=101884) subscribe /opt/stack/data/venv/lib/python3.12/site-packages/neutron_lib/callbacks/manager.py:52}}
Jul 22 07:31:53.222082 np0000186159 devstack@neutron-api.service[101884]: DEBUG neutron_lib.callbacks.manager [None req-f57af756-fa15-489e-b902-9d3f9aaa2dda None None] Subscribe: > security_group after_create 55550000, False {{(pid=101884) subscribe /opt/stack/data/venv/lib/python3.12/site-packages/neutron_lib/callbacks/manager.py:52}}
Jul 22 07:31:53.222417 np0000186159 devstack@neutron-api.service[101884]: DEBUG neutron_lib.callbacks.manager [None req-f57af756-fa15-489e-b902-9d3f9aaa2dda None None] Subscribe: > security_group precommit_delete 55550000, False {{(pid=101884) subscribe /opt/stack/data/venv/lib/python3.12/site-packages/neutron_lib/callbacks/manager.py:52}}
Jul 22 07:31:53.222417 np0000186159 devstack@neutron-api.service[101884]: DEBUG neutron_lib.callbacks.manager [None req-f57af756-fa15-489e-b902-9d3f9aaa2dda None None] Subscribe: > security_group after_delete 55550000, False {{(pid=101884) subscribe /opt/stack/data/venv/lib/python3.12/site-packages/neutron_lib/callbacks/manager.py:52}}
Jul 22 07:31:53.222417 np0000186159 devstack@neutron-api.service[101884]: DEBUG neutron_lib.callbacks.manager [None req-f57af756-fa15-489e-b902-9d3f9aaa2dda None None] Subscribe: > security_group_rule precommit_create 55550000, False {{(pid=101884) subscribe /opt/stack/data/venv/lib/python3.12/site-packages/neutron_lib/callbacks/manager.py:52}}
Jul 22 07:31:53.222553 np0000186159 devstack@neutron-api.service[101884]: DEBUG neutron_lib.callbacks.manager [None req-f57af756-fa15-489e-b902-9d3f9aaa2dda None None] Subscribe: > security_group_rule after_create 55550000, False {{(pid=101884) subscribe /opt/stack/data/venv/lib/python3.12/site-packages/neutron_lib/callbacks/manager.py:52}}
Jul 22 07:31:53.223088 np0000186159 devstack@neutron-api.service[101884]: DEBUG neutron_lib.callbacks.manager [None req-f57af756-fa15-489e-b902-9d3f9aaa2dda None None] Subscribe: > security_group_rule before_delete 55550000, False {{(pid=101884) subscribe /opt/stack/data/venv/lib/python3.12/site-packages/neutron_lib/callbacks/manager.py:52}}
Jul 22 07:31:53.223088 np0000186159 devstack@neutron-api.service[101884]: DEBUG neutron_lib.callbacks.manager [None req-f57af756-fa15-489e-b902-9d3f9aaa2dda None None] Subscribe: > address_group after_create 55550000, False {{(pid=101884) subscribe /opt/stack/data/venv/lib/python3.12/site-packages/neutron_lib/callbacks/manager.py:52}}
Jul 22 07:31:53.223088 np0000186159 devstack@neutron-api.service[101884]: DEBUG neutron_lib.callbacks.manager [None req-f57af756-fa15-489e-b902-9d3f9aaa2dda None None] Subscribe: > address_group after_update 55550000, False {{(pid=101884) subscribe /opt/stack/data/venv/lib/python3.12/site-packages/neutron_lib/callbacks/manager.py:52}}
Jul 22 07:31:53.223088 np0000186159 devstack@neutron-api.service[101884]: DEBUG neutron_lib.callbacks.manager [None req-f57af756-fa15-489e-b902-9d3f9aaa2dda None None] Subscribe: > address_group after_delete 55550000, False {{(pid=101884) subscribe /opt/stack/data/venv/lib/python3.12/site-packages/neutron_lib/callbacks/manager.py:52}}
Jul 22 07:31:53.223462 np0000186159 devstack@neutron-api.service[101884]: DEBUG neutron_lib.callbacks.manager [None req-f57af756-fa15-489e-b902-9d3f9aaa2dda None None] Subscribe: > qos_plugin after_init 55550000, False {{(pid=101884) subscribe /opt/stack/data/venv/lib/python3.12/site-packages/neutron_lib/callbacks/manager.py:52}}
Jul 22 07:31:53.223462 np0000186159 devstack@neutron-api.service[101884]: DEBUG neutron_lib.callbacks.manager [None req-f57af756-fa15-489e-b902-9d3f9aaa2dda None None] Subscribe: > trunk_plugin after_init 55550000, False {{(pid=101884) subscribe /opt/stack/data/venv/lib/python3.12/site-packages/neutron_lib/callbacks/manager.py:52}}
Jul 22 07:31:53.223784 np0000186159 devstack@neutron-api.service[101884]: DEBUG neutron_lib.callbacks.manager [None req-f57af756-fa15-489e-b902-9d3f9aaa2dda None None] Subscribe: > logging-plugin after_init 55550000, False {{(pid=101884) subscribe /opt/stack/data/venv/lib/python3.12/site-packages/neutron_lib/callbacks/manager.py:52}}
Jul 22 07:31:53.224014 np0000186159 devstack@neutron-api.service[101884]: INFO neutron.services.logapi.drivers.ovn.driver [None req-f57af756-fa15-489e-b902-9d3f9aaa2dda None None] OVN logging driver registered
Jul 22 07:31:53.224316 np0000186159 devstack@neutron-api.service[101884]: DEBUG neutron_lib.callbacks.manager [None req-f57af756-fa15-489e-b902-9d3f9aaa2dda None None] Subscribe: ._register_pvlan_driver at 0x7993a302a980> pvlan_plugin before_spawn 55550000, False {{(pid=101884) subscribe /opt/stack/data/venv/lib/python3.12/site-packages/neutron_lib/callbacks/manager.py:52}}
Jul 22 07:31:53.224316 np0000186159 devstack@neutron-api.service[101884]: DEBUG neutron_lib.callbacks.manager [None req-f57af756-fa15-489e-b902-9d3f9aaa2dda None None] Subscribe: process after_init 55550000, False {{(pid=101884) subscribe /opt/stack/data/venv/lib/python3.12/site-packages/neutron_lib/callbacks/manager.py:52}}
Jul 22 07:31:53.225786 np0000186159 devstack@neutron-api.service[101884]: DEBUG neutron.plugins.ml2.plugin [None req-f57af756-fa15-489e-b902-9d3f9aaa2dda None None] neutron.plugins.ml2.plugin.Ml2Plugin method _start_rpc_notifiers called with arguments () {} {{(pid=101884) wrapper /opt/stack/data/venv/lib/python3.12/site-packages/oslo_log/helpers.py:77}}
Jul 22 07:31:53.226076 np0000186159 devstack@neutron-api.service[101884]: DEBUG neutron_lib.callbacks.manager [None req-f57af756-fa15-489e-b902-9d3f9aaa2dda None None] Subscribe: > port after_create 55550000, False {{(pid=101884) subscribe /opt/stack/data/venv/lib/python3.12/site-packages/neutron_lib/callbacks/manager.py:52}}
Jul 22 07:31:53.226185 np0000186159 devstack@neutron-api.service[101884]: DEBUG neutron_lib.callbacks.manager [None req-f57af756-fa15-489e-b902-9d3f9aaa2dda None None] Subscribe: > port after_update 55550000, False {{(pid=101884) subscribe /opt/stack/data/venv/lib/python3.12/site-packages/neutron_lib/callbacks/manager.py:52}}
Jul 22 07:31:53.226292 np0000186159 devstack@neutron-api.service[101884]: DEBUG neutron_lib.callbacks.manager [None req-f57af756-fa15-489e-b902-9d3f9aaa2dda None None] Subscribe: > port after_delete 55550000, False {{(pid=101884) subscribe /opt/stack/data/venv/lib/python3.12/site-packages/neutron_lib/callbacks/manager.py:52}}
Jul 22 07:31:53.226387 np0000186159 devstack@neutron-api.service[101884]: DEBUG neutron_lib.callbacks.manager [None req-f57af756-fa15-489e-b902-9d3f9aaa2dda None None] Subscribe: > subnet after_create 55550000, False {{(pid=101884) subscribe /opt/stack/data/venv/lib/python3.12/site-packages/neutron_lib/callbacks/manager.py:52}}
Jul 22 07:31:53.226529 np0000186159 devstack@neutron-api.service[101884]: DEBUG neutron_lib.callbacks.manager [None req-f57af756-fa15-489e-b902-9d3f9aaa2dda None None] Subscribe: > subnet after_update 55550000, False {{(pid=101884) subscribe /opt/stack/data/venv/lib/python3.12/site-packages/neutron_lib/callbacks/manager.py:52}}
Jul 22 07:31:53.226644 np0000186159 devstack@neutron-api.service[101884]: DEBUG neutron_lib.callbacks.manager [None req-f57af756-fa15-489e-b902-9d3f9aaa2dda None None] Subscribe: > subnet after_delete 55550000, False {{(pid=101884) subscribe /opt/stack/data/venv/lib/python3.12/site-packages/neutron_lib/callbacks/manager.py:52}}
Jul 22 07:31:53.226744 np0000186159 devstack@neutron-api.service[101884]: DEBUG neutron_lib.callbacks.manager [None req-f57af756-fa15-489e-b902-9d3f9aaa2dda None None] Subscribe: > network after_create 55550000, False {{(pid=101884) subscribe /opt/stack/data/venv/lib/python3.12/site-packages/neutron_lib/callbacks/manager.py:52}}
Jul 22 07:31:53.226849 np0000186159 devstack@neutron-api.service[101884]: DEBUG neutron_lib.callbacks.manager [None req-f57af756-fa15-489e-b902-9d3f9aaa2dda None None] Subscribe: > network after_update 55550000, False {{(pid=101884) subscribe /opt/stack/data/venv/lib/python3.12/site-packages/neutron_lib/callbacks/manager.py:52}}
Jul 22 07:31:53.226944 np0000186159 devstack@neutron-api.service[101884]: DEBUG neutron_lib.callbacks.manager [None req-f57af756-fa15-489e-b902-9d3f9aaa2dda None None] Subscribe: > network after_delete 55550000, False {{(pid=101884) subscribe /opt/stack/data/venv/lib/python3.12/site-packages/neutron_lib/callbacks/manager.py:52}}
Jul 22 07:31:53.227070 np0000186159 devstack@neutron-api.service[101884]: DEBUG neutron_lib.callbacks.manager [None req-f57af756-fa15-489e-b902-9d3f9aaa2dda None None] Subscribe: > security_group after_create 55550000, False {{(pid=101884) subscribe /opt/stack/data/venv/lib/python3.12/site-packages/neutron_lib/callbacks/manager.py:52}}
Jul 22 07:31:53.227070 np0000186159 devstack@neutron-api.service[101884]: DEBUG neutron_lib.callbacks.manager [None req-f57af756-fa15-489e-b902-9d3f9aaa2dda None None] Subscribe: > security_group after_update 55550000, False {{(pid=101884) subscribe /opt/stack/data/venv/lib/python3.12/site-packages/neutron_lib/callbacks/manager.py:52}}
Jul 22 07:31:53.227197 np0000186159 devstack@neutron-api.service[101884]: DEBUG neutron_lib.callbacks.manager [None req-f57af756-fa15-489e-b902-9d3f9aaa2dda None None] Subscribe: > security_group after_delete 55550000, False {{(pid=101884) subscribe /opt/stack/data/venv/lib/python3.12/site-packages/neutron_lib/callbacks/manager.py:52}}
Jul 22 07:31:53.227349 np0000186159 devstack@neutron-api.service[101884]: DEBUG neutron_lib.callbacks.manager [None req-f57af756-fa15-489e-b902-9d3f9aaa2dda None None] Subscribe: > security_group_rule after_create 55550000, False {{(pid=101884) subscribe /opt/stack/data/venv/lib/python3.12/site-packages/neutron_lib/callbacks/manager.py:52}}
Jul 22 07:31:53.227349 np0000186159 devstack@neutron-api.service[101884]: DEBUG neutron_lib.callbacks.manager [None req-f57af756-fa15-489e-b902-9d3f9aaa2dda None None] Subscribe: > security_group_rule after_update 55550000, False {{(pid=101884) subscribe /opt/stack/data/venv/lib/python3.12/site-packages/neutron_lib/callbacks/manager.py:52}}
Jul 22 07:31:53.227534 np0000186159 devstack@neutron-api.service[101884]: DEBUG neutron_lib.callbacks.manager [None req-f57af756-fa15-489e-b902-9d3f9aaa2dda None None] Subscribe: > security_group_rule after_delete 55550000, False {{(pid=101884) subscribe /opt/stack/data/venv/lib/python3.12/site-packages/neutron_lib/callbacks/manager.py:52}}
Jul 22 07:31:53.227631 np0000186159 devstack@neutron-api.service[101884]: DEBUG neutron_lib.callbacks.manager [None req-f57af756-fa15-489e-b902-9d3f9aaa2dda None None] Subscribe: > address_group after_create 55550000, False {{(pid=101884) subscribe /opt/stack/data/venv/lib/python3.12/site-packages/neutron_lib/callbacks/manager.py:52}}
Jul 22 07:31:53.227730 np0000186159 devstack@neutron-api.service[101884]: DEBUG neutron_lib.callbacks.manager [None req-f57af756-fa15-489e-b902-9d3f9aaa2dda None None] Subscribe: > address_group after_update 55550000, False {{(pid=101884) subscribe /opt/stack/data/venv/lib/python3.12/site-packages/neutron_lib/callbacks/manager.py:52}}
Jul 22 07:31:53.227829 np0000186159 devstack@neutron-api.service[101884]: DEBUG neutron_lib.callbacks.manager [None req-f57af756-fa15-489e-b902-9d3f9aaa2dda None None] Subscribe: > address_group after_delete 55550000, False {{(pid=101884) subscribe /opt/stack/data/venv/lib/python3.12/site-packages/neutron_lib/callbacks/manager.py:52}}
Jul 22 07:31:53.227924 np0000186159 devstack@neutron-api.service[101884]: DEBUG neutron.plugins.ml2.ovo_rpc [None req-f57af756-fa15-489e-b902-9d3f9aaa2dda None None] ML2 OVO RPC backend initialized. {{(pid=101884) __init__ /opt/stack/neutron/neutron/plugins/ml2/ovo_rpc.py:117}}
Jul 22 07:31:53.228908 np0000186159 devstack@neutron-api.service[101884]: INFO neutron.quota [None req-f57af756-fa15-489e-b902-9d3f9aaa2dda None None] Loaded quota_driver: .
Jul 22 07:31:53.229189 np0000186159 devstack@neutron-api.service[101884]: INFO neutron.plugins.ml2.plugin [None req-f57af756-fa15-489e-b902-9d3f9aaa2dda None None] Modular L2 Plugin initialization complete
Jul 22 07:31:53.229189 np0000186159 devstack@neutron-api.service[101884]: DEBUG neutron.manager [None req-f57af756-fa15-489e-b902-9d3f9aaa2dda None None] Loading services supported by the core plugin {{(pid=101884) _load_services_from_core_plugin /opt/stack/neutron/neutron/manager.py:167}}
Jul 22 07:31:53.229189 np0000186159 devstack@neutron-api.service[101884]: INFO neutron.plugins.ml2.managers [None req-f57af756-fa15-489e-b902-9d3f9aaa2dda None None] Got port-security extension from driver 'port_security'
Jul 22 07:31:53.229552 np0000186159 devstack@neutron-api.service[101884]: DEBUG neutron.manager [None req-f57af756-fa15-489e-b902-9d3f9aaa2dda None None] Loading service plugins: ['ovn-router', 'auto_allocate', 'tag', 'timestamp', 'network_ip_availability', 'flavors', 'revisions'] {{(pid=101884) _load_service_plugins /opt/stack/neutron/neutron/manager.py:192}}
Jul 22 07:31:53.229650 np0000186159 devstack@neutron-api.service[101884]: INFO neutron.manager [None req-f57af756-fa15-489e-b902-9d3f9aaa2dda None None] Loading Plugin: ovn-router
Jul 22 07:31:53.235875 np0000186159 devstack@neutron-api.service[101887]: DEBUG neutron.api.extensions [None req-ab2dcc59-1943-47c2-aa63-19d89af28086 None None] Ext name="Prevent L3 router ports IP address change extension" alias="l3-port-ip-change-not-allowed" description="Prevent change of IP address for some L3 router ports" updated="2018-10-09T10:00:00-00:00" {{(pid=101887) _check_extension /opt/stack/neutron/neutron/api/extensions.py:415}}
Jul 22 07:31:53.236212 np0000186159 devstack@neutron-api.service[101887]: INFO neutron.api.extensions [None req-ab2dcc59-1943-47c2-aa63-19d89af28086 None None] Extension l3-port-ip-change-not-allowed not supported by any of loaded plugins
Jul 22 07:31:53.236212 np0000186159 devstack@neutron-api.service[101887]: DEBUG neutron.api.extensions [None req-ab2dcc59-1943-47c2-aa63-19d89af28086 None None] Loading extension file: l3agentscheduler.py {{(pid=101887) _load_all_extensions_from_path /opt/stack/neutron/neutron/api/extensions.py:449}}
Jul 22 07:31:53.237488 np0000186159 devstack@neutron-api.service[101887]: DEBUG neutron.api.extensions [None req-ab2dcc59-1943-47c2-aa63-19d89af28086 None None] Ext name="L3 Agent Scheduler" alias="l3_agent_scheduler" description="Schedule routers among l3 agents" updated="2013-02-07T10:00:00-00:00" {{(pid=101887) _check_extension /opt/stack/neutron/neutron/api/extensions.py:415}}
Jul 22 07:31:53.237705 np0000186159 devstack@neutron-api.service[101887]: INFO neutron.api.extensions [None req-ab2dcc59-1943-47c2-aa63-19d89af28086 None None] Loaded extension: l3_agent_scheduler
Jul 22 07:31:53.237705 np0000186159 devstack@neutron-api.service[101887]: DEBUG neutron.api.extensions [None req-ab2dcc59-1943-47c2-aa63-19d89af28086 None None] Loading extension file: local_ip.py {{(pid=101887) _load_all_extensions_from_path /opt/stack/neutron/neutron/api/extensions.py:449}}
Jul 22 07:31:53.238102 np0000186159 devstack@neutron-api.service[101887]: DEBUG neutron.api.extensions [None req-ab2dcc59-1943-47c2-aa63-19d89af28086 None None] Ext name="Local IP" alias="local_ip" description="Support Node Local Virtual IP" updated="2021-07-26T10:00:00-00:00" {{(pid=101887) _check_extension /opt/stack/neutron/neutron/api/extensions.py:415}}
Jul 22 07:31:53.238270 np0000186159 devstack@neutron-api.service[101887]: INFO neutron.api.extensions [None req-ab2dcc59-1943-47c2-aa63-19d89af28086 None None] Extension local_ip not supported by any of loaded plugins
Jul 22 07:31:53.238457 np0000186159 devstack@neutron-api.service[101887]: DEBUG neutron.api.extensions [None req-ab2dcc59-1943-47c2-aa63-19d89af28086 None None] Loading extension file: logging.py {{(pid=101887) _load_all_extensions_from_path /opt/stack/neutron/neutron/api/extensions.py:449}}
Jul 22 07:31:53.238707 np0000186159 devstack@neutron-api.service[101887]: DEBUG neutron.api.extensions [None req-ab2dcc59-1943-47c2-aa63-19d89af28086 None None] Ext name="Logging API Extension" alias="logging" description="Provides a logging API for resources such as security group and firewall." updated="2017-01-01T10:00:00-00:00" {{(pid=101887) _check_extension /opt/stack/neutron/neutron/api/extensions.py:415}}
Jul 22 07:31:53.238897 np0000186159 devstack@neutron-api.service[101887]: INFO neutron.api.extensions [None req-ab2dcc59-1943-47c2-aa63-19d89af28086 None None] Extension logging not supported by any of loaded plugins
Jul 22 07:31:53.238992 np0000186159 devstack@neutron-api.service[101887]: DEBUG neutron.api.extensions [None req-ab2dcc59-1943-47c2-aa63-19d89af28086 None None] Loading extension file: metering.py {{(pid=101887) _load_all_extensions_from_path /opt/stack/neutron/neutron/api/extensions.py:449}}
Jul 22 07:31:53.239313 np0000186159 devstack@neutron-api.service[101887]: DEBUG neutron.api.extensions [None req-ab2dcc59-1943-47c2-aa63-19d89af28086 None None] Ext name="Neutron Metering" alias="metering" description="Neutron Metering extension." updated="2013-06-12T10:00:00-00:00" {{(pid=101887) _check_extension /opt/stack/neutron/neutron/api/extensions.py:415}}
Jul 22 07:31:53.239575 np0000186159 devstack@neutron-api.service[101887]: INFO neutron.api.extensions [None req-ab2dcc59-1943-47c2-aa63-19d89af28086 None None] Extension metering not supported by any of loaded plugins
Jul 22 07:31:53.239639 np0000186159 devstack@neutron-api.service[101887]: DEBUG neutron.api.extensions [None req-ab2dcc59-1943-47c2-aa63-19d89af28086 None None] Loading extension file: metering_source_and_destination_fields.py {{(pid=101887) _load_all_extensions_from_path /opt/stack/neutron/neutron/api/extensions.py:449}}
Jul 22 07:31:53.239877 np0000186159 devstack@neutron-api.service[101887]: DEBUG neutron.api.extensions [None req-ab2dcc59-1943-47c2-aa63-19d89af28086 None None] Ext name="Neutron Metering with source and destination filtering" alias="metering_source_and_destination_fields" description="Neutron Metering extension that enables the use of source and destination IP prefixes to create metering label rules." updated="2020-08-21T08:12:00-00:00" {{(pid=101887) _check_extension /opt/stack/neutron/neutron/api/extensions.py:415}}
Jul 22 07:31:53.240061 np0000186159 devstack@neutron-api.service[101887]: INFO neutron.api.extensions [None req-ab2dcc59-1943-47c2-aa63-19d89af28086 None None] Extension metering_source_and_destination_fields not supported by any of loaded plugins
Jul 22 07:31:53.240097 np0000186159 devstack@neutron-api.service[101884]: DEBUG neutron_lib.callbacks.manager [None req-f57af756-fa15-489e-b902-9d3f9aaa2dda None None] Subscribe: > router before_delete 55550000, False {{(pid=101884) subscribe /opt/stack/data/venv/lib/python3.12/site-packages/neutron_lib/callbacks/manager.py:52}}
Jul 22 07:31:53.240151 np0000186159 devstack@neutron-api.service[101887]: DEBUG neutron.api.extensions [None req-ab2dcc59-1943-47c2-aa63-19d89af28086 None None] Loading extension file: multiprovidernet.py {{(pid=101887) _load_all_extensions_from_path /opt/stack/neutron/neutron/api/extensions.py:449}}
Jul 22 07:31:53.240274 np0000186159 devstack@neutron-api.service[101884]: DEBUG neutron_lib.callbacks.manager [None req-f57af756-fa15-489e-b902-9d3f9aaa2dda None None] Subscribe: port before_update 55550000, False {{(pid=101884) subscribe /opt/stack/data/venv/lib/python3.12/site-packages/neutron_lib/callbacks/manager.py:52}}
Jul 22 07:31:53.240372 np0000186159 devstack@neutron-api.service[101884]: DEBUG neutron_lib.callbacks.manager [None req-f57af756-fa15-489e-b902-9d3f9aaa2dda None None] Subscribe: port after_update 55550000, False {{(pid=101884) subscribe /opt/stack/data/venv/lib/python3.12/site-packages/neutron_lib/callbacks/manager.py:52}}
Jul 22 07:31:53.240404 np0000186159 devstack@neutron-api.service[101887]: DEBUG neutron.api.extensions [None req-ab2dcc59-1943-47c2-aa63-19d89af28086 None None] Ext name="Multi Provider Network" alias="multi-provider" description="Expose mapping of virtual networks to multiple physical networks" updated="2013-06-27T10:00:00-00:00" {{(pid=101887) _check_extension /opt/stack/neutron/neutron/api/extensions.py:415}}
Jul 22 07:31:53.240434 np0000186159 devstack@neutron-api.service[101884]: DEBUG neutron_lib.callbacks.manager [None req-f57af756-fa15-489e-b902-9d3f9aaa2dda None None] Subscribe: > port precommit_delete 55550000, False {{(pid=101884) subscribe /opt/stack/data/venv/lib/python3.12/site-packages/neutron_lib/callbacks/manager.py:52}}
Jul 22 07:31:53.240563 np0000186159 devstack@neutron-api.service[101884]: DEBUG neutron_lib.callbacks.manager [None req-f57af756-fa15-489e-b902-9d3f9aaa2dda None None] Subscribe: port before_update 55550000, False {{(pid=101884) subscribe /opt/stack/data/venv/lib/python3.12/site-packages/neutron_lib/callbacks/manager.py:52}}
Jul 22 07:31:53.240634 np0000186159 devstack@neutron-api.service[101887]: INFO neutron.api.extensions [None req-ab2dcc59-1943-47c2-aa63-19d89af28086 None None] Loaded extension: multi-provider
Jul 22 07:31:53.240699 np0000186159 devstack@neutron-api.service[101884]: DEBUG neutron_lib.callbacks.manager [None req-f57af756-fa15-489e-b902-9d3f9aaa2dda None None] Subscribe: port before_delete 55550000, False {{(pid=101884) subscribe /opt/stack/data/venv/lib/python3.12/site-packages/neutron_lib/callbacks/manager.py:52}}
Jul 22 07:31:53.240760 np0000186159 devstack@neutron-api.service[101887]: DEBUG neutron.api.extensions [None req-ab2dcc59-1943-47c2-aa63-19d89af28086 None None] Loading extension file: netmtu.py {{(pid=101887) _load_all_extensions_from_path /opt/stack/neutron/neutron/api/extensions.py:449}}
Jul 22 07:31:53.240824 np0000186159 devstack@neutron-api.service[101884]: DEBUG neutron_lib.callbacks.manager [None req-f57af756-fa15-489e-b902-9d3f9aaa2dda None None] Subscribe: > router precommit_create 55550000, False {{(pid=101884) subscribe /opt/stack/data/venv/lib/python3.12/site-packages/neutron_lib/callbacks/manager.py:52}}
Jul 22 07:31:53.240896 np0000186159 devstack@neutron-api.service[101884]: DEBUG neutron_lib.callbacks.manager [None req-f57af756-fa15-489e-b902-9d3f9aaa2dda None None] Subscribe: > router precommit_create 55550000, False {{(pid=101884) subscribe /opt/stack/data/venv/lib/python3.12/site-packages/neutron_lib/callbacks/manager.py:52}}
Jul 22 07:31:53.240968 np0000186159 devstack@neutron-api.service[101887]: DEBUG neutron.api.extensions [None req-ab2dcc59-1943-47c2-aa63-19d89af28086 None None] Ext name="Network MTU" alias="net-mtu" description="Provides MTU attribute for a network resource." updated="2015-03-25T10:00:00-00:00" {{(pid=101887) _check_extension /opt/stack/neutron/neutron/api/extensions.py:415}}
Jul 22 07:31:53.241002 np0000186159 devstack@neutron-api.service[101884]: DEBUG neutron_lib.callbacks.manager [None req-f57af756-fa15-489e-b902-9d3f9aaa2dda None None] Subscribe: > router precommit_update 55550000, False {{(pid=101884) subscribe /opt/stack/data/venv/lib/python3.12/site-packages/neutron_lib/callbacks/manager.py:52}}
Jul 22 07:31:53.241109 np0000186159 devstack@neutron-api.service[101884]: DEBUG neutron_lib.callbacks.manager [None req-f57af756-fa15-489e-b902-9d3f9aaa2dda None None] Subscribe: subnet after_update 55550000, False {{(pid=101884) subscribe /opt/stack/data/venv/lib/python3.12/site-packages/neutron_lib/callbacks/manager.py:52}}
Jul 22 07:31:53.241174 np0000186159 devstack@neutron-api.service[101887]: INFO neutron.api.extensions [None req-ab2dcc59-1943-47c2-aa63-19d89af28086 None None] Loaded extension: net-mtu
Jul 22 07:31:53.241174 np0000186159 devstack@neutron-api.service[101887]: DEBUG neutron.api.extensions [None req-ab2dcc59-1943-47c2-aa63-19d89af28086 None None] Loading extension file: netmtu_writable.py {{(pid=101887) _load_all_extensions_from_path /opt/stack/neutron/neutron/api/extensions.py:449}}
Jul 22 07:31:53.241313 np0000186159 devstack@neutron-api.service[101884]: DEBUG neutron.quota.resource_registry [None req-f57af756-fa15-489e-b902-9d3f9aaa2dda None None] Tracking information for resource: router configured {{(pid=101884) set_tracked_resource /opt/stack/neutron/neutron/quota/resource_registry.py:203}}
Jul 22 07:31:53.241400 np0000186159 devstack@neutron-api.service[101884]: DEBUG neutron.quota.resource_registry [None req-f57af756-fa15-489e-b902-9d3f9aaa2dda None None] Tracking information for resource: floatingip configured {{(pid=101884) set_tracked_resource /opt/stack/neutron/neutron/quota/resource_registry.py:203}}
Jul 22 07:31:53.241488 np0000186159 devstack@neutron-api.service[101887]: DEBUG neutron.api.extensions [None req-ab2dcc59-1943-47c2-aa63-19d89af28086 None None] Ext name="Network MTU (writable)" alias="net-mtu-writable" description="Provides a writable MTU attribute for a network resource." updated="2017-07-12T00:00:00-00:00" {{(pid=101887) _check_extension /opt/stack/neutron/neutron/api/extensions.py:415}}
Jul 22 07:31:53.241549 np0000186159 devstack@neutron-api.service[101884]: INFO neutron.services.ovn_l3.plugin [None req-f57af756-fa15-489e-b902-9d3f9aaa2dda None None] Starting OVNL3RouterPlugin
Jul 22 07:31:53.241614 np0000186159 devstack@neutron-api.service[101887]: INFO neutron.api.extensions [None req-ab2dcc59-1943-47c2-aa63-19d89af28086 None None] Loaded extension: net-mtu-writable
Jul 22 07:31:53.241709 np0000186159 devstack@neutron-api.service[101884]: DEBUG neutron_lib.callbacks.manager [None req-f57af756-fa15-489e-b902-9d3f9aaa2dda None None] Subscribe: > port_forwarding_plugin after_init 55550000, False {{(pid=101884) subscribe /opt/stack/data/venv/lib/python3.12/site-packages/neutron_lib/callbacks/manager.py:52}}
Jul 22 07:31:53.241738 np0000186159 devstack@neutron-api.service[101887]: DEBUG neutron.api.extensions [None req-ab2dcc59-1943-47c2-aa63-19d89af28086 None None] Loading extension file: network_availability_zone.py {{(pid=101887) _load_all_extensions_from_path /opt/stack/neutron/neutron/api/extensions.py:449}}
Jul 22 07:31:53.241925 np0000186159 devstack@neutron-api.service[101884]: DEBUG neutron_lib.callbacks.manager [None req-f57af756-fa15-489e-b902-9d3f9aaa2dda None None] Subscribe: > router before_create 55550100, False {{(pid=101884) subscribe /opt/stack/data/venv/lib/python3.12/site-packages/neutron_lib/callbacks/manager.py:52}}
Jul 22 07:31:53.242013 np0000186159 devstack@neutron-api.service[101887]: DEBUG neutron.api.extensions [None req-ab2dcc59-1943-47c2-aa63-19d89af28086 None None] Ext name="Network Availability Zone" alias="network_availability_zone" description="Availability zone support for network." updated="2015-01-01T10:00:00-00:00" {{(pid=101887) _check_extension /opt/stack/neutron/neutron/api/extensions.py:415}}
Jul 22 07:31:53.242164 np0000186159 devstack@neutron-api.service[101884]: DEBUG neutron_lib.callbacks.manager [None req-f57af756-fa15-489e-b902-9d3f9aaa2dda None None] Subscribe: > router precommit_delete 55550100, False {{(pid=101884) subscribe /opt/stack/data/venv/lib/python3.12/site-packages/neutron_lib/callbacks/manager.py:52}}
Jul 22 07:31:53.242164 np0000186159 devstack@neutron-api.service[101884]: DEBUG neutron_lib.callbacks.manager [None req-f57af756-fa15-489e-b902-9d3f9aaa2dda None None] Subscribe: > router precommit_create 55550100, False {{(pid=101884) subscribe /opt/stack/data/venv/lib/python3.12/site-packages/neutron_lib/callbacks/manager.py:52}}
Jul 22 07:31:53.242353 np0000186159 devstack@neutron-api.service[101887]: INFO neutron.api.extensions [None req-ab2dcc59-1943-47c2-aa63-19d89af28086 None None] Loaded extension: network_availability_zone
Jul 22 07:31:53.242536 np0000186159 devstack@neutron-api.service[101884]: DEBUG neutron_lib.callbacks.manager [None req-f57af756-fa15-489e-b902-9d3f9aaa2dda None None] Subscribe: > router precommit_update 55550100, False {{(pid=101884) subscribe /opt/stack/data/venv/lib/python3.12/site-packages/neutron_lib/callbacks/manager.py:52}}
Jul 22 07:31:53.242710 np0000186159 devstack@neutron-api.service[101887]: DEBUG neutron.api.extensions [None req-ab2dcc59-1943-47c2-aa63-19d89af28086 None None] Loading extension file: network_ha.py {{(pid=101887) _load_all_extensions_from_path /opt/stack/neutron/neutron/api/extensions.py:449}}
Jul 22 07:31:53.242710 np0000186159 devstack@neutron-api.service[101887]: DEBUG neutron.api.extensions [None req-ab2dcc59-1943-47c2-aa63-19d89af28086 None None] Ext name="Network HA creation flag" alias="network_ha" description="Network high availability creation flag." updated="2023-04-27T10:00:00-00:00" {{(pid=101887) _check_extension /opt/stack/neutron/neutron/api/extensions.py:415}}
Jul 22 07:31:53.242710 np0000186159 devstack@neutron-api.service[101887]: INFO neutron.api.extensions [None req-ab2dcc59-1943-47c2-aa63-19d89af28086 None None] Extension network_ha not supported by any of loaded plugins
Jul 22 07:31:53.242932 np0000186159 devstack@neutron-api.service[101887]: DEBUG neutron.api.extensions [None req-ab2dcc59-1943-47c2-aa63-19d89af28086 None None] Loading extension file: network_ip_availability.py {{(pid=101887) _load_all_extensions_from_path /opt/stack/neutron/neutron/api/extensions.py:449}}
