2026-07-21 07:56:14.030 7 INFO cinder.api.openstack.wsgi [None req-1ddd9758-3ca5-4942-a681-db4e995d649d e177f0421fbe43aaafe92da3c902e96a b31dccfd69184c0eb318dafcd86546ed - - default default] GET http://10.0.0.100:8776/
2026-07-21 07:56:14.031 7 INFO cinder.api.openstack.wsgi [None req-1ddd9758-3ca5-4942-a681-db4e995d649d e177f0421fbe43aaafe92da3c902e96a b31dccfd69184c0eb318dafcd86546ed - - default default] http://10.0.0.100:8776/ returned with HTTP 300 /var/lib/openstack/lib/python3.12/site-packages/pycadf/identifier.py:70: UserWarning: Invalid uuid: cinderv3. To ensure interoperability, identifiers should be a valid uuid. warnings.warn(('Invalid uuid: %s. To ensure interoperability, '
2026-07-21 07:56:14.036 8 INFO cinder.api.openstack.wsgi [None req-41cf340b-ab13-4ff8-9da7-92f4672956fd e177f0421fbe43aaafe92da3c902e96a b31dccfd69184c0eb318dafcd86546ed - - default default] GET http://cinder-api.openstack.svc.cluster.local:8776/v3/b31dccfd69184c0eb318dafcd86546ed/volumes/86710ca5-a1c5-41e5-86f1-dc22ebfaaff2 /var/lib/openstack/lib/python3.12/site-packages/oslo_context/context.py:102: DeprecationWarning: Policy enforcement is depending on the value of is_admin. This key is deprecated. Please update your policy file to use the standard policy values. warnings.warn(
2026-07-21 07:56:14.060 8 INFO cinder.volume.api [None req-41cf340b-ab13-4ff8-9da7-92f4672956fd e177f0421fbe43aaafe92da3c902e96a b31dccfd69184c0eb318dafcd86546ed - - default default] Volume info retrieved successfully.
2026-07-21 07:56:14.068 8 INFO cinder.api.openstack.wsgi [None req-41cf340b-ab13-4ff8-9da7-92f4672956fd e177f0421fbe43aaafe92da3c902e96a b31dccfd69184c0eb318dafcd86546ed - - default default] http://cinder-api.openstack.svc.cluster.local:8776/v3/b31dccfd69184c0eb318dafcd86546ed/volumes/86710ca5-a1c5-41e5-86f1-dc22ebfaaff2 returned with HTTP 200 [pid: 8|app: 0|req: 404/810] 10.0.0.45 () {32 vars in 774 bytes} [Tue Jul 21 07:56:14 2026] GET /v3/b31dccfd69184c0eb318dafcd86546ed/volumes/86710ca5-a1c5-41e5-86f1-dc22ebfaaff2 => generated 944 bytes in 37 msecs (HTTP/1.1 200) 7 headers in 285 bytes (1 switches on core 0) /var/lib/openstack/lib/python3.12/site-packages/pycadf/identifier.py:70: UserWarning: Invalid uuid: cinderv3. To ensure interoperability, identifiers should be a valid uuid. warnings.warn(('Invalid uuid: %s. To ensure interoperability, '
2026-07-21 07:56:15.093 7 INFO cinder.api.openstack.wsgi [None req-95d01434-31a6-4e44-8cdf-9c5a7ade5c3e e177f0421fbe43aaafe92da3c902e96a b31dccfd69184c0eb318dafcd86546ed - - default default] GET http://cinder-api.openstack.svc.cluster.local:8776/v3/b31dccfd69184c0eb318dafcd86546ed/volumes/86710ca5-a1c5-41e5-86f1-dc22ebfaaff2 /var/lib/openstack/lib/python3.12/site-packages/oslo_context/context.py:102: DeprecationWarning: Policy enforcement is depending on the value of is_admin. This key is deprecated. Please update your policy file to use the standard policy values. warnings.warn(
2026-07-21 07:56:15.114 7 INFO cinder.volume.api [None req-95d01434-31a6-4e44-8cdf-9c5a7ade5c3e e177f0421fbe43aaafe92da3c902e96a b31dccfd69184c0eb318dafcd86546ed - - default default] Volume info retrieved successfully.
2026-07-21 07:56:15.122 7 INFO cinder.api.openstack.wsgi [None req-95d01434-31a6-4e44-8cdf-9c5a7ade5c3e e177f0421fbe43aaafe92da3c902e96a b31dccfd69184c0eb318dafcd86546ed - - default default] http://cinder-api.openstack.svc.cluster.local:8776/v3/b31dccfd69184c0eb318dafcd86546ed/volumes/86710ca5-a1c5-41e5-86f1-dc22ebfaaff2 returned with HTTP 200 [pid: 7|app: 0|req: 407/811] 10.0.0.45 () {32 vars in 774 bytes} [Tue Jul 21 07:56:15 2026] GET /v3/b31dccfd69184c0eb318dafcd86546ed/volumes/86710ca5-a1c5-41e5-86f1-dc22ebfaaff2 => generated 969 bytes in 40 msecs (HTTP/1.1 200) 7 headers in 285 bytes (1 switches on core 0) /var/lib/openstack/lib/python3.12/site-packages/pycadf/identifier.py:70: UserWarning: Invalid uuid: cinderv3. To ensure interoperability, identifiers should be a valid uuid. warnings.warn(('Invalid uuid: %s. To ensure interoperability, '
2026-07-21 07:56:15.147 8 INFO cinder.api.openstack.wsgi [None req-3970b77d-df96-49b5-bc2b-fbb14e844437 e177f0421fbe43aaafe92da3c902e96a b31dccfd69184c0eb318dafcd86546ed - - default default] GET http://cinder-api.openstack.svc.cluster.local:8776/v3/b31dccfd69184c0eb318dafcd86546ed/volumes/86710ca5-a1c5-41e5-86f1-dc22ebfaaff2 /var/lib/openstack/lib/python3.12/site-packages/oslo_context/context.py:102: DeprecationWarning: Policy enforcement is depending on the value of is_admin. This key is deprecated. Please update your policy file to use the standard policy values. warnings.warn(
2026-07-21 07:56:15.164 8 INFO cinder.volume.api [None req-3970b77d-df96-49b5-bc2b-fbb14e844437 e177f0421fbe43aaafe92da3c902e96a b31dccfd69184c0eb318dafcd86546ed - - default default] Volume info retrieved successfully.
2026-07-21 07:56:15.170 8 INFO cinder.api.openstack.wsgi [None req-3970b77d-df96-49b5-bc2b-fbb14e844437 e177f0421fbe43aaafe92da3c902e96a b31dccfd69184c0eb318dafcd86546ed - - default default] http://cinder-api.openstack.svc.cluster.local:8776/v3/b31dccfd69184c0eb318dafcd86546ed/volumes/86710ca5-a1c5-41e5-86f1-dc22ebfaaff2 returned with HTTP 200 [pid: 8|app: 0|req: 405/812] 10.0.0.45 () {32 vars in 774 bytes} [Tue Jul 21 07:56:15 2026] GET /v3/b31dccfd69184c0eb318dafcd86546ed/volumes/86710ca5-a1c5-41e5-86f1-dc22ebfaaff2 => generated 969 bytes in 30 msecs (HTTP/1.1 200) 7 headers in 285 bytes (1 switches on core 0) /var/lib/openstack/lib/python3.12/site-packages/pycadf/identifier.py:70: UserWarning: Invalid uuid: cinderv3. To ensure interoperability, identifiers should be a valid uuid. warnings.warn(('Invalid uuid: %s. To ensure interoperability, '
2026-07-21 07:56:15.196 7 INFO cinder.api.openstack.wsgi [None req-5a7180eb-9a15-49d7-911a-9fc654b36b9c e177f0421fbe43aaafe92da3c902e96a b31dccfd69184c0eb318dafcd86546ed - - default default] GET http://cinder-api.openstack.svc.cluster.local:8776/v3/b31dccfd69184c0eb318dafcd86546ed/volumes
2026-07-21 07:56:15.252 7 INFO cinder.volume.api [None req-5a7180eb-9a15-49d7-911a-9fc654b36b9c e177f0421fbe43aaafe92da3c902e96a b31dccfd69184c0eb318dafcd86546ed - - default default] Get all volumes completed successfully.
2026-07-21 07:56:15.253 7 INFO cinder.api.openstack.wsgi [None req-5a7180eb-9a15-49d7-911a-9fc654b36b9c e177f0421fbe43aaafe92da3c902e96a b31dccfd69184c0eb318dafcd86546ed - - default default] http://cinder-api.openstack.svc.cluster.local:8776/v3/b31dccfd69184c0eb318dafcd86546ed/volumes returned with HTTP 200 [pid: 7|app: 0|req: 408/813] 10.0.0.45 () {32 vars in 700 bytes} [Tue Jul 21 07:56:15 2026] GET /v3/b31dccfd69184c0eb318dafcd86546ed/volumes => generated 1322 bytes in 67 msecs (HTTP/1.1 200) 7 headers in 286 bytes (1 switches on core 0) /var/lib/openstack/lib/python3.12/site-packages/pycadf/identifier.py:70: UserWarning: Invalid uuid: cinderv3. To ensure interoperability, identifiers should be a valid uuid. warnings.warn(('Invalid uuid: %s. To ensure interoperability, '
2026-07-21 07:56:15.271 8 INFO cinder.api.openstack.wsgi [None req-ade76ba9-9e19-4955-986d-0e940827cdac e177f0421fbe43aaafe92da3c902e96a b31dccfd69184c0eb318dafcd86546ed - - default default] GET http://cinder-api.openstack.svc.cluster.local:8776/v3/b31dccfd69184c0eb318dafcd86546ed/volumes/86710ca5-a1c5-41e5-86f1-dc22ebfaaff2 /var/lib/openstack/lib/python3.12/site-packages/oslo_context/context.py:102: DeprecationWarning: Policy enforcement is depending on the value of is_admin. This key is deprecated. Please update your policy file to use the standard policy values. warnings.warn(
2026-07-21 07:56:15.291 8 INFO cinder.volume.api [None req-ade76ba9-9e19-4955-986d-0e940827cdac e177f0421fbe43aaafe92da3c902e96a b31dccfd69184c0eb318dafcd86546ed - - default default] Volume info retrieved successfully.
2026-07-21 07:56:15.298 8 INFO cinder.api.openstack.wsgi [None req-ade76ba9-9e19-4955-986d-0e940827cdac e177f0421fbe43aaafe92da3c902e96a b31dccfd69184c0eb318dafcd86546ed - - default default] http://cinder-api.openstack.svc.cluster.local:8776/v3/b31dccfd69184c0eb318dafcd86546ed/volumes/86710ca5-a1c5-41e5-86f1-dc22ebfaaff2 returned with HTTP 200 [pid: 8|app: 0|req: 406/814] 10.0.0.45 () {32 vars in 774 bytes} [Tue Jul 21 07:56:15 2026] GET /v3/b31dccfd69184c0eb318dafcd86546ed/volumes/86710ca5-a1c5-41e5-86f1-dc22ebfaaff2 => generated 969 bytes in 34 msecs (HTTP/1.1 200) 7 headers in 285 bytes (1 switches on core 0) /var/lib/openstack/lib/python3.12/site-packages/pycadf/identifier.py:70: UserWarning: Invalid uuid: cinderv3. To ensure interoperability, identifiers should be a valid uuid. warnings.warn(('Invalid uuid: %s. To ensure interoperability, '
2026-07-21 07:56:15.320 7 INFO cinder.api.openstack.wsgi [None req-2a6296f1-d843-48ec-acbe-842f4a1ead05 e177f0421fbe43aaafe92da3c902e96a b31dccfd69184c0eb318dafcd86546ed - - default default] DELETE http://cinder-api.openstack.svc.cluster.local:8776/v3/b31dccfd69184c0eb318dafcd86546ed/volumes/86710ca5-a1c5-41e5-86f1-dc22ebfaaff2
2026-07-21 07:56:15.320 7 INFO cinder.api.v3.volumes [None req-2a6296f1-d843-48ec-acbe-842f4a1ead05 e177f0421fbe43aaafe92da3c902e96a b31dccfd69184c0eb318dafcd86546ed - - default default] Delete volume with id: 86710ca5-a1c5-41e5-86f1-dc22ebfaaff2 /var/lib/openstack/lib/python3.12/site-packages/oslo_context/context.py:102: DeprecationWarning: Policy enforcement is depending on the value of is_admin. This key is deprecated. Please update your policy file to use the standard policy values. warnings.warn(
2026-07-21 07:56:15.349 7 INFO cinder.volume.api [None req-2a6296f1-d843-48ec-acbe-842f4a1ead05 e177f0421fbe43aaafe92da3c902e96a b31dccfd69184c0eb318dafcd86546ed - - default default] Volume info retrieved successfully.
2026-07-21 07:56:15.399 7 INFO cinder.volume.api [None req-2a6296f1-d843-48ec-acbe-842f4a1ead05 e177f0421fbe43aaafe92da3c902e96a b31dccfd69184c0eb318dafcd86546ed - - default default] Delete volume request issued successfully.
2026-07-21 07:56:15.399 7 INFO cinder.api.openstack.wsgi [None req-2a6296f1-d843-48ec-acbe-842f4a1ead05 e177f0421fbe43aaafe92da3c902e96a b31dccfd69184c0eb318dafcd86546ed - - default default] http://cinder-api.openstack.svc.cluster.local:8776/v3/b31dccfd69184c0eb318dafcd86546ed/volumes/86710ca5-a1c5-41e5-86f1-dc22ebfaaff2 returned with HTTP 202 [pid: 7|app: 0|req: 409/815] 10.0.0.45 () {32 vars in 777 bytes} [Tue Jul 21 07:56:15 2026] DELETE /v3/b31dccfd69184c0eb318dafcd86546ed/volumes/86710ca5-a1c5-41e5-86f1-dc22ebfaaff2 => generated 0 bytes in 91 msecs (HTTP/1.1 202) 6 headers in 233 bytes (1 switches on core 0) /var/lib/openstack/lib/python3.12/site-packages/pycadf/identifier.py:70: UserWarning: Invalid uuid: cinderv3. To ensure interoperability, identifiers should be a valid uuid. warnings.warn(('Invalid uuid: %s. To ensure interoperability, '
2026-07-21 07:56:15.416 8 INFO cinder.api.openstack.wsgi [None req-14bf5959-e112-43a1-8557-3e1833d78571 e177f0421fbe43aaafe92da3c902e96a b31dccfd69184c0eb318dafcd86546ed - - default default] GET http://cinder-api.openstack.svc.cluster.local:8776/v3/b31dccfd69184c0eb318dafcd86546ed/volumes/86710ca5-a1c5-41e5-86f1-dc22ebfaaff2 /var/lib/openstack/lib/python3.12/site-packages/oslo_context/context.py:102: DeprecationWarning: Policy enforcement is depending on the value of is_admin. This key is deprecated. Please update your policy file to use the standard policy values. warnings.warn(
2026-07-21 07:56:15.441 8 INFO cinder.volume.api [None req-14bf5959-e112-43a1-8557-3e1833d78571 e177f0421fbe43aaafe92da3c902e96a b31dccfd69184c0eb318dafcd86546ed - - default default] Volume info retrieved successfully.
2026-07-21 07:56:15.448 8 INFO cinder.api.openstack.wsgi [None req-14bf5959-e112-43a1-8557-3e1833d78571 e177f0421fbe43aaafe92da3c902e96a b31dccfd69184c0eb318dafcd86546ed - - default default] http://cinder-api.openstack.svc.cluster.local:8776/v3/b31dccfd69184c0eb318dafcd86546ed/volumes/86710ca5-a1c5-41e5-86f1-dc22ebfaaff2 returned with HTTP 200 [pid: 8|app: 0|req: 407/816] 10.0.0.45 () {32 vars in 774 bytes} [Tue Jul 21 07:56:15 2026] GET /v3/b31dccfd69184c0eb318dafcd86546ed/volumes/86710ca5-a1c5-41e5-86f1-dc22ebfaaff2 => generated 968 bytes in 40 msecs (HTTP/1.1 200) 7 headers in 285 bytes (1 switches on core 0) /var/lib/openstack/lib/python3.12/site-packages/pycadf/identifier.py:70: UserWarning: Invalid uuid: cinderv3. To ensure interoperability, identifiers should be a valid uuid. warnings.warn(('Invalid uuid: %s. To ensure interoperability, '
2026-07-21 07:56:16.469 7 INFO cinder.api.openstack.wsgi [None req-764c85df-d18c-486f-97c9-ac1e194c5d9d e177f0421fbe43aaafe92da3c902e96a b31dccfd69184c0eb318dafcd86546ed - - default default] GET http://cinder-api.openstack.svc.cluster.local:8776/v3/b31dccfd69184c0eb318dafcd86546ed/volumes/86710ca5-a1c5-41e5-86f1-dc22ebfaaff2
2026-07-21 07:56:16.491 7 INFO cinder.api.openstack.wsgi [None req-764c85df-d18c-486f-97c9-ac1e194c5d9d e177f0421fbe43aaafe92da3c902e96a b31dccfd69184c0eb318dafcd86546ed - - default default] http://cinder-api.openstack.svc.cluster.local:8776/v3/b31dccfd69184c0eb318dafcd86546ed/volumes/86710ca5-a1c5-41e5-86f1-dc22ebfaaff2 returned with HTTP 404 [pid: 7|app: 0|req: 410/817] 10.0.0.45 () {32 vars in 774 bytes} [Tue Jul 21 07:56:16 2026] GET /v3/b31dccfd69184c0eb318dafcd86546ed/volumes/86710ca5-a1c5-41e5-86f1-dc22ebfaaff2 => generated 109 bytes in 30 msecs (HTTP/1.1 404) 7 headers in 292 bytes (1 switches on core 0) /var/lib/openstack/lib/python3.12/site-packages/pycadf/identifier.py:70: UserWarning: Invalid uuid: cinderv3. To ensure interoperability, identifiers should be a valid uuid. warnings.warn(('Invalid uuid: %s. To ensure interoperability, '
2026-07-21 07:56:16.503 8 INFO cinder.api.openstack.wsgi [None req-91c9660b-0f82-4817-9bd5-3707445de282 e177f0421fbe43aaafe92da3c902e96a b31dccfd69184c0eb318dafcd86546ed - - default default] GET http://cinder-api.openstack.svc.cluster.local:8776/v3/b31dccfd69184c0eb318dafcd86546ed/volumes/369e6e4a-b490-4d28-943a-e6654fd15ba0 /var/lib/openstack/lib/python3.12/site-packages/oslo_context/context.py:102: DeprecationWarning: Policy enforcement is depending on the value of is_admin. This key is deprecated. Please update your policy file to use the standard policy values. warnings.warn(
2026-07-21 07:56:16.521 8 INFO cinder.volume.api [None req-91c9660b-0f82-4817-9bd5-3707445de282 e177f0421fbe43aaafe92da3c902e96a b31dccfd69184c0eb318dafcd86546ed - - default default] Volume info retrieved successfully.
2026-07-21 07:56:16.531 8 INFO cinder.api.openstack.wsgi [None req-91c9660b-0f82-4817-9bd5-3707445de282 e177f0421fbe43aaafe92da3c902e96a b31dccfd69184c0eb318dafcd86546ed - - default default] http://cinder-api.openstack.svc.cluster.local:8776/v3/b31dccfd69184c0eb318dafcd86546ed/volumes/369e6e4a-b490-4d28-943a-e6654fd15ba0 returned with HTTP 200 [pid: 8|app: 0|req: 408/818] 10.0.0.45 () {32 vars in 774 bytes} [Tue Jul 21 07:56:16 2026] GET /v3/b31dccfd69184c0eb318dafcd86546ed/volumes/369e6e4a-b490-4d28-943a-e6654fd15ba0 => generated 968 bytes in 35 msecs (HTTP/1.1 200) 7 headers in 285 bytes (1 switches on core 0)
2026-07-21 07:56:16.553 7 INFO cinder.api.openstack.wsgi [None req-73a3dd1e-59f1-4517-a0e8-9b931d097320 e177f0421fbe43aaafe92da3c902e96a b31dccfd69184c0eb318dafcd86546ed - - default default] DELETE http://cinder-api.openstack.svc.cluster.local:8776/v3/b31dccfd69184c0eb318dafcd86546ed/volumes/369e6e4a-b490-4d28-943a-e6654fd15ba0
2026-07-21 07:56:16.553 7 INFO cinder.api.v3.volumes [None req-73a3dd1e-59f1-4517-a0e8-9b931d097320 e177f0421fbe43aaafe92da3c902e96a b31dccfd69184c0eb318dafcd86546ed - - default default] Delete volume with id: 369e6e4a-b490-4d28-943a-e6654fd15ba0 /var/lib/openstack/lib/python3.12/site-packages/oslo_context/context.py:102: DeprecationWarning: Policy enforcement is depending on the value of is_admin. This key is deprecated. Please update your policy file to use the standard policy values. warnings.warn(
2026-07-21 07:56:16.565 7 INFO cinder.volume.api [None req-73a3dd1e-59f1-4517-a0e8-9b931d097320 e177f0421fbe43aaafe92da3c902e96a b31dccfd69184c0eb318dafcd86546ed - - default default] Volume info retrieved successfully.
2026-07-21 07:56:16.594 7 INFO cinder.volume.api [None req-73a3dd1e-59f1-4517-a0e8-9b931d097320 e177f0421fbe43aaafe92da3c902e96a b31dccfd69184c0eb318dafcd86546ed - - default default] Delete volume request issued successfully.
2026-07-21 07:56:16.594 7 INFO cinder.api.openstack.wsgi [None req-73a3dd1e-59f1-4517-a0e8-9b931d097320 e177f0421fbe43aaafe92da3c902e96a b31dccfd69184c0eb318dafcd86546ed - - default default] http://cinder-api.openstack.svc.cluster.local:8776/v3/b31dccfd69184c0eb318dafcd86546ed/volumes/369e6e4a-b490-4d28-943a-e6654fd15ba0 returned with HTTP 202 [pid: 7|app: 0|req: 411/819] 10.0.0.45 () {32 vars in 777 bytes} [Tue Jul 21 07:56:16 2026] DELETE /v3/b31dccfd69184c0eb318dafcd86546ed/volumes/369e6e4a-b490-4d28-943a-e6654fd15ba0 => generated 0 bytes in 47 msecs (HTTP/1.1 202) 6 headers in 233 bytes (1 switches on core 0) /var/lib/openstack/lib/python3.12/site-packages/pycadf/identifier.py:70: UserWarning: Invalid uuid: cinderv3. To ensure interoperability, identifiers should be a valid uuid. warnings.warn(('Invalid uuid: %s. To ensure interoperability, '
2026-07-21 07:56:16.608 8 INFO cinder.api.openstack.wsgi [None req-9bc8afe1-0804-4d64-8c06-1fb9a8ad1273 e177f0421fbe43aaafe92da3c902e96a b31dccfd69184c0eb318dafcd86546ed - - default default] GET http://cinder-api.openstack.svc.cluster.local:8776/v3/b31dccfd69184c0eb318dafcd86546ed/volumes/369e6e4a-b490-4d28-943a-e6654fd15ba0 /var/lib/openstack/lib/python3.12/site-packages/oslo_context/context.py:102: DeprecationWarning: Policy enforcement is depending on the value of is_admin. This key is deprecated. Please update your policy file to use the standard policy values. warnings.warn(
2026-07-21 07:56:16.621 8 INFO cinder.volume.api [None req-9bc8afe1-0804-4d64-8c06-1fb9a8ad1273 e177f0421fbe43aaafe92da3c902e96a b31dccfd69184c0eb318dafcd86546ed - - default default] Volume info retrieved successfully.
2026-07-21 07:56:16.625 8 INFO cinder.api.openstack.wsgi [None req-9bc8afe1-0804-4d64-8c06-1fb9a8ad1273 e177f0421fbe43aaafe92da3c902e96a b31dccfd69184c0eb318dafcd86546ed - - default default] http://cinder-api.openstack.svc.cluster.local:8776/v3/b31dccfd69184c0eb318dafcd86546ed/volumes/369e6e4a-b490-4d28-943a-e6654fd15ba0 returned with HTTP 200 [pid: 8|app: 0|req: 409/820] 10.0.0.45 () {32 vars in 774 bytes} [Tue Jul 21 07:56:16 2026] GET /v3/b31dccfd69184c0eb318dafcd86546ed/volumes/369e6e4a-b490-4d28-943a-e6654fd15ba0 => generated 967 bytes in 23 msecs (HTTP/1.1 200) 7 headers in 285 bytes (1 switches on core 0) /var/lib/openstack/lib/python3.12/site-packages/pycadf/identifier.py:70: UserWarning: Invalid uuid: cinderv3. To ensure interoperability, identifiers should be a valid uuid. warnings.warn(('Invalid uuid: %s. To ensure interoperability, '
2026-07-21 07:56:17.673 7 INFO cinder.api.openstack.wsgi [None req-5eee4158-aeb0-4cc1-9cde-02cace485a9b e177f0421fbe43aaafe92da3c902e96a b31dccfd69184c0eb318dafcd86546ed - - default default] GET http://cinder-api.openstack.svc.cluster.local:8776/v3/b31dccfd69184c0eb318dafcd86546ed/volumes/369e6e4a-b490-4d28-943a-e6654fd15ba0
2026-07-21 07:56:17.682 7 INFO cinder.api.openstack.wsgi [None req-5eee4158-aeb0-4cc1-9cde-02cace485a9b e177f0421fbe43aaafe92da3c902e96a b31dccfd69184c0eb318dafcd86546ed - - default default] http://cinder-api.openstack.svc.cluster.local:8776/v3/b31dccfd69184c0eb318dafcd86546ed/volumes/369e6e4a-b490-4d28-943a-e6654fd15ba0 returned with HTTP 404 [pid: 7|app: 0|req: 412/821] 10.0.0.45 () {32 vars in 774 bytes} [Tue Jul 21 07:56:17 2026] GET /v3/b31dccfd69184c0eb318dafcd86546ed/volumes/369e6e4a-b490-4d28-943a-e6654fd15ba0 => generated 109 bytes in 31 msecs (HTTP/1.1 404) 7 headers in 292 bytes (1 switches on core 0) /var/lib/openstack/lib/python3.12/site-packages/pycadf/identifier.py:70: UserWarning: Invalid uuid: cinderv3. To ensure interoperability, identifiers should be a valid uuid. warnings.warn(('Invalid uuid: %s. To ensure interoperability, '
2026-07-21 07:56:17.699 8 INFO cinder.api.openstack.wsgi [None req-850acff4-c17d-4b8a-bb46-72e931c55f93 e177f0421fbe43aaafe92da3c902e96a b31dccfd69184c0eb318dafcd86546ed - - default default] GET http://cinder-api.openstack.svc.cluster.local:8776/v3/b31dccfd69184c0eb318dafcd86546ed/volumes/f1f47223-fe6f-478d-9816-a6825c7cd0c8 /var/lib/openstack/lib/python3.12/site-packages/oslo_context/context.py:102: DeprecationWarning: Policy enforcement is depending on the value of is_admin. This key is deprecated. Please update your policy file to use the standard policy values. warnings.warn(
2026-07-21 07:56:17.717 8 INFO cinder.volume.api [None req-850acff4-c17d-4b8a-bb46-72e931c55f93 e177f0421fbe43aaafe92da3c902e96a b31dccfd69184c0eb318dafcd86546ed - - default default] Volume info retrieved successfully.
2026-07-21 07:56:17.724 8 INFO cinder.api.openstack.wsgi [None req-850acff4-c17d-4b8a-bb46-72e931c55f93 e177f0421fbe43aaafe92da3c902e96a b31dccfd69184c0eb318dafcd86546ed - - default default] http://cinder-api.openstack.svc.cluster.local:8776/v3/b31dccfd69184c0eb318dafcd86546ed/volumes/f1f47223-fe6f-478d-9816-a6825c7cd0c8 returned with HTTP 200 [pid: 8|app: 0|req: 410/822] 10.0.0.45 () {32 vars in 774 bytes} [Tue Jul 21 07:56:17 2026] GET /v3/b31dccfd69184c0eb318dafcd86546ed/volumes/f1f47223-fe6f-478d-9816-a6825c7cd0c8 => generated 968 bytes in 32 msecs (HTTP/1.1 200) 7 headers in 285 bytes (1 switches on core 0)
2026-07-21 07:56:17.748 7 INFO cinder.api.openstack.wsgi [None req-923d5a6a-bcfc-405f-9195-cc50cb3886ea e177f0421fbe43aaafe92da3c902e96a b31dccfd69184c0eb318dafcd86546ed - - default default] DELETE http://cinder-api.openstack.svc.cluster.local:8776/v3/b31dccfd69184c0eb318dafcd86546ed/volumes/f1f47223-fe6f-478d-9816-a6825c7cd0c8
2026-07-21 07:56:17.748 7 INFO cinder.api.v3.volumes [None req-923d5a6a-bcfc-405f-9195-cc50cb3886ea e177f0421fbe43aaafe92da3c902e96a b31dccfd69184c0eb318dafcd86546ed - - default default] Delete volume with id: f1f47223-fe6f-478d-9816-a6825c7cd0c8 /var/lib/openstack/lib/python3.12/site-packages/oslo_context/context.py:102: DeprecationWarning: Policy enforcement is depending on the value of is_admin. This key is deprecated. Please update your policy file to use the standard policy values. warnings.warn(
2026-07-21 07:56:17.760 7 INFO cinder.volume.api [None req-923d5a6a-bcfc-405f-9195-cc50cb3886ea e177f0421fbe43aaafe92da3c902e96a b31dccfd69184c0eb318dafcd86546ed - - default default] Volume info retrieved successfully.
2026-07-21 07:56:17.785 7 INFO cinder.volume.api [None req-923d5a6a-bcfc-405f-9195-cc50cb3886ea e177f0421fbe43aaafe92da3c902e96a b31dccfd69184c0eb318dafcd86546ed - - default default] Delete volume request issued successfully.
2026-07-21 07:56:17.786 7 INFO cinder.api.openstack.wsgi [None req-923d5a6a-bcfc-405f-9195-cc50cb3886ea e177f0421fbe43aaafe92da3c902e96a b31dccfd69184c0eb318dafcd86546ed - - default default] http://cinder-api.openstack.svc.cluster.local:8776/v3/b31dccfd69184c0eb318dafcd86546ed/volumes/f1f47223-fe6f-478d-9816-a6825c7cd0c8 returned with HTTP 202 [pid: 7|app: 0|req: 413/823] 10.0.0.45 () {32 vars in 777 bytes} [Tue Jul 21 07:56:17 2026] DELETE /v3/b31dccfd69184c0eb318dafcd86546ed/volumes/f1f47223-fe6f-478d-9816-a6825c7cd0c8 => generated 0 bytes in 48 msecs (HTTP/1.1 202) 6 headers in 233 bytes (1 switches on core 0) /var/lib/openstack/lib/python3.12/site-packages/pycadf/identifier.py:70: UserWarning: Invalid uuid: cinderv3. To ensure interoperability, identifiers should be a valid uuid. warnings.warn(('Invalid uuid: %s. To ensure interoperability, '
2026-07-21 07:56:17.802 8 INFO cinder.api.openstack.wsgi [None req-decefe1a-68e5-40a4-8f07-7294b664f241 e177f0421fbe43aaafe92da3c902e96a b31dccfd69184c0eb318dafcd86546ed - - default default] GET http://cinder-api.openstack.svc.cluster.local:8776/v3/b31dccfd69184c0eb318dafcd86546ed/volumes/f1f47223-fe6f-478d-9816-a6825c7cd0c8 /var/lib/openstack/lib/python3.12/site-packages/oslo_context/context.py:102: DeprecationWarning: Policy enforcement is depending on the value of is_admin. This key is deprecated. Please update your policy file to use the standard policy values. warnings.warn(
2026-07-21 07:56:17.834 8 INFO cinder.volume.api [None req-decefe1a-68e5-40a4-8f07-7294b664f241 e177f0421fbe43aaafe92da3c902e96a b31dccfd69184c0eb318dafcd86546ed - - default default] Volume info retrieved successfully.
2026-07-21 07:56:17.841 8 INFO cinder.api.openstack.wsgi [None req-decefe1a-68e5-40a4-8f07-7294b664f241 e177f0421fbe43aaafe92da3c902e96a b31dccfd69184c0eb318dafcd86546ed - - default default] http://cinder-api.openstack.svc.cluster.local:8776/v3/b31dccfd69184c0eb318dafcd86546ed/volumes/f1f47223-fe6f-478d-9816-a6825c7cd0c8 returned with HTTP 200 [pid: 8|app: 0|req: 411/824] 10.0.0.45 () {32 vars in 774 bytes} [Tue Jul 21 07:56:17 2026] GET /v3/b31dccfd69184c0eb318dafcd86546ed/volumes/f1f47223-fe6f-478d-9816-a6825c7cd0c8 => generated 967 bytes in 49 msecs (HTTP/1.1 200) 7 headers in 285 bytes (1 switches on core 0) /var/lib/openstack/lib/python3.12/site-packages/pycadf/identifier.py:70: UserWarning: Invalid uuid: cinderv3. To ensure interoperability, identifiers should be a valid uuid. warnings.warn(('Invalid uuid: %s. To ensure interoperability, '
2026-07-21 07:56:18.873 7 INFO cinder.api.openstack.wsgi [None req-b23e3d42-f7f4-42fd-8751-2e80064f7a5b e177f0421fbe43aaafe92da3c902e96a b31dccfd69184c0eb318dafcd86546ed - - default default] GET http://cinder-api.openstack.svc.cluster.local:8776/v3/b31dccfd69184c0eb318dafcd86546ed/volumes/f1f47223-fe6f-478d-9816-a6825c7cd0c8
2026-07-21 07:56:18.883 7 INFO cinder.api.openstack.wsgi [None req-b23e3d42-f7f4-42fd-8751-2e80064f7a5b e177f0421fbe43aaafe92da3c902e96a b31dccfd69184c0eb318dafcd86546ed - - default default] http://cinder-api.openstack.svc.cluster.local:8776/v3/b31dccfd69184c0eb318dafcd86546ed/volumes/f1f47223-fe6f-478d-9816-a6825c7cd0c8 returned with HTTP 404 [pid: 7|app: 0|req: 414/825] 10.0.0.45 () {32 vars in 774 bytes} [Tue Jul 21 07:56:18 2026] GET /v3/b31dccfd69184c0eb318dafcd86546ed/volumes/f1f47223-fe6f-478d-9816-a6825c7cd0c8 => generated 109 bytes in 17 msecs (HTTP/1.1 404) 7 headers in 292 bytes (1 switches on core 0)
2026-07-21 07:56:24.029 7 INFO cinder.api.openstack.wsgi [None req-b23e3d42-f7f4-42fd-8751-2e80064f7a5b e177f0421fbe43aaafe92da3c902e96a b31dccfd69184c0eb318dafcd86546ed - - default default] GET http://10.0.0.100:8776/
2026-07-21 07:56:24.029 8 INFO cinder.api.openstack.wsgi [None req-decefe1a-68e5-40a4-8f07-7294b664f241 e177f0421fbe43aaafe92da3c902e96a b31dccfd69184c0eb318dafcd86546ed - - default default] GET http://10.0.0.100:8776/
2026-07-21 07:56:24.029 7 INFO cinder.api.openstack.wsgi [None req-b23e3d42-f7f4-42fd-8751-2e80064f7a5b e177f0421fbe43aaafe92da3c902e96a b31dccfd69184c0eb318dafcd86546ed - - default default] http://10.0.0.100:8776/ returned with HTTP 300
2026-07-21 07:56:24.030 8 INFO cinder.api.openstack.wsgi [None req-decefe1a-68e5-40a4-8f07-7294b664f241 e177f0421fbe43aaafe92da3c902e96a b31dccfd69184c0eb318dafcd86546ed - - default default] http://10.0.0.100:8776/ returned with HTTP 300
2026-07-21 07:56:28.200 7 INFO cinder.api.openstack.wsgi [None req-ccb2c5de-ccc9-4f03-a077-6accb6a92c16 c2f48118ce034154b27b04e43b4fcb71 4454aec8fbf04636b3640fdde3065e16 - - default default] GET http://cinder-api.openstack.svc.cluster.local:8776/v3/4454aec8fbf04636b3640fdde3065e16/os-services
2026-07-21 07:56:28.213 7 INFO cinder.api.openstack.wsgi [None req-ccb2c5de-ccc9-4f03-a077-6accb6a92c16 c2f48118ce034154b27b04e43b4fcb71 4454aec8fbf04636b3640fdde3065e16 - - default default] http://cinder-api.openstack.svc.cluster.local:8776/v3/4454aec8fbf04636b3640fdde3065e16/os-services returned with HTTP 200 [pid: 7|app: 0|req: 416/828] 10.0.0.55 () {28 vars in 644 bytes} [Tue Jul 21 07:56:27 2026] GET /v3/4454aec8fbf04636b3640fdde3065e16/os-services => generated 646 bytes in 354 msecs (HTTP/1.1 200) 7 headers in 285 bytes (1 switches on core 0) /var/lib/openstack/lib/python3.12/site-packages/pycadf/identifier.py:70: UserWarning: Invalid uuid: cinderv3. To ensure interoperability, identifiers should be a valid uuid. warnings.warn(('Invalid uuid: %s. To ensure interoperability, '
2026-07-21 07:56:28.226 8 INFO cinder.api.openstack.wsgi [None req-a5ab939b-aec6-4fbb-9a2b-7b779a269f17 c2f48118ce034154b27b04e43b4fcb71 4454aec8fbf04636b3640fdde3065e16 - - default default] GET http://cinder-api.openstack.svc.cluster.local:8776/v3/4454aec8fbf04636b3640fdde3065e16/volumes/detail?all_tenants=true
2026-07-21 07:56:28.245 8 INFO cinder.volume.api [None req-a5ab939b-aec6-4fbb-9a2b-7b779a269f17 c2f48118ce034154b27b04e43b4fcb71 4454aec8fbf04636b3640fdde3065e16 - - default default] Get all volumes completed successfully.
2026-07-21 07:56:28.248 8 INFO cinder.api.openstack.wsgi [None req-a5ab939b-aec6-4fbb-9a2b-7b779a269f17 c2f48118ce034154b27b04e43b4fcb71 4454aec8fbf04636b3640fdde3065e16 - - default default] http://cinder-api.openstack.svc.cluster.local:8776/v3/4454aec8fbf04636b3640fdde3065e16/volumes/detail?all_tenants=true returned with HTTP 200 [pid: 8|app: 0|req: 413/829] 10.0.0.55 () {28 vars in 683 bytes} [Tue Jul 21 07:56:28 2026] GET /v3/4454aec8fbf04636b3640fdde3065e16/volumes/detail?all_tenants=true => generated 15 bytes in 29 msecs (HTTP/1.1 200) 7 headers in 284 bytes (1 switches on core 0)
2026-07-21 07:56:28.261 7 INFO cinder.api.openstack.wsgi [None req-d5d0b289-79ac-4179-81d6-325dbb2e5df1 c2f48118ce034154b27b04e43b4fcb71 4454aec8fbf04636b3640fdde3065e16 - - default default] GET http://cinder-api.openstack.svc.cluster.local:8776/v3/4454aec8fbf04636b3640fdde3065e16/scheduler-stats/get_pools?detail=true
2026-07-21 07:56:28.766 7 INFO cinder.api.openstack.wsgi [None req-d5d0b289-79ac-4179-81d6-325dbb2e5df1 c2f48118ce034154b27b04e43b4fcb71 4454aec8fbf04636b3640fdde3065e16 - - default default] http://cinder-api.openstack.svc.cluster.local:8776/v3/4454aec8fbf04636b3640fdde3065e16/scheduler-stats/get_pools?detail=true returned with HTTP 200 [pid: 7|app: 0|req: 417/830] 10.0.0.55 () {28 vars in 695 bytes} [Tue Jul 21 07:56:28 2026] GET /v3/4454aec8fbf04636b3640fdde3065e16/scheduler-stats/get_pools?detail=true => generated 670 bytes in 513 msecs (HTTP/1.1 200) 7 headers in 285 bytes (1 switches on core 0)
2026-07-21 07:56:28.918 8 INFO cinder.api.openstack.wsgi [None req-3679dfac-bfc5-4fa1-8550-c300b2929ae5 c2f48118ce034154b27b04e43b4fcb71 4454aec8fbf04636b3640fdde3065e16 - - default default] GET http://cinder-api.openstack.svc.cluster.local:8776/v3/4454aec8fbf04636b3640fdde3065e16/os-quota-sets/28f317ab4577433a946266f51aa671d2?usage=true
2026-07-21 07:56:28.969 8 INFO cinder.api.openstack.wsgi [None req-3679dfac-bfc5-4fa1-8550-c300b2929ae5 c2f48118ce034154b27b04e43b4fcb71 4454aec8fbf04636b3640fdde3065e16 - - default default] http://cinder-api.openstack.svc.cluster.local:8776/v3/4454aec8fbf04636b3640fdde3065e16/os-quota-sets/28f317ab4577433a946266f51aa671d2?usage=true returned with HTTP 200 [pid: 8|app: 0|req: 414/831] 10.0.0.55 () {28 vars in 735 bytes} [Tue Jul 21 07:56:28 2026] GET /v3/4454aec8fbf04636b3640fdde3065e16/os-quota-sets/28f317ab4577433a946266f51aa671d2?usage=true => generated 847 bytes in 60 msecs (HTTP/1.1 200) 7 headers in 285 bytes (1 switches on core 0)
2026-07-21 07:56:28.985 7 INFO cinder.api.openstack.wsgi [None req-df39834c-ffdb-4016-993a-69fc82a8eec3 c2f48118ce034154b27b04e43b4fcb71 4454aec8fbf04636b3640fdde3065e16 - - default default] GET http://cinder-api.openstack.svc.cluster.local:8776/v3/4454aec8fbf04636b3640fdde3065e16/os-quota-sets/2f822f62502a4310a529bfcc4e508a04?usage=true
2026-07-21 07:56:29.017 7 INFO cinder.api.openstack.wsgi [None req-df39834c-ffdb-4016-993a-69fc82a8eec3 c2f48118ce034154b27b04e43b4fcb71 4454aec8fbf04636b3640fdde3065e16 - - default default] http://cinder-api.openstack.svc.cluster.local:8776/v3/4454aec8fbf04636b3640fdde3065e16/os-quota-sets/2f822f62502a4310a529bfcc4e508a04?usage=true returned with HTTP 200 [pid: 7|app: 0|req: 418/832] 10.0.0.55 () {28 vars in 735 bytes} [Tue Jul 21 07:56:28 2026] GET /v3/4454aec8fbf04636b3640fdde3065e16/os-quota-sets/2f822f62502a4310a529bfcc4e508a04?usage=true => generated 845 bytes in 43 msecs (HTTP/1.1 200) 7 headers in 285 bytes (1 switches on core 0)
2026-07-21 07:56:29.031 8 INFO cinder.api.openstack.wsgi [None req-0e497367-e642-4765-a1ae-9efdc4de3800 c2f48118ce034154b27b04e43b4fcb71 4454aec8fbf04636b3640fdde3065e16 - - default default] GET http://cinder-api.openstack.svc.cluster.local:8776/v3/4454aec8fbf04636b3640fdde3065e16/os-quota-sets/41301241d88a411983977197a8aae4fb?usage=true
2026-07-21 07:56:29.057 8 INFO cinder.api.openstack.wsgi [None req-0e497367-e642-4765-a1ae-9efdc4de3800 c2f48118ce034154b27b04e43b4fcb71 4454aec8fbf04636b3640fdde3065e16 - - default default] http://cinder-api.openstack.svc.cluster.local:8776/v3/4454aec8fbf04636b3640fdde3065e16/os-quota-sets/41301241d88a411983977197a8aae4fb?usage=true returned with HTTP 200 [pid: 8|app: 0|req: 415/833] 10.0.0.55 () {28 vars in 735 bytes} [Tue Jul 21 07:56:29 2026] GET /v3/4454aec8fbf04636b3640fdde3065e16/os-quota-sets/41301241d88a411983977197a8aae4fb?usage=true => generated 847 bytes in 35 msecs (HTTP/1.1 200) 7 headers in 285 bytes (1 switches on core 0)
2026-07-21 07:56:29.073 7 INFO cinder.api.openstack.wsgi [None req-d0f94950-8bf5-40d3-895a-65bf90daae06 c2f48118ce034154b27b04e43b4fcb71 4454aec8fbf04636b3640fdde3065e16 - - default default] GET http://cinder-api.openstack.svc.cluster.local:8776/v3/4454aec8fbf04636b3640fdde3065e16/os-quota-sets/4454aec8fbf04636b3640fdde3065e16?usage=true
2026-07-21 07:56:29.107 7 INFO cinder.api.openstack.wsgi [None req-d0f94950-8bf5-40d3-895a-65bf90daae06 c2f48118ce034154b27b04e43b4fcb71 4454aec8fbf04636b3640fdde3065e16 - - default default] http://cinder-api.openstack.svc.cluster.local:8776/v3/4454aec8fbf04636b3640fdde3065e16/os-quota-sets/4454aec8fbf04636b3640fdde3065e16?usage=true returned with HTTP 200 [pid: 7|app: 0|req: 419/834] 10.0.0.55 () {28 vars in 735 bytes} [Tue Jul 21 07:56:29 2026] GET /v3/4454aec8fbf04636b3640fdde3065e16/os-quota-sets/4454aec8fbf04636b3640fdde3065e16?usage=true => generated 845 bytes in 46 msecs (HTTP/1.1 200) 7 headers in 285 bytes (1 switches on core 0)
2026-07-21 07:56:29.122 8 INFO cinder.api.openstack.wsgi [None req-379fcdc2-deda-4ddf-a46d-30d86334d7cf c2f48118ce034154b27b04e43b4fcb71 4454aec8fbf04636b3640fdde3065e16 - - default default] GET http://cinder-api.openstack.svc.cluster.local:8776/v3/4454aec8fbf04636b3640fdde3065e16/os-quota-sets/49ed3854d5e54f31898ed6a2fb8ade21?usage=true
2026-07-21 07:56:29.171 8 INFO cinder.api.openstack.wsgi [None req-379fcdc2-deda-4ddf-a46d-30d86334d7cf c2f48118ce034154b27b04e43b4fcb71 4454aec8fbf04636b3640fdde3065e16 - - default default] http://cinder-api.openstack.svc.cluster.local:8776/v3/4454aec8fbf04636b3640fdde3065e16/os-quota-sets/49ed3854d5e54f31898ed6a2fb8ade21?usage=true returned with HTTP 200 [pid: 8|app: 0|req: 416/835] 10.0.0.55 () {28 vars in 735 bytes} [Tue Jul 21 07:56:29 2026] GET /v3/4454aec8fbf04636b3640fdde3065e16/os-quota-sets/49ed3854d5e54f31898ed6a2fb8ade21?usage=true => generated 847 bytes in 61 msecs (HTTP/1.1 200) 7 headers in 285 bytes (1 switches on core 0)
2026-07-21 07:56:29.194 7 INFO cinder.api.openstack.wsgi [None req-a1686745-d560-4170-8a26-c66fa57c5cc7 c2f48118ce034154b27b04e43b4fcb71 4454aec8fbf04636b3640fdde3065e16 - - default default] GET http://cinder-api.openstack.svc.cluster.local:8776/v3/4454aec8fbf04636b3640fdde3065e16/os-quota-sets/5ca8fc575ba846a1b91fba864e0b08af?usage=true
2026-07-21 07:56:29.221 7 INFO cinder.api.openstack.wsgi [None req-a1686745-d560-4170-8a26-c66fa57c5cc7 c2f48118ce034154b27b04e43b4fcb71 4454aec8fbf04636b3640fdde3065e16 - - default default] http://cinder-api.openstack.svc.cluster.local:8776/v3/4454aec8fbf04636b3640fdde3065e16/os-quota-sets/5ca8fc575ba846a1b91fba864e0b08af?usage=true returned with HTTP 200 [pid: 7|app: 0|req: 420/836] 10.0.0.55 () {28 vars in 735 bytes} [Tue Jul 21 07:56:29 2026] GET /v3/4454aec8fbf04636b3640fdde3065e16/os-quota-sets/5ca8fc575ba846a1b91fba864e0b08af?usage=true => generated 847 bytes in 39 msecs (HTTP/1.1 200) 7 headers in 285 bytes (1 switches on core 0)
2026-07-21 07:56:29.235 8 INFO cinder.api.openstack.wsgi [None req-b9da8205-47a6-4b09-82ba-9b8ae60a2c0a c2f48118ce034154b27b04e43b4fcb71 4454aec8fbf04636b3640fdde3065e16 - - default default] GET http://cinder-api.openstack.svc.cluster.local:8776/v3/4454aec8fbf04636b3640fdde3065e16/os-quota-sets/b3cd98dcdf8847688ecb382746eed8cb?usage=true
2026-07-21 07:56:29.268 8 INFO cinder.api.openstack.wsgi [None req-b9da8205-47a6-4b09-82ba-9b8ae60a2c0a c2f48118ce034154b27b04e43b4fcb71 4454aec8fbf04636b3640fdde3065e16 - - default default] http://cinder-api.openstack.svc.cluster.local:8776/v3/4454aec8fbf04636b3640fdde3065e16/os-quota-sets/b3cd98dcdf8847688ecb382746eed8cb?usage=true returned with HTTP 200 [pid: 8|app: 0|req: 417/837] 10.0.0.55 () {28 vars in 735 bytes} [Tue Jul 21 07:56:29 2026] GET /v3/4454aec8fbf04636b3640fdde3065e16/os-quota-sets/b3cd98dcdf8847688ecb382746eed8cb?usage=true => generated 847 bytes in 44 msecs (HTTP/1.1 200) 7 headers in 285 bytes (1 switches on core 0)
2026-07-21 07:56:29.286 7 INFO cinder.api.openstack.wsgi [None req-52f7a297-5a50-4b1e-9acd-60c268577aee c2f48118ce034154b27b04e43b4fcb71 4454aec8fbf04636b3640fdde3065e16 - - default default] GET http://cinder-api.openstack.svc.cluster.local:8776/v3/4454aec8fbf04636b3640fdde3065e16/os-quota-sets/dd20f8570d224669a9b2243699d4f83f?usage=true
2026-07-21 07:56:29.312 7 INFO cinder.api.openstack.wsgi [None req-52f7a297-5a50-4b1e-9acd-60c268577aee c2f48118ce034154b27b04e43b4fcb71 4454aec8fbf04636b3640fdde3065e16 - - default default] http://cinder-api.openstack.svc.cluster.local:8776/v3/4454aec8fbf04636b3640fdde3065e16/os-quota-sets/dd20f8570d224669a9b2243699d4f83f?usage=true returned with HTTP 200 [pid: 7|app: 0|req: 421/838] 10.0.0.55 () {28 vars in 735 bytes} [Tue Jul 21 07:56:29 2026] GET /v3/4454aec8fbf04636b3640fdde3065e16/os-quota-sets/dd20f8570d224669a9b2243699d4f83f?usage=true => generated 847 bytes in 35 msecs (HTTP/1.1 200) 7 headers in 285 bytes (1 switches on core 0)
2026-07-21 07:56:29.325 8 INFO cinder.api.openstack.wsgi [None req-0d2e9a77-8fe3-4985-b3d0-4e2f63815089 c2f48118ce034154b27b04e43b4fcb71 4454aec8fbf04636b3640fdde3065e16 - - default default] GET http://cinder-api.openstack.svc.cluster.local:8776/v3/4454aec8fbf04636b3640fdde3065e16/volumes/detail?all_tenants=true
2026-07-21 07:56:29.335 8 INFO cinder.volume.api [None req-0d2e9a77-8fe3-4985-b3d0-4e2f63815089 c2f48118ce034154b27b04e43b4fcb71 4454aec8fbf04636b3640fdde3065e16 - - default default] Get all volumes completed successfully.
2026-07-21 07:56:29.337 8 INFO cinder.api.openstack.wsgi [None req-0d2e9a77-8fe3-4985-b3d0-4e2f63815089 c2f48118ce034154b27b04e43b4fcb71 4454aec8fbf04636b3640fdde3065e16 - - default default] http://cinder-api.openstack.svc.cluster.local:8776/v3/4454aec8fbf04636b3640fdde3065e16/volumes/detail?all_tenants=true returned with HTTP 200 [pid: 8|app: 0|req: 418/839] 10.0.0.55 () {28 vars in 683 bytes} [Tue Jul 21 07:56:29 2026] GET /v3/4454aec8fbf04636b3640fdde3065e16/volumes/detail?all_tenants=true => generated 15 bytes in 19 msecs (HTTP/1.1 200) 7 headers in 284 bytes (1 switches on core 0)
2026-07-21 07:56:29.355 7 INFO cinder.api.openstack.wsgi [None req-d1d6cc85-9fd2-4c52-a362-d25fb83c546a c2f48118ce034154b27b04e43b4fcb71 4454aec8fbf04636b3640fdde3065e16 - - default default] GET http://cinder-api.openstack.svc.cluster.local:8776/v3/4454aec8fbf04636b3640fdde3065e16/snapshots?all_tenants=true
2026-07-21 07:56:29.361 7 INFO cinder.volume.api [None req-d1d6cc85-9fd2-4c52-a362-d25fb83c546a c2f48118ce034154b27b04e43b4fcb71 4454aec8fbf04636b3640fdde3065e16 - - default default] Get all snapshots completed successfully.
2026-07-21 07:56:29.362 7 INFO cinder.api.openstack.wsgi [None req-d1d6cc85-9fd2-4c52-a362-d25fb83c546a c2f48118ce034154b27b04e43b4fcb71 4454aec8fbf04636b3640fdde3065e16 - - default default] http://cinder-api.openstack.svc.cluster.local:8776/v3/4454aec8fbf04636b3640fdde3065e16/snapshots?all_tenants=true returned with HTTP 200 [pid: 7|app: 0|req: 422/840] 10.0.0.55 () {28 vars in 673 bytes} [Tue Jul 21 07:56:29 2026] GET /v3/4454aec8fbf04636b3640fdde3065e16/snapshots?all_tenants=true => generated 17 bytes in 13 msecs (HTTP/1.1 200) 7 headers in 284 bytes (1 switches on core 0)
2026-07-21 07:56:33.876 8 INFO cinder.api.openstack.wsgi [None req-3c41a928-0128-4106-8c57-12c1f9bea999 fd091043077c4d62af581d85d47f3df6 dd20f8570d224669a9b2243699d4f83f - - default default] POST http://cinder-api.openstack.svc.cluster.local:8776/v3/dd20f8570d224669a9b2243699d4f83f/volumes
2026-07-21 07:56:33.879 8 INFO cinder.api.v3.volumes [None req-3c41a928-0128-4106-8c57-12c1f9bea999 fd091043077c4d62af581d85d47f3df6 dd20f8570d224669a9b2243699d4f83f - - default default] Create volume of 1 GB
2026-07-21 07:56:33.892 8 INFO cinder.volume.api [None req-3c41a928-0128-4106-8c57-12c1f9bea999 fd091043077c4d62af581d85d47f3df6 dd20f8570d224669a9b2243699d4f83f - - default default] Availability Zones retrieved successfully.
2026-07-21 07:56:34.031 7 INFO cinder.api.openstack.wsgi [None req-d1d6cc85-9fd2-4c52-a362-d25fb83c546a c2f48118ce034154b27b04e43b4fcb71 4454aec8fbf04636b3640fdde3065e16 - - default default] GET http://10.0.0.100:8776/
2026-07-21 07:56:34.032 7 INFO cinder.api.openstack.wsgi [None req-d1d6cc85-9fd2-4c52-a362-d25fb83c546a c2f48118ce034154b27b04e43b4fcb71 4454aec8fbf04636b3640fdde3065e16 - - default default] http://10.0.0.100:8776/ returned with HTTP 300
2026-07-21 07:56:34.032 7 INFO cinder.api.openstack.wsgi [None req-d1d6cc85-9fd2-4c52-a362-d25fb83c546a c2f48118ce034154b27b04e43b4fcb71 4454aec8fbf04636b3640fdde3065e16 - - default default] GET http://10.0.0.100:8776/
2026-07-21 07:56:34.033 7 INFO cinder.api.openstack.wsgi [None req-d1d6cc85-9fd2-4c52-a362-d25fb83c546a c2f48118ce034154b27b04e43b4fcb71 4454aec8fbf04636b3640fdde3065e16 - - default default] http://10.0.0.100:8776/ returned with HTTP 300
2026-07-21 07:56:34.236 8 INFO cinder.volume.api [None req-3c41a928-0128-4106-8c57-12c1f9bea999 fd091043077c4d62af581d85d47f3df6 dd20f8570d224669a9b2243699d4f83f - - default default] Create volume request issued successfully.
2026-07-21 07:56:34.237 8 INFO cinder.api.openstack.wsgi [None req-3c41a928-0128-4106-8c57-12c1f9bea999 fd091043077c4d62af581d85d47f3df6 dd20f8570d224669a9b2243699d4f83f - - default default] http://cinder-api.openstack.svc.cluster.local:8776/v3/dd20f8570d224669a9b2243699d4f83f/volumes returned with HTTP 202 [pid: 8|app: 0|req: 419/843] 10.0.0.45 () {34 vars in 721 bytes} [Tue Jul 21 07:56:33 2026] POST /v3/dd20f8570d224669a9b2243699d4f83f/volumes => generated 861 bytes in 502 msecs (HTTP/1.1 202) 7 headers in 291 bytes (1 switches on core 0)
2026-07-21 07:56:34.262 7 INFO cinder.api.openstack.wsgi [None req-6d022017-27e1-4a0a-bbcb-38a2d83bde91 fd091043077c4d62af581d85d47f3df6 dd20f8570d224669a9b2243699d4f83f - - default default] GET http://cinder-api.openstack.svc.cluster.local:8776/v3/dd20f8570d224669a9b2243699d4f83f/volumes/4f21d770-48b4-45f7-a2a9-7fdb3cd54a6d /var/lib/openstack/lib/python3.12/site-packages/oslo_context/context.py:102: DeprecationWarning: Policy enforcement is depending on the value of is_admin. This key is deprecated. Please update your policy file to use the standard policy values. warnings.warn(
2026-07-21 07:56:34.279 7 INFO cinder.volume.api [None req-6d022017-27e1-4a0a-bbcb-38a2d83bde91 fd091043077c4d62af581d85d47f3df6 dd20f8570d224669a9b2243699d4f83f - - default default] Volume info retrieved successfully.
2026-07-21 07:56:34.285 7 INFO cinder.api.openstack.wsgi [None req-6d022017-27e1-4a0a-bbcb-38a2d83bde91 fd091043077c4d62af581d85d47f3df6 dd20f8570d224669a9b2243699d4f83f - - default default] http://cinder-api.openstack.svc.cluster.local:8776/v3/dd20f8570d224669a9b2243699d4f83f/volumes/4f21d770-48b4-45f7-a2a9-7fdb3cd54a6d returned with HTTP 200 [pid: 7|app: 0|req: 425/844] 10.0.0.45 () {32 vars in 774 bytes} [Tue Jul 21 07:56:34 2026] GET /v3/dd20f8570d224669a9b2243699d4f83f/volumes/4f21d770-48b4-45f7-a2a9-7fdb3cd54a6d => generated 929 bytes in 29 msecs (HTTP/1.1 200) 7 headers in 285 bytes (1 switches on core 0) /var/lib/openstack/lib/python3.12/site-packages/pycadf/identifier.py:70: UserWarning: Invalid uuid: cinderv3. To ensure interoperability, identifiers should be a valid uuid. warnings.warn(('Invalid uuid: %s. To ensure interoperability, '
2026-07-21 07:56:35.313 8 INFO cinder.api.openstack.wsgi [None req-8609bc50-9db5-40e7-b915-4c65ec4257a2 fd091043077c4d62af581d85d47f3df6 dd20f8570d224669a9b2243699d4f83f - - default default] GET http://cinder-api.openstack.svc.cluster.local:8776/v3/dd20f8570d224669a9b2243699d4f83f/volumes/4f21d770-48b4-45f7-a2a9-7fdb3cd54a6d /var/lib/openstack/lib/python3.12/site-packages/oslo_context/context.py:102: DeprecationWarning: Policy enforcement is depending on the value of is_admin. This key is deprecated. Please update your policy file to use the standard policy values. warnings.warn(
2026-07-21 07:56:35.332 8 INFO cinder.volume.api [None req-8609bc50-9db5-40e7-b915-4c65ec4257a2 fd091043077c4d62af581d85d47f3df6 dd20f8570d224669a9b2243699d4f83f - - default default] Volume info retrieved successfully.
2026-07-21 07:56:35.336 8 INFO cinder.api.openstack.wsgi [None req-8609bc50-9db5-40e7-b915-4c65ec4257a2 fd091043077c4d62af581d85d47f3df6 dd20f8570d224669a9b2243699d4f83f - - default default] http://cinder-api.openstack.svc.cluster.local:8776/v3/dd20f8570d224669a9b2243699d4f83f/volumes/4f21d770-48b4-45f7-a2a9-7fdb3cd54a6d returned with HTTP 200 [pid: 8|app: 0|req: 420/845] 10.0.0.45 () {32 vars in 774 bytes} [Tue Jul 21 07:56:35 2026] GET /v3/dd20f8570d224669a9b2243699d4f83f/volumes/4f21d770-48b4-45f7-a2a9-7fdb3cd54a6d => generated 954 bytes in 33 msecs (HTTP/1.1 200) 7 headers in 285 bytes (1 switches on core 0)
2026-07-21 07:56:44.028 7 INFO cinder.api.openstack.wsgi [None req-6d022017-27e1-4a0a-bbcb-38a2d83bde91 fd091043077c4d62af581d85d47f3df6 dd20f8570d224669a9b2243699d4f83f - - default default] GET http://10.0.0.100:8776/
2026-07-21 07:56:44.028 8 INFO cinder.api.openstack.wsgi [None req-8609bc50-9db5-40e7-b915-4c65ec4257a2 fd091043077c4d62af581d85d47f3df6 dd20f8570d224669a9b2243699d4f83f - - default default] GET http://10.0.0.100:8776/
2026-07-21 07:56:44.029 7 INFO cinder.api.openstack.wsgi [None req-6d022017-27e1-4a0a-bbcb-38a2d83bde91 fd091043077c4d62af581d85d47f3df6 dd20f8570d224669a9b2243699d4f83f - - default default] http://10.0.0.100:8776/ returned with HTTP 300
2026-07-21 07:56:44.029 8 INFO cinder.api.openstack.wsgi [None req-8609bc50-9db5-40e7-b915-4c65ec4257a2 fd091043077c4d62af581d85d47f3df6 dd20f8570d224669a9b2243699d4f83f - - default default] http://10.0.0.100:8776/ returned with HTTP 300 /var/lib/openstack/lib/python3.12/site-packages/pycadf/identifier.py:70: UserWarning: Invalid uuid: cinderv3. To ensure interoperability, identifiers should be a valid uuid. warnings.warn(('Invalid uuid: %s. To ensure interoperability, '
2026-07-21 07:56:52.563 7 INFO cinder.api.openstack.wsgi [None req-db4c360f-f810-4764-b6e1-7f76471a1cd1 fd091043077c4d62af581d85d47f3df6 dd20f8570d224669a9b2243699d4f83f - - default default] GET http://cinder-api.openstack.svc.cluster.local:8776/v3/dd20f8570d224669a9b2243699d4f83f/volumes/4f21d770-48b4-45f7-a2a9-7fdb3cd54a6d /var/lib/openstack/lib/python3.12/site-packages/oslo_context/context.py:102: DeprecationWarning: Policy enforcement is depending on the value of is_admin. This key is deprecated. Please update your policy file to use the standard policy values. warnings.warn(
2026-07-21 07:56:52.583 7 INFO cinder.volume.api [None req-db4c360f-f810-4764-b6e1-7f76471a1cd1 fd091043077c4d62af581d85d47f3df6 dd20f8570d224669a9b2243699d4f83f - - default default] Volume info retrieved successfully.
2026-07-21 07:56:52.595 7 INFO cinder.api.openstack.wsgi [None req-db4c360f-f810-4764-b6e1-7f76471a1cd1 fd091043077c4d62af581d85d47f3df6 dd20f8570d224669a9b2243699d4f83f - - default default] http://cinder-api.openstack.svc.cluster.local:8776/v3/dd20f8570d224669a9b2243699d4f83f/volumes/4f21d770-48b4-45f7-a2a9-7fdb3cd54a6d returned with HTTP 200 [pid: 7|app: 0|req: 427/848] 10.0.0.45 () {32 vars in 774 bytes} [Tue Jul 21 07:56:52 2026] GET /v3/dd20f8570d224669a9b2243699d4f83f/volumes/4f21d770-48b4-45f7-a2a9-7fdb3cd54a6d => generated 954 bytes in 44 msecs (HTTP/1.1 200) 7 headers in 285 bytes (1 switches on core 0) /var/lib/openstack/lib/python3.12/site-packages/pycadf/identifier.py:70: UserWarning: Invalid uuid: cinderv3. To ensure interoperability, identifiers should be a valid uuid. warnings.warn(('Invalid uuid: %s. To ensure interoperability, '
2026-07-21 07:56:52.618 8 INFO cinder.api.openstack.wsgi [None req-62cde82d-e2bc-40b7-8993-707970fadaec fd091043077c4d62af581d85d47f3df6 dd20f8570d224669a9b2243699d4f83f - - default default] DELETE http://cinder-api.openstack.svc.cluster.local:8776/v3/dd20f8570d224669a9b2243699d4f83f/volumes/4f21d770-48b4-45f7-a2a9-7fdb3cd54a6d
2026-07-21 07:56:52.619 8 INFO cinder.api.v3.volumes [None req-62cde82d-e2bc-40b7-8993-707970fadaec fd091043077c4d62af581d85d47f3df6 dd20f8570d224669a9b2243699d4f83f - - default default] Delete volume with id: 4f21d770-48b4-45f7-a2a9-7fdb3cd54a6d /var/lib/openstack/lib/python3.12/site-packages/oslo_context/context.py:102: DeprecationWarning: Policy enforcement is depending on the value of is_admin. This key is deprecated. Please update your policy file to use the standard policy values. warnings.warn(
2026-07-21 07:56:52.637 8 INFO cinder.volume.api [None req-62cde82d-e2bc-40b7-8993-707970fadaec fd091043077c4d62af581d85d47f3df6 dd20f8570d224669a9b2243699d4f83f - - default default] Volume info retrieved successfully.
