2026-07-21 07:16:44.517 8 INFO neutron.api.extensions [None req-6eb96438-1b0a-4929-8ff8-21705459c14b - - - - - -] Extension data-plane-status not supported by any of loaded plugins
2026-07-21 07:16:44.517 8 INFO neutron.api.extensions [None req-6eb96438-1b0a-4929-8ff8-21705459c14b - - - - - -] Loaded extension: default-subnetpools
2026-07-21 07:16:44.519 8 INFO neutron.api.extensions [None req-6eb96438-1b0a-4929-8ff8-21705459c14b - - - - - -] Loaded extension: dhcp_agent_scheduler
2026-07-21 07:16:44.520 8 INFO neutron.api.extensions [None req-6eb96438-1b0a-4929-8ff8-21705459c14b - - - - - -] Loaded extension: dns-integration
2026-07-21 07:16:44.520 8 INFO neutron.api.extensions [None req-6eb96438-1b0a-4929-8ff8-21705459c14b - - - - - -] Loaded extension: dns-domain-ports
2026-07-21 07:16:44.522 8 INFO neutron.api.extensions [None req-6eb96438-1b0a-4929-8ff8-21705459c14b - - - - - -] Extension dns-integration-domain-keywords not supported by any of loaded plugins
2026-07-21 07:16:44.523 8 INFO neutron.api.extensions [None req-6eb96438-1b0a-4929-8ff8-21705459c14b - - - - - -] Loaded extension: dvr
2026-07-21 07:16:44.523 8 INFO neutron.api.extensions [None req-6eb96438-1b0a-4929-8ff8-21705459c14b - - - - - -] Extension ecmp_routes not supported by any of loaded plugins
2026-07-21 07:16:44.524 8 INFO neutron.api.extensions [None req-6eb96438-1b0a-4929-8ff8-21705459c14b - - - - - -] Loaded extension: empty-string-filtering
2026-07-21 07:16:44.524 7 INFO neutron.quota.resource_registry [None req-d7c1cf29-4383-4490-80e8-53d7d4d0751d - - - - - -] Creating instance of CountableResource for resource:rbac_policy
2026-07-21 07:16:44.524 8 INFO neutron.api.extensions [None req-6eb96438-1b0a-4929-8ff8-21705459c14b - - - - - -] Extension evpn not supported by any of loaded plugins
2026-07-21 07:16:44.524 7 WARNING neutron.quota.resource_registry [None req-d7c1cf29-4383-4490-80e8-53d7d4d0751d - - - - - -] rbac_policy is already registered
2026-07-21 07:16:44.525 8 INFO neutron.api.extensions [None req-6eb96438-1b0a-4929-8ff8-21705459c14b - - - - - -] Extension expose-l3-conntrack-helper not supported by any of loaded plugins
2026-07-21 07:16:44.525 8 INFO neutron.api.extensions [None req-6eb96438-1b0a-4929-8ff8-21705459c14b - - - - - -] Extension expose-port-forwarding-in-fip not supported by any of loaded plugins
2026-07-21 07:16:44.526 8 INFO neutron.api.extensions [None req-6eb96438-1b0a-4929-8ff8-21705459c14b - - - - - -] Loaded extension: external-net
2026-07-21 07:16:44.526 7 INFO neutron.quota.resource_registry [None req-d7c1cf29-4383-4490-80e8-53d7d4d0751d - - - - - -] Creating instance of TrackedResource for resource:security_group
2026-07-21 07:16:44.526 8 INFO neutron.api.extensions [None req-6eb96438-1b0a-4929-8ff8-21705459c14b - - - - - -] Loaded extension: extra_dhcp_opt
2026-07-21 07:16:44.526 7 WARNING neutron.quota.resource_registry [None req-d7c1cf29-4383-4490-80e8-53d7d4d0751d - - - - - -] security_group is already registered
2026-07-21 07:16:44.527 8 INFO neutron.api.extensions [None req-6eb96438-1b0a-4929-8ff8-21705459c14b - - - - - -] Loaded extension: extraroute
2026-07-21 07:16:44.527 8 INFO neutron.api.extensions [None req-6eb96438-1b0a-4929-8ff8-21705459c14b - - - - - -] Loaded extension: extraroute-atomic
2026-07-21 07:16:44.527 7 INFO neutron.quota.resource_registry [None req-d7c1cf29-4383-4490-80e8-53d7d4d0751d - - - - - -] Creating instance of TrackedResource for resource:security_group_rule
2026-07-21 07:16:44.528 8 INFO neutron.api.extensions [None req-6eb96438-1b0a-4929-8ff8-21705459c14b - - - - - -] Loaded extension: filter-validation
2026-07-21 07:16:44.528 7 WARNING neutron.quota.resource_registry [None req-d7c1cf29-4383-4490-80e8-53d7d4d0751d - - - - - -] security_group_rule is already registered
2026-07-21 07:16:44.528 8 INFO neutron.api.extensions [None req-6eb96438-1b0a-4929-8ff8-21705459c14b - - - - - -] Extension floating-ip-port-forwarding-description not supported by any of loaded plugins
2026-07-21 07:16:44.529 8 INFO neutron.api.extensions [None req-6eb96438-1b0a-4929-8ff8-21705459c14b - - - - - -] Loaded extension: floating-ip-port-forwarding-detail
2026-07-21 07:16:44.530 8 INFO neutron.api.extensions [None req-6eb96438-1b0a-4929-8ff8-21705459c14b - - - - - -] Extension floating-ip-port-forwarding-port-ranges not supported by any of loaded plugins
2026-07-21 07:16:44.530 8 INFO neutron.api.extensions [None req-6eb96438-1b0a-4929-8ff8-21705459c14b - - - - - -] Loaded extension: fip-port-details
2026-07-21 07:16:44.530 7 INFO neutron.quota.resource_registry [None req-d7c1cf29-4383-4490-80e8-53d7d4d0751d - - - - - -] Creating instance of TrackedResource for resource:subnetpool
2026-07-21 07:16:44.531 7 WARNING neutron.quota.resource_registry [None req-d7c1cf29-4383-4490-80e8-53d7d4d0751d - - - - - -] subnetpool is already registered
2026-07-21 07:16:44.531 8 INFO neutron.api.extensions [None req-6eb96438-1b0a-4929-8ff8-21705459c14b - - - - - -] Loaded extension: flavors
2026-07-21 07:16:44.531 7 INFO neutron.quota.resource_registry [None req-d7c1cf29-4383-4490-80e8-53d7d4d0751d - - - - - -] Creating instance of TrackedResource for resource:subnetpool
2026-07-21 07:16:44.532 7 WARNING neutron.quota.resource_registry [None req-d7c1cf29-4383-4490-80e8-53d7d4d0751d - - - - - -] subnetpool is already registered
2026-07-21 07:16:44.532 8 INFO neutron.api.extensions [None req-6eb96438-1b0a-4929-8ff8-21705459c14b - - - - - -] Extension floating-ip-port-forwarding not supported by any of loaded plugins
2026-07-21 07:16:44.533 8 INFO neutron.api.extensions [None req-6eb96438-1b0a-4929-8ff8-21705459c14b - - - - - -] Loaded extension: floatingip-pools
2026-07-21 07:16:44.533 7 INFO neutron.quota.resource_registry [None req-d7c1cf29-4383-4490-80e8-53d7d4d0751d - - - - - -] Creating instance of CountableResource for resource:trunk
2026-07-21 07:16:44.533 8 INFO neutron.api.extensions [None req-6eb96438-1b0a-4929-8ff8-21705459c14b - - - - - -] Loaded extension: ip_allocation
2026-07-21 07:16:44.533 7 WARNING neutron.quota.resource_registry [None req-d7c1cf29-4383-4490-80e8-53d7d4d0751d - - - - - -] trunk is already registered
2026-07-21 07:16:44.534 8 INFO neutron.api.extensions [None req-6eb96438-1b0a-4929-8ff8-21705459c14b - - - - - -] Loaded extension: ip-substring-filtering
2026-07-21 07:16:44.534 7 INFO neutron.quota.resource_registry [None req-d7c1cf29-4383-4490-80e8-53d7d4d0751d - - - - - -] Creating instance of CountableResource for resource:ikepolicy
2026-07-21 07:16:44.534 8 INFO neutron.api.extensions [None req-6eb96438-1b0a-4929-8ff8-21705459c14b - - - - - -] Loaded extension: l2_adjacency
2026-07-21 07:16:44.534 7 WARNING neutron.quota.resource_registry [None req-d7c1cf29-4383-4490-80e8-53d7d4d0751d - - - - - -] ikepolicy is already registered
2026-07-21 07:16:44.535 7 INFO neutron.quota.resource_registry [None req-d7c1cf29-4383-4490-80e8-53d7d4d0751d - - - - - -] Creating instance of CountableResource for resource:ipsecpolicy
2026-07-21 07:16:44.535 7 WARNING neutron.quota.resource_registry [None req-d7c1cf29-4383-4490-80e8-53d7d4d0751d - - - - - -] ipsecpolicy is already registered
2026-07-21 07:16:44.535 8 INFO neutron.api.extensions [None req-6eb96438-1b0a-4929-8ff8-21705459c14b - - - - - -] Loaded extension: router
2026-07-21 07:16:44.536 7 INFO neutron.quota.resource_registry [None req-d7c1cf29-4383-4490-80e8-53d7d4d0751d - - - - - -] Creating instance of CountableResource for resource:endpoint_group
2026-07-21 07:16:44.536 8 INFO neutron.api.extensions [None req-6eb96438-1b0a-4929-8ff8-21705459c14b - - - - - -] Extension l3-agent-scheduler-ha-chassis-priority not supported by any of loaded plugins
2026-07-21 07:16:44.536 7 WARNING neutron.quota.resource_registry [None req-d7c1cf29-4383-4490-80e8-53d7d4d0751d - - - - - -] endpoint_group is already registered
2026-07-21 07:16:44.536 7 INFO neutron.quota.resource_registry [None req-d7c1cf29-4383-4490-80e8-53d7d4d0751d - - - - - -] Creating instance of CountableResource for resource:vpnservice
2026-07-21 07:16:44.536 7 WARNING neutron.quota.resource_registry [None req-d7c1cf29-4383-4490-80e8-53d7d4d0751d - - - - - -] vpnservice is already registered
2026-07-21 07:16:44.537 7 INFO neutron.quota.resource_registry [None req-d7c1cf29-4383-4490-80e8-53d7d4d0751d - - - - - -] Creating instance of CountableResource for resource:ipsec_site_connection
2026-07-21 07:16:44.537 7 WARNING neutron.quota.resource_registry [None req-d7c1cf29-4383-4490-80e8-53d7d4d0751d - - - - - -] ipsec_site_connection is already registered
2026-07-21 07:16:44.537 7 INFO neutron.quota.resource_registry [None req-d7c1cf29-4383-4490-80e8-53d7d4d0751d - - - - - -] Creating instance of CountableResource for resource:ipsecpolicy
2026-07-21 07:16:44.537 8 INFO neutron.api.extensions [None req-6eb96438-1b0a-4929-8ff8-21705459c14b - - - - - -] Extension l3-conntrack-helper not supported by any of loaded plugins
2026-07-21 07:16:44.538 7 WARNING neutron.quota.resource_registry [None req-d7c1cf29-4383-4490-80e8-53d7d4d0751d - - - - - -] ipsecpolicy is already registered
2026-07-21 07:16:44.538 7 INFO neutron.quota.resource_registry [None req-d7c1cf29-4383-4490-80e8-53d7d4d0751d - - - - - -] Creating instance of CountableResource for resource:ikepolicy
2026-07-21 07:16:44.538 8 INFO neutron.api.extensions [None req-6eb96438-1b0a-4929-8ff8-21705459c14b - - - - - -] Extension enable-default-route-bfd not supported by any of loaded plugins
2026-07-21 07:16:44.538 7 WARNING neutron.quota.resource_registry [None req-d7c1cf29-4383-4490-80e8-53d7d4d0751d - - - - - -] ikepolicy is already registered
2026-07-21 07:16:44.539 8 INFO neutron.api.extensions [None req-6eb96438-1b0a-4929-8ff8-21705459c14b - - - - - -] Extension enable-default-route-ecmp not supported by any of loaded plugins
2026-07-21 07:16:44.539 8 INFO neutron.api.extensions [None req-6eb96438-1b0a-4929-8ff8-21705459c14b - - - - - -] Loaded extension: ext-gw-mode
2026-07-21 07:16:44.540 8 INFO neutron.api.extensions [None req-6eb96438-1b0a-4929-8ff8-21705459c14b - - - - - -] Loaded extension: l3-ha
2026-07-21 07:16:44.540 8 INFO neutron.api.extensions [None req-6eb96438-1b0a-4929-8ff8-21705459c14b - - - - - -] Extension l3-ext-ndp-proxy not supported by any of loaded plugins
2026-07-21 07:16:44.541 8 INFO neutron.api.extensions [None req-6eb96438-1b0a-4929-8ff8-21705459c14b - - - - - -] Extension external-gateway-multihoming not supported by any of loaded plugins
2026-07-21 07:16:44.541 8 INFO neutron.api.extensions [None req-6eb96438-1b0a-4929-8ff8-21705459c14b - - - - - -] Loaded extension: l3-flavors
2026-07-21 07:16:44.542 8 INFO neutron.api.extensions [None req-6eb96438-1b0a-4929-8ff8-21705459c14b - - - - - -] Extension l3-ndp-proxy not supported by any of loaded plugins
2026-07-21 07:16:44.542 8 INFO neutron.api.extensions [None req-6eb96438-1b0a-4929-8ff8-21705459c14b - - - - - -] Loaded extension: l3-port-ip-change-not-allowed
2026-07-21 07:16:44.545 8 INFO neutron.api.extensions [None req-6eb96438-1b0a-4929-8ff8-21705459c14b - - - - - -] Loaded extension: l3_agent_scheduler
2026-07-21 07:16:44.546 8 INFO neutron.api.extensions [None req-6eb96438-1b0a-4929-8ff8-21705459c14b - - - - - -] Extension local_ip not supported by any of loaded plugins
2026-07-21 07:16:44.547 8 INFO neutron.api.extensions [None req-6eb96438-1b0a-4929-8ff8-21705459c14b - - - - - -] Extension logging not supported by any of loaded plugins
2026-07-21 07:16:44.548 8 INFO neutron.api.extensions [None req-6eb96438-1b0a-4929-8ff8-21705459c14b - - - - - -] Extension metering not supported by any of loaded plugins
2026-07-21 07:16:44.549 8 INFO neutron.api.extensions [None req-6eb96438-1b0a-4929-8ff8-21705459c14b - - - - - -] Extension metering_source_and_destination_fields not supported by any of loaded plugins
2026-07-21 07:16:44.549 8 INFO neutron.api.extensions [None req-6eb96438-1b0a-4929-8ff8-21705459c14b - - - - - -] Loaded extension: multi-provider
2026-07-21 07:16:44.550 8 INFO neutron.api.extensions [None req-6eb96438-1b0a-4929-8ff8-21705459c14b - - - - - -] Loaded extension: net-mtu
2026-07-21 07:16:44.550 8 INFO neutron.api.extensions [None req-6eb96438-1b0a-4929-8ff8-21705459c14b - - - - - -] Loaded extension: net-mtu-writable
2026-07-21 07:16:44.551 8 INFO neutron.api.extensions [None req-6eb96438-1b0a-4929-8ff8-21705459c14b - - - - - -] Loaded extension: network_availability_zone
2026-07-21 07:16:44.551 8 INFO neutron.api.extensions [None req-6eb96438-1b0a-4929-8ff8-21705459c14b - - - - - -] Loaded extension: network_ha
2026-07-21 07:16:44.552 8 INFO neutron.api.extensions [None req-6eb96438-1b0a-4929-8ff8-21705459c14b - - - - - -] Loaded extension: network-ip-availability
2026-07-21 07:16:44.553 8 INFO neutron.api.extensions [None req-6eb96438-1b0a-4929-8ff8-21705459c14b - - - - - -] Loaded extension: network-ip-availability-details
2026-07-21 07:16:44.554 8 INFO neutron.api.extensions [None req-6eb96438-1b0a-4929-8ff8-21705459c14b - - - - - -] Extension network-segment-range not supported by any of loaded plugins
2026-07-21 07:16:44.555 8 INFO neutron.api.extensions [None req-6eb96438-1b0a-4929-8ff8-21705459c14b - - - - - -] Loaded extension: pagination
2026-07-21 07:16:44.555 8 INFO neutron.api.extensions [None req-6eb96438-1b0a-4929-8ff8-21705459c14b - - - - - -] Loaded extension: port-device-profile
2026-07-21 07:16:44.556 8 INFO neutron.api.extensions [None req-6eb96438-1b0a-4929-8ff8-21705459c14b - - - - - -] Extension port-hardware-offload-type not supported by any of loaded plugins
2026-07-21 07:16:44.556 8 INFO neutron.api.extensions [None req-6eb96438-1b0a-4929-8ff8-21705459c14b - - - - - -] Extension port-hint-ovs-tx-steering not supported by any of loaded plugins
2026-07-21 07:16:44.557 8 INFO neutron.api.extensions [None req-6eb96438-1b0a-4929-8ff8-21705459c14b - - - - - -] Extension port-hints not supported by any of loaded plugins
2026-07-21 07:16:44.557 8 INFO neutron.api.extensions [None req-6eb96438-1b0a-4929-8ff8-21705459c14b - - - - - -] Loaded extension: port-mac-override
2026-07-21 07:16:44.558 8 INFO neutron.api.extensions [None req-6eb96438-1b0a-4929-8ff8-21705459c14b - - - - - -] Loaded extension: port-mac-address-regenerate
2026-07-21 07:16:44.558 8 INFO neutron.api.extensions [None req-6eb96438-1b0a-4929-8ff8-21705459c14b - - - - - -] Loaded extension: port-numa-affinity-policy
2026-07-21 07:16:44.559 8 INFO neutron.api.extensions [None req-6eb96438-1b0a-4929-8ff8-21705459c14b - - - - - -] Loaded extension: port-numa-affinity-policy-socket
2026-07-21 07:16:44.559 8 INFO neutron.api.extensions [None req-6eb96438-1b0a-4929-8ff8-21705459c14b - - - - - -] Loaded extension: port-resource-request
2026-07-21 07:16:44.560 8 INFO neutron.api.extensions [None req-6eb96438-1b0a-4929-8ff8-21705459c14b - - - - - -] Loaded extension: port-resource-request-groups
2026-07-21 07:16:44.560 8 INFO neutron.api.extensions [None req-6eb96438-1b0a-4929-8ff8-21705459c14b - - - - - -] Extension port-trusted-vif not supported by any of loaded plugins
2026-07-21 07:16:44.561 8 INFO neutron.api.extensions [None req-6eb96438-1b0a-4929-8ff8-21705459c14b - - - - - -] Loaded extension: binding
2026-07-21 07:16:44.561 8 INFO neutron.api.extensions [None req-6eb96438-1b0a-4929-8ff8-21705459c14b - - - - - -] Loaded extension: binding-extended
2026-07-21 07:16:44.562 8 INFO neutron.api.extensions [None req-6eb96438-1b0a-4929-8ff8-21705459c14b - - - - - -] Loaded extension: port-security
2026-07-21 07:16:44.562 8 INFO neutron.api.extensions [None req-6eb96438-1b0a-4929-8ff8-21705459c14b - - - - - -] Loaded extension: project-id
2026-07-21 07:16:44.563 8 INFO neutron.api.extensions [None req-6eb96438-1b0a-4929-8ff8-21705459c14b - - - - - -] Loaded extension: provider
2026-07-21 07:16:44.563 8 INFO neutron.api.extensions [None req-6eb96438-1b0a-4929-8ff8-21705459c14b - - - - - -] Extension pvlan not supported by any of loaded plugins
2026-07-21 07:16:44.564 8 INFO neutron.api.extensions [None req-6eb96438-1b0a-4929-8ff8-21705459c14b - - - - - -] Extension qinq not supported by any of loaded plugins
2026-07-21 07:16:44.566 8 INFO neutron.api.extensions [None req-6eb96438-1b0a-4929-8ff8-21705459c14b - - - - - -] Loaded extension: qos
2026-07-21 07:16:44.567 8 INFO neutron.api.extensions [None req-6eb96438-1b0a-4929-8ff8-21705459c14b - - - - - -] Loaded extension: qos-bw-limit-direction
2026-07-21 07:16:44.567 8 INFO neutron.api.extensions [None req-6eb96438-1b0a-4929-8ff8-21705459c14b - - - - - -] Loaded extension: qos-bw-minimum-ingress
2026-07-21 07:16:44.568 8 INFO neutron.api.extensions [None req-6eb96438-1b0a-4929-8ff8-21705459c14b - - - - - -] Loaded extension: qos-default
2026-07-21 07:16:44.568 8 INFO neutron.api.extensions [None req-6eb96438-1b0a-4929-8ff8-21705459c14b - - - - - -] Loaded extension: qos-fip
2026-07-21 07:16:44.569 8 INFO neutron.api.extensions [None req-6eb96438-1b0a-4929-8ff8-21705459c14b - - - - - -] Extension qos-fip-network-policy not supported by any of loaded plugins
2026-07-21 07:16:44.569 8 INFO neutron.api.extensions [None req-6eb96438-1b0a-4929-8ff8-21705459c14b - - - - - -] Loaded extension: qos-gateway-ip
2026-07-21 07:16:44.569 8 INFO neutron.api.extensions [None req-6eb96438-1b0a-4929-8ff8-21705459c14b - - - - - -] Loaded extension: qos-port-network-policy
2026-07-21 07:16:44.570 8 INFO neutron.api.extensions [None req-6eb96438-1b0a-4929-8ff8-21705459c14b - - - - - -] Loaded extension: qos-pps-minimum
2026-07-21 07:16:44.571 8 INFO neutron.api.extensions [None req-6eb96438-1b0a-4929-8ff8-21705459c14b - - - - - -] Loaded extension: qos-pps-minimum-rule-alias
2026-07-21 07:16:44.571 8 INFO neutron.api.extensions [None req-6eb96438-1b0a-4929-8ff8-21705459c14b - - - - - -] Loaded extension: qos-pps
2026-07-21 07:16:44.572 8 INFO neutron.api.extensions [None req-6eb96438-1b0a-4929-8ff8-21705459c14b - - - - - -] Loaded extension: qos-rule-type-details
2026-07-21 07:16:44.572 8 INFO neutron.api.extensions [None req-6eb96438-1b0a-4929-8ff8-21705459c14b - - - - - -] Loaded extension: qos-rule-type-filter
2026-07-21 07:16:44.573 8 INFO neutron.api.extensions [None req-6eb96438-1b0a-4929-8ff8-21705459c14b - - - - - -] Loaded extension: qos-rules-alias
2026-07-21 07:16:44.574 8 INFO neutron.api.extensions [None req-6eb96438-1b0a-4929-8ff8-21705459c14b - - - - - -] Loaded extension: quota-check-limit
2026-07-21 07:16:44.574 8 INFO neutron.api.extensions [None req-6eb96438-1b0a-4929-8ff8-21705459c14b - - - - - -] Loaded extension: quota-check-limit-default
2026-07-21 07:16:44.576 8 INFO neutron.api.extensions [None req-6eb96438-1b0a-4929-8ff8-21705459c14b - - - - - -] Loaded extension: quotas
2026-07-21 07:16:44.577 8 INFO neutron.api.extensions [None req-6eb96438-1b0a-4929-8ff8-21705459c14b - - - - - -] Loaded extension: quota_details
2026-07-21 07:16:44.578 8 INFO neutron.api.extensions [None req-6eb96438-1b0a-4929-8ff8-21705459c14b - - - - - -] Loaded extension: rbac-policies
2026-07-21 07:16:44.579 8 INFO neutron.api.extensions [None req-6eb96438-1b0a-4929-8ff8-21705459c14b - - - - - -] Loaded extension: rbac-address-group
2026-07-21 07:16:44.579 8 INFO neutron.api.extensions [None req-6eb96438-1b0a-4929-8ff8-21705459c14b - - - - - -] Loaded extension: rbac-address-scope
2026-07-21 07:16:44.580 8 INFO neutron.api.extensions [None req-6eb96438-1b0a-4929-8ff8-21705459c14b - - - - - -] Loaded extension: rbac-security-groups
2026-07-21 07:16:44.580 7 WARNING keystonemiddleware._common.config [None req-d7c1cf29-4383-4490-80e8-53d7d4d0751d - - - - - -] The option "audit_map_file" is not known to keystonemiddleware
2026-07-21 07:16:44.580 8 INFO neutron.api.extensions [None req-6eb96438-1b0a-4929-8ff8-21705459c14b - - - - - -] Loaded extension: rbac-subnetpool
2026-07-21 07:16:44.581 8 INFO neutron.api.extensions [None req-6eb96438-1b0a-4929-8ff8-21705459c14b - - - - - -] Loaded extension: revision-if-match
2026-07-21 07:16:44.582 8 INFO neutron.api.extensions [None req-6eb96438-1b0a-4929-8ff8-21705459c14b - - - - - -] Loaded extension: standard-attr-revisions
2026-07-21 07:16:44.582 8 INFO neutron.api.extensions [None req-6eb96438-1b0a-4929-8ff8-21705459c14b - - - - - -] Loaded extension: router_availability_zone
2026-07-21 07:16:44.583 8 INFO neutron.api.extensions [None req-6eb96438-1b0a-4929-8ff8-21705459c14b - - - - - -] Extension router-enable-snat not supported by any of loaded plugins
2026-07-21 07:16:44.583 8 INFO neutron.api.extensions [None req-6eb96438-1b0a-4929-8ff8-21705459c14b - - - - - -] Extension router-service-type not supported by any of loaded plugins
2026-07-21 07:16:44.585 8 INFO neutron.api.extensions [None req-6eb96438-1b0a-4929-8ff8-21705459c14b - - - - - -] Loaded extension: security-groups-default-rules
2026-07-21 07:16:44.585 8 INFO neutron.api.extensions [None req-6eb96438-1b0a-4929-8ff8-21705459c14b - - - - - -] Loaded extension: security-groups-default-statefulness
2026-07-21 07:16:44.586 8 INFO neutron.api.extensions [None req-6eb96438-1b0a-4929-8ff8-21705459c14b - - - - - -] Loaded extension: security-groups-normalized-cidr
2026-07-21 07:16:44.588 8 INFO neutron.api.extensions [None req-6eb96438-1b0a-4929-8ff8-21705459c14b - - - - - -] Loaded extension: port-security-groups-filtering
2026-07-21 07:16:44.588 8 INFO neutron.api.extensions [None req-6eb96438-1b0a-4929-8ff8-21705459c14b - - - - - -] Loaded extension: security-groups-remote-address-group
2026-07-21 07:16:44.589 8 INFO neutron.api.extensions [None req-6eb96438-1b0a-4929-8ff8-21705459c14b - - - - - -] Loaded extension: security-groups-rules-belongs-to-default-sg
2026-07-21 07:16:44.589 7 WARNING keystonemiddleware.auth_token [None req-d7c1cf29-4383-4490-80e8-53d7d4d0751d - - - - - -] Configuring www_authenticate_uri to point to the public identity endpoint is required; clients may not be able to authenticate against an admin endpoint
2026-07-21 07:16:44.589 8 INFO neutron.api.extensions [None req-6eb96438-1b0a-4929-8ff8-21705459c14b - - - - - -] Loaded extension: security-groups-shared-filtering WSGI app 0 (mountpoint='') ready in 8 seconds on interpreter 0x7fbcf0e35668 pid: 7 (default app)
2026-07-21 07:16:44.594 8 INFO neutron.api.extensions [None req-6eb96438-1b0a-4929-8ff8-21705459c14b - - - - - -] Loaded extension: security-group
2026-07-21 07:16:44.595 8 INFO neutron.api.extensions [None req-6eb96438-1b0a-4929-8ff8-21705459c14b - - - - - -] Loaded extension: segment
2026-07-21 07:16:44.595 8 INFO neutron.api.extensions [None req-6eb96438-1b0a-4929-8ff8-21705459c14b - - - - - -] Loaded extension: segments-peer-subnet-host-routes
2026-07-21 07:16:44.596 8 INFO neutron.api.extensions [None req-6eb96438-1b0a-4929-8ff8-21705459c14b - - - - - -] Loaded extension: service-type
2026-07-21 07:16:44.596 8 INFO neutron.api.extensions [None req-6eb96438-1b0a-4929-8ff8-21705459c14b - - - - - -] Loaded extension: sorting
2026-07-21 07:16:44.597 8 INFO neutron.api.extensions [None req-6eb96438-1b0a-4929-8ff8-21705459c14b - - - - - -] Loaded extension: standard-attr-segment
2026-07-21 07:16:44.598 8 INFO neutron.api.extensions [None req-6eb96438-1b0a-4929-8ff8-21705459c14b - - - - - -] Loaded extension: standard-attr-description
2026-07-21 07:16:44.598 8 INFO neutron.api.extensions [None req-6eb96438-1b0a-4929-8ff8-21705459c14b - - - - - -] Loaded extension: stateful-security-group
2026-07-21 07:16:44.598 8 WARNING neutron.api.extensions [None req-6eb96438-1b0a-4929-8ff8-21705459c14b - - - - - -] Did not find expected name "Stdattrs_common" in /var/lib/openstack/lib/python3.12/site-packages/neutron/extensions/stdattrs_common.py
2026-07-21 07:16:44.599 8 INFO neutron.api.extensions [None req-6eb96438-1b0a-4929-8ff8-21705459c14b - - - - - -] Extension subnet-dns-publish-fixed-ip not supported by any of loaded plugins
2026-07-21 07:16:44.599 8 INFO neutron.api.extensions [None req-6eb96438-1b0a-4929-8ff8-21705459c14b - - - - - -] Loaded extension: subnet-external-network
2026-07-21 07:16:44.600 8 INFO neutron.api.extensions [None req-6eb96438-1b0a-4929-8ff8-21705459c14b - - - - - -] Loaded extension: subnet_onboard
2026-07-21 07:16:44.600 8 INFO neutron.api.extensions [None req-6eb96438-1b0a-4929-8ff8-21705459c14b - - - - - -] Loaded extension: subnet-segmentid-writable
2026-07-21 07:16:44.601 8 INFO neutron.api.extensions [None req-6eb96438-1b0a-4929-8ff8-21705459c14b - - - - - -] Loaded extension: subnet-service-types
2026-07-21 07:16:44.602 8 INFO neutron.api.extensions [None req-6eb96438-1b0a-4929-8ff8-21705459c14b - - - - - -] Loaded extension: subnet_allocation
2026-07-21 07:16:44.602 8 INFO neutron.api.extensions [None req-6eb96438-1b0a-4929-8ff8-21705459c14b - - - - - -] Loaded extension: subnetpool-prefix-ops
2026-07-21 07:16:44.603 8 INFO neutron.api.extensions [None req-6eb96438-1b0a-4929-8ff8-21705459c14b - - - - - -] Loaded extension: tag-creation
2026-07-21 07:16:44.603 8 INFO neutron.api.extensions [None req-6eb96438-1b0a-4929-8ff8-21705459c14b - - - - - -] Extension tag-ports-during-bulk-creation not supported by any of loaded plugins
2026-07-21 07:16:44.608 8 INFO neutron.api.extensions [None req-6eb96438-1b0a-4929-8ff8-21705459c14b - - - - - -] Loaded extension: standard-attr-tag
2026-07-21 07:16:44.609 8 INFO neutron.api.extensions [None req-6eb96438-1b0a-4929-8ff8-21705459c14b - - - - - -] Loaded extension: standard-attr-timestamp
2026-07-21 07:16:44.610 8 INFO neutron.api.extensions [None req-6eb96438-1b0a-4929-8ff8-21705459c14b - - - - - -] Loaded extension: trunk
2026-07-21 07:16:44.610 8 INFO neutron.api.extensions [None req-6eb96438-1b0a-4929-8ff8-21705459c14b - - - - - -] Loaded extension: trunk-details
2026-07-21 07:16:44.611 8 INFO neutron.api.extensions [None req-6eb96438-1b0a-4929-8ff8-21705459c14b - - - - - -] Extension uplink-status-propagation not supported by any of loaded plugins
2026-07-21 07:16:44.611 8 INFO neutron.api.extensions [None req-6eb96438-1b0a-4929-8ff8-21705459c14b - - - - - -] Extension uplink-status-propagation-updatable not supported by any of loaded plugins
2026-07-21 07:16:44.612 8 INFO neutron.api.extensions [None req-6eb96438-1b0a-4929-8ff8-21705459c14b - - - - - -] Extension vlan-transparent not supported by any of loaded plugins
2026-07-21 07:16:44.612 8 INFO neutron.api.extensions [None req-6eb96438-1b0a-4929-8ff8-21705459c14b - - - - - -] Loaded extension: vpn-aes-ctr
2026-07-21 07:16:44.614 8 INFO neutron.api.extensions [None req-6eb96438-1b0a-4929-8ff8-21705459c14b - - - - - -] Extension vpn-agent-scheduler not supported by any of loaded plugins
2026-07-21 07:16:44.615 8 INFO neutron.api.extensions [None req-6eb96438-1b0a-4929-8ff8-21705459c14b - - - - - -] Loaded extension: vpn-endpoint-groups
2026-07-21 07:16:44.616 8 INFO neutron.api.extensions [None req-6eb96438-1b0a-4929-8ff8-21705459c14b - - - - - -] Loaded extension: vpn-flavors
2026-07-21 07:16:44.617 8 INFO neutron.api.extensions [None req-6eb96438-1b0a-4929-8ff8-21705459c14b - - - - - -] Loaded extension: vpnaas
2026-07-21 07:16:44.618 8 INFO neutron.api.extensions [None req-6eb96438-1b0a-4929-8ff8-21705459c14b - - - - - -] Loaded extension: taas
2026-07-21 07:16:44.620 8 INFO neutron.api.extensions [None req-6eb96438-1b0a-4929-8ff8-21705459c14b - - - - - -] Loaded extension: tap-mirror
2026-07-21 07:16:44.621 8 INFO neutron.api.extensions [None req-6eb96438-1b0a-4929-8ff8-21705459c14b - - - - - -] Loaded extension: tap-mirror-both-direction
2026-07-21 07:16:44.621 8 INFO neutron.api.extensions [None req-6eb96438-1b0a-4929-8ff8-21705459c14b - - - - - -] Loaded extension: taas-vlan-filter
2026-07-21 07:16:44.624 8 INFO neutron.quota.resource_registry [None req-6eb96438-1b0a-4929-8ff8-21705459c14b - - - - - -] Creating instance of TrackedResource for resource:network
2026-07-21 07:16:44.624 8 INFO neutron.quota.resource_registry [None req-6eb96438-1b0a-4929-8ff8-21705459c14b - - - - - -] Creating instance of TrackedResource for resource:subnet
2026-07-21 07:16:44.624 8 INFO neutron.quota.resource_registry [None req-6eb96438-1b0a-4929-8ff8-21705459c14b - - - - - -] Creating instance of TrackedResource for resource:subnetpool
2026-07-21 07:16:44.624 8 INFO neutron.quota.resource_registry [None req-6eb96438-1b0a-4929-8ff8-21705459c14b - - - - - -] Creating instance of TrackedResource for resource:port
2026-07-21 07:16:44.626 8 INFO neutron.quota.resource_registry [None req-6eb96438-1b0a-4929-8ff8-21705459c14b - - - - - -] Creating instance of CountableResource for resource:router_route
2026-07-21 07:16:44.628 8 INFO neutron.quota.resource_registry [None req-6eb96438-1b0a-4929-8ff8-21705459c14b - - - - - -] Creating instance of TrackedResource for resource:router
2026-07-21 07:16:44.628 8 INFO neutron.quota.resource_registry [None req-6eb96438-1b0a-4929-8ff8-21705459c14b - - - - - -] Creating instance of TrackedResource for resource:floatingip
2026-07-21 07:16:44.632 8 INFO neutron.quota.resource_registry [None req-6eb96438-1b0a-4929-8ff8-21705459c14b - - - - - -] Creating instance of CountableResource for resource:rbac_policy
2026-07-21 07:16:44.633 8 INFO neutron.quota.resource_registry [None req-6eb96438-1b0a-4929-8ff8-21705459c14b - - - - - -] Creating instance of TrackedResource for resource:security_group
2026-07-21 07:16:44.634 8 INFO neutron.quota.resource_registry [None req-6eb96438-1b0a-4929-8ff8-21705459c14b - - - - - -] Creating instance of TrackedResource for resource:security_group_rule
2026-07-21 07:16:44.635 8 INFO neutron.quota.resource_registry [None req-6eb96438-1b0a-4929-8ff8-21705459c14b - - - - - -] Creating instance of TrackedResource for resource:subnetpool
2026-07-21 07:16:44.635 8 WARNING neutron.quota.resource_registry [None req-6eb96438-1b0a-4929-8ff8-21705459c14b - - - - - -] subnetpool is already registered
2026-07-21 07:16:44.635 8 INFO neutron.quota.resource_registry [None req-6eb96438-1b0a-4929-8ff8-21705459c14b - - - - - -] Creating instance of TrackedResource for resource:subnetpool
2026-07-21 07:16:44.635 8 WARNING neutron.quota.resource_registry [None req-6eb96438-1b0a-4929-8ff8-21705459c14b - - - - - -] subnetpool is already registered
2026-07-21 07:16:44.636 8 INFO neutron.quota.resource_registry [None req-6eb96438-1b0a-4929-8ff8-21705459c14b - - - - - -] Creating instance of CountableResource for resource:trunk
2026-07-21 07:16:44.636 8 INFO neutron.quota.resource_registry [None req-6eb96438-1b0a-4929-8ff8-21705459c14b - - - - - -] Creating instance of CountableResource for resource:ikepolicy
2026-07-21 07:16:44.637 8 INFO neutron.quota.resource_registry [None req-6eb96438-1b0a-4929-8ff8-21705459c14b - - - - - -] Creating instance of CountableResource for resource:ipsecpolicy
2026-07-21 07:16:44.637 8 INFO neutron.quota.resource_registry [None req-6eb96438-1b0a-4929-8ff8-21705459c14b - - - - - -] Creating instance of CountableResource for resource:endpoint_group
2026-07-21 07:16:44.637 8 INFO neutron.quota.resource_registry [None req-6eb96438-1b0a-4929-8ff8-21705459c14b - - - - - -] Creating instance of CountableResource for resource:vpnservice
2026-07-21 07:16:44.638 8 INFO neutron.quota.resource_registry [None req-6eb96438-1b0a-4929-8ff8-21705459c14b - - - - - -] Creating instance of CountableResource for resource:ipsec_site_connection
2026-07-21 07:16:44.638 8 INFO neutron.quota.resource_registry [None req-6eb96438-1b0a-4929-8ff8-21705459c14b - - - - - -] Creating instance of CountableResource for resource:ipsecpolicy
2026-07-21 07:16:44.638 8 WARNING neutron.quota.resource_registry [None req-6eb96438-1b0a-4929-8ff8-21705459c14b - - - - - -] ipsecpolicy is already registered
2026-07-21 07:16:44.639 8 INFO neutron.quota.resource_registry [None req-6eb96438-1b0a-4929-8ff8-21705459c14b - - - - - -] Creating instance of CountableResource for resource:ikepolicy
2026-07-21 07:16:44.639 8 WARNING neutron.quota.resource_registry [None req-6eb96438-1b0a-4929-8ff8-21705459c14b - - - - - -] ikepolicy is already registered
2026-07-21 07:16:44.642 8 INFO neutron.quota.resource_registry [None req-6eb96438-1b0a-4929-8ff8-21705459c14b - - - - - -] Creating instance of CountableResource for resource:router_route
2026-07-21 07:16:44.642 8 WARNING neutron.quota.resource_registry [None req-6eb96438-1b0a-4929-8ff8-21705459c14b - - - - - -] router_route is already registered
2026-07-21 07:16:44.644 8 INFO neutron.quota.resource_registry [None req-6eb96438-1b0a-4929-8ff8-21705459c14b - - - - - -] Creating instance of TrackedResource for resource:router
2026-07-21 07:16:44.644 8 WARNING neutron.quota.resource_registry [None req-6eb96438-1b0a-4929-8ff8-21705459c14b - - - - - -] router is already registered
2026-07-21 07:16:44.644 8 INFO neutron.quota.resource_registry [None req-6eb96438-1b0a-4929-8ff8-21705459c14b - - - - - -] Creating instance of TrackedResource for resource:floatingip
2026-07-21 07:16:44.644 8 WARNING neutron.quota.resource_registry [None req-6eb96438-1b0a-4929-8ff8-21705459c14b - - - - - -] floatingip is already registered
2026-07-21 07:16:44.648 8 INFO neutron.quota.resource_registry [None req-6eb96438-1b0a-4929-8ff8-21705459c14b - - - - - -] Creating instance of CountableResource for resource:rbac_policy
2026-07-21 07:16:44.648 8 WARNING neutron.quota.resource_registry [None req-6eb96438-1b0a-4929-8ff8-21705459c14b - - - - - -] rbac_policy is already registered
2026-07-21 07:16:44.649 8 INFO neutron.quota.resource_registry [None req-6eb96438-1b0a-4929-8ff8-21705459c14b - - - - - -] Creating instance of TrackedResource for resource:security_group
2026-07-21 07:16:44.649 8 WARNING neutron.quota.resource_registry [None req-6eb96438-1b0a-4929-8ff8-21705459c14b - - - - - -] security_group is already registered
2026-07-21 07:16:44.650 8 INFO neutron.quota.resource_registry [None req-6eb96438-1b0a-4929-8ff8-21705459c14b - - - - - -] Creating instance of TrackedResource for resource:security_group_rule
2026-07-21 07:16:44.650 8 WARNING neutron.quota.resource_registry [None req-6eb96438-1b0a-4929-8ff8-21705459c14b - - - - - -] security_group_rule is already registered
2026-07-21 07:16:44.650 8 INFO neutron.quota.resource_registry [None req-6eb96438-1b0a-4929-8ff8-21705459c14b - - - - - -] Creating instance of TrackedResource for resource:subnetpool
2026-07-21 07:16:44.651 8 WARNING neutron.quota.resource_registry [None req-6eb96438-1b0a-4929-8ff8-21705459c14b - - - - - -] subnetpool is already registered
2026-07-21 07:16:44.651 8 INFO neutron.quota.resource_registry [None req-6eb96438-1b0a-4929-8ff8-21705459c14b - - - - - -] Creating instance of TrackedResource for resource:subnetpool
2026-07-21 07:16:44.651 8 WARNING neutron.quota.resource_registry [None req-6eb96438-1b0a-4929-8ff8-21705459c14b - - - - - -] subnetpool is already registered
2026-07-21 07:16:44.652 8 INFO neutron.quota.resource_registry [None req-6eb96438-1b0a-4929-8ff8-21705459c14b - - - - - -] Creating instance of CountableResource for resource:trunk
2026-07-21 07:16:44.652 8 WARNING neutron.quota.resource_registry [None req-6eb96438-1b0a-4929-8ff8-21705459c14b - - - - - -] trunk is already registered
2026-07-21 07:16:44.652 8 INFO neutron.quota.resource_registry [None req-6eb96438-1b0a-4929-8ff8-21705459c14b - - - - - -] Creating instance of CountableResource for resource:ikepolicy
2026-07-21 07:16:44.652 8 WARNING neutron.quota.resource_registry [None req-6eb96438-1b0a-4929-8ff8-21705459c14b - - - - - -] ikepolicy is already registered
2026-07-21 07:16:44.653 8 INFO neutron.quota.resource_registry [None req-6eb96438-1b0a-4929-8ff8-21705459c14b - - - - - -] Creating instance of CountableResource for resource:ipsecpolicy
2026-07-21 07:16:44.653 8 WARNING neutron.quota.resource_registry [None req-6eb96438-1b0a-4929-8ff8-21705459c14b - - - - - -] ipsecpolicy is already registered
2026-07-21 07:16:44.653 8 INFO neutron.quota.resource_registry [None req-6eb96438-1b0a-4929-8ff8-21705459c14b - - - - - -] Creating instance of CountableResource for resource:endpoint_group
2026-07-21 07:16:44.653 8 WARNING neutron.quota.resource_registry [None req-6eb96438-1b0a-4929-8ff8-21705459c14b - - - - - -] endpoint_group is already registered
2026-07-21 07:16:44.654 8 INFO neutron.quota.resource_registry [None req-6eb96438-1b0a-4929-8ff8-21705459c14b - - - - - -] Creating instance of CountableResource for resource:vpnservice
2026-07-21 07:16:44.654 8 WARNING neutron.quota.resource_registry [None req-6eb96438-1b0a-4929-8ff8-21705459c14b - - - - - -] vpnservice is already registered
2026-07-21 07:16:44.654 8 INFO neutron.quota.resource_registry [None req-6eb96438-1b0a-4929-8ff8-21705459c14b - - - - - -] Creating instance of CountableResource for resource:ipsec_site_connection
2026-07-21 07:16:44.654 8 WARNING neutron.quota.resource_registry [None req-6eb96438-1b0a-4929-8ff8-21705459c14b - - - - - -] ipsec_site_connection is already registered
2026-07-21 07:16:44.655 8 INFO neutron.quota.resource_registry [None req-6eb96438-1b0a-4929-8ff8-21705459c14b - - - - - -] Creating instance of CountableResource for resource:ipsecpolicy
2026-07-21 07:16:44.655 8 WARNING neutron.quota.resource_registry [None req-6eb96438-1b0a-4929-8ff8-21705459c14b - - - - - -] ipsecpolicy is already registered
2026-07-21 07:16:44.655 8 INFO neutron.quota.resource_registry [None req-6eb96438-1b0a-4929-8ff8-21705459c14b - - - - - -] Creating instance of CountableResource for resource:ikepolicy
2026-07-21 07:16:44.655 8 WARNING neutron.quota.resource_registry [None req-6eb96438-1b0a-4929-8ff8-21705459c14b - - - - - -] ikepolicy is already registered
2026-07-21 07:16:44.694 8 WARNING keystonemiddleware._common.config [None req-6eb96438-1b0a-4929-8ff8-21705459c14b - - - - - -] The option "audit_map_file" is not known to keystonemiddleware
2026-07-21 07:16:44.700 8 WARNING keystonemiddleware.auth_token [None req-6eb96438-1b0a-4929-8ff8-21705459c14b - - - - - -] Configuring www_authenticate_uri to point to the public identity endpoint is required; clients may not be able to authenticate against an admin endpoint WSGI app 0 (mountpoint='') ready in 8 seconds on interpreter 0x7fbcf0e35668 pid: 8 (default app) /var/lib/openstack/lib/python3.12/site-packages/pycadf/identifier.py:70: UserWarning: Invalid uuid: unknown. To ensure interoperability, identifiers should be a valid uuid. warnings.warn(('Invalid uuid: %s. To ensure interoperability, '
2026-07-21 07:16:49.095 7 INFO neutron.pecan_wsgi.hooks.translation [None req-9861cecf-33ef-4323-8b84-b0cbfb405d1a c2f48118ce034154b27b04e43b4fcb71 4454aec8fbf04636b3640fdde3065e16 - - default default] GET failed (client error): The resource could not be found. [pid: 7|app: 0|req: 4/4] 199.204.45.38 () {44 vars in 924 bytes} [Tue Jul 21 07:16:48 2026] GET /v2.0/networks/public => generated 108 bytes in 999 msecs (HTTP/1.1 404) 4 headers in 164 bytes (1 switches on core 0) /var/lib/openstack/lib/python3.12/site-packages/pycadf/identifier.py:70: UserWarning: Invalid uuid: unknown. To ensure interoperability, identifiers should be a valid uuid. warnings.warn(('Invalid uuid: %s. To ensure interoperability, ' [pid: 8|app: 0|req: 1/5] 199.204.45.38 () {44 vars in 946 bytes} [Tue Jul 21 07:16:49 2026] GET /v2.0/networks?name=public => generated 15 bytes in 484 msecs (HTTP/1.1 200) 4 headers in 156 bytes (1 switches on core 0)
2026-07-21 07:16:49.829 7 ERROR stevedore.extension [None req-f18bdc2b-5292-40e4-8a77-2d138cc6a3a0 c2f48118ce034154b27b04e43b4fcb71 4454aec8fbf04636b3640fdde3065e16 - - default default] Could not load 'tap-as-a-service': module 'neutron.conf.policies.base' has no attribute 'ADMIN_OR_PROJECT_MEMBER'
2026-07-21 07:16:49.831 7 ERROR stevedore.extension [None req-f18bdc2b-5292-40e4-8a77-2d138cc6a3a0 c2f48118ce034154b27b04e43b4fcb71 4454aec8fbf04636b3640fdde3065e16 - - default default] Could not load 'neutron-vpnaas': module 'neutron.conf.policies.base' has no attribute 'ADMIN_OR_PROJECT_MEMBER'
2026-07-21 07:16:49.832 7 ERROR stevedore.extension [None req-f18bdc2b-5292-40e4-8a77-2d138cc6a3a0 c2f48118ce034154b27b04e43b4fcb71 4454aec8fbf04636b3640fdde3065e16 - - default default] Could not load 'neutron-dynamic-routing': module 'neutron.conf.policies.base' has no attribute 'ADMIN'
2026-07-21 07:16:50.144 7 WARNING neutron.services.revisions.revision_plugin [None req-f18bdc2b-5292-40e4-8a77-2d138cc6a3a0 c2f48118ce034154b27b04e43b4fcb71 4454aec8fbf04636b3640fdde3065e16 - - default default] Could not find related network for resource to bump revision.
2026-07-21 07:16:50.162 7 INFO neutron.db.segments_db [None req-f18bdc2b-5292-40e4-8a77-2d138cc6a3a0 c2f48118ce034154b27b04e43b4fcb71 4454aec8fbf04636b3640fdde3065e16 - - default default] Added segment e0699598-1d5e-42b3-aaa2-220c695368fe of type flat for network 4393aca3-f52f-4e7c-8ef6-48418ba39cfc
2026-07-21 07:16:50.234 7 INFO neutron.pecan_wsgi.hooks.translation [None req-f18bdc2b-5292-40e4-8a77-2d138cc6a3a0 c2f48118ce034154b27b04e43b4fcb71 4454aec8fbf04636b3640fdde3065e16 - - default default] POST failed (client error): The resource could not be found. [pid: 7|app: 0|req: 5/6] 199.204.45.38 () {48 vars in 964 bytes} [Tue Jul 21 07:16:49 2026] POST /v2.0/networks => generated 124 bytes in 656 msecs (HTTP/1.1 404) 4 headers in 164 bytes (1 switches on core 0)
2026-07-21 07:16:56.578 8 INFO neutron.pecan_wsgi.hooks.translation [None req-1c96b82e-42ee-4958-a43c-b12efbc1ca9a c2f48118ce034154b27b04e43b4fcb71 4454aec8fbf04636b3640fdde3065e16 - - default default] GET failed (client error): The resource could not be found. [pid: 8|app: 0|req: 2/7] 199.204.45.38 () {44 vars in 924 bytes} [Tue Jul 21 07:16:56 2026] GET /v2.0/networks/public => generated 108 bytes in 435 msecs (HTTP/1.1 404) 4 headers in 164 bytes (1 switches on core 0) [pid: 7|app: 0|req: 6/8] 199.204.45.38 () {44 vars in 946 bytes} [Tue Jul 21 07:16:56 2026] GET /v2.0/networks?name=public => generated 15 bytes in 21 msecs (HTTP/1.1 200) 4 headers in 156 bytes (1 switches on core 0)
2026-07-21 07:16:56.847 8 ERROR stevedore.extension [None req-f6560456-1b52-4cf5-baff-f28595b917f1 c2f48118ce034154b27b04e43b4fcb71 4454aec8fbf04636b3640fdde3065e16 - - default default] Could not load 'tap-as-a-service': module 'neutron.conf.policies.base' has no attribute 'ADMIN_OR_PROJECT_MEMBER'
2026-07-21 07:16:56.849 8 ERROR stevedore.extension [None req-f6560456-1b52-4cf5-baff-f28595b917f1 c2f48118ce034154b27b04e43b4fcb71 4454aec8fbf04636b3640fdde3065e16 - - default default] Could not load 'neutron-vpnaas': module 'neutron.conf.policies.base' has no attribute 'ADMIN_OR_PROJECT_MEMBER'
2026-07-21 07:16:56.850 8 ERROR stevedore.extension [None req-f6560456-1b52-4cf5-baff-f28595b917f1 c2f48118ce034154b27b04e43b4fcb71 4454aec8fbf04636b3640fdde3065e16 - - default default] Could not load 'neutron-dynamic-routing': module 'neutron.conf.policies.base' has no attribute 'ADMIN'
2026-07-21 07:16:57.018 8 WARNING neutron.services.revisions.revision_plugin [None req-f6560456-1b52-4cf5-baff-f28595b917f1 c2f48118ce034154b27b04e43b4fcb71 4454aec8fbf04636b3640fdde3065e16 - - default default] Could not find related network for resource to bump revision.
2026-07-21 07:16:57.045 8 INFO neutron.db.segments_db [None req-f6560456-1b52-4cf5-baff-f28595b917f1 c2f48118ce034154b27b04e43b4fcb71 4454aec8fbf04636b3640fdde3065e16 - - default default] Added segment 154ec707-342d-40b5-9b39-140822b1d771 of type flat for network e5f56e5e-6987-47c1-b253-eadd44fc8143
2026-07-21 07:16:57.107 8 INFO neutron.pecan_wsgi.hooks.translation [None req-f6560456-1b52-4cf5-baff-f28595b917f1 c2f48118ce034154b27b04e43b4fcb71 4454aec8fbf04636b3640fdde3065e16 - - default default] POST failed (client error): The resource could not be found. [pid: 8|app: 0|req: 3/9] 199.204.45.38 () {48 vars in 964 bytes} [Tue Jul 21 07:16:56 2026] POST /v2.0/networks => generated 124 bytes in 515 msecs (HTTP/1.1 404) 4 headers in 164 bytes (1 switches on core 0)
2026-07-21 07:17:03.036 8 INFO neutron.pecan_wsgi.hooks.translation [None req-36d1af7e-e4b2-4e75-8c88-943dd1bfbaae c2f48118ce034154b27b04e43b4fcb71 4454aec8fbf04636b3640fdde3065e16 - - default default] GET failed (client error): The resource could not be found. [pid: 8|app: 0|req: 4/11] 199.204.45.38 () {44 vars in 924 bytes} [Tue Jul 21 07:17:02 2026] GET /v2.0/networks/public => generated 108 bytes in 41 msecs (HTTP/1.1 404) 4 headers in 164 bytes (1 switches on core 0) [pid: 7|app: 0|req: 8/12] 199.204.45.38 () {44 vars in 946 bytes} [Tue Jul 21 07:17:03 2026] GET /v2.0/networks?name=public => generated 15 bytes in 15 msecs (HTTP/1.1 200) 4 headers in 156 bytes (1 switches on core 0)
2026-07-21 07:17:03.115 8 WARNING neutron.services.revisions.revision_plugin [None req-8698344b-1f79-46c5-967f-75c23fecee0c c2f48118ce034154b27b04e43b4fcb71 4454aec8fbf04636b3640fdde3065e16 - - default default] Could not find related network for resource to bump revision.
2026-07-21 07:17:03.129 8 INFO neutron.db.segments_db [None req-8698344b-1f79-46c5-967f-75c23fecee0c c2f48118ce034154b27b04e43b4fcb71 4454aec8fbf04636b3640fdde3065e16 - - default default] Added segment b8f36834-65e0-4ddb-a23f-35fa69817294 of type flat for network c77fd7cf-5db6-4629-a72d-5e0c4a74da7d
2026-07-21 07:17:03.155 8 INFO neutron.pecan_wsgi.hooks.translation [None req-8698344b-1f79-46c5-967f-75c23fecee0c c2f48118ce034154b27b04e43b4fcb71 4454aec8fbf04636b3640fdde3065e16 - - default default] POST failed (client error): The resource could not be found. [pid: 8|app: 0|req: 5/13] 199.204.45.38 () {48 vars in 964 bytes} [Tue Jul 21 07:17:03 2026] POST /v2.0/networks => generated 124 bytes in 100 msecs (HTTP/1.1 404) 4 headers in 164 bytes (1 switches on core 0)
2026-07-21 07:17:09.033 7 INFO neutron.pecan_wsgi.hooks.translation [None req-6cbf4cda-644b-4da1-ba8f-9c4f7986dca4 c2f48118ce034154b27b04e43b4fcb71 4454aec8fbf04636b3640fdde3065e16 - - default default] GET failed (client error): The resource could not be found. [pid: 7|app: 0|req: 9/14] 199.204.45.38 () {44 vars in 924 bytes} [Tue Jul 21 07:17:08 2026] GET /v2.0/networks/public => generated 108 bytes in 41 msecs (HTTP/1.1 404) 4 headers in 164 bytes (1 switches on core 0) [pid: 8|app: 0|req: 6/15] 199.204.45.38 () {44 vars in 946 bytes} [Tue Jul 21 07:17:09 2026] GET /v2.0/networks?name=public => generated 15 bytes in 15 msecs (HTTP/1.1 200) 4 headers in 156 bytes (1 switches on core 0)
2026-07-21 07:17:09.118 7 WARNING neutron.services.revisions.revision_plugin [None req-b32fe9a5-9ea1-42ca-ad21-f6f04eef0460 c2f48118ce034154b27b04e43b4fcb71 4454aec8fbf04636b3640fdde3065e16 - - default default] Could not find related network for resource to bump revision.
2026-07-21 07:17:09.162 7 INFO neutron.db.segments_db [None req-b32fe9a5-9ea1-42ca-ad21-f6f04eef0460 c2f48118ce034154b27b04e43b4fcb71 4454aec8fbf04636b3640fdde3065e16 - - default default] Added segment d535af21-5e7b-4bc7-a373-939054f1c191 of type flat for network b90ab428-0f54-43ff-ba9a-a9a62772704b
2026-07-21 07:17:09.193 7 INFO neutron.pecan_wsgi.hooks.translation [None req-b32fe9a5-9ea1-42ca-ad21-f6f04eef0460 c2f48118ce034154b27b04e43b4fcb71 4454aec8fbf04636b3640fdde3065e16 - - default default] POST failed (client error): The resource could not be found. [pid: 7|app: 0|req: 10/16] 199.204.45.38 () {48 vars in 964 bytes} [Tue Jul 21 07:17:09 2026] POST /v2.0/networks => generated 124 bytes in 161 msecs (HTTP/1.1 404) 4 headers in 164 bytes (1 switches on core 0)
2026-07-21 07:17:15.109 7 INFO neutron.pecan_wsgi.hooks.translation [None req-05763722-73b0-4899-98c8-298c86da1bab c2f48118ce034154b27b04e43b4fcb71 4454aec8fbf04636b3640fdde3065e16 - - default default] GET failed (client error): The resource could not be found. [pid: 7|app: 0|req: 11/18] 199.204.45.38 () {44 vars in 924 bytes} [Tue Jul 21 07:17:15 2026] GET /v2.0/networks/public => generated 108 bytes in 50 msecs (HTTP/1.1 404) 4 headers in 164 bytes (1 switches on core 0) [pid: 8|app: 0|req: 8/19] 199.204.45.38 () {44 vars in 946 bytes} [Tue Jul 21 07:17:15 2026] GET /v2.0/networks?name=public => generated 15 bytes in 24 msecs (HTTP/1.1 200) 4 headers in 156 bytes (1 switches on core 0)
2026-07-21 07:17:15.222 7 WARNING neutron.services.revisions.revision_plugin [None req-216f7927-799f-4255-b24c-baa475cc419b c2f48118ce034154b27b04e43b4fcb71 4454aec8fbf04636b3640fdde3065e16 - - default default] Could not find related network for resource to bump revision.
2026-07-21 07:17:15.251 7 INFO neutron.db.segments_db [None req-216f7927-799f-4255-b24c-baa475cc419b c2f48118ce034154b27b04e43b4fcb71 4454aec8fbf04636b3640fdde3065e16 - - default default] Added segment f89a456b-b4a1-4d70-8373-941afcf67b6a of type flat for network bceae082-40dd-4f60-8636-cee1fd16da5e
2026-07-21 07:17:15.286 7 INFO neutron.pecan_wsgi.hooks.translation [None req-216f7927-799f-4255-b24c-baa475cc419b c2f48118ce034154b27b04e43b4fcb71 4454aec8fbf04636b3640fdde3065e16 - - default default] POST failed (client error): The resource could not be found. [pid: 7|app: 0|req: 12/20] 199.204.45.38 () {48 vars in 964 bytes} [Tue Jul 21 07:17:15 2026] POST /v2.0/networks => generated 124 bytes in 156 msecs (HTTP/1.1 404) 4 headers in 164 bytes (1 switches on core 0)
2026-07-21 07:17:21.182 8 INFO neutron.pecan_wsgi.hooks.translation [None req-3a05bc1d-9279-4bb0-ba8c-6e7c05394b49 c2f48118ce034154b27b04e43b4fcb71 4454aec8fbf04636b3640fdde3065e16 - - default default] GET failed (client error): The resource could not be found. [pid: 8|app: 0|req: 9/21] 199.204.45.38 () {44 vars in 924 bytes} [Tue Jul 21 07:17:21 2026] GET /v2.0/networks/public => generated 108 bytes in 52 msecs (HTTP/1.1 404) 4 headers in 164 bytes (1 switches on core 0) [pid: 7|app: 0|req: 13/22] 199.204.45.38 () {44 vars in 946 bytes} [Tue Jul 21 07:17:21 2026] GET /v2.0/networks?name=public => generated 15 bytes in 17 msecs (HTTP/1.1 200) 4 headers in 156 bytes (1 switches on core 0)
2026-07-21 07:17:21.276 8 WARNING neutron.services.revisions.revision_plugin [None req-228c1346-a00e-4154-9af4-c4fe46ea802b c2f48118ce034154b27b04e43b4fcb71 4454aec8fbf04636b3640fdde3065e16 - - default default] Could not find related network for resource to bump revision.
