2026-07-21 07:49:54.170 7 INFO placement.requestlog [req-4b8feacb-f5f3-4b16-a384-308295b01f64 req-62526cb6-c63d-4128-9f49-5b21fe554154 fefec6c7834c4af4a82ca6bdf3018523 2f822f62502a4310a529bfcc4e508a04 - - 2e8afbdf9df9464c8d4156df07d3903b 2e8afbdf9df9464c8d4156df07d3903b] 199.204.45.38 "GET /resource_providers/009c3c3d-2b1c-4af9-bf6e-d42fcc41cc22/allocations" status: 200 len: 54 microversion: 1.0 [pid: 7|app: 0|req: 297/590] 199.204.45.38 () {32 vars in 856 bytes} [Tue Jul 21 07:49:54 2026] GET /resource_providers/009c3c3d-2b1c-4af9-bf6e-d42fcc41cc22/allocations => generated 54 bytes in 147 msecs (HTTP/1.1 200) 6 headers in 223 bytes (1 switches on core 0)
2026-07-21 07:49:54.209 8 INFO placement.requestlog [req-4b8feacb-f5f3-4b16-a384-308295b01f64 req-1220b0b4-0bf4-4f12-b3b4-200fdb160930 fefec6c7834c4af4a82ca6bdf3018523 2f822f62502a4310a529bfcc4e508a04 - - 2e8afbdf9df9464c8d4156df07d3903b 2e8afbdf9df9464c8d4156df07d3903b] 199.204.45.38 "GET /resource_providers?in_tree=009c3c3d-2b1c-4af9-bf6e-d42fcc41cc22" status: 200 len: 797 microversion: 1.14 [pid: 8|app: 0|req: 294/591] 199.204.45.38 () {34 vars in 891 bytes} [Tue Jul 21 07:49:54 2026] GET /resource_providers?in_tree=009c3c3d-2b1c-4af9-bf6e-d42fcc41cc22 => generated 797 bytes in 27 msecs (HTTP/1.1 200) 6 headers in 225 bytes (1 switches on core 0)
2026-07-21 07:49:54.236 7 INFO placement.requestlog [req-4b8feacb-f5f3-4b16-a384-308295b01f64 req-d99b6858-5102-42aa-8b5d-2e205ae75f4d fefec6c7834c4af4a82ca6bdf3018523 2f822f62502a4310a529bfcc4e508a04 - - 2e8afbdf9df9464c8d4156df07d3903b 2e8afbdf9df9464c8d4156df07d3903b] 199.204.45.38 "GET /resource_providers/009c3c3d-2b1c-4af9-bf6e-d42fcc41cc22/inventories" status: 200 len: 400 microversion: 1.0 [pid: 7|app: 0|req: 298/592] 199.204.45.38 () {32 vars in 856 bytes} [Tue Jul 21 07:49:54 2026] GET /resource_providers/009c3c3d-2b1c-4af9-bf6e-d42fcc41cc22/inventories => generated 400 bytes in 20 msecs (HTTP/1.1 200) 6 headers in 224 bytes (1 switches on core 0)
2026-07-21 07:49:54.263 8 INFO placement.requestlog [req-4b8feacb-f5f3-4b16-a384-308295b01f64 req-b7f748bd-96cc-4a54-b778-cb7207c15793 fefec6c7834c4af4a82ca6bdf3018523 2f822f62502a4310a529bfcc4e508a04 - - 2e8afbdf9df9464c8d4156df07d3903b 2e8afbdf9df9464c8d4156df07d3903b] 199.204.45.38 "GET /resource_providers/009c3c3d-2b1c-4af9-bf6e-d42fcc41cc22/aggregates" status: 200 len: 53 microversion: 1.19 [pid: 8|app: 0|req: 295/593] 199.204.45.38 () {34 vars in 898 bytes} [Tue Jul 21 07:49:54 2026] GET /resource_providers/009c3c3d-2b1c-4af9-bf6e-d42fcc41cc22/aggregates => generated 53 bytes in 15 msecs (HTTP/1.1 200) 8 headers in 295 bytes (1 switches on core 0)
2026-07-21 07:49:54.305 7 INFO placement.requestlog [req-4b8feacb-f5f3-4b16-a384-308295b01f64 req-e2aeccf2-453d-474f-9fba-c96d21474fb6 fefec6c7834c4af4a82ca6bdf3018523 2f822f62502a4310a529bfcc4e508a04 - - 2e8afbdf9df9464c8d4156df07d3903b 2e8afbdf9df9464c8d4156df07d3903b] 199.204.45.38 "GET /resource_providers/009c3c3d-2b1c-4af9-bf6e-d42fcc41cc22/traits" status: 200 len: 2316 microversion: 1.6 [pid: 7|app: 0|req: 299/594] 199.204.45.38 () {34 vars in 889 bytes} [Tue Jul 21 07:49:54 2026] GET /resource_providers/009c3c3d-2b1c-4af9-bf6e-d42fcc41cc22/traits => generated 2316 bytes in 26 msecs (HTTP/1.1 200) 6 headers in 225 bytes (1 switches on core 0)
2026-07-21 07:49:54.330 8 INFO placement.requestlog [req-4b8feacb-f5f3-4b16-a384-308295b01f64 req-4e070569-4811-4f9a-9f0e-aaea9f396468 fefec6c7834c4af4a82ca6bdf3018523 2f822f62502a4310a529bfcc4e508a04 - - 2e8afbdf9df9464c8d4156df07d3903b 2e8afbdf9df9464c8d4156df07d3903b] 199.204.45.38 "GET /resource_providers/009c3c3d-2b1c-4af9-bf6e-d42fcc41cc22/allocations" status: 200 len: 54 microversion: 1.0 [pid: 8|app: 0|req: 296/595] 199.204.45.38 () {32 vars in 856 bytes} [Tue Jul 21 07:49:54 2026] GET /resource_providers/009c3c3d-2b1c-4af9-bf6e-d42fcc41cc22/allocations => generated 54 bytes in 15 msecs (HTTP/1.1 200) 6 headers in 223 bytes (1 switches on core 0)
2026-07-21 07:49:57.072 8 INFO placement.requestlog [None req-5bc817b8-499f-4c37-ba02-fd55d4b9ac3b - - - - - -] 10.0.0.172 "GET /" status: 200 len: 136 microversion: 1.0
2026-07-21 07:49:57.072 7 INFO placement.requestlog [None req-ec6dfd91-874f-4e1d-bcd4-6fee73e4cec3 - - - - - -] 10.0.0.172 "GET /" status: 200 len: 136 microversion: 1.0
2026-07-21 07:50:07.070 8 INFO placement.requestlog [None req-82efebdf-bc6c-4232-9258-ec1723d57343 - - - - - -] 10.0.0.172 "GET /" status: 200 len: 136 microversion: 1.0
2026-07-21 07:50:07.092 7 INFO placement.requestlog [None req-6e4fb791-5c97-4613-905e-35ee0ebd859a - - - - - -] 10.0.0.172 "GET /" status: 200 len: 136 microversion: 1.0
2026-07-21 07:50:17.071 8 INFO placement.requestlog [None req-1e979966-2d2d-476b-a038-27261b432175 - - - - - -] 10.0.0.172 "GET /" status: 200 len: 136 microversion: 1.0
2026-07-21 07:50:17.071 7 INFO placement.requestlog [None req-aeb75d4f-7411-4468-90d5-75430fd27ec8 - - - - - -] 10.0.0.172 "GET /" status: 200 len: 136 microversion: 1.0
2026-07-21 07:50:27.071 8 INFO placement.requestlog [None req-bcf815f0-7e14-4c12-95f9-2fb7111fe1ba - - - - - -] 10.0.0.172 "GET /" status: 200 len: 136 microversion: 1.0
2026-07-21 07:50:27.071 7 INFO placement.requestlog [None req-789d60a1-8742-4440-bba3-b311e81b839f - - - - - -] 10.0.0.172 "GET /" status: 200 len: 136 microversion: 1.0
2026-07-21 07:50:37.071 7 INFO placement.requestlog [None req-125b4887-5236-4274-aadc-0d82a70ec93f - - - - - -] 10.0.0.172 "GET /" status: 200 len: 136 microversion: 1.0
2026-07-21 07:50:37.071 8 INFO placement.requestlog [None req-e0e6cf48-4606-4df1-af67-a38f1f2573ce - - - - - -] 10.0.0.172 "GET /" status: 200 len: 136 microversion: 1.0
2026-07-21 07:50:47.071 8 INFO placement.requestlog [None req-91ef1a05-c5c1-4ef3-8fc8-71a898da4bb0 - - - - - -] 10.0.0.172 "GET /" status: 200 len: 136 microversion: 1.0
2026-07-21 07:50:47.071 7 INFO placement.requestlog [None req-ed8231a6-a4e7-4cfd-a619-2bbe15c346d4 - - - - - -] 10.0.0.172 "GET /" status: 200 len: 136 microversion: 1.0
2026-07-21 07:50:55.534 7 INFO placement.requestlog [req-871416c3-710a-48fc-9629-2719f2576ecf req-e17c8feb-2beb-450d-aa4f-ccc63f122fd7 fefec6c7834c4af4a82ca6bdf3018523 2f822f62502a4310a529bfcc4e508a04 - - 2e8afbdf9df9464c8d4156df07d3903b 2e8afbdf9df9464c8d4156df07d3903b] 199.204.45.38 "GET /resource_providers/009c3c3d-2b1c-4af9-bf6e-d42fcc41cc22/allocations" status: 200 len: 54 microversion: 1.0 [pid: 7|app: 0|req: 306/608] 199.204.45.38 () {32 vars in 856 bytes} [Tue Jul 21 07:50:55 2026] GET /resource_providers/009c3c3d-2b1c-4af9-bf6e-d42fcc41cc22/allocations => generated 54 bytes in 15 msecs (HTTP/1.1 200) 6 headers in 223 bytes (1 switches on core 0)
2026-07-21 07:50:55.582 8 INFO placement.requestlog [req-871416c3-710a-48fc-9629-2719f2576ecf req-9b1a3034-ce9a-4b46-8f7c-218012b6dc1f fefec6c7834c4af4a82ca6bdf3018523 2f822f62502a4310a529bfcc4e508a04 - - 2e8afbdf9df9464c8d4156df07d3903b 2e8afbdf9df9464c8d4156df07d3903b] 199.204.45.38 "GET /resource_providers/009c3c3d-2b1c-4af9-bf6e-d42fcc41cc22/allocations" status: 200 len: 54 microversion: 1.0 [pid: 8|app: 0|req: 303/609] 199.204.45.38 () {32 vars in 856 bytes} [Tue Jul 21 07:50:55 2026] GET /resource_providers/009c3c3d-2b1c-4af9-bf6e-d42fcc41cc22/allocations => generated 54 bytes in 36 msecs (HTTP/1.1 200) 6 headers in 223 bytes (1 switches on core 0)
2026-07-21 07:50:57.071 8 INFO placement.requestlog [None req-7cb4865a-5516-4688-bad6-d63f1e56fdb5 - - - - - -] 10.0.0.172 "GET /" status: 200 len: 136 microversion: 1.0
2026-07-21 07:50:57.071 7 INFO placement.requestlog [None req-c4cd9ff0-afde-4cb6-87b7-05ae066a0758 - - - - - -] 10.0.0.172 "GET /" status: 200 len: 136 microversion: 1.0
2026-07-21 07:51:07.071 8 INFO placement.requestlog [None req-fa0c0420-bce7-440b-815f-aabb6d18f981 - - - - - -] 10.0.0.172 "GET /" status: 200 len: 136 microversion: 1.0
2026-07-21 07:51:07.072 7 INFO placement.requestlog [None req-46f39468-6a80-47a5-8c74-c504e98f5f0d - - - - - -] 10.0.0.172 "GET /" status: 200 len: 136 microversion: 1.0
2026-07-21 07:51:17.071 7 INFO placement.requestlog [None req-8568b1bb-675c-4ccb-9564-aa7d8098c1bb - - - - - -] 10.0.0.172 "GET /" status: 200 len: 136 microversion: 1.0
2026-07-21 07:51:17.072 8 INFO placement.requestlog [None req-7c02ae94-af32-4b03-a824-deb28aa6ad0e - - - - - -] 10.0.0.172 "GET /" status: 200 len: 136 microversion: 1.0
2026-07-21 07:51:27.071 7 INFO placement.requestlog [None req-abfb420e-f90b-433a-8d77-eb44989477c6 - - - - - -] 10.0.0.172 "GET /" status: 200 len: 136 microversion: 1.0
2026-07-21 07:51:27.071 8 INFO placement.requestlog [None req-3c431f07-7f8e-422c-9e9d-a09b922d9fa4 - - - - - -] 10.0.0.172 "GET /" status: 200 len: 136 microversion: 1.0
2026-07-21 07:51:37.071 7 INFO placement.requestlog [None req-b7c79c96-c9bc-4f05-8034-9f17eac23c3a - - - - - -] 10.0.0.172 "GET /" status: 200 len: 136 microversion: 1.0
2026-07-21 07:51:37.071 8 INFO placement.requestlog [None req-64a73c99-a8f5-426f-a8c1-e6780dba3378 - - - - - -] 10.0.0.172 "GET /" status: 200 len: 136 microversion: 1.0
2026-07-21 07:51:47.071 8 INFO placement.requestlog [None req-7809ff00-ee2e-4ced-8b9d-826f9a025e90 - - - - - -] 10.0.0.172 "GET /" status: 200 len: 136 microversion: 1.0
2026-07-21 07:51:47.071 7 INFO placement.requestlog [None req-818911b5-257e-47fe-a5f1-4dad89a2feec - - - - - -] 10.0.0.172 "GET /" status: 200 len: 136 microversion: 1.0
2026-07-21 07:51:56.550 8 INFO placement.requestlog [req-eec03c12-20d0-455e-a22b-499b433db5b1 req-87f864b7-beba-4377-92de-f41022a51ad9 fefec6c7834c4af4a82ca6bdf3018523 2f822f62502a4310a529bfcc4e508a04 - - 2e8afbdf9df9464c8d4156df07d3903b 2e8afbdf9df9464c8d4156df07d3903b] 199.204.45.38 "GET /resource_providers/009c3c3d-2b1c-4af9-bf6e-d42fcc41cc22/allocations" status: 200 len: 54 microversion: 1.0 [pid: 8|app: 0|req: 310/622] 199.204.45.38 () {32 vars in 856 bytes} [Tue Jul 21 07:51:56 2026] GET /resource_providers/009c3c3d-2b1c-4af9-bf6e-d42fcc41cc22/allocations => generated 54 bytes in 24 msecs (HTTP/1.1 200) 6 headers in 223 bytes (1 switches on core 0)
2026-07-21 07:51:56.579 7 INFO placement.requestlog [req-eec03c12-20d0-455e-a22b-499b433db5b1 req-44052d67-70e0-4b18-86a1-03a3fc34f38b fefec6c7834c4af4a82ca6bdf3018523 2f822f62502a4310a529bfcc4e508a04 - - 2e8afbdf9df9464c8d4156df07d3903b 2e8afbdf9df9464c8d4156df07d3903b] 199.204.45.38 "GET /resource_providers/009c3c3d-2b1c-4af9-bf6e-d42fcc41cc22/allocations" status: 200 len: 54 microversion: 1.0 [pid: 7|app: 0|req: 313/623] 199.204.45.38 () {32 vars in 856 bytes} [Tue Jul 21 07:51:56 2026] GET /resource_providers/009c3c3d-2b1c-4af9-bf6e-d42fcc41cc22/allocations => generated 54 bytes in 19 msecs (HTTP/1.1 200) 6 headers in 223 bytes (1 switches on core 0)
2026-07-21 07:51:57.071 7 INFO placement.requestlog [None req-884b854a-06e9-4483-9ddb-47aefbb7a3e7 - - - - - -] 10.0.0.172 "GET /" status: 200 len: 136 microversion: 1.0
2026-07-21 07:51:57.071 8 INFO placement.requestlog [None req-6f52a513-1caa-47e3-a894-b56d63d2985b - - - - - -] 10.0.0.172 "GET /" status: 200 len: 136 microversion: 1.0
2026-07-21 07:52:07.071 8 INFO placement.requestlog [None req-54fe4d49-cbd5-4ec7-9975-257ea906553f - - - - - -] 10.0.0.172 "GET /" status: 200 len: 136 microversion: 1.0
2026-07-21 07:52:07.071 7 INFO placement.requestlog [None req-ab9673e9-0555-4757-8548-477614647464 - - - - - -] 10.0.0.172 "GET /" status: 200 len: 136 microversion: 1.0
2026-07-21 07:52:17.071 8 INFO placement.requestlog [None req-853643de-55db-48d3-a6a9-fa294ade6089 - - - - - -] 10.0.0.172 "GET /" status: 200 len: 136 microversion: 1.0
2026-07-21 07:52:17.071 7 INFO placement.requestlog [None req-ca4c9f5e-499e-42b9-a4aa-6a7489490cbb - - - - - -] 10.0.0.172 "GET /" status: 200 len: 136 microversion: 1.0
2026-07-21 07:52:27.072 7 INFO placement.requestlog [None req-49a6afe9-dc0a-47ad-b934-f01dda5ea845 - - - - - -] 10.0.0.172 "GET /" status: 200 len: 136 microversion: 1.0
2026-07-21 07:52:27.072 8 INFO placement.requestlog [None req-ca4bb704-9228-43cb-a2b3-0bca1deb6929 - - - - - -] 10.0.0.172 "GET /" status: 200 len: 136 microversion: 1.0
2026-07-21 07:52:37.071 7 INFO placement.requestlog [None req-e5e46b04-de0e-4786-a104-0f824d54a098 - - - - - -] 10.0.0.172 "GET /" status: 200 len: 136 microversion: 1.0
2026-07-21 07:52:37.071 8 INFO placement.requestlog [None req-d05c701b-e380-488d-9d8f-9021862affee - - - - - -] 10.0.0.172 "GET /" status: 200 len: 136 microversion: 1.0
2026-07-21 07:52:47.071 7 INFO placement.requestlog [None req-29501390-1599-425c-9291-59791f349e5a - - - - - -] 10.0.0.172 "GET /" status: 200 len: 136 microversion: 1.0
2026-07-21 07:52:47.071 8 INFO placement.requestlog [None req-f43d6ab7-32f8-44bf-b32e-686a0c4592e3 - - - - - -] 10.0.0.172 "GET /" status: 200 len: 136 microversion: 1.0
2026-07-21 07:52:57.071 7 INFO placement.requestlog [None req-a91e775c-e689-4c37-bcb8-a567765ff324 - - - - - -] 10.0.0.172 "GET /" status: 200 len: 136 microversion: 1.0
2026-07-21 07:52:57.071 8 INFO placement.requestlog [None req-2889558b-f4ad-421c-b688-ba4be6394a6e - - - - - -] 10.0.0.172 "GET /" status: 200 len: 136 microversion: 1.0
2026-07-21 07:52:57.546 8 INFO placement.requestlog [req-b6426f3f-27f0-48e5-b987-a86b18baf4ae req-41979946-5f4d-4017-882b-827ec1629c62 fefec6c7834c4af4a82ca6bdf3018523 2f822f62502a4310a529bfcc4e508a04 - - 2e8afbdf9df9464c8d4156df07d3903b 2e8afbdf9df9464c8d4156df07d3903b] 199.204.45.38 "GET /resource_providers/009c3c3d-2b1c-4af9-bf6e-d42fcc41cc22/allocations" status: 200 len: 54 microversion: 1.0 [pid: 8|app: 0|req: 318/638] 199.204.45.38 () {32 vars in 856 bytes} [Tue Jul 21 07:52:57 2026] GET /resource_providers/009c3c3d-2b1c-4af9-bf6e-d42fcc41cc22/allocations => generated 54 bytes in 21 msecs (HTTP/1.1 200) 6 headers in 223 bytes (1 switches on core 0)
2026-07-21 07:52:57.574 7 INFO placement.requestlog [req-b6426f3f-27f0-48e5-b987-a86b18baf4ae req-03376353-bed2-4215-b470-93322876e9e2 fefec6c7834c4af4a82ca6bdf3018523 2f822f62502a4310a529bfcc4e508a04 - - 2e8afbdf9df9464c8d4156df07d3903b 2e8afbdf9df9464c8d4156df07d3903b] 199.204.45.38 "GET /resource_providers/009c3c3d-2b1c-4af9-bf6e-d42fcc41cc22/allocations" status: 200 len: 54 microversion: 1.0 [pid: 7|app: 0|req: 321/639] 199.204.45.38 () {32 vars in 856 bytes} [Tue Jul 21 07:52:57 2026] GET /resource_providers/009c3c3d-2b1c-4af9-bf6e-d42fcc41cc22/allocations => generated 54 bytes in 17 msecs (HTTP/1.1 200) 6 headers in 223 bytes (1 switches on core 0)
2026-07-21 07:53:07.071 8 INFO placement.requestlog [None req-5ac948d4-cb26-4323-93ef-d262f1dd6d65 - - - - - -] 10.0.0.172 "GET /" status: 200 len: 136 microversion: 1.0
2026-07-21 07:53:07.071 7 INFO placement.requestlog [None req-1119367c-a920-4447-b0f9-98a4aff1f581 - - - - - -] 10.0.0.172 "GET /" status: 200 len: 136 microversion: 1.0
2026-07-21 07:53:17.071 7 INFO placement.requestlog [None req-96860b76-2272-4696-8fd5-352e80d9255e - - - - - -] 10.0.0.172 "GET /" status: 200 len: 136 microversion: 1.0
2026-07-21 07:53:17.071 8 INFO placement.requestlog [None req-9da64e03-a17c-47f1-9d72-220425991501 - - - - - -] 10.0.0.172 "GET /" status: 200 len: 136 microversion: 1.0
2026-07-21 07:53:27.070 7 INFO placement.requestlog [None req-14d47c3a-93f5-40e5-b1a1-540c592c81a1 - - - - - -] 10.0.0.172 "GET /" status: 200 len: 136 microversion: 1.0
2026-07-21 07:53:27.071 8 INFO placement.requestlog [None req-d9f6cdaa-4302-47a0-99f5-7924f10f21c6 - - - - - -] 10.0.0.172 "GET /" status: 200 len: 136 microversion: 1.0
2026-07-21 07:53:37.071 8 INFO placement.requestlog [None req-a5790211-2d75-4ad7-b821-90b9e43b7b40 - - - - - -] 10.0.0.172 "GET /" status: 200 len: 136 microversion: 1.0
2026-07-21 07:53:37.071 7 INFO placement.requestlog [None req-05b4cfda-d4ca-41f3-9d70-f7f6c272acb2 - - - - - -] 10.0.0.172 "GET /" status: 200 len: 136 microversion: 1.0
2026-07-21 07:53:47.071 8 INFO placement.requestlog [None req-674f67d9-e5a0-4ffd-a4b6-f4fe39b6c7b2 - - - - - -] 10.0.0.172 "GET /" status: 200 len: 136 microversion: 1.0
2026-07-21 07:53:47.071 7 INFO placement.requestlog [None req-0dd25616-a96c-4f42-bca8-9ce84fb8b5af - - - - - -] 10.0.0.172 "GET /" status: 200 len: 136 microversion: 1.0
2026-07-21 07:53:57.071 7 INFO placement.requestlog [None req-dfedebbc-549b-4320-8dd9-7dfc85c882ab - - - - - -] 10.0.0.172 "GET /" status: 200 len: 136 microversion: 1.0
2026-07-21 07:53:57.072 8 INFO placement.requestlog [None req-9955f857-f2d5-449a-a244-7f96797fa8ad - - - - - -] 10.0.0.172 "GET /" status: 200 len: 136 microversion: 1.0
2026-07-21 07:53:57.543 8 INFO placement.requestlog [req-d8af90d2-54c8-4a3e-8dfc-c73e67b0d5fe req-01ca6ceb-c3cb-43fd-8202-1b2c586cb986 fefec6c7834c4af4a82ca6bdf3018523 2f822f62502a4310a529bfcc4e508a04 - - 2e8afbdf9df9464c8d4156df07d3903b 2e8afbdf9df9464c8d4156df07d3903b] 199.204.45.38 "GET /resource_providers/009c3c3d-2b1c-4af9-bf6e-d42fcc41cc22/allocations" status: 200 len: 54 microversion: 1.0 [pid: 8|app: 0|req: 325/652] 199.204.45.38 () {32 vars in 856 bytes} [Tue Jul 21 07:53:57 2026] GET /resource_providers/009c3c3d-2b1c-4af9-bf6e-d42fcc41cc22/allocations => generated 54 bytes in 18 msecs (HTTP/1.1 200) 6 headers in 223 bytes (1 switches on core 0)
2026-07-21 07:53:57.568 7 INFO placement.requestlog [req-d8af90d2-54c8-4a3e-8dfc-c73e67b0d5fe req-883c2c8e-fcc4-4d1d-a7f9-d27a1313bf9f fefec6c7834c4af4a82ca6bdf3018523 2f822f62502a4310a529bfcc4e508a04 - - 2e8afbdf9df9464c8d4156df07d3903b 2e8afbdf9df9464c8d4156df07d3903b] 199.204.45.38 "GET /resource_providers/009c3c3d-2b1c-4af9-bf6e-d42fcc41cc22/allocations" status: 200 len: 54 microversion: 1.0 [pid: 7|app: 0|req: 328/653] 199.204.45.38 () {32 vars in 856 bytes} [Tue Jul 21 07:53:57 2026] GET /resource_providers/009c3c3d-2b1c-4af9-bf6e-d42fcc41cc22/allocations => generated 54 bytes in 15 msecs (HTTP/1.1 200) 6 headers in 223 bytes (1 switches on core 0)
2026-07-21 07:54:07.071 8 INFO placement.requestlog [None req-dd726fd6-c257-472b-82b3-4466c52cf943 - - - - - -] 10.0.0.172 "GET /" status: 200 len: 136 microversion: 1.0
2026-07-21 07:54:07.072 7 INFO placement.requestlog [None req-2ed4c69d-6e59-40d3-a0e0-4643f38b3c67 - - - - - -] 10.0.0.172 "GET /" status: 200 len: 136 microversion: 1.0
2026-07-21 07:54:17.071 8 INFO placement.requestlog [None req-eafcb9c0-e36d-4d76-a385-9702769dfb80 - - - - - -] 10.0.0.172 "GET /" status: 200 len: 136 microversion: 1.0
2026-07-21 07:54:17.071 7 INFO placement.requestlog [None req-eec398b2-f4d0-4bb0-ab0c-7747ce7b9fdb - - - - - -] 10.0.0.172 "GET /" status: 200 len: 136 microversion: 1.0
2026-07-21 07:54:27.071 7 INFO placement.requestlog [None req-701ea8c6-c8a2-4eda-b1a2-78adb9af1904 - - - - - -] 10.0.0.172 "GET /" status: 200 len: 136 microversion: 1.0
2026-07-21 07:54:27.072 8 INFO placement.requestlog [None req-3b51bc9a-ac87-4a22-9b52-ad620545ad81 - - - - - -] 10.0.0.172 "GET /" status: 200 len: 136 microversion: 1.0
2026-07-21 07:54:37.072 8 INFO placement.requestlog [None req-320d0d8f-4eb1-4b35-ae55-854310f7ec56 - - - - - -] 10.0.0.172 "GET /" status: 200 len: 136 microversion: 1.0
2026-07-21 07:54:37.072 7 INFO placement.requestlog [None req-2272ee9f-14f3-48e4-aded-fb2826e108a9 - - - - - -] 10.0.0.172 "GET /" status: 200 len: 136 microversion: 1.0
2026-07-21 07:54:47.074 8 INFO placement.requestlog [None req-ee29c43a-54c6-4f9c-91f5-5e7ed48ac0ac - - - - - -] 10.0.0.172 "GET /" status: 200 len: 136 microversion: 1.0
2026-07-21 07:54:47.074 7 INFO placement.requestlog [None req-91d66295-ec28-4b17-a221-02c872c14965 - - - - - -] 10.0.0.172 "GET /" status: 200 len: 136 microversion: 1.0
2026-07-21 07:54:53.482 7 INFO placement.requestlog [None req-51c9b13e-be08-4ffb-9ce8-768f2f745bfc b597e9c9bf8c40e0bd2fdbdb86348516 2f822f62502a4310a529bfcc4e508a04 - - 2e8afbdf9df9464c8d4156df07d3903b 2e8afbdf9df9464c8d4156df07d3903b] 10.0.0.224 "GET /resource_providers/0e18d9ed-30fa-4997-9832-9538719c649a/aggregates" status: 404 len: 235 microversion: 1.1 [pid: 7|app: 0|req: 334/664] 10.0.0.224 () {32 vars in 816 bytes} [Tue Jul 21 07:54:53 2026] GET /resource_providers/0e18d9ed-30fa-4997-9832-9538719c649a/aggregates => generated 235 bytes in 123 msecs (HTTP/1.1 404) 5 headers in 202 bytes (1 switches on core 0)
2026-07-21 07:54:53.505 7 INFO placement.requestlog [None req-cdc201e6-b86c-491e-a59f-5c3e0a4903b4 b597e9c9bf8c40e0bd2fdbdb86348516 2f822f62502a4310a529bfcc4e508a04 - - 2e8afbdf9df9464c8d4156df07d3903b 2e8afbdf9df9464c8d4156df07d3903b] 10.0.0.224 "DELETE /resource_providers/0e18d9ed-30fa-4997-9832-9538719c649a" status: 404 len: 246 microversion: 1.1 [pid: 7|app: 0|req: 335/665] 10.0.0.224 () {34 vars in 816 bytes} [Tue Jul 21 07:54:53 2026] DELETE /resource_providers/0e18d9ed-30fa-4997-9832-9538719c649a => generated 246 bytes in 12 msecs (HTTP/1.1 404) 6 headers in 231 bytes (1 switches on core 0)
2026-07-21 07:54:53.520 8 INFO placement.requestlog [None req-0f7143f9-be0e-4bef-b980-09dc172f9e01 b597e9c9bf8c40e0bd2fdbdb86348516 2f822f62502a4310a529bfcc4e508a04 - - 2e8afbdf9df9464c8d4156df07d3903b 2e8afbdf9df9464c8d4156df07d3903b] 10.0.0.224 "GET /resource_providers/0e18d9ed-30fa-4997-9832-9538719c649a/aggregates" status: 404 len: 235 microversion: 1.1 [pid: 8|app: 0|req: 331/666] 10.0.0.224 () {32 vars in 816 bytes} [Tue Jul 21 07:54:53 2026] GET /resource_providers/0e18d9ed-30fa-4997-9832-9538719c649a/aggregates => generated 235 bytes in 162 msecs (HTTP/1.1 404) 5 headers in 202 bytes (1 switches on core 0)
2026-07-21 07:54:53.539 7 INFO placement.requestlog [None req-af565532-57f6-4b53-a040-5ba3feca65d3 b597e9c9bf8c40e0bd2fdbdb86348516 2f822f62502a4310a529bfcc4e508a04 - - 2e8afbdf9df9464c8d4156df07d3903b 2e8afbdf9df9464c8d4156df07d3903b] 10.0.0.224 "DELETE /resource_providers/0e18d9ed-30fa-4997-9832-9538719c649a" status: 404 len: 246 microversion: 1.1 [pid: 7|app: 0|req: 336/667] 10.0.0.224 () {34 vars in 816 bytes} [Tue Jul 21 07:54:53 2026] DELETE /resource_providers/0e18d9ed-30fa-4997-9832-9538719c649a => generated 246 bytes in 11 msecs (HTTP/1.1 404) 6 headers in 231 bytes (1 switches on core 0)
2026-07-21 07:54:54.000 8 INFO placement.requestlog [None req-6f259cf3-62f8-4346-b977-a082a9ba03be b597e9c9bf8c40e0bd2fdbdb86348516 2f822f62502a4310a529bfcc4e508a04 - - 2e8afbdf9df9464c8d4156df07d3903b 2e8afbdf9df9464c8d4156df07d3903b] 10.0.0.224 "GET /resource_providers/0abe9393-2f72-4ba9-95a8-c59bfffb844e/aggregates" status: 404 len: 235 microversion: 1.1 [pid: 8|app: 0|req: 332/668] 10.0.0.224 () {32 vars in 816 bytes} [Tue Jul 21 07:54:53 2026] GET /resource_providers/0abe9393-2f72-4ba9-95a8-c59bfffb844e/aggregates => generated 235 bytes in 89 msecs (HTTP/1.1 404) 5 headers in 202 bytes (1 switches on core 0)
2026-07-21 07:54:54.018 7 INFO placement.requestlog [None req-6be6ad54-d16b-4ae1-adaf-5f43ab84e740 b597e9c9bf8c40e0bd2fdbdb86348516 2f822f62502a4310a529bfcc4e508a04 - - 2e8afbdf9df9464c8d4156df07d3903b 2e8afbdf9df9464c8d4156df07d3903b] 10.0.0.224 "GET /resource_providers/0abe9393-2f72-4ba9-95a8-c59bfffb844e/aggregates" status: 404 len: 235 microversion: 1.1 [pid: 7|app: 0|req: 337/669] 10.0.0.224 () {32 vars in 816 bytes} [Tue Jul 21 07:54:53 2026] GET /resource_providers/0abe9393-2f72-4ba9-95a8-c59bfffb844e/aggregates => generated 235 bytes in 64 msecs (HTTP/1.1 404) 5 headers in 202 bytes (1 switches on core 0)
2026-07-21 07:54:54.021 8 INFO placement.requestlog [None req-cb70ef24-929a-4448-b4e1-4bf054c1dcb3 b597e9c9bf8c40e0bd2fdbdb86348516 2f822f62502a4310a529bfcc4e508a04 - - 2e8afbdf9df9464c8d4156df07d3903b 2e8afbdf9df9464c8d4156df07d3903b] 10.0.0.224 "DELETE /resource_providers/0abe9393-2f72-4ba9-95a8-c59bfffb844e" status: 404 len: 246 microversion: 1.1 [pid: 8|app: 0|req: 333/670] 10.0.0.224 () {34 vars in 816 bytes} [Tue Jul 21 07:54:54 2026] DELETE /resource_providers/0abe9393-2f72-4ba9-95a8-c59bfffb844e => generated 246 bytes in 14 msecs (HTTP/1.1 404) 6 headers in 231 bytes (1 switches on core 0)
2026-07-21 07:54:54.046 7 INFO placement.requestlog [None req-6c4f5f1a-74e6-4499-b14e-8315baf6c9fc b597e9c9bf8c40e0bd2fdbdb86348516 2f822f62502a4310a529bfcc4e508a04 - - 2e8afbdf9df9464c8d4156df07d3903b 2e8afbdf9df9464c8d4156df07d3903b] 10.0.0.224 "DELETE /resource_providers/0abe9393-2f72-4ba9-95a8-c59bfffb844e" status: 404 len: 246 microversion: 1.1 [pid: 7|app: 0|req: 338/671] 10.0.0.224 () {34 vars in 816 bytes} [Tue Jul 21 07:54:54 2026] DELETE /resource_providers/0abe9393-2f72-4ba9-95a8-c59bfffb844e => generated 246 bytes in 16 msecs (HTTP/1.1 404) 6 headers in 231 bytes (1 switches on core 0)
2026-07-21 07:54:56.056 7 INFO placement.requestlog [None req-56e5257d-2292-4b7f-bc70-f7958029c56d b597e9c9bf8c40e0bd2fdbdb86348516 2f822f62502a4310a529bfcc4e508a04 - - 2e8afbdf9df9464c8d4156df07d3903b 2e8afbdf9df9464c8d4156df07d3903b] 10.0.0.224 "GET /resource_providers/2c6f7ae5-83bf-4b84-a872-065c22c61f0b/aggregates" status: 404 len: 235 microversion: 1.1 [pid: 7|app: 0|req: 339/672] 10.0.0.224 () {32 vars in 816 bytes} [Tue Jul 21 07:54:56 2026] GET /resource_providers/2c6f7ae5-83bf-4b84-a872-065c22c61f0b/aggregates => generated 235 bytes in 22 msecs (HTTP/1.1 404) 5 headers in 202 bytes (1 switches on core 0)
2026-07-21 07:54:56.072 7 INFO placement.requestlog [None req-cfd84c1f-dca1-4a12-9a9b-8067f21dd0ce b597e9c9bf8c40e0bd2fdbdb86348516 2f822f62502a4310a529bfcc4e508a04 - - 2e8afbdf9df9464c8d4156df07d3903b 2e8afbdf9df9464c8d4156df07d3903b] 10.0.0.224 "GET /resource_providers/2c6f7ae5-83bf-4b84-a872-065c22c61f0b/aggregates" status: 404 len: 235 microversion: 1.1 [pid: 7|app: 0|req: 340/673] 10.0.0.224 () {32 vars in 816 bytes} [Tue Jul 21 07:54:56 2026] GET /resource_providers/2c6f7ae5-83bf-4b84-a872-065c22c61f0b/aggregates => generated 235 bytes in 15 msecs (HTTP/1.1 404) 5 headers in 202 bytes (1 switches on core 0)
2026-07-21 07:54:56.082 8 INFO placement.requestlog [req-754af62b-7dd4-497d-ba44-fe3b260b49d6 req-17c92f5b-04db-43d5-b002-32f538224327 fefec6c7834c4af4a82ca6bdf3018523 2f822f62502a4310a529bfcc4e508a04 - - 2e8afbdf9df9464c8d4156df07d3903b 2e8afbdf9df9464c8d4156df07d3903b] 10.0.0.61 "GET /allocation_candidates?limit=1000&resources=DISK_GB%3A1%2CMEMORY_MB%3A512%2CVCPU%3A1&root_required=%21COMPUTE_STATUS_DISABLED" status: 200 len: 2781 microversion: 1.36 [pid: 8|app: 0|req: 334/674] 10.0.0.61 () {34 vars in 1011 bytes} [Tue Jul 21 07:54:55 2026] GET /allocation_candidates?limit=1000&resources=DISK_GB%3A1%2CMEMORY_MB%3A512%2CVCPU%3A1&root_required=%21COMPUTE_STATUS_DISABLED => generated 2781 bytes in 405 msecs (HTTP/1.1 200) 8 headers in 297 bytes (1 switches on core 0)
2026-07-21 07:54:56.087 7 INFO placement.requestlog [None req-bc621cfd-ba61-4f75-9389-543945d8cab1 b597e9c9bf8c40e0bd2fdbdb86348516 2f822f62502a4310a529bfcc4e508a04 - - 2e8afbdf9df9464c8d4156df07d3903b 2e8afbdf9df9464c8d4156df07d3903b] 10.0.0.224 "DELETE /resource_providers/2c6f7ae5-83bf-4b84-a872-065c22c61f0b" status: 404 len: 246 microversion: 1.1 [pid: 7|app: 0|req: 341/675] 10.0.0.224 () {34 vars in 816 bytes} [Tue Jul 21 07:54:56 2026] DELETE /resource_providers/2c6f7ae5-83bf-4b84-a872-065c22c61f0b => generated 246 bytes in 15 msecs (HTTP/1.1 404) 6 headers in 231 bytes (1 switches on core 0)
2026-07-21 07:54:56.097 8 INFO placement.requestlog [None req-78172828-4ea0-454d-b772-e77bab2de8a7 b597e9c9bf8c40e0bd2fdbdb86348516 2f822f62502a4310a529bfcc4e508a04 - - 2e8afbdf9df9464c8d4156df07d3903b 2e8afbdf9df9464c8d4156df07d3903b] 10.0.0.224 "DELETE /resource_providers/2c6f7ae5-83bf-4b84-a872-065c22c61f0b" status: 404 len: 246 microversion: 1.1 [pid: 8|app: 0|req: 335/676] 10.0.0.224 () {34 vars in 816 bytes} [Tue Jul 21 07:54:56 2026] DELETE /resource_providers/2c6f7ae5-83bf-4b84-a872-065c22c61f0b => generated 246 bytes in 14 msecs (HTTP/1.1 404) 6 headers in 231 bytes (1 switches on core 0)
2026-07-21 07:54:56.112 8 INFO placement.requestlog [None req-4dcb3ab5-64bc-463f-95df-fd3870ba13f4 b597e9c9bf8c40e0bd2fdbdb86348516 2f822f62502a4310a529bfcc4e508a04 - - 2e8afbdf9df9464c8d4156df07d3903b 2e8afbdf9df9464c8d4156df07d3903b] 10.0.0.224 "GET /resource_providers/c4d8ee92-8e79-4be6-8e78-65e72c435ed5/aggregates" status: 404 len: 235 microversion: 1.1 [pid: 8|app: 0|req: 336/677] 10.0.0.224 () {32 vars in 816 bytes} [Tue Jul 21 07:54:56 2026] GET /resource_providers/c4d8ee92-8e79-4be6-8e78-65e72c435ed5/aggregates => generated 235 bytes in 10 msecs (HTTP/1.1 404) 5 headers in 202 bytes (1 switches on core 0)
2026-07-21 07:54:56.116 7 INFO placement.requestlog [None req-a9f4d647-88b4-4e71-b0e1-f2e058cb322f b597e9c9bf8c40e0bd2fdbdb86348516 2f822f62502a4310a529bfcc4e508a04 - - 2e8afbdf9df9464c8d4156df07d3903b 2e8afbdf9df9464c8d4156df07d3903b] 10.0.0.224 "GET /resource_providers/c4d8ee92-8e79-4be6-8e78-65e72c435ed5/aggregates" status: 404 len: 235 microversion: 1.1 [pid: 7|app: 0|req: 342/678] 10.0.0.224 () {32 vars in 816 bytes} [Tue Jul 21 07:54:56 2026] GET /resource_providers/c4d8ee92-8e79-4be6-8e78-65e72c435ed5/aggregates => generated 235 bytes in 19 msecs (HTTP/1.1 404) 5 headers in 202 bytes (1 switches on core 0)
2026-07-21 07:54:56.136 8 INFO placement.requestlog [None req-965fb43b-a16c-4889-b413-507cf82763c9 b597e9c9bf8c40e0bd2fdbdb86348516 2f822f62502a4310a529bfcc4e508a04 - - 2e8afbdf9df9464c8d4156df07d3903b 2e8afbdf9df9464c8d4156df07d3903b] 10.0.0.224 "DELETE /resource_providers/c4d8ee92-8e79-4be6-8e78-65e72c435ed5" status: 404 len: 246 microversion: 1.1 [pid: 8|app: 0|req: 337/679] 10.0.0.224 () {34 vars in 816 bytes} [Tue Jul 21 07:54:56 2026] DELETE /resource_providers/c4d8ee92-8e79-4be6-8e78-65e72c435ed5 => generated 246 bytes in 11 msecs (HTTP/1.1 404) 6 headers in 231 bytes (1 switches on core 0)
2026-07-21 07:54:56.145 7 INFO placement.requestlog [None req-fc80561e-c0da-4427-b978-c8b23fda76cb b597e9c9bf8c40e0bd2fdbdb86348516 2f822f62502a4310a529bfcc4e508a04 - - 2e8afbdf9df9464c8d4156df07d3903b 2e8afbdf9df9464c8d4156df07d3903b] 10.0.0.224 "DELETE /resource_providers/c4d8ee92-8e79-4be6-8e78-65e72c435ed5" status: 404 len: 246 microversion: 1.1 [pid: 7|app: 0|req: 343/680] 10.0.0.224 () {34 vars in 816 bytes} [Tue Jul 21 07:54:56 2026] DELETE /resource_providers/c4d8ee92-8e79-4be6-8e78-65e72c435ed5 => generated 246 bytes in 16 msecs (HTTP/1.1 404) 6 headers in 231 bytes (1 switches on core 0)
2026-07-21 07:54:56.149 8 INFO placement.requestlog [req-754af62b-7dd4-497d-ba44-fe3b260b49d6 req-ff864ec5-dcbe-4b1c-809d-d2360211de87 fefec6c7834c4af4a82ca6bdf3018523 2f822f62502a4310a529bfcc4e508a04 - - 2e8afbdf9df9464c8d4156df07d3903b 2e8afbdf9df9464c8d4156df07d3903b] 10.0.0.61 "GET /allocations/55bd84b3-ca42-430c-8151-52c8790019bc" status: 200 len: 19 microversion: 1.28 [pid: 8|app: 0|req: 338/681] 10.0.0.61 () {34 vars in 860 bytes} [Tue Jul 21 07:54:56 2026] GET /allocations/55bd84b3-ca42-430c-8151-52c8790019bc => generated 19 bytes in 12 msecs (HTTP/1.1 200) 8 headers in 295 bytes (1 switches on core 0)
2026-07-21 07:54:56.273 7 INFO placement.requestlog [req-754af62b-7dd4-497d-ba44-fe3b260b49d6 req-07536a46-baf6-4cee-bbc0-dda3b20eddba fefec6c7834c4af4a82ca6bdf3018523 2f822f62502a4310a529bfcc4e508a04 - - 2e8afbdf9df9464c8d4156df07d3903b 2e8afbdf9df9464c8d4156df07d3903b] 10.0.0.61 "PUT /allocations/55bd84b3-ca42-430c-8151-52c8790019bc" status: 204 len: 0 microversion: 1.36 [pid: 7|app: 0|req: 344/682] 10.0.0.61 () {38 vars in 913 bytes} [Tue Jul 21 07:54:56 2026] PUT /allocations/55bd84b3-ca42-430c-8151-52c8790019bc => generated 0 bytes in 116 msecs (HTTP/1.1 204) 5 headers in 199 bytes (1 switches on core 0)
2026-07-21 07:54:57.071 7 INFO placement.requestlog [None req-9693593d-e883-47e3-b083-b9cfc1597b36 - - - - - -] 10.0.0.172 "GET /" status: 200 len: 136 microversion: 1.0
2026-07-21 07:54:57.071 8 INFO placement.requestlog [None req-4294e021-ba2b-4d68-86fd-b5ba6b392b51 - - - - - -] 10.0.0.172 "GET /" status: 200 len: 136 microversion: 1.0
2026-07-21 07:54:57.886 8 INFO placement.requestlog [req-8068b65f-c035-47ff-ae51-f805561a1785 req-bbe07f35-dd98-409f-ac4e-3d5ed5c974ef fefec6c7834c4af4a82ca6bdf3018523 2f822f62502a4310a529bfcc4e508a04 - - 2e8afbdf9df9464c8d4156df07d3903b 2e8afbdf9df9464c8d4156df07d3903b] 10.0.0.61 "GET /allocation_candidates?limit=1000&resources=MEMORY_MB%3A512%2CVCPU%3A1&root_required=%21COMPUTE_STATUS_DISABLED" status: 200 len: 2769 microversion: 1.36 [pid: 8|app: 0|req: 340/685] 10.0.0.61 () {34 vars in 983 bytes} [Tue Jul 21 07:54:57 2026] GET /allocation_candidates?limit=1000&resources=MEMORY_MB%3A512%2CVCPU%3A1&root_required=%21COMPUTE_STATUS_DISABLED => generated 2769 bytes in 75 msecs (HTTP/1.1 200) 8 headers in 297 bytes (1 switches on core 0)
2026-07-21 07:54:57.965 7 INFO placement.requestlog [req-8068b65f-c035-47ff-ae51-f805561a1785 req-599e87e7-2149-49ed-9b35-5e49ca61a72f fefec6c7834c4af4a82ca6bdf3018523 2f822f62502a4310a529bfcc4e508a04 - - 2e8afbdf9df9464c8d4156df07d3903b 2e8afbdf9df9464c8d4156df07d3903b] 10.0.0.61 "GET /allocations/effd3f4e-0fdb-417b-9448-bd6ce62e649c" status: 200 len: 19 microversion: 1.28 [pid: 7|app: 0|req: 346/686] 10.0.0.61 () {34 vars in 860 bytes} [Tue Jul 21 07:54:57 2026] GET /allocations/effd3f4e-0fdb-417b-9448-bd6ce62e649c => generated 19 bytes in 23 msecs (HTTP/1.1 200) 8 headers in 295 bytes (1 switches on core 0)
2026-07-21 07:54:58.092 8 INFO placement.requestlog [req-8068b65f-c035-47ff-ae51-f805561a1785 req-59cbdb09-c77f-4411-899e-29b8c88e367f fefec6c7834c4af4a82ca6bdf3018523 2f822f62502a4310a529bfcc4e508a04 - - 2e8afbdf9df9464c8d4156df07d3903b 2e8afbdf9df9464c8d4156df07d3903b] 10.0.0.61 "PUT /allocations/effd3f4e-0fdb-417b-9448-bd6ce62e649c" status: 204 len: 0 microversion: 1.36 [pid: 8|app: 0|req: 341/687] 10.0.0.61 () {38 vars in 913 bytes} [Tue Jul 21 07:54:57 2026] PUT /allocations/effd3f4e-0fdb-417b-9448-bd6ce62e649c => generated 0 bytes in 112 msecs (HTTP/1.1 204) 5 headers in 199 bytes (1 switches on core 0)
2026-07-21 07:54:58.564 7 INFO placement.requestlog [req-754af62b-7dd4-497d-ba44-fe3b260b49d6 req-2050de00-b4c3-4daf-8b9c-4811cb10be46 fefec6c7834c4af4a82ca6bdf3018523 2f822f62502a4310a529bfcc4e508a04 - - 2e8afbdf9df9464c8d4156df07d3903b 2e8afbdf9df9464c8d4156df07d3903b] 199.204.45.38 "GET /allocations/55bd84b3-ca42-430c-8151-52c8790019bc" status: 200 len: 257 microversion: 1.28 [pid: 7|app: 0|req: 347/688] 199.204.45.38 () {34 vars in 862 bytes} [Tue Jul 21 07:54:58 2026] GET /allocations/55bd84b3-ca42-430c-8151-52c8790019bc => generated 257 bytes in 203 msecs (HTTP/1.1 200) 8 headers in 296 bytes (1 switches on core 0)
2026-07-21 07:54:59.546 8 INFO placement.requestlog [req-78526ddd-2940-4825-bd46-36ba5e1b8602 req-96282998-3e5d-44c3-be50-d6abc7646cb1 fefec6c7834c4af4a82ca6bdf3018523 2f822f62502a4310a529bfcc4e508a04 - - 2e8afbdf9df9464c8d4156df07d3903b 2e8afbdf9df9464c8d4156df07d3903b] 199.204.45.38 "GET /resource_providers/009c3c3d-2b1c-4af9-bf6e-d42fcc41cc22/allocations" status: 200 len: 238 microversion: 1.0 [pid: 8|app: 0|req: 342/689] 199.204.45.38 () {32 vars in 856 bytes} [Tue Jul 21 07:54:59 2026] GET /resource_providers/009c3c3d-2b1c-4af9-bf6e-d42fcc41cc22/allocations => generated 238 bytes in 20 msecs (HTTP/1.1 200) 6 headers in 224 bytes (1 switches on core 0)
2026-07-21 07:54:59.760 7 INFO placement.requestlog [req-8068b65f-c035-47ff-ae51-f805561a1785 req-f0acd0c3-2f1e-4f1f-9a4d-a5a7f6d91b79 fefec6c7834c4af4a82ca6bdf3018523 2f822f62502a4310a529bfcc4e508a04 - - 2e8afbdf9df9464c8d4156df07d3903b 2e8afbdf9df9464c8d4156df07d3903b] 199.204.45.38 "GET /allocations/effd3f4e-0fdb-417b-9448-bd6ce62e649c" status: 200 len: 243 microversion: 1.28 [pid: 7|app: 0|req: 348/690] 199.204.45.38 () {34 vars in 862 bytes} [Tue Jul 21 07:54:59 2026] GET /allocations/effd3f4e-0fdb-417b-9448-bd6ce62e649c => generated 243 bytes in 16 msecs (HTTP/1.1 200) 8 headers in 296 bytes (1 switches on core 0)
2026-07-21 07:55:00.587 8 INFO placement.requestlog [req-78526ddd-2940-4825-bd46-36ba5e1b8602 req-21d825de-9134-45ad-a57a-8ffd738b7e87 fefec6c7834c4af4a82ca6bdf3018523 2f822f62502a4310a529bfcc4e508a04 - - 2e8afbdf9df9464c8d4156df07d3903b 2e8afbdf9df9464c8d4156df07d3903b] 199.204.45.38 "GET /resource_providers?in_tree=009c3c3d-2b1c-4af9-bf6e-d42fcc41cc22" status: 200 len: 797 microversion: 1.14 [pid: 8|app: 0|req: 343/691] 199.204.45.38 () {34 vars in 891 bytes} [Tue Jul 21 07:55:00 2026] GET /resource_providers?in_tree=009c3c3d-2b1c-4af9-bf6e-d42fcc41cc22 => generated 797 bytes in 25 msecs (HTTP/1.1 200) 6 headers in 225 bytes (1 switches on core 0)
2026-07-21 07:55:00.666 7 INFO placement.requestlog [req-78526ddd-2940-4825-bd46-36ba5e1b8602 req-f218904a-033d-42b2-8bae-21bd4c6d4050 fefec6c7834c4af4a82ca6bdf3018523 2f822f62502a4310a529bfcc4e508a04 - - 2e8afbdf9df9464c8d4156df07d3903b 2e8afbdf9df9464c8d4156df07d3903b] 199.204.45.38 "GET /resource_providers/009c3c3d-2b1c-4af9-bf6e-d42fcc41cc22/inventories" status: 200 len: 400 microversion: 1.0 [pid: 7|app: 0|req: 349/692] 199.204.45.38 () {32 vars in 856 bytes} [Tue Jul 21 07:55:00 2026] GET /resource_providers/009c3c3d-2b1c-4af9-bf6e-d42fcc41cc22/inventories => generated 400 bytes in 63 msecs (HTTP/1.1 200) 6 headers in 224 bytes (1 switches on core 0)
2026-07-21 07:55:00.698 8 INFO placement.requestlog [req-78526ddd-2940-4825-bd46-36ba5e1b8602 req-84eb3716-f573-4821-ac41-39e18f125a45 fefec6c7834c4af4a82ca6bdf3018523 2f822f62502a4310a529bfcc4e508a04 - - 2e8afbdf9df9464c8d4156df07d3903b 2e8afbdf9df9464c8d4156df07d3903b] 199.204.45.38 "GET /resource_providers/009c3c3d-2b1c-4af9-bf6e-d42fcc41cc22/aggregates" status: 200 len: 53 microversion: 1.19 [pid: 8|app: 0|req: 344/693] 199.204.45.38 () {34 vars in 898 bytes} [Tue Jul 21 07:55:00 2026] GET /resource_providers/009c3c3d-2b1c-4af9-bf6e-d42fcc41cc22/aggregates => generated 53 bytes in 16 msecs (HTTP/1.1 200) 8 headers in 295 bytes (1 switches on core 0)
2026-07-21 07:55:00.728 7 INFO placement.requestlog [req-78526ddd-2940-4825-bd46-36ba5e1b8602 req-847d3061-e627-49d9-9c1b-53611739b66e fefec6c7834c4af4a82ca6bdf3018523 2f822f62502a4310a529bfcc4e508a04 - - 2e8afbdf9df9464c8d4156df07d3903b 2e8afbdf9df9464c8d4156df07d3903b] 199.204.45.38 "GET /resource_providers/009c3c3d-2b1c-4af9-bf6e-d42fcc41cc22/traits" status: 200 len: 2316 microversion: 1.6 [pid: 7|app: 0|req: 350/694] 199.204.45.38 () {34 vars in 889 bytes} [Tue Jul 21 07:55:00 2026] GET /resource_providers/009c3c3d-2b1c-4af9-bf6e-d42fcc41cc22/traits => generated 2316 bytes in 23 msecs (HTTP/1.1 200) 6 headers in 225 bytes (1 switches on core 0)
2026-07-21 07:55:00.749 8 INFO placement.requestlog [req-78526ddd-2940-4825-bd46-36ba5e1b8602 req-07386747-465e-406b-a94f-1e862c691d44 fefec6c7834c4af4a82ca6bdf3018523 2f822f62502a4310a529bfcc4e508a04 - - 2e8afbdf9df9464c8d4156df07d3903b 2e8afbdf9df9464c8d4156df07d3903b] 199.204.45.38 "GET /resource_providers/009c3c3d-2b1c-4af9-bf6e-d42fcc41cc22/allocations" status: 200 len: 238 microversion: 1.0 [pid: 8|app: 0|req: 345/695] 199.204.45.38 () {32 vars in 856 bytes} [Tue Jul 21 07:55:00 2026] GET /resource_providers/009c3c3d-2b1c-4af9-bf6e-d42fcc41cc22/allocations => generated 238 bytes in 15 msecs (HTTP/1.1 200) 6 headers in 224 bytes (1 switches on core 0)
2026-07-21 07:55:00.784 7 INFO placement.requestlog [req-78526ddd-2940-4825-bd46-36ba5e1b8602 req-51af4890-0c8d-4ecb-a1b2-5f3780c104cb fefec6c7834c4af4a82ca6bdf3018523 2f822f62502a4310a529bfcc4e508a04 - - 2e8afbdf9df9464c8d4156df07d3903b 2e8afbdf9df9464c8d4156df07d3903b] 199.204.45.38 "GET /allocations/effd3f4e-0fdb-417b-9448-bd6ce62e649c" status: 200 len: 243 microversion: 1.28 [pid: 7|app: 0|req: 351/696] 199.204.45.38 () {34 vars in 862 bytes} [Tue Jul 21 07:55:00 2026] GET /allocations/effd3f4e-0fdb-417b-9448-bd6ce62e649c => generated 243 bytes in 29 msecs (HTTP/1.1 200) 8 headers in 296 bytes (1 switches on core 0)
2026-07-21 07:55:00.822 8 INFO placement.requestlog [req-78526ddd-2940-4825-bd46-36ba5e1b8602 req-4c4c3978-80b2-4cc9-b787-2527bfa821b2 fefec6c7834c4af4a82ca6bdf3018523 2f822f62502a4310a529bfcc4e508a04 - - 2e8afbdf9df9464c8d4156df07d3903b 2e8afbdf9df9464c8d4156df07d3903b] 199.204.45.38 "GET /allocations/55bd84b3-ca42-430c-8151-52c8790019bc" status: 200 len: 257 microversion: 1.28 [pid: 8|app: 0|req: 346/697] 199.204.45.38 () {34 vars in 862 bytes} [Tue Jul 21 07:55:00 2026] GET /allocations/55bd84b3-ca42-430c-8151-52c8790019bc => generated 257 bytes in 14 msecs (HTTP/1.1 200) 8 headers in 296 bytes (1 switches on core 0)
2026-07-21 07:55:02.888 7 INFO placement.requestlog [req-754af62b-7dd4-497d-ba44-fe3b260b49d6 req-4d1c1053-cda4-4545-b695-e7896c4fa393 fefec6c7834c4af4a82ca6bdf3018523 2f822f62502a4310a529bfcc4e508a04 - - 2e8afbdf9df9464c8d4156df07d3903b 2e8afbdf9df9464c8d4156df07d3903b] 199.204.45.38 "GET /resource_providers/009c3c3d-2b1c-4af9-bf6e-d42fcc41cc22/allocations" status: 200 len: 238 microversion: 1.0 [pid: 7|app: 0|req: 352/698] 199.204.45.38 () {32 vars in 856 bytes} [Tue Jul 21 07:55:02 2026] GET /resource_providers/009c3c3d-2b1c-4af9-bf6e-d42fcc41cc22/allocations => generated 238 bytes in 26 msecs (HTTP/1.1 200) 6 headers in 224 bytes (1 switches on core 0)
2026-07-21 07:55:02.913 8 INFO placement.requestlog [req-754af62b-7dd4-497d-ba44-fe3b260b49d6 req-218b8391-8e0c-4c80-8190-3d1a4773b5a5 fefec6c7834c4af4a82ca6bdf3018523 2f822f62502a4310a529bfcc4e508a04 - - 2e8afbdf9df9464c8d4156df07d3903b 2e8afbdf9df9464c8d4156df07d3903b] 199.204.45.38 "GET /allocations/effd3f4e-0fdb-417b-9448-bd6ce62e649c" status: 200 len: 243 microversion: 1.28 [pid: 8|app: 0|req: 347/699] 199.204.45.38 () {34 vars in 862 bytes} [Tue Jul 21 07:55:02 2026] GET /allocations/effd3f4e-0fdb-417b-9448-bd6ce62e649c => generated 243 bytes in 14 msecs (HTTP/1.1 200) 8 headers in 296 bytes (1 switches on core 0)
2026-07-21 07:55:02.945 7 INFO placement.requestlog [req-754af62b-7dd4-497d-ba44-fe3b260b49d6 req-92760b25-99af-4238-b861-1a5d6f88f077 fefec6c7834c4af4a82ca6bdf3018523 2f822f62502a4310a529bfcc4e508a04 - - 2e8afbdf9df9464c8d4156df07d3903b 2e8afbdf9df9464c8d4156df07d3903b] 199.204.45.38 "GET /allocations/55bd84b3-ca42-430c-8151-52c8790019bc" status: 200 len: 257 microversion: 1.28 [pid: 7|app: 0|req: 353/700] 199.204.45.38 () {34 vars in 862 bytes} [Tue Jul 21 07:55:02 2026] GET /allocations/55bd84b3-ca42-430c-8151-52c8790019bc => generated 257 bytes in 19 msecs (HTTP/1.1 200) 8 headers in 296 bytes (1 switches on core 0)
2026-07-21 07:55:03.828 8 INFO placement.requestlog [req-465d4042-e69b-46ca-a619-926211fb2f15 req-2882a328-3e01-4a8c-91c3-a4fe9aa43be1 fefec6c7834c4af4a82ca6bdf3018523 2f822f62502a4310a529bfcc4e508a04 - - 2e8afbdf9df9464c8d4156df07d3903b 2e8afbdf9df9464c8d4156df07d3903b] 10.0.0.61 "GET /allocation_candidates?limit=1000&resources=DISK_GB%3A1%2CMEMORY_MB%3A512%2CVCPU%3A1&root_required=%21COMPUTE_STATUS_DISABLED" status: 200 len: 2784 microversion: 1.36 [pid: 8|app: 0|req: 348/701] 10.0.0.61 () {34 vars in 1011 bytes} [Tue Jul 21 07:55:03 2026] GET /allocation_candidates?limit=1000&resources=DISK_GB%3A1%2CMEMORY_MB%3A512%2CVCPU%3A1&root_required=%21COMPUTE_STATUS_DISABLED => generated 2784 bytes in 50 msecs (HTTP/1.1 200) 8 headers in 297 bytes (1 switches on core 0)
2026-07-21 07:55:03.864 7 INFO placement.requestlog [req-465d4042-e69b-46ca-a619-926211fb2f15 req-6c67d1d9-7dc9-4a37-9594-b6fadc5f470a fefec6c7834c4af4a82ca6bdf3018523 2f822f62502a4310a529bfcc4e508a04 - - 2e8afbdf9df9464c8d4156df07d3903b 2e8afbdf9df9464c8d4156df07d3903b] 10.0.0.61 "GET /allocations/7d6125c4-7d45-48d5-b4e4-96c1b264f138" status: 200 len: 19 microversion: 1.28 [pid: 7|app: 0|req: 354/702] 10.0.0.61 () {34 vars in 860 bytes} [Tue Jul 21 07:55:03 2026] GET /allocations/7d6125c4-7d45-48d5-b4e4-96c1b264f138 => generated 19 bytes in 10 msecs (HTTP/1.1 200) 8 headers in 295 bytes (1 switches on core 0)
2026-07-21 07:55:03.940 8 INFO placement.requestlog [req-465d4042-e69b-46ca-a619-926211fb2f15 req-79e36778-ec36-4e4f-a3ec-ccf0033104aa fefec6c7834c4af4a82ca6bdf3018523 2f822f62502a4310a529bfcc4e508a04 - - 2e8afbdf9df9464c8d4156df07d3903b 2e8afbdf9df9464c8d4156df07d3903b] 10.0.0.61 "PUT /allocations/7d6125c4-7d45-48d5-b4e4-96c1b264f138" status: 204 len: 0 microversion: 1.36 [pid: 8|app: 0|req: 349/703] 10.0.0.61 () {38 vars in 913 bytes} [Tue Jul 21 07:55:03 2026] PUT /allocations/7d6125c4-7d45-48d5-b4e4-96c1b264f138 => generated 0 bytes in 70 msecs (HTTP/1.1 204) 5 headers in 199 bytes (1 switches on core 0)
2026-07-21 07:55:04.435 7 INFO placement.requestlog [req-ca55bea3-bf84-411e-8593-17b5c711df34 req-7a9a747a-3fc5-4e1a-b3ce-d0ee649311db fefec6c7834c4af4a82ca6bdf3018523 2f822f62502a4310a529bfcc4e508a04 - - 2e8afbdf9df9464c8d4156df07d3903b 2e8afbdf9df9464c8d4156df07d3903b] 10.0.0.61 "GET /allocation_candidates?limit=1000&resources=DISK_GB%3A1%2CMEMORY_MB%3A512%2CVCPU%3A1&root_required=%21COMPUTE_STATUS_DISABLED" status: 200 len: 2784 microversion: 1.36 [pid: 7|app: 0|req: 355/704] 10.0.0.61 () {34 vars in 1011 bytes} [Tue Jul 21 07:55:04 2026] GET /allocation_candidates?limit=1000&resources=DISK_GB%3A1%2CMEMORY_MB%3A512%2CVCPU%3A1&root_required=%21COMPUTE_STATUS_DISABLED => generated 2784 bytes in 54 msecs (HTTP/1.1 200) 8 headers in 297 bytes (1 switches on core 0)
2026-07-21 07:55:04.481 8 INFO placement.requestlog [req-ca55bea3-bf84-411e-8593-17b5c711df34 req-11416f37-1035-4946-a903-64214978a962 fefec6c7834c4af4a82ca6bdf3018523 2f822f62502a4310a529bfcc4e508a04 - - 2e8afbdf9df9464c8d4156df07d3903b 2e8afbdf9df9464c8d4156df07d3903b] 10.0.0.61 "GET /allocations/97fec93c-99fc-416a-ad9d-27edff72c794" status: 200 len: 19 microversion: 1.28 [pid: 8|app: 0|req: 350/705] 10.0.0.61 () {34 vars in 860 bytes} [Tue Jul 21 07:55:04 2026] GET /allocations/97fec93c-99fc-416a-ad9d-27edff72c794 => generated 19 bytes in 17 msecs (HTTP/1.1 200) 8 headers in 295 bytes (1 switches on core 0)
2026-07-21 07:55:04.551 7 INFO placement.requestlog [req-ca55bea3-bf84-411e-8593-17b5c711df34 req-909a6dc0-52ad-437b-a0bb-19ffda922d88 fefec6c7834c4af4a82ca6bdf3018523 2f822f62502a4310a529bfcc4e508a04 - - 2e8afbdf9df9464c8d4156df07d3903b 2e8afbdf9df9464c8d4156df07d3903b] 10.0.0.61 "PUT /allocations/97fec93c-99fc-416a-ad9d-27edff72c794" status: 204 len: 0 microversion: 1.36 [pid: 7|app: 0|req: 356/706] 10.0.0.61 () {38 vars in 913 bytes} [Tue Jul 21 07:55:04 2026] PUT /allocations/97fec93c-99fc-416a-ad9d-27edff72c794 => generated 0 bytes in 60 msecs (HTTP/1.1 204) 5 headers in 199 bytes (1 switches on core 0)
2026-07-21 07:55:05.054 8 INFO placement.requestlog [req-8068b65f-c035-47ff-ae51-f805561a1785 req-95b87b3f-e0a4-428e-8af9-91a357368ab3 fefec6c7834c4af4a82ca6bdf3018523 2f822f62502a4310a529bfcc4e508a04 - - 2e8afbdf9df9464c8d4156df07d3903b 2e8afbdf9df9464c8d4156df07d3903b] 199.204.45.38 "GET /resource_providers/009c3c3d-2b1c-4af9-bf6e-d42fcc41cc22/allocations" status: 200 len: 438 microversion: 1.0 [pid: 8|app: 0|req: 351/707] 199.204.45.38 () {32 vars in 856 bytes} [Tue Jul 21 07:55:05 2026] GET /resource_providers/009c3c3d-2b1c-4af9-bf6e-d42fcc41cc22/allocations => generated 438 bytes in 19 msecs (HTTP/1.1 200) 6 headers in 224 bytes (1 switches on core 0)
2026-07-21 07:55:05.094 7 INFO placement.requestlog [req-8068b65f-c035-47ff-ae51-f805561a1785 req-2f7769ef-6c67-48ec-8d2e-cd298005fa93 fefec6c7834c4af4a82ca6bdf3018523 2f822f62502a4310a529bfcc4e508a04 - - 2e8afbdf9df9464c8d4156df07d3903b 2e8afbdf9df9464c8d4156df07d3903b] 199.204.45.38 "GET /allocations/effd3f4e-0fdb-417b-9448-bd6ce62e649c" status: 200 len: 243 microversion: 1.28 [pid: 7|app: 0|req: 357/708] 199.204.45.38 () {34 vars in 862 bytes} [Tue Jul 21 07:55:05 2026] GET /allocations/effd3f4e-0fdb-417b-9448-bd6ce62e649c => generated 243 bytes in 22 msecs (HTTP/1.1 200) 8 headers in 296 bytes (1 switches on core 0)
2026-07-21 07:55:05.121 8 INFO placement.requestlog [req-8068b65f-c035-47ff-ae51-f805561a1785 req-b6fca30c-25a7-4f26-be7b-f38317623fab fefec6c7834c4af4a82ca6bdf3018523 2f822f62502a4310a529bfcc4e508a04 - - 2e8afbdf9df9464c8d4156df07d3903b 2e8afbdf9df9464c8d4156df07d3903b] 199.204.45.38 "GET /allocations/55bd84b3-ca42-430c-8151-52c8790019bc" status: 200 len: 257 microversion: 1.28 [pid: 8|app: 0|req: 352/709] 199.204.45.38 () {34 vars in 862 bytes} [Tue Jul 21 07:55:05 2026] GET /allocations/55bd84b3-ca42-430c-8151-52c8790019bc => generated 257 bytes in 17 msecs (HTTP/1.1 200) 8 headers in 296 bytes (1 switches on core 0)
2026-07-21 07:55:05.149 7 INFO placement.requestlog [req-8068b65f-c035-47ff-ae51-f805561a1785 req-2538d0ad-8568-41b0-a4ce-157f577da132 fefec6c7834c4af4a82ca6bdf3018523 2f822f62502a4310a529bfcc4e508a04 - - 2e8afbdf9df9464c8d4156df07d3903b 2e8afbdf9df9464c8d4156df07d3903b] 199.204.45.38 "GET /allocations/97fec93c-99fc-416a-ad9d-27edff72c794" status: 200 len: 257 microversion: 1.28 [pid: 7|app: 0|req: 358/710] 199.204.45.38 () {34 vars in 862 bytes} [Tue Jul 21 07:55:05 2026] GET /allocations/97fec93c-99fc-416a-ad9d-27edff72c794 => generated 257 bytes in 12 msecs (HTTP/1.1 200) 8 headers in 296 bytes (1 switches on core 0)
2026-07-21 07:55:05.176 8 INFO placement.requestlog [req-8068b65f-c035-47ff-ae51-f805561a1785 req-30c3372d-7258-4bd0-b32f-000a9ea265a8 fefec6c7834c4af4a82ca6bdf3018523 2f822f62502a4310a529bfcc4e508a04 - - 2e8afbdf9df9464c8d4156df07d3903b 2e8afbdf9df9464c8d4156df07d3903b] 199.204.45.38 "GET /allocations/7d6125c4-7d45-48d5-b4e4-96c1b264f138" status: 200 len: 257 microversion: 1.28 [pid: 8|app: 0|req: 353/711] 199.204.45.38 () {34 vars in 862 bytes} [Tue Jul 21 07:55:05 2026] GET /allocations/7d6125c4-7d45-48d5-b4e4-96c1b264f138 => generated 257 bytes in 20 msecs (HTTP/1.1 200) 8 headers in 296 bytes (1 switches on core 0)
2026-07-21 07:55:05.581 7 INFO placement.requestlog [req-465d4042-e69b-46ca-a619-926211fb2f15 req-c64f5b88-5ba7-4632-bad8-9dece0c8fcf4 fefec6c7834c4af4a82ca6bdf3018523 2f822f62502a4310a529bfcc4e508a04 - - 2e8afbdf9df9464c8d4156df07d3903b 2e8afbdf9df9464c8d4156df07d3903b] 199.204.45.38 "GET /allocations/7d6125c4-7d45-48d5-b4e4-96c1b264f138" status: 200 len: 257 microversion: 1.28 [pid: 7|app: 0|req: 359/712] 199.204.45.38 () {34 vars in 862 bytes} [Tue Jul 21 07:55:05 2026] GET /allocations/7d6125c4-7d45-48d5-b4e4-96c1b264f138 => generated 257 bytes in 32 msecs (HTTP/1.1 200) 8 headers in 296 bytes (1 switches on core 0)
