2026-07-21 07:55:47.225 7 INFO placement.requestlog [None req-76ca49d9-67ea-4156-bdbd-72ca07f2bf0d b597e9c9bf8c40e0bd2fdbdb86348516 2f822f62502a4310a529bfcc4e508a04 - - 2e8afbdf9df9464c8d4156df07d3903b 2e8afbdf9df9464c8d4156df07d3903b] 10.0.0.224 "GET /resource_providers/d8c4e6f4-5d7e-4844-8867-9eb38debb913/aggregates" status: 404 len: 235 microversion: 1.1 [pid: 7|app: 0|req: 401/800] 10.0.0.224 () {32 vars in 816 bytes} [Tue Jul 21 07:55:47 2026] GET /resource_providers/d8c4e6f4-5d7e-4844-8867-9eb38debb913/aggregates => generated 235 bytes in 11 msecs (HTTP/1.1 404) 5 headers in 202 bytes (1 switches on core 0)
2026-07-21 07:55:47.227 8 INFO placement.requestlog [None req-46d154a1-0aa3-40a0-affc-fa42fb35ba51 b597e9c9bf8c40e0bd2fdbdb86348516 2f822f62502a4310a529bfcc4e508a04 - - 2e8afbdf9df9464c8d4156df07d3903b 2e8afbdf9df9464c8d4156df07d3903b] 10.0.0.224 "GET /resource_providers/d8c4e6f4-5d7e-4844-8867-9eb38debb913/aggregates" status: 404 len: 235 microversion: 1.1 [pid: 8|app: 0|req: 400/801] 10.0.0.224 () {32 vars in 816 bytes} [Tue Jul 21 07:55:47 2026] GET /resource_providers/d8c4e6f4-5d7e-4844-8867-9eb38debb913/aggregates => generated 235 bytes in 23 msecs (HTTP/1.1 404) 5 headers in 202 bytes (1 switches on core 0)
2026-07-21 07:55:47.256 7 INFO placement.requestlog [None req-4af8d113-53b7-4b8b-b072-1f4875558960 b597e9c9bf8c40e0bd2fdbdb86348516 2f822f62502a4310a529bfcc4e508a04 - - 2e8afbdf9df9464c8d4156df07d3903b 2e8afbdf9df9464c8d4156df07d3903b] 10.0.0.224 "DELETE /resource_providers/d8c4e6f4-5d7e-4844-8867-9eb38debb913" status: 404 len: 246 microversion: 1.1 [pid: 7|app: 0|req: 402/802] 10.0.0.224 () {34 vars in 816 bytes} [Tue Jul 21 07:55:47 2026] DELETE /resource_providers/d8c4e6f4-5d7e-4844-8867-9eb38debb913 => generated 246 bytes in 17 msecs (HTTP/1.1 404) 6 headers in 231 bytes (1 switches on core 0)
2026-07-21 07:55:47.258 8 INFO placement.requestlog [None req-17bd8782-3cda-48c5-95eb-b3a4f4d21c63 b597e9c9bf8c40e0bd2fdbdb86348516 2f822f62502a4310a529bfcc4e508a04 - - 2e8afbdf9df9464c8d4156df07d3903b 2e8afbdf9df9464c8d4156df07d3903b] 10.0.0.224 "DELETE /resource_providers/d8c4e6f4-5d7e-4844-8867-9eb38debb913" status: 404 len: 246 microversion: 1.1 [pid: 8|app: 0|req: 401/803] 10.0.0.224 () {34 vars in 816 bytes} [Tue Jul 21 07:55:47 2026] DELETE /resource_providers/d8c4e6f4-5d7e-4844-8867-9eb38debb913 => generated 246 bytes in 15 msecs (HTTP/1.1 404) 6 headers in 231 bytes (1 switches on core 0)
2026-07-21 07:55:48.278 7 INFO placement.requestlog [req-6deaa32c-c4de-4c4f-9abf-2b7ff0fa7956 req-06e84f37-0837-44f3-9a4e-4ecfd983f97c fefec6c7834c4af4a82ca6bdf3018523 2f822f62502a4310a529bfcc4e508a04 - - 2e8afbdf9df9464c8d4156df07d3903b 2e8afbdf9df9464c8d4156df07d3903b] 199.204.45.38 "GET /resource_providers/009c3c3d-2b1c-4af9-bf6e-d42fcc41cc22/allocations" status: 200 len: 152 microversion: 1.0 [pid: 7|app: 0|req: 403/804] 199.204.45.38 () {32 vars in 856 bytes} [Tue Jul 21 07:55:48 2026] GET /resource_providers/009c3c3d-2b1c-4af9-bf6e-d42fcc41cc22/allocations => generated 152 bytes in 24 msecs (HTTP/1.1 200) 6 headers in 224 bytes (1 switches on core 0)
2026-07-21 07:55:48.304 8 INFO placement.requestlog [req-6deaa32c-c4de-4c4f-9abf-2b7ff0fa7956 req-7f642018-6715-48cd-bf3d-6de640ec9d22 fefec6c7834c4af4a82ca6bdf3018523 2f822f62502a4310a529bfcc4e508a04 - - 2e8afbdf9df9464c8d4156df07d3903b 2e8afbdf9df9464c8d4156df07d3903b] 199.204.45.38 "GET /allocations/f69d01a4-3cde-4bbc-a666-313b47d34919" status: 200 len: 257 microversion: 1.28 [pid: 8|app: 0|req: 402/805] 199.204.45.38 () {34 vars in 862 bytes} [Tue Jul 21 07:55:48 2026] GET /allocations/f69d01a4-3cde-4bbc-a666-313b47d34919 => generated 257 bytes in 19 msecs (HTTP/1.1 200) 8 headers in 296 bytes (1 switches on core 0)
2026-07-21 07:55:49.286 7 INFO placement.requestlog [None req-1a508994-0139-4415-86e2-802a5f7e7735 b597e9c9bf8c40e0bd2fdbdb86348516 2f822f62502a4310a529bfcc4e508a04 - - 2e8afbdf9df9464c8d4156df07d3903b 2e8afbdf9df9464c8d4156df07d3903b] 10.0.0.224 "GET /resource_providers/cbb13092-d49d-488b-afdf-3b3a96a42811/aggregates" status: 404 len: 235 microversion: 1.1 [pid: 7|app: 0|req: 404/806] 10.0.0.224 () {32 vars in 816 bytes} [Tue Jul 21 07:55:49 2026] GET /resource_providers/cbb13092-d49d-488b-afdf-3b3a96a42811/aggregates => generated 235 bytes in 11 msecs (HTTP/1.1 404) 5 headers in 202 bytes (1 switches on core 0)
2026-07-21 07:55:49.294 8 INFO placement.requestlog [None req-e6e3b687-2e0f-4ef7-9d32-e50e940b4c1a b597e9c9bf8c40e0bd2fdbdb86348516 2f822f62502a4310a529bfcc4e508a04 - - 2e8afbdf9df9464c8d4156df07d3903b 2e8afbdf9df9464c8d4156df07d3903b] 10.0.0.224 "GET /resource_providers/cbb13092-d49d-488b-afdf-3b3a96a42811/aggregates" status: 404 len: 235 microversion: 1.1 [pid: 8|app: 0|req: 403/807] 10.0.0.224 () {32 vars in 816 bytes} [Tue Jul 21 07:55:49 2026] GET /resource_providers/cbb13092-d49d-488b-afdf-3b3a96a42811/aggregates => generated 235 bytes in 17 msecs (HTTP/1.1 404) 5 headers in 202 bytes (1 switches on core 0)
2026-07-21 07:55:49.314 7 INFO placement.requestlog [None req-e70e4ae4-8c14-4290-a7dd-4ed634de0cd6 b597e9c9bf8c40e0bd2fdbdb86348516 2f822f62502a4310a529bfcc4e508a04 - - 2e8afbdf9df9464c8d4156df07d3903b 2e8afbdf9df9464c8d4156df07d3903b] 10.0.0.224 "DELETE /resource_providers/cbb13092-d49d-488b-afdf-3b3a96a42811" status: 404 len: 246 microversion: 1.1 [pid: 7|app: 0|req: 405/808] 10.0.0.224 () {34 vars in 816 bytes} [Tue Jul 21 07:55:49 2026] DELETE /resource_providers/cbb13092-d49d-488b-afdf-3b3a96a42811 => generated 246 bytes in 9 msecs (HTTP/1.1 404) 6 headers in 231 bytes (1 switches on core 0)
2026-07-21 07:55:49.321 8 INFO placement.requestlog [None req-c84dadf3-d019-4d15-a6f0-07c710e62bfe b597e9c9bf8c40e0bd2fdbdb86348516 2f822f62502a4310a529bfcc4e508a04 - - 2e8afbdf9df9464c8d4156df07d3903b 2e8afbdf9df9464c8d4156df07d3903b] 10.0.0.224 "DELETE /resource_providers/cbb13092-d49d-488b-afdf-3b3a96a42811" status: 404 len: 246 microversion: 1.1 [pid: 8|app: 0|req: 404/809] 10.0.0.224 () {34 vars in 816 bytes} [Tue Jul 21 07:55:49 2026] DELETE /resource_providers/cbb13092-d49d-488b-afdf-3b3a96a42811 => generated 246 bytes in 11 msecs (HTTP/1.1 404) 6 headers in 231 bytes (1 switches on core 0)
2026-07-21 07:55:51.859 7 INFO placement.requestlog [req-6deaa32c-c4de-4c4f-9abf-2b7ff0fa7956 req-40d78247-2721-4df4-9b16-9ae5298c430c fefec6c7834c4af4a82ca6bdf3018523 2f822f62502a4310a529bfcc4e508a04 - - 2e8afbdf9df9464c8d4156df07d3903b 2e8afbdf9df9464c8d4156df07d3903b] 199.204.45.38 "DELETE /allocations/f69d01a4-3cde-4bbc-a666-313b47d34919" status: 204 len: 0 microversion: 1.0 [pid: 7|app: 0|req: 406/810] 199.204.45.38 () {34 vars in 840 bytes} [Tue Jul 21 07:55:51 2026] DELETE /allocations/f69d01a4-3cde-4bbc-a666-313b47d34919 => generated 0 bytes in 24 msecs (HTTP/1.1 204) 5 headers in 198 bytes (1 switches on core 0)
2026-07-21 07:55:52.478 8 INFO placement.requestlog [req-9005e531-4b2d-4df4-bd2c-a0c8f24b5624 req-3cb9fb3e-1fcf-4137-a16a-e03636981ae5 fefec6c7834c4af4a82ca6bdf3018523 2f822f62502a4310a529bfcc4e508a04 - - 2e8afbdf9df9464c8d4156df07d3903b 2e8afbdf9df9464c8d4156df07d3903b] 10.0.0.121 "DELETE /allocations/f69d01a4-3cde-4bbc-a666-313b47d34919" status: 404 len: 228 microversion: 1.0 [pid: 8|app: 0|req: 405/811] 10.0.0.121 () {34 vars in 830 bytes} [Tue Jul 21 07:55:52 2026] DELETE /allocations/f69d01a4-3cde-4bbc-a666-313b47d34919 => generated 228 bytes in 15 msecs (HTTP/1.1 404) 6 headers in 231 bytes (1 switches on core 0)
2026-07-21 07:55:55.675 7 INFO placement.requestlog [None req-de105aa9-6491-4e07-9f88-9dbf5c3eb01c b597e9c9bf8c40e0bd2fdbdb86348516 2f822f62502a4310a529bfcc4e508a04 - - 2e8afbdf9df9464c8d4156df07d3903b 2e8afbdf9df9464c8d4156df07d3903b] 10.0.0.224 "GET /resource_providers/ee077bab-958b-4250-a40a-fe10bbc8734f/aggregates" status: 404 len: 235 microversion: 1.1 [pid: 7|app: 0|req: 407/812] 10.0.0.224 () {32 vars in 816 bytes} [Tue Jul 21 07:55:55 2026] GET /resource_providers/ee077bab-958b-4250-a40a-fe10bbc8734f/aggregates => generated 235 bytes in 10 msecs (HTTP/1.1 404) 5 headers in 202 bytes (1 switches on core 0)
2026-07-21 07:55:55.676 8 INFO placement.requestlog [None req-13ca71d0-3814-42e5-bb2f-41366ad9de11 b597e9c9bf8c40e0bd2fdbdb86348516 2f822f62502a4310a529bfcc4e508a04 - - 2e8afbdf9df9464c8d4156df07d3903b 2e8afbdf9df9464c8d4156df07d3903b] 10.0.0.224 "GET /resource_providers/ee077bab-958b-4250-a40a-fe10bbc8734f/aggregates" status: 404 len: 235 microversion: 1.1 [pid: 8|app: 0|req: 406/813] 10.0.0.224 () {32 vars in 816 bytes} [Tue Jul 21 07:55:55 2026] GET /resource_providers/ee077bab-958b-4250-a40a-fe10bbc8734f/aggregates => generated 235 bytes in 10 msecs (HTTP/1.1 404) 5 headers in 202 bytes (1 switches on core 0)
2026-07-21 07:55:55.700 7 INFO placement.requestlog [None req-c15fe8a7-2149-46fd-8637-7d323e37665d b597e9c9bf8c40e0bd2fdbdb86348516 2f822f62502a4310a529bfcc4e508a04 - - 2e8afbdf9df9464c8d4156df07d3903b 2e8afbdf9df9464c8d4156df07d3903b] 10.0.0.224 "DELETE /resource_providers/ee077bab-958b-4250-a40a-fe10bbc8734f" status: 404 len: 246 microversion: 1.1 [pid: 7|app: 0|req: 408/814] 10.0.0.224 () {34 vars in 816 bytes} [Tue Jul 21 07:55:55 2026] DELETE /resource_providers/ee077bab-958b-4250-a40a-fe10bbc8734f => generated 246 bytes in 13 msecs (HTTP/1.1 404) 6 headers in 231 bytes (1 switches on core 0)
2026-07-21 07:55:55.705 8 INFO placement.requestlog [None req-d82838f2-e8fe-4765-b510-d094ad9acce0 b597e9c9bf8c40e0bd2fdbdb86348516 2f822f62502a4310a529bfcc4e508a04 - - 2e8afbdf9df9464c8d4156df07d3903b 2e8afbdf9df9464c8d4156df07d3903b] 10.0.0.224 "DELETE /resource_providers/ee077bab-958b-4250-a40a-fe10bbc8734f" status: 404 len: 246 microversion: 1.1 [pid: 8|app: 0|req: 407/815] 10.0.0.224 () {34 vars in 816 bytes} [Tue Jul 21 07:55:55 2026] DELETE /resource_providers/ee077bab-958b-4250-a40a-fe10bbc8734f => generated 246 bytes in 12 msecs (HTTP/1.1 404) 6 headers in 231 bytes (1 switches on core 0)
2026-07-21 07:55:56.188 7 INFO placement.requestlog [None req-b9696b0e-4e11-4b63-8475-652694c8e3d8 b597e9c9bf8c40e0bd2fdbdb86348516 2f822f62502a4310a529bfcc4e508a04 - - 2e8afbdf9df9464c8d4156df07d3903b 2e8afbdf9df9464c8d4156df07d3903b] 10.0.0.224 "GET /resource_providers/5d85daa1-2179-4180-9c64-8186a7664d75/aggregates" status: 404 len: 235 microversion: 1.1 [pid: 7|app: 0|req: 409/816] 10.0.0.224 () {32 vars in 816 bytes} [Tue Jul 21 07:55:56 2026] GET /resource_providers/5d85daa1-2179-4180-9c64-8186a7664d75/aggregates => generated 235 bytes in 11 msecs (HTTP/1.1 404) 5 headers in 202 bytes (1 switches on core 0)
2026-07-21 07:55:56.196 8 INFO placement.requestlog [None req-06a1f939-abad-4656-b624-69bd8fedc125 b597e9c9bf8c40e0bd2fdbdb86348516 2f822f62502a4310a529bfcc4e508a04 - - 2e8afbdf9df9464c8d4156df07d3903b 2e8afbdf9df9464c8d4156df07d3903b] 10.0.0.224 "GET /resource_providers/5d85daa1-2179-4180-9c64-8186a7664d75/aggregates" status: 404 len: 235 microversion: 1.1 [pid: 8|app: 0|req: 408/817] 10.0.0.224 () {32 vars in 816 bytes} [Tue Jul 21 07:55:56 2026] GET /resource_providers/5d85daa1-2179-4180-9c64-8186a7664d75/aggregates => generated 235 bytes in 9 msecs (HTTP/1.1 404) 5 headers in 202 bytes (1 switches on core 0)
2026-07-21 07:55:56.221 7 INFO placement.requestlog [None req-198dfc00-6e29-48ec-ae2a-149ae2b58caa b597e9c9bf8c40e0bd2fdbdb86348516 2f822f62502a4310a529bfcc4e508a04 - - 2e8afbdf9df9464c8d4156df07d3903b 2e8afbdf9df9464c8d4156df07d3903b] 10.0.0.224 "DELETE /resource_providers/5d85daa1-2179-4180-9c64-8186a7664d75" status: 404 len: 246 microversion: 1.1 [pid: 7|app: 0|req: 410/818] 10.0.0.224 () {34 vars in 816 bytes} [Tue Jul 21 07:55:56 2026] DELETE /resource_providers/5d85daa1-2179-4180-9c64-8186a7664d75 => generated 246 bytes in 12 msecs (HTTP/1.1 404) 6 headers in 231 bytes (1 switches on core 0)
2026-07-21 07:55:56.221 8 INFO placement.requestlog [None req-3197a3cc-31d6-4e28-985b-7bb97fa7d214 b597e9c9bf8c40e0bd2fdbdb86348516 2f822f62502a4310a529bfcc4e508a04 - - 2e8afbdf9df9464c8d4156df07d3903b 2e8afbdf9df9464c8d4156df07d3903b] 10.0.0.224 "DELETE /resource_providers/5d85daa1-2179-4180-9c64-8186a7664d75" status: 404 len: 246 microversion: 1.1 [pid: 8|app: 0|req: 409/819] 10.0.0.224 () {34 vars in 816 bytes} [Tue Jul 21 07:55:56 2026] DELETE /resource_providers/5d85daa1-2179-4180-9c64-8186a7664d75 => generated 246 bytes in 11 msecs (HTTP/1.1 404) 6 headers in 231 bytes (1 switches on core 0)
2026-07-21 07:55:57.071 8 INFO placement.requestlog [None req-6459c244-9a51-4dcc-8bcf-7a5b8cfaa194 - - - - - -] 10.0.0.172 "GET /" status: 200 len: 136 microversion: 1.0
2026-07-21 07:55:57.072 7 INFO placement.requestlog [None req-801e06a5-00eb-4c43-aef4-111405b5c2b4 - - - - - -] 10.0.0.172 "GET /" status: 200 len: 136 microversion: 1.0
2026-07-21 07:55:57.789 8 INFO placement.requestlog [None req-4abc658a-e8b3-4b58-94ab-c8fadd0f198a b597e9c9bf8c40e0bd2fdbdb86348516 2f822f62502a4310a529bfcc4e508a04 - - 2e8afbdf9df9464c8d4156df07d3903b 2e8afbdf9df9464c8d4156df07d3903b] 10.0.0.224 "GET /resource_providers/b86f5dbd-3088-43f4-8cbf-0bd142327965/aggregates" status: 404 len: 235 microversion: 1.1 [pid: 8|app: 0|req: 411/822] 10.0.0.224 () {32 vars in 816 bytes} [Tue Jul 21 07:55:57 2026] GET /resource_providers/b86f5dbd-3088-43f4-8cbf-0bd142327965/aggregates => generated 235 bytes in 18 msecs (HTTP/1.1 404) 5 headers in 202 bytes (1 switches on core 0)
2026-07-21 07:55:57.792 7 INFO placement.requestlog [None req-dd099cc4-fb2c-4289-96c4-ad998874a72b b597e9c9bf8c40e0bd2fdbdb86348516 2f822f62502a4310a529bfcc4e508a04 - - 2e8afbdf9df9464c8d4156df07d3903b 2e8afbdf9df9464c8d4156df07d3903b] 10.0.0.224 "GET /resource_providers/b86f5dbd-3088-43f4-8cbf-0bd142327965/aggregates" status: 404 len: 235 microversion: 1.1 [pid: 7|app: 0|req: 412/823] 10.0.0.224 () {32 vars in 816 bytes} [Tue Jul 21 07:55:57 2026] GET /resource_providers/b86f5dbd-3088-43f4-8cbf-0bd142327965/aggregates => generated 235 bytes in 20 msecs (HTTP/1.1 404) 5 headers in 202 bytes (1 switches on core 0)
2026-07-21 07:55:57.816 8 INFO placement.requestlog [None req-95d69cc7-3224-4fff-a600-6645ee4b32ad b597e9c9bf8c40e0bd2fdbdb86348516 2f822f62502a4310a529bfcc4e508a04 - - 2e8afbdf9df9464c8d4156df07d3903b 2e8afbdf9df9464c8d4156df07d3903b] 10.0.0.224 "DELETE /resource_providers/b86f5dbd-3088-43f4-8cbf-0bd142327965" status: 404 len: 246 microversion: 1.1 [pid: 8|app: 0|req: 412/824] 10.0.0.224 () {34 vars in 816 bytes} [Tue Jul 21 07:55:57 2026] DELETE /resource_providers/b86f5dbd-3088-43f4-8cbf-0bd142327965 => generated 246 bytes in 9 msecs (HTTP/1.1 404) 6 headers in 231 bytes (1 switches on core 0)
2026-07-21 07:55:57.819 7 INFO placement.requestlog [None req-c75a5886-5986-4361-89e0-7328b194c0e0 b597e9c9bf8c40e0bd2fdbdb86348516 2f822f62502a4310a529bfcc4e508a04 - - 2e8afbdf9df9464c8d4156df07d3903b 2e8afbdf9df9464c8d4156df07d3903b] 10.0.0.224 "DELETE /resource_providers/b86f5dbd-3088-43f4-8cbf-0bd142327965" status: 404 len: 246 microversion: 1.1 [pid: 7|app: 0|req: 413/825] 10.0.0.224 () {34 vars in 816 bytes} [Tue Jul 21 07:55:57 2026] DELETE /resource_providers/b86f5dbd-3088-43f4-8cbf-0bd142327965 => generated 246 bytes in 10 msecs (HTTP/1.1 404) 6 headers in 231 bytes (1 switches on core 0)
2026-07-21 07:55:58.252 8 INFO placement.requestlog [None req-39b17882-41f6-4a80-83e7-4683580a63f7 b597e9c9bf8c40e0bd2fdbdb86348516 2f822f62502a4310a529bfcc4e508a04 - - 2e8afbdf9df9464c8d4156df07d3903b 2e8afbdf9df9464c8d4156df07d3903b] 10.0.0.224 "GET /resource_providers/0732397b-533c-4c93-989e-dc4d871bd580/aggregates" status: 404 len: 235 microversion: 1.1 [pid: 8|app: 0|req: 413/826] 10.0.0.224 () {32 vars in 816 bytes} [Tue Jul 21 07:55:58 2026] GET /resource_providers/0732397b-533c-4c93-989e-dc4d871bd580/aggregates => generated 235 bytes in 12 msecs (HTTP/1.1 404) 5 headers in 202 bytes (1 switches on core 0)
2026-07-21 07:55:58.260 7 INFO placement.requestlog [None req-ade283a1-15d4-40bd-825b-0d275694f101 b597e9c9bf8c40e0bd2fdbdb86348516 2f822f62502a4310a529bfcc4e508a04 - - 2e8afbdf9df9464c8d4156df07d3903b 2e8afbdf9df9464c8d4156df07d3903b] 10.0.0.224 "GET /resource_providers/0732397b-533c-4c93-989e-dc4d871bd580/aggregates" status: 404 len: 235 microversion: 1.1 [pid: 7|app: 0|req: 414/827] 10.0.0.224 () {32 vars in 816 bytes} [Tue Jul 21 07:55:58 2026] GET /resource_providers/0732397b-533c-4c93-989e-dc4d871bd580/aggregates => generated 235 bytes in 18 msecs (HTTP/1.1 404) 5 headers in 202 bytes (1 switches on core 0)
2026-07-21 07:55:58.282 8 INFO placement.requestlog [None req-28e53e91-9f5f-4c08-9ca9-4cfba2ef95de b597e9c9bf8c40e0bd2fdbdb86348516 2f822f62502a4310a529bfcc4e508a04 - - 2e8afbdf9df9464c8d4156df07d3903b 2e8afbdf9df9464c8d4156df07d3903b] 10.0.0.224 "DELETE /resource_providers/0732397b-533c-4c93-989e-dc4d871bd580" status: 404 len: 246 microversion: 1.1 [pid: 8|app: 0|req: 414/828] 10.0.0.224 () {34 vars in 816 bytes} [Tue Jul 21 07:55:58 2026] DELETE /resource_providers/0732397b-533c-4c93-989e-dc4d871bd580 => generated 246 bytes in 15 msecs (HTTP/1.1 404) 6 headers in 231 bytes (1 switches on core 0)
2026-07-21 07:55:58.285 7 INFO placement.requestlog [None req-e72ce9ec-cc52-4fa6-9ca5-a5de7a296373 b597e9c9bf8c40e0bd2fdbdb86348516 2f822f62502a4310a529bfcc4e508a04 - - 2e8afbdf9df9464c8d4156df07d3903b 2e8afbdf9df9464c8d4156df07d3903b] 10.0.0.224 "DELETE /resource_providers/0732397b-533c-4c93-989e-dc4d871bd580" status: 404 len: 246 microversion: 1.1 [pid: 7|app: 0|req: 415/829] 10.0.0.224 () {34 vars in 816 bytes} [Tue Jul 21 07:55:58 2026] DELETE /resource_providers/0732397b-533c-4c93-989e-dc4d871bd580 => generated 246 bytes in 14 msecs (HTTP/1.1 404) 6 headers in 231 bytes (1 switches on core 0)
2026-07-21 07:55:59.903 8 INFO placement.requestlog [None req-4783b052-0617-4d10-a6de-920e5e82d049 b597e9c9bf8c40e0bd2fdbdb86348516 2f822f62502a4310a529bfcc4e508a04 - - 2e8afbdf9df9464c8d4156df07d3903b 2e8afbdf9df9464c8d4156df07d3903b] 10.0.0.224 "GET /resource_providers/af22598c-0a8b-492e-8fd9-15070d913579/aggregates" status: 404 len: 235 microversion: 1.1 [pid: 8|app: 0|req: 415/830] 10.0.0.224 () {32 vars in 816 bytes} [Tue Jul 21 07:55:59 2026] GET /resource_providers/af22598c-0a8b-492e-8fd9-15070d913579/aggregates => generated 235 bytes in 8 msecs (HTTP/1.1 404) 5 headers in 202 bytes (1 switches on core 0)
2026-07-21 07:55:59.910 7 INFO placement.requestlog [None req-dee86bed-62fb-47bf-bdd7-96aa5ef98389 b597e9c9bf8c40e0bd2fdbdb86348516 2f822f62502a4310a529bfcc4e508a04 - - 2e8afbdf9df9464c8d4156df07d3903b 2e8afbdf9df9464c8d4156df07d3903b] 10.0.0.224 "GET /resource_providers/af22598c-0a8b-492e-8fd9-15070d913579/aggregates" status: 404 len: 235 microversion: 1.1 [pid: 7|app: 0|req: 416/831] 10.0.0.224 () {32 vars in 816 bytes} [Tue Jul 21 07:55:59 2026] GET /resource_providers/af22598c-0a8b-492e-8fd9-15070d913579/aggregates => generated 235 bytes in 15 msecs (HTTP/1.1 404) 5 headers in 202 bytes (1 switches on core 0)
2026-07-21 07:55:59.929 8 INFO placement.requestlog [None req-e46fb9be-f471-44d7-a69f-fef7f2bff68f b597e9c9bf8c40e0bd2fdbdb86348516 2f822f62502a4310a529bfcc4e508a04 - - 2e8afbdf9df9464c8d4156df07d3903b 2e8afbdf9df9464c8d4156df07d3903b] 10.0.0.224 "DELETE /resource_providers/af22598c-0a8b-492e-8fd9-15070d913579" status: 404 len: 246 microversion: 1.1 [pid: 8|app: 0|req: 416/832] 10.0.0.224 () {34 vars in 816 bytes} [Tue Jul 21 07:55:59 2026] DELETE /resource_providers/af22598c-0a8b-492e-8fd9-15070d913579 => generated 246 bytes in 12 msecs (HTTP/1.1 404) 6 headers in 231 bytes (1 switches on core 0)
2026-07-21 07:55:59.934 7 INFO placement.requestlog [None req-ead67348-eaba-4684-99fd-e7fc33d72c96 b597e9c9bf8c40e0bd2fdbdb86348516 2f822f62502a4310a529bfcc4e508a04 - - 2e8afbdf9df9464c8d4156df07d3903b 2e8afbdf9df9464c8d4156df07d3903b] 10.0.0.224 "DELETE /resource_providers/af22598c-0a8b-492e-8fd9-15070d913579" status: 404 len: 246 microversion: 1.1 [pid: 7|app: 0|req: 417/833] 10.0.0.224 () {34 vars in 816 bytes} [Tue Jul 21 07:55:59 2026] DELETE /resource_providers/af22598c-0a8b-492e-8fd9-15070d913579 => generated 246 bytes in 11 msecs (HTTP/1.1 404) 6 headers in 231 bytes (1 switches on core 0)
2026-07-21 07:56:00.548 8 INFO placement.requestlog [req-e55dd170-c7e7-497f-8f1a-d0698d703e6b req-bf555746-e391-43cb-98ba-f9151b9311b8 fefec6c7834c4af4a82ca6bdf3018523 2f822f62502a4310a529bfcc4e508a04 - - 2e8afbdf9df9464c8d4156df07d3903b 2e8afbdf9df9464c8d4156df07d3903b] 199.204.45.38 "GET /resource_providers/009c3c3d-2b1c-4af9-bf6e-d42fcc41cc22/allocations" status: 200 len: 54 microversion: 1.0 [pid: 8|app: 0|req: 417/834] 199.204.45.38 () {32 vars in 856 bytes} [Tue Jul 21 07:56:00 2026] GET /resource_providers/009c3c3d-2b1c-4af9-bf6e-d42fcc41cc22/allocations => generated 54 bytes in 15 msecs (HTTP/1.1 200) 6 headers in 223 bytes (1 switches on core 0)
2026-07-21 07:56:00.576 7 INFO placement.requestlog [req-e55dd170-c7e7-497f-8f1a-d0698d703e6b req-7849b798-07f0-4d80-8c84-1ef758dce3cf fefec6c7834c4af4a82ca6bdf3018523 2f822f62502a4310a529bfcc4e508a04 - - 2e8afbdf9df9464c8d4156df07d3903b 2e8afbdf9df9464c8d4156df07d3903b] 199.204.45.38 "GET /resource_providers/009c3c3d-2b1c-4af9-bf6e-d42fcc41cc22/allocations" status: 200 len: 54 microversion: 1.0 [pid: 7|app: 0|req: 418/835] 199.204.45.38 () {32 vars in 856 bytes} [Tue Jul 21 07:56:00 2026] GET /resource_providers/009c3c3d-2b1c-4af9-bf6e-d42fcc41cc22/allocations => generated 54 bytes in 18 msecs (HTTP/1.1 200) 6 headers in 223 bytes (1 switches on core 0)
2026-07-21 07:56:01.960 8 INFO placement.requestlog [None req-4cb429bb-378e-44e9-9ee2-5c7b42d1a292 b597e9c9bf8c40e0bd2fdbdb86348516 2f822f62502a4310a529bfcc4e508a04 - - 2e8afbdf9df9464c8d4156df07d3903b 2e8afbdf9df9464c8d4156df07d3903b] 10.0.0.224 "GET /resource_providers/c5681ed1-2123-4de6-b049-e51c242618ba/aggregates" status: 404 len: 235 microversion: 1.1 [pid: 8|app: 0|req: 418/836] 10.0.0.224 () {32 vars in 816 bytes} [Tue Jul 21 07:56:01 2026] GET /resource_providers/c5681ed1-2123-4de6-b049-e51c242618ba/aggregates => generated 235 bytes in 9 msecs (HTTP/1.1 404) 5 headers in 202 bytes (1 switches on core 0)
2026-07-21 07:56:01.965 7 INFO placement.requestlog [None req-f0bc7dc1-babc-4935-851b-7f4d75585d02 b597e9c9bf8c40e0bd2fdbdb86348516 2f822f62502a4310a529bfcc4e508a04 - - 2e8afbdf9df9464c8d4156df07d3903b 2e8afbdf9df9464c8d4156df07d3903b] 10.0.0.224 "GET /resource_providers/c5681ed1-2123-4de6-b049-e51c242618ba/aggregates" status: 404 len: 235 microversion: 1.1 [pid: 7|app: 0|req: 419/837] 10.0.0.224 () {32 vars in 816 bytes} [Tue Jul 21 07:56:01 2026] GET /resource_providers/c5681ed1-2123-4de6-b049-e51c242618ba/aggregates => generated 235 bytes in 14 msecs (HTTP/1.1 404) 5 headers in 202 bytes (1 switches on core 0)
2026-07-21 07:56:01.995 8 INFO placement.requestlog [None req-9bc010f9-d8de-479d-bddd-30a68d7b71cb b597e9c9bf8c40e0bd2fdbdb86348516 2f822f62502a4310a529bfcc4e508a04 - - 2e8afbdf9df9464c8d4156df07d3903b 2e8afbdf9df9464c8d4156df07d3903b] 10.0.0.224 "DELETE /resource_providers/c5681ed1-2123-4de6-b049-e51c242618ba" status: 404 len: 246 microversion: 1.1 [pid: 8|app: 0|req: 419/838] 10.0.0.224 () {34 vars in 816 bytes} [Tue Jul 21 07:56:01 2026] DELETE /resource_providers/c5681ed1-2123-4de6-b049-e51c242618ba => generated 246 bytes in 16 msecs (HTTP/1.1 404) 6 headers in 231 bytes (1 switches on core 0)
2026-07-21 07:56:02.003 7 INFO placement.requestlog [None req-2d734555-6fee-4773-95ab-0657e8a83874 b597e9c9bf8c40e0bd2fdbdb86348516 2f822f62502a4310a529bfcc4e508a04 - - 2e8afbdf9df9464c8d4156df07d3903b 2e8afbdf9df9464c8d4156df07d3903b] 10.0.0.224 "DELETE /resource_providers/c5681ed1-2123-4de6-b049-e51c242618ba" status: 404 len: 246 microversion: 1.1 [pid: 7|app: 0|req: 420/839] 10.0.0.224 () {34 vars in 816 bytes} [Tue Jul 21 07:56:01 2026] DELETE /resource_providers/c5681ed1-2123-4de6-b049-e51c242618ba => generated 246 bytes in 18 msecs (HTTP/1.1 404) 6 headers in 231 bytes (1 switches on core 0)
2026-07-21 07:56:02.026 8 INFO placement.requestlog [None req-db0256a4-8fcb-41b0-8e1b-60a2369a0874 b597e9c9bf8c40e0bd2fdbdb86348516 2f822f62502a4310a529bfcc4e508a04 - - 2e8afbdf9df9464c8d4156df07d3903b 2e8afbdf9df9464c8d4156df07d3903b] 10.0.0.224 "GET /resource_providers/d8600120-c247-4ffb-945f-af6d5d446240/aggregates" status: 404 len: 235 microversion: 1.1 [pid: 8|app: 0|req: 420/840] 10.0.0.224 () {32 vars in 816 bytes} [Tue Jul 21 07:56:02 2026] GET /resource_providers/d8600120-c247-4ffb-945f-af6d5d446240/aggregates => generated 235 bytes in 12 msecs (HTTP/1.1 404) 5 headers in 202 bytes (1 switches on core 0)
2026-07-21 07:56:02.050 8 INFO placement.requestlog [None req-1631e625-0756-4e93-a71c-6babe0beb1fb b597e9c9bf8c40e0bd2fdbdb86348516 2f822f62502a4310a529bfcc4e508a04 - - 2e8afbdf9df9464c8d4156df07d3903b 2e8afbdf9df9464c8d4156df07d3903b] 10.0.0.224 "GET /resource_providers/d8600120-c247-4ffb-945f-af6d5d446240/aggregates" status: 404 len: 235 microversion: 1.1 [pid: 8|app: 0|req: 421/841] 10.0.0.224 () {32 vars in 816 bytes} [Tue Jul 21 07:56:02 2026] GET /resource_providers/d8600120-c247-4ffb-945f-af6d5d446240/aggregates => generated 235 bytes in 13 msecs (HTTP/1.1 404) 5 headers in 202 bytes (1 switches on core 0)
2026-07-21 07:56:02.072 7 INFO placement.requestlog [None req-03013eaa-b766-4c00-813f-02af182956fc b597e9c9bf8c40e0bd2fdbdb86348516 2f822f62502a4310a529bfcc4e508a04 - - 2e8afbdf9df9464c8d4156df07d3903b 2e8afbdf9df9464c8d4156df07d3903b] 10.0.0.224 "DELETE /resource_providers/d8600120-c247-4ffb-945f-af6d5d446240" status: 404 len: 246 microversion: 1.1
2026-07-21 07:56:02.073 8 INFO placement.requestlog [None req-52675d30-4785-4027-8d84-15bc9f16323b b597e9c9bf8c40e0bd2fdbdb86348516 2f822f62502a4310a529bfcc4e508a04 - - 2e8afbdf9df9464c8d4156df07d3903b 2e8afbdf9df9464c8d4156df07d3903b] 10.0.0.224 "DELETE /resource_providers/d8600120-c247-4ffb-945f-af6d5d446240" status: 404 len: 246 microversion: 1.1 [pid: 7|app: 0|req: 421/842] 10.0.0.224 () {34 vars in 816 bytes} [Tue Jul 21 07:56:02 2026] DELETE /resource_providers/d8600120-c247-4ffb-945f-af6d5d446240 => generated 246 bytes in 35 msecs (HTTP/1.1 404) 6 headers in 231 bytes (1 switches on core 0) [pid: 8|app: 0|req: 422/843] 10.0.0.224 () {34 vars in 816 bytes} [Tue Jul 21 07:56:02 2026] DELETE /resource_providers/d8600120-c247-4ffb-945f-af6d5d446240 => generated 246 bytes in 12 msecs (HTTP/1.1 404) 6 headers in 231 bytes (1 switches on core 0)
2026-07-21 07:56:02.105 8 INFO placement.requestlog [None req-a0453e2a-eb02-455a-9894-7cdcbe84a6fb b597e9c9bf8c40e0bd2fdbdb86348516 2f822f62502a4310a529bfcc4e508a04 - - 2e8afbdf9df9464c8d4156df07d3903b 2e8afbdf9df9464c8d4156df07d3903b] 10.0.0.224 "GET /resource_providers/218b1a5f-5cb8-4481-8fab-4bc7f64a49d1/aggregates" status: 404 len: 235 microversion: 1.1 [pid: 8|app: 0|req: 423/844] 10.0.0.224 () {32 vars in 816 bytes} [Tue Jul 21 07:56:02 2026] GET /resource_providers/218b1a5f-5cb8-4481-8fab-4bc7f64a49d1/aggregates => generated 235 bytes in 11 msecs (HTTP/1.1 404) 5 headers in 202 bytes (1 switches on core 0)
2026-07-21 07:56:02.112 7 INFO placement.requestlog [None req-2b851241-0b34-41f8-b3b2-bc5f104cf0a0 b597e9c9bf8c40e0bd2fdbdb86348516 2f822f62502a4310a529bfcc4e508a04 - - 2e8afbdf9df9464c8d4156df07d3903b 2e8afbdf9df9464c8d4156df07d3903b] 10.0.0.224 "GET /resource_providers/218b1a5f-5cb8-4481-8fab-4bc7f64a49d1/aggregates" status: 404 len: 235 microversion: 1.1 [pid: 7|app: 0|req: 422/845] 10.0.0.224 () {32 vars in 816 bytes} [Tue Jul 21 07:56:02 2026] GET /resource_providers/218b1a5f-5cb8-4481-8fab-4bc7f64a49d1/aggregates => generated 235 bytes in 20 msecs (HTTP/1.1 404) 5 headers in 202 bytes (1 switches on core 0)
2026-07-21 07:56:02.139 8 INFO placement.requestlog [None req-f2d41e9a-ea87-4d93-b595-864c21877644 b597e9c9bf8c40e0bd2fdbdb86348516 2f822f62502a4310a529bfcc4e508a04 - - 2e8afbdf9df9464c8d4156df07d3903b 2e8afbdf9df9464c8d4156df07d3903b] 10.0.0.224 "DELETE /resource_providers/218b1a5f-5cb8-4481-8fab-4bc7f64a49d1" status: 404 len: 246 microversion: 1.1 [pid: 8|app: 0|req: 424/846] 10.0.0.224 () {34 vars in 816 bytes} [Tue Jul 21 07:56:02 2026] DELETE /resource_providers/218b1a5f-5cb8-4481-8fab-4bc7f64a49d1 => generated 246 bytes in 14 msecs (HTTP/1.1 404) 6 headers in 231 bytes (1 switches on core 0)
2026-07-21 07:56:02.146 7 INFO placement.requestlog [None req-42d28cb1-c698-4124-b2bc-b124d438a5fa b597e9c9bf8c40e0bd2fdbdb86348516 2f822f62502a4310a529bfcc4e508a04 - - 2e8afbdf9df9464c8d4156df07d3903b 2e8afbdf9df9464c8d4156df07d3903b] 10.0.0.224 "DELETE /resource_providers/218b1a5f-5cb8-4481-8fab-4bc7f64a49d1" status: 404 len: 246 microversion: 1.1 [pid: 7|app: 0|req: 423/847] 10.0.0.224 () {34 vars in 816 bytes} [Tue Jul 21 07:56:02 2026] DELETE /resource_providers/218b1a5f-5cb8-4481-8fab-4bc7f64a49d1 => generated 246 bytes in 12 msecs (HTTP/1.1 404) 6 headers in 231 bytes (1 switches on core 0)
2026-07-21 07:56:04.174 8 INFO placement.requestlog [None req-deecdee9-ed35-47bc-b36b-ce08be54169c b597e9c9bf8c40e0bd2fdbdb86348516 2f822f62502a4310a529bfcc4e508a04 - - 2e8afbdf9df9464c8d4156df07d3903b 2e8afbdf9df9464c8d4156df07d3903b] 10.0.0.224 "GET /resource_providers/e44b60a6-9be1-4a41-a29d-303589711e61/aggregates" status: 404 len: 235 microversion: 1.1 [pid: 8|app: 0|req: 425/848] 10.0.0.224 () {32 vars in 816 bytes} [Tue Jul 21 07:56:04 2026] GET /resource_providers/e44b60a6-9be1-4a41-a29d-303589711e61/aggregates => generated 235 bytes in 10 msecs (HTTP/1.1 404) 5 headers in 202 bytes (1 switches on core 0)
2026-07-21 07:56:04.185 7 INFO placement.requestlog [None req-fe6949a7-9ba8-4259-985f-775e523b3ec5 b597e9c9bf8c40e0bd2fdbdb86348516 2f822f62502a4310a529bfcc4e508a04 - - 2e8afbdf9df9464c8d4156df07d3903b 2e8afbdf9df9464c8d4156df07d3903b] 10.0.0.224 "GET /resource_providers/e44b60a6-9be1-4a41-a29d-303589711e61/aggregates" status: 404 len: 235 microversion: 1.1 [pid: 7|app: 0|req: 424/849] 10.0.0.224 () {32 vars in 816 bytes} [Tue Jul 21 07:56:04 2026] GET /resource_providers/e44b60a6-9be1-4a41-a29d-303589711e61/aggregates => generated 235 bytes in 27 msecs (HTTP/1.1 404) 5 headers in 202 bytes (1 switches on core 0)
2026-07-21 07:56:04.198 8 INFO placement.requestlog [None req-3664a63f-fb4d-4a5a-ae0d-42c9374690fe b597e9c9bf8c40e0bd2fdbdb86348516 2f822f62502a4310a529bfcc4e508a04 - - 2e8afbdf9df9464c8d4156df07d3903b 2e8afbdf9df9464c8d4156df07d3903b] 10.0.0.224 "DELETE /resource_providers/e44b60a6-9be1-4a41-a29d-303589711e61" status: 404 len: 246 microversion: 1.1 [pid: 8|app: 0|req: 426/850] 10.0.0.224 () {34 vars in 816 bytes} [Tue Jul 21 07:56:04 2026] DELETE /resource_providers/e44b60a6-9be1-4a41-a29d-303589711e61 => generated 246 bytes in 14 msecs (HTTP/1.1 404) 6 headers in 231 bytes (1 switches on core 0)
2026-07-21 07:56:04.214 7 INFO placement.requestlog [None req-9726c713-2388-42ed-8ce5-b1922c6f6fe0 b597e9c9bf8c40e0bd2fdbdb86348516 2f822f62502a4310a529bfcc4e508a04 - - 2e8afbdf9df9464c8d4156df07d3903b 2e8afbdf9df9464c8d4156df07d3903b] 10.0.0.224 "DELETE /resource_providers/e44b60a6-9be1-4a41-a29d-303589711e61" status: 404 len: 246 microversion: 1.1 [pid: 7|app: 0|req: 425/851] 10.0.0.224 () {34 vars in 816 bytes} [Tue Jul 21 07:56:04 2026] DELETE /resource_providers/e44b60a6-9be1-4a41-a29d-303589711e61 => generated 246 bytes in 12 msecs (HTTP/1.1 404) 6 headers in 231 bytes (1 switches on core 0)
2026-07-21 07:56:06.405 8 INFO placement.requestlog [None req-35b60c1c-f0c6-4efe-aacf-cbe1066d0c74 b597e9c9bf8c40e0bd2fdbdb86348516 2f822f62502a4310a529bfcc4e508a04 - - 2e8afbdf9df9464c8d4156df07d3903b 2e8afbdf9df9464c8d4156df07d3903b] 10.0.0.224 "GET /resource_providers/3c2341a1-c71b-4e11-97b2-5e66a8a58c61/aggregates" status: 404 len: 235 microversion: 1.1 [pid: 8|app: 0|req: 427/852] 10.0.0.224 () {32 vars in 816 bytes} [Tue Jul 21 07:56:06 2026] GET /resource_providers/3c2341a1-c71b-4e11-97b2-5e66a8a58c61/aggregates => generated 235 bytes in 13 msecs (HTTP/1.1 404) 5 headers in 202 bytes (1 switches on core 0)
2026-07-21 07:56:06.414 7 INFO placement.requestlog [None req-cf115f5e-47b8-44c4-9e66-6f01461a8be5 b597e9c9bf8c40e0bd2fdbdb86348516 2f822f62502a4310a529bfcc4e508a04 - - 2e8afbdf9df9464c8d4156df07d3903b 2e8afbdf9df9464c8d4156df07d3903b] 10.0.0.224 "GET /resource_providers/3c2341a1-c71b-4e11-97b2-5e66a8a58c61/aggregates" status: 404 len: 235 microversion: 1.1 [pid: 7|app: 0|req: 426/853] 10.0.0.224 () {32 vars in 816 bytes} [Tue Jul 21 07:56:06 2026] GET /resource_providers/3c2341a1-c71b-4e11-97b2-5e66a8a58c61/aggregates => generated 235 bytes in 18 msecs (HTTP/1.1 404) 5 headers in 202 bytes (1 switches on core 0)
2026-07-21 07:56:06.442 7 INFO placement.requestlog [None req-fc733b7f-d4db-4ddb-ba7e-285c0b673f25 b597e9c9bf8c40e0bd2fdbdb86348516 2f822f62502a4310a529bfcc4e508a04 - - 2e8afbdf9df9464c8d4156df07d3903b 2e8afbdf9df9464c8d4156df07d3903b] 10.0.0.224 "DELETE /resource_providers/3c2341a1-c71b-4e11-97b2-5e66a8a58c61" status: 404 len: 246 microversion: 1.1 [pid: 7|app: 0|req: 427/854] 10.0.0.224 () {34 vars in 816 bytes} [Tue Jul 21 07:56:06 2026] DELETE /resource_providers/3c2341a1-c71b-4e11-97b2-5e66a8a58c61 => generated 246 bytes in 14 msecs (HTTP/1.1 404) 6 headers in 231 bytes (1 switches on core 0)
2026-07-21 07:56:06.438 8 INFO placement.requestlog [None req-68803d68-c188-4833-8fdf-46671684f9a9 b597e9c9bf8c40e0bd2fdbdb86348516 2f822f62502a4310a529bfcc4e508a04 - - 2e8afbdf9df9464c8d4156df07d3903b 2e8afbdf9df9464c8d4156df07d3903b] 10.0.0.224 "DELETE /resource_providers/3c2341a1-c71b-4e11-97b2-5e66a8a58c61" status: 404 len: 246 microversion: 1.1 [pid: 8|app: 0|req: 428/855] 10.0.0.224 () {34 vars in 816 bytes} [Tue Jul 21 07:56:06 2026] DELETE /resource_providers/3c2341a1-c71b-4e11-97b2-5e66a8a58c61 => generated 246 bytes in 25 msecs (HTTP/1.1 404) 6 headers in 231 bytes (1 switches on core 0)
2026-07-21 07:56:07.070 7 INFO placement.requestlog [None req-2942b5e9-647e-4dd1-9d88-f434a13d53c0 - - - - - -] 10.0.0.172 "GET /" status: 200 len: 136 microversion: 1.0
2026-07-21 07:56:07.070 8 INFO placement.requestlog [None req-c5452aa4-ed23-4831-8e9c-5b72b21b478e - - - - - -] 10.0.0.172 "GET /" status: 200 len: 136 microversion: 1.0
2026-07-21 07:56:07.156 8 INFO placement.requestlog [None req-33a68b62-2b6f-488a-9481-e3f3e31a0d3a b597e9c9bf8c40e0bd2fdbdb86348516 2f822f62502a4310a529bfcc4e508a04 - - 2e8afbdf9df9464c8d4156df07d3903b 2e8afbdf9df9464c8d4156df07d3903b] 10.0.0.224 "GET /resource_providers/a01f96eb-33bc-4500-a00c-938041b49022/aggregates" status: 404 len: 235 microversion: 1.1 [pid: 8|app: 0|req: 430/858] 10.0.0.224 () {32 vars in 816 bytes} [Tue Jul 21 07:56:07 2026] GET /resource_providers/a01f96eb-33bc-4500-a00c-938041b49022/aggregates => generated 235 bytes in 18 msecs (HTTP/1.1 404) 5 headers in 202 bytes (1 switches on core 0)
2026-07-21 07:56:07.159 7 INFO placement.requestlog [None req-ab218ca1-2b54-4b4c-b78d-256b4fcdae3e b597e9c9bf8c40e0bd2fdbdb86348516 2f822f62502a4310a529bfcc4e508a04 - - 2e8afbdf9df9464c8d4156df07d3903b 2e8afbdf9df9464c8d4156df07d3903b] 10.0.0.224 "GET /resource_providers/a01f96eb-33bc-4500-a00c-938041b49022/aggregates" status: 404 len: 235 microversion: 1.1 [pid: 7|app: 0|req: 429/859] 10.0.0.224 () {32 vars in 816 bytes} [Tue Jul 21 07:56:07 2026] GET /resource_providers/a01f96eb-33bc-4500-a00c-938041b49022/aggregates => generated 235 bytes in 21 msecs (HTTP/1.1 404) 5 headers in 202 bytes (1 switches on core 0)
2026-07-21 07:56:07.192 8 INFO placement.requestlog [None req-14477485-d8f1-4e74-a2c2-81305243d0fd b597e9c9bf8c40e0bd2fdbdb86348516 2f822f62502a4310a529bfcc4e508a04 - - 2e8afbdf9df9464c8d4156df07d3903b 2e8afbdf9df9464c8d4156df07d3903b] 10.0.0.224 "DELETE /resource_providers/a01f96eb-33bc-4500-a00c-938041b49022" status: 404 len: 246 microversion: 1.1 [pid: 8|app: 0|req: 431/860] 10.0.0.224 () {34 vars in 816 bytes} [Tue Jul 21 07:56:07 2026] DELETE /resource_providers/a01f96eb-33bc-4500-a00c-938041b49022 => generated 246 bytes in 20 msecs (HTTP/1.1 404) 6 headers in 231 bytes (1 switches on core 0)
2026-07-21 07:56:07.198 7 INFO placement.requestlog [None req-db36a041-cc9e-41e2-962c-f9aab855a84e b597e9c9bf8c40e0bd2fdbdb86348516 2f822f62502a4310a529bfcc4e508a04 - - 2e8afbdf9df9464c8d4156df07d3903b 2e8afbdf9df9464c8d4156df07d3903b] 10.0.0.224 "DELETE /resource_providers/a01f96eb-33bc-4500-a00c-938041b49022" status: 404 len: 246 microversion: 1.1 [pid: 7|app: 0|req: 430/861] 10.0.0.224 () {34 vars in 816 bytes} [Tue Jul 21 07:56:07 2026] DELETE /resource_providers/a01f96eb-33bc-4500-a00c-938041b49022 => generated 246 bytes in 22 msecs (HTTP/1.1 404) 6 headers in 231 bytes (1 switches on core 0)
2026-07-21 07:56:07.345 8 INFO placement.requestlog [req-b3495e48-1e8b-4a2d-99bf-cab69b0e1f0d req-5a19130d-ea71-4136-aeae-4da9f14cd86a fefec6c7834c4af4a82ca6bdf3018523 2f822f62502a4310a529bfcc4e508a04 - - 2e8afbdf9df9464c8d4156df07d3903b 2e8afbdf9df9464c8d4156df07d3903b] 10.0.0.61 "GET /allocation_candidates?limit=1000&resources=DISK_GB%3A1%2CMEMORY_MB%3A512%2CVCPU%3A1&root_required=%21COMPUTE_STATUS_DISABLED" status: 200 len: 2781 microversion: 1.36 [pid: 8|app: 0|req: 432/862] 10.0.0.61 () {34 vars in 1011 bytes} [Tue Jul 21 07:56:07 2026] GET /allocation_candidates?limit=1000&resources=DISK_GB%3A1%2CMEMORY_MB%3A512%2CVCPU%3A1&root_required=%21COMPUTE_STATUS_DISABLED => generated 2781 bytes in 70 msecs (HTTP/1.1 200) 8 headers in 297 bytes (1 switches on core 0)
2026-07-21 07:56:07.404 7 INFO placement.requestlog [req-b3495e48-1e8b-4a2d-99bf-cab69b0e1f0d req-303f8b06-c5ed-461a-a77e-88f4549668ba fefec6c7834c4af4a82ca6bdf3018523 2f822f62502a4310a529bfcc4e508a04 - - 2e8afbdf9df9464c8d4156df07d3903b 2e8afbdf9df9464c8d4156df07d3903b] 10.0.0.61 "GET /allocations/4c81e052-95ad-46b2-b3fd-c7484498985b" status: 200 len: 19 microversion: 1.28 [pid: 7|app: 0|req: 431/863] 10.0.0.61 () {34 vars in 860 bytes} [Tue Jul 21 07:56:07 2026] GET /allocations/4c81e052-95ad-46b2-b3fd-c7484498985b => generated 19 bytes in 15 msecs (HTTP/1.1 200) 8 headers in 295 bytes (1 switches on core 0)
2026-07-21 07:56:07.492 8 INFO placement.requestlog [req-b3495e48-1e8b-4a2d-99bf-cab69b0e1f0d req-2209bcac-57ea-4182-bd09-6c4ac0c3d600 fefec6c7834c4af4a82ca6bdf3018523 2f822f62502a4310a529bfcc4e508a04 - - 2e8afbdf9df9464c8d4156df07d3903b 2e8afbdf9df9464c8d4156df07d3903b] 10.0.0.61 "PUT /allocations/4c81e052-95ad-46b2-b3fd-c7484498985b" status: 204 len: 0 microversion: 1.36 [pid: 8|app: 0|req: 433/864] 10.0.0.61 () {38 vars in 913 bytes} [Tue Jul 21 07:56:07 2026] PUT /allocations/4c81e052-95ad-46b2-b3fd-c7484498985b => generated 0 bytes in 80 msecs (HTTP/1.1 204) 5 headers in 199 bytes (1 switches on core 0)
2026-07-21 07:56:08.466 7 INFO placement.requestlog [None req-1232aa13-f19e-488b-84dc-78a50063b4f9 b597e9c9bf8c40e0bd2fdbdb86348516 2f822f62502a4310a529bfcc4e508a04 - - 2e8afbdf9df9464c8d4156df07d3903b 2e8afbdf9df9464c8d4156df07d3903b] 10.0.0.224 "GET /resource_providers/79f9557c-9956-4202-ad7e-3f6cb4b13b6f/aggregates" status: 404 len: 235 microversion: 1.1 [pid: 7|app: 0|req: 432/865] 10.0.0.224 () {32 vars in 816 bytes} [Tue Jul 21 07:56:08 2026] GET /resource_providers/79f9557c-9956-4202-ad7e-3f6cb4b13b6f/aggregates => generated 235 bytes in 10 msecs (HTTP/1.1 404) 5 headers in 202 bytes (1 switches on core 0)
2026-07-21 07:56:08.478 8 INFO placement.requestlog [None req-7d9f5b4d-9f63-4f42-853d-56fa3c15b537 b597e9c9bf8c40e0bd2fdbdb86348516 2f822f62502a4310a529bfcc4e508a04 - - 2e8afbdf9df9464c8d4156df07d3903b 2e8afbdf9df9464c8d4156df07d3903b] 10.0.0.224 "GET /resource_providers/79f9557c-9956-4202-ad7e-3f6cb4b13b6f/aggregates" status: 404 len: 235 microversion: 1.1 [pid: 8|app: 0|req: 434/866] 10.0.0.224 () {32 vars in 816 bytes} [Tue Jul 21 07:56:08 2026] GET /resource_providers/79f9557c-9956-4202-ad7e-3f6cb4b13b6f/aggregates => generated 235 bytes in 16 msecs (HTTP/1.1 404) 5 headers in 202 bytes (1 switches on core 0)
2026-07-21 07:56:08.480 7 INFO placement.requestlog [None req-3c6bf950-34d1-4e77-9d1f-b625a9189549 b597e9c9bf8c40e0bd2fdbdb86348516 2f822f62502a4310a529bfcc4e508a04 - - 2e8afbdf9df9464c8d4156df07d3903b 2e8afbdf9df9464c8d4156df07d3903b] 10.0.0.224 "DELETE /resource_providers/79f9557c-9956-4202-ad7e-3f6cb4b13b6f" status: 404 len: 246 microversion: 1.1 [pid: 7|app: 0|req: 433/867] 10.0.0.224 () {34 vars in 816 bytes} [Tue Jul 21 07:56:08 2026] DELETE /resource_providers/79f9557c-9956-4202-ad7e-3f6cb4b13b6f => generated 246 bytes in 5 msecs (HTTP/1.1 404) 6 headers in 231 bytes (1 switches on core 0)
2026-07-21 07:56:08.498 7 INFO placement.requestlog [None req-1fbccabe-d245-42e5-b99e-aa8d4e4c172a b597e9c9bf8c40e0bd2fdbdb86348516 2f822f62502a4310a529bfcc4e508a04 - - 2e8afbdf9df9464c8d4156df07d3903b 2e8afbdf9df9464c8d4156df07d3903b] 10.0.0.224 "GET /resource_providers/b2d26649-1f2a-407e-808b-838015e679e0/aggregates" status: 404 len: 235 microversion: 1.1 [pid: 7|app: 0|req: 434/868] 10.0.0.224 () {32 vars in 816 bytes} [Tue Jul 21 07:56:08 2026] GET /resource_providers/b2d26649-1f2a-407e-808b-838015e679e0/aggregates => generated 235 bytes in 7 msecs (HTTP/1.1 404) 5 headers in 202 bytes (1 switches on core 0)
2026-07-21 07:56:08.504 8 INFO placement.requestlog [None req-7011a636-2921-4741-bbbd-79429ab4e252 b597e9c9bf8c40e0bd2fdbdb86348516 2f822f62502a4310a529bfcc4e508a04 - - 2e8afbdf9df9464c8d4156df07d3903b 2e8afbdf9df9464c8d4156df07d3903b] 10.0.0.224 "DELETE /resource_providers/79f9557c-9956-4202-ad7e-3f6cb4b13b6f" status: 404 len: 246 microversion: 1.1 [pid: 8|app: 0|req: 435/869] 10.0.0.224 () {34 vars in 816 bytes} [Tue Jul 21 07:56:08 2026] DELETE /resource_providers/79f9557c-9956-4202-ad7e-3f6cb4b13b6f => generated 246 bytes in 13 msecs (HTTP/1.1 404) 6 headers in 231 bytes (1 switches on core 0)
2026-07-21 07:56:08.509 7 INFO placement.requestlog [None req-c87c6407-914f-4908-979a-1e73d9233d42 b597e9c9bf8c40e0bd2fdbdb86348516 2f822f62502a4310a529bfcc4e508a04 - - 2e8afbdf9df9464c8d4156df07d3903b 2e8afbdf9df9464c8d4156df07d3903b] 10.0.0.224 "DELETE /resource_providers/b2d26649-1f2a-407e-808b-838015e679e0" status: 404 len: 246 microversion: 1.1 [pid: 7|app: 0|req: 435/870] 10.0.0.224 () {34 vars in 816 bytes} [Tue Jul 21 07:56:08 2026] DELETE /resource_providers/b2d26649-1f2a-407e-808b-838015e679e0 => generated 246 bytes in 5 msecs (HTTP/1.1 404) 6 headers in 231 bytes (1 switches on core 0)
2026-07-21 07:56:08.527 8 INFO placement.requestlog [None req-2f709779-b63f-4a6d-a8d2-5ea081ec1d89 b597e9c9bf8c40e0bd2fdbdb86348516 2f822f62502a4310a529bfcc4e508a04 - - 2e8afbdf9df9464c8d4156df07d3903b 2e8afbdf9df9464c8d4156df07d3903b] 10.0.0.224 "GET /resource_providers/b2d26649-1f2a-407e-808b-838015e679e0/aggregates" status: 404 len: 235 microversion: 1.1 [pid: 8|app: 0|req: 436/871] 10.0.0.224 () {32 vars in 816 bytes} [Tue Jul 21 07:56:08 2026] GET /resource_providers/b2d26649-1f2a-407e-808b-838015e679e0/aggregates => generated 235 bytes in 11 msecs (HTTP/1.1 404) 5 headers in 202 bytes (1 switches on core 0)
2026-07-21 07:56:08.554 7 INFO placement.requestlog [None req-c7064fa5-a113-424b-ad17-4c42c4b46933 b597e9c9bf8c40e0bd2fdbdb86348516 2f822f62502a4310a529bfcc4e508a04 - - 2e8afbdf9df9464c8d4156df07d3903b 2e8afbdf9df9464c8d4156df07d3903b] 10.0.0.224 "DELETE /resource_providers/b2d26649-1f2a-407e-808b-838015e679e0" status: 404 len: 246 microversion: 1.1 [pid: 7|app: 0|req: 436/872] 10.0.0.224 () {34 vars in 816 bytes} [Tue Jul 21 07:56:08 2026] DELETE /resource_providers/b2d26649-1f2a-407e-808b-838015e679e0 => generated 246 bytes in 18 msecs (HTTP/1.1 404) 6 headers in 231 bytes (1 switches on core 0)
2026-07-21 07:56:09.033 8 INFO placement.requestlog [req-b3495e48-1e8b-4a2d-99bf-cab69b0e1f0d req-82294516-23b2-439e-87e5-4a07b7c6c7a8 fefec6c7834c4af4a82ca6bdf3018523 2f822f62502a4310a529bfcc4e508a04 - - 2e8afbdf9df9464c8d4156df07d3903b 2e8afbdf9df9464c8d4156df07d3903b] 199.204.45.38 "GET /allocations/4c81e052-95ad-46b2-b3fd-c7484498985b" status: 200 len: 257 microversion: 1.28 [pid: 8|app: 0|req: 437/873] 199.204.45.38 () {34 vars in 862 bytes} [Tue Jul 21 07:56:08 2026] GET /allocations/4c81e052-95ad-46b2-b3fd-c7484498985b => generated 257 bytes in 44 msecs (HTTP/1.1 200) 8 headers in 296 bytes (1 switches on core 0)
2026-07-21 07:56:09.212 7 INFO placement.requestlog [None req-2c0e29e0-c696-4f0b-b85d-fcf4d65e9bc8 b597e9c9bf8c40e0bd2fdbdb86348516 2f822f62502a4310a529bfcc4e508a04 - - 2e8afbdf9df9464c8d4156df07d3903b 2e8afbdf9df9464c8d4156df07d3903b] 10.0.0.224 "GET /resource_providers/831498b1-ff18-4e85-a49a-e49d81af4b05/aggregates" status: 404 len: 235 microversion: 1.1 [pid: 7|app: 0|req: 437/874] 10.0.0.224 () {32 vars in 816 bytes} [Tue Jul 21 07:56:09 2026] GET /resource_providers/831498b1-ff18-4e85-a49a-e49d81af4b05/aggregates => generated 235 bytes in 11 msecs (HTTP/1.1 404) 5 headers in 202 bytes (1 switches on core 0)
2026-07-21 07:56:09.235 8 INFO placement.requestlog [None req-142f7fa0-83a0-44ed-8b4d-3c2176f196d3 b597e9c9bf8c40e0bd2fdbdb86348516 2f822f62502a4310a529bfcc4e508a04 - - 2e8afbdf9df9464c8d4156df07d3903b 2e8afbdf9df9464c8d4156df07d3903b] 10.0.0.224 "GET /resource_providers/831498b1-ff18-4e85-a49a-e49d81af4b05/aggregates" status: 404 len: 235 microversion: 1.1 [pid: 8|app: 0|req: 438/875] 10.0.0.224 () {32 vars in 816 bytes} [Tue Jul 21 07:56:09 2026] GET /resource_providers/831498b1-ff18-4e85-a49a-e49d81af4b05/aggregates => generated 235 bytes in 15 msecs (HTTP/1.1 404) 5 headers in 202 bytes (1 switches on core 0)
2026-07-21 07:56:09.238 7 INFO placement.requestlog [None req-852bac1c-9b4b-4322-b559-55c6fc29477b b597e9c9bf8c40e0bd2fdbdb86348516 2f822f62502a4310a529bfcc4e508a04 - - 2e8afbdf9df9464c8d4156df07d3903b 2e8afbdf9df9464c8d4156df07d3903b] 10.0.0.224 "DELETE /resource_providers/831498b1-ff18-4e85-a49a-e49d81af4b05" status: 404 len: 246 microversion: 1.1 [pid: 7|app: 0|req: 438/876] 10.0.0.224 () {34 vars in 816 bytes} [Tue Jul 21 07:56:09 2026] DELETE /resource_providers/831498b1-ff18-4e85-a49a-e49d81af4b05 => generated 246 bytes in 17 msecs (HTTP/1.1 404) 6 headers in 231 bytes (1 switches on core 0)
2026-07-21 07:56:09.266 8 INFO placement.requestlog [None req-d1afcf5b-b444-4a9b-9dac-8c67a84281bd b597e9c9bf8c40e0bd2fdbdb86348516 2f822f62502a4310a529bfcc4e508a04 - - 2e8afbdf9df9464c8d4156df07d3903b 2e8afbdf9df9464c8d4156df07d3903b] 10.0.0.224 "DELETE /resource_providers/831498b1-ff18-4e85-a49a-e49d81af4b05" status: 404 len: 246 microversion: 1.1 [pid: 8|app: 0|req: 439/877] 10.0.0.224 () {34 vars in 816 bytes} [Tue Jul 21 07:56:09 2026] DELETE /resource_providers/831498b1-ff18-4e85-a49a-e49d81af4b05 => generated 246 bytes in 18 msecs (HTTP/1.1 404) 6 headers in 231 bytes (1 switches on core 0)
2026-07-21 07:56:09.270 7 INFO placement.requestlog [None req-37a052ec-3681-4701-9535-a536798bc473 b597e9c9bf8c40e0bd2fdbdb86348516 2f822f62502a4310a529bfcc4e508a04 - - 2e8afbdf9df9464c8d4156df07d3903b 2e8afbdf9df9464c8d4156df07d3903b] 10.0.0.224 "GET /resource_providers/e9b25296-0056-485f-8751-c34effd61692/aggregates" status: 404 len: 235 microversion: 1.1 [pid: 7|app: 0|req: 439/878] 10.0.0.224 () {32 vars in 816 bytes} [Tue Jul 21 07:56:09 2026] GET /resource_providers/e9b25296-0056-485f-8751-c34effd61692/aggregates => generated 235 bytes in 13 msecs (HTTP/1.1 404) 5 headers in 202 bytes (1 switches on core 0)
2026-07-21 07:56:09.291 7 INFO placement.requestlog [None req-ba6c58bf-e12d-4a27-bd3a-a45bd64be8cf b597e9c9bf8c40e0bd2fdbdb86348516 2f822f62502a4310a529bfcc4e508a04 - - 2e8afbdf9df9464c8d4156df07d3903b 2e8afbdf9df9464c8d4156df07d3903b] 10.0.0.224 "DELETE /resource_providers/e9b25296-0056-485f-8751-c34effd61692" status: 404 len: 246 microversion: 1.1 [pid: 7|app: 0|req: 440/879] 10.0.0.224 () {34 vars in 816 bytes} [Tue Jul 21 07:56:09 2026] DELETE /resource_providers/e9b25296-0056-485f-8751-c34effd61692 => generated 246 bytes in 10 msecs (HTTP/1.1 404) 6 headers in 231 bytes (1 switches on core 0)
2026-07-21 07:56:09.296 8 INFO placement.requestlog [None req-fe3aac56-4c01-4702-9db3-c905c505bb0c b597e9c9bf8c40e0bd2fdbdb86348516 2f822f62502a4310a529bfcc4e508a04 - - 2e8afbdf9df9464c8d4156df07d3903b 2e8afbdf9df9464c8d4156df07d3903b] 10.0.0.224 "GET /resource_providers/e9b25296-0056-485f-8751-c34effd61692/aggregates" status: 404 len: 235 microversion: 1.1 [pid: 8|app: 0|req: 440/880] 10.0.0.224 () {32 vars in 816 bytes} [Tue Jul 21 07:56:09 2026] GET /resource_providers/e9b25296-0056-485f-8751-c34effd61692/aggregates => generated 235 bytes in 18 msecs (HTTP/1.1 404) 5 headers in 202 bytes (1 switches on core 0)
2026-07-21 07:56:09.319 7 INFO placement.requestlog [None req-35fdaee1-50c3-4b23-9443-176aab45a172 b597e9c9bf8c40e0bd2fdbdb86348516 2f822f62502a4310a529bfcc4e508a04 - - 2e8afbdf9df9464c8d4156df07d3903b 2e8afbdf9df9464c8d4156df07d3903b] 10.0.0.224 "DELETE /resource_providers/e9b25296-0056-485f-8751-c34effd61692" status: 404 len: 246 microversion: 1.1 [pid: 7|app: 0|req: 441/881] 10.0.0.224 () {34 vars in 816 bytes} [Tue Jul 21 07:56:09 2026] DELETE /resource_providers/e9b25296-0056-485f-8751-c34effd61692 => generated 246 bytes in 13 msecs (HTTP/1.1 404) 6 headers in 231 bytes (1 switches on core 0)
2026-07-21 07:56:10.085 8 INFO placement.requestlog [req-b3495e48-1e8b-4a2d-99bf-cab69b0e1f0d req-d24da901-c2bd-4865-9bef-bef4caf11545 fefec6c7834c4af4a82ca6bdf3018523 2f822f62502a4310a529bfcc4e508a04 - - 2e8afbdf9df9464c8d4156df07d3903b 2e8afbdf9df9464c8d4156df07d3903b] 199.204.45.38 "GET /resource_providers/009c3c3d-2b1c-4af9-bf6e-d42fcc41cc22/allocations" status: 200 len: 152 microversion: 1.0 [pid: 8|app: 0|req: 441/882] 199.204.45.38 () {32 vars in 856 bytes} [Tue Jul 21 07:56:10 2026] GET /resource_providers/009c3c3d-2b1c-4af9-bf6e-d42fcc41cc22/allocations => generated 152 bytes in 27 msecs (HTTP/1.1 200) 6 headers in 224 bytes (1 switches on core 0)
