2026-07-21 22:05:41.935 7 INFO placement.requestlog [req-c2317a0a-acf0-44bb-8b84-0fa1da3b2182 req-2a28000b-ff94-40e1-8d4c-93691149c63f e312d62cd9ed4f66a9db38d7a2c04cd6 a2a1e0c2788048ff8492de98ea2929da - - 98c96a7a0f3343c0a18ad4bd9845e374 98c96a7a0f3343c0a18ad4bd9845e374] 199.204.45.72 "GET /resource_providers/05830bbd-12f0-4e80-91a6-256934d6614b/aggregates" status: 200 len: 53 microversion: 1.19 [pid: 7|app: 0|req: 291/583] 199.204.45.72 () {34 vars in 898 bytes} [Tue Jul 21 22:05:41 2026] GET /resource_providers/05830bbd-12f0-4e80-91a6-256934d6614b/aggregates => generated 53 bytes in 14 msecs (HTTP/1.1 200) 8 headers in 295 bytes (1 switches on core 0)
2026-07-21 22:05:41.968 8 INFO placement.requestlog [req-c2317a0a-acf0-44bb-8b84-0fa1da3b2182 req-740ea640-e78b-4072-9547-4a0077108a9d e312d62cd9ed4f66a9db38d7a2c04cd6 a2a1e0c2788048ff8492de98ea2929da - - 98c96a7a0f3343c0a18ad4bd9845e374 98c96a7a0f3343c0a18ad4bd9845e374] 199.204.45.72 "GET /resource_providers/05830bbd-12f0-4e80-91a6-256934d6614b/traits" status: 200 len: 1682 microversion: 1.6 [pid: 8|app: 0|req: 293/584] 199.204.45.72 () {34 vars in 889 bytes} [Tue Jul 21 22:05:41 2026] GET /resource_providers/05830bbd-12f0-4e80-91a6-256934d6614b/traits => generated 1682 bytes in 24 msecs (HTTP/1.1 200) 6 headers in 225 bytes (1 switches on core 0)
2026-07-21 22:05:41.991 7 INFO placement.requestlog [req-c2317a0a-acf0-44bb-8b84-0fa1da3b2182 req-53956fd1-f8bc-468f-8a11-01a35f7fa8c5 e312d62cd9ed4f66a9db38d7a2c04cd6 a2a1e0c2788048ff8492de98ea2929da - - 98c96a7a0f3343c0a18ad4bd9845e374 98c96a7a0f3343c0a18ad4bd9845e374] 199.204.45.72 "GET /resource_providers/05830bbd-12f0-4e80-91a6-256934d6614b/allocations" status: 200 len: 54 microversion: 1.0 [pid: 7|app: 0|req: 292/585] 199.204.45.72 () {32 vars in 856 bytes} [Tue Jul 21 22:05:41 2026] GET /resource_providers/05830bbd-12f0-4e80-91a6-256934d6614b/allocations => generated 54 bytes in 14 msecs (HTTP/1.1 200) 6 headers in 223 bytes (1 switches on core 0)
2026-07-21 22:05:51.669 8 INFO placement.requestlog [None req-dd2ee01f-898f-4248-9b10-6fee5100057f - - - - - -] 10.0.0.237 "GET /" status: 200 len: 136 microversion: 1.0
2026-07-21 22:05:51.671 7 INFO placement.requestlog [None req-a3306183-43aa-4535-a2cf-cf62eb50a59d - - - - - -] 10.0.0.237 "GET /" status: 200 len: 136 microversion: 1.0
2026-07-21 22:06:01.669 7 INFO placement.requestlog [None req-90421336-a41b-47c2-84e9-6e85a16a18bb - - - - - -] 10.0.0.237 "GET /" status: 200 len: 136 microversion: 1.0
2026-07-21 22:06:01.669 8 INFO placement.requestlog [None req-6246d80c-f724-46c4-a58b-7f8c780728c4 - - - - - -] 10.0.0.237 "GET /" status: 200 len: 136 microversion: 1.0
2026-07-21 22:06:11.669 8 INFO placement.requestlog [None req-e30cbaf5-0baa-40a5-976b-495cb56529c0 - - - - - -] 10.0.0.237 "GET /" status: 200 len: 136 microversion: 1.0
2026-07-21 22:06:11.669 7 INFO placement.requestlog [None req-271e8803-1912-440b-bf36-d24d05f91a9f - - - - - -] 10.0.0.237 "GET /" status: 200 len: 136 microversion: 1.0
2026-07-21 22:06:21.669 7 INFO placement.requestlog [None req-6b155842-3137-4973-a3fd-bf0f9761aa50 - - - - - -] 10.0.0.237 "GET /" status: 200 len: 136 microversion: 1.0
2026-07-21 22:06:21.669 8 INFO placement.requestlog [None req-b61912d7-97e0-41b6-8081-784037046224 - - - - - -] 10.0.0.237 "GET /" status: 200 len: 136 microversion: 1.0
2026-07-21 22:06:31.669 7 INFO placement.requestlog [None req-cb362761-c337-46e5-a39b-4f601406ff14 - - - - - -] 10.0.0.237 "GET /" status: 200 len: 136 microversion: 1.0
2026-07-21 22:06:31.670 8 INFO placement.requestlog [None req-3621c16e-1429-4859-af0a-29aacd125069 - - - - - -] 10.0.0.237 "GET /" status: 200 len: 136 microversion: 1.0
2026-07-21 22:06:41.669 7 INFO placement.requestlog [None req-dba3ef9c-45ca-458d-930c-caed6448a12a - - - - - -] 10.0.0.237 "GET /" status: 200 len: 136 microversion: 1.0
2026-07-21 22:06:41.669 8 INFO placement.requestlog [None req-eace9ce0-54f7-4c80-af77-244159796159 - - - - - -] 10.0.0.237 "GET /" status: 200 len: 136 microversion: 1.0
2026-07-21 22:06:41.880 7 INFO placement.requestlog [req-9236e941-458a-48af-a65c-131d5d008c9e req-6bb9ee2f-6ea1-415d-bfde-1e958d297921 e312d62cd9ed4f66a9db38d7a2c04cd6 a2a1e0c2788048ff8492de98ea2929da - - 98c96a7a0f3343c0a18ad4bd9845e374 98c96a7a0f3343c0a18ad4bd9845e374] 199.204.45.72 "GET /resource_providers/05830bbd-12f0-4e80-91a6-256934d6614b/allocations" status: 200 len: 54 microversion: 1.0 [pid: 7|app: 0|req: 299/598] 199.204.45.72 () {32 vars in 856 bytes} [Tue Jul 21 22:06:41 2026] GET /resource_providers/05830bbd-12f0-4e80-91a6-256934d6614b/allocations => generated 54 bytes in 31 msecs (HTTP/1.1 200) 6 headers in 223 bytes (1 switches on core 0)
2026-07-21 22:06:41.908 8 INFO placement.requestlog [req-9236e941-458a-48af-a65c-131d5d008c9e req-a6f05dac-c61d-499a-83ba-28e0b0885ad0 e312d62cd9ed4f66a9db38d7a2c04cd6 a2a1e0c2788048ff8492de98ea2929da - - 98c96a7a0f3343c0a18ad4bd9845e374 98c96a7a0f3343c0a18ad4bd9845e374] 199.204.45.72 "GET /resource_providers/05830bbd-12f0-4e80-91a6-256934d6614b/allocations" status: 200 len: 54 microversion: 1.0 [pid: 8|app: 0|req: 300/599] 199.204.45.72 () {32 vars in 856 bytes} [Tue Jul 21 22:06:41 2026] GET /resource_providers/05830bbd-12f0-4e80-91a6-256934d6614b/allocations => generated 54 bytes in 19 msecs (HTTP/1.1 200) 6 headers in 223 bytes (1 switches on core 0)
2026-07-21 22:06:51.670 7 INFO placement.requestlog [None req-df5ed6ed-32c2-46ec-9ef0-68118ab5f404 - - - - - -] 10.0.0.237 "GET /" status: 200 len: 136 microversion: 1.0
2026-07-21 22:06:51.670 8 INFO placement.requestlog [None req-4b2415bc-595f-4a76-aaff-502ec59602ed - - - - - -] 10.0.0.237 "GET /" status: 200 len: 136 microversion: 1.0
2026-07-21 22:07:01.669 7 INFO placement.requestlog [None req-e0dff96c-b1cb-4dd5-ba5b-1db5f27f09ca - - - - - -] 10.0.0.237 "GET /" status: 200 len: 136 microversion: 1.0
2026-07-21 22:07:01.670 8 INFO placement.requestlog [None req-da107721-346d-42d6-8c57-1cb912ff5f85 - - - - - -] 10.0.0.237 "GET /" status: 200 len: 136 microversion: 1.0
2026-07-21 22:07:11.669 7 INFO placement.requestlog [None req-d96ec0c1-a678-460d-8107-5d016c8b57a1 - - - - - -] 10.0.0.237 "GET /" status: 200 len: 136 microversion: 1.0
2026-07-21 22:07:11.670 8 INFO placement.requestlog [None req-ff667451-e969-43c0-a45e-5dc4fcb6be45 - - - - - -] 10.0.0.237 "GET /" status: 200 len: 136 microversion: 1.0
2026-07-21 22:07:21.671 7 INFO placement.requestlog [None req-598ff953-e1ad-4b88-b816-02dbf2ef6ace - - - - - -] 10.0.0.237 "GET /" status: 200 len: 136 microversion: 1.0
2026-07-21 22:07:21.671 8 INFO placement.requestlog [None req-75547416-1526-481f-b95f-7ea264911080 - - - - - -] 10.0.0.237 "GET /" status: 200 len: 136 microversion: 1.0
2026-07-21 22:07:31.669 7 INFO placement.requestlog [None req-aff9c70f-c26b-4b87-a89a-7defa783335b - - - - - -] 10.0.0.237 "GET /" status: 200 len: 136 microversion: 1.0
2026-07-21 22:07:31.669 8 INFO placement.requestlog [None req-16dffbba-ecca-4b15-885f-7866ffc1d019 - - - - - -] 10.0.0.237 "GET /" status: 200 len: 136 microversion: 1.0
2026-07-21 22:07:41.669 7 INFO placement.requestlog [None req-ba3d6bb4-b584-4b58-9aab-bdc96ee7dca2 - - - - - -] 10.0.0.237 "GET /" status: 200 len: 136 microversion: 1.0
2026-07-21 22:07:41.670 8 INFO placement.requestlog [None req-238b4711-b9d3-4035-a18b-bf17abf4126a - - - - - -] 10.0.0.237 "GET /" status: 200 len: 136 microversion: 1.0
2026-07-21 22:07:42.646 7 INFO placement.requestlog [req-af27d569-f2a8-4bc8-b6d7-70b71aae4e0d req-f36dfc18-b974-42bc-9789-98c1316e6128 e312d62cd9ed4f66a9db38d7a2c04cd6 a2a1e0c2788048ff8492de98ea2929da - - 98c96a7a0f3343c0a18ad4bd9845e374 98c96a7a0f3343c0a18ad4bd9845e374] 199.204.45.72 "GET /resource_providers/05830bbd-12f0-4e80-91a6-256934d6614b/allocations" status: 200 len: 54 microversion: 1.0 [pid: 7|app: 0|req: 306/612] 199.204.45.72 () {32 vars in 856 bytes} [Tue Jul 21 22:07:42 2026] GET /resource_providers/05830bbd-12f0-4e80-91a6-256934d6614b/allocations => generated 54 bytes in 23 msecs (HTTP/1.1 200) 6 headers in 223 bytes (1 switches on core 0)
2026-07-21 22:07:42.673 8 INFO placement.requestlog [req-af27d569-f2a8-4bc8-b6d7-70b71aae4e0d req-80a3d67b-1820-47f0-aa73-26b9aba12a00 e312d62cd9ed4f66a9db38d7a2c04cd6 a2a1e0c2788048ff8492de98ea2929da - - 98c96a7a0f3343c0a18ad4bd9845e374 98c96a7a0f3343c0a18ad4bd9845e374] 199.204.45.72 "GET /resource_providers/05830bbd-12f0-4e80-91a6-256934d6614b/allocations" status: 200 len: 54 microversion: 1.0 [pid: 8|app: 0|req: 307/613] 199.204.45.72 () {32 vars in 856 bytes} [Tue Jul 21 22:07:42 2026] GET /resource_providers/05830bbd-12f0-4e80-91a6-256934d6614b/allocations => generated 54 bytes in 19 msecs (HTTP/1.1 200) 6 headers in 223 bytes (1 switches on core 0)
2026-07-21 22:07:51.669 7 INFO placement.requestlog [None req-d8c7dc5b-d7a4-4490-afae-20edb011e2f8 - - - - - -] 10.0.0.237 "GET /" status: 200 len: 136 microversion: 1.0
2026-07-21 22:07:51.669 8 INFO placement.requestlog [None req-39e8ecf8-7e51-4bd1-8bed-f2a669f4f266 - - - - - -] 10.0.0.237 "GET /" status: 200 len: 136 microversion: 1.0
2026-07-21 22:08:01.669 8 INFO placement.requestlog [None req-eafd9ce5-47ad-4774-b586-8f5ade234078 - - - - - -] 10.0.0.237 "GET /" status: 200 len: 136 microversion: 1.0
2026-07-21 22:08:01.669 7 INFO placement.requestlog [None req-75839260-5b19-44b7-95ff-0153b413d2e1 - - - - - -] 10.0.0.237 "GET /" status: 200 len: 136 microversion: 1.0
2026-07-21 22:08:11.671 7 INFO placement.requestlog [None req-cb8619be-d423-4f78-9c69-cf80b641fa1e - - - - - -] 10.0.0.237 "GET /" status: 200 len: 136 microversion: 1.0
2026-07-21 22:08:11.672 8 INFO placement.requestlog [None req-dec0424e-0946-4992-b395-87c53540bfee - - - - - -] 10.0.0.237 "GET /" status: 200 len: 136 microversion: 1.0
2026-07-21 22:08:21.669 8 INFO placement.requestlog [None req-49050259-c40b-44ee-b8c8-0f109ca5a7ff - - - - - -] 10.0.0.237 "GET /" status: 200 len: 136 microversion: 1.0
2026-07-21 22:08:21.669 7 INFO placement.requestlog [None req-37630a97-bb7b-47c0-98c0-6e74f35eb663 - - - - - -] 10.0.0.237 "GET /" status: 200 len: 136 microversion: 1.0
2026-07-21 22:08:31.671 8 INFO placement.requestlog [None req-9440c3c9-d228-4686-a5d3-ff85743082c8 - - - - - -] 10.0.0.237 "GET /" status: 200 len: 136 microversion: 1.0
2026-07-21 22:08:31.670 7 INFO placement.requestlog [None req-9f13a2ad-2f86-45d2-94d8-aa5f95205edc - - - - - -] 10.0.0.237 "GET /" status: 200 len: 136 microversion: 1.0
2026-07-21 22:08:41.670 8 INFO placement.requestlog [None req-6c3a2bc4-ba23-466d-9df9-fb7853eefb3c - - - - - -] 10.0.0.237 "GET /" status: 200 len: 136 microversion: 1.0
2026-07-21 22:08:41.670 7 INFO placement.requestlog [None req-18bb1d6c-e403-45dc-a9b1-7d1b0ca8b807 - - - - - -] 10.0.0.237 "GET /" status: 200 len: 136 microversion: 1.0
2026-07-21 22:08:43.626 8 INFO placement.requestlog [req-72a7a9a0-e68f-406d-a534-7e8566383386 req-41e05251-19d2-48b5-a9c1-ddc432e1b86a e312d62cd9ed4f66a9db38d7a2c04cd6 a2a1e0c2788048ff8492de98ea2929da - - 98c96a7a0f3343c0a18ad4bd9845e374 98c96a7a0f3343c0a18ad4bd9845e374] 199.204.45.72 "GET /resource_providers/05830bbd-12f0-4e80-91a6-256934d6614b/allocations" status: 200 len: 54 microversion: 1.0 [pid: 8|app: 0|req: 314/626] 199.204.45.72 () {32 vars in 856 bytes} [Tue Jul 21 22:08:43 2026] GET /resource_providers/05830bbd-12f0-4e80-91a6-256934d6614b/allocations => generated 54 bytes in 20 msecs (HTTP/1.1 200) 6 headers in 223 bytes (1 switches on core 0)
2026-07-21 22:08:43.656 7 INFO placement.requestlog [req-72a7a9a0-e68f-406d-a534-7e8566383386 req-2922aae9-b466-4793-b07a-a941c85db190 e312d62cd9ed4f66a9db38d7a2c04cd6 a2a1e0c2788048ff8492de98ea2929da - - 98c96a7a0f3343c0a18ad4bd9845e374 98c96a7a0f3343c0a18ad4bd9845e374] 199.204.45.72 "GET /resource_providers/05830bbd-12f0-4e80-91a6-256934d6614b/allocations" status: 200 len: 54 microversion: 1.0 [pid: 7|app: 0|req: 313/627] 199.204.45.72 () {32 vars in 856 bytes} [Tue Jul 21 22:08:43 2026] GET /resource_providers/05830bbd-12f0-4e80-91a6-256934d6614b/allocations => generated 54 bytes in 20 msecs (HTTP/1.1 200) 6 headers in 223 bytes (1 switches on core 0)
2026-07-21 22:08:51.669 8 INFO placement.requestlog [None req-d8339ff4-f45e-462a-b44d-d989e0c3115b - - - - - -] 10.0.0.237 "GET /" status: 200 len: 136 microversion: 1.0
2026-07-21 22:08:51.669 7 INFO placement.requestlog [None req-7878a439-d146-4ae4-8f28-54dc09678577 - - - - - -] 10.0.0.237 "GET /" status: 200 len: 136 microversion: 1.0
2026-07-21 22:09:01.670 7 INFO placement.requestlog [None req-45bc1701-b6bf-4c84-90e9-433ccda4ec2f - - - - - -] 10.0.0.237 "GET /" status: 200 len: 136 microversion: 1.0
2026-07-21 22:09:01.670 8 INFO placement.requestlog [None req-05955de7-31a6-4cb9-8723-9c2351d0420f - - - - - -] 10.0.0.237 "GET /" status: 200 len: 136 microversion: 1.0
2026-07-21 22:09:11.669 8 INFO placement.requestlog [None req-9cfd9e51-b6d3-4f18-9596-58cecec275c9 - - - - - -] 10.0.0.237 "GET /" status: 200 len: 136 microversion: 1.0
2026-07-21 22:09:11.669 7 INFO placement.requestlog [None req-d2c14ca5-29d3-4f79-a0bb-da610f3b9ec4 - - - - - -] 10.0.0.237 "GET /" status: 200 len: 136 microversion: 1.0
2026-07-21 22:09:21.669 8 INFO placement.requestlog [None req-51f115cb-8695-4791-9143-f52bdd0fcd73 - - - - - -] 10.0.0.237 "GET /" status: 200 len: 136 microversion: 1.0
2026-07-21 22:09:21.669 7 INFO placement.requestlog [None req-6235de78-2954-4937-9d18-80fab927a48c - - - - - -] 10.0.0.237 "GET /" status: 200 len: 136 microversion: 1.0
2026-07-21 22:09:31.669 8 INFO placement.requestlog [None req-6cbd4f7b-ad45-46c6-a1f2-8f40ef414f49 - - - - - -] 10.0.0.237 "GET /" status: 200 len: 136 microversion: 1.0
2026-07-21 22:09:31.669 7 INFO placement.requestlog [None req-a16253dc-29fc-4097-8409-2b38cd2dfd3c - - - - - -] 10.0.0.237 "GET /" status: 200 len: 136 microversion: 1.0
2026-07-21 22:09:41.669 8 INFO placement.requestlog [None req-62b92024-79b0-45d8-9076-5bebc95f9634 - - - - - -] 10.0.0.237 "GET /" status: 200 len: 136 microversion: 1.0
2026-07-21 22:09:41.669 7 INFO placement.requestlog [None req-d9bca98a-1267-4063-8cdf-d374622ffc13 - - - - - -] 10.0.0.237 "GET /" status: 200 len: 136 microversion: 1.0
2026-07-21 22:09:43.863 7 INFO placement.requestlog [req-973002fe-d61f-4894-8c7c-930968c9e2a8 req-220e4d68-f0ab-497b-a86f-608fb1a7359b e312d62cd9ed4f66a9db38d7a2c04cd6 a2a1e0c2788048ff8492de98ea2929da - - 98c96a7a0f3343c0a18ad4bd9845e374 98c96a7a0f3343c0a18ad4bd9845e374] 199.204.45.72 "GET /resource_providers/05830bbd-12f0-4e80-91a6-256934d6614b/allocations" status: 200 len: 54 microversion: 1.0 [pid: 7|app: 0|req: 320/640] 199.204.45.72 () {32 vars in 856 bytes} [Tue Jul 21 22:09:43 2026] GET /resource_providers/05830bbd-12f0-4e80-91a6-256934d6614b/allocations => generated 54 bytes in 166 msecs (HTTP/1.1 200) 6 headers in 223 bytes (1 switches on core 0)
2026-07-21 22:09:43.891 8 INFO placement.requestlog [req-973002fe-d61f-4894-8c7c-930968c9e2a8 req-65abbbc3-3deb-4469-8f5d-2d088b205756 e312d62cd9ed4f66a9db38d7a2c04cd6 a2a1e0c2788048ff8492de98ea2929da - - 98c96a7a0f3343c0a18ad4bd9845e374 98c96a7a0f3343c0a18ad4bd9845e374] 199.204.45.72 "GET /resource_providers/05830bbd-12f0-4e80-91a6-256934d6614b/allocations" status: 200 len: 54 microversion: 1.0 [pid: 8|app: 0|req: 321/641] 199.204.45.72 () {32 vars in 856 bytes} [Tue Jul 21 22:09:43 2026] GET /resource_providers/05830bbd-12f0-4e80-91a6-256934d6614b/allocations => generated 54 bytes in 20 msecs (HTTP/1.1 200) 6 headers in 223 bytes (1 switches on core 0)
2026-07-21 22:09:51.668 8 INFO placement.requestlog [None req-be3616da-c2bd-41e0-9a25-6958decbc4b6 - - - - - -] 10.0.0.237 "GET /" status: 200 len: 136 microversion: 1.0
2026-07-21 22:09:51.669 7 INFO placement.requestlog [None req-b3ce909a-dfc1-4031-a553-a33d00fec83b - - - - - -] 10.0.0.237 "GET /" status: 200 len: 136 microversion: 1.0
2026-07-21 22:10:01.669 8 INFO placement.requestlog [None req-bb7ff2a3-705d-4e71-9283-ae608cab7f32 - - - - - -] 10.0.0.237 "GET /" status: 200 len: 136 microversion: 1.0
2026-07-21 22:10:01.669 7 INFO placement.requestlog [None req-9dd0b4d2-9dea-48dc-97e3-69f7187137e6 - - - - - -] 10.0.0.237 "GET /" status: 200 len: 136 microversion: 1.0
2026-07-21 22:10:11.669 8 INFO placement.requestlog [None req-d7c8f11f-0797-4483-b9d5-8889672fc499 - - - - - -] 10.0.0.237 "GET /" status: 200 len: 136 microversion: 1.0
2026-07-21 22:10:11.670 7 INFO placement.requestlog [None req-05027aa9-cea1-4dd7-b556-7f9e72681056 - - - - - -] 10.0.0.237 "GET /" status: 200 len: 136 microversion: 1.0
2026-07-21 22:10:21.669 8 INFO placement.requestlog [None req-4a25ab82-5bbd-455a-866c-a5624ede7102 - - - - - -] 10.0.0.237 "GET /" status: 200 len: 136 microversion: 1.0
2026-07-21 22:10:21.669 7 INFO placement.requestlog [None req-30ec4df4-bfd1-4413-8f58-5b492ede72ef - - - - - -] 10.0.0.237 "GET /" status: 200 len: 136 microversion: 1.0
2026-07-21 22:10:31.670 8 INFO placement.requestlog [None req-40d2088f-50d6-4e7e-b405-eb041e09e09c - - - - - -] 10.0.0.237 "GET /" status: 200 len: 136 microversion: 1.0
2026-07-21 22:10:31.670 7 INFO placement.requestlog [None req-71323cc9-af87-4fd4-9cd1-552ca4ce7327 - - - - - -] 10.0.0.237 "GET /" status: 200 len: 136 microversion: 1.0
2026-07-21 22:10:36.448 7 INFO placement.requestlog [None req-e5ef7855-506c-4b34-8bda-3ef5addda473 294eab28782a44b793f68080f8646925 a2a1e0c2788048ff8492de98ea2929da - - 98c96a7a0f3343c0a18ad4bd9845e374 98c96a7a0f3343c0a18ad4bd9845e374] 10.0.0.236 "GET /resource_providers/7a78eb9c-d460-4441-aec5-1604388b9974/aggregates" status: 404 len: 235 microversion: 1.1 [pid: 7|app: 0|req: 326/652] 10.0.0.236 () {32 vars in 825 bytes} [Tue Jul 21 22:10:36 2026] GET /resource_providers/7a78eb9c-d460-4441-aec5-1604388b9974/aggregates => generated 235 bytes in 339 msecs (HTTP/1.1 404) 5 headers in 202 bytes (1 switches on core 0)
2026-07-21 22:10:36.472 7 INFO placement.requestlog [None req-c49a7b55-154a-4a4e-bea6-4b44ae6204fb 294eab28782a44b793f68080f8646925 a2a1e0c2788048ff8492de98ea2929da - - 98c96a7a0f3343c0a18ad4bd9845e374 98c96a7a0f3343c0a18ad4bd9845e374] 10.0.0.236 "DELETE /resource_providers/7a78eb9c-d460-4441-aec5-1604388b9974" status: 404 len: 246 microversion: 1.1 [pid: 7|app: 0|req: 327/653] 10.0.0.236 () {34 vars in 825 bytes} [Tue Jul 21 22:10:36 2026] DELETE /resource_providers/7a78eb9c-d460-4441-aec5-1604388b9974 => generated 246 bytes in 14 msecs (HTTP/1.1 404) 6 headers in 231 bytes (1 switches on core 0)
2026-07-21 22:10:36.487 8 INFO placement.requestlog [None req-5d80869a-344d-4e94-b5ca-593592be0ff5 294eab28782a44b793f68080f8646925 a2a1e0c2788048ff8492de98ea2929da - - 98c96a7a0f3343c0a18ad4bd9845e374 98c96a7a0f3343c0a18ad4bd9845e374] 10.0.0.236 "GET /resource_providers/7a78eb9c-d460-4441-aec5-1604388b9974/aggregates" status: 404 len: 235 microversion: 1.1 [pid: 8|app: 0|req: 327/654] 10.0.0.236 () {32 vars in 825 bytes} [Tue Jul 21 22:10:36 2026] GET /resource_providers/7a78eb9c-d460-4441-aec5-1604388b9974/aggregates => generated 235 bytes in 404 msecs (HTTP/1.1 404) 5 headers in 202 bytes (1 switches on core 0)
2026-07-21 22:10:36.527 7 INFO placement.requestlog [None req-395a8ad4-a8a0-4528-b43b-53480d6511a3 294eab28782a44b793f68080f8646925 a2a1e0c2788048ff8492de98ea2929da - - 98c96a7a0f3343c0a18ad4bd9845e374 98c96a7a0f3343c0a18ad4bd9845e374] 10.0.0.236 "DELETE /resource_providers/7a78eb9c-d460-4441-aec5-1604388b9974" status: 404 len: 246 microversion: 1.1 [pid: 7|app: 0|req: 328/655] 10.0.0.236 () {34 vars in 825 bytes} [Tue Jul 21 22:10:36 2026] DELETE /resource_providers/7a78eb9c-d460-4441-aec5-1604388b9974 => generated 246 bytes in 30 msecs (HTTP/1.1 404) 6 headers in 231 bytes (1 switches on core 0)
2026-07-21 22:10:36.816 8 INFO placement.requestlog [req-278fc750-2b80-4eec-82d9-c57aba8a80e7 req-ec96c636-4eaf-43b1-aa86-a9f70d2fe480 e312d62cd9ed4f66a9db38d7a2c04cd6 a2a1e0c2788048ff8492de98ea2929da - - 98c96a7a0f3343c0a18ad4bd9845e374 98c96a7a0f3343c0a18ad4bd9845e374] 10.0.0.56 "GET /allocation_candidates?limit=1000&resources=MEMORY_MB%3A512%2CVCPU%3A1&root_required=%21COMPUTE_STATUS_DISABLED" status: 200 len: 2133 microversion: 1.36 [pid: 8|app: 0|req: 328/656] 10.0.0.56 () {34 vars in 983 bytes} [Tue Jul 21 22:10:36 2026] GET /allocation_candidates?limit=1000&resources=MEMORY_MB%3A512%2CVCPU%3A1&root_required=%21COMPUTE_STATUS_DISABLED => generated 2133 bytes in 189 msecs (HTTP/1.1 200) 8 headers in 297 bytes (1 switches on core 0)
2026-07-21 22:10:36.864 7 INFO placement.requestlog [req-278fc750-2b80-4eec-82d9-c57aba8a80e7 req-c05cb0e1-a08d-4940-a76d-63ec8b0829fa e312d62cd9ed4f66a9db38d7a2c04cd6 a2a1e0c2788048ff8492de98ea2929da - - 98c96a7a0f3343c0a18ad4bd9845e374 98c96a7a0f3343c0a18ad4bd9845e374] 10.0.0.56 "GET /allocations/a1d5a9af-1cdc-402b-8091-03f96d166d88" status: 200 len: 19 microversion: 1.28 [pid: 7|app: 0|req: 329/657] 10.0.0.56 () {34 vars in 860 bytes} [Tue Jul 21 22:10:36 2026] GET /allocations/a1d5a9af-1cdc-402b-8091-03f96d166d88 => generated 19 bytes in 17 msecs (HTTP/1.1 200) 8 headers in 295 bytes (1 switches on core 0)
2026-07-21 22:10:36.955 8 INFO placement.requestlog [req-278fc750-2b80-4eec-82d9-c57aba8a80e7 req-dd95a011-13ba-478f-b23d-39284a8ed261 e312d62cd9ed4f66a9db38d7a2c04cd6 a2a1e0c2788048ff8492de98ea2929da - - 98c96a7a0f3343c0a18ad4bd9845e374 98c96a7a0f3343c0a18ad4bd9845e374] 10.0.0.56 "PUT /allocations/a1d5a9af-1cdc-402b-8091-03f96d166d88" status: 204 len: 0 microversion: 1.36 [pid: 8|app: 0|req: 329/658] 10.0.0.56 () {38 vars in 913 bytes} [Tue Jul 21 22:10:36 2026] PUT /allocations/a1d5a9af-1cdc-402b-8091-03f96d166d88 => generated 0 bytes in 84 msecs (HTTP/1.1 204) 5 headers in 199 bytes (1 switches on core 0)
2026-07-21 22:10:37.531 7 INFO placement.requestlog [req-278fc750-2b80-4eec-82d9-c57aba8a80e7 req-31175b4d-2d74-45c4-a4d9-2c459a7f302e e312d62cd9ed4f66a9db38d7a2c04cd6 a2a1e0c2788048ff8492de98ea2929da - - 98c96a7a0f3343c0a18ad4bd9845e374 98c96a7a0f3343c0a18ad4bd9845e374] 199.204.45.72 "GET /allocations/a1d5a9af-1cdc-402b-8091-03f96d166d88" status: 200 len: 243 microversion: 1.28 [pid: 7|app: 0|req: 330/659] 199.204.45.72 () {34 vars in 862 bytes} [Tue Jul 21 22:10:37 2026] GET /allocations/a1d5a9af-1cdc-402b-8091-03f96d166d88 => generated 243 bytes in 24 msecs (HTTP/1.1 200) 8 headers in 296 bytes (1 switches on core 0)
2026-07-21 22:10:37.686 8 INFO placement.requestlog [req-278fc750-2b80-4eec-82d9-c57aba8a80e7 req-624bb66e-8815-40ef-ba3d-3315010738b1 e312d62cd9ed4f66a9db38d7a2c04cd6 a2a1e0c2788048ff8492de98ea2929da - - 98c96a7a0f3343c0a18ad4bd9845e374 98c96a7a0f3343c0a18ad4bd9845e374] 199.204.45.72 "GET /resource_providers/05830bbd-12f0-4e80-91a6-256934d6614b/allocations" status: 200 len: 138 microversion: 1.0 [pid: 8|app: 0|req: 330/660] 199.204.45.72 () {32 vars in 856 bytes} [Tue Jul 21 22:10:37 2026] GET /resource_providers/05830bbd-12f0-4e80-91a6-256934d6614b/allocations => generated 138 bytes in 19 msecs (HTTP/1.1 200) 6 headers in 224 bytes (1 switches on core 0)
2026-07-21 22:10:37.713 7 INFO placement.requestlog [req-278fc750-2b80-4eec-82d9-c57aba8a80e7 req-4db06b2d-dce1-44d2-b2d8-981c4c56f29c e312d62cd9ed4f66a9db38d7a2c04cd6 a2a1e0c2788048ff8492de98ea2929da - - 98c96a7a0f3343c0a18ad4bd9845e374 98c96a7a0f3343c0a18ad4bd9845e374] 199.204.45.72 "GET /allocations/a1d5a9af-1cdc-402b-8091-03f96d166d88" status: 200 len: 243 microversion: 1.28 [pid: 7|app: 0|req: 331/661] 199.204.45.72 () {34 vars in 862 bytes} [Tue Jul 21 22:10:37 2026] GET /allocations/a1d5a9af-1cdc-402b-8091-03f96d166d88 => generated 243 bytes in 16 msecs (HTTP/1.1 200) 8 headers in 296 bytes (1 switches on core 0)
2026-07-21 22:10:38.733 8 INFO placement.requestlog [None req-8c14f2c5-b907-4f18-96d8-f29934fddf40 294eab28782a44b793f68080f8646925 a2a1e0c2788048ff8492de98ea2929da - - 98c96a7a0f3343c0a18ad4bd9845e374 98c96a7a0f3343c0a18ad4bd9845e374] 10.0.0.236 "GET /resource_providers/5ab65526-c478-47ac-bf27-965222f677d6/aggregates" status: 404 len: 235 microversion: 1.1 [pid: 8|app: 0|req: 331/662] 10.0.0.236 () {32 vars in 825 bytes} [Tue Jul 21 22:10:38 2026] GET /resource_providers/5ab65526-c478-47ac-bf27-965222f677d6/aggregates => generated 235 bytes in 12 msecs (HTTP/1.1 404) 5 headers in 202 bytes (1 switches on core 0)
2026-07-21 22:10:38.734 7 INFO placement.requestlog [None req-eb26ca1a-1a5c-496e-b67f-18ae2b02c62e 294eab28782a44b793f68080f8646925 a2a1e0c2788048ff8492de98ea2929da - - 98c96a7a0f3343c0a18ad4bd9845e374 98c96a7a0f3343c0a18ad4bd9845e374] 10.0.0.236 "GET /resource_providers/5ab65526-c478-47ac-bf27-965222f677d6/aggregates" status: 404 len: 235 microversion: 1.1 [pid: 7|app: 0|req: 332/663] 10.0.0.236 () {32 vars in 825 bytes} [Tue Jul 21 22:10:38 2026] GET /resource_providers/5ab65526-c478-47ac-bf27-965222f677d6/aggregates => generated 235 bytes in 13 msecs (HTTP/1.1 404) 5 headers in 202 bytes (1 switches on core 0)
2026-07-21 22:10:38.758 7 INFO placement.requestlog [None req-98a11cf5-5ad0-4777-9661-59daf5240ae9 294eab28782a44b793f68080f8646925 a2a1e0c2788048ff8492de98ea2929da - - 98c96a7a0f3343c0a18ad4bd9845e374 98c96a7a0f3343c0a18ad4bd9845e374] 10.0.0.236 "DELETE /resource_providers/5ab65526-c478-47ac-bf27-965222f677d6" status: 404 len: 246 microversion: 1.1 [pid: 7|app: 0|req: 333/664] 10.0.0.236 () {34 vars in 825 bytes} [Tue Jul 21 22:10:38 2026] DELETE /resource_providers/5ab65526-c478-47ac-bf27-965222f677d6 => generated 246 bytes in 11 msecs (HTTP/1.1 404) 6 headers in 231 bytes (1 switches on core 0)
2026-07-21 22:10:38.762 8 INFO placement.requestlog [None req-7bc71e56-248f-4f1a-bc8e-51796ac54ded 294eab28782a44b793f68080f8646925 a2a1e0c2788048ff8492de98ea2929da - - 98c96a7a0f3343c0a18ad4bd9845e374 98c96a7a0f3343c0a18ad4bd9845e374] 10.0.0.236 "DELETE /resource_providers/5ab65526-c478-47ac-bf27-965222f677d6" status: 404 len: 246 microversion: 1.1 [pid: 8|app: 0|req: 332/665] 10.0.0.236 () {34 vars in 825 bytes} [Tue Jul 21 22:10:38 2026] DELETE /resource_providers/5ab65526-c478-47ac-bf27-965222f677d6 => generated 246 bytes in 17 msecs (HTTP/1.1 404) 6 headers in 231 bytes (1 switches on core 0)
2026-07-21 22:10:41.669 7 INFO placement.requestlog [None req-a71a278c-6400-4925-b7af-b57032e60291 - - - - - -] 10.0.0.237 "GET /" status: 200 len: 136 microversion: 1.0
2026-07-21 22:10:41.670 8 INFO placement.requestlog [None req-0102defb-39bb-448e-9b3e-b426f7e74231 - - - - - -] 10.0.0.237 "GET /" status: 200 len: 136 microversion: 1.0
2026-07-21 22:10:43.721 7 INFO placement.requestlog [req-6d5769b1-8375-44ac-a508-2dc696b1c182 req-14ac05a8-37a6-4d56-97bb-f6febe37c6af e312d62cd9ed4f66a9db38d7a2c04cd6 a2a1e0c2788048ff8492de98ea2929da - - 98c96a7a0f3343c0a18ad4bd9845e374 98c96a7a0f3343c0a18ad4bd9845e374] 199.204.45.72 "GET /resource_providers/05830bbd-12f0-4e80-91a6-256934d6614b/allocations" status: 200 len: 138 microversion: 1.0 [pid: 7|app: 0|req: 335/668] 199.204.45.72 () {32 vars in 856 bytes} [Tue Jul 21 22:10:43 2026] GET /resource_providers/05830bbd-12f0-4e80-91a6-256934d6614b/allocations => generated 138 bytes in 19 msecs (HTTP/1.1 200) 6 headers in 224 bytes (1 switches on core 0)
2026-07-21 22:10:43.762 8 INFO placement.requestlog [req-6d5769b1-8375-44ac-a508-2dc696b1c182 req-52c0bd88-e60e-4eed-b155-fa384d8ae635 e312d62cd9ed4f66a9db38d7a2c04cd6 a2a1e0c2788048ff8492de98ea2929da - - 98c96a7a0f3343c0a18ad4bd9845e374 98c96a7a0f3343c0a18ad4bd9845e374] 199.204.45.72 "GET /resource_providers?in_tree=05830bbd-12f0-4e80-91a6-256934d6614b" status: 200 len: 797 microversion: 1.14 [pid: 8|app: 0|req: 334/669] 199.204.45.72 () {34 vars in 891 bytes} [Tue Jul 21 22:10:43 2026] GET /resource_providers?in_tree=05830bbd-12f0-4e80-91a6-256934d6614b => generated 797 bytes in 30 msecs (HTTP/1.1 200) 6 headers in 225 bytes (1 switches on core 0)
2026-07-21 22:10:43.790 7 INFO placement.requestlog [req-6d5769b1-8375-44ac-a508-2dc696b1c182 req-b1eca608-43c4-4b95-b5ea-3af1e16e0044 e312d62cd9ed4f66a9db38d7a2c04cd6 a2a1e0c2788048ff8492de98ea2929da - - 98c96a7a0f3343c0a18ad4bd9845e374 98c96a7a0f3343c0a18ad4bd9845e374] 199.204.45.72 "GET /resource_providers/05830bbd-12f0-4e80-91a6-256934d6614b/inventories" status: 200 len: 400 microversion: 1.0 [pid: 7|app: 0|req: 336/670] 199.204.45.72 () {32 vars in 856 bytes} [Tue Jul 21 22:10:43 2026] GET /resource_providers/05830bbd-12f0-4e80-91a6-256934d6614b/inventories => generated 400 bytes in 20 msecs (HTTP/1.1 200) 6 headers in 224 bytes (1 switches on core 0)
2026-07-21 22:10:43.811 8 INFO placement.requestlog [req-6d5769b1-8375-44ac-a508-2dc696b1c182 req-32f8048f-434c-461e-967b-67f03bc749bf e312d62cd9ed4f66a9db38d7a2c04cd6 a2a1e0c2788048ff8492de98ea2929da - - 98c96a7a0f3343c0a18ad4bd9845e374 98c96a7a0f3343c0a18ad4bd9845e374] 199.204.45.72 "GET /resource_providers/05830bbd-12f0-4e80-91a6-256934d6614b/aggregates" status: 200 len: 53 microversion: 1.19 [pid: 8|app: 0|req: 335/671] 199.204.45.72 () {34 vars in 898 bytes} [Tue Jul 21 22:10:43 2026] GET /resource_providers/05830bbd-12f0-4e80-91a6-256934d6614b/aggregates => generated 53 bytes in 13 msecs (HTTP/1.1 200) 8 headers in 295 bytes (1 switches on core 0)
2026-07-21 22:10:43.844 7 INFO placement.requestlog [req-6d5769b1-8375-44ac-a508-2dc696b1c182 req-6c627709-3d92-4768-bff4-28861ef61e48 e312d62cd9ed4f66a9db38d7a2c04cd6 a2a1e0c2788048ff8492de98ea2929da - - 98c96a7a0f3343c0a18ad4bd9845e374 98c96a7a0f3343c0a18ad4bd9845e374] 199.204.45.72 "GET /resource_providers/05830bbd-12f0-4e80-91a6-256934d6614b/traits" status: 200 len: 1682 microversion: 1.6 [pid: 7|app: 0|req: 337/672] 199.204.45.72 () {34 vars in 889 bytes} [Tue Jul 21 22:10:43 2026] GET /resource_providers/05830bbd-12f0-4e80-91a6-256934d6614b/traits => generated 1682 bytes in 26 msecs (HTTP/1.1 200) 6 headers in 225 bytes (1 switches on core 0)
2026-07-21 22:10:43.867 8 INFO placement.requestlog [req-6d5769b1-8375-44ac-a508-2dc696b1c182 req-bfd4f11c-867f-4af6-a715-0dfeb547f8b0 e312d62cd9ed4f66a9db38d7a2c04cd6 a2a1e0c2788048ff8492de98ea2929da - - 98c96a7a0f3343c0a18ad4bd9845e374 98c96a7a0f3343c0a18ad4bd9845e374] 199.204.45.72 "GET /resource_providers/05830bbd-12f0-4e80-91a6-256934d6614b/allocations" status: 200 len: 138 microversion: 1.0 [pid: 8|app: 0|req: 336/673] 199.204.45.72 () {32 vars in 856 bytes} [Tue Jul 21 22:10:43 2026] GET /resource_providers/05830bbd-12f0-4e80-91a6-256934d6614b/allocations => generated 138 bytes in 15 msecs (HTTP/1.1 200) 6 headers in 224 bytes (1 switches on core 0)
2026-07-21 22:10:43.888 7 INFO placement.requestlog [req-6d5769b1-8375-44ac-a508-2dc696b1c182 req-c66387f9-fd66-4a77-8a5e-45cf4b7a754f e312d62cd9ed4f66a9db38d7a2c04cd6 a2a1e0c2788048ff8492de98ea2929da - - 98c96a7a0f3343c0a18ad4bd9845e374 98c96a7a0f3343c0a18ad4bd9845e374] 199.204.45.72 "GET /allocations/a1d5a9af-1cdc-402b-8091-03f96d166d88" status: 200 len: 243 microversion: 1.28 [pid: 7|app: 0|req: 338/674] 199.204.45.72 () {34 vars in 862 bytes} [Tue Jul 21 22:10:43 2026] GET /allocations/a1d5a9af-1cdc-402b-8091-03f96d166d88 => generated 243 bytes in 14 msecs (HTTP/1.1 200) 8 headers in 296 bytes (1 switches on core 0)
2026-07-21 22:10:44.880 8 INFO placement.requestlog [None req-fd1d9c0f-8f43-4969-9bea-ebe80cbf4e9c 294eab28782a44b793f68080f8646925 a2a1e0c2788048ff8492de98ea2929da - - 98c96a7a0f3343c0a18ad4bd9845e374 98c96a7a0f3343c0a18ad4bd9845e374] 10.0.0.236 "GET /resource_providers/106104ed-7955-4f36-a43f-49dc2fbdd1a3/aggregates" status: 404 len: 235 microversion: 1.1 [pid: 8|app: 0|req: 337/675] 10.0.0.236 () {32 vars in 825 bytes} [Tue Jul 21 22:10:44 2026] GET /resource_providers/106104ed-7955-4f36-a43f-49dc2fbdd1a3/aggregates => generated 235 bytes in 13 msecs (HTTP/1.1 404) 5 headers in 202 bytes (1 switches on core 0)
2026-07-21 22:10:44.881 7 INFO placement.requestlog [None req-3c2a6663-86d9-4874-b38e-f07a19c5af7c 294eab28782a44b793f68080f8646925 a2a1e0c2788048ff8492de98ea2929da - - 98c96a7a0f3343c0a18ad4bd9845e374 98c96a7a0f3343c0a18ad4bd9845e374] 10.0.0.236 "GET /resource_providers/106104ed-7955-4f36-a43f-49dc2fbdd1a3/aggregates" status: 404 len: 235 microversion: 1.1 [pid: 7|app: 0|req: 339/676] 10.0.0.236 () {32 vars in 825 bytes} [Tue Jul 21 22:10:44 2026] GET /resource_providers/106104ed-7955-4f36-a43f-49dc2fbdd1a3/aggregates => generated 235 bytes in 14 msecs (HTTP/1.1 404) 5 headers in 202 bytes (1 switches on core 0)
2026-07-21 22:10:44.917 8 INFO placement.requestlog [None req-07c35d2b-c993-45d9-b61c-b1aa1e275822 294eab28782a44b793f68080f8646925 a2a1e0c2788048ff8492de98ea2929da - - 98c96a7a0f3343c0a18ad4bd9845e374 98c96a7a0f3343c0a18ad4bd9845e374] 10.0.0.236 "DELETE /resource_providers/106104ed-7955-4f36-a43f-49dc2fbdd1a3" status: 404 len: 246 microversion: 1.1 [pid: 8|app: 0|req: 338/677] 10.0.0.236 () {34 vars in 825 bytes} [Tue Jul 21 22:10:44 2026] DELETE /resource_providers/106104ed-7955-4f36-a43f-49dc2fbdd1a3 => generated 246 bytes in 12 msecs (HTTP/1.1 404) 6 headers in 231 bytes (1 switches on core 0)
2026-07-21 22:10:44.927 7 INFO placement.requestlog [None req-8932c12b-35b5-4202-aed2-fec856f9476d 294eab28782a44b793f68080f8646925 a2a1e0c2788048ff8492de98ea2929da - - 98c96a7a0f3343c0a18ad4bd9845e374 98c96a7a0f3343c0a18ad4bd9845e374] 10.0.0.236 "DELETE /resource_providers/106104ed-7955-4f36-a43f-49dc2fbdd1a3" status: 404 len: 246 microversion: 1.1 [pid: 7|app: 0|req: 340/678] 10.0.0.236 () {34 vars in 825 bytes} [Tue Jul 21 22:10:44 2026] DELETE /resource_providers/106104ed-7955-4f36-a43f-49dc2fbdd1a3 => generated 246 bytes in 18 msecs (HTTP/1.1 404) 6 headers in 231 bytes (1 switches on core 0)
2026-07-21 22:10:51.670 7 INFO placement.requestlog [None req-f1e56cd5-7a0a-4f64-bfbf-f0e28a0e4b49 - - - - - -] 10.0.0.237 "GET /" status: 200 len: 136 microversion: 1.0
2026-07-21 22:10:51.672 7 INFO placement.requestlog [None req-86d96f22-d1f5-4676-8d24-5646e6c260f4 - - - - - -] 10.0.0.237 "GET /" status: 200 len: 136 microversion: 1.0
2026-07-21 22:10:51.681 8 INFO placement.requestlog [req-9163b0ce-33da-4ac5-b832-a959dba6de98 req-5f497caa-3012-46ee-8c03-d65dce28e426 e312d62cd9ed4f66a9db38d7a2c04cd6 a2a1e0c2788048ff8492de98ea2929da - - 98c96a7a0f3343c0a18ad4bd9845e374 98c96a7a0f3343c0a18ad4bd9845e374] 199.204.45.72 "GET /resource_providers/05830bbd-12f0-4e80-91a6-256934d6614b/allocations" status: 200 len: 138 microversion: 1.0 [pid: 8|app: 0|req: 339/681] 199.204.45.72 () {32 vars in 856 bytes} [Tue Jul 21 22:10:51 2026] GET /resource_providers/05830bbd-12f0-4e80-91a6-256934d6614b/allocations => generated 138 bytes in 18 msecs (HTTP/1.1 200) 6 headers in 224 bytes (1 switches on core 0)
2026-07-21 22:10:51.717 7 INFO placement.requestlog [req-9163b0ce-33da-4ac5-b832-a959dba6de98 req-1abd4a0f-bb0f-4f9e-9325-485e13167dd1 e312d62cd9ed4f66a9db38d7a2c04cd6 a2a1e0c2788048ff8492de98ea2929da - - 98c96a7a0f3343c0a18ad4bd9845e374 98c96a7a0f3343c0a18ad4bd9845e374] 199.204.45.72 "GET /allocations/a1d5a9af-1cdc-402b-8091-03f96d166d88" status: 200 len: 243 microversion: 1.28 [pid: 7|app: 0|req: 343/682] 199.204.45.72 () {34 vars in 862 bytes} [Tue Jul 21 22:10:51 2026] GET /allocations/a1d5a9af-1cdc-402b-8091-03f96d166d88 => generated 243 bytes in 28 msecs (HTTP/1.1 200) 8 headers in 296 bytes (1 switches on core 0)
2026-07-21 22:10:51.836 8 INFO placement.requestlog [req-9163b0ce-33da-4ac5-b832-a959dba6de98 req-2059ccb2-cc30-4d86-b6b9-4996445800ae e312d62cd9ed4f66a9db38d7a2c04cd6 a2a1e0c2788048ff8492de98ea2929da - - 98c96a7a0f3343c0a18ad4bd9845e374 98c96a7a0f3343c0a18ad4bd9845e374] 199.204.45.72 "DELETE /allocations/a1d5a9af-1cdc-402b-8091-03f96d166d88" status: 204 len: 0 microversion: 1.0 [pid: 8|app: 0|req: 340/683] 199.204.45.72 () {34 vars in 840 bytes} [Tue Jul 21 22:10:51 2026] DELETE /allocations/a1d5a9af-1cdc-402b-8091-03f96d166d88 => generated 0 bytes in 53 msecs (HTTP/1.1 204) 5 headers in 198 bytes (1 switches on core 0)
2026-07-21 22:10:52.224 7 INFO placement.requestlog [None req-7d2f5316-abfb-4fda-942e-d96644323e46 294eab28782a44b793f68080f8646925 a2a1e0c2788048ff8492de98ea2929da - - 98c96a7a0f3343c0a18ad4bd9845e374 98c96a7a0f3343c0a18ad4bd9845e374] 10.0.0.236 "GET /resource_providers/e7fbc532-e890-45e8-ab22-b97692ef4360/aggregates" status: 404 len: 235 microversion: 1.1 [pid: 7|app: 0|req: 344/684] 10.0.0.236 () {32 vars in 825 bytes} [Tue Jul 21 22:10:52 2026] GET /resource_providers/e7fbc532-e890-45e8-ab22-b97692ef4360/aggregates => generated 235 bytes in 11 msecs (HTTP/1.1 404) 5 headers in 202 bytes (1 switches on core 0)
2026-07-21 22:10:52.226 8 INFO placement.requestlog [None req-c65b291a-70f6-476d-afa2-f0ba1566342c 294eab28782a44b793f68080f8646925 a2a1e0c2788048ff8492de98ea2929da - - 98c96a7a0f3343c0a18ad4bd9845e374 98c96a7a0f3343c0a18ad4bd9845e374] 10.0.0.236 "GET /resource_providers/e7fbc532-e890-45e8-ab22-b97692ef4360/aggregates" status: 404 len: 235 microversion: 1.1 [pid: 8|app: 0|req: 341/685] 10.0.0.236 () {32 vars in 825 bytes} [Tue Jul 21 22:10:52 2026] GET /resource_providers/e7fbc532-e890-45e8-ab22-b97692ef4360/aggregates => generated 235 bytes in 12 msecs (HTTP/1.1 404) 5 headers in 202 bytes (1 switches on core 0)
2026-07-21 22:10:52.292 8 INFO placement.requestlog [None req-4a67c819-2111-4f7e-bb8d-452aef96c0de 294eab28782a44b793f68080f8646925 a2a1e0c2788048ff8492de98ea2929da - - 98c96a7a0f3343c0a18ad4bd9845e374 98c96a7a0f3343c0a18ad4bd9845e374] 10.0.0.236 "DELETE /resource_providers/e7fbc532-e890-45e8-ab22-b97692ef4360" status: 404 len: 246 microversion: 1.1 [pid: 8|app: 0|req: 342/686] 10.0.0.236 () {34 vars in 825 bytes} [Tue Jul 21 22:10:52 2026] DELETE /resource_providers/e7fbc532-e890-45e8-ab22-b97692ef4360 => generated 246 bytes in 13 msecs (HTTP/1.1 404) 6 headers in 231 bytes (1 switches on core 0)
2026-07-21 22:10:52.298 7 INFO placement.requestlog [None req-3daa54a2-54bf-4429-9fa5-88aa73512677 294eab28782a44b793f68080f8646925 a2a1e0c2788048ff8492de98ea2929da - - 98c96a7a0f3343c0a18ad4bd9845e374 98c96a7a0f3343c0a18ad4bd9845e374] 10.0.0.236 "DELETE /resource_providers/e7fbc532-e890-45e8-ab22-b97692ef4360" status: 404 len: 246 microversion: 1.1 [pid: 7|app: 0|req: 345/687] 10.0.0.236 () {34 vars in 825 bytes} [Tue Jul 21 22:10:52 2026] DELETE /resource_providers/e7fbc532-e890-45e8-ab22-b97692ef4360 => generated 246 bytes in 18 msecs (HTTP/1.1 404) 6 headers in 231 bytes (1 switches on core 0)
2026-07-21 22:10:53.227 8 INFO placement.requestlog [req-ecbcc1be-126b-4aa2-9ea5-edde89beb523 req-b6d1c203-4e4d-4a79-a110-cfcaab842d4d e312d62cd9ed4f66a9db38d7a2c04cd6 a2a1e0c2788048ff8492de98ea2929da - - 98c96a7a0f3343c0a18ad4bd9845e374 98c96a7a0f3343c0a18ad4bd9845e374] 10.0.0.56 "GET /allocation_candidates?limit=1000&resources=DISK_GB%3A1%2CMEMORY_MB%3A512%2CVCPU%3A1&root_required=%21COMPUTE_STATUS_DISABLED" status: 200 len: 2147 microversion: 1.36 [pid: 8|app: 0|req: 343/688] 10.0.0.56 () {34 vars in 1011 bytes} [Tue Jul 21 22:10:53 2026] GET /allocation_candidates?limit=1000&resources=DISK_GB%3A1%2CMEMORY_MB%3A512%2CVCPU%3A1&root_required=%21COMPUTE_STATUS_DISABLED => generated 2147 bytes in 57 msecs (HTTP/1.1 200) 8 headers in 297 bytes (1 switches on core 0)
2026-07-21 22:10:53.278 7 INFO placement.requestlog [req-ecbcc1be-126b-4aa2-9ea5-edde89beb523 req-da199ed0-8aa9-488a-9525-384e94dce67b e312d62cd9ed4f66a9db38d7a2c04cd6 a2a1e0c2788048ff8492de98ea2929da - - 98c96a7a0f3343c0a18ad4bd9845e374 98c96a7a0f3343c0a18ad4bd9845e374] 10.0.0.56 "GET /allocations/df513c58-b361-4e63-b877-70d2fd4d54d6" status: 200 len: 19 microversion: 1.28 [pid: 7|app: 0|req: 346/689] 10.0.0.56 () {34 vars in 860 bytes} [Tue Jul 21 22:10:53 2026] GET /allocations/df513c58-b361-4e63-b877-70d2fd4d54d6 => generated 19 bytes in 12 msecs (HTTP/1.1 200) 8 headers in 295 bytes (1 switches on core 0)
2026-07-21 22:10:53.380 8 INFO placement.requestlog [req-ecbcc1be-126b-4aa2-9ea5-edde89beb523 req-13a67e8b-92b5-4b16-ac05-fd9f5356959f e312d62cd9ed4f66a9db38d7a2c04cd6 a2a1e0c2788048ff8492de98ea2929da - - 98c96a7a0f3343c0a18ad4bd9845e374 98c96a7a0f3343c0a18ad4bd9845e374] 10.0.0.56 "PUT /allocations/df513c58-b361-4e63-b877-70d2fd4d54d6" status: 204 len: 0 microversion: 1.36 [pid: 8|app: 0|req: 344/690] 10.0.0.56 () {38 vars in 913 bytes} [Tue Jul 21 22:10:53 2026] PUT /allocations/df513c58-b361-4e63-b877-70d2fd4d54d6 => generated 0 bytes in 94 msecs (HTTP/1.1 204) 5 headers in 199 bytes (1 switches on core 0)
2026-07-21 22:10:53.893 7 INFO placement.requestlog [req-ecbcc1be-126b-4aa2-9ea5-edde89beb523 req-d95d4c24-3fb1-4b8a-aebe-af1200604eb0 e312d62cd9ed4f66a9db38d7a2c04cd6 a2a1e0c2788048ff8492de98ea2929da - - 98c96a7a0f3343c0a18ad4bd9845e374 98c96a7a0f3343c0a18ad4bd9845e374] 199.204.45.72 "GET /allocations/df513c58-b361-4e63-b877-70d2fd4d54d6" status: 200 len: 257 microversion: 1.28 [pid: 7|app: 0|req: 347/691] 199.204.45.72 () {34 vars in 862 bytes} [Tue Jul 21 22:10:53 2026] GET /allocations/df513c58-b361-4e63-b877-70d2fd4d54d6 => generated 257 bytes in 30 msecs (HTTP/1.1 200) 8 headers in 296 bytes (1 switches on core 0)
2026-07-21 22:10:54.018 8 INFO placement.requestlog [req-ecbcc1be-126b-4aa2-9ea5-edde89beb523 req-b4ad12c7-b203-4b28-b0bd-30079c1f5db4 e312d62cd9ed4f66a9db38d7a2c04cd6 a2a1e0c2788048ff8492de98ea2929da - - 98c96a7a0f3343c0a18ad4bd9845e374 98c96a7a0f3343c0a18ad4bd9845e374] 199.204.45.72 "GET /resource_providers/05830bbd-12f0-4e80-91a6-256934d6614b/allocations" status: 200 len: 152 microversion: 1.0 [pid: 8|app: 0|req: 345/692] 199.204.45.72 () {32 vars in 856 bytes} [Tue Jul 21 22:10:53 2026] GET /resource_providers/05830bbd-12f0-4e80-91a6-256934d6614b/allocations => generated 152 bytes in 26 msecs (HTTP/1.1 200) 6 headers in 224 bytes (1 switches on core 0)
2026-07-21 22:10:54.042 7 INFO placement.requestlog [req-ecbcc1be-126b-4aa2-9ea5-edde89beb523 req-07fc0741-2e1b-48d9-85ad-ca0a9f1668a6 e312d62cd9ed4f66a9db38d7a2c04cd6 a2a1e0c2788048ff8492de98ea2929da - - 98c96a7a0f3343c0a18ad4bd9845e374 98c96a7a0f3343c0a18ad4bd9845e374] 199.204.45.72 "GET /allocations/df513c58-b361-4e63-b877-70d2fd4d54d6" status: 200 len: 257 microversion: 1.28 [pid: 7|app: 0|req: 348/693] 199.204.45.72 () {34 vars in 862 bytes} [Tue Jul 21 22:10:54 2026] GET /allocations/df513c58-b361-4e63-b877-70d2fd4d54d6 => generated 257 bytes in 13 msecs (HTTP/1.1 200) 8 headers in 296 bytes (1 switches on core 0)
2026-07-21 22:10:55.653 8 INFO placement.requestlog [None req-f1df3a52-f9ad-40b6-ac9a-7e2e3d9435f7 294eab28782a44b793f68080f8646925 a2a1e0c2788048ff8492de98ea2929da - - 98c96a7a0f3343c0a18ad4bd9845e374 98c96a7a0f3343c0a18ad4bd9845e374] 10.0.0.236 "GET /resource_providers/a55306c0-5c86-413a-969a-35baf63b94e8/aggregates" status: 404 len: 235 microversion: 1.1 [pid: 8|app: 0|req: 346/694] 10.0.0.236 () {32 vars in 825 bytes} [Tue Jul 21 22:10:55 2026] GET /resource_providers/a55306c0-5c86-413a-969a-35baf63b94e8/aggregates => generated 235 bytes in 16 msecs (HTTP/1.1 404) 5 headers in 202 bytes (1 switches on core 0)
2026-07-21 22:10:55.661 7 INFO placement.requestlog [None req-68b42b5f-7e4e-4989-88c4-71ab0bca5049 294eab28782a44b793f68080f8646925 a2a1e0c2788048ff8492de98ea2929da - - 98c96a7a0f3343c0a18ad4bd9845e374 98c96a7a0f3343c0a18ad4bd9845e374] 10.0.0.236 "GET /resource_providers/a55306c0-5c86-413a-969a-35baf63b94e8/aggregates" status: 404 len: 235 microversion: 1.1 [pid: 7|app: 0|req: 349/695] 10.0.0.236 () {32 vars in 825 bytes} [Tue Jul 21 22:10:55 2026] GET /resource_providers/a55306c0-5c86-413a-969a-35baf63b94e8/aggregates => generated 235 bytes in 15 msecs (HTTP/1.1 404) 5 headers in 202 bytes (1 switches on core 0)
2026-07-21 22:10:55.677 8 INFO placement.requestlog [None req-034964dc-f535-41ca-9db1-f57d06232d70 294eab28782a44b793f68080f8646925 a2a1e0c2788048ff8492de98ea2929da - - 98c96a7a0f3343c0a18ad4bd9845e374 98c96a7a0f3343c0a18ad4bd9845e374] 10.0.0.236 "DELETE /resource_providers/a55306c0-5c86-413a-969a-35baf63b94e8" status: 404 len: 246 microversion: 1.1 [pid: 8|app: 0|req: 347/696] 10.0.0.236 () {34 vars in 825 bytes} [Tue Jul 21 22:10:55 2026] DELETE /resource_providers/a55306c0-5c86-413a-969a-35baf63b94e8 => generated 246 bytes in 15 msecs (HTTP/1.1 404) 6 headers in 231 bytes (1 switches on core 0)
2026-07-21 22:10:55.695 7 INFO placement.requestlog [None req-825f50ec-6f7a-47cf-9138-619b37cbf731 294eab28782a44b793f68080f8646925 a2a1e0c2788048ff8492de98ea2929da - - 98c96a7a0f3343c0a18ad4bd9845e374 98c96a7a0f3343c0a18ad4bd9845e374] 10.0.0.236 "DELETE /resource_providers/a55306c0-5c86-413a-969a-35baf63b94e8" status: 404 len: 246 microversion: 1.1 [pid: 7|app: 0|req: 350/697] 10.0.0.236 () {34 vars in 825 bytes} [Tue Jul 21 22:10:55 2026] DELETE /resource_providers/a55306c0-5c86-413a-969a-35baf63b94e8 => generated 246 bytes in 13 msecs (HTTP/1.1 404) 6 headers in 231 bytes (1 switches on core 0)
2026-07-21 22:10:57.744 7 INFO placement.requestlog [None req-15d01e94-bb89-4b1d-9647-7dd4c11c32d2 294eab28782a44b793f68080f8646925 a2a1e0c2788048ff8492de98ea2929da - - 98c96a7a0f3343c0a18ad4bd9845e374 98c96a7a0f3343c0a18ad4bd9845e374] 10.0.0.236 "GET /resource_providers/c34e93ad-cf93-4f94-939f-3a5e61c7eb99/aggregates" status: 404 len: 235 microversion: 1.1 [pid: 7|app: 0|req: 351/698] 10.0.0.236 () {32 vars in 825 bytes} [Tue Jul 21 22:10:57 2026] GET /resource_providers/c34e93ad-cf93-4f94-939f-3a5e61c7eb99/aggregates => generated 235 bytes in 16 msecs (HTTP/1.1 404) 5 headers in 202 bytes (1 switches on core 0)
2026-07-21 22:10:57.745 8 INFO placement.requestlog [None req-232f88ed-47b7-455d-8aa8-1038b0335d7a 294eab28782a44b793f68080f8646925 a2a1e0c2788048ff8492de98ea2929da - - 98c96a7a0f3343c0a18ad4bd9845e374 98c96a7a0f3343c0a18ad4bd9845e374] 10.0.0.236 "GET /resource_providers/c34e93ad-cf93-4f94-939f-3a5e61c7eb99/aggregates" status: 404 len: 235 microversion: 1.1 [pid: 8|app: 0|req: 348/699] 10.0.0.236 () {32 vars in 825 bytes} [Tue Jul 21 22:10:57 2026] GET /resource_providers/c34e93ad-cf93-4f94-939f-3a5e61c7eb99/aggregates => generated 235 bytes in 25 msecs (HTTP/1.1 404) 5 headers in 202 bytes (1 switches on core 0)
2026-07-21 22:10:57.789 7 INFO placement.requestlog [None req-5d684f92-7178-480c-aa15-79c117e5c479 294eab28782a44b793f68080f8646925 a2a1e0c2788048ff8492de98ea2929da - - 98c96a7a0f3343c0a18ad4bd9845e374 98c96a7a0f3343c0a18ad4bd9845e374] 10.0.0.236 "DELETE /resource_providers/c34e93ad-cf93-4f94-939f-3a5e61c7eb99" status: 404 len: 246 microversion: 1.1
2026-07-21 22:10:57.789 8 INFO placement.requestlog [None req-5e50387a-9cdf-48bd-b5cd-fbdbb0e3bf15 294eab28782a44b793f68080f8646925 a2a1e0c2788048ff8492de98ea2929da - - 98c96a7a0f3343c0a18ad4bd9845e374 98c96a7a0f3343c0a18ad4bd9845e374] 10.0.0.236 "DELETE /resource_providers/c34e93ad-cf93-4f94-939f-3a5e61c7eb99" status: 404 len: 246 microversion: 1.1 [pid: 8|app: 0|req: 349/701] 10.0.0.236 () {34 vars in 825 bytes} [Tue Jul 21 22:10:57 2026] DELETE /resource_providers/c34e93ad-cf93-4f94-939f-3a5e61c7eb99 => generated 246 bytes in 21 msecs (HTTP/1.1 404) 6 headers in 231 bytes (1 switches on core 0) [pid: 7|app: 0|req: 352/701] 10.0.0.236 () {34 vars in 825 bytes} [Tue Jul 21 22:10:57 2026] DELETE /resource_providers/c34e93ad-cf93-4f94-939f-3a5e61c7eb99 => generated 246 bytes in 23 msecs (HTTP/1.1 404) 6 headers in 231 bytes (1 switches on core 0)
2026-07-21 22:11:00.504 8 INFO placement.requestlog [req-0800fee5-b16d-4245-abca-901a5f26fcb8 req-092ff012-8461-4795-994f-96ec820bae21 e312d62cd9ed4f66a9db38d7a2c04cd6 a2a1e0c2788048ff8492de98ea2929da - - 98c96a7a0f3343c0a18ad4bd9845e374 98c96a7a0f3343c0a18ad4bd9845e374] 10.0.0.56 "GET /allocation_candidates?limit=1000&resources=DISK_GB%3A1%2CMEMORY_MB%3A512%2CVCPU%3A1&root_required=%21COMPUTE_STATUS_DISABLED" status: 200 len: 2149 microversion: 1.36 [pid: 8|app: 0|req: 350/702] 10.0.0.56 () {34 vars in 1011 bytes} [Tue Jul 21 22:11:00 2026] GET /allocation_candidates?limit=1000&resources=DISK_GB%3A1%2CMEMORY_MB%3A512%2CVCPU%3A1&root_required=%21COMPUTE_STATUS_DISABLED => generated 2149 bytes in 68 msecs (HTTP/1.1 200) 8 headers in 297 bytes (1 switches on core 0)
2026-07-21 22:11:00.546 7 INFO placement.requestlog [req-0800fee5-b16d-4245-abca-901a5f26fcb8 req-fc3713f0-e8c7-4982-a065-7522c598fcd4 e312d62cd9ed4f66a9db38d7a2c04cd6 a2a1e0c2788048ff8492de98ea2929da - - 98c96a7a0f3343c0a18ad4bd9845e374 98c96a7a0f3343c0a18ad4bd9845e374] 10.0.0.56 "GET /allocations/d98f65f6-25e2-4231-aff6-aa6c9bf08690" status: 200 len: 19 microversion: 1.28 [pid: 7|app: 0|req: 353/703] 10.0.0.56 () {34 vars in 860 bytes} [Tue Jul 21 22:11:00 2026] GET /allocations/d98f65f6-25e2-4231-aff6-aa6c9bf08690 => generated 19 bytes in 12 msecs (HTTP/1.1 200) 8 headers in 295 bytes (1 switches on core 0)
2026-07-21 22:11:00.644 8 INFO placement.requestlog [req-0800fee5-b16d-4245-abca-901a5f26fcb8 req-48cc4a67-d876-4e6f-8f26-cdaf41781d62 e312d62cd9ed4f66a9db38d7a2c04cd6 a2a1e0c2788048ff8492de98ea2929da - - 98c96a7a0f3343c0a18ad4bd9845e374 98c96a7a0f3343c0a18ad4bd9845e374] 10.0.0.56 "PUT /allocations/d98f65f6-25e2-4231-aff6-aa6c9bf08690" status: 204 len: 0 microversion: 1.36 [pid: 8|app: 0|req: 351/704] 10.0.0.56 () {38 vars in 913 bytes} [Tue Jul 21 22:11:00 2026] PUT /allocations/d98f65f6-25e2-4231-aff6-aa6c9bf08690 => generated 0 bytes in 92 msecs (HTTP/1.1 204) 5 headers in 199 bytes (1 switches on core 0)
2026-07-21 22:11:00.948 7 INFO placement.requestlog [req-0800fee5-b16d-4245-abca-901a5f26fcb8 req-96b85918-70e6-424b-98b1-136c52cede89 e312d62cd9ed4f66a9db38d7a2c04cd6 a2a1e0c2788048ff8492de98ea2929da - - 98c96a7a0f3343c0a18ad4bd9845e374 98c96a7a0f3343c0a18ad4bd9845e374] 199.204.45.72 "GET /allocations/d98f65f6-25e2-4231-aff6-aa6c9bf08690" status: 200 len: 257 microversion: 1.28 [pid: 7|app: 0|req: 354/705] 199.204.45.72 () {34 vars in 862 bytes} [Tue Jul 21 22:11:00 2026] GET /allocations/d98f65f6-25e2-4231-aff6-aa6c9bf08690 => generated 257 bytes in 25 msecs (HTTP/1.1 200) 8 headers in 296 bytes (1 switches on core 0)
