Jul 20 09:03:26.163392 np0000185886 nova-conductor[109261]: DEBUG cotyledon.oslo_config_glue [-] vmware.ca_file = None {{(pid=109261) log_opt_values /opt/stack/data/venv/lib/python3.12/site-packages/oslo_config/cfg.py:3253}}
Jul 20 09:03:26.163392 np0000185886 nova-conductor[109261]: DEBUG cotyledon.oslo_config_glue [-] vmware.cache_prefix = None {{(pid=109261) log_opt_values /opt/stack/data/venv/lib/python3.12/site-packages/oslo_config/cfg.py:3253}}
Jul 20 09:03:26.163392 np0000185886 nova-conductor[109261]: DEBUG cotyledon.oslo_config_glue [-] vmware.cluster_name = None {{(pid=109261) log_opt_values /opt/stack/data/venv/lib/python3.12/site-packages/oslo_config/cfg.py:3253}}
Jul 20 09:03:26.163392 np0000185886 nova-conductor[109261]: DEBUG cotyledon.oslo_config_glue [-] vmware.connection_pool_size = 10 {{(pid=109261) log_opt_values /opt/stack/data/venv/lib/python3.12/site-packages/oslo_config/cfg.py:3253}}
Jul 20 09:03:26.163628 np0000185886 nova-conductor[109261]: DEBUG cotyledon.oslo_config_glue [-] vmware.console_delay_seconds = None {{(pid=109261) log_opt_values /opt/stack/data/venv/lib/python3.12/site-packages/oslo_config/cfg.py:3253}}
Jul 20 09:03:26.163628 np0000185886 nova-conductor[109261]: DEBUG cotyledon.oslo_config_glue [-] vmware.datastore_regex = None {{(pid=109261) log_opt_values /opt/stack/data/venv/lib/python3.12/site-packages/oslo_config/cfg.py:3253}}
Jul 20 09:03:26.163628 np0000185886 nova-conductor[109261]: DEBUG cotyledon.oslo_config_glue [-] vmware.host_ip = None {{(pid=109261) log_opt_values /opt/stack/data/venv/lib/python3.12/site-packages/oslo_config/cfg.py:3253}}
Jul 20 09:03:26.163628 np0000185886 nova-conductor[109261]: DEBUG cotyledon.oslo_config_glue [-] vmware.host_password = **** {{(pid=109261) log_opt_values /opt/stack/data/venv/lib/python3.12/site-packages/oslo_config/cfg.py:3253}}
Jul 20 09:03:26.163628 np0000185886 nova-conductor[109261]: DEBUG cotyledon.oslo_config_glue [-] vmware.host_port = 443 {{(pid=109261) log_opt_values /opt/stack/data/venv/lib/python3.12/site-packages/oslo_config/cfg.py:3253}}
Jul 20 09:03:26.163628 np0000185886 nova-conductor[109261]: DEBUG cotyledon.oslo_config_glue [-] vmware.host_username = None {{(pid=109261) log_opt_values /opt/stack/data/venv/lib/python3.12/site-packages/oslo_config/cfg.py:3253}}
Jul 20 09:03:26.163628 np0000185886 nova-conductor[109261]: DEBUG cotyledon.oslo_config_glue [-] vmware.insecure = False {{(pid=109261) log_opt_values /opt/stack/data/venv/lib/python3.12/site-packages/oslo_config/cfg.py:3253}}
Jul 20 09:03:26.163628 np0000185886 nova-conductor[109261]: DEBUG cotyledon.oslo_config_glue [-] vmware.integration_bridge = None {{(pid=109261) log_opt_values /opt/stack/data/venv/lib/python3.12/site-packages/oslo_config/cfg.py:3253}}
Jul 20 09:03:26.163628 np0000185886 nova-conductor[109261]: DEBUG cotyledon.oslo_config_glue [-] vmware.maximum_objects = 100 {{(pid=109261) log_opt_values /opt/stack/data/venv/lib/python3.12/site-packages/oslo_config/cfg.py:3253}}
Jul 20 09:03:26.163816 np0000185886 nova-conductor[109261]: DEBUG cotyledon.oslo_config_glue [-] vmware.pbm_default_policy = None {{(pid=109261) log_opt_values /opt/stack/data/venv/lib/python3.12/site-packages/oslo_config/cfg.py:3253}}
Jul 20 09:03:26.163816 np0000185886 nova-conductor[109261]: DEBUG cotyledon.oslo_config_glue [-] vmware.pbm_enabled = False {{(pid=109261) log_opt_values /opt/stack/data/venv/lib/python3.12/site-packages/oslo_config/cfg.py:3253}}
Jul 20 09:03:26.163816 np0000185886 nova-conductor[109261]: DEBUG cotyledon.oslo_config_glue [-] vmware.pbm_wsdl_location = None {{(pid=109261) log_opt_values /opt/stack/data/venv/lib/python3.12/site-packages/oslo_config/cfg.py:3253}}
Jul 20 09:03:26.163816 np0000185886 nova-conductor[109261]: DEBUG cotyledon.oslo_config_glue [-] vmware.serial_log_dir = /opt/vmware/vspc {{(pid=109261) log_opt_values /opt/stack/data/venv/lib/python3.12/site-packages/oslo_config/cfg.py:3253}}
Jul 20 09:03:26.163816 np0000185886 nova-conductor[109261]: DEBUG cotyledon.oslo_config_glue [-] vmware.serial_port_proxy_uri = None {{(pid=109261) log_opt_values /opt/stack/data/venv/lib/python3.12/site-packages/oslo_config/cfg.py:3253}}
Jul 20 09:03:26.163816 np0000185886 nova-conductor[109261]: DEBUG cotyledon.oslo_config_glue [-] vmware.serial_port_service_uri = None {{(pid=109261) log_opt_values /opt/stack/data/venv/lib/python3.12/site-packages/oslo_config/cfg.py:3253}}
Jul 20 09:03:26.163816 np0000185886 nova-conductor[109261]: DEBUG cotyledon.oslo_config_glue [-] vmware.task_poll_interval = 0.5 {{(pid=109261) log_opt_values /opt/stack/data/venv/lib/python3.12/site-packages/oslo_config/cfg.py:3253}}
Jul 20 09:03:26.163816 np0000185886 nova-conductor[109261]: DEBUG cotyledon.oslo_config_glue [-] vmware.use_linked_clone = True {{(pid=109261) log_opt_values /opt/stack/data/venv/lib/python3.12/site-packages/oslo_config/cfg.py:3253}}
Jul 20 09:03:26.163816 np0000185886 nova-conductor[109261]: DEBUG cotyledon.oslo_config_glue [-] vmware.vnc_keymap = en-us {{(pid=109261) log_opt_values /opt/stack/data/venv/lib/python3.12/site-packages/oslo_config/cfg.py:3253}}
Jul 20 09:03:26.164015 np0000185886 nova-conductor[109261]: DEBUG cotyledon.oslo_config_glue [-] vmware.vnc_port = 5900 {{(pid=109261) log_opt_values /opt/stack/data/venv/lib/python3.12/site-packages/oslo_config/cfg.py:3253}}
Jul 20 09:03:26.164015 np0000185886 nova-conductor[109261]: DEBUG cotyledon.oslo_config_glue [-] vmware.vnc_port_total = 10000 {{(pid=109261) log_opt_values /opt/stack/data/venv/lib/python3.12/site-packages/oslo_config/cfg.py:3253}}
Jul 20 09:03:26.164015 np0000185886 nova-conductor[109261]: DEBUG cotyledon.oslo_config_glue [-] vnc.auth_schemes = ['none'] {{(pid=109261) log_opt_values /opt/stack/data/venv/lib/python3.12/site-packages/oslo_config/cfg.py:3253}}
Jul 20 09:03:26.164015 np0000185886 nova-conductor[109261]: DEBUG cotyledon.oslo_config_glue [-] vnc.enabled = True {{(pid=109261) log_opt_values /opt/stack/data/venv/lib/python3.12/site-packages/oslo_config/cfg.py:3253}}
Jul 20 09:03:26.164015 np0000185886 nova-conductor[109261]: DEBUG cotyledon.oslo_config_glue [-] vnc.novncproxy_base_url = http://127.0.0.1:6080/vnc_auto.html {{(pid=109261) log_opt_values /opt/stack/data/venv/lib/python3.12/site-packages/oslo_config/cfg.py:3253}}
Jul 20 09:03:26.164015 np0000185886 nova-conductor[109261]: DEBUG cotyledon.oslo_config_glue [-] vnc.novncproxy_host = 0.0.0.0 {{(pid=109261) log_opt_values /opt/stack/data/venv/lib/python3.12/site-packages/oslo_config/cfg.py:3253}}
Jul 20 09:03:26.164015 np0000185886 nova-conductor[109261]: DEBUG cotyledon.oslo_config_glue [-] vnc.novncproxy_port = 6080 {{(pid=109261) log_opt_values /opt/stack/data/venv/lib/python3.12/site-packages/oslo_config/cfg.py:3253}}
Jul 20 09:03:26.164015 np0000185886 nova-conductor[109261]: DEBUG cotyledon.oslo_config_glue [-] vnc.server_listen = 127.0.0.1 {{(pid=109261) log_opt_values /opt/stack/data/venv/lib/python3.12/site-packages/oslo_config/cfg.py:3253}}
Jul 20 09:03:26.164015 np0000185886 nova-conductor[109261]: DEBUG cotyledon.oslo_config_glue [-] vnc.server_proxyclient_address = 127.0.0.1 {{(pid=109261) log_opt_values /opt/stack/data/venv/lib/python3.12/site-packages/oslo_config/cfg.py:3253}}
Jul 20 09:03:26.164227 np0000185886 nova-conductor[109261]: DEBUG cotyledon.oslo_config_glue [-] vnc.vencrypt_ca_certs = None {{(pid=109261) log_opt_values /opt/stack/data/venv/lib/python3.12/site-packages/oslo_config/cfg.py:3253}}
Jul 20 09:03:26.164227 np0000185886 nova-conductor[109261]: DEBUG cotyledon.oslo_config_glue [-] vnc.vencrypt_client_cert = None {{(pid=109261) log_opt_values /opt/stack/data/venv/lib/python3.12/site-packages/oslo_config/cfg.py:3253}}
Jul 20 09:03:26.164227 np0000185886 nova-conductor[109261]: DEBUG cotyledon.oslo_config_glue [-] vnc.vencrypt_client_key = None {{(pid=109261) log_opt_values /opt/stack/data/venv/lib/python3.12/site-packages/oslo_config/cfg.py:3253}}
Jul 20 09:03:26.164227 np0000185886 nova-conductor[109261]: DEBUG cotyledon.oslo_config_glue [-] workarounds.disable_compute_service_check_for_ffu = False {{(pid=109261) log_opt_values /opt/stack/data/venv/lib/python3.12/site-packages/oslo_config/cfg.py:3253}}
Jul 20 09:03:26.164227 np0000185886 nova-conductor[109261]: DEBUG cotyledon.oslo_config_glue [-] workarounds.disable_deep_image_inspection = False {{(pid=109261) log_opt_values /opt/stack/data/venv/lib/python3.12/site-packages/oslo_config/cfg.py:3253}}
Jul 20 09:03:26.164227 np0000185886 nova-conductor[109261]: DEBUG cotyledon.oslo_config_glue [-] workarounds.disable_fallback_pcpu_query = False {{(pid=109261) log_opt_values /opt/stack/data/venv/lib/python3.12/site-packages/oslo_config/cfg.py:3253}}
Jul 20 09:03:26.164227 np0000185886 nova-conductor[109261]: DEBUG cotyledon.oslo_config_glue [-] workarounds.disable_group_policy_check_upcall = False {{(pid=109261) log_opt_values /opt/stack/data/venv/lib/python3.12/site-packages/oslo_config/cfg.py:3253}}
Jul 20 09:03:26.164227 np0000185886 nova-conductor[109261]: DEBUG cotyledon.oslo_config_glue [-] workarounds.disable_libvirt_livesnapshot = False {{(pid=109261) log_opt_values /opt/stack/data/venv/lib/python3.12/site-packages/oslo_config/cfg.py:3253}}
Jul 20 09:03:26.164227 np0000185886 nova-conductor[109261]: DEBUG cotyledon.oslo_config_glue [-] workarounds.disable_rootwrap = False {{(pid=109261) log_opt_values /opt/stack/data/venv/lib/python3.12/site-packages/oslo_config/cfg.py:3253}}
Jul 20 09:03:26.164432 np0000185886 nova-conductor[109261]: DEBUG cotyledon.oslo_config_glue [-] workarounds.enable_numa_live_migration = False {{(pid=109261) log_opt_values /opt/stack/data/venv/lib/python3.12/site-packages/oslo_config/cfg.py:3253}}
Jul 20 09:03:26.164432 np0000185886 nova-conductor[109261]: DEBUG cotyledon.oslo_config_glue [-] workarounds.enable_qemu_monitor_announce_self = False {{(pid=109261) log_opt_values /opt/stack/data/venv/lib/python3.12/site-packages/oslo_config/cfg.py:3253}}
Jul 20 09:03:26.164432 np0000185886 nova-conductor[109261]: DEBUG cotyledon.oslo_config_glue [-] workarounds.ensure_libvirt_rbd_instance_dir_cleanup = False {{(pid=109261) log_opt_values /opt/stack/data/venv/lib/python3.12/site-packages/oslo_config/cfg.py:3253}}
Jul 20 09:03:26.164432 np0000185886 nova-conductor[109261]: DEBUG cotyledon.oslo_config_glue [-] workarounds.handle_virt_lifecycle_events = True {{(pid=109261) log_opt_values /opt/stack/data/venv/lib/python3.12/site-packages/oslo_config/cfg.py:3253}}
Jul 20 09:03:26.164432 np0000185886 nova-conductor[109261]: DEBUG cotyledon.oslo_config_glue [-] workarounds.libvirt_disable_apic = False {{(pid=109261) log_opt_values /opt/stack/data/venv/lib/python3.12/site-packages/oslo_config/cfg.py:3253}}
Jul 20 09:03:26.164432 np0000185886 nova-conductor[109261]: DEBUG cotyledon.oslo_config_glue [-] workarounds.never_download_image_if_on_rbd = False {{(pid=109261) log_opt_values /opt/stack/data/venv/lib/python3.12/site-packages/oslo_config/cfg.py:3253}}
Jul 20 09:03:26.164432 np0000185886 nova-conductor[109261]: DEBUG cotyledon.oslo_config_glue [-] workarounds.qemu_monitor_announce_self_count = 3 {{(pid=109261) log_opt_values /opt/stack/data/venv/lib/python3.12/site-packages/oslo_config/cfg.py:3253}}
Jul 20 09:03:26.164432 np0000185886 nova-conductor[109261]: DEBUG cotyledon.oslo_config_glue [-] workarounds.qemu_monitor_announce_self_interval = 1 {{(pid=109261) log_opt_values /opt/stack/data/venv/lib/python3.12/site-packages/oslo_config/cfg.py:3253}}
Jul 20 09:03:26.164432 np0000185886 nova-conductor[109261]: DEBUG cotyledon.oslo_config_glue [-] workarounds.reserve_disk_resource_for_image_cache = False {{(pid=109261) log_opt_values /opt/stack/data/venv/lib/python3.12/site-packages/oslo_config/cfg.py:3253}}
Jul 20 09:03:26.164757 np0000185886 nova-conductor[109261]: DEBUG cotyledon.oslo_config_glue [-] workarounds.skip_cpu_compare_at_startup = False {{(pid=109261) log_opt_values /opt/stack/data/venv/lib/python3.12/site-packages/oslo_config/cfg.py:3253}}
Jul 20 09:03:26.164757 np0000185886 nova-conductor[109261]: DEBUG cotyledon.oslo_config_glue [-] workarounds.skip_cpu_compare_on_dest = False {{(pid=109261) log_opt_values /opt/stack/data/venv/lib/python3.12/site-packages/oslo_config/cfg.py:3253}}
Jul 20 09:03:26.164757 np0000185886 nova-conductor[109261]: DEBUG cotyledon.oslo_config_glue [-] workarounds.skip_hypervisor_version_check_on_lm = False {{(pid=109261) log_opt_values /opt/stack/data/venv/lib/python3.12/site-packages/oslo_config/cfg.py:3253}}
Jul 20 09:03:26.164757 np0000185886 nova-conductor[109261]: DEBUG cotyledon.oslo_config_glue [-] workarounds.skip_reserve_in_use_ironic_nodes = False {{(pid=109261) log_opt_values /opt/stack/data/venv/lib/python3.12/site-packages/oslo_config/cfg.py:3253}}
Jul 20 09:03:26.164757 np0000185886 nova-conductor[109261]: DEBUG cotyledon.oslo_config_glue [-] workarounds.unified_limits_count_pcpu_as_vcpu = False {{(pid=109261) log_opt_values /opt/stack/data/venv/lib/python3.12/site-packages/oslo_config/cfg.py:3253}}
Jul 20 09:03:26.164757 np0000185886 nova-conductor[109261]: DEBUG cotyledon.oslo_config_glue [-] workarounds.wait_for_vif_plugged_event_during_hard_reboot = [] {{(pid=109261) log_opt_values /opt/stack/data/venv/lib/python3.12/site-packages/oslo_config/cfg.py:3253}}
Jul 20 09:03:26.164757 np0000185886 nova-conductor[109261]: DEBUG cotyledon.oslo_config_glue [-] wsgi.api_paste_config = /etc/nova/api-paste.ini {{(pid=109261) log_opt_values /opt/stack/data/venv/lib/python3.12/site-packages/oslo_config/cfg.py:3253}}
Jul 20 09:03:26.164757 np0000185886 nova-conductor[109261]: DEBUG cotyledon.oslo_config_glue [-] wsgi.secure_proxy_ssl_header = None {{(pid=109261) log_opt_values /opt/stack/data/venv/lib/python3.12/site-packages/oslo_config/cfg.py:3253}}
Jul 20 09:03:26.164757 np0000185886 nova-conductor[109261]: DEBUG cotyledon.oslo_config_glue [-] zvm.ca_file = None {{(pid=109261) log_opt_values /opt/stack/data/venv/lib/python3.12/site-packages/oslo_config/cfg.py:3253}}
Jul 20 09:03:26.164977 np0000185886 nova-conductor[109261]: DEBUG cotyledon.oslo_config_glue [-] zvm.cloud_connector_url = None {{(pid=109261) log_opt_values /opt/stack/data/venv/lib/python3.12/site-packages/oslo_config/cfg.py:3253}}
Jul 20 09:03:26.164977 np0000185886 nova-conductor[109261]: DEBUG cotyledon.oslo_config_glue [-] zvm.image_tmp_path = /opt/stack/data/nova/images {{(pid=109261) log_opt_values /opt/stack/data/venv/lib/python3.12/site-packages/oslo_config/cfg.py:3253}}
Jul 20 09:03:26.164977 np0000185886 nova-conductor[109261]: DEBUG cotyledon.oslo_config_glue [-] zvm.reachable_timeout = 300 {{(pid=109261) log_opt_values /opt/stack/data/venv/lib/python3.12/site-packages/oslo_config/cfg.py:3253}}
Jul 20 09:03:26.164977 np0000185886 nova-conductor[109261]: DEBUG cotyledon.oslo_config_glue [-] oslo_versionedobjects.fatal_exception_format_errors = False {{(pid=109261) log_opt_values /opt/stack/data/venv/lib/python3.12/site-packages/oslo_config/cfg.py:3253}}
Jul 20 09:03:26.164977 np0000185886 nova-conductor[109261]: DEBUG cotyledon.oslo_config_glue [-] oslo_middleware.http_basic_auth_user_file = /etc/htpasswd {{(pid=109261) log_opt_values /opt/stack/data/venv/lib/python3.12/site-packages/oslo_config/cfg.py:3253}}
Jul 20 09:03:26.164977 np0000185886 nova-conductor[109261]: DEBUG cotyledon.oslo_config_glue [-] profiler.connection_string = messaging:// {{(pid=109261) log_opt_values /opt/stack/data/venv/lib/python3.12/site-packages/oslo_config/cfg.py:3253}}
Jul 20 09:03:26.164977 np0000185886 nova-conductor[109261]: DEBUG cotyledon.oslo_config_glue [-] profiler.enabled = False {{(pid=109261) log_opt_values /opt/stack/data/venv/lib/python3.12/site-packages/oslo_config/cfg.py:3253}}
Jul 20 09:03:26.164977 np0000185886 nova-conductor[109261]: DEBUG cotyledon.oslo_config_glue [-] profiler.es_doc_type = notification {{(pid=109261) log_opt_values /opt/stack/data/venv/lib/python3.12/site-packages/oslo_config/cfg.py:3253}}
Jul 20 09:03:26.164977 np0000185886 nova-conductor[109261]: DEBUG cotyledon.oslo_config_glue [-] profiler.es_scroll_size = 10000 {{(pid=109261) log_opt_values /opt/stack/data/venv/lib/python3.12/site-packages/oslo_config/cfg.py:3253}}
Jul 20 09:03:26.165207 np0000185886 nova-conductor[109261]: DEBUG cotyledon.oslo_config_glue [-] profiler.es_scroll_time = 2m {{(pid=109261) log_opt_values /opt/stack/data/venv/lib/python3.12/site-packages/oslo_config/cfg.py:3253}}
Jul 20 09:03:26.165207 np0000185886 nova-conductor[109261]: DEBUG cotyledon.oslo_config_glue [-] profiler.filter_error_trace = False {{(pid=109261) log_opt_values /opt/stack/data/venv/lib/python3.12/site-packages/oslo_config/cfg.py:3253}}
Jul 20 09:03:26.165207 np0000185886 nova-conductor[109261]: DEBUG cotyledon.oslo_config_glue [-] profiler.hmac_keys = **** {{(pid=109261) log_opt_values /opt/stack/data/venv/lib/python3.12/site-packages/oslo_config/cfg.py:3253}}
Jul 20 09:03:26.165207 np0000185886 nova-conductor[109261]: DEBUG cotyledon.oslo_config_glue [-] profiler.sentinel_service_name = mymaster {{(pid=109261) log_opt_values /opt/stack/data/venv/lib/python3.12/site-packages/oslo_config/cfg.py:3253}}
Jul 20 09:03:26.165207 np0000185886 nova-conductor[109261]: DEBUG cotyledon.oslo_config_glue [-] profiler.socket_timeout = 0.1 {{(pid=109261) log_opt_values /opt/stack/data/venv/lib/python3.12/site-packages/oslo_config/cfg.py:3253}}
Jul 20 09:03:26.165207 np0000185886 nova-conductor[109261]: DEBUG cotyledon.oslo_config_glue [-] profiler.trace_requests = False {{(pid=109261) log_opt_values /opt/stack/data/venv/lib/python3.12/site-packages/oslo_config/cfg.py:3253}}
Jul 20 09:03:26.165207 np0000185886 nova-conductor[109261]: DEBUG cotyledon.oslo_config_glue [-] profiler.trace_sqlalchemy = False {{(pid=109261) log_opt_values /opt/stack/data/venv/lib/python3.12/site-packages/oslo_config/cfg.py:3253}}
Jul 20 09:03:26.165207 np0000185886 nova-conductor[109261]: DEBUG cotyledon.oslo_config_glue [-] profiler_jaeger.process_tags = {} {{(pid=109261) log_opt_values /opt/stack/data/venv/lib/python3.12/site-packages/oslo_config/cfg.py:3253}}
Jul 20 09:03:26.165207 np0000185886 nova-conductor[109261]: DEBUG cotyledon.oslo_config_glue [-] profiler_jaeger.service_name_prefix = None {{(pid=109261) log_opt_values /opt/stack/data/venv/lib/python3.12/site-packages/oslo_config/cfg.py:3253}}
Jul 20 09:03:26.165409 np0000185886 nova-conductor[109261]: DEBUG cotyledon.oslo_config_glue [-] profiler_otlp.service_name_prefix = None {{(pid=109261) log_opt_values /opt/stack/data/venv/lib/python3.12/site-packages/oslo_config/cfg.py:3253}}
Jul 20 09:03:26.165409 np0000185886 nova-conductor[109261]: DEBUG cotyledon.oslo_config_glue [-] oslo_messaging_rabbit.amqp_auto_delete = False {{(pid=109261) log_opt_values /opt/stack/data/venv/lib/python3.12/site-packages/oslo_config/cfg.py:3253}}
Jul 20 09:03:26.165409 np0000185886 nova-conductor[109261]: DEBUG cotyledon.oslo_config_glue [-] oslo_messaging_rabbit.amqp_durable_queues = False {{(pid=109261) log_opt_values /opt/stack/data/venv/lib/python3.12/site-packages/oslo_config/cfg.py:3253}}
Jul 20 09:03:26.165409 np0000185886 nova-conductor[109261]: DEBUG cotyledon.oslo_config_glue [-] oslo_messaging_rabbit.conn_pool_min_size = 2 {{(pid=109261) log_opt_values /opt/stack/data/venv/lib/python3.12/site-packages/oslo_config/cfg.py:3253}}
Jul 20 09:03:26.165409 np0000185886 nova-conductor[109261]: DEBUG cotyledon.oslo_config_glue [-] oslo_messaging_rabbit.conn_pool_ttl = 1200 {{(pid=109261) log_opt_values /opt/stack/data/venv/lib/python3.12/site-packages/oslo_config/cfg.py:3253}}
Jul 20 09:03:26.165409 np0000185886 nova-conductor[109261]: DEBUG cotyledon.oslo_config_glue [-] oslo_messaging_rabbit.direct_mandatory_flag = True {{(pid=109261) log_opt_values /opt/stack/data/venv/lib/python3.12/site-packages/oslo_config/cfg.py:3253}}
Jul 20 09:03:26.165409 np0000185886 nova-conductor[109261]: DEBUG cotyledon.oslo_config_glue [-] oslo_messaging_rabbit.enable_cancel_on_failover = False {{(pid=109261) log_opt_values /opt/stack/data/venv/lib/python3.12/site-packages/oslo_config/cfg.py:3253}}
Jul 20 09:03:26.165409 np0000185886 nova-conductor[109261]: DEBUG cotyledon.oslo_config_glue [-] oslo_messaging_rabbit.heartbeat_rate = 3 {{(pid=109261) log_opt_values /opt/stack/data/venv/lib/python3.12/site-packages/oslo_config/cfg.py:3253}}
Jul 20 09:03:26.165409 np0000185886 nova-conductor[109261]: DEBUG cotyledon.oslo_config_glue [-] oslo_messaging_rabbit.heartbeat_timeout_threshold = 60 {{(pid=109261) log_opt_values /opt/stack/data/venv/lib/python3.12/site-packages/oslo_config/cfg.py:3253}}
Jul 20 09:03:26.165652 np0000185886 nova-conductor[109261]: DEBUG cotyledon.oslo_config_glue [-] oslo_messaging_rabbit.hostname = np0000185886 {{(pid=109261) log_opt_values /opt/stack/data/venv/lib/python3.12/site-packages/oslo_config/cfg.py:3253}}
Jul 20 09:03:26.165652 np0000185886 nova-conductor[109261]: DEBUG cotyledon.oslo_config_glue [-] oslo_messaging_rabbit.kombu_compression = None {{(pid=109261) log_opt_values /opt/stack/data/venv/lib/python3.12/site-packages/oslo_config/cfg.py:3253}}
Jul 20 09:03:26.165652 np0000185886 nova-conductor[109261]: DEBUG cotyledon.oslo_config_glue [-] oslo_messaging_rabbit.kombu_failover_strategy = round-robin {{(pid=109261) log_opt_values /opt/stack/data/venv/lib/python3.12/site-packages/oslo_config/cfg.py:3253}}
Jul 20 09:03:26.165652 np0000185886 nova-conductor[109261]: DEBUG cotyledon.oslo_config_glue [-] oslo_messaging_rabbit.kombu_missing_consumer_retry_timeout = 60 {{(pid=109261) log_opt_values /opt/stack/data/venv/lib/python3.12/site-packages/oslo_config/cfg.py:3253}}
Jul 20 09:03:26.165652 np0000185886 nova-conductor[109261]: DEBUG cotyledon.oslo_config_glue [-] oslo_messaging_rabbit.kombu_reconnect_delay = 1.0 {{(pid=109261) log_opt_values /opt/stack/data/venv/lib/python3.12/site-packages/oslo_config/cfg.py:3253}}
Jul 20 09:03:26.165652 np0000185886 nova-conductor[109261]: DEBUG cotyledon.oslo_config_glue [-] oslo_messaging_rabbit.kombu_reconnect_splay = 0.0 {{(pid=109261) log_opt_values /opt/stack/data/venv/lib/python3.12/site-packages/oslo_config/cfg.py:3253}}
Jul 20 09:03:26.165652 np0000185886 nova-conductor[109261]: DEBUG cotyledon.oslo_config_glue [-] oslo_messaging_rabbit.processname = nova-conductor {{(pid=109261) log_opt_values /opt/stack/data/venv/lib/python3.12/site-packages/oslo_config/cfg.py:3253}}
Jul 20 09:03:26.165652 np0000185886 nova-conductor[109261]: DEBUG cotyledon.oslo_config_glue [-] oslo_messaging_rabbit.rabbit_ha_queues = False {{(pid=109261) log_opt_values /opt/stack/data/venv/lib/python3.12/site-packages/oslo_config/cfg.py:3253}}
Jul 20 09:03:26.165652 np0000185886 nova-conductor[109261]: DEBUG cotyledon.oslo_config_glue [-] oslo_messaging_rabbit.rabbit_interval_max = 30 {{(pid=109261) log_opt_values /opt/stack/data/venv/lib/python3.12/site-packages/oslo_config/cfg.py:3253}}
Jul 20 09:03:26.165860 np0000185886 nova-conductor[109261]: DEBUG cotyledon.oslo_config_glue [-] oslo_messaging_rabbit.rabbit_login_method = AMQPLAIN {{(pid=109261) log_opt_values /opt/stack/data/venv/lib/python3.12/site-packages/oslo_config/cfg.py:3253}}
Jul 20 09:03:26.165860 np0000185886 nova-conductor[109261]: DEBUG cotyledon.oslo_config_glue [-] oslo_messaging_rabbit.rabbit_qos_prefetch_count = 0 {{(pid=109261) log_opt_values /opt/stack/data/venv/lib/python3.12/site-packages/oslo_config/cfg.py:3253}}
Jul 20 09:03:26.165860 np0000185886 nova-conductor[109261]: DEBUG cotyledon.oslo_config_glue [-] oslo_messaging_rabbit.rabbit_quorum_delivery_limit = 0 {{(pid=109261) log_opt_values /opt/stack/data/venv/lib/python3.12/site-packages/oslo_config/cfg.py:3253}}
Jul 20 09:03:26.165860 np0000185886 nova-conductor[109261]: DEBUG cotyledon.oslo_config_glue [-] oslo_messaging_rabbit.rabbit_quorum_max_memory_bytes = 0 {{(pid=109261) log_opt_values /opt/stack/data/venv/lib/python3.12/site-packages/oslo_config/cfg.py:3253}}
Jul 20 09:03:26.165860 np0000185886 nova-conductor[109261]: DEBUG cotyledon.oslo_config_glue [-] oslo_messaging_rabbit.rabbit_quorum_max_memory_length = 0 {{(pid=109261) log_opt_values /opt/stack/data/venv/lib/python3.12/site-packages/oslo_config/cfg.py:3253}}
Jul 20 09:03:26.165860 np0000185886 nova-conductor[109261]: DEBUG cotyledon.oslo_config_glue [-] oslo_messaging_rabbit.rabbit_quorum_queue = False {{(pid=109261) log_opt_values /opt/stack/data/venv/lib/python3.12/site-packages/oslo_config/cfg.py:3253}}
Jul 20 09:03:26.165860 np0000185886 nova-conductor[109261]: DEBUG cotyledon.oslo_config_glue [-] oslo_messaging_rabbit.rabbit_retry_backoff = 2 {{(pid=109261) log_opt_values /opt/stack/data/venv/lib/python3.12/site-packages/oslo_config/cfg.py:3253}}
Jul 20 09:03:26.165860 np0000185886 nova-conductor[109261]: DEBUG cotyledon.oslo_config_glue [-] oslo_messaging_rabbit.rabbit_retry_interval = 1 {{(pid=109261) log_opt_values /opt/stack/data/venv/lib/python3.12/site-packages/oslo_config/cfg.py:3253}}
Jul 20 09:03:26.166052 np0000185886 nova-conductor[109261]: DEBUG cotyledon.oslo_config_glue [-] oslo_messaging_rabbit.rabbit_stream_fanout = False {{(pid=109261) log_opt_values /opt/stack/data/venv/lib/python3.12/site-packages/oslo_config/cfg.py:3253}}
Jul 20 09:03:26.166052 np0000185886 nova-conductor[109261]: DEBUG cotyledon.oslo_config_glue [-] oslo_messaging_rabbit.rabbit_transient_queues_ttl = 1800 {{(pid=109261) log_opt_values /opt/stack/data/venv/lib/python3.12/site-packages/oslo_config/cfg.py:3253}}
Jul 20 09:03:26.166052 np0000185886 nova-conductor[109261]: DEBUG cotyledon.oslo_config_glue [-] oslo_messaging_rabbit.rabbit_transient_quorum_queue = False {{(pid=109261) log_opt_values /opt/stack/data/venv/lib/python3.12/site-packages/oslo_config/cfg.py:3253}}
Jul 20 09:03:26.166052 np0000185886 nova-conductor[109261]: DEBUG cotyledon.oslo_config_glue [-] oslo_messaging_rabbit.rpc_conn_pool_size = 30 {{(pid=109261) log_opt_values /opt/stack/data/venv/lib/python3.12/site-packages/oslo_config/cfg.py:3253}}
Jul 20 09:03:26.166052 np0000185886 nova-conductor[109261]: DEBUG cotyledon.oslo_config_glue [-] oslo_messaging_rabbit.ssl = False {{(pid=109261) log_opt_values /opt/stack/data/venv/lib/python3.12/site-packages/oslo_config/cfg.py:3253}}
Jul 20 09:03:26.166052 np0000185886 nova-conductor[109261]: DEBUG cotyledon.oslo_config_glue [-] oslo_messaging_rabbit.ssl_ca_file = {{(pid=109261) log_opt_values /opt/stack/data/venv/lib/python3.12/site-packages/oslo_config/cfg.py:3253}}
Jul 20 09:03:26.166052 np0000185886 nova-conductor[109261]: DEBUG cotyledon.oslo_config_glue [-] oslo_messaging_rabbit.ssl_cert_file = {{(pid=109261) log_opt_values /opt/stack/data/venv/lib/python3.12/site-packages/oslo_config/cfg.py:3253}}
Jul 20 09:03:26.166052 np0000185886 nova-conductor[109261]: DEBUG cotyledon.oslo_config_glue [-] oslo_messaging_rabbit.ssl_enforce_fips_mode = False {{(pid=109261) log_opt_values /opt/stack/data/venv/lib/python3.12/site-packages/oslo_config/cfg.py:3253}}
Jul 20 09:03:26.166052 np0000185886 nova-conductor[109261]: DEBUG cotyledon.oslo_config_glue [-] oslo_messaging_rabbit.ssl_enforce_hostname_verification = True {{(pid=109261) log_opt_values /opt/stack/data/venv/lib/python3.12/site-packages/oslo_config/cfg.py:3253}}
Jul 20 09:03:26.166276 np0000185886 nova-conductor[109261]: DEBUG cotyledon.oslo_config_glue [-] oslo_messaging_rabbit.ssl_key_file = {{(pid=109261) log_opt_values /opt/stack/data/venv/lib/python3.12/site-packages/oslo_config/cfg.py:3253}}
Jul 20 09:03:26.166276 np0000185886 nova-conductor[109261]: DEBUG cotyledon.oslo_config_glue [-] oslo_messaging_rabbit.ssl_version = {{(pid=109261) log_opt_values /opt/stack/data/venv/lib/python3.12/site-packages/oslo_config/cfg.py:3253}}
Jul 20 09:03:26.166276 np0000185886 nova-conductor[109261]: DEBUG cotyledon.oslo_config_glue [-] oslo_messaging_rabbit.use_queue_manager = False {{(pid=109261) log_opt_values /opt/stack/data/venv/lib/python3.12/site-packages/oslo_config/cfg.py:3253}}
Jul 20 09:03:26.166276 np0000185886 nova-conductor[109261]: DEBUG cotyledon.oslo_config_glue [-] oslo_messaging_notifications.driver = ['messagingv2'] {{(pid=109261) log_opt_values /opt/stack/data/venv/lib/python3.12/site-packages/oslo_config/cfg.py:3253}}
Jul 20 09:03:26.166276 np0000185886 nova-conductor[109261]: DEBUG cotyledon.oslo_config_glue [-] oslo_messaging_notifications.retry = -1 {{(pid=109261) log_opt_values /opt/stack/data/venv/lib/python3.12/site-packages/oslo_config/cfg.py:3253}}
Jul 20 09:03:26.166276 np0000185886 nova-conductor[109261]: DEBUG cotyledon.oslo_config_glue [-] oslo_messaging_notifications.topics = ['notifications'] {{(pid=109261) log_opt_values /opt/stack/data/venv/lib/python3.12/site-packages/oslo_config/cfg.py:3253}}
Jul 20 09:03:26.166276 np0000185886 nova-conductor[109261]: DEBUG cotyledon.oslo_config_glue [-] oslo_messaging_notifications.transport_url = **** {{(pid=109261) log_opt_values /opt/stack/data/venv/lib/python3.12/site-packages/oslo_config/cfg.py:3253}}
Jul 20 09:03:26.166276 np0000185886 nova-conductor[109261]: DEBUG cotyledon.oslo_config_glue [-] oslo_limit.auth_section = None {{(pid=109261) log_opt_values /opt/stack/data/venv/lib/python3.12/site-packages/oslo_config/cfg.py:3253}}
Jul 20 09:03:26.166276 np0000185886 nova-conductor[109261]: DEBUG cotyledon.oslo_config_glue [-] oslo_limit.auth_type = None {{(pid=109261) log_opt_values /opt/stack/data/venv/lib/python3.12/site-packages/oslo_config/cfg.py:3253}}
Jul 20 09:03:26.166479 np0000185886 nova-conductor[109261]: DEBUG cotyledon.oslo_config_glue [-] oslo_limit.cafile = None {{(pid=109261) log_opt_values /opt/stack/data/venv/lib/python3.12/site-packages/oslo_config/cfg.py:3253}}
Jul 20 09:03:26.166479 np0000185886 nova-conductor[109261]: DEBUG cotyledon.oslo_config_glue [-] oslo_limit.certfile = None {{(pid=109261) log_opt_values /opt/stack/data/venv/lib/python3.12/site-packages/oslo_config/cfg.py:3253}}
Jul 20 09:03:26.166479 np0000185886 nova-conductor[109261]: DEBUG cotyledon.oslo_config_glue [-] oslo_limit.collect_timing = False {{(pid=109261) log_opt_values /opt/stack/data/venv/lib/python3.12/site-packages/oslo_config/cfg.py:3253}}
Jul 20 09:03:26.166479 np0000185886 nova-conductor[109261]: DEBUG cotyledon.oslo_config_glue [-] oslo_limit.connect_retries = None {{(pid=109261) log_opt_values /opt/stack/data/venv/lib/python3.12/site-packages/oslo_config/cfg.py:3253}}
Jul 20 09:03:26.166479 np0000185886 nova-conductor[109261]: DEBUG cotyledon.oslo_config_glue [-] oslo_limit.connect_retry_delay = None {{(pid=109261) log_opt_values /opt/stack/data/venv/lib/python3.12/site-packages/oslo_config/cfg.py:3253}}
Jul 20 09:03:26.166479 np0000185886 nova-conductor[109261]: DEBUG cotyledon.oslo_config_glue [-] oslo_limit.endpoint_id = None {{(pid=109261) log_opt_values /opt/stack/data/venv/lib/python3.12/site-packages/oslo_config/cfg.py:3253}}
Jul 20 09:03:26.166479 np0000185886 nova-conductor[109261]: DEBUG cotyledon.oslo_config_glue [-] oslo_limit.endpoint_interface = public {{(pid=109261) log_opt_values /opt/stack/data/venv/lib/python3.12/site-packages/oslo_config/cfg.py:3253}}
Jul 20 09:03:26.166479 np0000185886 nova-conductor[109261]: DEBUG cotyledon.oslo_config_glue [-] oslo_limit.endpoint_override = None {{(pid=109261) log_opt_values /opt/stack/data/venv/lib/python3.12/site-packages/oslo_config/cfg.py:3253}}
Jul 20 09:03:26.166479 np0000185886 nova-conductor[109261]: DEBUG cotyledon.oslo_config_glue [-] oslo_limit.endpoint_region_name = None {{(pid=109261) log_opt_values /opt/stack/data/venv/lib/python3.12/site-packages/oslo_config/cfg.py:3253}}
Jul 20 09:03:26.166684 np0000185886 nova-conductor[109261]: DEBUG cotyledon.oslo_config_glue [-] oslo_limit.endpoint_service_name = None {{(pid=109261) log_opt_values /opt/stack/data/venv/lib/python3.12/site-packages/oslo_config/cfg.py:3253}}
Jul 20 09:03:26.166684 np0000185886 nova-conductor[109261]: DEBUG cotyledon.oslo_config_glue [-] oslo_limit.endpoint_service_type = None {{(pid=109261) log_opt_values /opt/stack/data/venv/lib/python3.12/site-packages/oslo_config/cfg.py:3253}}
Jul 20 09:03:26.166684 np0000185886 nova-conductor[109261]: DEBUG cotyledon.oslo_config_glue [-] oslo_limit.insecure = False {{(pid=109261) log_opt_values /opt/stack/data/venv/lib/python3.12/site-packages/oslo_config/cfg.py:3253}}
Jul 20 09:03:26.166684 np0000185886 nova-conductor[109261]: DEBUG cotyledon.oslo_config_glue [-] oslo_limit.keyfile = None {{(pid=109261) log_opt_values /opt/stack/data/venv/lib/python3.12/site-packages/oslo_config/cfg.py:3253}}
Jul 20 09:03:26.166684 np0000185886 nova-conductor[109261]: DEBUG cotyledon.oslo_config_glue [-] oslo_limit.max_version = None {{(pid=109261) log_opt_values /opt/stack/data/venv/lib/python3.12/site-packages/oslo_config/cfg.py:3253}}
Jul 20 09:03:26.166684 np0000185886 nova-conductor[109261]: DEBUG cotyledon.oslo_config_glue [-] oslo_limit.min_version = None {{(pid=109261) log_opt_values /opt/stack/data/venv/lib/python3.12/site-packages/oslo_config/cfg.py:3253}}
Jul 20 09:03:26.166684 np0000185886 nova-conductor[109261]: DEBUG cotyledon.oslo_config_glue [-] oslo_limit.region_name = None {{(pid=109261) log_opt_values /opt/stack/data/venv/lib/python3.12/site-packages/oslo_config/cfg.py:3253}}
Jul 20 09:03:26.166684 np0000185886 nova-conductor[109261]: DEBUG cotyledon.oslo_config_glue [-] oslo_limit.retriable_status_codes = None {{(pid=109261) log_opt_values /opt/stack/data/venv/lib/python3.12/site-packages/oslo_config/cfg.py:3253}}
Jul 20 09:03:26.166684 np0000185886 nova-conductor[109261]: DEBUG cotyledon.oslo_config_glue [-] oslo_limit.service_name = None {{(pid=109261) log_opt_values /opt/stack/data/venv/lib/python3.12/site-packages/oslo_config/cfg.py:3253}}
Jul 20 09:03:26.166934 np0000185886 nova-conductor[109261]: DEBUG cotyledon.oslo_config_glue [-] oslo_limit.service_type = None {{(pid=109261) log_opt_values /opt/stack/data/venv/lib/python3.12/site-packages/oslo_config/cfg.py:3253}}
Jul 20 09:03:26.166934 np0000185886 nova-conductor[109261]: DEBUG cotyledon.oslo_config_glue [-] oslo_limit.split_loggers = False {{(pid=109261) log_opt_values /opt/stack/data/venv/lib/python3.12/site-packages/oslo_config/cfg.py:3253}}
Jul 20 09:03:26.166934 np0000185886 nova-conductor[109261]: DEBUG cotyledon.oslo_config_glue [-] oslo_limit.status_code_retries = None {{(pid=109261) log_opt_values /opt/stack/data/venv/lib/python3.12/site-packages/oslo_config/cfg.py:3253}}
Jul 20 09:03:26.166934 np0000185886 nova-conductor[109261]: DEBUG cotyledon.oslo_config_glue [-] oslo_limit.status_code_retry_delay = None {{(pid=109261) log_opt_values /opt/stack/data/venv/lib/python3.12/site-packages/oslo_config/cfg.py:3253}}
Jul 20 09:03:26.166934 np0000185886 nova-conductor[109261]: DEBUG cotyledon.oslo_config_glue [-] oslo_limit.timeout = None {{(pid=109261) log_opt_values /opt/stack/data/venv/lib/python3.12/site-packages/oslo_config/cfg.py:3253}}
Jul 20 09:03:26.166934 np0000185886 nova-conductor[109261]: DEBUG cotyledon.oslo_config_glue [-] oslo_limit.valid_interfaces = None {{(pid=109261) log_opt_values /opt/stack/data/venv/lib/python3.12/site-packages/oslo_config/cfg.py:3253}}
Jul 20 09:03:26.166934 np0000185886 nova-conductor[109261]: DEBUG cotyledon.oslo_config_glue [-] oslo_limit.version = None {{(pid=109261) log_opt_values /opt/stack/data/venv/lib/python3.12/site-packages/oslo_config/cfg.py:3253}}
Jul 20 09:03:26.166934 np0000185886 nova-conductor[109261]: DEBUG cotyledon.oslo_config_glue [-] oslo_reports.file_event_handler = None {{(pid=109261) log_opt_values /opt/stack/data/venv/lib/python3.12/site-packages/oslo_config/cfg.py:3253}}
Jul 20 09:03:26.166934 np0000185886 nova-conductor[109261]: DEBUG cotyledon.oslo_config_glue [-] oslo_reports.file_event_handler_interval = 1 {{(pid=109261) log_opt_values /opt/stack/data/venv/lib/python3.12/site-packages/oslo_config/cfg.py:3253}}
Jul 20 09:03:26.167142 np0000185886 nova-conductor[109261]: DEBUG cotyledon.oslo_config_glue [-] oslo_reports.log_dir = None {{(pid=109261) log_opt_values /opt/stack/data/venv/lib/python3.12/site-packages/oslo_config/cfg.py:3253}}
Jul 20 09:03:26.167142 np0000185886 nova-conductor[109261]: DEBUG cotyledon.oslo_config_glue [-] ******************************************************************************** {{(pid=109261) log_opt_values /opt/stack/data/venv/lib/python3.12/site-packages/oslo_config/cfg.py:3260}}
Jul 20 09:03:26.167142 np0000185886 nova-conductor[109261]: DEBUG cotyledon._service_worker [-] Run service ServiceWrapper(3) [109261] {{(pid=109261) wait_forever /opt/stack/data/venv/lib/python3.12/site-packages/cotyledon/_service_worker.py:218}}
Jul 20 09:03:26.167142 np0000185886 nova-conductor[109261]: INFO nova.service [-] Starting conductor node (version 33.1.0)
Jul 20 09:03:26.167252 np0000185886 nova-conductor[109233]: DEBUG oslo_db.sqlalchemy.engines [None req-153a03a5-f6a4-406b-ab26-deacd2cca1c5 None None] MySQL server mode set to STRICT_TRANS_TABLES,STRICT_ALL_TABLES,NO_ZERO_IN_DATE,NO_ZERO_DATE,ERROR_FOR_DIVISION_BY_ZERO,TRADITIONAL,NO_ENGINE_SUBSTITUTION {{(pid=109233) _check_effective_sql_mode /opt/stack/data/venv/lib/python3.12/site-packages/oslo_db/sqlalchemy/engines.py:325}}
Jul 20 09:03:26.168701 np0000185886 nova-conductor[109261]: INFO dbcounter [None req-fbe57da4-be28-4ee0-a4c0-af5f8c50a760 None None] Registered counter for database nova_cell0
Jul 20 09:03:26.179172 np0000185886 nova-conductor[109233]: DEBUG dbcounter [-] [109233] Writer thread running {{(pid=109233) stat_writer /opt/stack/data/venv/lib/python3.12/site-packages/dbcounter.py:102}}
Jul 20 09:03:26.187750 np0000185886 nova-conductor[109250]: DEBUG oslo_db.sqlalchemy.engines [None req-ee0c08f3-5940-4472-8862-7df95b0399bf None None] MySQL server mode set to STRICT_TRANS_TABLES,STRICT_ALL_TABLES,NO_ZERO_IN_DATE,NO_ZERO_DATE,ERROR_FOR_DIVISION_BY_ZERO,TRADITIONAL,NO_ENGINE_SUBSTITUTION {{(pid=109250) _check_effective_sql_mode /opt/stack/data/venv/lib/python3.12/site-packages/oslo_db/sqlalchemy/engines.py:325}}
Jul 20 09:03:26.195731 np0000185886 nova-conductor[109241]: DEBUG oslo_db.sqlalchemy.engines [None req-0ffbab22-1d9d-4117-9b85-49d841b75e83 None None] MySQL server mode set to STRICT_TRANS_TABLES,STRICT_ALL_TABLES,NO_ZERO_IN_DATE,NO_ZERO_DATE,ERROR_FOR_DIVISION_BY_ZERO,TRADITIONAL,NO_ENGINE_SUBSTITUTION {{(pid=109241) _check_effective_sql_mode /opt/stack/data/venv/lib/python3.12/site-packages/oslo_db/sqlalchemy/engines.py:325}}
Jul 20 09:03:26.199513 np0000185886 nova-conductor[109250]: DEBUG dbcounter [-] [109250] Writer thread running {{(pid=109250) stat_writer /opt/stack/data/venv/lib/python3.12/site-packages/dbcounter.py:102}}
Jul 20 09:03:26.201048 np0000185886 nova-conductor[109233]: DEBUG nova.service [None req-153a03a5-f6a4-406b-ab26-deacd2cca1c5 None None] Creating RPC server for service: nova-conductor on topic: conductor {{(pid=109233) start /opt/stack/nova/nova/service.py:196}}
Jul 20 09:03:26.203080 np0000185886 nova-conductor[109250]: DEBUG nova.service [None req-ee0c08f3-5940-4472-8862-7df95b0399bf None None] Creating RPC server for service: nova-conductor on topic: conductor {{(pid=109250) start /opt/stack/nova/nova/service.py:196}}
Jul 20 09:03:26.209085 np0000185886 nova-conductor[109241]: DEBUG dbcounter [-] [109241] Writer thread running {{(pid=109241) stat_writer /opt/stack/data/venv/lib/python3.12/site-packages/dbcounter.py:102}}
Jul 20 09:03:26.212773 np0000185886 nova-conductor[109241]: DEBUG nova.service [None req-0ffbab22-1d9d-4117-9b85-49d841b75e83 None None] Creating RPC server for service: nova-conductor on topic: conductor {{(pid=109241) start /opt/stack/nova/nova/service.py:196}}
Jul 20 09:03:26.214646 np0000185886 nova-conductor[109261]: DEBUG oslo_db.sqlalchemy.engines [None req-fbe57da4-be28-4ee0-a4c0-af5f8c50a760 None None] MySQL server mode set to STRICT_TRANS_TABLES,STRICT_ALL_TABLES,NO_ZERO_IN_DATE,NO_ZERO_DATE,ERROR_FOR_DIVISION_BY_ZERO,TRADITIONAL,NO_ENGINE_SUBSTITUTION {{(pid=109261) _check_effective_sql_mode /opt/stack/data/venv/lib/python3.12/site-packages/oslo_db/sqlalchemy/engines.py:325}}
Jul 20 09:03:26.226381 np0000185886 nova-conductor[109261]: DEBUG dbcounter [-] [109261] Writer thread running {{(pid=109261) stat_writer /opt/stack/data/venv/lib/python3.12/site-packages/dbcounter.py:102}}
Jul 20 09:03:26.230203 np0000185886 nova-conductor[109261]: DEBUG nova.service [None req-fbe57da4-be28-4ee0-a4c0-af5f8c50a760 None None] Creating RPC server for service: nova-conductor on topic: conductor {{(pid=109261) start /opt/stack/nova/nova/service.py:196}}
Jul 20 09:03:26.231441 np0000185886 nova-conductor[109250]: DEBUG nova.service [None req-ee0c08f3-5940-4472-8862-7df95b0399bf None None] Join ServiceGroup membership for this service conductor {{(pid=109250) start /opt/stack/nova/nova/service.py:222}}
Jul 20 09:03:26.231636 np0000185886 nova-conductor[109233]: DEBUG nova.service [None req-153a03a5-f6a4-406b-ab26-deacd2cca1c5 None None] Join ServiceGroup membership for this service conductor {{(pid=109233) start /opt/stack/nova/nova/service.py:222}}
Jul 20 09:03:26.231680 np0000185886 nova-conductor[109250]: DEBUG nova.servicegroup.drivers.db [None req-ee0c08f3-5940-4472-8862-7df95b0399bf None None] DB_Driver: join new ServiceGroup member np0000185886 to the conductor group, service = {{(pid=109250) join /opt/stack/nova/nova/servicegroup/drivers/db.py:44}}
Jul 20 09:03:26.231922 np0000185886 nova-conductor[109233]: DEBUG nova.servicegroup.drivers.db [None req-153a03a5-f6a4-406b-ab26-deacd2cca1c5 None None] DB_Driver: join new ServiceGroup member np0000185886 to the conductor group, service = {{(pid=109233) join /opt/stack/nova/nova/servicegroup/drivers/db.py:44}}
Jul 20 09:03:26.238060 np0000185886 nova-conductor[109241]: DEBUG nova.service [None req-0ffbab22-1d9d-4117-9b85-49d841b75e83 None None] Join ServiceGroup membership for this service conductor {{(pid=109241) start /opt/stack/nova/nova/service.py:222}}
Jul 20 09:03:26.238591 np0000185886 nova-conductor[109241]: DEBUG nova.servicegroup.drivers.db [None req-0ffbab22-1d9d-4117-9b85-49d841b75e83 None None] DB_Driver: join new ServiceGroup member np0000185886 to the conductor group, service = {{(pid=109241) join /opt/stack/nova/nova/servicegroup/drivers/db.py:44}}
Jul 20 09:03:26.250498 np0000185886 nova-conductor[109261]: DEBUG nova.service [None req-fbe57da4-be28-4ee0-a4c0-af5f8c50a760 None None] Join ServiceGroup membership for this service conductor {{(pid=109261) start /opt/stack/nova/nova/service.py:222}}
Jul 20 09:03:26.250681 np0000185886 nova-conductor[109261]: DEBUG nova.servicegroup.drivers.db [None req-fbe57da4-be28-4ee0-a4c0-af5f8c50a760 None None] DB_Driver: join new ServiceGroup member np0000185886 to the conductor group, service = {{(pid=109261) join /opt/stack/nova/nova/servicegroup/drivers/db.py:44}}
Jul 20 09:03:31.250703 np0000185886 nova-conductor[109233]: DEBUG oslo.service.backend._threading.loopingcall [-] Fixed interval looping call 'nova.servicegroup.drivers.db.DbDriver._report_state' sleeping for 119.98 seconds {{(pid=109233) _run_loop /opt/stack/data/venv/lib/python3.12/site-packages/oslo_service/backend/_threading/loopingcall.py:125}}
Jul 20 09:03:31.263133 np0000185886 nova-conductor[109261]: DEBUG oslo.service.backend._threading.loopingcall [-] Fixed interval looping call 'nova.servicegroup.drivers.db.DbDriver._report_state' sleeping for 119.99 seconds {{(pid=109261) _run_loop /opt/stack/data/venv/lib/python3.12/site-packages/oslo_service/backend/_threading/loopingcall.py:125}}
Jul 20 09:03:31.268032 np0000185886 nova-conductor[109250]: DEBUG oslo.service.backend._threading.loopingcall [-] Fixed interval looping call 'nova.servicegroup.drivers.db.DbDriver._report_state' sleeping for 119.99 seconds {{(pid=109250) _run_loop /opt/stack/data/venv/lib/python3.12/site-packages/oslo_service/backend/_threading/loopingcall.py:125}}
Jul 20 09:03:31.270061 np0000185886 nova-conductor[109241]: DEBUG oslo.service.backend._threading.loopingcall [-] Fixed interval looping call 'nova.servicegroup.drivers.db.DbDriver._report_state' sleeping for 119.99 seconds {{(pid=109241) _run_loop /opt/stack/data/venv/lib/python3.12/site-packages/oslo_service/backend/_threading/loopingcall.py:125}}
Jul 20 09:03:33.234654 np0000185886 nova-conductor[109233]: DEBUG oslo.service.backend._threading.loopingcall [None req-c39abbd0-46fa-436d-b0ed-65b109079990 None None] Dynamic interval looping call 'nova.service.Service.periodic_tasks' sleeping for 60.00 seconds {{(pid=109233) _run_loop /opt/stack/data/venv/lib/python3.12/site-packages/oslo_service/backend/_threading/loopingcall.py:125}}
Jul 20 09:03:34.707478 np0000185886 nova-conductor[108376]: DEBUG dbcounter [-] [108376] Writing DB stats nova_api:SELECT=1 {{(pid=108376) stat_writer /opt/stack/data/venv/lib/python3.12/site-packages/dbcounter.py:115}}
Jul 20 09:03:34.888031 np0000185886 nova-conductor[108376]: DEBUG dbcounter [-] [108376] Writing DB stats nova_cell0:SELECT=1 {{(pid=108376) stat_writer /opt/stack/data/venv/lib/python3.12/site-packages/dbcounter.py:115}}
Jul 20 09:03:34.894013 np0000185886 nova-conductor[108376]: DEBUG dbcounter [-] [108376] Writing DB stats nova_cell1:SELECT=1 {{(pid=108376) stat_writer /opt/stack/data/venv/lib/python3.12/site-packages/dbcounter.py:115}}
Jul 20 09:03:41.245282 np0000185886 nova-conductor[109233]: DEBUG dbcounter [-] [109233] Writing DB stats nova_cell0:SELECT=4,nova_cell0:INSERT=1,nova_cell0:UPDATE=1 {{(pid=109233) stat_writer /opt/stack/data/venv/lib/python3.12/site-packages/dbcounter.py:115}}
Jul 20 09:03:41.260060 np0000185886 nova-conductor[109261]: DEBUG dbcounter [-] [109261] Writing DB stats nova_cell0:SELECT=3 {{(pid=109261) stat_writer /opt/stack/data/venv/lib/python3.12/site-packages/dbcounter.py:115}}
Jul 20 09:03:41.265570 np0000185886 nova-conductor[109250]: DEBUG dbcounter [-] [109250] Writing DB stats nova_cell0:SELECT=3 {{(pid=109250) stat_writer /opt/stack/data/venv/lib/python3.12/site-packages/dbcounter.py:115}}
Jul 20 09:03:41.266604 np0000185886 nova-conductor[109241]: DEBUG dbcounter [-] [109241] Writing DB stats nova_cell0:SELECT=3 {{(pid=109241) stat_writer /opt/stack/data/venv/lib/python3.12/site-packages/dbcounter.py:115}}
Jul 20 09:03:49.254130 np0000185886 nova-conductor[109261]: DEBUG oslo.service.backend._threading.loopingcall [None req-42e0c24e-5182-443a-816b-dffe62a57e2f None None] Dynamic interval looping call 'nova.service.Service.periodic_tasks' sleeping for 60.00 seconds {{(pid=109261) _run_loop /opt/stack/data/venv/lib/python3.12/site-packages/oslo_service/backend/_threading/loopingcall.py:125}}
Jul 20 09:04:03.235078 np0000185886 nova-conductor[109250]: DEBUG oslo.service.backend._threading.loopingcall [None req-bb80e253-b58e-439c-a33c-cb8e2bd9ccf5 None None] Dynamic interval looping call 'nova.service.Service.periodic_tasks' sleeping for 60.00 seconds {{(pid=109250) _run_loop /opt/stack/data/venv/lib/python3.12/site-packages/oslo_service/backend/_threading/loopingcall.py:125}}
Jul 20 09:04:13.241393 np0000185886 nova-conductor[109241]: DEBUG oslo.service.backend._threading.loopingcall [None req-af945457-3e58-4b75-9ae8-25cbb810c11b None None] Dynamic interval looping call 'nova.service.Service.periodic_tasks' sleeping for 60.00 seconds {{(pid=109241) _run_loop /opt/stack/data/venv/lib/python3.12/site-packages/oslo_service/backend/_threading/loopingcall.py:125}}
Jul 20 09:04:33.235565 np0000185886 nova-conductor[109233]: DEBUG oslo.service.backend._threading.loopingcall [None req-c39abbd0-46fa-436d-b0ed-65b109079990 None None] Dynamic interval looping call 'nova.service.Service.periodic_tasks' sleeping for 60.00 seconds {{(pid=109233) _run_loop /opt/stack/data/venv/lib/python3.12/site-packages/oslo_service/backend/_threading/loopingcall.py:125}}
Jul 20 09:04:49.254813 np0000185886 nova-conductor[109261]: DEBUG oslo.service.backend._threading.loopingcall [None req-42e0c24e-5182-443a-816b-dffe62a57e2f None None] Dynamic interval looping call 'nova.service.Service.periodic_tasks' sleeping for 60.00 seconds {{(pid=109261) _run_loop /opt/stack/data/venv/lib/python3.12/site-packages/oslo_service/backend/_threading/loopingcall.py:125}}
Jul 20 09:05:03.235715 np0000185886 nova-conductor[109250]: DEBUG oslo.service.backend._threading.loopingcall [None req-bb80e253-b58e-439c-a33c-cb8e2bd9ccf5 None None] Dynamic interval looping call 'nova.service.Service.periodic_tasks' sleeping for 60.00 seconds {{(pid=109250) _run_loop /opt/stack/data/venv/lib/python3.12/site-packages/oslo_service/backend/_threading/loopingcall.py:125}}
Jul 20 09:05:13.242360 np0000185886 nova-conductor[109241]: DEBUG oslo.service.backend._threading.loopingcall [None req-af945457-3e58-4b75-9ae8-25cbb810c11b None None] Dynamic interval looping call 'nova.service.Service.periodic_tasks' sleeping for 60.00 seconds {{(pid=109241) _run_loop /opt/stack/data/venv/lib/python3.12/site-packages/oslo_service/backend/_threading/loopingcall.py:125}}
Jul 20 09:05:31.242976 np0000185886 nova-conductor[109233]: DEBUG oslo.service.backend._threading.loopingcall [-] Fixed interval looping call 'nova.servicegroup.drivers.db.DbDriver._report_state' sleeping for 119.99 seconds {{(pid=109233) _run_loop /opt/stack/data/venv/lib/python3.12/site-packages/oslo_service/backend/_threading/loopingcall.py:125}}
Jul 20 09:05:31.259633 np0000185886 nova-conductor[109261]: DEBUG oslo.service.backend._threading.loopingcall [-] Fixed interval looping call 'nova.servicegroup.drivers.db.DbDriver._report_state' sleeping for 119.99 seconds {{(pid=109261) _run_loop /opt/stack/data/venv/lib/python3.12/site-packages/oslo_service/backend/_threading/loopingcall.py:125}}
Jul 20 09:05:31.265037 np0000185886 nova-conductor[109250]: DEBUG oslo.service.backend._threading.loopingcall [-] Fixed interval looping call 'nova.servicegroup.drivers.db.DbDriver._report_state' sleeping for 119.99 seconds {{(pid=109250) _run_loop /opt/stack/data/venv/lib/python3.12/site-packages/oslo_service/backend/_threading/loopingcall.py:125}}
