2026-07-24 23:47:05.041 7 INFO cinder.api.openstack.wsgi [None req-9590a737-1f6c-47f4-8f80-dea9013b05f2 dd0470db95ab4c9bb8b58d4afa19ded6 4a16825a4ab44111955bcc18b5d1bcad - - default default] GET http://cinder-api.openstack.svc.cluster.local:8776/v3/4a16825a4ab44111955bcc18b5d1bcad/os-quota-sets/0f09024e79be4449bef07c4a704fdfc5?usage=true /var/lib/openstack/lib/python3.12/site-packages/oslo_context/context.py:101: DeprecationWarning: Policy enforcement is depending on the value of is_admin. This key is deprecated. Please update your policy file to use the standard policy values. warnings.warn(
2026-07-24 23:47:05.082 7 INFO cinder.api.openstack.wsgi [None req-9590a737-1f6c-47f4-8f80-dea9013b05f2 dd0470db95ab4c9bb8b58d4afa19ded6 4a16825a4ab44111955bcc18b5d1bcad - - default default] http://cinder-api.openstack.svc.cluster.local:8776/v3/4a16825a4ab44111955bcc18b5d1bcad/os-quota-sets/0f09024e79be4449bef07c4a704fdfc5?usage=true returned with HTTP 200 [pid: 7|app: 0|req: 244/491] 10.0.0.240 () {28 vars in 735 bytes} [Fri Jul 24 23:47:05 2026] GET /v3/4a16825a4ab44111955bcc18b5d1bcad/os-quota-sets/0f09024e79be4449bef07c4a704fdfc5?usage=true => generated 847 bytes in 50 msecs (HTTP/1.1 200) 7 headers in 285 bytes (1 switches on core 0)
2026-07-24 23:47:05.093 8 INFO cinder.api.openstack.wsgi [None req-45fbcda3-050b-40c7-bd4c-774b920f7eb4 dd0470db95ab4c9bb8b58d4afa19ded6 4a16825a4ab44111955bcc18b5d1bcad - - default default] GET http://cinder-api.openstack.svc.cluster.local:8776/v3/4a16825a4ab44111955bcc18b5d1bcad/os-quota-sets/2b06208fb3254f0c921f5464edf27f21?usage=true
2026-07-24 23:47:05.123 8 INFO cinder.api.openstack.wsgi [None req-45fbcda3-050b-40c7-bd4c-774b920f7eb4 dd0470db95ab4c9bb8b58d4afa19ded6 4a16825a4ab44111955bcc18b5d1bcad - - default default] http://cinder-api.openstack.svc.cluster.local:8776/v3/4a16825a4ab44111955bcc18b5d1bcad/os-quota-sets/2b06208fb3254f0c921f5464edf27f21?usage=true returned with HTTP 200 [pid: 8|app: 0|req: 248/492] 10.0.0.240 () {28 vars in 735 bytes} [Fri Jul 24 23:47:05 2026] GET /v3/4a16825a4ab44111955bcc18b5d1bcad/os-quota-sets/2b06208fb3254f0c921f5464edf27f21?usage=true => generated 845 bytes in 36 msecs (HTTP/1.1 200) 7 headers in 285 bytes (1 switches on core 0)
2026-07-24 23:47:05.143 7 INFO cinder.api.openstack.wsgi [None req-1d3b3dde-da90-4e91-9cc5-8fa59f2f533b dd0470db95ab4c9bb8b58d4afa19ded6 4a16825a4ab44111955bcc18b5d1bcad - - default default] GET http://cinder-api.openstack.svc.cluster.local:8776/v3/4a16825a4ab44111955bcc18b5d1bcad/os-quota-sets/3d15ed07932341189d320237b8932c90?usage=true
2026-07-24 23:47:05.176 7 INFO cinder.api.openstack.wsgi [None req-1d3b3dde-da90-4e91-9cc5-8fa59f2f533b dd0470db95ab4c9bb8b58d4afa19ded6 4a16825a4ab44111955bcc18b5d1bcad - - default default] http://cinder-api.openstack.svc.cluster.local:8776/v3/4a16825a4ab44111955bcc18b5d1bcad/os-quota-sets/3d15ed07932341189d320237b8932c90?usage=true returned with HTTP 200 [pid: 7|app: 0|req: 245/493] 10.0.0.240 () {28 vars in 735 bytes} [Fri Jul 24 23:47:05 2026] GET /v3/4a16825a4ab44111955bcc18b5d1bcad/os-quota-sets/3d15ed07932341189d320237b8932c90?usage=true => generated 847 bytes in 47 msecs (HTTP/1.1 200) 7 headers in 285 bytes (1 switches on core 0)
2026-07-24 23:47:05.193 8 INFO cinder.api.openstack.wsgi [None req-24847f03-865b-4e59-be26-e28063134478 dd0470db95ab4c9bb8b58d4afa19ded6 4a16825a4ab44111955bcc18b5d1bcad - - default default] GET http://cinder-api.openstack.svc.cluster.local:8776/v3/4a16825a4ab44111955bcc18b5d1bcad/os-quota-sets/4a16825a4ab44111955bcc18b5d1bcad?usage=true
2026-07-24 23:47:05.214 8 INFO cinder.api.openstack.wsgi [None req-24847f03-865b-4e59-be26-e28063134478 dd0470db95ab4c9bb8b58d4afa19ded6 4a16825a4ab44111955bcc18b5d1bcad - - default default] http://cinder-api.openstack.svc.cluster.local:8776/v3/4a16825a4ab44111955bcc18b5d1bcad/os-quota-sets/4a16825a4ab44111955bcc18b5d1bcad?usage=true returned with HTTP 200 [pid: 8|app: 0|req: 249/494] 10.0.0.240 () {28 vars in 735 bytes} [Fri Jul 24 23:47:05 2026] GET /v3/4a16825a4ab44111955bcc18b5d1bcad/os-quota-sets/4a16825a4ab44111955bcc18b5d1bcad?usage=true => generated 845 bytes in 31 msecs (HTTP/1.1 200) 7 headers in 285 bytes (1 switches on core 0)
2026-07-24 23:47:05.226 7 INFO cinder.api.openstack.wsgi [None req-d2f3b759-3cf2-41da-9268-f293d5aa5147 dd0470db95ab4c9bb8b58d4afa19ded6 4a16825a4ab44111955bcc18b5d1bcad - - default default] GET http://cinder-api.openstack.svc.cluster.local:8776/v3/4a16825a4ab44111955bcc18b5d1bcad/os-quota-sets/93a0eeaf52774e33ae77df83ed207100?usage=true
2026-07-24 23:47:05.267 7 INFO cinder.api.openstack.wsgi [None req-d2f3b759-3cf2-41da-9268-f293d5aa5147 dd0470db95ab4c9bb8b58d4afa19ded6 4a16825a4ab44111955bcc18b5d1bcad - - default default] http://cinder-api.openstack.svc.cluster.local:8776/v3/4a16825a4ab44111955bcc18b5d1bcad/os-quota-sets/93a0eeaf52774e33ae77df83ed207100?usage=true returned with HTTP 200 [pid: 7|app: 0|req: 246/495] 10.0.0.240 () {28 vars in 735 bytes} [Fri Jul 24 23:47:05 2026] GET /v3/4a16825a4ab44111955bcc18b5d1bcad/os-quota-sets/93a0eeaf52774e33ae77df83ed207100?usage=true => generated 847 bytes in 48 msecs (HTTP/1.1 200) 7 headers in 285 bytes (1 switches on core 0)
2026-07-24 23:47:05.284 8 INFO cinder.api.openstack.wsgi [None req-fe43eace-507b-470b-895e-7d00d1a5530e dd0470db95ab4c9bb8b58d4afa19ded6 4a16825a4ab44111955bcc18b5d1bcad - - default default] GET http://cinder-api.openstack.svc.cluster.local:8776/v3/4a16825a4ab44111955bcc18b5d1bcad/os-quota-sets/9dbffea3a8af433bb9c53b34b1b9397e?usage=true
2026-07-24 23:47:05.325 8 INFO cinder.api.openstack.wsgi [None req-fe43eace-507b-470b-895e-7d00d1a5530e dd0470db95ab4c9bb8b58d4afa19ded6 4a16825a4ab44111955bcc18b5d1bcad - - default default] http://cinder-api.openstack.svc.cluster.local:8776/v3/4a16825a4ab44111955bcc18b5d1bcad/os-quota-sets/9dbffea3a8af433bb9c53b34b1b9397e?usage=true returned with HTTP 200 [pid: 8|app: 0|req: 250/496] 10.0.0.240 () {28 vars in 735 bytes} [Fri Jul 24 23:47:05 2026] GET /v3/4a16825a4ab44111955bcc18b5d1bcad/os-quota-sets/9dbffea3a8af433bb9c53b34b1b9397e?usage=true => generated 847 bytes in 51 msecs (HTTP/1.1 200) 7 headers in 285 bytes (1 switches on core 0)
2026-07-24 23:47:05.342 7 INFO cinder.api.openstack.wsgi [None req-97be2ea3-e983-47d6-8bcd-9a97dfe87db5 dd0470db95ab4c9bb8b58d4afa19ded6 4a16825a4ab44111955bcc18b5d1bcad - - default default] GET http://cinder-api.openstack.svc.cluster.local:8776/v3/4a16825a4ab44111955bcc18b5d1bcad/os-quota-sets/eeeee5c3cf0841ae8eb425aff3794c16?usage=true
2026-07-24 23:47:05.370 7 INFO cinder.api.openstack.wsgi [None req-97be2ea3-e983-47d6-8bcd-9a97dfe87db5 dd0470db95ab4c9bb8b58d4afa19ded6 4a16825a4ab44111955bcc18b5d1bcad - - default default] http://cinder-api.openstack.svc.cluster.local:8776/v3/4a16825a4ab44111955bcc18b5d1bcad/os-quota-sets/eeeee5c3cf0841ae8eb425aff3794c16?usage=true returned with HTTP 200 [pid: 7|app: 0|req: 247/497] 10.0.0.240 () {28 vars in 735 bytes} [Fri Jul 24 23:47:05 2026] GET /v3/4a16825a4ab44111955bcc18b5d1bcad/os-quota-sets/eeeee5c3cf0841ae8eb425aff3794c16?usage=true => generated 847 bytes in 39 msecs (HTTP/1.1 200) 7 headers in 285 bytes (1 switches on core 0)
2026-07-24 23:47:05.383 8 INFO cinder.api.openstack.wsgi [None req-ace81736-99d5-46f4-a94b-c5d53fe421f3 dd0470db95ab4c9bb8b58d4afa19ded6 4a16825a4ab44111955bcc18b5d1bcad - - default default] GET http://cinder-api.openstack.svc.cluster.local:8776/v3/4a16825a4ab44111955bcc18b5d1bcad/snapshots?all_tenants=true
2026-07-24 23:47:05.389 8 INFO cinder.volume.api [None req-ace81736-99d5-46f4-a94b-c5d53fe421f3 dd0470db95ab4c9bb8b58d4afa19ded6 4a16825a4ab44111955bcc18b5d1bcad - - default default] Get all snapshots completed successfully.
2026-07-24 23:47:05.389 8 INFO cinder.api.openstack.wsgi [None req-ace81736-99d5-46f4-a94b-c5d53fe421f3 dd0470db95ab4c9bb8b58d4afa19ded6 4a16825a4ab44111955bcc18b5d1bcad - - default default] http://cinder-api.openstack.svc.cluster.local:8776/v3/4a16825a4ab44111955bcc18b5d1bcad/snapshots?all_tenants=true returned with HTTP 200 [pid: 8|app: 0|req: 251/498] 10.0.0.240 () {28 vars in 673 bytes} [Fri Jul 24 23:47:05 2026] GET /v3/4a16825a4ab44111955bcc18b5d1bcad/snapshots?all_tenants=true => generated 17 bytes in 13 msecs (HTTP/1.1 200) 7 headers in 284 bytes (1 switches on core 0)
2026-07-24 23:47:05.400 7 INFO cinder.api.openstack.wsgi [None req-fcea22f8-3685-43c4-8621-3f079c8792f4 dd0470db95ab4c9bb8b58d4afa19ded6 4a16825a4ab44111955bcc18b5d1bcad - - default default] GET http://cinder-api.openstack.svc.cluster.local:8776/v3/4a16825a4ab44111955bcc18b5d1bcad/scheduler-stats/get_pools?detail=true
2026-07-24 23:47:05.904 7 INFO cinder.api.openstack.wsgi [None req-fcea22f8-3685-43c4-8621-3f079c8792f4 dd0470db95ab4c9bb8b58d4afa19ded6 4a16825a4ab44111955bcc18b5d1bcad - - default default] http://cinder-api.openstack.svc.cluster.local:8776/v3/4a16825a4ab44111955bcc18b5d1bcad/scheduler-stats/get_pools?detail=true returned with HTTP 200 [pid: 7|app: 0|req: 248/499] 10.0.0.240 () {28 vars in 695 bytes} [Fri Jul 24 23:47:05 2026] GET /v3/4a16825a4ab44111955bcc18b5d1bcad/scheduler-stats/get_pools?detail=true => generated 670 bytes in 511 msecs (HTTP/1.1 200) 7 headers in 285 bytes (1 switches on core 0)
2026-07-24 23:47:05.916 8 INFO cinder.api.openstack.wsgi [None req-b8895ffc-d5ce-4945-94ad-560800954404 dd0470db95ab4c9bb8b58d4afa19ded6 4a16825a4ab44111955bcc18b5d1bcad - - default default] GET http://cinder-api.openstack.svc.cluster.local:8776/v3/4a16825a4ab44111955bcc18b5d1bcad/volumes/detail?all_tenants=true
2026-07-24 23:47:05.926 8 INFO cinder.volume.api [None req-b8895ffc-d5ce-4945-94ad-560800954404 dd0470db95ab4c9bb8b58d4afa19ded6 4a16825a4ab44111955bcc18b5d1bcad - - default default] Get all volumes completed successfully.
2026-07-24 23:47:05.928 8 INFO cinder.api.openstack.wsgi [None req-b8895ffc-d5ce-4945-94ad-560800954404 dd0470db95ab4c9bb8b58d4afa19ded6 4a16825a4ab44111955bcc18b5d1bcad - - default default] http://cinder-api.openstack.svc.cluster.local:8776/v3/4a16825a4ab44111955bcc18b5d1bcad/volumes/detail?all_tenants=true returned with HTTP 200 [pid: 8|app: 0|req: 252/500] 10.0.0.240 () {28 vars in 683 bytes} [Fri Jul 24 23:47:05 2026] GET /v3/4a16825a4ab44111955bcc18b5d1bcad/volumes/detail?all_tenants=true => generated 15 bytes in 16 msecs (HTTP/1.1 200) 7 headers in 284 bytes (1 switches on core 0)
2026-07-24 23:47:05.940 7 INFO cinder.api.openstack.wsgi [None req-9bc09e1e-5b81-4e01-ae35-abf64a93d67c dd0470db95ab4c9bb8b58d4afa19ded6 4a16825a4ab44111955bcc18b5d1bcad - - default default] GET http://cinder-api.openstack.svc.cluster.local:8776/v3/4a16825a4ab44111955bcc18b5d1bcad/os-services
2026-07-24 23:47:05.945 7 INFO cinder.api.openstack.wsgi [None req-9bc09e1e-5b81-4e01-ae35-abf64a93d67c dd0470db95ab4c9bb8b58d4afa19ded6 4a16825a4ab44111955bcc18b5d1bcad - - default default] http://cinder-api.openstack.svc.cluster.local:8776/v3/4a16825a4ab44111955bcc18b5d1bcad/os-services returned with HTTP 200 [pid: 7|app: 0|req: 249/501] 10.0.0.240 () {28 vars in 644 bytes} [Fri Jul 24 23:47:05 2026] GET /v3/4a16825a4ab44111955bcc18b5d1bcad/os-services => generated 646 bytes in 10 msecs (HTTP/1.1 200) 7 headers in 285 bytes (1 switches on core 0)
2026-07-24 23:47:06.757 7 INFO cinder.api.openstack.wsgi [None req-9bc09e1e-5b81-4e01-ae35-abf64a93d67c dd0470db95ab4c9bb8b58d4afa19ded6 4a16825a4ab44111955bcc18b5d1bcad - - default default] GET http://10.0.0.137:8776/
2026-07-24 23:47:06.757 8 INFO cinder.api.openstack.wsgi [None req-b8895ffc-d5ce-4945-94ad-560800954404 dd0470db95ab4c9bb8b58d4afa19ded6 4a16825a4ab44111955bcc18b5d1bcad - - default default] GET http://10.0.0.137:8776/
2026-07-24 23:47:06.758 8 INFO cinder.api.openstack.wsgi [None req-b8895ffc-d5ce-4945-94ad-560800954404 dd0470db95ab4c9bb8b58d4afa19ded6 4a16825a4ab44111955bcc18b5d1bcad - - default default] http://10.0.0.137:8776/ returned with HTTP 300
2026-07-24 23:47:06.758 7 INFO cinder.api.openstack.wsgi [None req-9bc09e1e-5b81-4e01-ae35-abf64a93d67c dd0470db95ab4c9bb8b58d4afa19ded6 4a16825a4ab44111955bcc18b5d1bcad - - default default] http://10.0.0.137:8776/ returned with HTTP 300
2026-07-24 23:47:16.757 8 INFO cinder.api.openstack.wsgi [None req-b8895ffc-d5ce-4945-94ad-560800954404 dd0470db95ab4c9bb8b58d4afa19ded6 4a16825a4ab44111955bcc18b5d1bcad - - default default] GET http://10.0.0.137:8776/
2026-07-24 23:47:16.758 7 INFO cinder.api.openstack.wsgi [None req-9bc09e1e-5b81-4e01-ae35-abf64a93d67c dd0470db95ab4c9bb8b58d4afa19ded6 4a16825a4ab44111955bcc18b5d1bcad - - default default] GET http://10.0.0.137:8776/
2026-07-24 23:47:16.758 8 INFO cinder.api.openstack.wsgi [None req-b8895ffc-d5ce-4945-94ad-560800954404 dd0470db95ab4c9bb8b58d4afa19ded6 4a16825a4ab44111955bcc18b5d1bcad - - default default] http://10.0.0.137:8776/ returned with HTTP 300
2026-07-24 23:47:16.759 7 INFO cinder.api.openstack.wsgi [None req-9bc09e1e-5b81-4e01-ae35-abf64a93d67c dd0470db95ab4c9bb8b58d4afa19ded6 4a16825a4ab44111955bcc18b5d1bcad - - default default] http://10.0.0.137:8776/ returned with HTTP 300
2026-07-24 23:47:26.757 7 INFO cinder.api.openstack.wsgi [None req-9bc09e1e-5b81-4e01-ae35-abf64a93d67c dd0470db95ab4c9bb8b58d4afa19ded6 4a16825a4ab44111955bcc18b5d1bcad - - default default] GET http://10.0.0.137:8776/
2026-07-24 23:47:26.757 8 INFO cinder.api.openstack.wsgi [None req-b8895ffc-d5ce-4945-94ad-560800954404 dd0470db95ab4c9bb8b58d4afa19ded6 4a16825a4ab44111955bcc18b5d1bcad - - default default] GET http://10.0.0.137:8776/
2026-07-24 23:47:26.758 7 INFO cinder.api.openstack.wsgi [None req-9bc09e1e-5b81-4e01-ae35-abf64a93d67c dd0470db95ab4c9bb8b58d4afa19ded6 4a16825a4ab44111955bcc18b5d1bcad - - default default] http://10.0.0.137:8776/ returned with HTTP 300
2026-07-24 23:47:26.758 8 INFO cinder.api.openstack.wsgi [None req-b8895ffc-d5ce-4945-94ad-560800954404 dd0470db95ab4c9bb8b58d4afa19ded6 4a16825a4ab44111955bcc18b5d1bcad - - default default] http://10.0.0.137:8776/ returned with HTTP 300
2026-07-24 23:47:36.757 7 INFO cinder.api.openstack.wsgi [None req-9bc09e1e-5b81-4e01-ae35-abf64a93d67c dd0470db95ab4c9bb8b58d4afa19ded6 4a16825a4ab44111955bcc18b5d1bcad - - default default] GET http://10.0.0.137:8776/
2026-07-24 23:47:36.758 7 INFO cinder.api.openstack.wsgi [None req-9bc09e1e-5b81-4e01-ae35-abf64a93d67c dd0470db95ab4c9bb8b58d4afa19ded6 4a16825a4ab44111955bcc18b5d1bcad - - default default] http://10.0.0.137:8776/ returned with HTTP 300
2026-07-24 23:47:36.758 8 INFO cinder.api.openstack.wsgi [None req-b8895ffc-d5ce-4945-94ad-560800954404 dd0470db95ab4c9bb8b58d4afa19ded6 4a16825a4ab44111955bcc18b5d1bcad - - default default] GET http://10.0.0.137:8776/
2026-07-24 23:47:36.760 8 INFO cinder.api.openstack.wsgi [None req-b8895ffc-d5ce-4945-94ad-560800954404 dd0470db95ab4c9bb8b58d4afa19ded6 4a16825a4ab44111955bcc18b5d1bcad - - default default] http://10.0.0.137:8776/ returned with HTTP 300
2026-07-24 23:47:46.757 7 INFO cinder.api.openstack.wsgi [None req-9bc09e1e-5b81-4e01-ae35-abf64a93d67c dd0470db95ab4c9bb8b58d4afa19ded6 4a16825a4ab44111955bcc18b5d1bcad - - default default] GET http://10.0.0.137:8776/
2026-07-24 23:47:46.758 7 INFO cinder.api.openstack.wsgi [None req-9bc09e1e-5b81-4e01-ae35-abf64a93d67c dd0470db95ab4c9bb8b58d4afa19ded6 4a16825a4ab44111955bcc18b5d1bcad - - default default] http://10.0.0.137:8776/ returned with HTTP 300
2026-07-24 23:47:46.759 8 INFO cinder.api.openstack.wsgi [None req-b8895ffc-d5ce-4945-94ad-560800954404 dd0470db95ab4c9bb8b58d4afa19ded6 4a16825a4ab44111955bcc18b5d1bcad - - default default] GET http://10.0.0.137:8776/
2026-07-24 23:47:46.759 8 INFO cinder.api.openstack.wsgi [None req-b8895ffc-d5ce-4945-94ad-560800954404 dd0470db95ab4c9bb8b58d4afa19ded6 4a16825a4ab44111955bcc18b5d1bcad - - default default] http://10.0.0.137:8776/ returned with HTTP 300
2026-07-24 23:47:56.761 8 INFO cinder.api.openstack.wsgi [None req-b8895ffc-d5ce-4945-94ad-560800954404 dd0470db95ab4c9bb8b58d4afa19ded6 4a16825a4ab44111955bcc18b5d1bcad - - default default] GET http://10.0.0.137:8776/
2026-07-24 23:47:56.761 7 INFO cinder.api.openstack.wsgi [None req-9bc09e1e-5b81-4e01-ae35-abf64a93d67c dd0470db95ab4c9bb8b58d4afa19ded6 4a16825a4ab44111955bcc18b5d1bcad - - default default] GET http://10.0.0.137:8776/
2026-07-24 23:47:56.762 7 INFO cinder.api.openstack.wsgi [None req-9bc09e1e-5b81-4e01-ae35-abf64a93d67c dd0470db95ab4c9bb8b58d4afa19ded6 4a16825a4ab44111955bcc18b5d1bcad - - default default] http://10.0.0.137:8776/ returned with HTTP 300
2026-07-24 23:47:56.762 8 INFO cinder.api.openstack.wsgi [None req-b8895ffc-d5ce-4945-94ad-560800954404 dd0470db95ab4c9bb8b58d4afa19ded6 4a16825a4ab44111955bcc18b5d1bcad - - default default] http://10.0.0.137:8776/ returned with HTTP 300
2026-07-24 23:48:00.538 7 INFO cinder.api.openstack.wsgi [req-58667088-f393-4025-8593-7959bb331398 req-54a948fa-2cad-40bc-971f-094c63ad3c3f 95928650050a4da0a9dc26e10c1ed28b c9c175b1bbb847adaea2d4b785ac645e - - default default] GET http://cinder-api.openstack.svc.cluster.local:8776/v3/c9c175b1bbb847adaea2d4b785ac645e/attachments?instance_id=208f71e6-a69d-430a-9236-a3922ec6275e
2026-07-24 23:48:00.561 7 INFO cinder.api.openstack.wsgi [req-58667088-f393-4025-8593-7959bb331398 req-54a948fa-2cad-40bc-971f-094c63ad3c3f 95928650050a4da0a9dc26e10c1ed28b c9c175b1bbb847adaea2d4b785ac645e - - default default] http://cinder-api.openstack.svc.cluster.local:8776/v3/c9c175b1bbb847adaea2d4b785ac645e/attachments?instance_id=208f71e6-a69d-430a-9236-a3922ec6275e returned with HTTP 200 [pid: 7|app: 0|req: 256/514] 199.204.45.61 () {36 vars in 1102 bytes} [Fri Jul 24 23:48:00 2026] GET /v3/c9c175b1bbb847adaea2d4b785ac645e/attachments?instance_id=208f71e6-a69d-430a-9236-a3922ec6275e => generated 19 bytes in 34 msecs (HTTP/1.1 200) 7 headers in 285 bytes (1 switches on core 0)
2026-07-24 23:48:04.956 8 INFO cinder.api.openstack.wsgi [None req-a094282a-8a86-4610-aedd-4b4555e74e2f dd0470db95ab4c9bb8b58d4afa19ded6 4a16825a4ab44111955bcc18b5d1bcad - - default default] GET http://cinder-api.openstack.svc.cluster.local:8776/v3/4a16825a4ab44111955bcc18b5d1bcad/volumes/detail?all_tenants=true
2026-07-24 23:48:04.965 8 INFO cinder.volume.api [None req-a094282a-8a86-4610-aedd-4b4555e74e2f dd0470db95ab4c9bb8b58d4afa19ded6 4a16825a4ab44111955bcc18b5d1bcad - - default default] Get all volumes completed successfully.
2026-07-24 23:48:04.966 8 INFO cinder.api.openstack.wsgi [None req-a094282a-8a86-4610-aedd-4b4555e74e2f dd0470db95ab4c9bb8b58d4afa19ded6 4a16825a4ab44111955bcc18b5d1bcad - - default default] http://cinder-api.openstack.svc.cluster.local:8776/v3/4a16825a4ab44111955bcc18b5d1bcad/volumes/detail?all_tenants=true returned with HTTP 200 [pid: 8|app: 0|req: 259/515] 10.0.0.240 () {28 vars in 683 bytes} [Fri Jul 24 23:48:04 2026] GET /v3/4a16825a4ab44111955bcc18b5d1bcad/volumes/detail?all_tenants=true => generated 15 bytes in 236 msecs (HTTP/1.1 200) 7 headers in 284 bytes (1 switches on core 0)
2026-07-24 23:48:04.978 7 INFO cinder.api.openstack.wsgi [None req-e7868b32-3ec4-4f40-bc15-00ac388d606c dd0470db95ab4c9bb8b58d4afa19ded6 4a16825a4ab44111955bcc18b5d1bcad - - default default] GET http://cinder-api.openstack.svc.cluster.local:8776/v3/4a16825a4ab44111955bcc18b5d1bcad/snapshots?all_tenants=true
2026-07-24 23:48:04.984 7 INFO cinder.volume.api [None req-e7868b32-3ec4-4f40-bc15-00ac388d606c dd0470db95ab4c9bb8b58d4afa19ded6 4a16825a4ab44111955bcc18b5d1bcad - - default default] Get all snapshots completed successfully.
2026-07-24 23:48:04.984 7 INFO cinder.api.openstack.wsgi [None req-e7868b32-3ec4-4f40-bc15-00ac388d606c dd0470db95ab4c9bb8b58d4afa19ded6 4a16825a4ab44111955bcc18b5d1bcad - - default default] http://cinder-api.openstack.svc.cluster.local:8776/v3/4a16825a4ab44111955bcc18b5d1bcad/snapshots?all_tenants=true returned with HTTP 200 [pid: 7|app: 0|req: 257/516] 10.0.0.240 () {28 vars in 673 bytes} [Fri Jul 24 23:48:04 2026] GET /v3/4a16825a4ab44111955bcc18b5d1bcad/snapshots?all_tenants=true => generated 17 bytes in 12 msecs (HTTP/1.1 200) 7 headers in 284 bytes (1 switches on core 0)
2026-07-24 23:48:05.027 8 INFO cinder.api.openstack.wsgi [None req-b6600ff8-2c80-4a76-af6b-2468fbade5cd dd0470db95ab4c9bb8b58d4afa19ded6 4a16825a4ab44111955bcc18b5d1bcad - - default default] GET http://cinder-api.openstack.svc.cluster.local:8776/v3/4a16825a4ab44111955bcc18b5d1bcad/os-quota-sets/0f09024e79be4449bef07c4a704fdfc5?usage=true
2026-07-24 23:48:05.053 8 INFO cinder.api.openstack.wsgi [None req-b6600ff8-2c80-4a76-af6b-2468fbade5cd dd0470db95ab4c9bb8b58d4afa19ded6 4a16825a4ab44111955bcc18b5d1bcad - - default default] http://cinder-api.openstack.svc.cluster.local:8776/v3/4a16825a4ab44111955bcc18b5d1bcad/os-quota-sets/0f09024e79be4449bef07c4a704fdfc5?usage=true returned with HTTP 200 [pid: 8|app: 0|req: 260/517] 10.0.0.240 () {28 vars in 735 bytes} [Fri Jul 24 23:48:05 2026] GET /v3/4a16825a4ab44111955bcc18b5d1bcad/os-quota-sets/0f09024e79be4449bef07c4a704fdfc5?usage=true => generated 847 bytes in 34 msecs (HTTP/1.1 200) 7 headers in 285 bytes (1 switches on core 0)
2026-07-24 23:48:05.066 7 INFO cinder.api.openstack.wsgi [None req-c0a0b54f-756f-471a-846d-9a09dfdbcac8 dd0470db95ab4c9bb8b58d4afa19ded6 4a16825a4ab44111955bcc18b5d1bcad - - default default] GET http://cinder-api.openstack.svc.cluster.local:8776/v3/4a16825a4ab44111955bcc18b5d1bcad/os-quota-sets/2b06208fb3254f0c921f5464edf27f21?usage=true
2026-07-24 23:48:05.086 7 INFO cinder.api.openstack.wsgi [None req-c0a0b54f-756f-471a-846d-9a09dfdbcac8 dd0470db95ab4c9bb8b58d4afa19ded6 4a16825a4ab44111955bcc18b5d1bcad - - default default] http://cinder-api.openstack.svc.cluster.local:8776/v3/4a16825a4ab44111955bcc18b5d1bcad/os-quota-sets/2b06208fb3254f0c921f5464edf27f21?usage=true returned with HTTP 200 [pid: 7|app: 0|req: 258/518] 10.0.0.240 () {28 vars in 735 bytes} [Fri Jul 24 23:48:05 2026] GET /v3/4a16825a4ab44111955bcc18b5d1bcad/os-quota-sets/2b06208fb3254f0c921f5464edf27f21?usage=true => generated 845 bytes in 27 msecs (HTTP/1.1 200) 7 headers in 285 bytes (1 switches on core 0)
2026-07-24 23:48:05.100 8 INFO cinder.api.openstack.wsgi [None req-853be00b-eba1-4a53-80ed-7904818c4cc7 dd0470db95ab4c9bb8b58d4afa19ded6 4a16825a4ab44111955bcc18b5d1bcad - - default default] GET http://cinder-api.openstack.svc.cluster.local:8776/v3/4a16825a4ab44111955bcc18b5d1bcad/os-quota-sets/4a16825a4ab44111955bcc18b5d1bcad?usage=true
2026-07-24 23:48:05.123 8 INFO cinder.api.openstack.wsgi [None req-853be00b-eba1-4a53-80ed-7904818c4cc7 dd0470db95ab4c9bb8b58d4afa19ded6 4a16825a4ab44111955bcc18b5d1bcad - - default default] http://cinder-api.openstack.svc.cluster.local:8776/v3/4a16825a4ab44111955bcc18b5d1bcad/os-quota-sets/4a16825a4ab44111955bcc18b5d1bcad?usage=true returned with HTTP 200 [pid: 8|app: 0|req: 261/519] 10.0.0.240 () {28 vars in 735 bytes} [Fri Jul 24 23:48:05 2026] GET /v3/4a16825a4ab44111955bcc18b5d1bcad/os-quota-sets/4a16825a4ab44111955bcc18b5d1bcad?usage=true => generated 845 bytes in 34 msecs (HTTP/1.1 200) 7 headers in 285 bytes (1 switches on core 0)
2026-07-24 23:48:05.133 7 INFO cinder.api.openstack.wsgi [None req-f76f498f-7328-4dd4-9287-e11cb4faea85 dd0470db95ab4c9bb8b58d4afa19ded6 4a16825a4ab44111955bcc18b5d1bcad - - default default] GET http://cinder-api.openstack.svc.cluster.local:8776/v3/4a16825a4ab44111955bcc18b5d1bcad/os-quota-sets/4f38312681db42e2b778ea430c804677?usage=true
2026-07-24 23:48:05.156 7 INFO cinder.api.openstack.wsgi [None req-f76f498f-7328-4dd4-9287-e11cb4faea85 dd0470db95ab4c9bb8b58d4afa19ded6 4a16825a4ab44111955bcc18b5d1bcad - - default default] http://cinder-api.openstack.svc.cluster.local:8776/v3/4a16825a4ab44111955bcc18b5d1bcad/os-quota-sets/4f38312681db42e2b778ea430c804677?usage=true returned with HTTP 200 [pid: 7|app: 0|req: 259/520] 10.0.0.240 () {28 vars in 735 bytes} [Fri Jul 24 23:48:05 2026] GET /v3/4a16825a4ab44111955bcc18b5d1bcad/os-quota-sets/4f38312681db42e2b778ea430c804677?usage=true => generated 847 bytes in 29 msecs (HTTP/1.1 200) 7 headers in 285 bytes (1 switches on core 0)
2026-07-24 23:48:05.172 8 INFO cinder.api.openstack.wsgi [None req-7535dad4-4a03-4986-a748-aad05847a36c dd0470db95ab4c9bb8b58d4afa19ded6 4a16825a4ab44111955bcc18b5d1bcad - - default default] GET http://cinder-api.openstack.svc.cluster.local:8776/v3/4a16825a4ab44111955bcc18b5d1bcad/os-quota-sets/911e30e522874904aeb7d1a771f96599?usage=true
2026-07-24 23:48:05.196 8 INFO cinder.api.openstack.wsgi [None req-7535dad4-4a03-4986-a748-aad05847a36c dd0470db95ab4c9bb8b58d4afa19ded6 4a16825a4ab44111955bcc18b5d1bcad - - default default] http://cinder-api.openstack.svc.cluster.local:8776/v3/4a16825a4ab44111955bcc18b5d1bcad/os-quota-sets/911e30e522874904aeb7d1a771f96599?usage=true returned with HTTP 200 [pid: 8|app: 0|req: 262/521] 10.0.0.240 () {28 vars in 735 bytes} [Fri Jul 24 23:48:05 2026] GET /v3/4a16825a4ab44111955bcc18b5d1bcad/os-quota-sets/911e30e522874904aeb7d1a771f96599?usage=true => generated 847 bytes in 34 msecs (HTTP/1.1 200) 7 headers in 285 bytes (1 switches on core 0)
2026-07-24 23:48:05.207 7 INFO cinder.api.openstack.wsgi [None req-2608a8e7-88df-4f08-b91d-ff02c5c389a8 dd0470db95ab4c9bb8b58d4afa19ded6 4a16825a4ab44111955bcc18b5d1bcad - - default default] GET http://cinder-api.openstack.svc.cluster.local:8776/v3/4a16825a4ab44111955bcc18b5d1bcad/os-quota-sets/bac4c61e3859451696f35e0e25f44362?usage=true
2026-07-24 23:48:05.232 7 INFO cinder.api.openstack.wsgi [None req-2608a8e7-88df-4f08-b91d-ff02c5c389a8 dd0470db95ab4c9bb8b58d4afa19ded6 4a16825a4ab44111955bcc18b5d1bcad - - default default] http://cinder-api.openstack.svc.cluster.local:8776/v3/4a16825a4ab44111955bcc18b5d1bcad/os-quota-sets/bac4c61e3859451696f35e0e25f44362?usage=true returned with HTTP 200 [pid: 7|app: 0|req: 260/522] 10.0.0.240 () {28 vars in 735 bytes} [Fri Jul 24 23:48:05 2026] GET /v3/4a16825a4ab44111955bcc18b5d1bcad/os-quota-sets/bac4c61e3859451696f35e0e25f44362?usage=true => generated 847 bytes in 32 msecs (HTTP/1.1 200) 7 headers in 285 bytes (1 switches on core 0)
2026-07-24 23:48:05.249 8 INFO cinder.api.openstack.wsgi [None req-f6330ae0-a31c-40a4-a4ee-f10d47d8ea62 dd0470db95ab4c9bb8b58d4afa19ded6 4a16825a4ab44111955bcc18b5d1bcad - - default default] GET http://cinder-api.openstack.svc.cluster.local:8776/v3/4a16825a4ab44111955bcc18b5d1bcad/os-quota-sets/c9c175b1bbb847adaea2d4b785ac645e?usage=true
2026-07-24 23:48:05.280 8 INFO cinder.api.openstack.wsgi [None req-f6330ae0-a31c-40a4-a4ee-f10d47d8ea62 dd0470db95ab4c9bb8b58d4afa19ded6 4a16825a4ab44111955bcc18b5d1bcad - - default default] http://cinder-api.openstack.svc.cluster.local:8776/v3/4a16825a4ab44111955bcc18b5d1bcad/os-quota-sets/c9c175b1bbb847adaea2d4b785ac645e?usage=true returned with HTTP 200 [pid: 8|app: 0|req: 263/523] 10.0.0.240 () {28 vars in 735 bytes} [Fri Jul 24 23:48:05 2026] GET /v3/4a16825a4ab44111955bcc18b5d1bcad/os-quota-sets/c9c175b1bbb847adaea2d4b785ac645e?usage=true => generated 847 bytes in 38 msecs (HTTP/1.1 200) 7 headers in 285 bytes (1 switches on core 0)
2026-07-24 23:48:05.293 7 INFO cinder.api.openstack.wsgi [None req-ea0c21b9-08ab-40b5-aa58-b24a2ecdc066 dd0470db95ab4c9bb8b58d4afa19ded6 4a16825a4ab44111955bcc18b5d1bcad - - default default] GET http://cinder-api.openstack.svc.cluster.local:8776/v3/4a16825a4ab44111955bcc18b5d1bcad/os-quota-sets/da072504053646c6ab4a4ec665a84a3d?usage=true
2026-07-24 23:48:05.321 7 INFO cinder.api.openstack.wsgi [None req-ea0c21b9-08ab-40b5-aa58-b24a2ecdc066 dd0470db95ab4c9bb8b58d4afa19ded6 4a16825a4ab44111955bcc18b5d1bcad - - default default] http://cinder-api.openstack.svc.cluster.local:8776/v3/4a16825a4ab44111955bcc18b5d1bcad/os-quota-sets/da072504053646c6ab4a4ec665a84a3d?usage=true returned with HTTP 200 [pid: 7|app: 0|req: 261/524] 10.0.0.240 () {28 vars in 735 bytes} [Fri Jul 24 23:48:05 2026] GET /v3/4a16825a4ab44111955bcc18b5d1bcad/os-quota-sets/da072504053646c6ab4a4ec665a84a3d?usage=true => generated 847 bytes in 35 msecs (HTTP/1.1 200) 7 headers in 285 bytes (1 switches on core 0)
2026-07-24 23:48:05.334 8 INFO cinder.api.openstack.wsgi [None req-5beb0069-52f1-48fc-94f1-a49331309912 dd0470db95ab4c9bb8b58d4afa19ded6 4a16825a4ab44111955bcc18b5d1bcad - - default default] GET http://cinder-api.openstack.svc.cluster.local:8776/v3/4a16825a4ab44111955bcc18b5d1bcad/os-services
2026-07-24 23:48:05.339 8 INFO cinder.api.openstack.wsgi [None req-5beb0069-52f1-48fc-94f1-a49331309912 dd0470db95ab4c9bb8b58d4afa19ded6 4a16825a4ab44111955bcc18b5d1bcad - - default default] http://cinder-api.openstack.svc.cluster.local:8776/v3/4a16825a4ab44111955bcc18b5d1bcad/os-services returned with HTTP 200 [pid: 8|app: 0|req: 264/525] 10.0.0.240 () {28 vars in 644 bytes} [Fri Jul 24 23:48:05 2026] GET /v3/4a16825a4ab44111955bcc18b5d1bcad/os-services => generated 646 bytes in 13 msecs (HTTP/1.1 200) 7 headers in 285 bytes (1 switches on core 0)
2026-07-24 23:48:05.353 7 INFO cinder.api.openstack.wsgi [None req-904a0582-50d0-4e52-aa91-895ca89dc911 dd0470db95ab4c9bb8b58d4afa19ded6 4a16825a4ab44111955bcc18b5d1bcad - - default default] GET http://cinder-api.openstack.svc.cluster.local:8776/v3/4a16825a4ab44111955bcc18b5d1bcad/volumes/detail?all_tenants=true
2026-07-24 23:48:05.366 7 INFO cinder.volume.api [None req-904a0582-50d0-4e52-aa91-895ca89dc911 dd0470db95ab4c9bb8b58d4afa19ded6 4a16825a4ab44111955bcc18b5d1bcad - - default default] Get all volumes completed successfully.
2026-07-24 23:48:05.368 7 INFO cinder.api.openstack.wsgi [None req-904a0582-50d0-4e52-aa91-895ca89dc911 dd0470db95ab4c9bb8b58d4afa19ded6 4a16825a4ab44111955bcc18b5d1bcad - - default default] http://cinder-api.openstack.svc.cluster.local:8776/v3/4a16825a4ab44111955bcc18b5d1bcad/volumes/detail?all_tenants=true returned with HTTP 200 [pid: 7|app: 0|req: 262/526] 10.0.0.240 () {28 vars in 683 bytes} [Fri Jul 24 23:48:05 2026] GET /v3/4a16825a4ab44111955bcc18b5d1bcad/volumes/detail?all_tenants=true => generated 15 bytes in 21 msecs (HTTP/1.1 200) 7 headers in 284 bytes (1 switches on core 0)
2026-07-24 23:48:05.381 8 INFO cinder.api.openstack.wsgi [None req-82ef9c70-8e35-4d9e-8fab-893f669acaf3 dd0470db95ab4c9bb8b58d4afa19ded6 4a16825a4ab44111955bcc18b5d1bcad - - default default] GET http://cinder-api.openstack.svc.cluster.local:8776/v3/4a16825a4ab44111955bcc18b5d1bcad/scheduler-stats/get_pools?detail=true
2026-07-24 23:48:05.888 8 INFO cinder.api.openstack.wsgi [None req-82ef9c70-8e35-4d9e-8fab-893f669acaf3 dd0470db95ab4c9bb8b58d4afa19ded6 4a16825a4ab44111955bcc18b5d1bcad - - default default] http://cinder-api.openstack.svc.cluster.local:8776/v3/4a16825a4ab44111955bcc18b5d1bcad/scheduler-stats/get_pools?detail=true returned with HTTP 200 [pid: 8|app: 0|req: 265/527] 10.0.0.240 () {28 vars in 695 bytes} [Fri Jul 24 23:48:05 2026] GET /v3/4a16825a4ab44111955bcc18b5d1bcad/scheduler-stats/get_pools?detail=true => generated 670 bytes in 516 msecs (HTTP/1.1 200) 7 headers in 285 bytes (1 switches on core 0)
2026-07-24 23:48:06.757 7 INFO cinder.api.openstack.wsgi [None req-904a0582-50d0-4e52-aa91-895ca89dc911 dd0470db95ab4c9bb8b58d4afa19ded6 4a16825a4ab44111955bcc18b5d1bcad - - default default] GET http://10.0.0.137:8776/
2026-07-24 23:48:06.758 7 INFO cinder.api.openstack.wsgi [None req-904a0582-50d0-4e52-aa91-895ca89dc911 dd0470db95ab4c9bb8b58d4afa19ded6 4a16825a4ab44111955bcc18b5d1bcad - - default default] http://10.0.0.137:8776/ returned with HTTP 300
2026-07-24 23:48:06.759 8 INFO cinder.api.openstack.wsgi [None req-82ef9c70-8e35-4d9e-8fab-893f669acaf3 dd0470db95ab4c9bb8b58d4afa19ded6 4a16825a4ab44111955bcc18b5d1bcad - - default default] GET http://10.0.0.137:8776/
2026-07-24 23:48:06.760 8 INFO cinder.api.openstack.wsgi [None req-82ef9c70-8e35-4d9e-8fab-893f669acaf3 dd0470db95ab4c9bb8b58d4afa19ded6 4a16825a4ab44111955bcc18b5d1bcad - - default default] http://10.0.0.137:8776/ returned with HTTP 300
2026-07-24 23:48:08.442 7 INFO cinder.api.openstack.wsgi [None req-4a3c11a2-1d05-4068-9631-198c8f154da1 9c762632818742eeb0951776028b78ab 2aaabe4ccfd642fcaac7afcaef82a100 - - default default] GET http://cinder-api.openstack.svc.cluster.local:8776/v3/2aaabe4ccfd642fcaac7afcaef82a100/volumes
2026-07-24 23:48:08.485 7 INFO cinder.volume.api [None req-4a3c11a2-1d05-4068-9631-198c8f154da1 9c762632818742eeb0951776028b78ab 2aaabe4ccfd642fcaac7afcaef82a100 - - default default] Get all volumes completed successfully.
2026-07-24 23:48:08.486 7 INFO cinder.api.openstack.wsgi [None req-4a3c11a2-1d05-4068-9631-198c8f154da1 9c762632818742eeb0951776028b78ab 2aaabe4ccfd642fcaac7afcaef82a100 - - default default] http://cinder-api.openstack.svc.cluster.local:8776/v3/2aaabe4ccfd642fcaac7afcaef82a100/volumes returned with HTTP 200 [pid: 7|app: 0|req: 264/530] 10.0.0.182 () {32 vars in 700 bytes} [Fri Jul 24 23:48:08 2026] GET /v3/2aaabe4ccfd642fcaac7afcaef82a100/volumes => generated 15 bytes in 220 msecs (HTTP/1.1 200) 7 headers in 284 bytes (1 switches on core 0)
2026-07-24 23:48:08.502 8 INFO cinder.api.openstack.wsgi [None req-9721c796-5e76-4142-aabb-03ec94ea46cf 9c762632818742eeb0951776028b78ab 2aaabe4ccfd642fcaac7afcaef82a100 - - default default] POST http://cinder-api.openstack.svc.cluster.local:8776/v3/2aaabe4ccfd642fcaac7afcaef82a100/volumes
2026-07-24 23:48:08.505 8 INFO cinder.api.v3.volumes [None req-9721c796-5e76-4142-aabb-03ec94ea46cf 9c762632818742eeb0951776028b78ab 2aaabe4ccfd642fcaac7afcaef82a100 - - default default] Create volume of 1 GB
2026-07-24 23:48:08.520 8 INFO cinder.volume.api [None req-9721c796-5e76-4142-aabb-03ec94ea46cf 9c762632818742eeb0951776028b78ab 2aaabe4ccfd642fcaac7afcaef82a100 - - default default] Availability Zones retrieved successfully.
2026-07-24 23:48:08.705 8 INFO cinder.volume.api [None req-9721c796-5e76-4142-aabb-03ec94ea46cf 9c762632818742eeb0951776028b78ab 2aaabe4ccfd642fcaac7afcaef82a100 - - default default] Create volume request issued successfully.
2026-07-24 23:48:08.707 8 INFO cinder.api.openstack.wsgi [None req-9721c796-5e76-4142-aabb-03ec94ea46cf 9c762632818742eeb0951776028b78ab 2aaabe4ccfd642fcaac7afcaef82a100 - - default default] http://cinder-api.openstack.svc.cluster.local:8776/v3/2aaabe4ccfd642fcaac7afcaef82a100/volumes returned with HTTP 202 [pid: 8|app: 0|req: 267/531] 10.0.0.182 () {34 vars in 722 bytes} [Fri Jul 24 23:48:08 2026] POST /v3/2aaabe4ccfd642fcaac7afcaef82a100/volumes => generated 875 bytes in 214 msecs (HTTP/1.1 202) 7 headers in 291 bytes (1 switches on core 0)
2026-07-24 23:48:08.727 7 INFO cinder.api.openstack.wsgi [None req-7f874843-4c1b-4b5e-b5b7-d03a22bc143d 9c762632818742eeb0951776028b78ab 2aaabe4ccfd642fcaac7afcaef82a100 - - default default] GET http://cinder-api.openstack.svc.cluster.local:8776/v3/2aaabe4ccfd642fcaac7afcaef82a100/volumes/3dbc66cf-1516-4a24-9c8a-24d03aa35ac8 /var/lib/openstack/lib/python3.12/site-packages/oslo_context/context.py:101: DeprecationWarning: Policy enforcement is depending on the value of is_admin. This key is deprecated. Please update your policy file to use the standard policy values. warnings.warn(
2026-07-24 23:48:08.747 7 INFO cinder.volume.api [None req-7f874843-4c1b-4b5e-b5b7-d03a22bc143d 9c762632818742eeb0951776028b78ab 2aaabe4ccfd642fcaac7afcaef82a100 - - default default] Volume info retrieved successfully.
2026-07-24 23:48:08.755 7 INFO cinder.api.openstack.wsgi [None req-7f874843-4c1b-4b5e-b5b7-d03a22bc143d 9c762632818742eeb0951776028b78ab 2aaabe4ccfd642fcaac7afcaef82a100 - - default default] http://cinder-api.openstack.svc.cluster.local:8776/v3/2aaabe4ccfd642fcaac7afcaef82a100/volumes/3dbc66cf-1516-4a24-9c8a-24d03aa35ac8 returned with HTTP 200 [pid: 7|app: 0|req: 265/532] 10.0.0.182 () {32 vars in 774 bytes} [Fri Jul 24 23:48:08 2026] GET /v3/2aaabe4ccfd642fcaac7afcaef82a100/volumes/3dbc66cf-1516-4a24-9c8a-24d03aa35ac8 => generated 943 bytes in 32 msecs (HTTP/1.1 200) 7 headers in 285 bytes (1 switches on core 0) /var/lib/openstack/lib/python3.12/site-packages/pycadf/identifier.py:70: UserWarning: Invalid uuid: cinderv3. To ensure interoperability, identifiers should be a valid uuid. warnings.warn(('Invalid uuid: %s. To ensure interoperability, '
2026-07-24 23:48:09.778 8 INFO cinder.api.openstack.wsgi [None req-2045aad8-7fe3-4054-abe3-f29a67a1cbc9 9c762632818742eeb0951776028b78ab 2aaabe4ccfd642fcaac7afcaef82a100 - - default default] GET http://cinder-api.openstack.svc.cluster.local:8776/v3/2aaabe4ccfd642fcaac7afcaef82a100/volumes/3dbc66cf-1516-4a24-9c8a-24d03aa35ac8 /var/lib/openstack/lib/python3.12/site-packages/oslo_context/context.py:101: DeprecationWarning: Policy enforcement is depending on the value of is_admin. This key is deprecated. Please update your policy file to use the standard policy values. warnings.warn(
2026-07-24 23:48:09.798 8 INFO cinder.volume.api [None req-2045aad8-7fe3-4054-abe3-f29a67a1cbc9 9c762632818742eeb0951776028b78ab 2aaabe4ccfd642fcaac7afcaef82a100 - - default default] Volume info retrieved successfully.
2026-07-24 23:48:09.807 8 INFO cinder.api.openstack.wsgi [None req-2045aad8-7fe3-4054-abe3-f29a67a1cbc9 9c762632818742eeb0951776028b78ab 2aaabe4ccfd642fcaac7afcaef82a100 - - default default] http://cinder-api.openstack.svc.cluster.local:8776/v3/2aaabe4ccfd642fcaac7afcaef82a100/volumes/3dbc66cf-1516-4a24-9c8a-24d03aa35ac8 returned with HTTP 200 [pid: 8|app: 0|req: 268/533] 10.0.0.182 () {32 vars in 774 bytes} [Fri Jul 24 23:48:09 2026] GET /v3/2aaabe4ccfd642fcaac7afcaef82a100/volumes/3dbc66cf-1516-4a24-9c8a-24d03aa35ac8 => generated 968 bytes in 37 msecs (HTTP/1.1 200) 7 headers in 285 bytes (1 switches on core 0) /var/lib/openstack/lib/python3.12/site-packages/pycadf/identifier.py:70: UserWarning: Invalid uuid: cinderv3. To ensure interoperability, identifiers should be a valid uuid. warnings.warn(('Invalid uuid: %s. To ensure interoperability, '
2026-07-24 23:48:09.833 7 INFO cinder.api.openstack.wsgi [None req-2e070b35-aefb-4ee9-91a8-9a5c914abf27 9c762632818742eeb0951776028b78ab 2aaabe4ccfd642fcaac7afcaef82a100 - - default default] GET http://cinder-api.openstack.svc.cluster.local:8776/v3/2aaabe4ccfd642fcaac7afcaef82a100/volumes/3dbc66cf-1516-4a24-9c8a-24d03aa35ac8 /var/lib/openstack/lib/python3.12/site-packages/oslo_context/context.py:101: DeprecationWarning: Policy enforcement is depending on the value of is_admin. This key is deprecated. Please update your policy file to use the standard policy values. warnings.warn(
2026-07-24 23:48:09.849 7 INFO cinder.volume.api [None req-2e070b35-aefb-4ee9-91a8-9a5c914abf27 9c762632818742eeb0951776028b78ab 2aaabe4ccfd642fcaac7afcaef82a100 - - default default] Volume info retrieved successfully.
2026-07-24 23:48:09.854 7 INFO cinder.api.openstack.wsgi [None req-2e070b35-aefb-4ee9-91a8-9a5c914abf27 9c762632818742eeb0951776028b78ab 2aaabe4ccfd642fcaac7afcaef82a100 - - default default] http://cinder-api.openstack.svc.cluster.local:8776/v3/2aaabe4ccfd642fcaac7afcaef82a100/volumes/3dbc66cf-1516-4a24-9c8a-24d03aa35ac8 returned with HTTP 200 [pid: 7|app: 0|req: 266/534] 10.0.0.182 () {32 vars in 774 bytes} [Fri Jul 24 23:48:09 2026] GET /v3/2aaabe4ccfd642fcaac7afcaef82a100/volumes/3dbc66cf-1516-4a24-9c8a-24d03aa35ac8 => generated 968 bytes in 27 msecs (HTTP/1.1 200) 7 headers in 285 bytes (1 switches on core 0) /var/lib/openstack/lib/python3.12/site-packages/pycadf/identifier.py:70: UserWarning: Invalid uuid: cinderv3. To ensure interoperability, identifiers should be a valid uuid. warnings.warn(('Invalid uuid: %s. To ensure interoperability, '
2026-07-24 23:48:09.879 8 INFO cinder.api.openstack.wsgi [None req-321c25f5-6f8f-47a5-8b59-4bda7012758e 9c762632818742eeb0951776028b78ab 2aaabe4ccfd642fcaac7afcaef82a100 - - default default] POST http://cinder-api.openstack.svc.cluster.local:8776/v3/2aaabe4ccfd642fcaac7afcaef82a100/volumes
2026-07-24 23:48:09.881 8 INFO cinder.api.v3.volumes [None req-321c25f5-6f8f-47a5-8b59-4bda7012758e 9c762632818742eeb0951776028b78ab 2aaabe4ccfd642fcaac7afcaef82a100 - - default default] Create volume of 1 GB
2026-07-24 23:48:09.887 8 INFO cinder.volume.api [None req-321c25f5-6f8f-47a5-8b59-4bda7012758e 9c762632818742eeb0951776028b78ab 2aaabe4ccfd642fcaac7afcaef82a100 - - default default] Availability Zones retrieved successfully.
2026-07-24 23:48:10.017 8 INFO cinder.volume.api [None req-321c25f5-6f8f-47a5-8b59-4bda7012758e 9c762632818742eeb0951776028b78ab 2aaabe4ccfd642fcaac7afcaef82a100 - - default default] Create volume request issued successfully.
2026-07-24 23:48:10.019 8 INFO cinder.api.openstack.wsgi [None req-321c25f5-6f8f-47a5-8b59-4bda7012758e 9c762632818742eeb0951776028b78ab 2aaabe4ccfd642fcaac7afcaef82a100 - - default default] http://cinder-api.openstack.svc.cluster.local:8776/v3/2aaabe4ccfd642fcaac7afcaef82a100/volumes returned with HTTP 202 [pid: 8|app: 0|req: 269/535] 10.0.0.182 () {34 vars in 722 bytes} [Fri Jul 24 23:48:09 2026] POST /v3/2aaabe4ccfd642fcaac7afcaef82a100/volumes => generated 875 bytes in 145 msecs (HTTP/1.1 202) 7 headers in 291 bytes (1 switches on core 0) /var/lib/openstack/lib/python3.12/site-packages/pycadf/identifier.py:70: UserWarning: Invalid uuid: cinderv3. To ensure interoperability, identifiers should be a valid uuid. warnings.warn(('Invalid uuid: %s. To ensure interoperability, '
2026-07-24 23:48:10.043 7 INFO cinder.api.openstack.wsgi [None req-17650fe0-d926-4310-8575-5fa16afcdd78 9c762632818742eeb0951776028b78ab 2aaabe4ccfd642fcaac7afcaef82a100 - - default default] GET http://cinder-api.openstack.svc.cluster.local:8776/v3/2aaabe4ccfd642fcaac7afcaef82a100/volumes/42c69a11-e888-4a03-b155-ffa78be7e4c6 /var/lib/openstack/lib/python3.12/site-packages/oslo_context/context.py:101: DeprecationWarning: Policy enforcement is depending on the value of is_admin. This key is deprecated. Please update your policy file to use the standard policy values. warnings.warn(
2026-07-24 23:48:10.057 7 INFO cinder.volume.api [None req-17650fe0-d926-4310-8575-5fa16afcdd78 9c762632818742eeb0951776028b78ab 2aaabe4ccfd642fcaac7afcaef82a100 - - default default] Volume info retrieved successfully.
2026-07-24 23:48:10.063 7 INFO cinder.api.openstack.wsgi [None req-17650fe0-d926-4310-8575-5fa16afcdd78 9c762632818742eeb0951776028b78ab 2aaabe4ccfd642fcaac7afcaef82a100 - - default default] http://cinder-api.openstack.svc.cluster.local:8776/v3/2aaabe4ccfd642fcaac7afcaef82a100/volumes/42c69a11-e888-4a03-b155-ffa78be7e4c6 returned with HTTP 200 [pid: 7|app: 0|req: 267/536] 10.0.0.182 () {32 vars in 774 bytes} [Fri Jul 24 23:48:10 2026] GET /v3/2aaabe4ccfd642fcaac7afcaef82a100/volumes/42c69a11-e888-4a03-b155-ffa78be7e4c6 => generated 943 bytes in 29 msecs (HTTP/1.1 200) 7 headers in 285 bytes (1 switches on core 0) /var/lib/openstack/lib/python3.12/site-packages/pycadf/identifier.py:70: UserWarning: Invalid uuid: cinderv3. To ensure interoperability, identifiers should be a valid uuid. warnings.warn(('Invalid uuid: %s. To ensure interoperability, '
2026-07-24 23:48:11.085 8 INFO cinder.api.openstack.wsgi [None req-eca4585e-8b7b-4d8a-91a4-fddfd52d3da7 9c762632818742eeb0951776028b78ab 2aaabe4ccfd642fcaac7afcaef82a100 - - default default] GET http://cinder-api.openstack.svc.cluster.local:8776/v3/2aaabe4ccfd642fcaac7afcaef82a100/volumes/42c69a11-e888-4a03-b155-ffa78be7e4c6 /var/lib/openstack/lib/python3.12/site-packages/oslo_context/context.py:101: DeprecationWarning: Policy enforcement is depending on the value of is_admin. This key is deprecated. Please update your policy file to use the standard policy values. warnings.warn(
2026-07-24 23:48:11.100 8 INFO cinder.volume.api [None req-eca4585e-8b7b-4d8a-91a4-fddfd52d3da7 9c762632818742eeb0951776028b78ab 2aaabe4ccfd642fcaac7afcaef82a100 - - default default] Volume info retrieved successfully.
2026-07-24 23:48:11.107 8 INFO cinder.api.openstack.wsgi [None req-eca4585e-8b7b-4d8a-91a4-fddfd52d3da7 9c762632818742eeb0951776028b78ab 2aaabe4ccfd642fcaac7afcaef82a100 - - default default] http://cinder-api.openstack.svc.cluster.local:8776/v3/2aaabe4ccfd642fcaac7afcaef82a100/volumes/42c69a11-e888-4a03-b155-ffa78be7e4c6 returned with HTTP 200 [pid: 8|app: 0|req: 270/537] 10.0.0.182 () {32 vars in 774 bytes} [Fri Jul 24 23:48:11 2026] GET /v3/2aaabe4ccfd642fcaac7afcaef82a100/volumes/42c69a11-e888-4a03-b155-ffa78be7e4c6 => generated 968 bytes in 28 msecs (HTTP/1.1 200) 7 headers in 285 bytes (1 switches on core 0) /var/lib/openstack/lib/python3.12/site-packages/pycadf/identifier.py:70: UserWarning: Invalid uuid: cinderv3. To ensure interoperability, identifiers should be a valid uuid. warnings.warn(('Invalid uuid: %s. To ensure interoperability, '
2026-07-24 23:48:11.131 7 INFO cinder.api.openstack.wsgi [None req-5b867d8c-1163-40b3-a2e1-0de12deff05e 9c762632818742eeb0951776028b78ab 2aaabe4ccfd642fcaac7afcaef82a100 - - default default] GET http://cinder-api.openstack.svc.cluster.local:8776/v3/2aaabe4ccfd642fcaac7afcaef82a100/volumes/42c69a11-e888-4a03-b155-ffa78be7e4c6 /var/lib/openstack/lib/python3.12/site-packages/oslo_context/context.py:101: DeprecationWarning: Policy enforcement is depending on the value of is_admin. This key is deprecated. Please update your policy file to use the standard policy values. warnings.warn(
2026-07-24 23:48:11.159 7 INFO cinder.volume.api [None req-5b867d8c-1163-40b3-a2e1-0de12deff05e 9c762632818742eeb0951776028b78ab 2aaabe4ccfd642fcaac7afcaef82a100 - - default default] Volume info retrieved successfully.
2026-07-24 23:48:11.166 7 INFO cinder.api.openstack.wsgi [None req-5b867d8c-1163-40b3-a2e1-0de12deff05e 9c762632818742eeb0951776028b78ab 2aaabe4ccfd642fcaac7afcaef82a100 - - default default] http://cinder-api.openstack.svc.cluster.local:8776/v3/2aaabe4ccfd642fcaac7afcaef82a100/volumes/42c69a11-e888-4a03-b155-ffa78be7e4c6 returned with HTTP 200 [pid: 7|app: 0|req: 268/538] 10.0.0.182 () {32 vars in 774 bytes} [Fri Jul 24 23:48:11 2026] GET /v3/2aaabe4ccfd642fcaac7afcaef82a100/volumes/42c69a11-e888-4a03-b155-ffa78be7e4c6 => generated 968 bytes in 43 msecs (HTTP/1.1 200) 7 headers in 285 bytes (1 switches on core 0) /var/lib/openstack/lib/python3.12/site-packages/pycadf/identifier.py:70: UserWarning: Invalid uuid: cinderv3. To ensure interoperability, identifiers should be a valid uuid. warnings.warn(('Invalid uuid: %s. To ensure interoperability, '
2026-07-24 23:48:11.184 8 INFO cinder.api.openstack.wsgi [None req-2dd2508d-6816-4fe9-ad2f-52aa392cef87 9c762632818742eeb0951776028b78ab 2aaabe4ccfd642fcaac7afcaef82a100 - - default default] POST http://cinder-api.openstack.svc.cluster.local:8776/v3/2aaabe4ccfd642fcaac7afcaef82a100/volumes
2026-07-24 23:48:11.186 8 INFO cinder.api.v3.volumes [None req-2dd2508d-6816-4fe9-ad2f-52aa392cef87 9c762632818742eeb0951776028b78ab 2aaabe4ccfd642fcaac7afcaef82a100 - - default default] Create volume of 1 GB
2026-07-24 23:48:11.192 8 INFO cinder.volume.api [None req-2dd2508d-6816-4fe9-ad2f-52aa392cef87 9c762632818742eeb0951776028b78ab 2aaabe4ccfd642fcaac7afcaef82a100 - - default default] Availability Zones retrieved successfully.
2026-07-24 23:48:11.319 8 INFO cinder.volume.api [None req-2dd2508d-6816-4fe9-ad2f-52aa392cef87 9c762632818742eeb0951776028b78ab 2aaabe4ccfd642fcaac7afcaef82a100 - - default default] Create volume request issued successfully.
2026-07-24 23:48:11.320 8 INFO cinder.api.openstack.wsgi [None req-2dd2508d-6816-4fe9-ad2f-52aa392cef87 9c762632818742eeb0951776028b78ab 2aaabe4ccfd642fcaac7afcaef82a100 - - default default] http://cinder-api.openstack.svc.cluster.local:8776/v3/2aaabe4ccfd642fcaac7afcaef82a100/volumes returned with HTTP 202 [pid: 8|app: 0|req: 271/539] 10.0.0.182 () {34 vars in 722 bytes} [Fri Jul 24 23:48:11 2026] POST /v3/2aaabe4ccfd642fcaac7afcaef82a100/volumes => generated 876 bytes in 142 msecs (HTTP/1.1 202) 7 headers in 291 bytes (1 switches on core 0) /var/lib/openstack/lib/python3.12/site-packages/pycadf/identifier.py:70: UserWarning: Invalid uuid: cinderv3. To ensure interoperability, identifiers should be a valid uuid. warnings.warn(('Invalid uuid: %s. To ensure interoperability, '
2026-07-24 23:48:11.353 7 INFO cinder.api.openstack.wsgi [None req-f325a0fe-0539-4802-a082-8a04a74b3f3c 9c762632818742eeb0951776028b78ab 2aaabe4ccfd642fcaac7afcaef82a100 - - default default] GET http://cinder-api.openstack.svc.cluster.local:8776/v3/2aaabe4ccfd642fcaac7afcaef82a100/volumes/31192eaa-11a0-4e40-8e89-1aba308321c5 /var/lib/openstack/lib/python3.12/site-packages/oslo_context/context.py:101: DeprecationWarning: Policy enforcement is depending on the value of is_admin. This key is deprecated. Please update your policy file to use the standard policy values. warnings.warn(
2026-07-24 23:48:11.365 7 INFO cinder.volume.api [None req-f325a0fe-0539-4802-a082-8a04a74b3f3c 9c762632818742eeb0951776028b78ab 2aaabe4ccfd642fcaac7afcaef82a100 - - default default] Volume info retrieved successfully.
2026-07-24 23:48:11.370 7 INFO cinder.api.openstack.wsgi [None req-f325a0fe-0539-4802-a082-8a04a74b3f3c 9c762632818742eeb0951776028b78ab 2aaabe4ccfd642fcaac7afcaef82a100 - - default default] http://cinder-api.openstack.svc.cluster.local:8776/v3/2aaabe4ccfd642fcaac7afcaef82a100/volumes/31192eaa-11a0-4e40-8e89-1aba308321c5 returned with HTTP 200 [pid: 7|app: 0|req: 269/540] 10.0.0.182 () {32 vars in 774 bytes} [Fri Jul 24 23:48:11 2026] GET /v3/2aaabe4ccfd642fcaac7afcaef82a100/volumes/31192eaa-11a0-4e40-8e89-1aba308321c5 => generated 944 bytes in 29 msecs (HTTP/1.1 200) 7 headers in 285 bytes (1 switches on core 0) /var/lib/openstack/lib/python3.12/site-packages/pycadf/identifier.py:70: UserWarning: Invalid uuid: cinderv3. To ensure interoperability, identifiers should be a valid uuid. warnings.warn(('Invalid uuid: %s. To ensure interoperability, '
2026-07-24 23:48:12.389 8 INFO cinder.api.openstack.wsgi [None req-062a3357-18c3-4b6d-b355-d5997e7bbcfe 9c762632818742eeb0951776028b78ab 2aaabe4ccfd642fcaac7afcaef82a100 - - default default] GET http://cinder-api.openstack.svc.cluster.local:8776/v3/2aaabe4ccfd642fcaac7afcaef82a100/volumes/31192eaa-11a0-4e40-8e89-1aba308321c5 /var/lib/openstack/lib/python3.12/site-packages/oslo_context/context.py:101: DeprecationWarning: Policy enforcement is depending on the value of is_admin. This key is deprecated. Please update your policy file to use the standard policy values. warnings.warn(
