2026-07-24 23:50:42.928 8 INFO placement.requestlog [req-12dc1487-a2c5-4874-b2cc-b838c72b10c7 req-2605105d-1514-4b14-bbab-8c945d4a45b2 2b61ad0543074adb91763082c536770a 2b06208fb3254f0c921f5464edf27f21 - - 6495add0b69142658c09af76088dfd88 6495add0b69142658c09af76088dfd88] 199.204.45.61 "GET /allocations/8addec6f-301c-43f8-831b-2905a4d331a1" status: 200 len: 258 microversion: 1.28 [pid: 8|app: 0|req: 457/903] 199.204.45.61 () {34 vars in 862 bytes} [Fri Jul 24 23:50:42 2026] GET /allocations/8addec6f-301c-43f8-831b-2905a4d331a1 => generated 258 bytes in 12 msecs (HTTP/1.1 200) 8 headers in 296 bytes (1 switches on core 0)
2026-07-24 23:50:42.949 7 INFO placement.requestlog [req-12dc1487-a2c5-4874-b2cc-b838c72b10c7 req-b45408a2-500e-42ab-a0ff-6f0cfdbddf8f 2b61ad0543074adb91763082c536770a 2b06208fb3254f0c921f5464edf27f21 - - 6495add0b69142658c09af76088dfd88 6495add0b69142658c09af76088dfd88] 199.204.45.61 "GET /allocations/8d09a368-5b14-4a26-82cb-b2e2384b46b7" status: 200 len: 258 microversion: 1.28 [pid: 7|app: 0|req: 447/904] 199.204.45.61 () {34 vars in 862 bytes} [Fri Jul 24 23:50:42 2026] GET /allocations/8d09a368-5b14-4a26-82cb-b2e2384b46b7 => generated 258 bytes in 12 msecs (HTTP/1.1 200) 8 headers in 296 bytes (1 switches on core 0)
2026-07-24 23:50:52.902 7 INFO placement.requestlog [None req-8a705a16-cd42-44a4-94d7-55e6b9eda1d8 - - - - - -] 10.0.0.215 "GET /" status: 200 len: 136 microversion: 1.0
2026-07-24 23:50:52.902 8 INFO placement.requestlog [None req-a4bc0f97-8e76-43b8-a7a6-a3589dd67996 - - - - - -] 10.0.0.215 "GET /" status: 200 len: 136 microversion: 1.0
2026-07-24 23:51:02.901 8 INFO placement.requestlog [None req-23617b1e-eef6-4d04-be40-292de41aade4 - - - - - -] 10.0.0.215 "GET /" status: 200 len: 136 microversion: 1.0
2026-07-24 23:51:02.902 7 INFO placement.requestlog [None req-02309c2b-aa5d-41ea-84ca-cd2826d99621 - - - - - -] 10.0.0.215 "GET /" status: 200 len: 136 microversion: 1.0
2026-07-24 23:51:12.901 8 INFO placement.requestlog [None req-7322d242-f595-478e-b7b9-963170b8eadd - - - - - -] 10.0.0.215 "GET /" status: 200 len: 136 microversion: 1.0
2026-07-24 23:51:12.902 7 INFO placement.requestlog [None req-dfb4ab16-a4c7-4e8a-874b-e5ff0dc6ccf0 - - - - - -] 10.0.0.215 "GET /" status: 200 len: 136 microversion: 1.0
2026-07-24 23:51:19.133 8 INFO placement.requestlog [req-6b84914e-8990-48a6-bae8-4720e700c1c9 req-8d3a3c51-1eb0-4a14-897b-175bf3018dff 2b61ad0543074adb91763082c536770a 2b06208fb3254f0c921f5464edf27f21 - - 6495add0b69142658c09af76088dfd88 6495add0b69142658c09af76088dfd88] 199.204.45.61 "GET /resource_providers/565211d2-d33d-453b-9592-fd25e7c492ce/allocations" status: 200 len: 540 microversion: 1.0 [pid: 8|app: 0|req: 461/911] 199.204.45.61 () {32 vars in 856 bytes} [Fri Jul 24 23:51:19 2026] GET /resource_providers/565211d2-d33d-453b-9592-fd25e7c492ce/allocations => generated 540 bytes in 18 msecs (HTTP/1.1 200) 6 headers in 224 bytes (1 switches on core 0)
2026-07-24 23:51:19.153 7 INFO placement.requestlog [req-6b84914e-8990-48a6-bae8-4720e700c1c9 req-616bcd1d-26af-4950-8a48-fab1201c6f17 2b61ad0543074adb91763082c536770a 2b06208fb3254f0c921f5464edf27f21 - - 6495add0b69142658c09af76088dfd88 6495add0b69142658c09af76088dfd88] 199.204.45.61 "GET /allocations/375baa2f-843c-4613-9e7a-8d03279d8b55" status: 200 len: 258 microversion: 1.28 [pid: 7|app: 0|req: 451/912] 199.204.45.61 () {34 vars in 862 bytes} [Fri Jul 24 23:51:19 2026] GET /allocations/375baa2f-843c-4613-9e7a-8d03279d8b55 => generated 258 bytes in 15 msecs (HTTP/1.1 200) 8 headers in 296 bytes (1 switches on core 0)
2026-07-24 23:51:19.172 8 INFO placement.requestlog [req-6b84914e-8990-48a6-bae8-4720e700c1c9 req-fdfb80dd-a6b8-4b9b-9c23-23dce0903c88 2b61ad0543074adb91763082c536770a 2b06208fb3254f0c921f5464edf27f21 - - 6495add0b69142658c09af76088dfd88 6495add0b69142658c09af76088dfd88] 199.204.45.61 "GET /allocations/7f3ce856-89c2-47da-87df-bef78f2b0308" status: 200 len: 245 microversion: 1.28 [pid: 8|app: 0|req: 462/913] 199.204.45.61 () {34 vars in 862 bytes} [Fri Jul 24 23:51:19 2026] GET /allocations/7f3ce856-89c2-47da-87df-bef78f2b0308 => generated 245 bytes in 12 msecs (HTTP/1.1 200) 8 headers in 296 bytes (1 switches on core 0)
2026-07-24 23:51:19.192 7 INFO placement.requestlog [req-6b84914e-8990-48a6-bae8-4720e700c1c9 req-c86e5bab-cc9c-46ec-8f8d-acc66576b6f0 2b61ad0543074adb91763082c536770a 2b06208fb3254f0c921f5464edf27f21 - - 6495add0b69142658c09af76088dfd88 6495add0b69142658c09af76088dfd88] 199.204.45.61 "GET /allocations/a509777f-ca2d-4e8e-a026-c0a6dcf59bf7" status: 200 len: 258 microversion: 1.28 [pid: 7|app: 0|req: 452/914] 199.204.45.61 () {34 vars in 862 bytes} [Fri Jul 24 23:51:19 2026] GET /allocations/a509777f-ca2d-4e8e-a026-c0a6dcf59bf7 => generated 258 bytes in 12 msecs (HTTP/1.1 200) 8 headers in 296 bytes (1 switches on core 0)
2026-07-24 23:51:19.218 8 INFO placement.requestlog [req-6b84914e-8990-48a6-bae8-4720e700c1c9 req-55bd8a2b-565f-4a34-a989-a05f2399b75f 2b61ad0543074adb91763082c536770a 2b06208fb3254f0c921f5464edf27f21 - - 6495add0b69142658c09af76088dfd88 6495add0b69142658c09af76088dfd88] 199.204.45.61 "GET /allocations/8addec6f-301c-43f8-831b-2905a4d331a1" status: 200 len: 258 microversion: 1.28 [pid: 8|app: 0|req: 463/915] 199.204.45.61 () {34 vars in 862 bytes} [Fri Jul 24 23:51:19 2026] GET /allocations/8addec6f-301c-43f8-831b-2905a4d331a1 => generated 258 bytes in 18 msecs (HTTP/1.1 200) 8 headers in 296 bytes (1 switches on core 0)
2026-07-24 23:51:19.239 7 INFO placement.requestlog [req-6b84914e-8990-48a6-bae8-4720e700c1c9 req-ddcd895d-5975-4f39-ba73-dcdc8cafe423 2b61ad0543074adb91763082c536770a 2b06208fb3254f0c921f5464edf27f21 - - 6495add0b69142658c09af76088dfd88 6495add0b69142658c09af76088dfd88] 199.204.45.61 "GET /allocations/8d09a368-5b14-4a26-82cb-b2e2384b46b7" status: 200 len: 258 microversion: 1.28 [pid: 7|app: 0|req: 453/916] 199.204.45.61 () {34 vars in 862 bytes} [Fri Jul 24 23:51:19 2026] GET /allocations/8d09a368-5b14-4a26-82cb-b2e2384b46b7 => generated 258 bytes in 12 msecs (HTTP/1.1 200) 8 headers in 296 bytes (1 switches on core 0)
2026-07-24 23:51:20.301 8 INFO placement.requestlog [req-6b84914e-8990-48a6-bae8-4720e700c1c9 req-969904f2-eca7-49a7-b6c1-6b7e6ca36948 2b61ad0543074adb91763082c536770a 2b06208fb3254f0c921f5464edf27f21 - - 6495add0b69142658c09af76088dfd88 6495add0b69142658c09af76088dfd88] 199.204.45.61 "DELETE /allocations/8addec6f-301c-43f8-831b-2905a4d331a1" status: 204 len: 0 microversion: 1.0 [pid: 8|app: 0|req: 464/917] 199.204.45.61 () {34 vars in 840 bytes} [Fri Jul 24 23:51:20 2026] DELETE /allocations/8addec6f-301c-43f8-831b-2905a4d331a1 => generated 0 bytes in 36 msecs (HTTP/1.1 204) 5 headers in 198 bytes (1 switches on core 0)
2026-07-24 23:51:22.901 8 INFO placement.requestlog [None req-6b15a8ad-e757-4a0c-bba6-b23cd111b0f4 - - - - - -] 10.0.0.215 "GET /" status: 200 len: 136 microversion: 1.0
2026-07-24 23:51:22.901 7 INFO placement.requestlog [None req-4220905c-91d2-40f8-a1c9-aa4d41976be5 - - - - - -] 10.0.0.215 "GET /" status: 200 len: 136 microversion: 1.0
2026-07-24 23:51:26.434 8 INFO placement.requestlog [req-ec0e68db-b54f-45f0-b3e3-469c843abdff req-1e4eec26-f9b1-40b3-826d-ae11592b4366 2b61ad0543074adb91763082c536770a 2b06208fb3254f0c921f5464edf27f21 - - 6495add0b69142658c09af76088dfd88 6495add0b69142658c09af76088dfd88] 199.204.45.61 "GET /resource_providers/565211d2-d33d-453b-9592-fd25e7c492ce/allocations" status: 200 len: 440 microversion: 1.0 [pid: 8|app: 0|req: 466/920] 199.204.45.61 () {32 vars in 856 bytes} [Fri Jul 24 23:51:26 2026] GET /resource_providers/565211d2-d33d-453b-9592-fd25e7c492ce/allocations => generated 440 bytes in 27 msecs (HTTP/1.1 200) 6 headers in 224 bytes (1 switches on core 0)
2026-07-24 23:51:26.450 7 INFO placement.requestlog [req-ec0e68db-b54f-45f0-b3e3-469c843abdff req-e2221a53-57dd-4ffd-8835-305e93665cd2 2b61ad0543074adb91763082c536770a 2b06208fb3254f0c921f5464edf27f21 - - 6495add0b69142658c09af76088dfd88 6495add0b69142658c09af76088dfd88] 199.204.45.61 "GET /allocations/375baa2f-843c-4613-9e7a-8d03279d8b55" status: 200 len: 258 microversion: 1.28 [pid: 7|app: 0|req: 455/921] 199.204.45.61 () {34 vars in 862 bytes} [Fri Jul 24 23:51:26 2026] GET /allocations/375baa2f-843c-4613-9e7a-8d03279d8b55 => generated 258 bytes in 12 msecs (HTTP/1.1 200) 8 headers in 296 bytes (1 switches on core 0)
2026-07-24 23:51:26.468 8 INFO placement.requestlog [req-ec0e68db-b54f-45f0-b3e3-469c843abdff req-0182c098-e0cb-4f2e-9ddc-307ae061665c 2b61ad0543074adb91763082c536770a 2b06208fb3254f0c921f5464edf27f21 - - 6495add0b69142658c09af76088dfd88 6495add0b69142658c09af76088dfd88] 199.204.45.61 "GET /allocations/7f3ce856-89c2-47da-87df-bef78f2b0308" status: 200 len: 245 microversion: 1.28 [pid: 8|app: 0|req: 467/922] 199.204.45.61 () {34 vars in 862 bytes} [Fri Jul 24 23:51:26 2026] GET /allocations/7f3ce856-89c2-47da-87df-bef78f2b0308 => generated 245 bytes in 12 msecs (HTTP/1.1 200) 8 headers in 296 bytes (1 switches on core 0)
2026-07-24 23:51:26.485 7 INFO placement.requestlog [req-ec0e68db-b54f-45f0-b3e3-469c843abdff req-e5e591ff-4896-4801-b15d-31871bc9430e 2b61ad0543074adb91763082c536770a 2b06208fb3254f0c921f5464edf27f21 - - 6495add0b69142658c09af76088dfd88 6495add0b69142658c09af76088dfd88] 199.204.45.61 "GET /allocations/a509777f-ca2d-4e8e-a026-c0a6dcf59bf7" status: 200 len: 258 microversion: 1.28 [pid: 7|app: 0|req: 456/923] 199.204.45.61 () {34 vars in 862 bytes} [Fri Jul 24 23:51:26 2026] GET /allocations/a509777f-ca2d-4e8e-a026-c0a6dcf59bf7 => generated 258 bytes in 10 msecs (HTTP/1.1 200) 8 headers in 296 bytes (1 switches on core 0)
2026-07-24 23:51:26.504 8 INFO placement.requestlog [req-ec0e68db-b54f-45f0-b3e3-469c843abdff req-259cfbbb-d4fc-4b8c-afbc-d7d745486607 2b61ad0543074adb91763082c536770a 2b06208fb3254f0c921f5464edf27f21 - - 6495add0b69142658c09af76088dfd88 6495add0b69142658c09af76088dfd88] 199.204.45.61 "GET /allocations/8d09a368-5b14-4a26-82cb-b2e2384b46b7" status: 200 len: 258 microversion: 1.28 [pid: 8|app: 0|req: 468/924] 199.204.45.61 () {34 vars in 862 bytes} [Fri Jul 24 23:51:26 2026] GET /allocations/8d09a368-5b14-4a26-82cb-b2e2384b46b7 => generated 258 bytes in 13 msecs (HTTP/1.1 200) 8 headers in 296 bytes (1 switches on core 0)
2026-07-24 23:51:27.551 7 INFO placement.requestlog [req-ec0e68db-b54f-45f0-b3e3-469c843abdff req-a02d4ba3-926d-4f26-9b2d-711d489fc1ac 2b61ad0543074adb91763082c536770a 2b06208fb3254f0c921f5464edf27f21 - - 6495add0b69142658c09af76088dfd88 6495add0b69142658c09af76088dfd88] 199.204.45.61 "DELETE /allocations/a509777f-ca2d-4e8e-a026-c0a6dcf59bf7" status: 204 len: 0 microversion: 1.0 [pid: 7|app: 0|req: 457/925] 199.204.45.61 () {34 vars in 840 bytes} [Fri Jul 24 23:51:27 2026] DELETE /allocations/a509777f-ca2d-4e8e-a026-c0a6dcf59bf7 => generated 0 bytes in 25 msecs (HTTP/1.1 204) 5 headers in 198 bytes (1 switches on core 0)
2026-07-24 23:51:30.770 8 INFO placement.requestlog [None req-998207b9-ecee-404d-9cfe-6f36487a9d61 7851792b539e4cefaec7226f65ef634e 2b06208fb3254f0c921f5464edf27f21 - - 6495add0b69142658c09af76088dfd88 6495add0b69142658c09af76088dfd88] 10.0.0.253 "GET /resource_providers/53c9bd89-9d48-41d7-aa99-b4d152f99d62/aggregates" status: 404 len: 235 microversion: 1.1 [pid: 8|app: 0|req: 469/926] 10.0.0.253 () {32 vars in 816 bytes} [Fri Jul 24 23:51:30 2026] GET /resource_providers/53c9bd89-9d48-41d7-aa99-b4d152f99d62/aggregates => generated 235 bytes in 52 msecs (HTTP/1.1 404) 5 headers in 202 bytes (1 switches on core 0)
2026-07-24 23:51:30.785 8 INFO placement.requestlog [None req-00d5b70b-f740-4a6a-8870-7ccb3d9b9c23 7851792b539e4cefaec7226f65ef634e 2b06208fb3254f0c921f5464edf27f21 - - 6495add0b69142658c09af76088dfd88 6495add0b69142658c09af76088dfd88] 10.0.0.253 "DELETE /resource_providers/53c9bd89-9d48-41d7-aa99-b4d152f99d62" status: 404 len: 246 microversion: 1.1 [pid: 8|app: 0|req: 470/927] 10.0.0.253 () {34 vars in 816 bytes} [Fri Jul 24 23:51:30 2026] DELETE /resource_providers/53c9bd89-9d48-41d7-aa99-b4d152f99d62 => generated 246 bytes in 6 msecs (HTTP/1.1 404) 6 headers in 231 bytes (1 switches on core 0)
2026-07-24 23:51:30.811 7 INFO placement.requestlog [None req-b10a9aaa-e549-4f55-84df-9ff617f81abd 7851792b539e4cefaec7226f65ef634e 2b06208fb3254f0c921f5464edf27f21 - - 6495add0b69142658c09af76088dfd88 6495add0b69142658c09af76088dfd88] 10.0.0.253 "GET /resource_providers/53c9bd89-9d48-41d7-aa99-b4d152f99d62/aggregates" status: 404 len: 235 microversion: 1.1 [pid: 7|app: 0|req: 458/928] 10.0.0.253 () {32 vars in 816 bytes} [Fri Jul 24 23:51:30 2026] GET /resource_providers/53c9bd89-9d48-41d7-aa99-b4d152f99d62/aggregates => generated 235 bytes in 93 msecs (HTTP/1.1 404) 5 headers in 202 bytes (1 switches on core 0)
2026-07-24 23:51:30.834 8 INFO placement.requestlog [None req-3ad662a3-9cc1-4fdf-9325-b4715c35fb04 7851792b539e4cefaec7226f65ef634e 2b06208fb3254f0c921f5464edf27f21 - - 6495add0b69142658c09af76088dfd88 6495add0b69142658c09af76088dfd88] 10.0.0.253 "DELETE /resource_providers/53c9bd89-9d48-41d7-aa99-b4d152f99d62" status: 404 len: 246 microversion: 1.1 [pid: 8|app: 0|req: 471/929] 10.0.0.253 () {34 vars in 816 bytes} [Fri Jul 24 23:51:30 2026] DELETE /resource_providers/53c9bd89-9d48-41d7-aa99-b4d152f99d62 => generated 246 bytes in 12 msecs (HTTP/1.1 404) 6 headers in 231 bytes (1 switches on core 0)
2026-07-24 23:51:31.095 7 INFO placement.requestlog [None req-839c38e3-88f5-4d69-b26a-15b5bacf68c6 7851792b539e4cefaec7226f65ef634e 2b06208fb3254f0c921f5464edf27f21 - - 6495add0b69142658c09af76088dfd88 6495add0b69142658c09af76088dfd88] 10.0.0.253 "GET /resource_providers/a72ae41a-6f3d-49cc-be9a-4fa60290e6c4/aggregates" status: 404 len: 235 microversion: 1.1 [pid: 7|app: 0|req: 459/930] 10.0.0.253 () {32 vars in 816 bytes} [Fri Jul 24 23:51:31 2026] GET /resource_providers/a72ae41a-6f3d-49cc-be9a-4fa60290e6c4/aggregates => generated 235 bytes in 39 msecs (HTTP/1.1 404) 5 headers in 202 bytes (1 switches on core 0)
2026-07-24 23:51:31.108 7 INFO placement.requestlog [None req-f205bdd0-77aa-4121-b45b-8e51a35a5f31 7851792b539e4cefaec7226f65ef634e 2b06208fb3254f0c921f5464edf27f21 - - 6495add0b69142658c09af76088dfd88 6495add0b69142658c09af76088dfd88] 10.0.0.253 "DELETE /resource_providers/a72ae41a-6f3d-49cc-be9a-4fa60290e6c4" status: 404 len: 246 microversion: 1.1 [pid: 7|app: 0|req: 460/931] 10.0.0.253 () {34 vars in 816 bytes} [Fri Jul 24 23:51:31 2026] DELETE /resource_providers/a72ae41a-6f3d-49cc-be9a-4fa60290e6c4 => generated 246 bytes in 6 msecs (HTTP/1.1 404) 6 headers in 231 bytes (1 switches on core 0)
2026-07-24 23:51:31.110 8 INFO placement.requestlog [None req-9a53b53c-fb46-4de4-806d-bab33757d077 7851792b539e4cefaec7226f65ef634e 2b06208fb3254f0c921f5464edf27f21 - - 6495add0b69142658c09af76088dfd88 6495add0b69142658c09af76088dfd88] 10.0.0.253 "GET /resource_providers/a72ae41a-6f3d-49cc-be9a-4fa60290e6c4/aggregates" status: 404 len: 235 microversion: 1.1 [pid: 8|app: 0|req: 472/932] 10.0.0.253 () {32 vars in 816 bytes} [Fri Jul 24 23:51:31 2026] GET /resource_providers/a72ae41a-6f3d-49cc-be9a-4fa60290e6c4/aggregates => generated 235 bytes in 54 msecs (HTTP/1.1 404) 5 headers in 202 bytes (1 switches on core 0)
2026-07-24 23:51:31.127 7 INFO placement.requestlog [None req-ae162bd0-d470-4058-b4a0-1a771423ac79 7851792b539e4cefaec7226f65ef634e 2b06208fb3254f0c921f5464edf27f21 - - 6495add0b69142658c09af76088dfd88 6495add0b69142658c09af76088dfd88] 10.0.0.253 "DELETE /resource_providers/a72ae41a-6f3d-49cc-be9a-4fa60290e6c4" status: 404 len: 246 microversion: 1.1 [pid: 7|app: 0|req: 461/933] 10.0.0.253 () {34 vars in 816 bytes} [Fri Jul 24 23:51:31 2026] DELETE /resource_providers/a72ae41a-6f3d-49cc-be9a-4fa60290e6c4 => generated 246 bytes in 7 msecs (HTTP/1.1 404) 6 headers in 231 bytes (1 switches on core 0)
2026-07-24 23:51:32.902 8 INFO placement.requestlog [None req-a4ae4126-20f8-437b-a73a-07b43cdbef8d - - - - - -] 10.0.0.215 "GET /" status: 200 len: 136 microversion: 1.0
2026-07-24 23:51:32.902 7 INFO placement.requestlog [None req-0609e3eb-dcde-4b19-b3bf-72b4666dfac7 - - - - - -] 10.0.0.215 "GET /" status: 200 len: 136 microversion: 1.0
2026-07-24 23:51:33.665 8 INFO placement.requestlog [req-56a43091-a903-4260-9542-1f54524e7d3d req-a24fafc3-0abe-4f12-95a1-e46a8018c4f4 2b61ad0543074adb91763082c536770a 2b06208fb3254f0c921f5464edf27f21 - - 6495add0b69142658c09af76088dfd88 6495add0b69142658c09af76088dfd88] 199.204.45.61 "GET /resource_providers/565211d2-d33d-453b-9592-fd25e7c492ce/allocations" status: 200 len: 340 microversion: 1.0 [pid: 8|app: 0|req: 474/936] 199.204.45.61 () {32 vars in 856 bytes} [Fri Jul 24 23:51:33 2026] GET /resource_providers/565211d2-d33d-453b-9592-fd25e7c492ce/allocations => generated 340 bytes in 17 msecs (HTTP/1.1 200) 6 headers in 224 bytes (1 switches on core 0)
2026-07-24 23:51:33.690 7 INFO placement.requestlog [req-56a43091-a903-4260-9542-1f54524e7d3d req-3fa2f3af-03de-4e67-8dd4-439c08e699ad 2b61ad0543074adb91763082c536770a 2b06208fb3254f0c921f5464edf27f21 - - 6495add0b69142658c09af76088dfd88 6495add0b69142658c09af76088dfd88] 199.204.45.61 "GET /resource_providers/565211d2-d33d-453b-9592-fd25e7c492ce/allocations" status: 200 len: 340 microversion: 1.0 [pid: 7|app: 0|req: 463/937] 199.204.45.61 () {32 vars in 856 bytes} [Fri Jul 24 23:51:33 2026] GET /resource_providers/565211d2-d33d-453b-9592-fd25e7c492ce/allocations => generated 340 bytes in 17 msecs (HTTP/1.1 200) 6 headers in 224 bytes (1 switches on core 0)
2026-07-24 23:51:33.714 8 INFO placement.requestlog [req-56a43091-a903-4260-9542-1f54524e7d3d req-2d32ecb5-b76d-4513-9275-9839bd5bc82f 2b61ad0543074adb91763082c536770a 2b06208fb3254f0c921f5464edf27f21 - - 6495add0b69142658c09af76088dfd88 6495add0b69142658c09af76088dfd88] 199.204.45.61 "GET /allocations/375baa2f-843c-4613-9e7a-8d03279d8b55" status: 200 len: 258 microversion: 1.28 [pid: 8|app: 0|req: 475/938] 199.204.45.61 () {34 vars in 862 bytes} [Fri Jul 24 23:51:33 2026] GET /allocations/375baa2f-843c-4613-9e7a-8d03279d8b55 => generated 258 bytes in 17 msecs (HTTP/1.1 200) 8 headers in 296 bytes (1 switches on core 0)
2026-07-24 23:51:33.732 7 INFO placement.requestlog [req-56a43091-a903-4260-9542-1f54524e7d3d req-f78494c7-7ed7-4699-83b9-a2ac7d11dd5f 2b61ad0543074adb91763082c536770a 2b06208fb3254f0c921f5464edf27f21 - - 6495add0b69142658c09af76088dfd88 6495add0b69142658c09af76088dfd88] 199.204.45.61 "GET /allocations/7f3ce856-89c2-47da-87df-bef78f2b0308" status: 200 len: 245 microversion: 1.28 [pid: 7|app: 0|req: 464/939] 199.204.45.61 () {34 vars in 862 bytes} [Fri Jul 24 23:51:33 2026] GET /allocations/7f3ce856-89c2-47da-87df-bef78f2b0308 => generated 245 bytes in 12 msecs (HTTP/1.1 200) 8 headers in 296 bytes (1 switches on core 0)
2026-07-24 23:51:33.754 8 INFO placement.requestlog [req-56a43091-a903-4260-9542-1f54524e7d3d req-0ac3ba0c-5cd6-4a5d-8fc0-44f103268e64 2b61ad0543074adb91763082c536770a 2b06208fb3254f0c921f5464edf27f21 - - 6495add0b69142658c09af76088dfd88 6495add0b69142658c09af76088dfd88] 199.204.45.61 "GET /allocations/8d09a368-5b14-4a26-82cb-b2e2384b46b7" status: 200 len: 258 microversion: 1.28 [pid: 8|app: 0|req: 476/940] 199.204.45.61 () {34 vars in 862 bytes} [Fri Jul 24 23:51:33 2026] GET /allocations/8d09a368-5b14-4a26-82cb-b2e2384b46b7 => generated 258 bytes in 18 msecs (HTTP/1.1 200) 8 headers in 296 bytes (1 switches on core 0)
2026-07-24 23:51:42.903 7 INFO placement.requestlog [None req-35344972-5201-4292-b4ad-967d963246d8 - - - - - -] 10.0.0.215 "GET /" status: 200 len: 136 microversion: 1.0
2026-07-24 23:51:42.904 8 INFO placement.requestlog [None req-fa3f9519-3ba6-406a-9cb1-2e39b8ebbe7b - - - - - -] 10.0.0.215 "GET /" status: 200 len: 136 microversion: 1.0
2026-07-24 23:51:47.110 7 INFO placement.requestlog [req-af9f6b8a-2713-4e65-8c78-a6c25319d1c7 req-f9aadffe-71ef-4df3-9084-5141bd870a00 2b61ad0543074adb91763082c536770a 2b06208fb3254f0c921f5464edf27f21 - - 6495add0b69142658c09af76088dfd88 6495add0b69142658c09af76088dfd88] 10.0.0.158 "GET /allocation_candidates?limit=1000&resources=DISK_GB%3A1%2CMEMORY_MB%3A512%2CVCPU%3A1&root_required=%21COMPUTE_STATUS_DISABLED" status: 200 len: 2784 microversion: 1.36 [pid: 7|app: 0|req: 466/943] 10.0.0.158 () {34 vars in 1012 bytes} [Fri Jul 24 23:51:46 2026] GET /allocation_candidates?limit=1000&resources=DISK_GB%3A1%2CMEMORY_MB%3A512%2CVCPU%3A1&root_required=%21COMPUTE_STATUS_DISABLED => generated 2784 bytes in 154 msecs (HTTP/1.1 200) 8 headers in 297 bytes (1 switches on core 0)
2026-07-24 23:51:47.160 8 INFO placement.requestlog [req-af9f6b8a-2713-4e65-8c78-a6c25319d1c7 req-d1d85386-ed40-4102-8184-b8d53d070464 2b61ad0543074adb91763082c536770a 2b06208fb3254f0c921f5464edf27f21 - - 6495add0b69142658c09af76088dfd88 6495add0b69142658c09af76088dfd88] 10.0.0.158 "GET /allocations/63a0ce6b-5d42-409a-bbb8-7538a3c53721" status: 200 len: 19 microversion: 1.28 [pid: 8|app: 0|req: 478/944] 10.0.0.158 () {34 vars in 861 bytes} [Fri Jul 24 23:51:47 2026] GET /allocations/63a0ce6b-5d42-409a-bbb8-7538a3c53721 => generated 19 bytes in 14 msecs (HTTP/1.1 200) 8 headers in 295 bytes (1 switches on core 0)
2026-07-24 23:51:47.252 7 INFO placement.requestlog [req-af9f6b8a-2713-4e65-8c78-a6c25319d1c7 req-1bddc275-340f-4a16-b86c-eae3e0eca80b 2b61ad0543074adb91763082c536770a 2b06208fb3254f0c921f5464edf27f21 - - 6495add0b69142658c09af76088dfd88 6495add0b69142658c09af76088dfd88] 10.0.0.158 "PUT /allocations/63a0ce6b-5d42-409a-bbb8-7538a3c53721" status: 204 len: 0 microversion: 1.36 [pid: 7|app: 0|req: 467/945] 10.0.0.158 () {38 vars in 914 bytes} [Fri Jul 24 23:51:47 2026] PUT /allocations/63a0ce6b-5d42-409a-bbb8-7538a3c53721 => generated 0 bytes in 86 msecs (HTTP/1.1 204) 5 headers in 199 bytes (1 switches on core 0)
2026-07-24 23:51:48.607 8 INFO placement.requestlog [req-af9f6b8a-2713-4e65-8c78-a6c25319d1c7 req-6ff08b34-ece1-4393-a1c0-b0cb1ae00d41 2b61ad0543074adb91763082c536770a 2b06208fb3254f0c921f5464edf27f21 - - 6495add0b69142658c09af76088dfd88 6495add0b69142658c09af76088dfd88] 199.204.45.61 "GET /allocations/63a0ce6b-5d42-409a-bbb8-7538a3c53721" status: 200 len: 258 microversion: 1.28 [pid: 8|app: 0|req: 479/946] 199.204.45.61 () {34 vars in 862 bytes} [Fri Jul 24 23:51:48 2026] GET /allocations/63a0ce6b-5d42-409a-bbb8-7538a3c53721 => generated 258 bytes in 11 msecs (HTTP/1.1 200) 8 headers in 296 bytes (1 switches on core 0)
2026-07-24 23:51:49.660 7 INFO placement.requestlog [req-af9f6b8a-2713-4e65-8c78-a6c25319d1c7 req-c949b51a-ba43-42f7-b4d7-6c6b63d29bfe 2b61ad0543074adb91763082c536770a 2b06208fb3254f0c921f5464edf27f21 - - 6495add0b69142658c09af76088dfd88 6495add0b69142658c09af76088dfd88] 199.204.45.61 "GET /resource_providers/565211d2-d33d-453b-9592-fd25e7c492ce/allocations" status: 200 len: 440 microversion: 1.0 [pid: 7|app: 0|req: 468/947] 199.204.45.61 () {32 vars in 856 bytes} [Fri Jul 24 23:51:49 2026] GET /resource_providers/565211d2-d33d-453b-9592-fd25e7c492ce/allocations => generated 440 bytes in 16 msecs (HTTP/1.1 200) 6 headers in 224 bytes (1 switches on core 0)
2026-07-24 23:51:49.672 8 INFO placement.requestlog [req-af9f6b8a-2713-4e65-8c78-a6c25319d1c7 req-1931463c-edc4-4c2b-b395-63d606a2cb60 2b61ad0543074adb91763082c536770a 2b06208fb3254f0c921f5464edf27f21 - - 6495add0b69142658c09af76088dfd88 6495add0b69142658c09af76088dfd88] 199.204.45.61 "GET /allocations/375baa2f-843c-4613-9e7a-8d03279d8b55" status: 200 len: 258 microversion: 1.28 [pid: 8|app: 0|req: 480/948] 199.204.45.61 () {34 vars in 862 bytes} [Fri Jul 24 23:51:49 2026] GET /allocations/375baa2f-843c-4613-9e7a-8d03279d8b55 => generated 258 bytes in 8 msecs (HTTP/1.1 200) 8 headers in 296 bytes (1 switches on core 0)
2026-07-24 23:51:49.686 7 INFO placement.requestlog [req-af9f6b8a-2713-4e65-8c78-a6c25319d1c7 req-5aaa63d7-7421-4562-a943-f8b6072b4ce8 2b61ad0543074adb91763082c536770a 2b06208fb3254f0c921f5464edf27f21 - - 6495add0b69142658c09af76088dfd88 6495add0b69142658c09af76088dfd88] 199.204.45.61 "GET /allocations/7f3ce856-89c2-47da-87df-bef78f2b0308" status: 200 len: 245 microversion: 1.28 [pid: 7|app: 0|req: 469/949] 199.204.45.61 () {34 vars in 862 bytes} [Fri Jul 24 23:51:49 2026] GET /allocations/7f3ce856-89c2-47da-87df-bef78f2b0308 => generated 245 bytes in 11 msecs (HTTP/1.1 200) 8 headers in 296 bytes (1 switches on core 0)
2026-07-24 23:51:49.709 8 INFO placement.requestlog [req-af9f6b8a-2713-4e65-8c78-a6c25319d1c7 req-45ec8418-4655-4075-9e2c-1771a693c2b3 2b61ad0543074adb91763082c536770a 2b06208fb3254f0c921f5464edf27f21 - - 6495add0b69142658c09af76088dfd88 6495add0b69142658c09af76088dfd88] 199.204.45.61 "GET /allocations/63a0ce6b-5d42-409a-bbb8-7538a3c53721" status: 200 len: 258 microversion: 1.28 [pid: 8|app: 0|req: 481/950] 199.204.45.61 () {34 vars in 862 bytes} [Fri Jul 24 23:51:49 2026] GET /allocations/63a0ce6b-5d42-409a-bbb8-7538a3c53721 => generated 258 bytes in 16 msecs (HTTP/1.1 200) 8 headers in 296 bytes (1 switches on core 0)
2026-07-24 23:51:49.732 7 INFO placement.requestlog [req-af9f6b8a-2713-4e65-8c78-a6c25319d1c7 req-5d00f985-b46e-434c-abca-dea0e52f7101 2b61ad0543074adb91763082c536770a 2b06208fb3254f0c921f5464edf27f21 - - 6495add0b69142658c09af76088dfd88 6495add0b69142658c09af76088dfd88] 199.204.45.61 "GET /allocations/8d09a368-5b14-4a26-82cb-b2e2384b46b7" status: 200 len: 258 microversion: 1.28 [pid: 7|app: 0|req: 470/951] 199.204.45.61 () {34 vars in 862 bytes} [Fri Jul 24 23:51:49 2026] GET /allocations/8d09a368-5b14-4a26-82cb-b2e2384b46b7 => generated 258 bytes in 19 msecs (HTTP/1.1 200) 8 headers in 296 bytes (1 switches on core 0)
2026-07-24 23:51:52.903 8 INFO placement.requestlog [None req-e5ca5673-9949-4540-8b5d-3538f2f2158f - - - - - -] 10.0.0.215 "GET /" status: 200 len: 136 microversion: 1.0
2026-07-24 23:51:52.905 7 INFO placement.requestlog [None req-1a3f5d21-3c7e-4c18-a642-2ff82518e9bb - - - - - -] 10.0.0.215 "GET /" status: 200 len: 136 microversion: 1.0
2026-07-24 23:52:02.901 8 INFO placement.requestlog [None req-d9fe8830-0adc-42cd-93bf-1b8614c21ad8 - - - - - -] 10.0.0.215 "GET /" status: 200 len: 136 microversion: 1.0
2026-07-24 23:52:02.902 7 INFO placement.requestlog [None req-15a2a26a-1d70-4618-ae2c-5e2d06abdb63 - - - - - -] 10.0.0.215 "GET /" status: 200 len: 136 microversion: 1.0
2026-07-24 23:52:12.901 8 INFO placement.requestlog [None req-eeb24fa9-6462-414c-9a74-a4794c3aac2c - - - - - -] 10.0.0.215 "GET /" status: 200 len: 136 microversion: 1.0
2026-07-24 23:52:12.901 7 INFO placement.requestlog [None req-c1297e19-1bd5-4c8e-9ff5-bd8186ecf544 - - - - - -] 10.0.0.215 "GET /" status: 200 len: 136 microversion: 1.0
2026-07-24 23:52:17.849 8 INFO placement.requestlog [req-41dbfda1-1c3d-4015-96c2-ee26b4c9ed3a req-7c547a5e-09f4-488d-b52e-142f9bd05ec0 2b61ad0543074adb91763082c536770a 2b06208fb3254f0c921f5464edf27f21 - - 6495add0b69142658c09af76088dfd88 6495add0b69142658c09af76088dfd88] 199.204.45.61 "GET /resource_providers/565211d2-d33d-453b-9592-fd25e7c492ce/allocations" status: 200 len: 440 microversion: 1.0 [pid: 8|app: 0|req: 485/958] 199.204.45.61 () {32 vars in 856 bytes} [Fri Jul 24 23:52:17 2026] GET /resource_providers/565211d2-d33d-453b-9592-fd25e7c492ce/allocations => generated 440 bytes in 24 msecs (HTTP/1.1 200) 6 headers in 224 bytes (1 switches on core 0)
2026-07-24 23:52:17.869 7 INFO placement.requestlog [req-41dbfda1-1c3d-4015-96c2-ee26b4c9ed3a req-5920d108-ebaf-4ecd-a273-8dc517852960 2b61ad0543074adb91763082c536770a 2b06208fb3254f0c921f5464edf27f21 - - 6495add0b69142658c09af76088dfd88 6495add0b69142658c09af76088dfd88] 199.204.45.61 "GET /allocations/375baa2f-843c-4613-9e7a-8d03279d8b55" status: 200 len: 258 microversion: 1.28 [pid: 7|app: 0|req: 474/959] 199.204.45.61 () {34 vars in 862 bytes} [Fri Jul 24 23:52:17 2026] GET /allocations/375baa2f-843c-4613-9e7a-8d03279d8b55 => generated 258 bytes in 11 msecs (HTTP/1.1 200) 8 headers in 296 bytes (1 switches on core 0)
2026-07-24 23:52:17.893 8 INFO placement.requestlog [req-41dbfda1-1c3d-4015-96c2-ee26b4c9ed3a req-fb8eb135-1e66-4b7d-b557-191a82c138ad 2b61ad0543074adb91763082c536770a 2b06208fb3254f0c921f5464edf27f21 - - 6495add0b69142658c09af76088dfd88 6495add0b69142658c09af76088dfd88] 199.204.45.61 "GET /allocations/7f3ce856-89c2-47da-87df-bef78f2b0308" status: 200 len: 245 microversion: 1.28 [pid: 8|app: 0|req: 486/960] 199.204.45.61 () {34 vars in 862 bytes} [Fri Jul 24 23:52:17 2026] GET /allocations/7f3ce856-89c2-47da-87df-bef78f2b0308 => generated 245 bytes in 18 msecs (HTTP/1.1 200) 8 headers in 296 bytes (1 switches on core 0)
2026-07-24 23:52:17.913 7 INFO placement.requestlog [req-41dbfda1-1c3d-4015-96c2-ee26b4c9ed3a req-ea6a305d-f876-4b25-9a23-d60abd8cf3dc 2b61ad0543074adb91763082c536770a 2b06208fb3254f0c921f5464edf27f21 - - 6495add0b69142658c09af76088dfd88 6495add0b69142658c09af76088dfd88] 199.204.45.61 "GET /allocations/63a0ce6b-5d42-409a-bbb8-7538a3c53721" status: 200 len: 258 microversion: 1.28 [pid: 7|app: 0|req: 475/961] 199.204.45.61 () {34 vars in 862 bytes} [Fri Jul 24 23:52:17 2026] GET /allocations/63a0ce6b-5d42-409a-bbb8-7538a3c53721 => generated 258 bytes in 13 msecs (HTTP/1.1 200) 8 headers in 296 bytes (1 switches on core 0)
2026-07-24 23:52:17.937 8 INFO placement.requestlog [req-41dbfda1-1c3d-4015-96c2-ee26b4c9ed3a req-126d4353-4720-4f6d-9e11-138d4e4b441e 2b61ad0543074adb91763082c536770a 2b06208fb3254f0c921f5464edf27f21 - - 6495add0b69142658c09af76088dfd88 6495add0b69142658c09af76088dfd88] 199.204.45.61 "GET /allocations/8d09a368-5b14-4a26-82cb-b2e2384b46b7" status: 200 len: 258 microversion: 1.28 [pid: 8|app: 0|req: 487/962] 199.204.45.61 () {34 vars in 862 bytes} [Fri Jul 24 23:52:17 2026] GET /allocations/8d09a368-5b14-4a26-82cb-b2e2384b46b7 => generated 258 bytes in 18 msecs (HTTP/1.1 200) 8 headers in 296 bytes (1 switches on core 0)
2026-07-24 23:52:18.992 7 INFO placement.requestlog [req-41dbfda1-1c3d-4015-96c2-ee26b4c9ed3a req-5225be7e-308b-4bc5-8963-0f56c3dc2eaa 2b61ad0543074adb91763082c536770a 2b06208fb3254f0c921f5464edf27f21 - - 6495add0b69142658c09af76088dfd88 6495add0b69142658c09af76088dfd88] 199.204.45.61 "DELETE /allocations/63a0ce6b-5d42-409a-bbb8-7538a3c53721" status: 204 len: 0 microversion: 1.0 [pid: 7|app: 0|req: 476/963] 199.204.45.61 () {34 vars in 840 bytes} [Fri Jul 24 23:52:18 2026] DELETE /allocations/63a0ce6b-5d42-409a-bbb8-7538a3c53721 => generated 0 bytes in 29 msecs (HTTP/1.1 204) 5 headers in 198 bytes (1 switches on core 0)
2026-07-24 23:52:22.417 8 INFO placement.requestlog [None req-aacfbe7f-0449-4626-9ab9-0850ba3d6e57 7851792b539e4cefaec7226f65ef634e 2b06208fb3254f0c921f5464edf27f21 - - 6495add0b69142658c09af76088dfd88 6495add0b69142658c09af76088dfd88] 10.0.0.253 "GET /resource_providers/df1a8689-8884-4001-90cb-333ef1f58627/aggregates" status: 404 len: 235 microversion: 1.1 [pid: 8|app: 0|req: 488/964] 10.0.0.253 () {32 vars in 816 bytes} [Fri Jul 24 23:52:22 2026] GET /resource_providers/df1a8689-8884-4001-90cb-333ef1f58627/aggregates => generated 235 bytes in 7 msecs (HTTP/1.1 404) 5 headers in 202 bytes (1 switches on core 0)
2026-07-24 23:52:22.440 8 INFO placement.requestlog [None req-bb3b4752-323c-4cd3-82b8-b66ce848c4a6 7851792b539e4cefaec7226f65ef634e 2b06208fb3254f0c921f5464edf27f21 - - 6495add0b69142658c09af76088dfd88 6495add0b69142658c09af76088dfd88] 10.0.0.253 "DELETE /resource_providers/df1a8689-8884-4001-90cb-333ef1f58627" status: 404 len: 246 microversion: 1.1 [pid: 8|app: 0|req: 489/965] 10.0.0.253 () {34 vars in 816 bytes} [Fri Jul 24 23:52:22 2026] DELETE /resource_providers/df1a8689-8884-4001-90cb-333ef1f58627 => generated 246 bytes in 9 msecs (HTTP/1.1 404) 6 headers in 231 bytes (1 switches on core 0)
2026-07-24 23:52:22.443 7 INFO placement.requestlog [None req-c68a2477-f533-4e13-9898-84bd342e9123 7851792b539e4cefaec7226f65ef634e 2b06208fb3254f0c921f5464edf27f21 - - 6495add0b69142658c09af76088dfd88 6495add0b69142658c09af76088dfd88] 10.0.0.253 "GET /resource_providers/df1a8689-8884-4001-90cb-333ef1f58627/aggregates" status: 404 len: 235 microversion: 1.1 [pid: 7|app: 0|req: 477/966] 10.0.0.253 () {32 vars in 816 bytes} [Fri Jul 24 23:52:22 2026] GET /resource_providers/df1a8689-8884-4001-90cb-333ef1f58627/aggregates => generated 235 bytes in 31 msecs (HTTP/1.1 404) 5 headers in 202 bytes (1 switches on core 0)
2026-07-24 23:52:22.470 8 INFO placement.requestlog [None req-90913503-9f47-4343-b111-be646fd931ff 7851792b539e4cefaec7226f65ef634e 2b06208fb3254f0c921f5464edf27f21 - - 6495add0b69142658c09af76088dfd88 6495add0b69142658c09af76088dfd88] 10.0.0.253 "DELETE /resource_providers/df1a8689-8884-4001-90cb-333ef1f58627" status: 404 len: 246 microversion: 1.1 [pid: 8|app: 0|req: 490/967] 10.0.0.253 () {34 vars in 816 bytes} [Fri Jul 24 23:52:22 2026] DELETE /resource_providers/df1a8689-8884-4001-90cb-333ef1f58627 => generated 246 bytes in 10 msecs (HTTP/1.1 404) 6 headers in 231 bytes (1 switches on core 0)
2026-07-24 23:52:22.902 8 INFO placement.requestlog [None req-805b3bbe-6daf-437d-844d-a17be418ae49 - - - - - -] 10.0.0.215 "GET /" status: 200 len: 136 microversion: 1.0
2026-07-24 23:52:22.903 7 INFO placement.requestlog [None req-57e15b18-4bd6-45e6-9050-034cb02522a9 - - - - - -] 10.0.0.215 "GET /" status: 200 len: 136 microversion: 1.0
2026-07-24 23:52:24.474 8 INFO placement.requestlog [None req-c5b38974-a979-4ee2-b7dd-26571171dfdc 7851792b539e4cefaec7226f65ef634e 2b06208fb3254f0c921f5464edf27f21 - - 6495add0b69142658c09af76088dfd88 6495add0b69142658c09af76088dfd88] 10.0.0.253 "GET /resource_providers/bbfdd338-87d2-44fc-971f-ac384e1851b4/aggregates" status: 404 len: 235 microversion: 1.1 [pid: 8|app: 0|req: 492/970] 10.0.0.253 () {32 vars in 816 bytes} [Fri Jul 24 23:52:24 2026] GET /resource_providers/bbfdd338-87d2-44fc-971f-ac384e1851b4/aggregates => generated 235 bytes in 16 msecs (HTTP/1.1 404) 5 headers in 202 bytes (1 switches on core 0)
2026-07-24 23:52:24.489 7 INFO placement.requestlog [None req-705e5587-f1c7-42dc-814b-d10cdb8c40bf 7851792b539e4cefaec7226f65ef634e 2b06208fb3254f0c921f5464edf27f21 - - 6495add0b69142658c09af76088dfd88 6495add0b69142658c09af76088dfd88] 10.0.0.253 "GET /resource_providers/bbfdd338-87d2-44fc-971f-ac384e1851b4/aggregates" status: 404 len: 235 microversion: 1.1 [pid: 7|app: 0|req: 479/971] 10.0.0.253 () {32 vars in 816 bytes} [Fri Jul 24 23:52:24 2026] GET /resource_providers/bbfdd338-87d2-44fc-971f-ac384e1851b4/aggregates => generated 235 bytes in 10 msecs (HTTP/1.1 404) 5 headers in 202 bytes (1 switches on core 0)
2026-07-24 23:52:24.490 8 INFO placement.requestlog [None req-a91af789-0a7f-46d8-aaff-b479886f0a09 7851792b539e4cefaec7226f65ef634e 2b06208fb3254f0c921f5464edf27f21 - - 6495add0b69142658c09af76088dfd88 6495add0b69142658c09af76088dfd88] 10.0.0.253 "DELETE /resource_providers/bbfdd338-87d2-44fc-971f-ac384e1851b4" status: 404 len: 246 microversion: 1.1 [pid: 8|app: 0|req: 493/972] 10.0.0.253 () {34 vars in 816 bytes} [Fri Jul 24 23:52:24 2026] DELETE /resource_providers/bbfdd338-87d2-44fc-971f-ac384e1851b4 => generated 246 bytes in 9 msecs (HTTP/1.1 404) 6 headers in 231 bytes (1 switches on core 0)
2026-07-24 23:52:24.508 7 INFO placement.requestlog [None req-7adc836d-2af9-4759-b5aa-45b7add057c9 7851792b539e4cefaec7226f65ef634e 2b06208fb3254f0c921f5464edf27f21 - - 6495add0b69142658c09af76088dfd88 6495add0b69142658c09af76088dfd88] 10.0.0.253 "DELETE /resource_providers/bbfdd338-87d2-44fc-971f-ac384e1851b4" status: 404 len: 246 microversion: 1.1 [pid: 7|app: 0|req: 480/973] 10.0.0.253 () {34 vars in 816 bytes} [Fri Jul 24 23:52:24 2026] DELETE /resource_providers/bbfdd338-87d2-44fc-971f-ac384e1851b4 => generated 246 bytes in 9 msecs (HTTP/1.1 404) 6 headers in 231 bytes (1 switches on core 0)
2026-07-24 23:52:26.510 8 INFO placement.requestlog [None req-457cd9c1-a67b-4161-8966-224de8d6c317 7851792b539e4cefaec7226f65ef634e 2b06208fb3254f0c921f5464edf27f21 - - 6495add0b69142658c09af76088dfd88 6495add0b69142658c09af76088dfd88] 10.0.0.253 "GET /resource_providers/0cc641c5-b5db-4083-9c19-4fd8795e2f93/aggregates" status: 404 len: 235 microversion: 1.1 [pid: 8|app: 0|req: 494/974] 10.0.0.253 () {32 vars in 816 bytes} [Fri Jul 24 23:52:26 2026] GET /resource_providers/0cc641c5-b5db-4083-9c19-4fd8795e2f93/aggregates => generated 235 bytes in 12 msecs (HTTP/1.1 404) 5 headers in 202 bytes (1 switches on core 0)
2026-07-24 23:52:26.531 7 INFO placement.requestlog [None req-82a5cdaf-f208-47e6-894f-414550a966bb 7851792b539e4cefaec7226f65ef634e 2b06208fb3254f0c921f5464edf27f21 - - 6495add0b69142658c09af76088dfd88 6495add0b69142658c09af76088dfd88] 10.0.0.253 "DELETE /resource_providers/0cc641c5-b5db-4083-9c19-4fd8795e2f93" status: 404 len: 246 microversion: 1.1 [pid: 7|app: 0|req: 481/975] 10.0.0.253 () {34 vars in 816 bytes} [Fri Jul 24 23:52:26 2026] DELETE /resource_providers/0cc641c5-b5db-4083-9c19-4fd8795e2f93 => generated 246 bytes in 9 msecs (HTTP/1.1 404) 6 headers in 231 bytes (1 switches on core 0)
2026-07-24 23:52:26.532 8 INFO placement.requestlog [None req-5e696559-9340-40af-b7e0-1be74aa344b2 7851792b539e4cefaec7226f65ef634e 2b06208fb3254f0c921f5464edf27f21 - - 6495add0b69142658c09af76088dfd88 6495add0b69142658c09af76088dfd88] 10.0.0.253 "GET /resource_providers/0cc641c5-b5db-4083-9c19-4fd8795e2f93/aggregates" status: 404 len: 235 microversion: 1.1 [pid: 8|app: 0|req: 495/976] 10.0.0.253 () {32 vars in 816 bytes} [Fri Jul 24 23:52:26 2026] GET /resource_providers/0cc641c5-b5db-4083-9c19-4fd8795e2f93/aggregates => generated 235 bytes in 9 msecs (HTTP/1.1 404) 5 headers in 202 bytes (1 switches on core 0)
2026-07-24 23:52:26.550 8 INFO placement.requestlog [None req-e6ee8c90-9840-48f5-8d96-956d46363cdb 7851792b539e4cefaec7226f65ef634e 2b06208fb3254f0c921f5464edf27f21 - - 6495add0b69142658c09af76088dfd88 6495add0b69142658c09af76088dfd88] 10.0.0.253 "DELETE /resource_providers/0cc641c5-b5db-4083-9c19-4fd8795e2f93" status: 404 len: 246 microversion: 1.1 [pid: 8|app: 0|req: 496/977] 10.0.0.253 () {34 vars in 816 bytes} [Fri Jul 24 23:52:26 2026] DELETE /resource_providers/0cc641c5-b5db-4083-9c19-4fd8795e2f93 => generated 246 bytes in 6 msecs (HTTP/1.1 404) 6 headers in 231 bytes (1 switches on core 0)
2026-07-24 23:52:26.563 7 INFO placement.requestlog [None req-edf47fa1-2c48-45bd-9220-a1b8ef5abc52 7851792b539e4cefaec7226f65ef634e 2b06208fb3254f0c921f5464edf27f21 - - 6495add0b69142658c09af76088dfd88 6495add0b69142658c09af76088dfd88] 10.0.0.253 "GET /resource_providers/8a0794e3-7193-472e-b41f-058c050856dd/aggregates" status: 404 len: 235 microversion: 1.1 [pid: 7|app: 0|req: 482/978] 10.0.0.253 () {32 vars in 816 bytes} [Fri Jul 24 23:52:26 2026] GET /resource_providers/8a0794e3-7193-472e-b41f-058c050856dd/aggregates => generated 235 bytes in 22 msecs (HTTP/1.1 404) 5 headers in 202 bytes (1 switches on core 0)
2026-07-24 23:52:26.570 8 INFO placement.requestlog [None req-476b6d7a-5335-40e0-834d-bd27ae440a2c 7851792b539e4cefaec7226f65ef634e 2b06208fb3254f0c921f5464edf27f21 - - 6495add0b69142658c09af76088dfd88 6495add0b69142658c09af76088dfd88] 10.0.0.253 "GET /resource_providers/8a0794e3-7193-472e-b41f-058c050856dd/aggregates" status: 404 len: 235 microversion: 1.1 [pid: 8|app: 0|req: 497/979] 10.0.0.253 () {32 vars in 816 bytes} [Fri Jul 24 23:52:26 2026] GET /resource_providers/8a0794e3-7193-472e-b41f-058c050856dd/aggregates => generated 235 bytes in 8 msecs (HTTP/1.1 404) 5 headers in 202 bytes (1 switches on core 0)
2026-07-24 23:52:26.584 7 INFO placement.requestlog [None req-d2fc6f65-77cf-415d-aeac-285c1168bd4b 7851792b539e4cefaec7226f65ef634e 2b06208fb3254f0c921f5464edf27f21 - - 6495add0b69142658c09af76088dfd88 6495add0b69142658c09af76088dfd88] 10.0.0.253 "DELETE /resource_providers/8a0794e3-7193-472e-b41f-058c050856dd" status: 404 len: 246 microversion: 1.1 [pid: 7|app: 0|req: 483/980] 10.0.0.253 () {34 vars in 816 bytes} [Fri Jul 24 23:52:26 2026] DELETE /resource_providers/8a0794e3-7193-472e-b41f-058c050856dd => generated 246 bytes in 13 msecs (HTTP/1.1 404) 6 headers in 231 bytes (1 switches on core 0)
2026-07-24 23:52:26.588 8 INFO placement.requestlog [None req-4ff77269-7bc8-4dad-97b7-581a2250a963 7851792b539e4cefaec7226f65ef634e 2b06208fb3254f0c921f5464edf27f21 - - 6495add0b69142658c09af76088dfd88 6495add0b69142658c09af76088dfd88] 10.0.0.253 "DELETE /resource_providers/8a0794e3-7193-472e-b41f-058c050856dd" status: 404 len: 246 microversion: 1.1 [pid: 8|app: 0|req: 498/981] 10.0.0.253 () {34 vars in 816 bytes} [Fri Jul 24 23:52:26 2026] DELETE /resource_providers/8a0794e3-7193-472e-b41f-058c050856dd => generated 246 bytes in 10 msecs (HTTP/1.1 404) 6 headers in 231 bytes (1 switches on core 0)
2026-07-24 23:52:32.902 8 INFO placement.requestlog [None req-a18e894a-9a53-4f72-9315-32a6b23e4cd9 - - - - - -] 10.0.0.215 "GET /" status: 200 len: 136 microversion: 1.0
2026-07-24 23:52:32.902 7 INFO placement.requestlog [None req-420737a3-774f-4a6c-a10a-817cb7558415 - - - - - -] 10.0.0.215 "GET /" status: 200 len: 136 microversion: 1.0
2026-07-24 23:52:34.684 8 INFO placement.requestlog [req-626a9665-14a7-4fb5-b214-9c2914a65fa9 req-5aa16f40-2800-4325-b443-0644a1d995d0 2b61ad0543074adb91763082c536770a 2b06208fb3254f0c921f5464edf27f21 - - 6495add0b69142658c09af76088dfd88 6495add0b69142658c09af76088dfd88] 199.204.45.61 "GET /resource_providers/565211d2-d33d-453b-9592-fd25e7c492ce/allocations" status: 200 len: 340 microversion: 1.0 [pid: 8|app: 0|req: 500/984] 199.204.45.61 () {32 vars in 856 bytes} [Fri Jul 24 23:52:34 2026] GET /resource_providers/565211d2-d33d-453b-9592-fd25e7c492ce/allocations => generated 340 bytes in 19 msecs (HTTP/1.1 200) 6 headers in 224 bytes (1 switches on core 0)
2026-07-24 23:52:34.720 7 INFO placement.requestlog [req-626a9665-14a7-4fb5-b214-9c2914a65fa9 req-d9616101-1b1a-4982-aca3-95255bbc37eb 2b61ad0543074adb91763082c536770a 2b06208fb3254f0c921f5464edf27f21 - - 6495add0b69142658c09af76088dfd88 6495add0b69142658c09af76088dfd88] 199.204.45.61 "GET /resource_providers/565211d2-d33d-453b-9592-fd25e7c492ce/allocations" status: 200 len: 340 microversion: 1.0 [pid: 7|app: 0|req: 485/985] 199.204.45.61 () {32 vars in 856 bytes} [Fri Jul 24 23:52:34 2026] GET /resource_providers/565211d2-d33d-453b-9592-fd25e7c492ce/allocations => generated 340 bytes in 30 msecs (HTTP/1.1 200) 6 headers in 224 bytes (1 switches on core 0)
2026-07-24 23:52:34.737 8 INFO placement.requestlog [req-626a9665-14a7-4fb5-b214-9c2914a65fa9 req-b6d70553-0191-4149-bb0e-4fe0d5ae05b9 2b61ad0543074adb91763082c536770a 2b06208fb3254f0c921f5464edf27f21 - - 6495add0b69142658c09af76088dfd88 6495add0b69142658c09af76088dfd88] 199.204.45.61 "GET /allocations/375baa2f-843c-4613-9e7a-8d03279d8b55" status: 200 len: 258 microversion: 1.28 [pid: 8|app: 0|req: 501/986] 199.204.45.61 () {34 vars in 862 bytes} [Fri Jul 24 23:52:34 2026] GET /allocations/375baa2f-843c-4613-9e7a-8d03279d8b55 => generated 258 bytes in 12 msecs (HTTP/1.1 200) 8 headers in 296 bytes (1 switches on core 0)
2026-07-24 23:52:34.750 7 INFO placement.requestlog [req-626a9665-14a7-4fb5-b214-9c2914a65fa9 req-c734b755-75c8-4e1d-a1a0-5a3059b20c3a 2b61ad0543074adb91763082c536770a 2b06208fb3254f0c921f5464edf27f21 - - 6495add0b69142658c09af76088dfd88 6495add0b69142658c09af76088dfd88] 199.204.45.61 "GET /allocations/7f3ce856-89c2-47da-87df-bef78f2b0308" status: 200 len: 245 microversion: 1.28 [pid: 7|app: 0|req: 486/987] 199.204.45.61 () {34 vars in 862 bytes} [Fri Jul 24 23:52:34 2026] GET /allocations/7f3ce856-89c2-47da-87df-bef78f2b0308 => generated 245 bytes in 10 msecs (HTTP/1.1 200) 8 headers in 296 bytes (1 switches on core 0)
2026-07-24 23:52:34.768 8 INFO placement.requestlog [req-626a9665-14a7-4fb5-b214-9c2914a65fa9 req-26f583d0-ae43-47bf-a26f-e0e0f8f5ede6 2b61ad0543074adb91763082c536770a 2b06208fb3254f0c921f5464edf27f21 - - 6495add0b69142658c09af76088dfd88 6495add0b69142658c09af76088dfd88] 199.204.45.61 "GET /allocations/8d09a368-5b14-4a26-82cb-b2e2384b46b7" status: 200 len: 258 microversion: 1.28 [pid: 8|app: 0|req: 502/988] 199.204.45.61 () {34 vars in 862 bytes} [Fri Jul 24 23:52:34 2026] GET /allocations/8d09a368-5b14-4a26-82cb-b2e2384b46b7 => generated 258 bytes in 13 msecs (HTTP/1.1 200) 8 headers in 296 bytes (1 switches on core 0)
2026-07-24 23:52:38.577 7 INFO placement.requestlog [req-4f5cf909-a92a-4e5b-80e6-7537b55a7493 req-cff4d081-40b6-4d0b-a454-020e0e94dd12 2b61ad0543074adb91763082c536770a 2b06208fb3254f0c921f5464edf27f21 - - 6495add0b69142658c09af76088dfd88 6495add0b69142658c09af76088dfd88] 199.204.45.61 "GET /resource_providers/565211d2-d33d-453b-9592-fd25e7c492ce/allocations" status: 200 len: 340 microversion: 1.0 [pid: 7|app: 0|req: 487/989] 199.204.45.61 () {32 vars in 856 bytes} [Fri Jul 24 23:52:38 2026] GET /resource_providers/565211d2-d33d-453b-9592-fd25e7c492ce/allocations => generated 340 bytes in 29 msecs (HTTP/1.1 200) 6 headers in 224 bytes (1 switches on core 0)
2026-07-24 23:52:38.597 8 INFO placement.requestlog [req-4f5cf909-a92a-4e5b-80e6-7537b55a7493 req-0d95e1a4-ebf5-46cc-b8fb-9fc28bb4b4b2 2b61ad0543074adb91763082c536770a 2b06208fb3254f0c921f5464edf27f21 - - 6495add0b69142658c09af76088dfd88 6495add0b69142658c09af76088dfd88] 199.204.45.61 "GET /allocations/375baa2f-843c-4613-9e7a-8d03279d8b55" status: 200 len: 258 microversion: 1.28 [pid: 8|app: 0|req: 503/990] 199.204.45.61 () {34 vars in 862 bytes} [Fri Jul 24 23:52:38 2026] GET /allocations/375baa2f-843c-4613-9e7a-8d03279d8b55 => generated 258 bytes in 15 msecs (HTTP/1.1 200) 8 headers in 296 bytes (1 switches on core 0)
2026-07-24 23:52:38.619 7 INFO placement.requestlog [req-4f5cf909-a92a-4e5b-80e6-7537b55a7493 req-a984eb8e-8990-4eb9-b7af-0526f2156acd 2b61ad0543074adb91763082c536770a 2b06208fb3254f0c921f5464edf27f21 - - 6495add0b69142658c09af76088dfd88 6495add0b69142658c09af76088dfd88] 199.204.45.61 "GET /allocations/7f3ce856-89c2-47da-87df-bef78f2b0308" status: 200 len: 245 microversion: 1.28 [pid: 7|app: 0|req: 488/991] 199.204.45.61 () {34 vars in 862 bytes} [Fri Jul 24 23:52:38 2026] GET /allocations/7f3ce856-89c2-47da-87df-bef78f2b0308 => generated 245 bytes in 13 msecs (HTTP/1.1 200) 8 headers in 296 bytes (1 switches on core 0)
2026-07-24 23:52:38.639 8 INFO placement.requestlog [req-4f5cf909-a92a-4e5b-80e6-7537b55a7493 req-66140c77-b18c-404d-adea-83641d18a4e4 2b61ad0543074adb91763082c536770a 2b06208fb3254f0c921f5464edf27f21 - - 6495add0b69142658c09af76088dfd88 6495add0b69142658c09af76088dfd88] 199.204.45.61 "GET /allocations/8d09a368-5b14-4a26-82cb-b2e2384b46b7" status: 200 len: 258 microversion: 1.28 [pid: 8|app: 0|req: 504/992] 199.204.45.61 () {34 vars in 862 bytes} [Fri Jul 24 23:52:38 2026] GET /allocations/8d09a368-5b14-4a26-82cb-b2e2384b46b7 => generated 258 bytes in 12 msecs (HTTP/1.1 200) 8 headers in 296 bytes (1 switches on core 0)
2026-07-24 23:52:39.703 7 INFO placement.requestlog [req-4f5cf909-a92a-4e5b-80e6-7537b55a7493 req-6db91359-3b48-4012-be34-a79bd3f983ee 2b61ad0543074adb91763082c536770a 2b06208fb3254f0c921f5464edf27f21 - - 6495add0b69142658c09af76088dfd88 6495add0b69142658c09af76088dfd88] 199.204.45.61 "DELETE /allocations/7f3ce856-89c2-47da-87df-bef78f2b0308" status: 204 len: 0 microversion: 1.0 [pid: 7|app: 0|req: 489/993] 199.204.45.61 () {34 vars in 840 bytes} [Fri Jul 24 23:52:39 2026] DELETE /allocations/7f3ce856-89c2-47da-87df-bef78f2b0308 => generated 0 bytes in 42 msecs (HTTP/1.1 204) 5 headers in 198 bytes (1 switches on core 0)
2026-07-24 23:52:42.458 8 INFO placement.requestlog [req-9c7e8c31-a1c2-4d98-870f-70b5ed3959c1 req-7a3cbfc6-87e9-4843-9f16-67ecea036105 2b61ad0543074adb91763082c536770a 2b06208fb3254f0c921f5464edf27f21 - - 6495add0b69142658c09af76088dfd88 6495add0b69142658c09af76088dfd88] 199.204.45.61 "GET /resource_providers/565211d2-d33d-453b-9592-fd25e7c492ce/allocations" status: 200 len: 253 microversion: 1.0 [pid: 8|app: 0|req: 505/994] 199.204.45.61 () {32 vars in 856 bytes} [Fri Jul 24 23:52:42 2026] GET /resource_providers/565211d2-d33d-453b-9592-fd25e7c492ce/allocations => generated 253 bytes in 15 msecs (HTTP/1.1 200) 6 headers in 224 bytes (1 switches on core 0)
2026-07-24 23:52:42.480 7 INFO placement.requestlog [req-9c7e8c31-a1c2-4d98-870f-70b5ed3959c1 req-1771123e-37cb-4dbf-b12f-9c69c9b3e5ef 2b61ad0543074adb91763082c536770a 2b06208fb3254f0c921f5464edf27f21 - - 6495add0b69142658c09af76088dfd88 6495add0b69142658c09af76088dfd88] 199.204.45.61 "GET /allocations/375baa2f-843c-4613-9e7a-8d03279d8b55" status: 200 len: 258 microversion: 1.28 [pid: 7|app: 0|req: 490/995] 199.204.45.61 () {34 vars in 862 bytes} [Fri Jul 24 23:52:42 2026] GET /allocations/375baa2f-843c-4613-9e7a-8d03279d8b55 => generated 258 bytes in 16 msecs (HTTP/1.1 200) 8 headers in 296 bytes (1 switches on core 0)
2026-07-24 23:52:42.496 8 INFO placement.requestlog [req-9c7e8c31-a1c2-4d98-870f-70b5ed3959c1 req-ddfc618e-c597-4413-b57e-072aef19854d 2b61ad0543074adb91763082c536770a 2b06208fb3254f0c921f5464edf27f21 - - 6495add0b69142658c09af76088dfd88 6495add0b69142658c09af76088dfd88] 199.204.45.61 "GET /allocations/8d09a368-5b14-4a26-82cb-b2e2384b46b7" status: 200 len: 258 microversion: 1.28 [pid: 8|app: 0|req: 506/996] 199.204.45.61 () {34 vars in 862 bytes} [Fri Jul 24 23:52:42 2026] GET /allocations/8d09a368-5b14-4a26-82cb-b2e2384b46b7 => generated 258 bytes in 9 msecs (HTTP/1.1 200) 8 headers in 296 bytes (1 switches on core 0)
2026-07-24 23:52:42.901 7 INFO placement.requestlog [None req-d888ed64-3f11-4d2f-b942-bb79642038ae - - - - - -] 10.0.0.215 "GET /" status: 200 len: 136 microversion: 1.0
2026-07-24 23:52:42.901 8 INFO placement.requestlog [None req-b07b790a-a01f-4b33-8860-3d28adeb8773 - - - - - -] 10.0.0.215 "GET /" status: 200 len: 136 microversion: 1.0
