2026-07-24 23:48:26.079 7 INFO placement.requestlog [None req-74580065-a353-4781-b57a-06402304028e 7851792b539e4cefaec7226f65ef634e 2b06208fb3254f0c921f5464edf27f21 - - 6495add0b69142658c09af76088dfd88 6495add0b69142658c09af76088dfd88] 10.0.0.253 "DELETE /resource_providers/ab215efb-113e-4839-8176-bc55110b0ee6" status: 404 len: 246 microversion: 1.1 [pid: 7|app: 0|req: 359/724] 10.0.0.253 () {34 vars in 816 bytes} [Fri Jul 24 23:48:26 2026] DELETE /resource_providers/ab215efb-113e-4839-8176-bc55110b0ee6 => generated 246 bytes in 10 msecs (HTTP/1.1 404) 6 headers in 231 bytes (1 switches on core 0)
2026-07-24 23:48:26.082 8 INFO placement.requestlog [None req-1af74f6d-49e9-4d5a-81ea-91c0b1844d80 7851792b539e4cefaec7226f65ef634e 2b06208fb3254f0c921f5464edf27f21 - - 6495add0b69142658c09af76088dfd88 6495add0b69142658c09af76088dfd88] 10.0.0.253 "DELETE /resource_providers/ab215efb-113e-4839-8176-bc55110b0ee6" status: 404 len: 246 microversion: 1.1 [pid: 8|app: 0|req: 366/725] 10.0.0.253 () {34 vars in 816 bytes} [Fri Jul 24 23:48:26 2026] DELETE /resource_providers/ab215efb-113e-4839-8176-bc55110b0ee6 => generated 246 bytes in 13 msecs (HTTP/1.1 404) 6 headers in 231 bytes (1 switches on core 0)
2026-07-24 23:48:28.782 7 INFO placement.requestlog [req-0a30d758-1ec6-4505-9d2f-f5eda0a9e1a4 req-b4746a0f-0b7b-4757-a66e-e040ecb66443 2b61ad0543074adb91763082c536770a 2b06208fb3254f0c921f5464edf27f21 - - 6495add0b69142658c09af76088dfd88 6495add0b69142658c09af76088dfd88] 199.204.45.61 "GET /resource_providers/565211d2-d33d-453b-9592-fd25e7c492ce/allocations" status: 200 len: 152 microversion: 1.0 [pid: 7|app: 0|req: 360/726] 199.204.45.61 () {32 vars in 856 bytes} [Fri Jul 24 23:48:28 2026] GET /resource_providers/565211d2-d33d-453b-9592-fd25e7c492ce/allocations => generated 152 bytes in 26 msecs (HTTP/1.1 200) 6 headers in 224 bytes (1 switches on core 0)
2026-07-24 23:48:28.812 8 INFO placement.requestlog [req-0a30d758-1ec6-4505-9d2f-f5eda0a9e1a4 req-89968d73-ea49-4a8d-b933-048172e0d343 2b61ad0543074adb91763082c536770a 2b06208fb3254f0c921f5464edf27f21 - - 6495add0b69142658c09af76088dfd88 6495add0b69142658c09af76088dfd88] 199.204.45.61 "GET /resource_providers/565211d2-d33d-453b-9592-fd25e7c492ce/allocations" status: 200 len: 152 microversion: 1.0 [pid: 8|app: 0|req: 367/727] 199.204.45.61 () {32 vars in 856 bytes} [Fri Jul 24 23:48:28 2026] GET /resource_providers/565211d2-d33d-453b-9592-fd25e7c492ce/allocations => generated 152 bytes in 23 msecs (HTTP/1.1 200) 6 headers in 224 bytes (1 switches on core 0)
2026-07-24 23:48:28.854 7 INFO placement.requestlog [req-0a30d758-1ec6-4505-9d2f-f5eda0a9e1a4 req-57ed25d1-7647-49e5-988f-353c942bb8b3 2b61ad0543074adb91763082c536770a 2b06208fb3254f0c921f5464edf27f21 - - 6495add0b69142658c09af76088dfd88 6495add0b69142658c09af76088dfd88] 199.204.45.61 "GET /allocations/208f71e6-a69d-430a-9236-a3922ec6275e" status: 200 len: 257 microversion: 1.28 [pid: 7|app: 0|req: 361/728] 199.204.45.61 () {34 vars in 862 bytes} [Fri Jul 24 23:48:28 2026] GET /allocations/208f71e6-a69d-430a-9236-a3922ec6275e => generated 257 bytes in 37 msecs (HTTP/1.1 200) 8 headers in 296 bytes (1 switches on core 0)
2026-07-24 23:48:32.902 7 INFO placement.requestlog [None req-eea2522a-3621-4d79-b4d0-28c62c6961ac - - - - - -] 10.0.0.215 "GET /" status: 200 len: 136 microversion: 1.0
2026-07-24 23:48:32.903 8 INFO placement.requestlog [None req-db314ad1-dc6b-4483-a4ae-5c8a51635ff7 - - - - - -] 10.0.0.215 "GET /" status: 200 len: 136 microversion: 1.0
2026-07-24 23:48:33.643 7 INFO placement.requestlog [None req-eeb1b1b3-b01b-4b72-8550-52d24b20ee94 7851792b539e4cefaec7226f65ef634e 2b06208fb3254f0c921f5464edf27f21 - - 6495add0b69142658c09af76088dfd88 6495add0b69142658c09af76088dfd88] 10.0.0.253 "GET /resource_providers/e19f78cb-3635-463f-8c86-38ebf923310d/aggregates" status: 404 len: 235 microversion: 1.1 [pid: 7|app: 0|req: 363/731] 10.0.0.253 () {32 vars in 816 bytes} [Fri Jul 24 23:48:33 2026] GET /resource_providers/e19f78cb-3635-463f-8c86-38ebf923310d/aggregates => generated 235 bytes in 12 msecs (HTTP/1.1 404) 5 headers in 202 bytes (1 switches on core 0)
2026-07-24 23:48:33.644 8 INFO placement.requestlog [None req-fe526b93-8fae-45fa-908f-a60509e3afeb 7851792b539e4cefaec7226f65ef634e 2b06208fb3254f0c921f5464edf27f21 - - 6495add0b69142658c09af76088dfd88 6495add0b69142658c09af76088dfd88] 10.0.0.253 "GET /resource_providers/e19f78cb-3635-463f-8c86-38ebf923310d/aggregates" status: 404 len: 235 microversion: 1.1 [pid: 8|app: 0|req: 369/732] 10.0.0.253 () {32 vars in 816 bytes} [Fri Jul 24 23:48:33 2026] GET /resource_providers/e19f78cb-3635-463f-8c86-38ebf923310d/aggregates => generated 235 bytes in 13 msecs (HTTP/1.1 404) 5 headers in 202 bytes (1 switches on core 0)
2026-07-24 23:48:33.666 7 INFO placement.requestlog [None req-be252f9a-0c20-4b8a-ba7f-8203ef2ea03b 7851792b539e4cefaec7226f65ef634e 2b06208fb3254f0c921f5464edf27f21 - - 6495add0b69142658c09af76088dfd88 6495add0b69142658c09af76088dfd88] 10.0.0.253 "DELETE /resource_providers/e19f78cb-3635-463f-8c86-38ebf923310d" status: 404 len: 246 microversion: 1.1 [pid: 7|app: 0|req: 364/733] 10.0.0.253 () {34 vars in 816 bytes} [Fri Jul 24 23:48:33 2026] DELETE /resource_providers/e19f78cb-3635-463f-8c86-38ebf923310d => generated 246 bytes in 11 msecs (HTTP/1.1 404) 6 headers in 231 bytes (1 switches on core 0)
2026-07-24 23:48:33.666 8 INFO placement.requestlog [None req-284988b6-4110-4401-8d88-9ca8618d85bc 7851792b539e4cefaec7226f65ef634e 2b06208fb3254f0c921f5464edf27f21 - - 6495add0b69142658c09af76088dfd88 6495add0b69142658c09af76088dfd88] 10.0.0.253 "DELETE /resource_providers/e19f78cb-3635-463f-8c86-38ebf923310d" status: 404 len: 246 microversion: 1.1 [pid: 8|app: 0|req: 370/734] 10.0.0.253 () {34 vars in 816 bytes} [Fri Jul 24 23:48:33 2026] DELETE /resource_providers/e19f78cb-3635-463f-8c86-38ebf923310d => generated 246 bytes in 10 msecs (HTTP/1.1 404) 6 headers in 231 bytes (1 switches on core 0)
2026-07-24 23:48:34.063 7 INFO placement.requestlog [None req-73ba5b42-17a2-4abb-abeb-5ea8a8db359b 7851792b539e4cefaec7226f65ef634e 2b06208fb3254f0c921f5464edf27f21 - - 6495add0b69142658c09af76088dfd88 6495add0b69142658c09af76088dfd88] 10.0.0.253 "GET /resource_providers/18150c59-9521-44f9-8e90-4ec59305d548/aggregates" status: 404 len: 235 microversion: 1.1 [pid: 7|app: 0|req: 365/735] 10.0.0.253 () {32 vars in 816 bytes} [Fri Jul 24 23:48:34 2026] GET /resource_providers/18150c59-9521-44f9-8e90-4ec59305d548/aggregates => generated 235 bytes in 10 msecs (HTTP/1.1 404) 5 headers in 202 bytes (1 switches on core 0)
2026-07-24 23:48:34.070 8 INFO placement.requestlog [None req-3cd5803d-e001-483c-ab3c-fd3f8e99bf38 7851792b539e4cefaec7226f65ef634e 2b06208fb3254f0c921f5464edf27f21 - - 6495add0b69142658c09af76088dfd88 6495add0b69142658c09af76088dfd88] 10.0.0.253 "GET /resource_providers/18150c59-9521-44f9-8e90-4ec59305d548/aggregates" status: 404 len: 235 microversion: 1.1 [pid: 8|app: 0|req: 371/736] 10.0.0.253 () {32 vars in 816 bytes} [Fri Jul 24 23:48:34 2026] GET /resource_providers/18150c59-9521-44f9-8e90-4ec59305d548/aggregates => generated 235 bytes in 17 msecs (HTTP/1.1 404) 5 headers in 202 bytes (1 switches on core 0)
2026-07-24 23:48:34.093 8 INFO placement.requestlog [None req-c1336f6b-c369-48e4-80db-cbb5a656c092 7851792b539e4cefaec7226f65ef634e 2b06208fb3254f0c921f5464edf27f21 - - 6495add0b69142658c09af76088dfd88 6495add0b69142658c09af76088dfd88] 10.0.0.253 "DELETE /resource_providers/18150c59-9521-44f9-8e90-4ec59305d548" status: 404 len: 246 microversion: 1.1 [pid: 8|app: 0|req: 372/737] 10.0.0.253 () {34 vars in 816 bytes} [Fri Jul 24 23:48:34 2026] DELETE /resource_providers/18150c59-9521-44f9-8e90-4ec59305d548 => generated 246 bytes in 13 msecs (HTTP/1.1 404) 6 headers in 231 bytes (1 switches on core 0)
2026-07-24 23:48:34.098 7 INFO placement.requestlog [None req-f532010f-0167-406d-ad99-ded38ac6a75e 7851792b539e4cefaec7226f65ef634e 2b06208fb3254f0c921f5464edf27f21 - - 6495add0b69142658c09af76088dfd88 6495add0b69142658c09af76088dfd88] 10.0.0.253 "DELETE /resource_providers/18150c59-9521-44f9-8e90-4ec59305d548" status: 404 len: 246 microversion: 1.1 [pid: 7|app: 0|req: 366/738] 10.0.0.253 () {34 vars in 816 bytes} [Fri Jul 24 23:48:34 2026] DELETE /resource_providers/18150c59-9521-44f9-8e90-4ec59305d548 => generated 246 bytes in 24 msecs (HTTP/1.1 404) 6 headers in 231 bytes (1 switches on core 0)
2026-07-24 23:48:35.296 8 INFO placement.requestlog [req-d33f950d-8c51-4536-933a-6d4112642340 req-5650ea96-b2e8-4fe4-ac49-75f3915f5be5 2b61ad0543074adb91763082c536770a 2b06208fb3254f0c921f5464edf27f21 - - 6495add0b69142658c09af76088dfd88 6495add0b69142658c09af76088dfd88] 10.0.0.158 "GET /allocation_candidates?limit=1000&resources=DISK_GB%3A1%2CMEMORY_MB%3A512%2CVCPU%3A1&root_required=%21COMPUTE_STATUS_DISABLED" status: 200 len: 2783 microversion: 1.36 [pid: 8|app: 0|req: 373/739] 10.0.0.158 () {34 vars in 1012 bytes} [Fri Jul 24 23:48:35 2026] GET /allocation_candidates?limit=1000&resources=DISK_GB%3A1%2CMEMORY_MB%3A512%2CVCPU%3A1&root_required=%21COMPUTE_STATUS_DISABLED => generated 2783 bytes in 44 msecs (HTTP/1.1 200) 8 headers in 297 bytes (1 switches on core 0)
2026-07-24 23:48:35.334 7 INFO placement.requestlog [req-d33f950d-8c51-4536-933a-6d4112642340 req-b4b7f81a-6fe6-4563-b138-ab4ddbab0bef 2b61ad0543074adb91763082c536770a 2b06208fb3254f0c921f5464edf27f21 - - 6495add0b69142658c09af76088dfd88 6495add0b69142658c09af76088dfd88] 10.0.0.158 "GET /allocations/375baa2f-843c-4613-9e7a-8d03279d8b55" status: 200 len: 19 microversion: 1.28 [pid: 7|app: 0|req: 367/740] 10.0.0.158 () {34 vars in 861 bytes} [Fri Jul 24 23:48:35 2026] GET /allocations/375baa2f-843c-4613-9e7a-8d03279d8b55 => generated 19 bytes in 12 msecs (HTTP/1.1 200) 8 headers in 295 bytes (1 switches on core 0)
2026-07-24 23:48:35.601 8 INFO placement.requestlog [req-d33f950d-8c51-4536-933a-6d4112642340 req-cb6adbff-b8b5-4480-8fdd-c9329f08c5b6 2b61ad0543074adb91763082c536770a 2b06208fb3254f0c921f5464edf27f21 - - 6495add0b69142658c09af76088dfd88 6495add0b69142658c09af76088dfd88] 10.0.0.158 "PUT /allocations/375baa2f-843c-4613-9e7a-8d03279d8b55" status: 204 len: 0 microversion: 1.36 [pid: 8|app: 0|req: 374/741] 10.0.0.158 () {38 vars in 914 bytes} [Fri Jul 24 23:48:35 2026] PUT /allocations/375baa2f-843c-4613-9e7a-8d03279d8b55 => generated 0 bytes in 264 msecs (HTTP/1.1 204) 5 headers in 199 bytes (1 switches on core 0)
2026-07-24 23:48:35.685 7 INFO placement.requestlog [None req-93775077-df25-4a87-861f-0a62488480e2 7851792b539e4cefaec7226f65ef634e 2b06208fb3254f0c921f5464edf27f21 - - 6495add0b69142658c09af76088dfd88 6495add0b69142658c09af76088dfd88] 10.0.0.253 "GET /resource_providers/2f492fc3-5a22-49ee-9fe5-083c1fd5486f/aggregates" status: 404 len: 235 microversion: 1.1 [pid: 7|app: 0|req: 368/742] 10.0.0.253 () {32 vars in 816 bytes} [Fri Jul 24 23:48:35 2026] GET /resource_providers/2f492fc3-5a22-49ee-9fe5-083c1fd5486f/aggregates => generated 235 bytes in 10 msecs (HTTP/1.1 404) 5 headers in 202 bytes (1 switches on core 0)
2026-07-24 23:48:35.691 8 INFO placement.requestlog [None req-ceb60201-a264-49cc-b1ed-4184ea3bcc76 7851792b539e4cefaec7226f65ef634e 2b06208fb3254f0c921f5464edf27f21 - - 6495add0b69142658c09af76088dfd88 6495add0b69142658c09af76088dfd88] 10.0.0.253 "GET /resource_providers/2f492fc3-5a22-49ee-9fe5-083c1fd5486f/aggregates" status: 404 len: 235 microversion: 1.1 [pid: 8|app: 0|req: 375/743] 10.0.0.253 () {32 vars in 816 bytes} [Fri Jul 24 23:48:35 2026] GET /resource_providers/2f492fc3-5a22-49ee-9fe5-083c1fd5486f/aggregates => generated 235 bytes in 13 msecs (HTTP/1.1 404) 5 headers in 202 bytes (1 switches on core 0)
2026-07-24 23:48:35.700 7 INFO placement.requestlog [None req-071731d6-fc69-4d46-8856-66b8a42d0bbf 7851792b539e4cefaec7226f65ef634e 2b06208fb3254f0c921f5464edf27f21 - - 6495add0b69142658c09af76088dfd88 6495add0b69142658c09af76088dfd88] 10.0.0.253 "DELETE /resource_providers/2f492fc3-5a22-49ee-9fe5-083c1fd5486f" status: 404 len: 246 microversion: 1.1 [pid: 7|app: 0|req: 369/744] 10.0.0.253 () {34 vars in 816 bytes} [Fri Jul 24 23:48:35 2026] DELETE /resource_providers/2f492fc3-5a22-49ee-9fe5-083c1fd5486f => generated 246 bytes in 8 msecs (HTTP/1.1 404) 6 headers in 231 bytes (1 switches on core 0)
2026-07-24 23:48:35.713 8 INFO placement.requestlog [None req-c16dea3f-d5d4-4214-a61d-4d0ab4067fc6 7851792b539e4cefaec7226f65ef634e 2b06208fb3254f0c921f5464edf27f21 - - 6495add0b69142658c09af76088dfd88 6495add0b69142658c09af76088dfd88] 10.0.0.253 "DELETE /resource_providers/2f492fc3-5a22-49ee-9fe5-083c1fd5486f" status: 404 len: 246 microversion: 1.1 [pid: 8|app: 0|req: 376/745] 10.0.0.253 () {34 vars in 816 bytes} [Fri Jul 24 23:48:35 2026] DELETE /resource_providers/2f492fc3-5a22-49ee-9fe5-083c1fd5486f => generated 246 bytes in 11 msecs (HTTP/1.1 404) 6 headers in 231 bytes (1 switches on core 0)
2026-07-24 23:48:36.123 7 INFO placement.requestlog [None req-5526b185-d328-4511-9eb5-d87f4704ee2e 7851792b539e4cefaec7226f65ef634e 2b06208fb3254f0c921f5464edf27f21 - - 6495add0b69142658c09af76088dfd88 6495add0b69142658c09af76088dfd88] 10.0.0.253 "GET /resource_providers/9c79ed7b-7a81-4ecc-b4d0-a042fcdc9668/aggregates" status: 404 len: 235 microversion: 1.1 [pid: 7|app: 0|req: 370/746] 10.0.0.253 () {32 vars in 816 bytes} [Fri Jul 24 23:48:36 2026] GET /resource_providers/9c79ed7b-7a81-4ecc-b4d0-a042fcdc9668/aggregates => generated 235 bytes in 18 msecs (HTTP/1.1 404) 5 headers in 202 bytes (1 switches on core 0)
2026-07-24 23:48:36.124 8 INFO placement.requestlog [None req-f5dccae0-4314-4b13-be69-71675a46f06e 7851792b539e4cefaec7226f65ef634e 2b06208fb3254f0c921f5464edf27f21 - - 6495add0b69142658c09af76088dfd88 6495add0b69142658c09af76088dfd88] 10.0.0.253 "GET /resource_providers/9c79ed7b-7a81-4ecc-b4d0-a042fcdc9668/aggregates" status: 404 len: 235 microversion: 1.1 [pid: 8|app: 0|req: 377/747] 10.0.0.253 () {32 vars in 816 bytes} [Fri Jul 24 23:48:36 2026] GET /resource_providers/9c79ed7b-7a81-4ecc-b4d0-a042fcdc9668/aggregates => generated 235 bytes in 19 msecs (HTTP/1.1 404) 5 headers in 202 bytes (1 switches on core 0)
2026-07-24 23:48:36.150 7 INFO placement.requestlog [None req-36551e5e-4289-4ec1-828d-68007ade8a7f 7851792b539e4cefaec7226f65ef634e 2b06208fb3254f0c921f5464edf27f21 - - 6495add0b69142658c09af76088dfd88 6495add0b69142658c09af76088dfd88] 10.0.0.253 "DELETE /resource_providers/9c79ed7b-7a81-4ecc-b4d0-a042fcdc9668" status: 404 len: 246 microversion: 1.1 [pid: 7|app: 0|req: 371/748] 10.0.0.253 () {34 vars in 816 bytes} [Fri Jul 24 23:48:36 2026] DELETE /resource_providers/9c79ed7b-7a81-4ecc-b4d0-a042fcdc9668 => generated 246 bytes in 10 msecs (HTTP/1.1 404) 6 headers in 231 bytes (1 switches on core 0)
2026-07-24 23:48:36.164 8 INFO placement.requestlog [None req-5b421e8a-230f-4f0f-951b-06dee17b7730 7851792b539e4cefaec7226f65ef634e 2b06208fb3254f0c921f5464edf27f21 - - 6495add0b69142658c09af76088dfd88 6495add0b69142658c09af76088dfd88] 10.0.0.253 "DELETE /resource_providers/9c79ed7b-7a81-4ecc-b4d0-a042fcdc9668" status: 404 len: 246 microversion: 1.1 [pid: 8|app: 0|req: 378/749] 10.0.0.253 () {34 vars in 816 bytes} [Fri Jul 24 23:48:36 2026] DELETE /resource_providers/9c79ed7b-7a81-4ecc-b4d0-a042fcdc9668 => generated 246 bytes in 20 msecs (HTTP/1.1 404) 6 headers in 231 bytes (1 switches on core 0)
2026-07-24 23:48:36.179 7 INFO placement.requestlog [None req-8037dcd4-3682-40fc-934b-c87bea179f1d 7851792b539e4cefaec7226f65ef634e 2b06208fb3254f0c921f5464edf27f21 - - 6495add0b69142658c09af76088dfd88 6495add0b69142658c09af76088dfd88] 10.0.0.253 "GET /resource_providers/57210d47-7d4b-48a2-8c24-52b7a66cf69e/aggregates" status: 404 len: 235 microversion: 1.1 [pid: 7|app: 0|req: 372/750] 10.0.0.253 () {32 vars in 816 bytes} [Fri Jul 24 23:48:36 2026] GET /resource_providers/57210d47-7d4b-48a2-8c24-52b7a66cf69e/aggregates => generated 235 bytes in 9 msecs (HTTP/1.1 404) 5 headers in 202 bytes (1 switches on core 0)
2026-07-24 23:48:36.186 8 INFO placement.requestlog [None req-f5304d5b-6204-48fe-afca-990cb6eb94f2 7851792b539e4cefaec7226f65ef634e 2b06208fb3254f0c921f5464edf27f21 - - 6495add0b69142658c09af76088dfd88 6495add0b69142658c09af76088dfd88] 10.0.0.253 "GET /resource_providers/57210d47-7d4b-48a2-8c24-52b7a66cf69e/aggregates" status: 404 len: 235 microversion: 1.1 [pid: 8|app: 0|req: 379/751] 10.0.0.253 () {32 vars in 816 bytes} [Fri Jul 24 23:48:36 2026] GET /resource_providers/57210d47-7d4b-48a2-8c24-52b7a66cf69e/aggregates => generated 235 bytes in 9 msecs (HTTP/1.1 404) 5 headers in 202 bytes (1 switches on core 0)
2026-07-24 23:48:36.201 7 INFO placement.requestlog [None req-e6a4e8ab-3cbf-412f-a611-bce9d9f646d8 7851792b539e4cefaec7226f65ef634e 2b06208fb3254f0c921f5464edf27f21 - - 6495add0b69142658c09af76088dfd88 6495add0b69142658c09af76088dfd88] 10.0.0.253 "DELETE /resource_providers/57210d47-7d4b-48a2-8c24-52b7a66cf69e" status: 404 len: 246 microversion: 1.1 [pid: 7|app: 0|req: 373/752] 10.0.0.253 () {34 vars in 816 bytes} [Fri Jul 24 23:48:36 2026] DELETE /resource_providers/57210d47-7d4b-48a2-8c24-52b7a66cf69e => generated 246 bytes in 11 msecs (HTTP/1.1 404) 6 headers in 231 bytes (1 switches on core 0)
2026-07-24 23:48:36.217 8 INFO placement.requestlog [None req-e9bbc126-edaf-40a9-8cc9-46e48bf784fb 7851792b539e4cefaec7226f65ef634e 2b06208fb3254f0c921f5464edf27f21 - - 6495add0b69142658c09af76088dfd88 6495add0b69142658c09af76088dfd88] 10.0.0.253 "DELETE /resource_providers/57210d47-7d4b-48a2-8c24-52b7a66cf69e" status: 404 len: 246 microversion: 1.1 [pid: 8|app: 0|req: 380/753] 10.0.0.253 () {34 vars in 816 bytes} [Fri Jul 24 23:48:36 2026] DELETE /resource_providers/57210d47-7d4b-48a2-8c24-52b7a66cf69e => generated 246 bytes in 23 msecs (HTTP/1.1 404) 6 headers in 231 bytes (1 switches on core 0)
2026-07-24 23:48:37.085 7 INFO placement.requestlog [req-9d71fef0-f43f-41c0-b449-98cbdc1b2ebe req-a758fabe-affe-4576-b009-5da1937092e9 2b61ad0543074adb91763082c536770a 2b06208fb3254f0c921f5464edf27f21 - - 6495add0b69142658c09af76088dfd88 6495add0b69142658c09af76088dfd88] 199.204.45.61 "GET /resource_providers/565211d2-d33d-453b-9592-fd25e7c492ce/allocations" status: 200 len: 252 microversion: 1.0 [pid: 7|app: 0|req: 374/754] 199.204.45.61 () {32 vars in 856 bytes} [Fri Jul 24 23:48:37 2026] GET /resource_providers/565211d2-d33d-453b-9592-fd25e7c492ce/allocations => generated 252 bytes in 18 msecs (HTTP/1.1 200) 6 headers in 224 bytes (1 switches on core 0)
2026-07-24 23:48:37.110 8 INFO placement.requestlog [req-9d71fef0-f43f-41c0-b449-98cbdc1b2ebe req-e122bbd0-206a-465d-a7d0-6b79aa0daae3 2b61ad0543074adb91763082c536770a 2b06208fb3254f0c921f5464edf27f21 - - 6495add0b69142658c09af76088dfd88 6495add0b69142658c09af76088dfd88] 199.204.45.61 "GET /allocations/375baa2f-843c-4613-9e7a-8d03279d8b55" status: 200 len: 257 microversion: 1.28 [pid: 8|app: 0|req: 381/755] 199.204.45.61 () {34 vars in 862 bytes} [Fri Jul 24 23:48:37 2026] GET /allocations/375baa2f-843c-4613-9e7a-8d03279d8b55 => generated 257 bytes in 19 msecs (HTTP/1.1 200) 8 headers in 296 bytes (1 switches on core 0)
2026-07-24 23:48:37.124 7 INFO placement.requestlog [req-9d71fef0-f43f-41c0-b449-98cbdc1b2ebe req-eb08deb1-4fcf-4d3c-bc04-3bb7b4de0fe3 2b61ad0543074adb91763082c536770a 2b06208fb3254f0c921f5464edf27f21 - - 6495add0b69142658c09af76088dfd88 6495add0b69142658c09af76088dfd88] 199.204.45.61 "GET /allocations/208f71e6-a69d-430a-9236-a3922ec6275e" status: 200 len: 257 microversion: 1.28 [pid: 7|app: 0|req: 375/756] 199.204.45.61 () {34 vars in 862 bytes} [Fri Jul 24 23:48:37 2026] GET /allocations/208f71e6-a69d-430a-9236-a3922ec6275e => generated 257 bytes in 8 msecs (HTTP/1.1 200) 8 headers in 296 bytes (1 switches on core 0)
2026-07-24 23:48:37.414 8 INFO placement.requestlog [req-d33f950d-8c51-4536-933a-6d4112642340 req-dc5fa4ff-cd6c-4115-90c2-9fd7e2d5feab 2b61ad0543074adb91763082c536770a 2b06208fb3254f0c921f5464edf27f21 - - 6495add0b69142658c09af76088dfd88 6495add0b69142658c09af76088dfd88] 199.204.45.61 "GET /allocations/375baa2f-843c-4613-9e7a-8d03279d8b55" status: 200 len: 257 microversion: 1.28 [pid: 8|app: 0|req: 382/757] 199.204.45.61 () {34 vars in 862 bytes} [Fri Jul 24 23:48:37 2026] GET /allocations/375baa2f-843c-4613-9e7a-8d03279d8b55 => generated 257 bytes in 10 msecs (HTTP/1.1 200) 8 headers in 296 bytes (1 switches on core 0)
2026-07-24 23:48:38.268 7 INFO placement.requestlog [req-9d71fef0-f43f-41c0-b449-98cbdc1b2ebe req-5e482ccb-19f9-420d-b6f3-fe03dcdb46a7 2b61ad0543074adb91763082c536770a 2b06208fb3254f0c921f5464edf27f21 - - 6495add0b69142658c09af76088dfd88 6495add0b69142658c09af76088dfd88] 199.204.45.61 "DELETE /allocations/208f71e6-a69d-430a-9236-a3922ec6275e" status: 204 len: 0 microversion: 1.0 [pid: 7|app: 0|req: 376/758] 199.204.45.61 () {34 vars in 840 bytes} [Fri Jul 24 23:48:38 2026] DELETE /allocations/208f71e6-a69d-430a-9236-a3922ec6275e => generated 0 bytes in 124 msecs (HTTP/1.1 204) 5 headers in 198 bytes (1 switches on core 0)
2026-07-24 23:48:39.181 8 INFO placement.requestlog [req-d33f950d-8c51-4536-933a-6d4112642340 req-345bdbff-c101-47b8-99d0-2bca77510dda 2b61ad0543074adb91763082c536770a 2b06208fb3254f0c921f5464edf27f21 - - 6495add0b69142658c09af76088dfd88 6495add0b69142658c09af76088dfd88] 199.204.45.61 "GET /resource_providers/565211d2-d33d-453b-9592-fd25e7c492ce/allocations" status: 200 len: 152 microversion: 1.0 [pid: 8|app: 0|req: 383/759] 199.204.45.61 () {32 vars in 856 bytes} [Fri Jul 24 23:48:39 2026] GET /resource_providers/565211d2-d33d-453b-9592-fd25e7c492ce/allocations => generated 152 bytes in 16 msecs (HTTP/1.1 200) 6 headers in 224 bytes (1 switches on core 0)
2026-07-24 23:48:39.200 7 INFO placement.requestlog [req-d33f950d-8c51-4536-933a-6d4112642340 req-5f020a11-cd19-4d35-9e99-e32b81f49c07 2b61ad0543074adb91763082c536770a 2b06208fb3254f0c921f5464edf27f21 - - 6495add0b69142658c09af76088dfd88 6495add0b69142658c09af76088dfd88] 199.204.45.61 "GET /allocations/375baa2f-843c-4613-9e7a-8d03279d8b55" status: 200 len: 257 microversion: 1.28 [pid: 7|app: 0|req: 377/760] 199.204.45.61 () {34 vars in 862 bytes} [Fri Jul 24 23:48:39 2026] GET /allocations/375baa2f-843c-4613-9e7a-8d03279d8b55 => generated 257 bytes in 11 msecs (HTTP/1.1 200) 8 headers in 296 bytes (1 switches on core 0)
2026-07-24 23:48:42.155 8 INFO placement.requestlog [None req-b39cefa1-df2a-41b1-a3ed-1b02d4153a4f 7851792b539e4cefaec7226f65ef634e 2b06208fb3254f0c921f5464edf27f21 - - 6495add0b69142658c09af76088dfd88 6495add0b69142658c09af76088dfd88] 10.0.0.253 "GET /resource_providers/61a358f0-b9f3-4e77-87a5-f9d8bd91446c/aggregates" status: 404 len: 235 microversion: 1.1 [pid: 8|app: 0|req: 384/761] 10.0.0.253 () {32 vars in 816 bytes} [Fri Jul 24 23:48:42 2026] GET /resource_providers/61a358f0-b9f3-4e77-87a5-f9d8bd91446c/aggregates => generated 235 bytes in 9 msecs (HTTP/1.1 404) 5 headers in 202 bytes (1 switches on core 0)
2026-07-24 23:48:42.161 7 INFO placement.requestlog [None req-2a6488b3-d84e-4a46-a37c-93c819d8dfd5 7851792b539e4cefaec7226f65ef634e 2b06208fb3254f0c921f5464edf27f21 - - 6495add0b69142658c09af76088dfd88 6495add0b69142658c09af76088dfd88] 10.0.0.253 "GET /resource_providers/61a358f0-b9f3-4e77-87a5-f9d8bd91446c/aggregates" status: 404 len: 235 microversion: 1.1 [pid: 7|app: 0|req: 378/762] 10.0.0.253 () {32 vars in 816 bytes} [Fri Jul 24 23:48:42 2026] GET /resource_providers/61a358f0-b9f3-4e77-87a5-f9d8bd91446c/aggregates => generated 235 bytes in 11 msecs (HTTP/1.1 404) 5 headers in 202 bytes (1 switches on core 0)
2026-07-24 23:48:42.185 8 INFO placement.requestlog [None req-cd12dc19-df02-4453-9387-2b0ceb827b5c 7851792b539e4cefaec7226f65ef634e 2b06208fb3254f0c921f5464edf27f21 - - 6495add0b69142658c09af76088dfd88 6495add0b69142658c09af76088dfd88] 10.0.0.253 "DELETE /resource_providers/61a358f0-b9f3-4e77-87a5-f9d8bd91446c" status: 404 len: 246 microversion: 1.1 [pid: 8|app: 0|req: 385/763] 10.0.0.253 () {34 vars in 816 bytes} [Fri Jul 24 23:48:42 2026] DELETE /resource_providers/61a358f0-b9f3-4e77-87a5-f9d8bd91446c => generated 246 bytes in 12 msecs (HTTP/1.1 404) 6 headers in 231 bytes (1 switches on core 0)
2026-07-24 23:48:42.186 7 INFO placement.requestlog [None req-b1e351da-907c-47e5-af54-fb93967c849c 7851792b539e4cefaec7226f65ef634e 2b06208fb3254f0c921f5464edf27f21 - - 6495add0b69142658c09af76088dfd88 6495add0b69142658c09af76088dfd88] 10.0.0.253 "DELETE /resource_providers/61a358f0-b9f3-4e77-87a5-f9d8bd91446c" status: 404 len: 246 microversion: 1.1 [pid: 7|app: 0|req: 379/764] 10.0.0.253 () {34 vars in 816 bytes} [Fri Jul 24 23:48:42 2026] DELETE /resource_providers/61a358f0-b9f3-4e77-87a5-f9d8bd91446c => generated 246 bytes in 12 msecs (HTTP/1.1 404) 6 headers in 231 bytes (1 switches on core 0)
2026-07-24 23:48:42.901 8 INFO placement.requestlog [None req-b459fbf8-1ea7-492f-adc4-a05037e30331 - - - - - -] 10.0.0.215 "GET /" status: 200 len: 136 microversion: 1.0
2026-07-24 23:48:42.902 7 INFO placement.requestlog [None req-292cc0e1-d890-4afd-a6e5-7355b5e75410 - - - - - -] 10.0.0.215 "GET /" status: 200 len: 136 microversion: 1.0
2026-07-24 23:48:44.211 8 INFO placement.requestlog [None req-ed29fcf5-1f67-4bb1-b7b0-28e1a15689ff 7851792b539e4cefaec7226f65ef634e 2b06208fb3254f0c921f5464edf27f21 - - 6495add0b69142658c09af76088dfd88 6495add0b69142658c09af76088dfd88] 10.0.0.253 "GET /resource_providers/d3711e78-62b1-4921-b8c6-1ca4272e5d13/aggregates" status: 404 len: 235 microversion: 1.1 [pid: 8|app: 0|req: 387/767] 10.0.0.253 () {32 vars in 816 bytes} [Fri Jul 24 23:48:44 2026] GET /resource_providers/d3711e78-62b1-4921-b8c6-1ca4272e5d13/aggregates => generated 235 bytes in 11 msecs (HTTP/1.1 404) 5 headers in 202 bytes (1 switches on core 0)
2026-07-24 23:48:44.215 7 INFO placement.requestlog [None req-52d14723-0723-49db-bade-476a82d67174 7851792b539e4cefaec7226f65ef634e 2b06208fb3254f0c921f5464edf27f21 - - 6495add0b69142658c09af76088dfd88 6495add0b69142658c09af76088dfd88] 10.0.0.253 "GET /resource_providers/d3711e78-62b1-4921-b8c6-1ca4272e5d13/aggregates" status: 404 len: 235 microversion: 1.1 [pid: 7|app: 0|req: 381/768] 10.0.0.253 () {32 vars in 816 bytes} [Fri Jul 24 23:48:44 2026] GET /resource_providers/d3711e78-62b1-4921-b8c6-1ca4272e5d13/aggregates => generated 235 bytes in 9 msecs (HTTP/1.1 404) 5 headers in 202 bytes (1 switches on core 0)
2026-07-24 23:48:44.229 8 INFO placement.requestlog [None req-208b8956-4a05-47c7-940d-9d5afd50d803 7851792b539e4cefaec7226f65ef634e 2b06208fb3254f0c921f5464edf27f21 - - 6495add0b69142658c09af76088dfd88 6495add0b69142658c09af76088dfd88] 10.0.0.253 "DELETE /resource_providers/d3711e78-62b1-4921-b8c6-1ca4272e5d13" status: 404 len: 246 microversion: 1.1 [pid: 8|app: 0|req: 388/769] 10.0.0.253 () {34 vars in 816 bytes} [Fri Jul 24 23:48:44 2026] DELETE /resource_providers/d3711e78-62b1-4921-b8c6-1ca4272e5d13 => generated 246 bytes in 6 msecs (HTTP/1.1 404) 6 headers in 231 bytes (1 switches on core 0)
2026-07-24 23:48:44.240 7 INFO placement.requestlog [None req-f39a7164-b158-4a62-b986-ce04a886fb49 7851792b539e4cefaec7226f65ef634e 2b06208fb3254f0c921f5464edf27f21 - - 6495add0b69142658c09af76088dfd88 6495add0b69142658c09af76088dfd88] 10.0.0.253 "DELETE /resource_providers/d3711e78-62b1-4921-b8c6-1ca4272e5d13" status: 404 len: 246 microversion: 1.1 [pid: 7|app: 0|req: 382/770] 10.0.0.253 () {34 vars in 816 bytes} [Fri Jul 24 23:48:44 2026] DELETE /resource_providers/d3711e78-62b1-4921-b8c6-1ca4272e5d13 => generated 246 bytes in 9 msecs (HTTP/1.1 404) 6 headers in 231 bytes (1 switches on core 0)
2026-07-24 23:48:52.570 7 INFO placement.requestlog [None req-006e5d9e-2a67-4814-9990-73c6d08399f0 7851792b539e4cefaec7226f65ef634e 2b06208fb3254f0c921f5464edf27f21 - - 6495add0b69142658c09af76088dfd88 6495add0b69142658c09af76088dfd88] 10.0.0.253 "GET /resource_providers/c0696459-58c4-4d72-878a-d03da691bbc0/aggregates" status: 404 len: 235 microversion: 1.1 [pid: 7|app: 0|req: 383/771] 10.0.0.253 () {32 vars in 816 bytes} [Fri Jul 24 23:48:52 2026] GET /resource_providers/c0696459-58c4-4d72-878a-d03da691bbc0/aggregates => generated 235 bytes in 28 msecs (HTTP/1.1 404) 5 headers in 202 bytes (1 switches on core 0)
2026-07-24 23:48:52.571 8 INFO placement.requestlog [None req-3ade6eda-3afe-4e14-b17f-2c773537df49 7851792b539e4cefaec7226f65ef634e 2b06208fb3254f0c921f5464edf27f21 - - 6495add0b69142658c09af76088dfd88 6495add0b69142658c09af76088dfd88] 10.0.0.253 "GET /resource_providers/c0696459-58c4-4d72-878a-d03da691bbc0/aggregates" status: 404 len: 235 microversion: 1.1 [pid: 8|app: 0|req: 389/772] 10.0.0.253 () {32 vars in 816 bytes} [Fri Jul 24 23:48:52 2026] GET /resource_providers/c0696459-58c4-4d72-878a-d03da691bbc0/aggregates => generated 235 bytes in 29 msecs (HTTP/1.1 404) 5 headers in 202 bytes (1 switches on core 0)
2026-07-24 23:48:52.598 8 INFO placement.requestlog [None req-a2d74cae-b18b-44ec-b1aa-21398f66061b 7851792b539e4cefaec7226f65ef634e 2b06208fb3254f0c921f5464edf27f21 - - 6495add0b69142658c09af76088dfd88 6495add0b69142658c09af76088dfd88] 10.0.0.253 "DELETE /resource_providers/c0696459-58c4-4d72-878a-d03da691bbc0" status: 404 len: 246 microversion: 1.1
2026-07-24 23:48:52.598 7 INFO placement.requestlog [None req-2bfd2e5a-9228-4654-9ce4-c1027f08bbb7 7851792b539e4cefaec7226f65ef634e 2b06208fb3254f0c921f5464edf27f21 - - 6495add0b69142658c09af76088dfd88 6495add0b69142658c09af76088dfd88] 10.0.0.253 "DELETE /resource_providers/c0696459-58c4-4d72-878a-d03da691bbc0" status: 404 len: 246 microversion: 1.1 [pid: 8|app: 0|req: 390/773] 10.0.0.253 () {34 vars in 816 bytes} [Fri Jul 24 23:48:52 2026] DELETE /resource_providers/c0696459-58c4-4d72-878a-d03da691bbc0 => generated 246 bytes in 16 msecs (HTTP/1.1 404) 6 headers in 231 bytes (1 switches on core 0) [pid: 7|app: 0|req: 384/774] 10.0.0.253 () {34 vars in 816 bytes} [Fri Jul 24 23:48:52 2026] DELETE /resource_providers/c0696459-58c4-4d72-878a-d03da691bbc0 => generated 246 bytes in 17 msecs (HTTP/1.1 404) 6 headers in 231 bytes (1 switches on core 0)
2026-07-24 23:48:52.901 7 INFO placement.requestlog [None req-85f7e6dd-19c0-491c-a620-1ec7a6cc13a5 - - - - - -] 10.0.0.215 "GET /" status: 200 len: 136 microversion: 1.0
2026-07-24 23:48:52.901 8 INFO placement.requestlog [None req-1e108ba4-0c23-4bed-99a2-6415fa2b6101 - - - - - -] 10.0.0.215 "GET /" status: 200 len: 136 microversion: 1.0
2026-07-24 23:48:53.613 7 INFO placement.requestlog [None req-22022fea-cfaa-4b75-9dc5-fa469d49041d 7851792b539e4cefaec7226f65ef634e 2b06208fb3254f0c921f5464edf27f21 - - 6495add0b69142658c09af76088dfd88 6495add0b69142658c09af76088dfd88] 10.0.0.253 "GET /resource_providers/bf70b2c3-f756-4ac3-b455-69bc7c0f2567/aggregates" status: 404 len: 235 microversion: 1.1 [pid: 7|app: 0|req: 386/777] 10.0.0.253 () {32 vars in 816 bytes} [Fri Jul 24 23:48:53 2026] GET /resource_providers/bf70b2c3-f756-4ac3-b455-69bc7c0f2567/aggregates => generated 235 bytes in 7 msecs (HTTP/1.1 404) 5 headers in 202 bytes (1 switches on core 0)
2026-07-24 23:48:53.630 8 INFO placement.requestlog [None req-daa74a50-9aa3-4f17-be78-f3a8bae7c121 7851792b539e4cefaec7226f65ef634e 2b06208fb3254f0c921f5464edf27f21 - - 6495add0b69142658c09af76088dfd88 6495add0b69142658c09af76088dfd88] 10.0.0.253 "GET /resource_providers/bf70b2c3-f756-4ac3-b455-69bc7c0f2567/aggregates" status: 404 len: 235 microversion: 1.1 [pid: 8|app: 0|req: 392/778] 10.0.0.253 () {32 vars in 816 bytes} [Fri Jul 24 23:48:53 2026] GET /resource_providers/bf70b2c3-f756-4ac3-b455-69bc7c0f2567/aggregates => generated 235 bytes in 11 msecs (HTTP/1.1 404) 5 headers in 202 bytes (1 switches on core 0)
2026-07-24 23:48:53.634 7 INFO placement.requestlog [None req-a9ee8fbe-ca97-4a94-bd47-79c708a7e5ed 7851792b539e4cefaec7226f65ef634e 2b06208fb3254f0c921f5464edf27f21 - - 6495add0b69142658c09af76088dfd88 6495add0b69142658c09af76088dfd88] 10.0.0.253 "DELETE /resource_providers/bf70b2c3-f756-4ac3-b455-69bc7c0f2567" status: 404 len: 246 microversion: 1.1 [pid: 7|app: 0|req: 387/779] 10.0.0.253 () {34 vars in 816 bytes} [Fri Jul 24 23:48:53 2026] DELETE /resource_providers/bf70b2c3-f756-4ac3-b455-69bc7c0f2567 => generated 246 bytes in 10 msecs (HTTP/1.1 404) 6 headers in 231 bytes (1 switches on core 0)
2026-07-24 23:48:53.647 8 INFO placement.requestlog [None req-a1910946-8e7c-4a9d-b379-ac6ddcac636d 7851792b539e4cefaec7226f65ef634e 2b06208fb3254f0c921f5464edf27f21 - - 6495add0b69142658c09af76088dfd88 6495add0b69142658c09af76088dfd88] 10.0.0.253 "DELETE /resource_providers/bf70b2c3-f756-4ac3-b455-69bc7c0f2567" status: 404 len: 246 microversion: 1.1 [pid: 8|app: 0|req: 393/780] 10.0.0.253 () {34 vars in 816 bytes} [Fri Jul 24 23:48:53 2026] DELETE /resource_providers/bf70b2c3-f756-4ac3-b455-69bc7c0f2567 => generated 246 bytes in 8 msecs (HTTP/1.1 404) 6 headers in 231 bytes (1 switches on core 0)
2026-07-24 23:48:53.899 7 INFO placement.requestlog [req-521ed401-5feb-48c2-95fd-3fe6de8ba375 req-6c88c7c0-3c35-478c-bcbd-34c67fbbbe1f 2b61ad0543074adb91763082c536770a 2b06208fb3254f0c921f5464edf27f21 - - 6495add0b69142658c09af76088dfd88 6495add0b69142658c09af76088dfd88] 10.0.0.158 "GET /allocation_candidates?limit=1000&resources=DISK_GB%3A1%2CMEMORY_MB%3A512%2CVCPU%3A1&root_required=%21COMPUTE_STATUS_DISABLED" status: 200 len: 2783 microversion: 1.36 [pid: 7|app: 0|req: 388/781] 10.0.0.158 () {34 vars in 1012 bytes} [Fri Jul 24 23:48:53 2026] GET /allocation_candidates?limit=1000&resources=DISK_GB%3A1%2CMEMORY_MB%3A512%2CVCPU%3A1&root_required=%21COMPUTE_STATUS_DISABLED => generated 2783 bytes in 47 msecs (HTTP/1.1 200) 8 headers in 297 bytes (1 switches on core 0)
2026-07-24 23:48:53.927 8 INFO placement.requestlog [req-521ed401-5feb-48c2-95fd-3fe6de8ba375 req-218c5cf4-13d2-4a85-bb08-a1a02a849a78 2b61ad0543074adb91763082c536770a 2b06208fb3254f0c921f5464edf27f21 - - 6495add0b69142658c09af76088dfd88 6495add0b69142658c09af76088dfd88] 10.0.0.158 "GET /allocations/8d09a368-5b14-4a26-82cb-b2e2384b46b7" status: 200 len: 19 microversion: 1.28 [pid: 8|app: 0|req: 394/782] 10.0.0.158 () {34 vars in 861 bytes} [Fri Jul 24 23:48:53 2026] GET /allocations/8d09a368-5b14-4a26-82cb-b2e2384b46b7 => generated 19 bytes in 9 msecs (HTTP/1.1 200) 8 headers in 295 bytes (1 switches on core 0)
2026-07-24 23:48:53.969 7 INFO placement.requestlog [req-521ed401-5feb-48c2-95fd-3fe6de8ba375 req-00d801ae-70c5-4f03-92e7-920e1107a054 2b61ad0543074adb91763082c536770a 2b06208fb3254f0c921f5464edf27f21 - - 6495add0b69142658c09af76088dfd88 6495add0b69142658c09af76088dfd88] 10.0.0.158 "PUT /allocations/8d09a368-5b14-4a26-82cb-b2e2384b46b7" status: 204 len: 0 microversion: 1.36 [pid: 7|app: 0|req: 389/783] 10.0.0.158 () {38 vars in 914 bytes} [Fri Jul 24 23:48:53 2026] PUT /allocations/8d09a368-5b14-4a26-82cb-b2e2384b46b7 => generated 0 bytes in 36 msecs (HTTP/1.1 204) 5 headers in 199 bytes (1 switches on core 0)
2026-07-24 23:48:54.617 8 INFO placement.requestlog [None req-eb9b76e9-4a68-4bac-bb5a-e4a7c8c79564 7851792b539e4cefaec7226f65ef634e 2b06208fb3254f0c921f5464edf27f21 - - 6495add0b69142658c09af76088dfd88 6495add0b69142658c09af76088dfd88] 10.0.0.253 "GET /resource_providers/aae1f38c-dd22-4f7e-8692-acd45d9a904b/aggregates" status: 404 len: 235 microversion: 1.1 [pid: 8|app: 0|req: 395/784] 10.0.0.253 () {32 vars in 816 bytes} [Fri Jul 24 23:48:54 2026] GET /resource_providers/aae1f38c-dd22-4f7e-8692-acd45d9a904b/aggregates => generated 235 bytes in 6 msecs (HTTP/1.1 404) 5 headers in 202 bytes (1 switches on core 0)
2026-07-24 23:48:54.627 7 INFO placement.requestlog [None req-8217eaf7-9fe5-4ba2-87ac-944a091c9542 7851792b539e4cefaec7226f65ef634e 2b06208fb3254f0c921f5464edf27f21 - - 6495add0b69142658c09af76088dfd88 6495add0b69142658c09af76088dfd88] 10.0.0.253 "GET /resource_providers/aae1f38c-dd22-4f7e-8692-acd45d9a904b/aggregates" status: 404 len: 235 microversion: 1.1 [pid: 7|app: 0|req: 390/785] 10.0.0.253 () {32 vars in 816 bytes} [Fri Jul 24 23:48:54 2026] GET /resource_providers/aae1f38c-dd22-4f7e-8692-acd45d9a904b/aggregates => generated 235 bytes in 7 msecs (HTTP/1.1 404) 5 headers in 202 bytes (1 switches on core 0)
2026-07-24 23:48:54.630 8 INFO placement.requestlog [None req-756af651-6fc7-4e8a-95f5-e56cc38129b7 7851792b539e4cefaec7226f65ef634e 2b06208fb3254f0c921f5464edf27f21 - - 6495add0b69142658c09af76088dfd88 6495add0b69142658c09af76088dfd88] 10.0.0.253 "DELETE /resource_providers/aae1f38c-dd22-4f7e-8692-acd45d9a904b" status: 404 len: 246 microversion: 1.1 [pid: 8|app: 0|req: 396/786] 10.0.0.253 () {34 vars in 816 bytes} [Fri Jul 24 23:48:54 2026] DELETE /resource_providers/aae1f38c-dd22-4f7e-8692-acd45d9a904b => generated 246 bytes in 5 msecs (HTTP/1.1 404) 6 headers in 231 bytes (1 switches on core 0)
2026-07-24 23:48:54.653 7 INFO placement.requestlog [None req-41b5fdbe-450a-4ddc-916f-9ca7da77cf13 7851792b539e4cefaec7226f65ef634e 2b06208fb3254f0c921f5464edf27f21 - - 6495add0b69142658c09af76088dfd88 6495add0b69142658c09af76088dfd88] 10.0.0.253 "DELETE /resource_providers/aae1f38c-dd22-4f7e-8692-acd45d9a904b" status: 404 len: 246 microversion: 1.1 [pid: 7|app: 0|req: 391/787] 10.0.0.253 () {34 vars in 816 bytes} [Fri Jul 24 23:48:54 2026] DELETE /resource_providers/aae1f38c-dd22-4f7e-8692-acd45d9a904b => generated 246 bytes in 8 msecs (HTTP/1.1 404) 6 headers in 231 bytes (1 switches on core 0)
2026-07-24 23:48:54.659 8 INFO placement.requestlog [None req-cbdfd965-92b9-4e6f-823f-db21c611acba 7851792b539e4cefaec7226f65ef634e 2b06208fb3254f0c921f5464edf27f21 - - 6495add0b69142658c09af76088dfd88 6495add0b69142658c09af76088dfd88] 10.0.0.253 "GET /resource_providers/46165a6f-5c1a-418b-bd59-668963f5cfc1/aggregates" status: 404 len: 235 microversion: 1.1 [pid: 8|app: 0|req: 397/788] 10.0.0.253 () {32 vars in 816 bytes} [Fri Jul 24 23:48:54 2026] GET /resource_providers/46165a6f-5c1a-418b-bd59-668963f5cfc1/aggregates => generated 235 bytes in 8 msecs (HTTP/1.1 404) 5 headers in 202 bytes (1 switches on core 0)
2026-07-24 23:48:54.674 7 INFO placement.requestlog [None req-65a806ef-5afa-451a-a433-5e82d0b147fb 7851792b539e4cefaec7226f65ef634e 2b06208fb3254f0c921f5464edf27f21 - - 6495add0b69142658c09af76088dfd88 6495add0b69142658c09af76088dfd88] 10.0.0.253 "GET /resource_providers/46165a6f-5c1a-418b-bd59-668963f5cfc1/aggregates" status: 404 len: 235 microversion: 1.1 [pid: 7|app: 0|req: 392/789] 10.0.0.253 () {32 vars in 816 bytes} [Fri Jul 24 23:48:54 2026] GET /resource_providers/46165a6f-5c1a-418b-bd59-668963f5cfc1/aggregates => generated 235 bytes in 6 msecs (HTTP/1.1 404) 5 headers in 202 bytes (1 switches on core 0)
2026-07-24 23:48:54.676 8 INFO placement.requestlog [None req-efaf14ab-95b7-41ab-96bd-49f3692c1477 7851792b539e4cefaec7226f65ef634e 2b06208fb3254f0c921f5464edf27f21 - - 6495add0b69142658c09af76088dfd88 6495add0b69142658c09af76088dfd88] 10.0.0.253 "DELETE /resource_providers/46165a6f-5c1a-418b-bd59-668963f5cfc1" status: 404 len: 246 microversion: 1.1 [pid: 8|app: 0|req: 398/790] 10.0.0.253 () {34 vars in 816 bytes} [Fri Jul 24 23:48:54 2026] DELETE /resource_providers/46165a6f-5c1a-418b-bd59-668963f5cfc1 => generated 246 bytes in 7 msecs (HTTP/1.1 404) 6 headers in 231 bytes (1 switches on core 0)
2026-07-24 23:48:54.696 7 INFO placement.requestlog [None req-9905622c-0c70-456b-b712-0a8b42418fae 7851792b539e4cefaec7226f65ef634e 2b06208fb3254f0c921f5464edf27f21 - - 6495add0b69142658c09af76088dfd88 6495add0b69142658c09af76088dfd88] 10.0.0.253 "GET /resource_providers/a95c0344-811e-4d4f-8587-95270b6f0b7f/aggregates" status: 404 len: 235 microversion: 1.1 [pid: 7|app: 0|req: 393/791] 10.0.0.253 () {32 vars in 816 bytes} [Fri Jul 24 23:48:54 2026] GET /resource_providers/a95c0344-811e-4d4f-8587-95270b6f0b7f/aggregates => generated 235 bytes in 10 msecs (HTTP/1.1 404) 5 headers in 202 bytes (1 switches on core 0)
2026-07-24 23:48:54.699 8 INFO placement.requestlog [None req-812ad744-8231-46d4-a69a-895a0a77bb42 7851792b539e4cefaec7226f65ef634e 2b06208fb3254f0c921f5464edf27f21 - - 6495add0b69142658c09af76088dfd88 6495add0b69142658c09af76088dfd88] 10.0.0.253 "DELETE /resource_providers/46165a6f-5c1a-418b-bd59-668963f5cfc1" status: 404 len: 246 microversion: 1.1 [pid: 8|app: 0|req: 399/792] 10.0.0.253 () {34 vars in 816 bytes} [Fri Jul 24 23:48:54 2026] DELETE /resource_providers/46165a6f-5c1a-418b-bd59-668963f5cfc1 => generated 246 bytes in 8 msecs (HTTP/1.1 404) 6 headers in 231 bytes (1 switches on core 0)
2026-07-24 23:48:54.722 8 INFO placement.requestlog [None req-2bb7e613-f6da-4089-9f3c-5dfb77349c5e 7851792b539e4cefaec7226f65ef634e 2b06208fb3254f0c921f5464edf27f21 - - 6495add0b69142658c09af76088dfd88 6495add0b69142658c09af76088dfd88] 10.0.0.253 "GET /resource_providers/a95c0344-811e-4d4f-8587-95270b6f0b7f/aggregates" status: 404 len: 235 microversion: 1.1 [pid: 8|app: 0|req: 400/793] 10.0.0.253 () {32 vars in 816 bytes} [Fri Jul 24 23:48:54 2026] GET /resource_providers/a95c0344-811e-4d4f-8587-95270b6f0b7f/aggregates => generated 235 bytes in 9 msecs (HTTP/1.1 404) 5 headers in 202 bytes (1 switches on core 0)
2026-07-24 23:48:54.722 7 INFO placement.requestlog [None req-75ee6cdc-ea0b-4924-820e-86d15c7ca4d0 7851792b539e4cefaec7226f65ef634e 2b06208fb3254f0c921f5464edf27f21 - - 6495add0b69142658c09af76088dfd88 6495add0b69142658c09af76088dfd88] 10.0.0.253 "DELETE /resource_providers/a95c0344-811e-4d4f-8587-95270b6f0b7f" status: 404 len: 246 microversion: 1.1 [pid: 7|app: 0|req: 394/794] 10.0.0.253 () {34 vars in 816 bytes} [Fri Jul 24 23:48:54 2026] DELETE /resource_providers/a95c0344-811e-4d4f-8587-95270b6f0b7f => generated 246 bytes in 11 msecs (HTTP/1.1 404) 6 headers in 231 bytes (1 switches on core 0)
2026-07-24 23:48:54.740 8 INFO placement.requestlog [None req-a7a39a9a-c563-40c9-9d92-7eb9c78680b9 7851792b539e4cefaec7226f65ef634e 2b06208fb3254f0c921f5464edf27f21 - - 6495add0b69142658c09af76088dfd88 6495add0b69142658c09af76088dfd88] 10.0.0.253 "GET /resource_providers/5bb5a15e-c247-4569-ab9b-9a4a051343a5/aggregates" status: 404 len: 235 microversion: 1.1 [pid: 8|app: 0|req: 401/795] 10.0.0.253 () {32 vars in 816 bytes} [Fri Jul 24 23:48:54 2026] GET /resource_providers/5bb5a15e-c247-4569-ab9b-9a4a051343a5/aggregates => generated 235 bytes in 7 msecs (HTTP/1.1 404) 5 headers in 202 bytes (1 switches on core 0)
2026-07-24 23:48:54.749 7 INFO placement.requestlog [None req-ab94b4d4-bf07-4f3b-a7fe-ae4404c7b5c8 7851792b539e4cefaec7226f65ef634e 2b06208fb3254f0c921f5464edf27f21 - - 6495add0b69142658c09af76088dfd88 6495add0b69142658c09af76088dfd88] 10.0.0.253 "DELETE /resource_providers/a95c0344-811e-4d4f-8587-95270b6f0b7f" status: 404 len: 246 microversion: 1.1 [pid: 7|app: 0|req: 395/796] 10.0.0.253 () {34 vars in 816 bytes} [Fri Jul 24 23:48:54 2026] DELETE /resource_providers/a95c0344-811e-4d4f-8587-95270b6f0b7f => generated 246 bytes in 12 msecs (HTTP/1.1 404) 6 headers in 231 bytes (1 switches on core 0)
2026-07-24 23:48:54.761 8 INFO placement.requestlog [None req-b47a093f-fd20-4acf-87f6-dfb206871f0d 7851792b539e4cefaec7226f65ef634e 2b06208fb3254f0c921f5464edf27f21 - - 6495add0b69142658c09af76088dfd88 6495add0b69142658c09af76088dfd88] 10.0.0.253 "DELETE /resource_providers/5bb5a15e-c247-4569-ab9b-9a4a051343a5" status: 404 len: 246 microversion: 1.1 [pid: 8|app: 0|req: 402/797] 10.0.0.253 () {34 vars in 816 bytes} [Fri Jul 24 23:48:54 2026] DELETE /resource_providers/5bb5a15e-c247-4569-ab9b-9a4a051343a5 => generated 246 bytes in 13 msecs (HTTP/1.1 404) 6 headers in 231 bytes (1 switches on core 0)
2026-07-24 23:48:54.773 7 INFO placement.requestlog [None req-ed096f1a-4b61-42fd-b31f-8da8ced6aea3 7851792b539e4cefaec7226f65ef634e 2b06208fb3254f0c921f5464edf27f21 - - 6495add0b69142658c09af76088dfd88 6495add0b69142658c09af76088dfd88] 10.0.0.253 "GET /resource_providers/5bb5a15e-c247-4569-ab9b-9a4a051343a5/aggregates" status: 404 len: 235 microversion: 1.1 [pid: 7|app: 0|req: 396/798] 10.0.0.253 () {32 vars in 816 bytes} [Fri Jul 24 23:48:54 2026] GET /resource_providers/5bb5a15e-c247-4569-ab9b-9a4a051343a5/aggregates => generated 235 bytes in 12 msecs (HTTP/1.1 404) 5 headers in 202 bytes (1 switches on core 0)
2026-07-24 23:48:54.792 8 INFO placement.requestlog [None req-6c306014-56fe-438c-bad1-b52d59ae51fb 7851792b539e4cefaec7226f65ef634e 2b06208fb3254f0c921f5464edf27f21 - - 6495add0b69142658c09af76088dfd88 6495add0b69142658c09af76088dfd88] 10.0.0.253 "DELETE /resource_providers/5bb5a15e-c247-4569-ab9b-9a4a051343a5" status: 404 len: 246 microversion: 1.1 [pid: 8|app: 0|req: 403/799] 10.0.0.253 () {34 vars in 816 bytes} [Fri Jul 24 23:48:54 2026] DELETE /resource_providers/5bb5a15e-c247-4569-ab9b-9a4a051343a5 => generated 246 bytes in 9 msecs (HTTP/1.1 404) 6 headers in 231 bytes (1 switches on core 0)
2026-07-24 23:48:55.508 7 INFO placement.requestlog [req-521ed401-5feb-48c2-95fd-3fe6de8ba375 req-fe31900b-7b7f-4f1e-ac01-0f353205d9bc 2b61ad0543074adb91763082c536770a 2b06208fb3254f0c921f5464edf27f21 - - 6495add0b69142658c09af76088dfd88 6495add0b69142658c09af76088dfd88] 199.204.45.61 "GET /allocations/8d09a368-5b14-4a26-82cb-b2e2384b46b7" status: 200 len: 258 microversion: 1.28 [pid: 7|app: 0|req: 397/800] 199.204.45.61 () {34 vars in 862 bytes} [Fri Jul 24 23:48:55 2026] GET /allocations/8d09a368-5b14-4a26-82cb-b2e2384b46b7 => generated 258 bytes in 11 msecs (HTTP/1.1 200) 8 headers in 296 bytes (1 switches on core 0)
2026-07-24 23:48:56.550 8 INFO placement.requestlog [req-521ed401-5feb-48c2-95fd-3fe6de8ba375 req-634b54d7-bd97-4ca2-b0e2-b153009b0c7a 2b61ad0543074adb91763082c536770a 2b06208fb3254f0c921f5464edf27f21 - - 6495add0b69142658c09af76088dfd88 6495add0b69142658c09af76088dfd88] 199.204.45.61 "GET /resource_providers/565211d2-d33d-453b-9592-fd25e7c492ce/allocations" status: 200 len: 253 microversion: 1.0 [pid: 8|app: 0|req: 404/801] 199.204.45.61 () {32 vars in 856 bytes} [Fri Jul 24 23:48:56 2026] GET /resource_providers/565211d2-d33d-453b-9592-fd25e7c492ce/allocations => generated 253 bytes in 22 msecs (HTTP/1.1 200) 6 headers in 224 bytes (1 switches on core 0)
2026-07-24 23:48:56.570 7 INFO placement.requestlog [req-521ed401-5feb-48c2-95fd-3fe6de8ba375 req-ca0b0bac-dfcb-4465-b7d8-0379d67652a0 2b61ad0543074adb91763082c536770a 2b06208fb3254f0c921f5464edf27f21 - - 6495add0b69142658c09af76088dfd88 6495add0b69142658c09af76088dfd88] 199.204.45.61 "GET /allocations/375baa2f-843c-4613-9e7a-8d03279d8b55" status: 200 len: 258 microversion: 1.28 [pid: 7|app: 0|req: 398/802] 199.204.45.61 () {34 vars in 862 bytes} [Fri Jul 24 23:48:56 2026] GET /allocations/375baa2f-843c-4613-9e7a-8d03279d8b55 => generated 258 bytes in 9 msecs (HTTP/1.1 200) 8 headers in 296 bytes (1 switches on core 0)
2026-07-24 23:48:56.588 8 INFO placement.requestlog [req-521ed401-5feb-48c2-95fd-3fe6de8ba375 req-f685dd5d-30a7-4eed-8abf-cf0a80e4823a 2b61ad0543074adb91763082c536770a 2b06208fb3254f0c921f5464edf27f21 - - 6495add0b69142658c09af76088dfd88 6495add0b69142658c09af76088dfd88] 199.204.45.61 "GET /allocations/8d09a368-5b14-4a26-82cb-b2e2384b46b7" status: 200 len: 258 microversion: 1.28 [pid: 8|app: 0|req: 405/803] 199.204.45.61 () {34 vars in 862 bytes} [Fri Jul 24 23:48:56 2026] GET /allocations/8d09a368-5b14-4a26-82cb-b2e2384b46b7 => generated 258 bytes in 15 msecs (HTTP/1.1 200) 8 headers in 296 bytes (1 switches on core 0)
2026-07-24 23:49:00.403 7 INFO placement.requestlog [None req-5547ca98-0a33-4c9e-b992-22cfea6b6542 7851792b539e4cefaec7226f65ef634e 2b06208fb3254f0c921f5464edf27f21 - - 6495add0b69142658c09af76088dfd88 6495add0b69142658c09af76088dfd88] 10.0.0.253 "GET /resource_providers/af14ca78-4b0f-4fdd-826b-2c1968b5ca97/aggregates" status: 404 len: 235 microversion: 1.1
2026-07-24 23:49:00.403 8 INFO placement.requestlog [None req-ccb40131-db0c-4c5b-a3cb-ae0bdb5efc04 7851792b539e4cefaec7226f65ef634e 2b06208fb3254f0c921f5464edf27f21 - - 6495add0b69142658c09af76088dfd88 6495add0b69142658c09af76088dfd88] 10.0.0.253 "GET /resource_providers/af14ca78-4b0f-4fdd-826b-2c1968b5ca97/aggregates" status: 404 len: 235 microversion: 1.1 [pid: 7|app: 0|req: 399/804] 10.0.0.253 () {32 vars in 816 bytes} [Fri Jul 24 23:49:00 2026] GET /resource_providers/af14ca78-4b0f-4fdd-826b-2c1968b5ca97/aggregates => generated 235 bytes in 10 msecs (HTTP/1.1 404) 5 headers in 202 bytes (1 switches on core 0) [pid: 8|app: 0|req: 406/805] 10.0.0.253 () {32 vars in 816 bytes} [Fri Jul 24 23:49:00 2026] GET /resource_providers/af14ca78-4b0f-4fdd-826b-2c1968b5ca97/aggregates => generated 235 bytes in 10 msecs (HTTP/1.1 404) 5 headers in 202 bytes (1 switches on core 0)
2026-07-24 23:49:00.426 7 INFO placement.requestlog [None req-38ee7525-239f-420a-bd2c-1ff93119547c 7851792b539e4cefaec7226f65ef634e 2b06208fb3254f0c921f5464edf27f21 - - 6495add0b69142658c09af76088dfd88 6495add0b69142658c09af76088dfd88] 10.0.0.253 "DELETE /resource_providers/af14ca78-4b0f-4fdd-826b-2c1968b5ca97" status: 404 len: 246 microversion: 1.1 [pid: 7|app: 0|req: 400/806] 10.0.0.253 () {34 vars in 816 bytes} [Fri Jul 24 23:49:00 2026] DELETE /resource_providers/af14ca78-4b0f-4fdd-826b-2c1968b5ca97 => generated 246 bytes in 9 msecs (HTTP/1.1 404) 6 headers in 231 bytes (1 switches on core 0)
2026-07-24 23:49:00.427 8 INFO placement.requestlog [None req-5995c681-b139-4edc-ae76-d43c1f5c6c81 7851792b539e4cefaec7226f65ef634e 2b06208fb3254f0c921f5464edf27f21 - - 6495add0b69142658c09af76088dfd88 6495add0b69142658c09af76088dfd88] 10.0.0.253 "DELETE /resource_providers/af14ca78-4b0f-4fdd-826b-2c1968b5ca97" status: 404 len: 246 microversion: 1.1 [pid: 8|app: 0|req: 407/807] 10.0.0.253 () {34 vars in 816 bytes} [Fri Jul 24 23:49:00 2026] DELETE /resource_providers/af14ca78-4b0f-4fdd-826b-2c1968b5ca97 => generated 246 bytes in 8 msecs (HTTP/1.1 404) 6 headers in 231 bytes (1 switches on core 0)
2026-07-24 23:49:02.902 8 INFO placement.requestlog [None req-418d6036-1c3d-47a0-835f-3d317212e236 - - - - - -] 10.0.0.215 "GET /" status: 200 len: 136 microversion: 1.0
2026-07-24 23:49:02.902 7 INFO placement.requestlog [None req-eb7a1317-db25-4727-a2f0-85341b01b137 - - - - - -] 10.0.0.215 "GET /" status: 200 len: 136 microversion: 1.0
