2026-07-21 14:30:53.499 8 INFO cinder.api.openstack.wsgi [None req-23ea461f-623f-4fbb-9860-74dfaa8df54e fa420d162eb14791b146f3624d38cc62 e8d6d75ee70e476ead7ffe8ea7c36383 - - default default] http://cinder-api.openstack.svc.cluster.local:8776/v3/e8d6d75ee70e476ead7ffe8ea7c36383/os-quota-sets/e8d6d75ee70e476ead7ffe8ea7c36383?usage=true returned with HTTP 200 [pid: 8|app: 0|req: 381/764] 10.0.0.144 () {28 vars in 736 bytes} [Tue Jul 21 14:30:53 2026] GET /v3/e8d6d75ee70e476ead7ffe8ea7c36383/os-quota-sets/e8d6d75ee70e476ead7ffe8ea7c36383?usage=true => generated 845 bytes in 38 msecs (HTTP/1.1 200) 7 headers in 285 bytes (1 switches on core 0)
2026-07-21 14:30:53.516 7 INFO cinder.api.openstack.wsgi [None req-062e34c1-2ef2-48be-b7d5-4e3663f19e7f fa420d162eb14791b146f3624d38cc62 e8d6d75ee70e476ead7ffe8ea7c36383 - - default default] GET http://cinder-api.openstack.svc.cluster.local:8776/v3/e8d6d75ee70e476ead7ffe8ea7c36383/os-quota-sets/f55c63c496954485bc6cfe06946be887?usage=true
2026-07-21 14:30:53.536 7 INFO cinder.api.openstack.wsgi [None req-062e34c1-2ef2-48be-b7d5-4e3663f19e7f fa420d162eb14791b146f3624d38cc62 e8d6d75ee70e476ead7ffe8ea7c36383 - - default default] http://cinder-api.openstack.svc.cluster.local:8776/v3/e8d6d75ee70e476ead7ffe8ea7c36383/os-quota-sets/f55c63c496954485bc6cfe06946be887?usage=true returned with HTTP 200 [pid: 7|app: 0|req: 384/765] 10.0.0.144 () {28 vars in 736 bytes} [Tue Jul 21 14:30:53 2026] GET /v3/e8d6d75ee70e476ead7ffe8ea7c36383/os-quota-sets/f55c63c496954485bc6cfe06946be887?usage=true => generated 847 bytes in 29 msecs (HTTP/1.1 200) 7 headers in 285 bytes (1 switches on core 0)
2026-07-21 14:30:53.550 8 INFO cinder.api.openstack.wsgi [None req-98da69a0-bd5d-4c2f-899e-b0df1632df6b fa420d162eb14791b146f3624d38cc62 e8d6d75ee70e476ead7ffe8ea7c36383 - - default default] GET http://cinder-api.openstack.svc.cluster.local:8776/v3/e8d6d75ee70e476ead7ffe8ea7c36383/os-quota-sets/fd2b02fe6def44c2bf32122611c0139e?usage=true
2026-07-21 14:30:53.574 8 INFO cinder.api.openstack.wsgi [None req-98da69a0-bd5d-4c2f-899e-b0df1632df6b fa420d162eb14791b146f3624d38cc62 e8d6d75ee70e476ead7ffe8ea7c36383 - - default default] http://cinder-api.openstack.svc.cluster.local:8776/v3/e8d6d75ee70e476ead7ffe8ea7c36383/os-quota-sets/fd2b02fe6def44c2bf32122611c0139e?usage=true returned with HTTP 200 [pid: 8|app: 0|req: 382/766] 10.0.0.144 () {28 vars in 736 bytes} [Tue Jul 21 14:30:53 2026] GET /v3/e8d6d75ee70e476ead7ffe8ea7c36383/os-quota-sets/fd2b02fe6def44c2bf32122611c0139e?usage=true => generated 847 bytes in 35 msecs (HTTP/1.1 200) 7 headers in 285 bytes (1 switches on core 0)
2026-07-21 14:30:53.584 7 INFO cinder.api.openstack.wsgi [None req-e1f6a5cc-d205-4453-b248-edb35a5683f2 fa420d162eb14791b146f3624d38cc62 e8d6d75ee70e476ead7ffe8ea7c36383 - - default default] GET http://cinder-api.openstack.svc.cluster.local:8776/v3/e8d6d75ee70e476ead7ffe8ea7c36383/snapshots?all_tenants=true
2026-07-21 14:30:53.591 7 INFO cinder.volume.api [None req-e1f6a5cc-d205-4453-b248-edb35a5683f2 fa420d162eb14791b146f3624d38cc62 e8d6d75ee70e476ead7ffe8ea7c36383 - - default default] Get all snapshots completed successfully.
2026-07-21 14:30:53.592 7 INFO cinder.api.openstack.wsgi [None req-e1f6a5cc-d205-4453-b248-edb35a5683f2 fa420d162eb14791b146f3624d38cc62 e8d6d75ee70e476ead7ffe8ea7c36383 - - default default] http://cinder-api.openstack.svc.cluster.local:8776/v3/e8d6d75ee70e476ead7ffe8ea7c36383/snapshots?all_tenants=true returned with HTTP 200 [pid: 7|app: 0|req: 385/767] 10.0.0.144 () {28 vars in 674 bytes} [Tue Jul 21 14:30:53 2026] GET /v3/e8d6d75ee70e476ead7ffe8ea7c36383/snapshots?all_tenants=true => generated 17 bytes in 14 msecs (HTTP/1.1 200) 7 headers in 284 bytes (1 switches on core 0)
2026-07-21 14:30:53.602 8 INFO cinder.api.openstack.wsgi [None req-91080483-564f-4694-8395-f5ea0cba3ef3 fa420d162eb14791b146f3624d38cc62 e8d6d75ee70e476ead7ffe8ea7c36383 - - default default] GET http://cinder-api.openstack.svc.cluster.local:8776/v3/e8d6d75ee70e476ead7ffe8ea7c36383/scheduler-stats/get_pools?detail=true
2026-07-21 14:30:54.106 8 INFO cinder.api.openstack.wsgi [None req-91080483-564f-4694-8395-f5ea0cba3ef3 fa420d162eb14791b146f3624d38cc62 e8d6d75ee70e476ead7ffe8ea7c36383 - - default default] http://cinder-api.openstack.svc.cluster.local:8776/v3/e8d6d75ee70e476ead7ffe8ea7c36383/scheduler-stats/get_pools?detail=true returned with HTTP 200 [pid: 8|app: 0|req: 383/768] 10.0.0.144 () {28 vars in 696 bytes} [Tue Jul 21 14:30:53 2026] GET /v3/e8d6d75ee70e476ead7ffe8ea7c36383/scheduler-stats/get_pools?detail=true => generated 670 bytes in 510 msecs (HTTP/1.1 200) 7 headers in 285 bytes (1 switches on core 0)
2026-07-21 14:30:54.116 7 INFO cinder.api.openstack.wsgi [None req-b5a8b5dd-9020-4f90-a6d8-f31f656d3682 fa420d162eb14791b146f3624d38cc62 e8d6d75ee70e476ead7ffe8ea7c36383 - - default default] GET http://cinder-api.openstack.svc.cluster.local:8776/v3/e8d6d75ee70e476ead7ffe8ea7c36383/volumes/detail?all_tenants=true
2026-07-21 14:30:54.142 7 INFO cinder.volume.api [None req-b5a8b5dd-9020-4f90-a6d8-f31f656d3682 fa420d162eb14791b146f3624d38cc62 e8d6d75ee70e476ead7ffe8ea7c36383 - - default default] Get all volumes completed successfully. /var/lib/openstack/lib/python3.12/site-packages/oslo_context/context.py:102: DeprecationWarning: Policy enforcement is depending on the value of is_admin. This key is deprecated. Please update your policy file to use the standard policy values. warnings.warn(
2026-07-21 14:30:54.149 7 INFO cinder.api.openstack.wsgi [None req-b5a8b5dd-9020-4f90-a6d8-f31f656d3682 fa420d162eb14791b146f3624d38cc62 e8d6d75ee70e476ead7ffe8ea7c36383 - - default default] http://cinder-api.openstack.svc.cluster.local:8776/v3/e8d6d75ee70e476ead7ffe8ea7c36383/volumes/detail?all_tenants=true returned with HTTP 200 [pid: 7|app: 0|req: 386/769] 10.0.0.144 () {28 vars in 684 bytes} [Tue Jul 21 14:30:54 2026] GET /v3/e8d6d75ee70e476ead7ffe8ea7c36383/volumes/detail?all_tenants=true => generated 1650 bytes in 39 msecs (HTTP/1.1 200) 7 headers in 286 bytes (1 switches on core 0)
2026-07-21 14:30:54.162 8 INFO cinder.api.openstack.wsgi [None req-26051054-dca0-4bd6-ad0b-0ee61528e4e7 fa420d162eb14791b146f3624d38cc62 e8d6d75ee70e476ead7ffe8ea7c36383 - - default default] GET http://cinder-api.openstack.svc.cluster.local:8776/v3/e8d6d75ee70e476ead7ffe8ea7c36383/volumes/detail?all_tenants=true
2026-07-21 14:30:54.177 8 INFO cinder.volume.api [None req-26051054-dca0-4bd6-ad0b-0ee61528e4e7 fa420d162eb14791b146f3624d38cc62 e8d6d75ee70e476ead7ffe8ea7c36383 - - default default] Get all volumes completed successfully. /var/lib/openstack/lib/python3.12/site-packages/oslo_context/context.py:102: DeprecationWarning: Policy enforcement is depending on the value of is_admin. This key is deprecated. Please update your policy file to use the standard policy values. warnings.warn(
2026-07-21 14:30:54.188 8 INFO cinder.api.openstack.wsgi [None req-26051054-dca0-4bd6-ad0b-0ee61528e4e7 fa420d162eb14791b146f3624d38cc62 e8d6d75ee70e476ead7ffe8ea7c36383 - - default default] http://cinder-api.openstack.svc.cluster.local:8776/v3/e8d6d75ee70e476ead7ffe8ea7c36383/volumes/detail?all_tenants=true returned with HTTP 200 [pid: 8|app: 0|req: 384/770] 10.0.0.144 () {28 vars in 684 bytes} [Tue Jul 21 14:30:54 2026] GET /v3/e8d6d75ee70e476ead7ffe8ea7c36383/volumes/detail?all_tenants=true => generated 1650 bytes in 35 msecs (HTTP/1.1 200) 7 headers in 286 bytes (1 switches on core 0) /var/lib/openstack/lib/python3.12/site-packages/pycadf/identifier.py:70: UserWarning: Invalid uuid: cinderv3. To ensure interoperability, identifiers should be a valid uuid. warnings.warn(('Invalid uuid: %s. To ensure interoperability, '
2026-07-21 14:30:54.201 7 INFO cinder.api.openstack.wsgi [None req-d90af9d4-e3d6-4843-bfd4-38328c3ea03b fa420d162eb14791b146f3624d38cc62 e8d6d75ee70e476ead7ffe8ea7c36383 - - default default] GET http://cinder-api.openstack.svc.cluster.local:8776/v3/e8d6d75ee70e476ead7ffe8ea7c36383/os-services
2026-07-21 14:30:54.208 7 INFO cinder.api.openstack.wsgi [None req-d90af9d4-e3d6-4843-bfd4-38328c3ea03b fa420d162eb14791b146f3624d38cc62 e8d6d75ee70e476ead7ffe8ea7c36383 - - default default] http://cinder-api.openstack.svc.cluster.local:8776/v3/e8d6d75ee70e476ead7ffe8ea7c36383/os-services returned with HTTP 200 [pid: 7|app: 0|req: 387/771] 10.0.0.144 () {28 vars in 645 bytes} [Tue Jul 21 14:30:54 2026] GET /v3/e8d6d75ee70e476ead7ffe8ea7c36383/os-services => generated 646 bytes in 16 msecs (HTTP/1.1 200) 7 headers in 285 bytes (1 switches on core 0)
2026-07-21 14:30:56.328 8 INFO cinder.api.openstack.wsgi [None req-26051054-dca0-4bd6-ad0b-0ee61528e4e7 fa420d162eb14791b146f3624d38cc62 e8d6d75ee70e476ead7ffe8ea7c36383 - - default default] GET http://cinder-api.openstack.svc.cluster.local:8776/
2026-07-21 14:30:56.330 8 INFO cinder.api.openstack.wsgi [None req-26051054-dca0-4bd6-ad0b-0ee61528e4e7 fa420d162eb14791b146f3624d38cc62 e8d6d75ee70e476ead7ffe8ea7c36383 - - default default] http://cinder-api.openstack.svc.cluster.local:8776/ returned with HTTP 300 [pid: 8|app: 0|req: 385/772] 199.19.213.196 () {32 vars in 840 bytes} [Tue Jul 21 14:30:56 2026] GET / => generated 411 bytes in 2 msecs (HTTP/1.1 300) 5 headers in 169 bytes (1 switches on core 0)
2026-07-21 14:30:56.379 7 INFO cinder.api.openstack.wsgi [req-cf9add62-4a0f-4cf1-b705-50401ff1adf8 req-caa361e3-57d8-444a-b6a7-0f48607186ff 0f390e74fe054755a4a33aaf3c3b7027 880ac9f487cc4307969846ef2af575b3 - - default default] GET http://cinder-api.openstack.svc.cluster.local:8776/v3/880ac9f487cc4307969846ef2af575b3/volumes/1aff6f68-ff3b-464d-a03a-2474bf57718b /var/lib/openstack/lib/python3.12/site-packages/oslo_context/context.py:102: DeprecationWarning: Policy enforcement is depending on the value of is_admin. This key is deprecated. Please update your policy file to use the standard policy values. warnings.warn(
2026-07-21 14:30:56.420 7 INFO cinder.volume.api [req-cf9add62-4a0f-4cf1-b705-50401ff1adf8 req-caa361e3-57d8-444a-b6a7-0f48607186ff 0f390e74fe054755a4a33aaf3c3b7027 880ac9f487cc4307969846ef2af575b3 - - default default] Volume info retrieved successfully.
2026-07-21 14:30:56.428 7 INFO cinder.api.openstack.wsgi [req-cf9add62-4a0f-4cf1-b705-50401ff1adf8 req-caa361e3-57d8-444a-b6a7-0f48607186ff 0f390e74fe054755a4a33aaf3c3b7027 880ac9f487cc4307969846ef2af575b3 - - default default] http://cinder-api.openstack.svc.cluster.local:8776/v3/880ac9f487cc4307969846ef2af575b3/volumes/1aff6f68-ff3b-464d-a03a-2474bf57718b returned with HTTP 200 [pid: 7|app: 0|req: 388/773] 199.19.213.196 () {36 vars in 1073 bytes} [Tue Jul 21 14:30:56 2026] GET /v3/880ac9f487cc4307969846ef2af575b3/volumes/1aff6f68-ff3b-464d-a03a-2474bf57718b => generated 1663 bytes in 59 msecs (HTTP/1.1 200) 7 headers in 287 bytes (1 switches on core 0) /var/lib/openstack/lib/python3.12/site-packages/pycadf/identifier.py:70: UserWarning: Invalid uuid: cinderv3. To ensure interoperability, identifiers should be a valid uuid. warnings.warn(('Invalid uuid: %s. To ensure interoperability, '
2026-07-21 14:30:58.473 8 INFO cinder.api.openstack.wsgi [req-cf9add62-4a0f-4cf1-b705-50401ff1adf8 req-ea47959a-f05a-45c3-a095-997042218987 0f390e74fe054755a4a33aaf3c3b7027 880ac9f487cc4307969846ef2af575b3 - - default default] PUT http://cinder-api.openstack.svc.cluster.local:8776/v3/880ac9f487cc4307969846ef2af575b3/attachments/cec2b4b6-838f-4a2f-8bd9-14a511dca7be /var/lib/openstack/lib/python3.12/site-packages/oslo_context/context.py:102: DeprecationWarning: Policy enforcement is depending on the value of is_admin. This key is deprecated. Please update your policy file to use the standard policy values. warnings.warn(
2026-07-21 14:30:59.513 8 INFO cinder.api.openstack.wsgi [req-cf9add62-4a0f-4cf1-b705-50401ff1adf8 req-ea47959a-f05a-45c3-a095-997042218987 0f390e74fe054755a4a33aaf3c3b7027 880ac9f487cc4307969846ef2af575b3 - - default default] http://cinder-api.openstack.svc.cluster.local:8776/v3/880ac9f487cc4307969846ef2af575b3/attachments/cec2b4b6-838f-4a2f-8bd9-14a511dca7be returned with HTTP 200 [pid: 8|app: 0|req: 386/774] 199.19.213.196 () {40 vars in 1135 bytes} [Tue Jul 21 14:30:58 2026] PUT /v3/880ac9f487cc4307969846ef2af575b3/attachments/cec2b4b6-838f-4a2f-8bd9-14a511dca7be => generated 802 bytes in 1051 msecs (HTTP/1.1 200) 7 headers in 286 bytes (1 switches on core 0) /var/lib/openstack/lib/python3.12/site-packages/pycadf/identifier.py:70: UserWarning: Invalid uuid: cinderv3. To ensure interoperability, identifiers should be a valid uuid. warnings.warn(('Invalid uuid: %s. To ensure interoperability, '
2026-07-21 14:31:00.032 7 INFO cinder.api.openstack.wsgi [req-cf9add62-4a0f-4cf1-b705-50401ff1adf8 req-293d6edf-8488-4de0-b6ab-9b7fcd203036 0f390e74fe054755a4a33aaf3c3b7027 880ac9f487cc4307969846ef2af575b3 - - default default] POST http://cinder-api.openstack.svc.cluster.local:8776/v3/880ac9f487cc4307969846ef2af575b3/attachments/cec2b4b6-838f-4a2f-8bd9-14a511dca7be/action /var/lib/openstack/lib/python3.12/site-packages/cinder/db/sqlalchemy/api.py:2470: SAWarning: SELECT statement has a cartesian product between FROM element(s) "volumes" and FROM element "volumes_1". Apply join condition(s) between each element to resolve. .first() /var/lib/openstack/lib/python3.12/site-packages/oslo_context/context.py:102: DeprecationWarning: Policy enforcement is depending on the value of is_admin. This key is deprecated. Please update your policy file to use the standard policy values. warnings.warn(
2026-07-21 14:31:00.089 7 INFO cinder.api.openstack.wsgi [req-cf9add62-4a0f-4cf1-b705-50401ff1adf8 req-293d6edf-8488-4de0-b6ab-9b7fcd203036 0f390e74fe054755a4a33aaf3c3b7027 880ac9f487cc4307969846ef2af575b3 - - default default] http://cinder-api.openstack.svc.cluster.local:8776/v3/880ac9f487cc4307969846ef2af575b3/attachments/cec2b4b6-838f-4a2f-8bd9-14a511dca7be/action returned with HTTP 204 [pid: 7|app: 0|req: 389/775] 199.19.213.196 () {40 vars in 1148 bytes} [Tue Jul 21 14:31:00 2026] POST /v3/880ac9f487cc4307969846ef2af575b3/attachments/cec2b4b6-838f-4a2f-8bd9-14a511dca7be/action => generated 0 bytes in 65 msecs (HTTP/1.1 204) 7 headers in 292 bytes (1 switches on core 0)
2026-07-21 14:31:02.245 8 INFO cinder.api.openstack.wsgi [req-cf9add62-4a0f-4cf1-b705-50401ff1adf8 req-ea47959a-f05a-45c3-a095-997042218987 0f390e74fe054755a4a33aaf3c3b7027 880ac9f487cc4307969846ef2af575b3 - - default default] GET http://10.0.0.26:8776/
2026-07-21 14:31:02.245 7 INFO cinder.api.openstack.wsgi [req-cf9add62-4a0f-4cf1-b705-50401ff1adf8 req-293d6edf-8488-4de0-b6ab-9b7fcd203036 0f390e74fe054755a4a33aaf3c3b7027 880ac9f487cc4307969846ef2af575b3 - - default default] GET http://10.0.0.26:8776/
2026-07-21 14:31:02.247 7 INFO cinder.api.openstack.wsgi [req-cf9add62-4a0f-4cf1-b705-50401ff1adf8 req-293d6edf-8488-4de0-b6ab-9b7fcd203036 0f390e74fe054755a4a33aaf3c3b7027 880ac9f487cc4307969846ef2af575b3 - - default default] http://10.0.0.26:8776/ returned with HTTP 300
2026-07-21 14:31:02.249 8 INFO cinder.api.openstack.wsgi [req-cf9add62-4a0f-4cf1-b705-50401ff1adf8 req-ea47959a-f05a-45c3-a095-997042218987 0f390e74fe054755a4a33aaf3c3b7027 880ac9f487cc4307969846ef2af575b3 - - default default] http://10.0.0.26:8776/ returned with HTTP 300 /var/lib/openstack/lib/python3.12/site-packages/pycadf/identifier.py:70: UserWarning: Invalid uuid: cinderv3. To ensure interoperability, identifiers should be a valid uuid. warnings.warn(('Invalid uuid: %s. To ensure interoperability, '
2026-07-21 14:31:03.687 7 INFO cinder.api.openstack.wsgi [req-cf9add62-4a0f-4cf1-b705-50401ff1adf8 req-c498f11c-11f9-457b-9891-5afcb01d1458 0f390e74fe054755a4a33aaf3c3b7027 880ac9f487cc4307969846ef2af575b3 - - default default] DELETE http://cinder-api.openstack.svc.cluster.local:8776/v3/880ac9f487cc4307969846ef2af575b3/attachments/cec2b4b6-838f-4a2f-8bd9-14a511dca7be /var/lib/openstack/lib/python3.12/site-packages/oslo_context/context.py:102: DeprecationWarning: Policy enforcement is depending on the value of is_admin. This key is deprecated. Please update your policy file to use the standard policy values. warnings.warn(
2026-07-21 14:31:04.274 7 INFO cinder.api.openstack.wsgi [req-cf9add62-4a0f-4cf1-b705-50401ff1adf8 req-c498f11c-11f9-457b-9891-5afcb01d1458 0f390e74fe054755a4a33aaf3c3b7027 880ac9f487cc4307969846ef2af575b3 - - default default] http://cinder-api.openstack.svc.cluster.local:8776/v3/880ac9f487cc4307969846ef2af575b3/attachments/cec2b4b6-838f-4a2f-8bd9-14a511dca7be returned with HTTP 200 [pid: 7|app: 0|req: 391/778] 199.19.213.196 () {38 vars in 1103 bytes} [Tue Jul 21 14:31:03 2026] DELETE /v3/880ac9f487cc4307969846ef2af575b3/attachments/cec2b4b6-838f-4a2f-8bd9-14a511dca7be => generated 19 bytes in 597 msecs (HTTP/1.1 200) 7 headers in 285 bytes (1 switches on core 0) /var/lib/openstack/lib/python3.12/site-packages/pycadf/identifier.py:70: UserWarning: Invalid uuid: cinderv3. To ensure interoperability, identifiers should be a valid uuid. warnings.warn(('Invalid uuid: %s. To ensure interoperability, '
2026-07-21 14:31:09.373 8 INFO cinder.api.openstack.wsgi [req-99f0cdac-a099-4920-9bbf-d401746d7e59 req-df0fceb1-e10d-426a-a647-ede49dc4b6dd 0f390e74fe054755a4a33aaf3c3b7027 880ac9f487cc4307969846ef2af575b3 - - default default] DELETE http://cinder-api.openstack.svc.cluster.local:8776/v3/880ac9f487cc4307969846ef2af575b3/attachments/cec2b4b6-838f-4a2f-8bd9-14a511dca7be
2026-07-21 14:31:09.380 8 INFO cinder.api.openstack.wsgi [req-99f0cdac-a099-4920-9bbf-d401746d7e59 req-df0fceb1-e10d-426a-a647-ede49dc4b6dd 0f390e74fe054755a4a33aaf3c3b7027 880ac9f487cc4307969846ef2af575b3 - - default default] http://cinder-api.openstack.svc.cluster.local:8776/v3/880ac9f487cc4307969846ef2af575b3/attachments/cec2b4b6-838f-4a2f-8bd9-14a511dca7be returned with HTTP 404 [pid: 8|app: 0|req: 388/779] 10.0.0.228 () {38 vars in 1099 bytes} [Tue Jul 21 14:31:09 2026] DELETE /v3/880ac9f487cc4307969846ef2af575b3/attachments/cec2b4b6-838f-4a2f-8bd9-14a511dca7be => generated 149 bytes in 15 msecs (HTTP/1.1 404) 7 headers in 293 bytes (1 switches on core 0) /var/lib/openstack/lib/python3.12/site-packages/pycadf/identifier.py:70: UserWarning: Invalid uuid: cinderv3. To ensure interoperability, identifiers should be a valid uuid. warnings.warn(('Invalid uuid: %s. To ensure interoperability, '
2026-07-21 14:31:09.404 7 INFO cinder.api.openstack.wsgi [req-99f0cdac-a099-4920-9bbf-d401746d7e59 req-8a3d89f2-df7c-4b30-a344-b16df83dcaa1 0f390e74fe054755a4a33aaf3c3b7027 880ac9f487cc4307969846ef2af575b3 - - default default] DELETE http://cinder-api.openstack.svc.cluster.local:8776/v3/880ac9f487cc4307969846ef2af575b3/volumes/1aff6f68-ff3b-464d-a03a-2474bf57718b
2026-07-21 14:31:09.406 7 INFO cinder.api.v3.volumes [req-99f0cdac-a099-4920-9bbf-d401746d7e59 req-8a3d89f2-df7c-4b30-a344-b16df83dcaa1 0f390e74fe054755a4a33aaf3c3b7027 880ac9f487cc4307969846ef2af575b3 - - default default] Delete volume with id: 1aff6f68-ff3b-464d-a03a-2474bf57718b /var/lib/openstack/lib/python3.12/site-packages/oslo_context/context.py:102: DeprecationWarning: Policy enforcement is depending on the value of is_admin. This key is deprecated. Please update your policy file to use the standard policy values. warnings.warn(
2026-07-21 14:31:09.430 7 INFO cinder.volume.api [req-99f0cdac-a099-4920-9bbf-d401746d7e59 req-8a3d89f2-df7c-4b30-a344-b16df83dcaa1 0f390e74fe054755a4a33aaf3c3b7027 880ac9f487cc4307969846ef2af575b3 - - default default] Volume info retrieved successfully.
2026-07-21 14:31:09.483 7 INFO cinder.volume.api [req-99f0cdac-a099-4920-9bbf-d401746d7e59 req-8a3d89f2-df7c-4b30-a344-b16df83dcaa1 0f390e74fe054755a4a33aaf3c3b7027 880ac9f487cc4307969846ef2af575b3 - - default default] Delete volume request issued successfully.
2026-07-21 14:31:09.484 7 INFO cinder.api.openstack.wsgi [req-99f0cdac-a099-4920-9bbf-d401746d7e59 req-8a3d89f2-df7c-4b30-a344-b16df83dcaa1 0f390e74fe054755a4a33aaf3c3b7027 880ac9f487cc4307969846ef2af575b3 - - default default] http://cinder-api.openstack.svc.cluster.local:8776/v3/880ac9f487cc4307969846ef2af575b3/volumes/1aff6f68-ff3b-464d-a03a-2474bf57718b returned with HTTP 202 [pid: 7|app: 0|req: 392/780] 10.0.0.228 () {36 vars in 1050 bytes} [Tue Jul 21 14:31:09 2026] DELETE /v3/880ac9f487cc4307969846ef2af575b3/volumes/1aff6f68-ff3b-464d-a03a-2474bf57718b => generated 0 bytes in 92 msecs (HTTP/1.1 202) 6 headers in 233 bytes (1 switches on core 0)
2026-07-21 14:31:12.242 7 INFO cinder.api.openstack.wsgi [req-99f0cdac-a099-4920-9bbf-d401746d7e59 req-8a3d89f2-df7c-4b30-a344-b16df83dcaa1 0f390e74fe054755a4a33aaf3c3b7027 880ac9f487cc4307969846ef2af575b3 - - default default] GET http://10.0.0.26:8776/
2026-07-21 14:31:12.244 7 INFO cinder.api.openstack.wsgi [req-99f0cdac-a099-4920-9bbf-d401746d7e59 req-8a3d89f2-df7c-4b30-a344-b16df83dcaa1 0f390e74fe054755a4a33aaf3c3b7027 880ac9f487cc4307969846ef2af575b3 - - default default] http://10.0.0.26:8776/ returned with HTTP 300
2026-07-21 14:31:12.244 8 INFO cinder.api.openstack.wsgi [req-99f0cdac-a099-4920-9bbf-d401746d7e59 req-df0fceb1-e10d-426a-a647-ede49dc4b6dd 0f390e74fe054755a4a33aaf3c3b7027 880ac9f487cc4307969846ef2af575b3 - - default default] GET http://10.0.0.26:8776/
2026-07-21 14:31:12.245 8 INFO cinder.api.openstack.wsgi [req-99f0cdac-a099-4920-9bbf-d401746d7e59 req-df0fceb1-e10d-426a-a647-ede49dc4b6dd 0f390e74fe054755a4a33aaf3c3b7027 880ac9f487cc4307969846ef2af575b3 - - default default] http://10.0.0.26:8776/ returned with HTTP 300
2026-07-21 14:31:22.242 7 INFO cinder.api.openstack.wsgi [req-99f0cdac-a099-4920-9bbf-d401746d7e59 req-8a3d89f2-df7c-4b30-a344-b16df83dcaa1 0f390e74fe054755a4a33aaf3c3b7027 880ac9f487cc4307969846ef2af575b3 - - default default] GET http://10.0.0.26:8776/
2026-07-21 14:31:22.243 7 INFO cinder.api.openstack.wsgi [req-99f0cdac-a099-4920-9bbf-d401746d7e59 req-8a3d89f2-df7c-4b30-a344-b16df83dcaa1 0f390e74fe054755a4a33aaf3c3b7027 880ac9f487cc4307969846ef2af575b3 - - default default] http://10.0.0.26:8776/ returned with HTTP 300
2026-07-21 14:31:22.243 8 INFO cinder.api.openstack.wsgi [req-99f0cdac-a099-4920-9bbf-d401746d7e59 req-df0fceb1-e10d-426a-a647-ede49dc4b6dd 0f390e74fe054755a4a33aaf3c3b7027 880ac9f487cc4307969846ef2af575b3 - - default default] GET http://10.0.0.26:8776/
2026-07-21 14:31:22.245 8 INFO cinder.api.openstack.wsgi [req-99f0cdac-a099-4920-9bbf-d401746d7e59 req-df0fceb1-e10d-426a-a647-ede49dc4b6dd 0f390e74fe054755a4a33aaf3c3b7027 880ac9f487cc4307969846ef2af575b3 - - default default] http://10.0.0.26:8776/ returned with HTTP 300
2026-07-21 14:31:32.243 7 INFO cinder.api.openstack.wsgi [req-99f0cdac-a099-4920-9bbf-d401746d7e59 req-8a3d89f2-df7c-4b30-a344-b16df83dcaa1 0f390e74fe054755a4a33aaf3c3b7027 880ac9f487cc4307969846ef2af575b3 - - default default] GET http://10.0.0.26:8776/
2026-07-21 14:31:32.243 8 INFO cinder.api.openstack.wsgi [req-99f0cdac-a099-4920-9bbf-d401746d7e59 req-df0fceb1-e10d-426a-a647-ede49dc4b6dd 0f390e74fe054755a4a33aaf3c3b7027 880ac9f487cc4307969846ef2af575b3 - - default default] GET http://10.0.0.26:8776/
2026-07-21 14:31:32.244 7 INFO cinder.api.openstack.wsgi [req-99f0cdac-a099-4920-9bbf-d401746d7e59 req-8a3d89f2-df7c-4b30-a344-b16df83dcaa1 0f390e74fe054755a4a33aaf3c3b7027 880ac9f487cc4307969846ef2af575b3 - - default default] http://10.0.0.26:8776/ returned with HTTP 300
2026-07-21 14:31:32.244 8 INFO cinder.api.openstack.wsgi [req-99f0cdac-a099-4920-9bbf-d401746d7e59 req-df0fceb1-e10d-426a-a647-ede49dc4b6dd 0f390e74fe054755a4a33aaf3c3b7027 880ac9f487cc4307969846ef2af575b3 - - default default] http://10.0.0.26:8776/ returned with HTTP 300
2026-07-21 14:31:42.242 7 INFO cinder.api.openstack.wsgi [req-99f0cdac-a099-4920-9bbf-d401746d7e59 req-8a3d89f2-df7c-4b30-a344-b16df83dcaa1 0f390e74fe054755a4a33aaf3c3b7027 880ac9f487cc4307969846ef2af575b3 - - default default] GET http://10.0.0.26:8776/
2026-07-21 14:31:42.243 7 INFO cinder.api.openstack.wsgi [req-99f0cdac-a099-4920-9bbf-d401746d7e59 req-8a3d89f2-df7c-4b30-a344-b16df83dcaa1 0f390e74fe054755a4a33aaf3c3b7027 880ac9f487cc4307969846ef2af575b3 - - default default] http://10.0.0.26:8776/ returned with HTTP 300
2026-07-21 14:31:42.243 8 INFO cinder.api.openstack.wsgi [req-99f0cdac-a099-4920-9bbf-d401746d7e59 req-df0fceb1-e10d-426a-a647-ede49dc4b6dd 0f390e74fe054755a4a33aaf3c3b7027 880ac9f487cc4307969846ef2af575b3 - - default default] GET http://10.0.0.26:8776/
2026-07-21 14:31:42.246 8 INFO cinder.api.openstack.wsgi [req-99f0cdac-a099-4920-9bbf-d401746d7e59 req-df0fceb1-e10d-426a-a647-ede49dc4b6dd 0f390e74fe054755a4a33aaf3c3b7027 880ac9f487cc4307969846ef2af575b3 - - default default] http://10.0.0.26:8776/ returned with HTTP 300
2026-07-21 14:31:52.242 8 INFO cinder.api.openstack.wsgi [req-99f0cdac-a099-4920-9bbf-d401746d7e59 req-df0fceb1-e10d-426a-a647-ede49dc4b6dd 0f390e74fe054755a4a33aaf3c3b7027 880ac9f487cc4307969846ef2af575b3 - - default default] GET http://10.0.0.26:8776/
2026-07-21 14:31:52.242 7 INFO cinder.api.openstack.wsgi [req-99f0cdac-a099-4920-9bbf-d401746d7e59 req-8a3d89f2-df7c-4b30-a344-b16df83dcaa1 0f390e74fe054755a4a33aaf3c3b7027 880ac9f487cc4307969846ef2af575b3 - - default default] GET http://10.0.0.26:8776/
2026-07-21 14:31:52.243 8 INFO cinder.api.openstack.wsgi [req-99f0cdac-a099-4920-9bbf-d401746d7e59 req-df0fceb1-e10d-426a-a647-ede49dc4b6dd 0f390e74fe054755a4a33aaf3c3b7027 880ac9f487cc4307969846ef2af575b3 - - default default] http://10.0.0.26:8776/ returned with HTTP 300
2026-07-21 14:31:52.243 7 INFO cinder.api.openstack.wsgi [req-99f0cdac-a099-4920-9bbf-d401746d7e59 req-8a3d89f2-df7c-4b30-a344-b16df83dcaa1 0f390e74fe054755a4a33aaf3c3b7027 880ac9f487cc4307969846ef2af575b3 - - default default] http://10.0.0.26:8776/ returned with HTTP 300
2026-07-21 14:31:53.391 8 INFO cinder.api.openstack.wsgi [None req-24b7af4a-4ca5-42fe-9315-eff81ef0690a fa420d162eb14791b146f3624d38cc62 e8d6d75ee70e476ead7ffe8ea7c36383 - - default default] GET http://cinder-api.openstack.svc.cluster.local:8776/v3/e8d6d75ee70e476ead7ffe8ea7c36383/volumes/detail?all_tenants=true /var/lib/openstack/lib/python3.12/site-packages/oslo_context/context.py:102: DeprecationWarning: Policy enforcement is depending on the value of is_admin. This key is deprecated. Please update your policy file to use the standard policy values. warnings.warn(
2026-07-21 14:31:53.402 8 INFO cinder.volume.api [None req-24b7af4a-4ca5-42fe-9315-eff81ef0690a fa420d162eb14791b146f3624d38cc62 e8d6d75ee70e476ead7ffe8ea7c36383 - - default default] Get all volumes completed successfully.
2026-07-21 14:31:53.405 8 INFO cinder.api.openstack.wsgi [None req-24b7af4a-4ca5-42fe-9315-eff81ef0690a fa420d162eb14791b146f3624d38cc62 e8d6d75ee70e476ead7ffe8ea7c36383 - - default default] http://cinder-api.openstack.svc.cluster.local:8776/v3/e8d6d75ee70e476ead7ffe8ea7c36383/volumes/detail?all_tenants=true returned with HTTP 200 [pid: 8|app: 0|req: 394/791] 10.0.0.144 () {28 vars in 684 bytes} [Tue Jul 21 14:31:53 2026] GET /v3/e8d6d75ee70e476ead7ffe8ea7c36383/volumes/detail?all_tenants=true => generated 15 bytes in 276 msecs (HTTP/1.1 200) 7 headers in 284 bytes (1 switches on core 0) /var/lib/openstack/lib/python3.12/site-packages/pycadf/identifier.py:70: UserWarning: Invalid uuid: cinderv3. To ensure interoperability, identifiers should be a valid uuid. warnings.warn(('Invalid uuid: %s. To ensure interoperability, '
2026-07-21 14:31:53.417 7 INFO cinder.api.openstack.wsgi [None req-4c977336-f0a7-4dfc-b7ee-6d524b1b2bbd fa420d162eb14791b146f3624d38cc62 e8d6d75ee70e476ead7ffe8ea7c36383 - - default default] GET http://cinder-api.openstack.svc.cluster.local:8776/v3/e8d6d75ee70e476ead7ffe8ea7c36383/volumes/detail?all_tenants=true
2026-07-21 14:31:53.429 7 INFO cinder.volume.api [None req-4c977336-f0a7-4dfc-b7ee-6d524b1b2bbd fa420d162eb14791b146f3624d38cc62 e8d6d75ee70e476ead7ffe8ea7c36383 - - default default] Get all volumes completed successfully.
2026-07-21 14:31:53.431 7 INFO cinder.api.openstack.wsgi [None req-4c977336-f0a7-4dfc-b7ee-6d524b1b2bbd fa420d162eb14791b146f3624d38cc62 e8d6d75ee70e476ead7ffe8ea7c36383 - - default default] http://cinder-api.openstack.svc.cluster.local:8776/v3/e8d6d75ee70e476ead7ffe8ea7c36383/volumes/detail?all_tenants=true returned with HTTP 200 [pid: 7|app: 0|req: 398/792] 10.0.0.144 () {28 vars in 684 bytes} [Tue Jul 21 14:31:53 2026] GET /v3/e8d6d75ee70e476ead7ffe8ea7c36383/volumes/detail?all_tenants=true => generated 15 bytes in 21 msecs (HTTP/1.1 200) 7 headers in 284 bytes (1 switches on core 0)
2026-07-21 14:31:53.442 8 INFO cinder.api.openstack.wsgi [None req-55536299-0133-4c70-a88d-2917e2b2c144 fa420d162eb14791b146f3624d38cc62 e8d6d75ee70e476ead7ffe8ea7c36383 - - default default] GET http://cinder-api.openstack.svc.cluster.local:8776/v3/e8d6d75ee70e476ead7ffe8ea7c36383/snapshots?all_tenants=true
2026-07-21 14:31:53.451 8 INFO cinder.volume.api [None req-55536299-0133-4c70-a88d-2917e2b2c144 fa420d162eb14791b146f3624d38cc62 e8d6d75ee70e476ead7ffe8ea7c36383 - - default default] Get all snapshots completed successfully.
2026-07-21 14:31:53.452 8 INFO cinder.api.openstack.wsgi [None req-55536299-0133-4c70-a88d-2917e2b2c144 fa420d162eb14791b146f3624d38cc62 e8d6d75ee70e476ead7ffe8ea7c36383 - - default default] http://cinder-api.openstack.svc.cluster.local:8776/v3/e8d6d75ee70e476ead7ffe8ea7c36383/snapshots?all_tenants=true returned with HTTP 200 [pid: 8|app: 0|req: 395/793] 10.0.0.144 () {28 vars in 674 bytes} [Tue Jul 21 14:31:53 2026] GET /v3/e8d6d75ee70e476ead7ffe8ea7c36383/snapshots?all_tenants=true => generated 17 bytes in 17 msecs (HTTP/1.1 200) 7 headers in 284 bytes (1 switches on core 0)
2026-07-21 14:31:53.466 7 INFO cinder.api.openstack.wsgi [None req-183d9a89-f177-4b79-bdb2-07d330c46483 fa420d162eb14791b146f3624d38cc62 e8d6d75ee70e476ead7ffe8ea7c36383 - - default default] GET http://cinder-api.openstack.svc.cluster.local:8776/v3/e8d6d75ee70e476ead7ffe8ea7c36383/os-services
2026-07-21 14:31:53.475 7 INFO cinder.api.openstack.wsgi [None req-183d9a89-f177-4b79-bdb2-07d330c46483 fa420d162eb14791b146f3624d38cc62 e8d6d75ee70e476ead7ffe8ea7c36383 - - default default] http://cinder-api.openstack.svc.cluster.local:8776/v3/e8d6d75ee70e476ead7ffe8ea7c36383/os-services returned with HTTP 200 [pid: 7|app: 0|req: 399/794] 10.0.0.144 () {28 vars in 645 bytes} [Tue Jul 21 14:31:53 2026] GET /v3/e8d6d75ee70e476ead7ffe8ea7c36383/os-services => generated 646 bytes in 20 msecs (HTTP/1.1 200) 7 headers in 285 bytes (1 switches on core 0)
2026-07-21 14:31:53.489 8 INFO cinder.api.openstack.wsgi [None req-e85cc641-f7f1-4003-8f47-d019a943c266 fa420d162eb14791b146f3624d38cc62 e8d6d75ee70e476ead7ffe8ea7c36383 - - default default] GET http://cinder-api.openstack.svc.cluster.local:8776/v3/e8d6d75ee70e476ead7ffe8ea7c36383/scheduler-stats/get_pools?detail=true
2026-07-21 14:31:53.994 8 INFO cinder.api.openstack.wsgi [None req-e85cc641-f7f1-4003-8f47-d019a943c266 fa420d162eb14791b146f3624d38cc62 e8d6d75ee70e476ead7ffe8ea7c36383 - - default default] http://cinder-api.openstack.svc.cluster.local:8776/v3/e8d6d75ee70e476ead7ffe8ea7c36383/scheduler-stats/get_pools?detail=true returned with HTTP 200 [pid: 8|app: 0|req: 396/795] 10.0.0.144 () {28 vars in 696 bytes} [Tue Jul 21 14:31:53 2026] GET /v3/e8d6d75ee70e476ead7ffe8ea7c36383/scheduler-stats/get_pools?detail=true => generated 670 bytes in 514 msecs (HTTP/1.1 200) 7 headers in 285 bytes (1 switches on core 0)
2026-07-21 14:31:54.045 7 INFO cinder.api.openstack.wsgi [None req-e558bb3c-fbbf-4624-8e94-1536e3c58456 fa420d162eb14791b146f3624d38cc62 e8d6d75ee70e476ead7ffe8ea7c36383 - - default default] GET http://cinder-api.openstack.svc.cluster.local:8776/v3/e8d6d75ee70e476ead7ffe8ea7c36383/os-quota-sets/47e4e2caadc74665a45657f7eca07f1a?usage=true
2026-07-21 14:31:54.089 7 INFO cinder.api.openstack.wsgi [None req-e558bb3c-fbbf-4624-8e94-1536e3c58456 fa420d162eb14791b146f3624d38cc62 e8d6d75ee70e476ead7ffe8ea7c36383 - - default default] http://cinder-api.openstack.svc.cluster.local:8776/v3/e8d6d75ee70e476ead7ffe8ea7c36383/os-quota-sets/47e4e2caadc74665a45657f7eca07f1a?usage=true returned with HTTP 200 [pid: 7|app: 0|req: 400/796] 10.0.0.144 () {28 vars in 736 bytes} [Tue Jul 21 14:31:54 2026] GET /v3/e8d6d75ee70e476ead7ffe8ea7c36383/os-quota-sets/47e4e2caadc74665a45657f7eca07f1a?usage=true => generated 847 bytes in 50 msecs (HTTP/1.1 200) 7 headers in 285 bytes (1 switches on core 0)
2026-07-21 14:31:54.104 8 INFO cinder.api.openstack.wsgi [None req-178f087a-0808-4e2c-a6cc-d1f3074f496f fa420d162eb14791b146f3624d38cc62 e8d6d75ee70e476ead7ffe8ea7c36383 - - default default] GET http://cinder-api.openstack.svc.cluster.local:8776/v3/e8d6d75ee70e476ead7ffe8ea7c36383/os-quota-sets/93664582bd974172b632fa86f2d7971a?usage=true
2026-07-21 14:31:54.131 8 INFO cinder.api.openstack.wsgi [None req-178f087a-0808-4e2c-a6cc-d1f3074f496f fa420d162eb14791b146f3624d38cc62 e8d6d75ee70e476ead7ffe8ea7c36383 - - default default] http://cinder-api.openstack.svc.cluster.local:8776/v3/e8d6d75ee70e476ead7ffe8ea7c36383/os-quota-sets/93664582bd974172b632fa86f2d7971a?usage=true returned with HTTP 200 [pid: 8|app: 0|req: 397/797] 10.0.0.144 () {28 vars in 736 bytes} [Tue Jul 21 14:31:54 2026] GET /v3/e8d6d75ee70e476ead7ffe8ea7c36383/os-quota-sets/93664582bd974172b632fa86f2d7971a?usage=true => generated 845 bytes in 34 msecs (HTTP/1.1 200) 7 headers in 285 bytes (1 switches on core 0)
2026-07-21 14:31:54.147 7 INFO cinder.api.openstack.wsgi [None req-48f518df-eafe-42b0-b65c-9ff5be4b8db4 fa420d162eb14791b146f3624d38cc62 e8d6d75ee70e476ead7ffe8ea7c36383 - - default default] GET http://cinder-api.openstack.svc.cluster.local:8776/v3/e8d6d75ee70e476ead7ffe8ea7c36383/os-quota-sets/b8e9d84c373649b89597c91514ee50c7?usage=true
2026-07-21 14:31:54.186 7 INFO cinder.api.openstack.wsgi [None req-48f518df-eafe-42b0-b65c-9ff5be4b8db4 fa420d162eb14791b146f3624d38cc62 e8d6d75ee70e476ead7ffe8ea7c36383 - - default default] http://cinder-api.openstack.svc.cluster.local:8776/v3/e8d6d75ee70e476ead7ffe8ea7c36383/os-quota-sets/b8e9d84c373649b89597c91514ee50c7?usage=true returned with HTTP 200 [pid: 7|app: 0|req: 401/798] 10.0.0.144 () {28 vars in 736 bytes} [Tue Jul 21 14:31:54 2026] GET /v3/e8d6d75ee70e476ead7ffe8ea7c36383/os-quota-sets/b8e9d84c373649b89597c91514ee50c7?usage=true => generated 847 bytes in 52 msecs (HTTP/1.1 200) 7 headers in 285 bytes (1 switches on core 0)
2026-07-21 14:31:54.202 8 INFO cinder.api.openstack.wsgi [None req-9a98a599-2d4c-4bd5-a9b5-9ca0289d892c fa420d162eb14791b146f3624d38cc62 e8d6d75ee70e476ead7ffe8ea7c36383 - - default default] GET http://cinder-api.openstack.svc.cluster.local:8776/v3/e8d6d75ee70e476ead7ffe8ea7c36383/os-quota-sets/b99962558fe64d8cae734a57991477f4?usage=true
2026-07-21 14:31:54.249 8 INFO cinder.api.openstack.wsgi [None req-9a98a599-2d4c-4bd5-a9b5-9ca0289d892c fa420d162eb14791b146f3624d38cc62 e8d6d75ee70e476ead7ffe8ea7c36383 - - default default] http://cinder-api.openstack.svc.cluster.local:8776/v3/e8d6d75ee70e476ead7ffe8ea7c36383/os-quota-sets/b99962558fe64d8cae734a57991477f4?usage=true returned with HTTP 200 [pid: 8|app: 0|req: 398/799] 10.0.0.144 () {28 vars in 736 bytes} [Tue Jul 21 14:31:54 2026] GET /v3/e8d6d75ee70e476ead7ffe8ea7c36383/os-quota-sets/b99962558fe64d8cae734a57991477f4?usage=true => generated 847 bytes in 57 msecs (HTTP/1.1 200) 7 headers in 285 bytes (1 switches on core 0)
2026-07-21 14:31:54.265 7 INFO cinder.api.openstack.wsgi [None req-936f5707-741d-41d1-9f6d-0a4289e58845 fa420d162eb14791b146f3624d38cc62 e8d6d75ee70e476ead7ffe8ea7c36383 - - default default] GET http://cinder-api.openstack.svc.cluster.local:8776/v3/e8d6d75ee70e476ead7ffe8ea7c36383/os-quota-sets/e8d6d75ee70e476ead7ffe8ea7c36383?usage=true
2026-07-21 14:31:54.327 7 INFO cinder.api.openstack.wsgi [None req-936f5707-741d-41d1-9f6d-0a4289e58845 fa420d162eb14791b146f3624d38cc62 e8d6d75ee70e476ead7ffe8ea7c36383 - - default default] http://cinder-api.openstack.svc.cluster.local:8776/v3/e8d6d75ee70e476ead7ffe8ea7c36383/os-quota-sets/e8d6d75ee70e476ead7ffe8ea7c36383?usage=true returned with HTTP 200 [pid: 7|app: 0|req: 402/800] 10.0.0.144 () {28 vars in 736 bytes} [Tue Jul 21 14:31:54 2026] GET /v3/e8d6d75ee70e476ead7ffe8ea7c36383/os-quota-sets/e8d6d75ee70e476ead7ffe8ea7c36383?usage=true => generated 845 bytes in 72 msecs (HTTP/1.1 200) 7 headers in 285 bytes (1 switches on core 0)
2026-07-21 14:31:54.339 8 INFO cinder.api.openstack.wsgi [None req-b800cd73-ac61-4649-a385-38299f9d02bb fa420d162eb14791b146f3624d38cc62 e8d6d75ee70e476ead7ffe8ea7c36383 - - default default] GET http://cinder-api.openstack.svc.cluster.local:8776/v3/e8d6d75ee70e476ead7ffe8ea7c36383/os-quota-sets/f55c63c496954485bc6cfe06946be887?usage=true
2026-07-21 14:31:54.371 8 INFO cinder.api.openstack.wsgi [None req-b800cd73-ac61-4649-a385-38299f9d02bb fa420d162eb14791b146f3624d38cc62 e8d6d75ee70e476ead7ffe8ea7c36383 - - default default] http://cinder-api.openstack.svc.cluster.local:8776/v3/e8d6d75ee70e476ead7ffe8ea7c36383/os-quota-sets/f55c63c496954485bc6cfe06946be887?usage=true returned with HTTP 200 [pid: 8|app: 0|req: 399/801] 10.0.0.144 () {28 vars in 736 bytes} [Tue Jul 21 14:31:54 2026] GET /v3/e8d6d75ee70e476ead7ffe8ea7c36383/os-quota-sets/f55c63c496954485bc6cfe06946be887?usage=true => generated 847 bytes in 40 msecs (HTTP/1.1 200) 7 headers in 285 bytes (1 switches on core 0)
2026-07-21 14:32:02.243 7 INFO cinder.api.openstack.wsgi [None req-936f5707-741d-41d1-9f6d-0a4289e58845 fa420d162eb14791b146f3624d38cc62 e8d6d75ee70e476ead7ffe8ea7c36383 - - default default] GET http://10.0.0.26:8776/
2026-07-21 14:32:02.244 7 INFO cinder.api.openstack.wsgi [None req-936f5707-741d-41d1-9f6d-0a4289e58845 fa420d162eb14791b146f3624d38cc62 e8d6d75ee70e476ead7ffe8ea7c36383 - - default default] http://10.0.0.26:8776/ returned with HTTP 300
2026-07-21 14:32:02.244 8 INFO cinder.api.openstack.wsgi [None req-b800cd73-ac61-4649-a385-38299f9d02bb fa420d162eb14791b146f3624d38cc62 e8d6d75ee70e476ead7ffe8ea7c36383 - - default default] GET http://10.0.0.26:8776/
2026-07-21 14:32:02.245 8 INFO cinder.api.openstack.wsgi [None req-b800cd73-ac61-4649-a385-38299f9d02bb fa420d162eb14791b146f3624d38cc62 e8d6d75ee70e476ead7ffe8ea7c36383 - - default default] http://10.0.0.26:8776/ returned with HTTP 300
2026-07-21 14:32:12.244 8 INFO cinder.api.openstack.wsgi [None req-b800cd73-ac61-4649-a385-38299f9d02bb fa420d162eb14791b146f3624d38cc62 e8d6d75ee70e476ead7ffe8ea7c36383 - - default default] GET http://10.0.0.26:8776/
2026-07-21 14:32:12.244 7 INFO cinder.api.openstack.wsgi [None req-936f5707-741d-41d1-9f6d-0a4289e58845 fa420d162eb14791b146f3624d38cc62 e8d6d75ee70e476ead7ffe8ea7c36383 - - default default] GET http://10.0.0.26:8776/
2026-07-21 14:32:12.245 8 INFO cinder.api.openstack.wsgi [None req-b800cd73-ac61-4649-a385-38299f9d02bb fa420d162eb14791b146f3624d38cc62 e8d6d75ee70e476ead7ffe8ea7c36383 - - default default] http://10.0.0.26:8776/ returned with HTTP 300
2026-07-21 14:32:12.246 7 INFO cinder.api.openstack.wsgi [None req-936f5707-741d-41d1-9f6d-0a4289e58845 fa420d162eb14791b146f3624d38cc62 e8d6d75ee70e476ead7ffe8ea7c36383 - - default default] http://10.0.0.26:8776/ returned with HTTP 300
2026-07-21 14:32:22.242 8 INFO cinder.api.openstack.wsgi [None req-b800cd73-ac61-4649-a385-38299f9d02bb fa420d162eb14791b146f3624d38cc62 e8d6d75ee70e476ead7ffe8ea7c36383 - - default default] GET http://10.0.0.26:8776/
2026-07-21 14:32:22.243 8 INFO cinder.api.openstack.wsgi [None req-b800cd73-ac61-4649-a385-38299f9d02bb fa420d162eb14791b146f3624d38cc62 e8d6d75ee70e476ead7ffe8ea7c36383 - - default default] http://10.0.0.26:8776/ returned with HTTP 300
2026-07-21 14:32:22.243 7 INFO cinder.api.openstack.wsgi [None req-936f5707-741d-41d1-9f6d-0a4289e58845 fa420d162eb14791b146f3624d38cc62 e8d6d75ee70e476ead7ffe8ea7c36383 - - default default] GET http://10.0.0.26:8776/
2026-07-21 14:32:22.245 7 INFO cinder.api.openstack.wsgi [None req-936f5707-741d-41d1-9f6d-0a4289e58845 fa420d162eb14791b146f3624d38cc62 e8d6d75ee70e476ead7ffe8ea7c36383 - - default default] http://10.0.0.26:8776/ returned with HTTP 300
2026-07-21 14:32:32.242 7 INFO cinder.api.openstack.wsgi [None req-936f5707-741d-41d1-9f6d-0a4289e58845 fa420d162eb14791b146f3624d38cc62 e8d6d75ee70e476ead7ffe8ea7c36383 - - default default] GET http://10.0.0.26:8776/
2026-07-21 14:32:32.242 8 INFO cinder.api.openstack.wsgi [None req-b800cd73-ac61-4649-a385-38299f9d02bb fa420d162eb14791b146f3624d38cc62 e8d6d75ee70e476ead7ffe8ea7c36383 - - default default] GET http://10.0.0.26:8776/
2026-07-21 14:32:32.243 7 INFO cinder.api.openstack.wsgi [None req-936f5707-741d-41d1-9f6d-0a4289e58845 fa420d162eb14791b146f3624d38cc62 e8d6d75ee70e476ead7ffe8ea7c36383 - - default default] http://10.0.0.26:8776/ returned with HTTP 300
2026-07-21 14:32:32.243 8 INFO cinder.api.openstack.wsgi [None req-b800cd73-ac61-4649-a385-38299f9d02bb fa420d162eb14791b146f3624d38cc62 e8d6d75ee70e476ead7ffe8ea7c36383 - - default default] http://10.0.0.26:8776/ returned with HTTP 300
2026-07-21 14:32:42.242 7 INFO cinder.api.openstack.wsgi [None req-936f5707-741d-41d1-9f6d-0a4289e58845 fa420d162eb14791b146f3624d38cc62 e8d6d75ee70e476ead7ffe8ea7c36383 - - default default] GET http://10.0.0.26:8776/
2026-07-21 14:32:42.242 8 INFO cinder.api.openstack.wsgi [None req-b800cd73-ac61-4649-a385-38299f9d02bb fa420d162eb14791b146f3624d38cc62 e8d6d75ee70e476ead7ffe8ea7c36383 - - default default] GET http://10.0.0.26:8776/
2026-07-21 14:32:42.243 8 INFO cinder.api.openstack.wsgi [None req-b800cd73-ac61-4649-a385-38299f9d02bb fa420d162eb14791b146f3624d38cc62 e8d6d75ee70e476ead7ffe8ea7c36383 - - default default] http://10.0.0.26:8776/ returned with HTTP 300
2026-07-21 14:32:42.243 7 INFO cinder.api.openstack.wsgi [None req-936f5707-741d-41d1-9f6d-0a4289e58845 fa420d162eb14791b146f3624d38cc62 e8d6d75ee70e476ead7ffe8ea7c36383 - - default default] http://10.0.0.26:8776/ returned with HTTP 300
2026-07-21 14:32:42.267 8 INFO cinder.api.openstack.wsgi [None req-b800cd73-ac61-4649-a385-38299f9d02bb fa420d162eb14791b146f3624d38cc62 e8d6d75ee70e476ead7ffe8ea7c36383 - - default default] GET http://cinder-api.openstack.svc.cluster.local:8776/
2026-07-21 14:32:42.267 8 INFO cinder.api.openstack.wsgi [None req-b800cd73-ac61-4649-a385-38299f9d02bb fa420d162eb14791b146f3624d38cc62 e8d6d75ee70e476ead7ffe8ea7c36383 - - default default] http://cinder-api.openstack.svc.cluster.local:8776/ returned with HTTP 300 [pid: 8|app: 0|req: 405/812] 10.0.0.241 () {30 vars in 411 bytes} [Tue Jul 21 14:32:42 2026] GET / => generated 411 bytes in 4 msecs (HTTP/1.1 300) 5 headers in 169 bytes (1 switches on core 0)
2026-07-21 14:32:52.242 7 INFO cinder.api.openstack.wsgi [None req-936f5707-741d-41d1-9f6d-0a4289e58845 fa420d162eb14791b146f3624d38cc62 e8d6d75ee70e476ead7ffe8ea7c36383 - - default default] GET http://10.0.0.26:8776/
2026-07-21 14:32:52.242 8 INFO cinder.api.openstack.wsgi [None req-b800cd73-ac61-4649-a385-38299f9d02bb fa420d162eb14791b146f3624d38cc62 e8d6d75ee70e476ead7ffe8ea7c36383 - - default default] GET http://10.0.0.26:8776/
2026-07-21 14:32:52.243 8 INFO cinder.api.openstack.wsgi [None req-b800cd73-ac61-4649-a385-38299f9d02bb fa420d162eb14791b146f3624d38cc62 e8d6d75ee70e476ead7ffe8ea7c36383 - - default default] http://10.0.0.26:8776/ returned with HTTP 300
2026-07-21 14:32:52.243 7 INFO cinder.api.openstack.wsgi [None req-936f5707-741d-41d1-9f6d-0a4289e58845 fa420d162eb14791b146f3624d38cc62 e8d6d75ee70e476ead7ffe8ea7c36383 - - default default] http://10.0.0.26:8776/ returned with HTTP 300
2026-07-21 14:32:53.224 8 INFO cinder.api.openstack.wsgi [None req-0ac3fc81-e875-49d4-a9c4-5c9bb95cce14 fa420d162eb14791b146f3624d38cc62 e8d6d75ee70e476ead7ffe8ea7c36383 - - default default] GET http://cinder-api.openstack.svc.cluster.local:8776/v3/e8d6d75ee70e476ead7ffe8ea7c36383/volumes/detail?all_tenants=true
2026-07-21 14:32:53.231 7 INFO cinder.api.openstack.wsgi [None req-f88a02f7-5e9b-478a-afeb-5bf3856bac6f 0b665f5ac70e4ac5a49c0f5402d3c3d8 cd2fcb2563414eb0936a4c264057d65c - - default default] POST http://cinder-api.openstack.svc.cluster.local:8776/v3/cd2fcb2563414eb0936a4c264057d65c/volumes
2026-07-21 14:32:53.234 7 INFO cinder.api.v3.volumes [None req-f88a02f7-5e9b-478a-afeb-5bf3856bac6f 0b665f5ac70e4ac5a49c0f5402d3c3d8 cd2fcb2563414eb0936a4c264057d65c - - default default] Create volume of 1 GB
2026-07-21 14:32:53.235 8 INFO cinder.volume.api [None req-0ac3fc81-e875-49d4-a9c4-5c9bb95cce14 fa420d162eb14791b146f3624d38cc62 e8d6d75ee70e476ead7ffe8ea7c36383 - - default default] Get all volumes completed successfully.
2026-07-21 14:32:53.237 8 INFO cinder.api.openstack.wsgi [None req-0ac3fc81-e875-49d4-a9c4-5c9bb95cce14 fa420d162eb14791b146f3624d38cc62 e8d6d75ee70e476ead7ffe8ea7c36383 - - default default] http://cinder-api.openstack.svc.cluster.local:8776/v3/e8d6d75ee70e476ead7ffe8ea7c36383/volumes/detail?all_tenants=true returned with HTTP 200 [pid: 8|app: 0|req: 407/815] 10.0.0.144 () {28 vars in 684 bytes} [Tue Jul 21 14:32:53 2026] GET /v3/e8d6d75ee70e476ead7ffe8ea7c36383/volumes/detail?all_tenants=true => generated 15 bytes in 182 msecs (HTTP/1.1 200) 7 headers in 284 bytes (1 switches on core 0)
2026-07-21 14:32:53.245 8 INFO cinder.api.openstack.wsgi [None req-4ce16ef4-f2e5-4f87-9d93-d0a169ce7317 fa420d162eb14791b146f3624d38cc62 e8d6d75ee70e476ead7ffe8ea7c36383 - - default default] GET http://cinder-api.openstack.svc.cluster.local:8776/v3/e8d6d75ee70e476ead7ffe8ea7c36383/volumes/detail?all_tenants=true
2026-07-21 14:32:53.248 7 INFO cinder.volume.api [None req-f88a02f7-5e9b-478a-afeb-5bf3856bac6f 0b665f5ac70e4ac5a49c0f5402d3c3d8 cd2fcb2563414eb0936a4c264057d65c - - default default] Availability Zones retrieved successfully.
2026-07-21 14:32:53.256 8 INFO cinder.volume.api [None req-4ce16ef4-f2e5-4f87-9d93-d0a169ce7317 fa420d162eb14791b146f3624d38cc62 e8d6d75ee70e476ead7ffe8ea7c36383 - - default default] Get all volumes completed successfully.
2026-07-21 14:32:53.259 8 INFO cinder.api.openstack.wsgi [None req-4ce16ef4-f2e5-4f87-9d93-d0a169ce7317 fa420d162eb14791b146f3624d38cc62 e8d6d75ee70e476ead7ffe8ea7c36383 - - default default] http://cinder-api.openstack.svc.cluster.local:8776/v3/e8d6d75ee70e476ead7ffe8ea7c36383/volumes/detail?all_tenants=true returned with HTTP 200 [pid: 8|app: 0|req: 408/816] 10.0.0.144 () {28 vars in 684 bytes} [Tue Jul 21 14:32:53 2026] GET /v3/e8d6d75ee70e476ead7ffe8ea7c36383/volumes/detail?all_tenants=true => generated 15 bytes in 19 msecs (HTTP/1.1 200) 7 headers in 284 bytes (1 switches on core 0)
2026-07-21 14:32:53.275 8 INFO cinder.api.openstack.wsgi [None req-3b616372-d69d-4724-bd39-38a64c52f502 fa420d162eb14791b146f3624d38cc62 e8d6d75ee70e476ead7ffe8ea7c36383 - - default default] GET http://cinder-api.openstack.svc.cluster.local:8776/v3/e8d6d75ee70e476ead7ffe8ea7c36383/snapshots?all_tenants=true
2026-07-21 14:32:53.283 8 INFO cinder.volume.api [None req-3b616372-d69d-4724-bd39-38a64c52f502 fa420d162eb14791b146f3624d38cc62 e8d6d75ee70e476ead7ffe8ea7c36383 - - default default] Get all snapshots completed successfully.
2026-07-21 14:32:53.284 8 INFO cinder.api.openstack.wsgi [None req-3b616372-d69d-4724-bd39-38a64c52f502 fa420d162eb14791b146f3624d38cc62 e8d6d75ee70e476ead7ffe8ea7c36383 - - default default] http://cinder-api.openstack.svc.cluster.local:8776/v3/e8d6d75ee70e476ead7ffe8ea7c36383/snapshots?all_tenants=true returned with HTTP 200 [pid: 8|app: 0|req: 409/817] 10.0.0.144 () {28 vars in 674 bytes} [Tue Jul 21 14:32:53 2026] GET /v3/e8d6d75ee70e476ead7ffe8ea7c36383/snapshots?all_tenants=true => generated 17 bytes in 15 msecs (HTTP/1.1 200) 7 headers in 284 bytes (1 switches on core 0)
2026-07-21 14:32:53.321 8 INFO cinder.api.openstack.wsgi [None req-6cdf35a4-567c-47b8-b293-5659cbace048 fa420d162eb14791b146f3624d38cc62 e8d6d75ee70e476ead7ffe8ea7c36383 - - default default] GET http://cinder-api.openstack.svc.cluster.local:8776/v3/e8d6d75ee70e476ead7ffe8ea7c36383/os-quota-sets/0933774ccc864482a02e1def812abc5d?usage=true
2026-07-21 14:32:53.345 8 INFO cinder.api.openstack.wsgi [None req-6cdf35a4-567c-47b8-b293-5659cbace048 fa420d162eb14791b146f3624d38cc62 e8d6d75ee70e476ead7ffe8ea7c36383 - - default default] http://cinder-api.openstack.svc.cluster.local:8776/v3/e8d6d75ee70e476ead7ffe8ea7c36383/os-quota-sets/0933774ccc864482a02e1def812abc5d?usage=true returned with HTTP 200 [pid: 8|app: 0|req: 410/818] 10.0.0.144 () {28 vars in 736 bytes} [Tue Jul 21 14:32:53 2026] GET /v3/e8d6d75ee70e476ead7ffe8ea7c36383/os-quota-sets/0933774ccc864482a02e1def812abc5d?usage=true => generated 847 bytes in 32 msecs (HTTP/1.1 200) 7 headers in 285 bytes (1 switches on core 0)
2026-07-21 14:32:53.355 8 INFO cinder.api.openstack.wsgi [None req-1428e0bc-e892-4cfb-846c-91dfc69ee4d3 fa420d162eb14791b146f3624d38cc62 e8d6d75ee70e476ead7ffe8ea7c36383 - - default default] GET http://cinder-api.openstack.svc.cluster.local:8776/v3/e8d6d75ee70e476ead7ffe8ea7c36383/os-quota-sets/8e9acf736c5c49d9b26548a9567e17ed?usage=true
2026-07-21 14:32:53.380 8 INFO cinder.api.openstack.wsgi [None req-1428e0bc-e892-4cfb-846c-91dfc69ee4d3 fa420d162eb14791b146f3624d38cc62 e8d6d75ee70e476ead7ffe8ea7c36383 - - default default] http://cinder-api.openstack.svc.cluster.local:8776/v3/e8d6d75ee70e476ead7ffe8ea7c36383/os-quota-sets/8e9acf736c5c49d9b26548a9567e17ed?usage=true returned with HTTP 200 [pid: 8|app: 0|req: 411/819] 10.0.0.144 () {28 vars in 736 bytes} [Tue Jul 21 14:32:53 2026] GET /v3/e8d6d75ee70e476ead7ffe8ea7c36383/os-quota-sets/8e9acf736c5c49d9b26548a9567e17ed?usage=true => generated 847 bytes in 30 msecs (HTTP/1.1 200) 7 headers in 285 bytes (1 switches on core 0)
2026-07-21 14:32:53.395 8 INFO cinder.api.openstack.wsgi [None req-f963c6b0-9cd7-4a5b-ab33-0b8f4d8d2717 fa420d162eb14791b146f3624d38cc62 e8d6d75ee70e476ead7ffe8ea7c36383 - - default default] GET http://cinder-api.openstack.svc.cluster.local:8776/v3/e8d6d75ee70e476ead7ffe8ea7c36383/os-quota-sets/93664582bd974172b632fa86f2d7971a?usage=true
