2026-07-21 14:34:58.205 8 INFO neutron.db.ovn_revision_numbers_db [None req-ba8f48a6-9388-4f95-a50b-6b1bf6a73d59 - - - - - -] Successfully bumped revision number for resource 0bd265af-9838-4074-b9cd-5cdd68cd035d (type: ports) to 2 [pid: 7|app: 0|req: 1125/2281] 10.0.0.241 () {32 vars in 688 bytes} [Tue Jul 21 14:34:58 2026] GET /v2.0/security-groups?not-tags=red => generated 6094 bytes in 71 msecs (HTTP/1.1 200) 4 headers in 158 bytes (1 switches on core 0)
2026-07-21 14:34:58.247 8 INFO neutron.db.ovn_revision_numbers_db [None req-56534ff6-5993-4ecd-b9ee-71b060ac8ff6 fa420d162eb14791b146f3624d38cc62 e8d6d75ee70e476ead7ffe8ea7c36383 - - default default] Successfully bumped revision number for resource 0034258e-cfd3-4b84-a58c-7b9200f585f3 (type: security_group_rules) to 0
2026-07-21 14:34:58.291 8 INFO neutron.db.ovn_revision_numbers_db [None req-56534ff6-5993-4ecd-b9ee-71b060ac8ff6 fa420d162eb14791b146f3624d38cc62 e8d6d75ee70e476ead7ffe8ea7c36383 - - default default] Successfully bumped revision number for resource 372b723a-bebf-47b9-b9b7-78b8387a442e (type: security_group_rules) to 0
2026-07-21 14:34:58.326 8 INFO neutron.db.ovn_revision_numbers_db [None req-56534ff6-5993-4ecd-b9ee-71b060ac8ff6 fa420d162eb14791b146f3624d38cc62 e8d6d75ee70e476ead7ffe8ea7c36383 - - default default] Successfully bumped revision number for resource 99a8d601-a1db-4fd9-92ce-52408b367cd4 (type: security_group_rules) to 0
2026-07-21 14:34:58.366 8 INFO neutron.db.ovn_revision_numbers_db [None req-56534ff6-5993-4ecd-b9ee-71b060ac8ff6 fa420d162eb14791b146f3624d38cc62 e8d6d75ee70e476ead7ffe8ea7c36383 - - default default] Successfully bumped revision number for resource b85f2b17-4f97-4999-9ffe-449c6a870adc (type: security_group_rules) to 0
2026-07-21 14:34:58.398 7 INFO neutron.db.ovn_revision_numbers_db [None req-c10a5f88-24f5-498b-aef8-f7dc94a3cb69 420d632c9c7f468fb2a4d7b4527d8a47 7f8cbd1e16bd4330987518787fd220df - - default default] Successfully bumped revision number for resource b449edaf-4119-4e92-92ff-bb351b3fe219 (type: security_group_rules) to 0 [pid: 7|app: 0|req: 1126/2282] 10.0.0.241 () {34 vars in 695 bytes} [Tue Jul 21 14:34:58 2026] POST /v2.0/security-group-rules => generated 601 bytes in 244 msecs (HTTP/1.1 201) 4 headers in 162 bytes (1 switches on core 0) [pid: 8|app: 0|req: 1157/2283] 10.0.0.241 () {32 vars in 774 bytes} [Tue Jul 21 14:34:57 2026] GET /v2.0/security-groups?tenant_id=95058e84d67c495cbb5693d51d842b11&name=default => generated 2925 bytes in 558 msecs (HTTP/1.1 200) 4 headers in 158 bytes (1 switches on core 0) [pid: 7|app: 0|req: 1127/2284] 10.0.0.241 () {32 vars in 702 bytes} [Tue Jul 21 14:34:58 2026] GET /v2.0/security-groups?not-tags=red%2Cblue => generated 7680 bytes in 49 msecs (HTTP/1.1 200) 4 headers in 158 bytes (1 switches on core 0)
2026-07-21 14:34:58.674 8 INFO neutron.db.ovn_revision_numbers_db [None req-a6f147b0-537b-4f6c-a0be-84ceb6d9e97c 420d632c9c7f468fb2a4d7b4527d8a47 7f8cbd1e16bd4330987518787fd220df - - default default] Successfully bumped revision number for resource 50fb384e-15d5-40ee-a0da-c9e2c49e5187 (type: security_group_rules) to 0 [pid: 8|app: 0|req: 1158/2285] 10.0.0.241 () {34 vars in 695 bytes} [Tue Jul 21 14:34:58 2026] POST /v2.0/security-group-rules => generated 597 bytes in 247 msecs (HTTP/1.1 201) 4 headers in 162 bytes (1 switches on core 0) [pid: 7|app: 0|req: 1128/2286] 10.0.0.241 () {32 vars in 740 bytes} [Tue Jul 21 14:34:58 2026] DELETE /v2.0/security-groups/6bb2d343-5fe9-455b-8f9f-25a53f3e57c4 => generated 0 bytes in 217 msecs (HTTP/1.1 204) 2 headers in 112 bytes (1 switches on core 0) [pid: 8|app: 0|req: 1159/2287] 10.0.0.241 () {32 vars in 698 bytes} [Tue Jul 21 14:34:58 2026] GET /v2.0/security-groups?not-tags-any=blue => generated 7680 bytes in 67 msecs (HTTP/1.1 200) 4 headers in 158 bytes (1 switches on core 0) [pid: 8|app: 0|req: 1160/2288] 10.0.0.241 () {32 vars in 710 bytes} [Tue Jul 21 14:34:58 2026] GET /v2.0/security-groups?not-tags-any=red%2Cblue => generated 6094 bytes in 52 msecs (HTTP/1.1 200) 4 headers in 158 bytes (1 switches on core 0)
2026-07-21 14:34:58.898 7 INFO neutron.db.ovn_revision_numbers_db [None req-2438da40-bf18-4454-81d8-54fcf44f9cce 420d632c9c7f468fb2a4d7b4527d8a47 7f8cbd1e16bd4330987518787fd220df - - default default] Successfully bumped revision number for resource dba4ecf7-9fc3-41ac-8735-a3c1336605f3 (type: security_group_rules) to 0 [pid: 7|app: 0|req: 1129/2289] 10.0.0.241 () {34 vars in 695 bytes} [Tue Jul 21 14:34:58 2026] POST /v2.0/security-group-rules => generated 597 bytes in 216 msecs (HTTP/1.1 201) 4 headers in 162 bytes (1 switches on core 0) [pid: 8|app: 0|req: 1161/2290] 10.0.0.241 () {32 vars in 740 bytes} [Tue Jul 21 14:34:58 2026] DELETE /v2.0/security-groups/a9010d26-eb93-4b85-b15c-892abc55c669 => generated 0 bytes in 205 msecs (HTTP/1.1 204) 2 headers in 112 bytes (1 switches on core 0)
2026-07-21 14:34:59.146 7 INFO neutron.db.ovn_revision_numbers_db [None req-d6815db2-eaaa-4a67-abaf-c3e0c84e6f11 420d632c9c7f468fb2a4d7b4527d8a47 7f8cbd1e16bd4330987518787fd220df - - default default] Successfully bumped revision number for resource 55716c73-87c4-4d4c-8e26-18d7f336d962 (type: security_group_rules) to 0 [pid: 7|app: 0|req: 1130/2291] 10.0.0.241 () {34 vars in 695 bytes} [Tue Jul 21 14:34:58 2026] POST /v2.0/security-group-rules => generated 597 bytes in 243 msecs (HTTP/1.1 201) 4 headers in 162 bytes (1 switches on core 0) [pid: 8|app: 0|req: 1162/2292] 10.0.0.241 () {32 vars in 740 bytes} [Tue Jul 21 14:34:59 2026] DELETE /v2.0/security-groups/97a370b0-0899-49dd-9358-a85147c6d692 => generated 0 bytes in 189 msecs (HTTP/1.1 204) 2 headers in 112 bytes (1 switches on core 0)
2026-07-21 14:34:59.406 7 INFO neutron.db.ovn_revision_numbers_db [None req-9ec4d7f4-4ca1-4e4c-902a-075c57688a04 420d632c9c7f468fb2a4d7b4527d8a47 7f8cbd1e16bd4330987518787fd220df - - default default] Successfully bumped revision number for resource a966836e-4f7b-4827-a5cd-a9aa26ae9320 (type: security_group_rules) to 0 [pid: 7|app: 0|req: 1131/2293] 10.0.0.241 () {34 vars in 695 bytes} [Tue Jul 21 14:34:59 2026] POST /v2.0/security-group-rules => generated 599 bytes in 238 msecs (HTTP/1.1 201) 4 headers in 162 bytes (1 switches on core 0) [pid: 8|app: 0|req: 1163/2294] 10.0.0.241 () {32 vars in 740 bytes} [Tue Jul 21 14:34:59 2026] DELETE /v2.0/security-groups/f00461ca-c83c-4763-8009-f6b9d63e8577 => generated 0 bytes in 196 msecs (HTTP/1.1 204) 2 headers in 112 bytes (1 switches on core 0) [pid: 8|app: 0|req: 1164/2295] 10.0.0.241 () {32 vars in 740 bytes} [Tue Jul 21 14:34:59 2026] DELETE /v2.0/security-groups/bf92a7cf-68ec-4ef4-bb88-6841a6b6147c => generated 0 bytes in 151 msecs (HTTP/1.1 204) 2 headers in 112 bytes (1 switches on core 0)
2026-07-21 14:34:59.621 7 INFO neutron.db.ovn_revision_numbers_db [None req-30cec10d-50e1-4973-bc59-e4705414d151 420d632c9c7f468fb2a4d7b4527d8a47 7f8cbd1e16bd4330987518787fd220df - - default default] Successfully bumped revision number for resource 18b5f017-0d3f-49e9-8df8-19ae3447148d (type: security_group_rules) to 0 [pid: 7|app: 0|req: 1132/2296] 10.0.0.241 () {34 vars in 695 bytes} [Tue Jul 21 14:34:59 2026] POST /v2.0/security-group-rules => generated 601 bytes in 205 msecs (HTTP/1.1 201) 4 headers in 162 bytes (1 switches on core 0) [pid: 8|app: 0|req: 1165/2297] 10.0.0.241 () {32 vars in 740 bytes} [Tue Jul 21 14:34:59 2026] DELETE /v2.0/security-groups/7a8e67ed-bf4e-4a75-b46e-07b460be8d43 => generated 0 bytes in 186 msecs (HTTP/1.1 204) 2 headers in 112 bytes (1 switches on core 0)
2026-07-21 14:34:59.834 7 INFO neutron.db.ovn_revision_numbers_db [None req-45296191-475b-44b1-bcdf-675b600118b5 420d632c9c7f468fb2a4d7b4527d8a47 7f8cbd1e16bd4330987518787fd220df - - default default] Successfully bumped revision number for resource e0e50243-5eb6-4718-a77d-2792f1b7704e (type: security_group_rules) to 0 [pid: 7|app: 0|req: 1133/2298] 10.0.0.241 () {34 vars in 695 bytes} [Tue Jul 21 14:34:59 2026] POST /v2.0/security-group-rules => generated 597 bytes in 229 msecs (HTTP/1.1 201) 4 headers in 162 bytes (1 switches on core 0)
2026-07-21 14:35:00.194 7 WARNING neutron.db.securitygroups_db [req-e97e46fc-ec62-43db-bf37-b2573f2f3f60 req-cf42bada-46eb-4466-bb2a-4e643dd0318b 420d632c9c7f468fb2a4d7b4527d8a47 7f8cbd1e16bd4330987518787fd220df - - default default] project_id key not found in filters, using tenant_id instead. This support has been deprecated and will be removed in a future release. [pid: 7|app: 0|req: 1135/2301] 10.0.0.228 () {34 vars in 1096 bytes} [Tue Jul 21 14:35:00 2026] GET /v2.0/security-groups?name=tempest-lb_member_SG-1671963852&fields=id&tenant_id=7f8cbd1e16bd4330987518787fd220df => generated 69 bytes in 47 msecs (HTTP/1.1 200) 4 headers in 156 bytes (1 switches on core 0) [pid: 8|app: 0|req: 1167/2302] 10.0.0.228 () {34 vars in 982 bytes} [Tue Jul 21 14:35:00 2026] GET /v2.0/networks?id=75e7d9c0-e04b-4443-bd4d-7c136c649528 => generated 741 bytes in 73 msecs (HTTP/1.1 200) 4 headers in 157 bytes (1 switches on core 0) [pid: 7|app: 0|req: 1136/2303] 10.0.0.228 () {34 vars in 965 bytes} [Tue Jul 21 14:35:00 2026] GET /v2.0/quotas/7f8cbd1e16bd4330987518787fd220df => generated 312 bytes in 12 msecs (HTTP/1.1 200) 4 headers in 157 bytes (1 switches on core 0) [pid: 8|app: 0|req: 1168/2304] 10.0.0.228 () {34 vars in 1002 bytes} [Tue Jul 21 14:35:00 2026] GET /v2.0/ports?tenant_id=7f8cbd1e16bd4330987518787fd220df&fields=id => generated 287 bytes in 240 msecs (HTTP/1.1 200) 4 headers in 157 bytes (1 switches on core 0) [pid: 7|app: 0|req: 1137/2305] 10.0.0.228 () {34 vars in 1008 bytes} [Tue Jul 21 14:35:00 2026] GET /v2.0/networks/75e7d9c0-e04b-4443-bd4d-7c136c649528?fields=segments => generated 14 bytes in 50 msecs (HTTP/1.1 200) 4 headers in 156 bytes (1 switches on core 0) [pid: 8|app: 0|req: 1169/2306] 10.0.0.228 () {34 vars in 1108 bytes} [Tue Jul 21 14:35:00 2026] GET /v2.0/networks/75e7d9c0-e04b-4443-bd4d-7c136c649528?fields=provider%3Aphysical_network&fields=provider%3Anetwork_type => generated 79 bytes in 67 msecs (HTTP/1.1 200) 4 headers in 156 bytes (1 switches on core 0) [pid: 8|app: 0|req: 1170/2307] 10.0.0.228 () {34 vars in 1070 bytes} [Tue Jul 21 14:35:00 2026] GET /v2.0/ports?fields=security_groups&fields=device_id&device_id=91a176cb-2959-4ba8-83a0-b7b5d0bd071c => generated 12 bytes in 30 msecs (HTTP/1.1 200) 4 headers in 156 bytes (1 switches on core 0)
2026-07-21 14:35:00.986 8 WARNING neutron.db.securitygroups_db [None req-e95849dd-ad84-48af-8bab-94221450ac54 fa420d162eb14791b146f3624d38cc62 e8d6d75ee70e476ead7ffe8ea7c36383 - - default default] project_id key not found in filters, using tenant_id instead. This support has been deprecated and will be removed in a future release. [pid: 8|app: 0|req: 1171/2308] 10.0.0.241 () {32 vars in 774 bytes} [Tue Jul 21 14:35:00 2026] GET /v2.0/security-groups?tenant_id=cefb0e0f65c74e8694f4c9f31c2fea37&name=default => generated 2925 bytes in 87 msecs (HTTP/1.1 200) 4 headers in 158 bytes (1 switches on core 0)
2026-07-21 14:35:01.115 7 INFO neutron.db.ovn_revision_numbers_db [None req-23a8b2a3-efdd-4148-8321-be3b684c28c3 0a5ee3d3089f42ada2d2ef8e51e5e67e 7c6924ced3484f62813de1381dc059ad - - default default] Successfully bumped revision number for resource 3bcc2063-d0e3-4b4b-91ba-6d89551607a3 (type: security_groups) to 1
2026-07-21 14:35:01.148 7 INFO neutron.db.ovn_revision_numbers_db [None req-23a8b2a3-efdd-4148-8321-be3b684c28c3 0a5ee3d3089f42ada2d2ef8e51e5e67e 7c6924ced3484f62813de1381dc059ad - - default default] Successfully bumped revision number for resource 4d44f662-9d04-44f9-b208-469869de114f (type: security_group_rules) to 0
2026-07-21 14:35:01.178 7 INFO neutron.db.ovn_revision_numbers_db [None req-23a8b2a3-efdd-4148-8321-be3b684c28c3 0a5ee3d3089f42ada2d2ef8e51e5e67e 7c6924ced3484f62813de1381dc059ad - - default default] Successfully bumped revision number for resource af6f7e46-cfb9-4ba7-b0c8-a72daa1215fe (type: security_group_rules) to 0
2026-07-21 14:35:01.210 7 INFO neutron.db.ovn_revision_numbers_db [None req-23a8b2a3-efdd-4148-8321-be3b684c28c3 0a5ee3d3089f42ada2d2ef8e51e5e67e 7c6924ced3484f62813de1381dc059ad - - default default] Successfully bumped revision number for resource e069c8e9-2be2-4d88-a0bd-02df481dbcf9 (type: security_group_rules) to 0
2026-07-21 14:35:01.236 7 INFO neutron.db.ovn_revision_numbers_db [None req-23a8b2a3-efdd-4148-8321-be3b684c28c3 0a5ee3d3089f42ada2d2ef8e51e5e67e 7c6924ced3484f62813de1381dc059ad - - default default] Successfully bumped revision number for resource fb32ae0f-3829-45f2-a751-84a1df17f9ec (type: security_group_rules) to 0 [pid: 8|app: 0|req: 1172/2309] 10.0.0.241 () {32 vars in 740 bytes} [Tue Jul 21 14:35:01 2026] DELETE /v2.0/security-groups/fff99823-21a5-44b7-a12f-a2631e446caa => generated 0 bytes in 313 msecs (HTTP/1.1 204) 2 headers in 112 bytes (1 switches on core 0)
2026-07-21 14:35:01.343 7 INFO neutron.db.segments_db [None req-23a8b2a3-efdd-4148-8321-be3b684c28c3 0a5ee3d3089f42ada2d2ef8e51e5e67e 7c6924ced3484f62813de1381dc059ad - - default default] Added segment 13507927-2dd3-4d53-b9f7-3b5d2691a1d0 of type geneve for network 43165996-f213-4659-9620-7572fb5617ba
2026-07-21 14:35:01.514 8 WARNING neutron.db.securitygroups_db [None req-6f9d0110-fdbd-423f-ab69-01bc98b80e1c fa420d162eb14791b146f3624d38cc62 e8d6d75ee70e476ead7ffe8ea7c36383 - - default default] project_id key not found in filters, using tenant_id instead. This support has been deprecated and will be removed in a future release.
2026-07-21 14:35:01.518 7 INFO neutron.db.ovn_revision_numbers_db [None req-23a8b2a3-efdd-4148-8321-be3b684c28c3 0a5ee3d3089f42ada2d2ef8e51e5e67e 7c6924ced3484f62813de1381dc059ad - - default default] Successfully bumped revision number for resource 43165996-f213-4659-9620-7572fb5617ba (type: networks) to 1
2026-07-21 14:35:01.703 8 INFO neutron.db.ovn_revision_numbers_db [None req-6f9d0110-fdbd-423f-ab69-01bc98b80e1c fa420d162eb14791b146f3624d38cc62 e8d6d75ee70e476ead7ffe8ea7c36383 - - default default] Successfully bumped revision number for resource 344de9d2-8acd-419c-b968-58b9af13f748 (type: security_groups) to 1
2026-07-21 14:35:01.723 8 INFO neutron.db.ovn_revision_numbers_db [None req-6f9d0110-fdbd-423f-ab69-01bc98b80e1c fa420d162eb14791b146f3624d38cc62 e8d6d75ee70e476ead7ffe8ea7c36383 - - default default] Successfully bumped revision number for resource 30a7318e-4465-4e65-b648-c824ccba441d (type: security_group_rules) to 0
2026-07-21 14:35:01.739 8 INFO neutron.db.ovn_revision_numbers_db [None req-6f9d0110-fdbd-423f-ab69-01bc98b80e1c fa420d162eb14791b146f3624d38cc62 e8d6d75ee70e476ead7ffe8ea7c36383 - - default default] Successfully bumped revision number for resource dbfd20ec-24b5-4465-b20f-11bee05cbbbf (type: security_group_rules) to 0
2026-07-21 14:35:01.755 8 INFO neutron.db.ovn_revision_numbers_db [None req-6f9d0110-fdbd-423f-ab69-01bc98b80e1c fa420d162eb14791b146f3624d38cc62 e8d6d75ee70e476ead7ffe8ea7c36383 - - default default] Successfully bumped revision number for resource f26a0820-6047-4202-8064-7006fefdf4aa (type: security_group_rules) to 0
2026-07-21 14:35:01.770 8 INFO neutron.db.ovn_revision_numbers_db [None req-6f9d0110-fdbd-423f-ab69-01bc98b80e1c fa420d162eb14791b146f3624d38cc62 e8d6d75ee70e476ead7ffe8ea7c36383 - - default default] Successfully bumped revision number for resource fa0ce405-0968-499d-9943-86179cd6770e (type: security_group_rules) to 0
2026-07-21 14:35:01.779 7 WARNING neutron.scheduler.dhcp_agent_scheduler [None req-23a8b2a3-efdd-4148-8321-be3b684c28c3 0a5ee3d3089f42ada2d2ef8e51e5e67e 7c6924ced3484f62813de1381dc059ad - - default default] No more DHCP agents
2026-07-21 14:35:01.781 7 WARNING neutron.api.rpc.agentnotifiers.dhcp_rpc_agent_api [None req-23a8b2a3-efdd-4148-8321-be3b684c28c3 0a5ee3d3089f42ada2d2ef8e51e5e67e 7c6924ced3484f62813de1381dc059ad - - default default] Unable to schedule network 43165996-f213-4659-9620-7572fb5617ba: no agents available; will retry on subsequent port and subnet creation events. [pid: 8|app: 0|req: 1173/2310] 10.0.0.241 () {32 vars in 774 bytes} [Tue Jul 21 14:35:01 2026] GET /v2.0/security-groups?tenant_id=126d2ea05a104f868aadd3469705136d&name=default => generated 2929 bytes in 332 msecs (HTTP/1.1 200) 4 headers in 158 bytes (1 switches on core 0)
2026-07-21 14:35:01.877 7 INFO neutron.db.ovn_revision_numbers_db [None req-23a8b2a3-efdd-4148-8321-be3b684c28c3 0a5ee3d3089f42ada2d2ef8e51e5e67e 7c6924ced3484f62813de1381dc059ad - - default default] Successfully bumped revision number for resource 03ce6458-112d-49ba-b701-2681e16bbe3e (type: ports) to 1 [pid: 7|app: 0|req: 1138/2311] 10.0.0.241 () {34 vars in 670 bytes} [Tue Jul 21 14:35:00 2026] POST /v2.0/networks => generated 669 bytes in 1200 msecs (HTTP/1.1 201) 4 headers in 162 bytes (1 switches on core 0) [pid: 8|app: 0|req: 1174/2312] 10.0.0.241 () {32 vars in 740 bytes} [Tue Jul 21 14:35:01 2026] DELETE /v2.0/security-groups/344de9d2-8acd-419c-b968-58b9af13f748 => generated 0 bytes in 220 msecs (HTTP/1.1 204) 2 headers in 112 bytes (1 switches on core 0)
2026-07-21 14:35:02.227 7 WARNING neutron.scheduler.dhcp_agent_scheduler [None req-5eefc1ee-b456-4351-96ef-6db0503e566e 0a5ee3d3089f42ada2d2ef8e51e5e67e 7c6924ced3484f62813de1381dc059ad - - default default] No more DHCP agents
2026-07-21 14:35:02.229 7 WARNING neutron.api.rpc.agentnotifiers.dhcp_rpc_agent_api [None req-5eefc1ee-b456-4351-96ef-6db0503e566e 0a5ee3d3089f42ada2d2ef8e51e5e67e 7c6924ced3484f62813de1381dc059ad - - default default] Unable to schedule network 43165996-f213-4659-9620-7572fb5617ba: no agents available; will retry on subsequent port and subnet creation events.
2026-07-21 14:35:02.286 7 INFO neutron.plugins.ml2.drivers.ovn.mech_driver.mech_driver [None req-b76f77cc-03f7-484d-8a89-76a0e9ad5e8d - - - - - -] OVN reports status down for port: 6acf5378-9470-4e25-b519-f83964e6d62a
2026-07-21 14:35:02.312 8 WARNING neutron.db.securitygroups_db [None req-a95ebfe9-21a1-499d-8121-05b750725061 fa420d162eb14791b146f3624d38cc62 e8d6d75ee70e476ead7ffe8ea7c36383 - - default default] project_id key not found in filters, using tenant_id instead. This support has been deprecated and will be removed in a future release.
2026-07-21 14:35:02.352 7 INFO neutron.db.ovn_revision_numbers_db [None req-5eefc1ee-b456-4351-96ef-6db0503e566e 0a5ee3d3089f42ada2d2ef8e51e5e67e 7c6924ced3484f62813de1381dc059ad - - default default] Successfully bumped revision number for resource 6acf5378-9470-4e25-b519-f83964e6d62a (type: ports) to 1 [pid: 7|app: 0|req: 1139/2313] 10.0.0.241 () {34 vars in 664 bytes} [Tue Jul 21 14:35:01 2026] POST /v2.0/ports => generated 743 bytes in 480 msecs (HTTP/1.1 201) 4 headers in 162 bytes (1 switches on core 0) /var/lib/openstack/lib/python3.12/site-packages/pycadf/identifier.py:70: UserWarning: Invalid uuid: neutron. To ensure interoperability, identifiers should be a valid uuid. warnings.warn(('Invalid uuid: %s. To ensure interoperability, '
2026-07-21 14:35:02.470 8 INFO neutron.db.ovn_revision_numbers_db [None req-a95ebfe9-21a1-499d-8121-05b750725061 fa420d162eb14791b146f3624d38cc62 e8d6d75ee70e476ead7ffe8ea7c36383 - - default default] Successfully bumped revision number for resource 43296882-6a32-4ef2-8132-ef2fe7738792 (type: security_groups) to 1
2026-07-21 14:35:02.502 8 INFO neutron.db.ovn_revision_numbers_db [None req-a95ebfe9-21a1-499d-8121-05b750725061 fa420d162eb14791b146f3624d38cc62 e8d6d75ee70e476ead7ffe8ea7c36383 - - default default] Successfully bumped revision number for resource 444c111c-c5bf-4b6f-8a20-daf4c77ca445 (type: security_group_rules) to 0
2026-07-21 14:35:02.531 8 INFO neutron.db.ovn_revision_numbers_db [None req-a95ebfe9-21a1-499d-8121-05b750725061 fa420d162eb14791b146f3624d38cc62 e8d6d75ee70e476ead7ffe8ea7c36383 - - default default] Successfully bumped revision number for resource 5d97ec0a-5f8f-4c9d-9766-deedc1c8b34d (type: security_group_rules) to 0
2026-07-21 14:35:02.551 8 INFO neutron.db.ovn_revision_numbers_db [None req-a95ebfe9-21a1-499d-8121-05b750725061 fa420d162eb14791b146f3624d38cc62 e8d6d75ee70e476ead7ffe8ea7c36383 - - default default] Successfully bumped revision number for resource 96ddea33-51cc-44b0-8770-4ee9511287ec (type: security_group_rules) to 0
2026-07-21 14:35:02.575 8 INFO neutron.db.ovn_revision_numbers_db [None req-a95ebfe9-21a1-499d-8121-05b750725061 fa420d162eb14791b146f3624d38cc62 e8d6d75ee70e476ead7ffe8ea7c36383 - - default default] Successfully bumped revision number for resource b5ca0cca-0416-4e0e-807f-cecefaa8ae48 (type: security_group_rules) to 0 [pid: 8|app: 0|req: 1175/2314] 10.0.0.241 () {32 vars in 774 bytes} [Tue Jul 21 14:35:02 2026] GET /v2.0/security-groups?tenant_id=c598c9286da94f6c93a8d7196a705702&name=default => generated 2929 bytes in 325 msecs (HTTP/1.1 200) 4 headers in 158 bytes (1 switches on core 0) [pid: 7|app: 0|req: 1140/2315] 10.0.0.241 () {34 vars in 666 bytes} [Tue Jul 21 14:35:02 2026] POST /v2.0/trunks => generated 409 bytes in 426 msecs (HTTP/1.1 201) 4 headers in 162 bytes (1 switches on core 0) [pid: 8|app: 0|req: 1176/2316] 10.0.0.241 () {32 vars in 740 bytes} [Tue Jul 21 14:35:02 2026] DELETE /v2.0/security-groups/43296882-6a32-4ef2-8132-ef2fe7738792 => generated 0 bytes in 230 msecs (HTTP/1.1 204) 2 headers in 112 bytes (1 switches on core 0)
2026-07-21 14:35:02.951 7 INFO neutron.db.segments_db [None req-aeaf152d-d281-435a-b05f-cb1d1d74bc97 0a5ee3d3089f42ada2d2ef8e51e5e67e 7c6924ced3484f62813de1381dc059ad - - default default] Added segment 0f99b2d0-840b-4f71-a6c2-29052efaeecc of type geneve for network af9ffaf6-8e19-4420-93b4-49e8e89f1fb6
2026-07-21 14:35:03.075 7 INFO neutron.db.ovn_revision_numbers_db [None req-aeaf152d-d281-435a-b05f-cb1d1d74bc97 0a5ee3d3089f42ada2d2ef8e51e5e67e 7c6924ced3484f62813de1381dc059ad - - default default] Successfully bumped revision number for resource af9ffaf6-8e19-4420-93b4-49e8e89f1fb6 (type: networks) to 1
2026-07-21 14:35:03.140 8 INFO neutron.db.ovn_revision_numbers_db [None req-71586805-1920-4725-b591-5c19d6e63b7a 2c71d17919d24cebb39f43983288012e fdc2666726fc444097730d53fa40251d - - default default] Successfully bumped revision number for resource ae088203-b019-468b-ac41-f3faa8178ac3 (type: security_groups) to 1
2026-07-21 14:35:03.173 8 INFO neutron.db.ovn_revision_numbers_db [None req-71586805-1920-4725-b591-5c19d6e63b7a 2c71d17919d24cebb39f43983288012e fdc2666726fc444097730d53fa40251d - - default default] Successfully bumped revision number for resource 1c8f8c6d-7a6e-49d4-9188-7d98682030dc (type: security_group_rules) to 0
2026-07-21 14:35:03.200 8 INFO neutron.db.ovn_revision_numbers_db [None req-71586805-1920-4725-b591-5c19d6e63b7a 2c71d17919d24cebb39f43983288012e fdc2666726fc444097730d53fa40251d - - default default] Successfully bumped revision number for resource 3ce6a6e5-957f-4f13-bb98-651f705c0ad2 (type: security_group_rules) to 0
2026-07-21 14:35:03.235 8 INFO neutron.db.ovn_revision_numbers_db [None req-71586805-1920-4725-b591-5c19d6e63b7a 2c71d17919d24cebb39f43983288012e fdc2666726fc444097730d53fa40251d - - default default] Successfully bumped revision number for resource 5ba4b9bc-1f41-45a2-a18b-742ad7137b54 (type: security_group_rules) to 0
2026-07-21 14:35:03.325 8 INFO neutron.db.ovn_revision_numbers_db [None req-71586805-1920-4725-b591-5c19d6e63b7a 2c71d17919d24cebb39f43983288012e fdc2666726fc444097730d53fa40251d - - default default] Successfully bumped revision number for resource 6e5e1e37-df99-4b8f-9ae3-f2d1cb2f7ec1 (type: security_group_rules) to 0
2026-07-21 14:35:03.350 8 WARNING neutron.plugins.ml2.drivers.ovn.mech_driver.ovsdb.ovn_client [None req-f539abf3-85be-4062-95af-cdc03009d17a - - - - - -] No hosting information found for port 0bd265af-9838-4074-b9cd-5cdd68cd035d: RuntimeError: No hosting information found for port 0bd265af-9838-4074-b9cd-5cdd68cd035d
2026-07-21 14:35:03.375 7 WARNING neutron.scheduler.dhcp_agent_scheduler [None req-aeaf152d-d281-435a-b05f-cb1d1d74bc97 0a5ee3d3089f42ada2d2ef8e51e5e67e 7c6924ced3484f62813de1381dc059ad - - default default] No more DHCP agents
2026-07-21 14:35:03.381 7 WARNING neutron.api.rpc.agentnotifiers.dhcp_rpc_agent_api [None req-aeaf152d-d281-435a-b05f-cb1d1d74bc97 0a5ee3d3089f42ada2d2ef8e51e5e67e 7c6924ced3484f62813de1381dc059ad - - default default] Unable to schedule network af9ffaf6-8e19-4420-93b4-49e8e89f1fb6: no agents available; will retry on subsequent port and subnet creation events.
2026-07-21 14:35:03.434 7 INFO neutron.plugins.ml2.drivers.ovn.mech_driver.mech_driver [None req-b76f77cc-03f7-484d-8a89-76a0e9ad5e8d - - - - - -] OVN reports status down for port: 837af17c-2b27-4980-a06d-c2091f978f40
2026-07-21 14:35:03.449 8 INFO neutron.common.ovn.utils [None req-f539abf3-85be-4062-95af-cdc03009d17a - - - - - -] HA Chassis Group neutron-75e7d9c0-e04b-4443-bd4d-7c136c649528 synchronized; highest priority chassis aa5544fa-03d7-4d66-989c-97d642d4a9c5
2026-07-21 14:35:03.502 7 INFO neutron.db.ovn_revision_numbers_db [None req-aeaf152d-d281-435a-b05f-cb1d1d74bc97 0a5ee3d3089f42ada2d2ef8e51e5e67e 7c6924ced3484f62813de1381dc059ad - - default default] Successfully bumped revision number for resource 837af17c-2b27-4980-a06d-c2091f978f40 (type: ports) to 1 [pid: 7|app: 0|req: 1141/2317] 10.0.0.241 () {34 vars in 670 bytes} [Tue Jul 21 14:35:02 2026] POST /v2.0/networks => generated 669 bytes in 725 msecs (HTTP/1.1 201) 4 headers in 162 bytes (1 switches on core 0)
2026-07-21 14:35:03.619 8 INFO neutron.db.ovn_revision_numbers_db [None req-71586805-1920-4725-b591-5c19d6e63b7a 2c71d17919d24cebb39f43983288012e fdc2666726fc444097730d53fa40251d - - default default] Successfully bumped revision number for resource b08d7ca9-86f8-4c03-8c5d-2bb2c1e2fb29 (type: security_groups) to 1
2026-07-21 14:35:03.652 8 INFO neutron.db.ovn_revision_numbers_db [None req-71586805-1920-4725-b591-5c19d6e63b7a 2c71d17919d24cebb39f43983288012e fdc2666726fc444097730d53fa40251d - - default default] Successfully bumped revision number for resource 6affbd4f-5168-475f-b002-9b69333a35ff (type: security_group_rules) to 0
2026-07-21 14:35:03.670 8 INFO neutron.db.ovn_revision_numbers_db [None req-f539abf3-85be-4062-95af-cdc03009d17a - - - - - -] Successfully bumped revision number for resource 0bd265af-9838-4074-b9cd-5cdd68cd035d (type: router_ports) to 2
2026-07-21 14:35:03.671 8 INFO neutron.plugins.ml2.drivers.ovn.mech_driver.mech_driver [None req-f539abf3-85be-4062-95af-cdc03009d17a - - - - - -] OVN reports status down for port: 9e89eef6-9949-4c05-8249-617b3adaf88d
2026-07-21 14:35:03.675 8 INFO neutron.db.ovn_revision_numbers_db [None req-71586805-1920-4725-b591-5c19d6e63b7a 2c71d17919d24cebb39f43983288012e fdc2666726fc444097730d53fa40251d - - default default] Successfully bumped revision number for resource da40e7f4-ba9d-4f2d-9e22-1dffffb052db (type: security_group_rules) to 0 [pid: 8|app: 0|req: 1177/2318] 10.0.0.241 () {34 vars in 684 bytes} [Tue Jul 21 14:35:02 2026] POST /v2.0/security-groups => generated 1603 bytes in 908 msecs (HTTP/1.1 201) 4 headers in 163 bytes (1 switches on core 0)
2026-07-21 14:35:03.823 8 WARNING neutron.plugins.ml2.drivers.ovn.mech_driver.ovsdb.ovn_client [None req-f539abf3-85be-4062-95af-cdc03009d17a - - - - - -] Logical_Switch_Port 9e89eef6-9949-4c05-8249-617b3adaf88d host information not removed, the port state is up
2026-07-21 14:35:03.823 8 INFO neutron.plugins.ml2.drivers.ovn.mech_driver.mech_driver [None req-f539abf3-85be-4062-95af-cdc03009d17a - - - - - -] OVN reports status up for port: 9e89eef6-9949-4c05-8249-617b3adaf88d
2026-07-21 14:35:03.837 8 WARNING tagging [None req-4e68cd63-56ca-4ddd-a82f-e022ea4b7f2f 2c71d17919d24cebb39f43983288012e fdc2666726fc444097730d53fa40251d - - default default] project_id key not found in request, using tenant_id instead. This support has been deprecated and will be removed in a future release.
2026-07-21 14:35:03.856 8 INFO neutron.plugins.ml2.plugin [None req-f539abf3-85be-4062-95af-cdc03009d17a - - - - - -] Attempt 1 to provision port 9e89eef6-9949-4c05-8249-617b3adaf88d
2026-07-21 14:35:03.877 7 WARNING neutron.scheduler.dhcp_agent_scheduler [None req-20063c21-bbbc-41fa-8dec-a63d62967bdb 0a5ee3d3089f42ada2d2ef8e51e5e67e 7c6924ced3484f62813de1381dc059ad - - default default] No more DHCP agents
2026-07-21 14:35:03.878 7 WARNING neutron.api.rpc.agentnotifiers.dhcp_rpc_agent_api [None req-20063c21-bbbc-41fa-8dec-a63d62967bdb 0a5ee3d3089f42ada2d2ef8e51e5e67e 7c6924ced3484f62813de1381dc059ad - - default default] Unable to schedule network af9ffaf6-8e19-4420-93b4-49e8e89f1fb6: no agents available; will retry on subsequent port and subnet creation events. [pid: 8|app: 0|req: 1178/2319] 10.0.0.241 () {34 vars in 767 bytes} [Tue Jul 21 14:35:03 2026] PUT /v2.0/security-groups/b08d7ca9-86f8-4c03-8c5d-2bb2c1e2fb29/tags => generated 25 bytes in 120 msecs (HTTP/1.1 200) 4 headers in 156 bytes (1 switches on core 0)
2026-07-21 14:35:03.952 7 INFO neutron.plugins.ml2.drivers.ovn.mech_driver.mech_driver [None req-b76f77cc-03f7-484d-8a89-76a0e9ad5e8d - - - - - -] OVN reports status down for port: 2db1c630-9872-4a98-87c9-935f9768f914
2026-07-21 14:35:03.974 8 WARNING tagging [None req-218aba2b-4154-42cf-bda5-5b3899e77b03 2c71d17919d24cebb39f43983288012e fdc2666726fc444097730d53fa40251d - - default default] project_id key not found in request, using tenant_id instead. This support has been deprecated and will be removed in a future release. [pid: 8|app: 0|req: 1179/2320] 10.0.0.241 () {32 vars in 747 bytes} [Tue Jul 21 14:35:03 2026] GET /v2.0/security-groups/b08d7ca9-86f8-4c03-8c5d-2bb2c1e2fb29/tags => generated 25 bytes in 97 msecs (HTTP/1.1 200) 4 headers in 156 bytes (1 switches on core 0)
2026-07-21 14:35:04.005 7 INFO neutron.db.ovn_revision_numbers_db [None req-20063c21-bbbc-41fa-8dec-a63d62967bdb 0a5ee3d3089f42ada2d2ef8e51e5e67e 7c6924ced3484f62813de1381dc059ad - - default default] Successfully bumped revision number for resource 2db1c630-9872-4a98-87c9-935f9768f914 (type: ports) to 1 [pid: 7|app: 0|req: 1142/2321] 10.0.0.241 () {34 vars in 664 bytes} [Tue Jul 21 14:35:03 2026] POST /v2.0/ports => generated 743 bytes in 475 msecs (HTTP/1.1 201) 4 headers in 162 bytes (1 switches on core 0) /var/lib/openstack/lib/python3.12/site-packages/pycadf/identifier.py:70: UserWarning: Invalid uuid: neutron. To ensure interoperability, identifiers should be a valid uuid. warnings.warn(('Invalid uuid: %s. To ensure interoperability, '
2026-07-21 14:35:04.059 8 WARNING tagging [None req-19d371cd-ef94-4055-be07-6246b7a612d7 2c71d17919d24cebb39f43983288012e fdc2666726fc444097730d53fa40251d - - default default] project_id key not found in request, using tenant_id instead. This support has been deprecated and will be removed in a future release. [pid: 8|app: 0|req: 1180/2322] 10.0.0.241 () {34 vars in 778 bytes} [Tue Jul 21 14:35:04 2026] PUT /v2.0/security-groups/b08d7ca9-86f8-4c03-8c5d-2bb2c1e2fb29/tags/green => generated 4 bytes in 137 msecs (HTTP/1.1 201) 4 headers in 160 bytes (1 switches on core 0)
2026-07-21 14:35:04.213 8 WARNING tagging [None req-83f77d48-bdfe-4d26-8c54-a9ced65656ae 2c71d17919d24cebb39f43983288012e fdc2666726fc444097730d53fa40251d - - default default] project_id key not found in request, using tenant_id instead. This support has been deprecated and will be removed in a future release. [pid: 8|app: 0|req: 1181/2323] 10.0.0.241 () {32 vars in 747 bytes} [Tue Jul 21 14:35:04 2026] GET /v2.0/security-groups/b08d7ca9-86f8-4c03-8c5d-2bb2c1e2fb29/tags => generated 34 bytes in 93 msecs (HTTP/1.1 200) 4 headers in 156 bytes (1 switches on core 0)
2026-07-21 14:35:04.311 8 WARNING tagging [None req-fdcba7ed-499d-40ec-9386-b33b5693e9ef 2c71d17919d24cebb39f43983288012e fdc2666726fc444097730d53fa40251d - - default default] project_id key not found in request, using tenant_id instead. This support has been deprecated and will be removed in a future release. [pid: 7|app: 0|req: 1143/2324] 10.0.0.241 () {34 vars in 666 bytes} [Tue Jul 21 14:35:04 2026] POST /v2.0/trunks => generated 409 bytes in 262 msecs (HTTP/1.1 201) 4 headers in 162 bytes (1 switches on core 0) [pid: 8|app: 0|req: 1182/2325] 10.0.0.241 () {34 vars in 774 bytes} [Tue Jul 21 14:35:04 2026] PUT /v2.0/security-groups/b08d7ca9-86f8-4c03-8c5d-2bb2c1e2fb29/tags/red => generated 4 bytes in 124 msecs (HTTP/1.1 201) 4 headers in 160 bytes (1 switches on core 0)
2026-07-21 14:35:04.438 7 INFO neutron.db.segments_db [None req-12135b3e-617c-46dd-934c-69394c3488c4 0a5ee3d3089f42ada2d2ef8e51e5e67e 7c6924ced3484f62813de1381dc059ad - - default default] Added segment 409197d7-d451-4dfd-8e4e-56e2ae715669 of type geneve for network 12071837-0c06-4e21-b9d8-52b5495ed2e4
2026-07-21 14:35:04.464 8 WARNING tagging [None req-e564f832-f7ff-419d-a090-a5b5da06a8d8 2c71d17919d24cebb39f43983288012e fdc2666726fc444097730d53fa40251d - - default default] project_id key not found in request, using tenant_id instead. This support has been deprecated and will be removed in a future release. [pid: 8|app: 0|req: 1183/2326] 10.0.0.241 () {32 vars in 747 bytes} [Tue Jul 21 14:35:04 2026] GET /v2.0/security-groups/b08d7ca9-86f8-4c03-8c5d-2bb2c1e2fb29/tags => generated 34 bytes in 125 msecs (HTTP/1.1 200) 4 headers in 156 bytes (1 switches on core 0)
2026-07-21 14:35:04.580 8 WARNING tagging [None req-ed6ed413-a2b0-4861-a4ed-c67a13d7d353 2c71d17919d24cebb39f43983288012e fdc2666726fc444097730d53fa40251d - - default default] project_id key not found in request, using tenant_id instead. This support has been deprecated and will be removed in a future release.
2026-07-21 14:35:04.648 7 INFO neutron.db.ovn_revision_numbers_db [None req-12135b3e-617c-46dd-934c-69394c3488c4 0a5ee3d3089f42ada2d2ef8e51e5e67e 7c6924ced3484f62813de1381dc059ad - - default default] Successfully bumped revision number for resource 12071837-0c06-4e21-b9d8-52b5495ed2e4 (type: networks) to 1 [pid: 8|app: 0|req: 1184/2327] 10.0.0.241 () {34 vars in 796 bytes} [Tue Jul 21 14:35:04 2026] PUT /v2.0/security-groups/b08d7ca9-86f8-4c03-8c5d-2bb2c1e2fb29/tags/black.or.white => generated 4 bytes in 189 msecs (HTTP/1.1 201) 4 headers in 160 bytes (1 switches on core 0)
2026-07-21 14:35:04.756 8 WARNING tagging [None req-438fa9c9-8a4b-4fd3-ac40-6ab209b237d0 2c71d17919d24cebb39f43983288012e fdc2666726fc444097730d53fa40251d - - default default] project_id key not found in request, using tenant_id instead. This support has been deprecated and will be removed in a future release. [pid: 8|app: 0|req: 1185/2328] 10.0.0.241 () {32 vars in 747 bytes} [Tue Jul 21 14:35:04 2026] GET /v2.0/security-groups/b08d7ca9-86f8-4c03-8c5d-2bb2c1e2fb29/tags => generated 52 bytes in 77 msecs (HTTP/1.1 200) 4 headers in 156 bytes (1 switches on core 0)
2026-07-21 14:35:04.795 8 INFO neutron.db.ovn_revision_numbers_db [None req-f539abf3-85be-4062-95af-cdc03009d17a - - - - - -] Successfully bumped revision number for resource 9e89eef6-9949-4c05-8249-617b3adaf88d (type: ports) to 2
2026-07-21 14:35:04.824 8 WARNING tagging [None req-d7d82a74-3a99-4c9a-aab2-53362150df3b 2c71d17919d24cebb39f43983288012e fdc2666726fc444097730d53fa40251d - - default default] project_id key not found in request, using tenant_id instead. This support has been deprecated and will be removed in a future release.
2026-07-21 14:35:04.887 7 WARNING neutron.scheduler.dhcp_agent_scheduler [None req-12135b3e-617c-46dd-934c-69394c3488c4 0a5ee3d3089f42ada2d2ef8e51e5e67e 7c6924ced3484f62813de1381dc059ad - - default default] No more DHCP agents
2026-07-21 14:35:04.889 7 WARNING neutron.api.rpc.agentnotifiers.dhcp_rpc_agent_api [None req-12135b3e-617c-46dd-934c-69394c3488c4 0a5ee3d3089f42ada2d2ef8e51e5e67e 7c6924ced3484f62813de1381dc059ad - - default default] Unable to schedule network 12071837-0c06-4e21-b9d8-52b5495ed2e4: no agents available; will retry on subsequent port and subnet creation events. [pid: 8|app: 0|req: 1186/2329] 10.0.0.241 () {34 vars in 767 bytes} [Tue Jul 21 14:35:04 2026] PUT /v2.0/security-groups/b08d7ca9-86f8-4c03-8c5d-2bb2c1e2fb29/tags => generated 37 bytes in 121 msecs (HTTP/1.1 200) 4 headers in 156 bytes (1 switches on core 0)
2026-07-21 14:35:04.937 7 INFO neutron.plugins.ml2.drivers.ovn.mech_driver.mech_driver [None req-b76f77cc-03f7-484d-8a89-76a0e9ad5e8d - - - - - -] OVN reports status down for port: 781fa636-06b8-459a-a9ab-43ce373baac9
2026-07-21 14:35:04.972 8 WARNING tagging [None req-5030bd3e-64b5-47e1-ba04-348a024e3786 2c71d17919d24cebb39f43983288012e fdc2666726fc444097730d53fa40251d - - default default] project_id key not found in request, using tenant_id instead. This support has been deprecated and will be removed in a future release. [pid: 8|app: 0|req: 1187/2330] 10.0.0.241 () {32 vars in 747 bytes} [Tue Jul 21 14:35:04 2026] GET /v2.0/security-groups/b08d7ca9-86f8-4c03-8c5d-2bb2c1e2fb29/tags => generated 37 bytes in 93 msecs (HTTP/1.1 200) 4 headers in 156 bytes (1 switches on core 0)
2026-07-21 14:35:05.014 7 INFO neutron.db.ovn_revision_numbers_db [None req-12135b3e-617c-46dd-934c-69394c3488c4 0a5ee3d3089f42ada2d2ef8e51e5e67e 7c6924ced3484f62813de1381dc059ad - - default default] Successfully bumped revision number for resource 781fa636-06b8-459a-a9ab-43ce373baac9 (type: ports) to 1
2026-07-21 14:35:05.037 8 WARNING tagging [None req-d06b2c06-fb0f-44d9-a755-7e49fd11f1dc 2c71d17919d24cebb39f43983288012e fdc2666726fc444097730d53fa40251d - - default default] project_id key not found in request, using tenant_id instead. This support has been deprecated and will be removed in a future release. [pid: 8|app: 0|req: 1188/2331] 10.0.0.241 () {32 vars in 755 bytes} [Tue Jul 21 14:35:05 2026] GET /v2.0/security-groups/b08d7ca9-86f8-4c03-8c5d-2bb2c1e2fb29/tags/red => generated 0 bytes in 41 msecs (HTTP/1.1 204) 2 headers in 112 bytes (1 switches on core 0) [pid: 7|app: 0|req: 1144/2332] 10.0.0.241 () {34 vars in 670 bytes} [Tue Jul 21 14:35:04 2026] POST /v2.0/networks => generated 669 bytes in 745 msecs (HTTP/1.1 201) 4 headers in 162 bytes (1 switches on core 0)
2026-07-21 14:35:05.111 8 WARNING tagging [None req-b368942b-8669-4875-bf12-28d0cbbde4ac 2c71d17919d24cebb39f43983288012e fdc2666726fc444097730d53fa40251d - - default default] project_id key not found in request, using tenant_id instead. This support has been deprecated and will be removed in a future release.
2026-07-21 14:35:05.127 8 INFO neutron.api.v2.resource [None req-b368942b-8669-4875-bf12-28d0cbbde4ac 2c71d17919d24cebb39f43983288012e fdc2666726fc444097730d53fa40251d - - default default] show failed (client error): The resource could not be found. [pid: 8|app: 0|req: 1189/2333] 10.0.0.241 () {32 vars in 759 bytes} [Tue Jul 21 14:35:05 2026] GET /v2.0/security-groups/b08d7ca9-86f8-4c03-8c5d-2bb2c1e2fb29/tags/green => generated 99 bytes in 76 msecs (HTTP/1.1 404) 4 headers in 163 bytes (1 switches on core 0)
2026-07-21 14:35:05.174 8 WARNING tagging [None req-71fc23cd-e587-42ee-8a2d-8258a1511250 2c71d17919d24cebb39f43983288012e fdc2666726fc444097730d53fa40251d - - default default] project_id key not found in request, using tenant_id instead. This support has been deprecated and will be removed in a future release. [pid: 8|app: 0|req: 1190/2334] 10.0.0.241 () {32 vars in 758 bytes} [Tue Jul 21 14:35:05 2026] DELETE /v2.0/security-groups/b08d7ca9-86f8-4c03-8c5d-2bb2c1e2fb29/tags/red => generated 0 bytes in 108 msecs (HTTP/1.1 204) 2 headers in 112 bytes (1 switches on core 0)
2026-07-21 14:35:05.284 8 WARNING tagging [None req-4cc383ba-a873-49a0-ba22-e2815057d2bb 2c71d17919d24cebb39f43983288012e fdc2666726fc444097730d53fa40251d - - default default] project_id key not found in request, using tenant_id instead. This support has been deprecated and will be removed in a future release. [pid: 8|app: 0|req: 1191/2335] 10.0.0.241 () {32 vars in 747 bytes} [Tue Jul 21 14:35:05 2026] GET /v2.0/security-groups/b08d7ca9-86f8-4c03-8c5d-2bb2c1e2fb29/tags => generated 30 bytes in 50 msecs (HTTP/1.1 200) 4 headers in 156 bytes (1 switches on core 0)
2026-07-21 14:35:05.333 8 WARNING tagging [None req-25e7817a-43ec-4173-91bb-13eb7e02d977 2c71d17919d24cebb39f43983288012e fdc2666726fc444097730d53fa40251d - - default default] project_id key not found in request, using tenant_id instead. This support has been deprecated and will be removed in a future release.
2026-07-21 14:35:05.351 8 INFO neutron.api.v2.resource [None req-25e7817a-43ec-4173-91bb-13eb7e02d977 2c71d17919d24cebb39f43983288012e fdc2666726fc444097730d53fa40251d - - default default] delete failed (client error): The resource could not be found. [pid: 8|app: 0|req: 1192/2336] 10.0.0.241 () {32 vars in 762 bytes} [Tue Jul 21 14:35:05 2026] DELETE /v2.0/security-groups/b08d7ca9-86f8-4c03-8c5d-2bb2c1e2fb29/tags/green => generated 99 bytes in 47 msecs (HTTP/1.1 404) 4 headers in 163 bytes (1 switches on core 0)
2026-07-21 14:35:05.391 8 WARNING tagging [None req-b050abb6-472f-4255-a232-7967059611bb 2c71d17919d24cebb39f43983288012e fdc2666726fc444097730d53fa40251d - - default default] project_id key not found in request, using tenant_id instead. This support has been deprecated and will be removed in a future release.
2026-07-21 14:35:05.392 7 WARNING neutron.scheduler.dhcp_agent_scheduler [None req-c30845d6-f697-48ff-b0bf-0a8c75155c64 0a5ee3d3089f42ada2d2ef8e51e5e67e 7c6924ced3484f62813de1381dc059ad - - default default] No more DHCP agents
2026-07-21 14:35:05.394 7 WARNING neutron.api.rpc.agentnotifiers.dhcp_rpc_agent_api [None req-c30845d6-f697-48ff-b0bf-0a8c75155c64 0a5ee3d3089f42ada2d2ef8e51e5e67e 7c6924ced3484f62813de1381dc059ad - - default default] Unable to schedule network 12071837-0c06-4e21-b9d8-52b5495ed2e4: no agents available; will retry on subsequent port and subnet creation events. [pid: 8|app: 0|req: 1193/2337] 10.0.0.241 () {32 vars in 750 bytes} [Tue Jul 21 14:35:05 2026] DELETE /v2.0/security-groups/b08d7ca9-86f8-4c03-8c5d-2bb2c1e2fb29/tags => generated 0 bytes in 62 msecs (HTTP/1.1 204) 2 headers in 112 bytes (1 switches on core 0)
2026-07-21 14:35:05.483 8 WARNING tagging [None req-6d032493-225f-469d-8f6c-ab081c49be29 2c71d17919d24cebb39f43983288012e fdc2666726fc444097730d53fa40251d - - default default] project_id key not found in request, using tenant_id instead. This support has been deprecated and will be removed in a future release.
2026-07-21 14:35:05.492 7 INFO neutron.db.ovn_revision_numbers_db [None req-c30845d6-f697-48ff-b0bf-0a8c75155c64 0a5ee3d3089f42ada2d2ef8e51e5e67e 7c6924ced3484f62813de1381dc059ad - - default default] Successfully bumped revision number for resource a9b7bb1d-e345-47ba-9eac-01ad10f3721d (type: ports) to 1 [pid: 8|app: 0|req: 1194/2338] 10.0.0.241 () {32 vars in 747 bytes} [Tue Jul 21 14:35:05 2026] GET /v2.0/security-groups/b08d7ca9-86f8-4c03-8c5d-2bb2c1e2fb29/tags => generated 12 bytes in 74 msecs (HTTP/1.1 200) 4 headers in 156 bytes (1 switches on core 0) [pid: 7|app: 0|req: 1145/2339] 10.0.0.241 () {34 vars in 664 bytes} [Tue Jul 21 14:35:05 2026] POST /v2.0/ports => generated 743 bytes in 457 msecs (HTTP/1.1 201) 4 headers in 162 bytes (1 switches on core 0) /var/lib/openstack/lib/python3.12/site-packages/pycadf/identifier.py:70: UserWarning: Invalid uuid: neutron. To ensure interoperability, identifiers should be a valid uuid. warnings.warn(('Invalid uuid: %s. To ensure interoperability, ' [pid: 8|app: 0|req: 1195/2340] 10.0.0.241 () {32 vars in 740 bytes} [Tue Jul 21 14:35:05 2026] DELETE /v2.0/security-groups/b08d7ca9-86f8-4c03-8c5d-2bb2c1e2fb29 => generated 0 bytes in 183 msecs (HTTP/1.1 204) 2 headers in 112 bytes (1 switches on core 0) [pid: 7|app: 0|req: 1146/2341] 10.0.0.241 () {34 vars in 666 bytes} [Tue Jul 21 14:35:05 2026] POST /v2.0/trunks => generated 409 bytes in 231 msecs (HTTP/1.1 201) 4 headers in 162 bytes (1 switches on core 0)
2026-07-21 14:35:05.870 8 INFO neutron.db.segments_db [None req-8688a792-b0b4-455e-87dd-7fbbc965db8b 0a5ee3d3089f42ada2d2ef8e51e5e67e 7c6924ced3484f62813de1381dc059ad - - default default] Added segment 37ae011e-7ffe-4b99-acc4-40c0f562d7d1 of type geneve for network 761f5544-f0ff-4121-88cd-8c6cc1758d13
2026-07-21 14:35:06.022 8 INFO neutron.db.ovn_revision_numbers_db [None req-8688a792-b0b4-455e-87dd-7fbbc965db8b 0a5ee3d3089f42ada2d2ef8e51e5e67e 7c6924ced3484f62813de1381dc059ad - - default default] Successfully bumped revision number for resource 761f5544-f0ff-4121-88cd-8c6cc1758d13 (type: networks) to 1 [pid: 7|app: 0|req: 1147/2342] 10.0.0.228 () {34 vars in 1070 bytes} [Tue Jul 21 14:35:06 2026] GET /v2.0/ports?fields=security_groups&fields=device_id&device_id=91a176cb-2959-4ba8-83a0-b7b5d0bd071c => generated 12 bytes in 26 msecs (HTTP/1.1 200) 4 headers in 156 bytes (1 switches on core 0)
2026-07-21 14:35:06.224 8 WARNING neutron.scheduler.dhcp_agent_scheduler [None req-8688a792-b0b4-455e-87dd-7fbbc965db8b 0a5ee3d3089f42ada2d2ef8e51e5e67e 7c6924ced3484f62813de1381dc059ad - - default default] No more DHCP agents
2026-07-21 14:35:06.226 8 WARNING neutron.api.rpc.agentnotifiers.dhcp_rpc_agent_api [None req-8688a792-b0b4-455e-87dd-7fbbc965db8b 0a5ee3d3089f42ada2d2ef8e51e5e67e 7c6924ced3484f62813de1381dc059ad - - default default] Unable to schedule network 761f5544-f0ff-4121-88cd-8c6cc1758d13: no agents available; will retry on subsequent port and subnet creation events.
2026-07-21 14:35:06.312 8 INFO neutron.db.ovn_revision_numbers_db [None req-8688a792-b0b4-455e-87dd-7fbbc965db8b 0a5ee3d3089f42ada2d2ef8e51e5e67e 7c6924ced3484f62813de1381dc059ad - - default default] Successfully bumped revision number for resource 3dc422ad-cfbe-4239-878f-de8ad04d9a18 (type: ports) to 1 [pid: 8|app: 0|req: 1196/2343] 10.0.0.241 () {34 vars in 670 bytes} [Tue Jul 21 14:35:05 2026] POST /v2.0/networks => generated 669 bytes in 574 msecs (HTTP/1.1 201) 4 headers in 162 bytes (1 switches on core 0)
2026-07-21 14:35:06.635 8 WARNING neutron.db.securitygroups_db [None req-22db2230-f5f8-4f64-a19a-0d75ae93a881 fa420d162eb14791b146f3624d38cc62 e8d6d75ee70e476ead7ffe8ea7c36383 - - default default] project_id key not found in filters, using tenant_id instead. This support has been deprecated and will be removed in a future release.
2026-07-21 14:35:06.645 7 WARNING neutron.scheduler.dhcp_agent_scheduler [None req-0b4b9128-ceb3-4b83-9feb-92e9336b2e8b 0a5ee3d3089f42ada2d2ef8e51e5e67e 7c6924ced3484f62813de1381dc059ad - - default default] No more DHCP agents
2026-07-21 14:35:06.646 7 WARNING neutron.api.rpc.agentnotifiers.dhcp_rpc_agent_api [None req-0b4b9128-ceb3-4b83-9feb-92e9336b2e8b 0a5ee3d3089f42ada2d2ef8e51e5e67e 7c6924ced3484f62813de1381dc059ad - - default default] Unable to schedule network 761f5544-f0ff-4121-88cd-8c6cc1758d13: no agents available; will retry on subsequent port and subnet creation events.
2026-07-21 14:35:06.734 7 INFO neutron.db.ovn_revision_numbers_db [None req-0b4b9128-ceb3-4b83-9feb-92e9336b2e8b 0a5ee3d3089f42ada2d2ef8e51e5e67e 7c6924ced3484f62813de1381dc059ad - - default default] Successfully bumped revision number for resource 6b9ab63b-b0dc-4e69-b47f-276c1ed04d34 (type: ports) to 1 [pid: 7|app: 0|req: 1148/2344] 10.0.0.241 () {34 vars in 664 bytes} [Tue Jul 21 14:35:06 2026] POST /v2.0/ports => generated 743 bytes in 418 msecs (HTTP/1.1 201) 4 headers in 162 bytes (1 switches on core 0)
2026-07-21 14:35:06.827 8 INFO neutron.db.ovn_revision_numbers_db [None req-22db2230-f5f8-4f64-a19a-0d75ae93a881 fa420d162eb14791b146f3624d38cc62 e8d6d75ee70e476ead7ffe8ea7c36383 - - default default] Successfully bumped revision number for resource 68716bfe-8f29-476e-8299-a4f1e9feb56c (type: security_groups) to 1
2026-07-21 14:35:06.847 8 INFO neutron.db.ovn_revision_numbers_db [None req-22db2230-f5f8-4f64-a19a-0d75ae93a881 fa420d162eb14791b146f3624d38cc62 e8d6d75ee70e476ead7ffe8ea7c36383 - - default default] Successfully bumped revision number for resource 4b23e579-aca1-48d6-9403-975d1679264e (type: security_group_rules) to 0
2026-07-21 14:35:06.863 8 INFO neutron.db.ovn_revision_numbers_db [None req-22db2230-f5f8-4f64-a19a-0d75ae93a881 fa420d162eb14791b146f3624d38cc62 e8d6d75ee70e476ead7ffe8ea7c36383 - - default default] Successfully bumped revision number for resource 4c59ff55-888d-4c2d-a2eb-e3b335923af8 (type: security_group_rules) to 0
2026-07-21 14:35:06.884 8 INFO neutron.db.ovn_revision_numbers_db [None req-22db2230-f5f8-4f64-a19a-0d75ae93a881 fa420d162eb14791b146f3624d38cc62 e8d6d75ee70e476ead7ffe8ea7c36383 - - default default] Successfully bumped revision number for resource c5ecd277-ddcb-40cc-bc2b-3212d904f78f (type: security_group_rules) to 0
2026-07-21 14:35:06.902 8 INFO neutron.db.ovn_revision_numbers_db [None req-22db2230-f5f8-4f64-a19a-0d75ae93a881 fa420d162eb14791b146f3624d38cc62 e8d6d75ee70e476ead7ffe8ea7c36383 - - default default] Successfully bumped revision number for resource ca3c3298-5790-4382-b872-7549e117227a (type: security_group_rules) to 0 /var/lib/openstack/lib/python3.12/site-packages/pycadf/identifier.py:70: UserWarning: Invalid uuid: neutron. To ensure interoperability, identifiers should be a valid uuid. warnings.warn(('Invalid uuid: %s. To ensure interoperability, ' [pid: 8|app: 0|req: 1197/2345] 10.0.0.241 () {32 vars in 774 bytes} [Tue Jul 21 14:35:06 2026] GET /v2.0/security-groups?tenant_id=3781c8705cfd4344b37e9733a731d958&name=default => generated 2929 bytes in 434 msecs (HTTP/1.1 200) 4 headers in 158 bytes (1 switches on core 0)
2026-07-21 14:35:07.127 7 INFO neutron.db.ovn_revision_numbers_db [None req-443289ac-5e7c-4e71-8183-816393811cb9 c2d058bf84834dac84ea3a7cbd9f37b6 8762f2d202b14bd5a72ff25e702c3139 - - default default] Successfully bumped revision number for resource 26bc0188-1b71-47cb-ac92-04caac9e0887 (type: security_groups) to 1
2026-07-21 14:35:07.145 7 INFO neutron.db.ovn_revision_numbers_db [None req-443289ac-5e7c-4e71-8183-816393811cb9 c2d058bf84834dac84ea3a7cbd9f37b6 8762f2d202b14bd5a72ff25e702c3139 - - default default] Successfully bumped revision number for resource 14607c98-ddc4-42ee-93bb-bb6c47aeedc7 (type: security_group_rules) to 0
