2026-07-21 14:33:43.402 8 INFO neutron.db.ovn_revision_numbers_db [None req-84ac6530-921d-4d23-8d90-608b43c0e403 fa420d162eb14791b146f3624d38cc62 e8d6d75ee70e476ead7ffe8ea7c36383 - - default default] Successfully bumped revision number for resource 2def0b6d-9893-495c-a17b-e0cc2bbf5ee1 (type: security_group_rules) to 0
2026-07-21 14:33:43.424 8 INFO neutron.db.ovn_revision_numbers_db [None req-84ac6530-921d-4d23-8d90-608b43c0e403 fa420d162eb14791b146f3624d38cc62 e8d6d75ee70e476ead7ffe8ea7c36383 - - default default] Successfully bumped revision number for resource 3813d3dc-448a-43f3-ae13-89b64e585e37 (type: security_group_rules) to 0
2026-07-21 14:33:43.439 8 INFO neutron.db.ovn_revision_numbers_db [None req-84ac6530-921d-4d23-8d90-608b43c0e403 fa420d162eb14791b146f3624d38cc62 e8d6d75ee70e476ead7ffe8ea7c36383 - - default default] Successfully bumped revision number for resource cb041070-4dd6-4029-a1b2-d12f223d2359 (type: security_group_rules) to 0
2026-07-21 14:33:43.470 8 INFO neutron.db.ovn_revision_numbers_db [None req-84ac6530-921d-4d23-8d90-608b43c0e403 fa420d162eb14791b146f3624d38cc62 e8d6d75ee70e476ead7ffe8ea7c36383 - - default default] Successfully bumped revision number for resource dc4bfdf7-df79-4f56-a192-cfdfae8e0f42 (type: security_group_rules) to 0 [pid: 8|app: 0|req: 906/1779] 10.0.0.241 () {32 vars in 774 bytes} [Tue Jul 21 14:33:43 2026] GET /v2.0/security-groups?tenant_id=41f3bd1603954b70b6190a2851bc1788&name=default => generated 2925 bytes in 480 msecs (HTTP/1.1 200) 4 headers in 158 bytes (1 switches on core 0)
2026-07-21 14:33:43.562 7 INFO neutron.db.ovn_revision_numbers_db [None req-7667735c-bffc-46b4-bf54-be5dc10f6cc0 - - - - - -] Successfully bumped revision number for resource 58806cc2-853c-4e9e-ad46-763cfc204043 (type: ports) to 4 [pid: 8|app: 0|req: 907/1780] 10.0.0.241 () {32 vars in 676 bytes} [Tue Jul 21 14:33:43 2026] GET /v2.0/networks?tags-any=blue => generated 1337 bytes in 58 msecs (HTTP/1.1 200) 4 headers in 158 bytes (1 switches on core 0)
2026-07-21 14:33:43.626 7 INFO neutron.plugins.ml2.drivers.ovn.mech_driver.mech_driver [None req-5867372d-7d73-480b-ae00-cf23ac664e19 - - - - - -] OVN reports status down for port: 7b30b544-a4a6-481f-9770-c94794109f4e [pid: 8|app: 0|req: 908/1781] 10.0.0.241 () {32 vars in 740 bytes} [Tue Jul 21 14:33:43 2026] DELETE /v2.0/security-groups/1d33c978-d863-4e53-90b1-0da46fab99a8 => generated 0 bytes in 197 msecs (HTTP/1.1 204) 2 headers in 112 bytes (1 switches on core 0) [pid: 8|app: 0|req: 909/1782] 10.0.0.241 () {32 vars in 688 bytes} [Tue Jul 21 14:33:43 2026] GET /v2.0/networks?tags-any=red%2Cblue => generated 1988 bytes in 40 msecs (HTTP/1.1 200) 4 headers in 158 bytes (1 switches on core 0) [pid: 8|app: 0|req: 910/1783] 10.0.0.241 () {32 vars in 674 bytes} [Tue Jul 21 14:33:43 2026] GET /v2.0/networks?not-tags=red => generated 1987 bytes in 83 msecs (HTTP/1.1 200) 4 headers in 158 bytes (1 switches on core 0)
2026-07-21 14:33:43.950 7 WARNING neutron.plugins.ml2.drivers.ovn.mech_driver.ovsdb.ovn_client [None req-5867372d-7d73-480b-ae00-cf23ac664e19 - - - - - -] Logical_Switch_Port 7b30b544-a4a6-481f-9770-c94794109f4e host information not removed, the port state is up
2026-07-21 14:33:43.951 7 INFO neutron.plugins.ml2.drivers.ovn.mech_driver.mech_driver [None req-5867372d-7d73-480b-ae00-cf23ac664e19 - - - - - -] OVN reports status up for port: 7b30b544-a4a6-481f-9770-c94794109f4e
2026-07-21 14:33:44.002 7 INFO neutron.plugins.ml2.plugin [None req-5867372d-7d73-480b-ae00-cf23ac664e19 - - - - - -] Attempt 1 to provision port 7b30b544-a4a6-481f-9770-c94794109f4e [pid: 8|app: 0|req: 911/1784] 10.0.0.241 () {32 vars in 688 bytes} [Tue Jul 21 14:33:43 2026] GET /v2.0/networks?not-tags=red%2Cblue => generated 2638 bytes in 83 msecs (HTTP/1.1 200) 4 headers in 158 bytes (1 switches on core 0) [pid: 7|app: 0|req: 874/1785] 10.0.0.241 () {34 vars in 676 bytes} [Tue Jul 21 14:33:41 2026] POST /v2.0/floatingips => generated 552 bytes in 2120 msecs (HTTP/1.1 201) 4 headers in 162 bytes (1 switches on core 0) [pid: 8|app: 0|req: 912/1786] 10.0.0.241 () {32 vars in 684 bytes} [Tue Jul 21 14:33:44 2026] GET /v2.0/networks?not-tags-any=blue => generated 2638 bytes in 83 msecs (HTTP/1.1 200) 4 headers in 158 bytes (1 switches on core 0)
2026-07-21 14:33:44.134 7 WARNING tagging [None req-81c94f9c-0813-4dcd-8b20-05a92775623d 50632df3834544ddbf3c7286c86003bf 701dbfeb95bc4cbdb37c375bd1a8ac3f - - default default] project_id key not found in request, using tenant_id instead. This support has been deprecated and will be removed in a future release. [pid: 8|app: 0|req: 913/1787] 10.0.0.241 () {32 vars in 696 bytes} [Tue Jul 21 14:33:44 2026] GET /v2.0/networks?not-tags-any=red%2Cblue => generated 1987 bytes in 70 msecs (HTTP/1.1 200) 4 headers in 158 bytes (1 switches on core 0) [pid: 7|app: 0|req: 875/1788] 10.0.0.241 () {34 vars in 759 bytes} [Tue Jul 21 14:33:44 2026] PUT /v2.0/floatingips/2eef54ea-4f6d-4f29-ad63-4d0b456dffb9/tags => generated 17 bytes in 223 msecs (HTTP/1.1 200) 4 headers in 156 bytes (1 switches on core 0)
2026-07-21 14:33:44.370 8 INFO neutron_taas.services.taas.taas_plugin [None req-2da41c12-555f-4ad4-b905-2a0fb66ebc95 55fb3d990bd843d8a8d3a9c87474e547 ca4f0c4f4e8a4af08d863516e298d5d2 - - default default] TaaS: Handle Delete Port: 571a8a3a-aa91-4282-b887-d1a6a6128699
2026-07-21 14:33:44.374 8 INFO neutron_taas.services.taas.tap_mirror_plugin [None req-2da41c12-555f-4ad4-b905-2a0fb66ebc95 55fb3d990bd843d8a8d3a9c87474e547 ca4f0c4f4e8a4af08d863516e298d5d2 - - default default] Tap Mirror: Handle Delete Port: 571a8a3a-aa91-4282-b887-d1a6a6128699
2026-07-21 14:33:44.384 7 WARNING tagging [None req-05f058ac-3ed7-43c9-839e-3f66ea72be06 50632df3834544ddbf3c7286c86003bf 701dbfeb95bc4cbdb37c375bd1a8ac3f - - default default] project_id key not found in request, using tenant_id instead. This support has been deprecated and will be removed in a future release. [pid: 7|app: 0|req: 876/1789] 10.0.0.241 () {34 vars in 759 bytes} [Tue Jul 21 14:33:44 2026] PUT /v2.0/floatingips/a80c9415-00b8-4448-975c-51398f19298c/tags => generated 25 bytes in 262 msecs (HTTP/1.1 200) 4 headers in 156 bytes (1 switches on core 0)
2026-07-21 14:33:44.709 8 INFO neutron.services.segments.plugin [-] Segment 69e9d50b-3e36-4c5d-b4b9-55f43aa182be resource provider aggregate not found
2026-07-21 14:33:44.720 8 INFO neutron.services.segments.plugin [-] Segment 69e9d50b-3e36-4c5d-b4b9-55f43aa182be resource provider aggregate not found
2026-07-21 14:33:44.731 8 INFO neutron.services.segments.plugin [-] Client error retrieving segment 69e9d50b-3e36-4c5d-b4b9-55f43aa182be resource provider; error: Placement Client Error (4xx): {"errors": [{"status": 404, "title": "Not Found", "detail": "The resource could not be found.\n\n No resource provider with uuid 69e9d50b-3e36-4c5d-b4b9-55f43aa182be found for delete ", "request_id": "req-b59301f0-98d3-449f-83f5-d4210fd32bf1"}]}
2026-07-21 14:33:44.743 8 INFO neutron.services.segments.plugin [-] Client error retrieving segment 69e9d50b-3e36-4c5d-b4b9-55f43aa182be resource provider; error: Placement Client Error (4xx): {"errors": [{"status": 404, "title": "Not Found", "detail": "The resource could not be found.\n\n No resource provider with uuid 69e9d50b-3e36-4c5d-b4b9-55f43aa182be found for delete ", "request_id": "req-58401b9c-4992-4d86-b437-4b370f781b8f"}]} [pid: 8|app: 0|req: 914/1790] 10.0.0.241 () {32 vars in 726 bytes} [Tue Jul 21 14:33:44 2026] DELETE /v2.0/networks/db1c3d98-5347-4aea-9872-317b37377a3c => generated 0 bytes in 582 msecs (HTTP/1.1 204) 3 headers in 131 bytes (1 switches on core 0)
2026-07-21 14:33:44.804 8 WARNING tagging [None req-c58c38c1-dae3-4c68-8d5c-cf9842f134cc 50632df3834544ddbf3c7286c86003bf 701dbfeb95bc4cbdb37c375bd1a8ac3f - - default default] project_id key not found in request, using tenant_id instead. This support has been deprecated and will be removed in a future release.
2026-07-21 14:33:44.841 7 INFO neutron.db.ovn_revision_numbers_db [None req-7667735c-bffc-46b4-bf54-be5dc10f6cc0 - - - - - -] Successfully bumped revision number for resource 58806cc2-853c-4e9e-ad46-763cfc204043 (type: ports) to 5 [pid: 8|app: 0|req: 915/1791] 10.0.0.241 () {34 vars in 759 bytes} [Tue Jul 21 14:33:44 2026] PUT /v2.0/floatingips/63149e93-1653-46eb-8c41-9fe3b210aac7/tags => generated 34 bytes in 86 msecs (HTTP/1.1 200) 4 headers in 156 bytes (1 switches on core 0)
2026-07-21 14:33:45.048 8 INFO neutron_taas.services.taas.taas_plugin [None req-1264f224-75fd-4428-ab6c-c6c62d5ead66 55fb3d990bd843d8a8d3a9c87474e547 ca4f0c4f4e8a4af08d863516e298d5d2 - - default default] TaaS: Handle Delete Port: e583133e-3f94-4623-b95e-fd026c3d4311
2026-07-21 14:33:45.051 8 INFO neutron_taas.services.taas.tap_mirror_plugin [None req-1264f224-75fd-4428-ab6c-c6c62d5ead66 55fb3d990bd843d8a8d3a9c87474e547 ca4f0c4f4e8a4af08d863516e298d5d2 - - default default] Tap Mirror: Handle Delete Port: e583133e-3f94-4623-b95e-fd026c3d4311
2026-07-21 14:33:45.090 7 INFO neutron.db.ovn_revision_numbers_db [None req-27362fa3-2006-4f6d-8460-21a8a8b5ffaa fa420d162eb14791b146f3624d38cc62 e8d6d75ee70e476ead7ffe8ea7c36383 - - default default] Successfully bumped revision number for resource a13b16a6-4334-421d-a294-102b078a1c70 (type: security_groups) to 1
2026-07-21 14:33:45.129 7 INFO neutron.db.ovn_revision_numbers_db [None req-27362fa3-2006-4f6d-8460-21a8a8b5ffaa fa420d162eb14791b146f3624d38cc62 e8d6d75ee70e476ead7ffe8ea7c36383 - - default default] Successfully bumped revision number for resource da7e6510-5f99-42c8-b14e-6ef4359d03f2 (type: security_group_rules) to 0
2026-07-21 14:33:45.151 7 INFO neutron.db.ovn_revision_numbers_db [None req-27362fa3-2006-4f6d-8460-21a8a8b5ffaa fa420d162eb14791b146f3624d38cc62 e8d6d75ee70e476ead7ffe8ea7c36383 - - default default] Successfully bumped revision number for resource ec97385c-2b65-4648-8d6c-cdd6a683a79f (type: security_group_rules) to 0
2026-07-21 14:33:45.199 7 INFO neutron.db.ovn_revision_numbers_db [None req-27362fa3-2006-4f6d-8460-21a8a8b5ffaa fa420d162eb14791b146f3624d38cc62 e8d6d75ee70e476ead7ffe8ea7c36383 - - default default] Successfully bumped revision number for resource ef5fc464-eea6-4206-bef0-742f3eaab64a (type: security_group_rules) to 0
2026-07-21 14:33:45.234 7 INFO neutron.db.ovn_revision_numbers_db [None req-27362fa3-2006-4f6d-8460-21a8a8b5ffaa fa420d162eb14791b146f3624d38cc62 e8d6d75ee70e476ead7ffe8ea7c36383 - - default default] Successfully bumped revision number for resource f0e8c499-cb35-4b03-8b81-22583694d3e1 (type: security_group_rules) to 0 [pid: 8|app: 0|req: 916/1792] 10.0.0.241 () {32 vars in 726 bytes} [Tue Jul 21 14:33:44 2026] DELETE /v2.0/networks/b455f277-fe27-45df-bda3-bd0c5d0e72ee => generated 0 bytes in 449 msecs (HTTP/1.1 204) 3 headers in 131 bytes (1 switches on core 0)
2026-07-21 14:33:45.349 8 WARNING tagging [None req-b83094f8-f07c-4d82-895b-700426c3907a 50632df3834544ddbf3c7286c86003bf 701dbfeb95bc4cbdb37c375bd1a8ac3f - - default default] project_id key not found in request, using tenant_id instead. This support has been deprecated and will be removed in a future release. [pid: 8|app: 0|req: 917/1793] 10.0.0.241 () {34 vars in 759 bytes} [Tue Jul 21 14:33:45 2026] PUT /v2.0/floatingips/40f9b254-4f2f-4985-834b-fae296c6dfc0/tags => generated 19 bytes in 65 msecs (HTTP/1.1 200) 4 headers in 156 bytes (1 switches on core 0)
2026-07-21 14:33:45.400 7 INFO neutron.db.segments_db [None req-27362fa3-2006-4f6d-8460-21a8a8b5ffaa fa420d162eb14791b146f3624d38cc62 e8d6d75ee70e476ead7ffe8ea7c36383 - - default default] Added segment 581a99a6-ec92-4f7e-95bc-ef1b1d17a21c of type geneve for network dd797c08-1fe9-4d4d-80a9-9942d4a75050
2026-07-21 14:33:45.499 7 INFO neutron.db.ovn_revision_numbers_db [None req-5867372d-7d73-480b-ae00-cf23ac664e19 - - - - - -] Successfully bumped revision number for resource 7b30b544-a4a6-481f-9770-c94794109f4e (type: ports) to 2
2026-07-21 14:33:45.563 8 INFO neutron_taas.services.taas.taas_plugin [None req-ae7ef297-4e8b-45f2-bf93-afe75465a975 55fb3d990bd843d8a8d3a9c87474e547 ca4f0c4f4e8a4af08d863516e298d5d2 - - default default] TaaS: Handle Delete Port: 537ee890-102b-4c8c-b49e-6a43c2cd4374
2026-07-21 14:33:45.573 8 INFO neutron_taas.services.taas.tap_mirror_plugin [None req-ae7ef297-4e8b-45f2-bf93-afe75465a975 55fb3d990bd843d8a8d3a9c87474e547 ca4f0c4f4e8a4af08d863516e298d5d2 - - default default] Tap Mirror: Handle Delete Port: 537ee890-102b-4c8c-b49e-6a43c2cd4374
2026-07-21 14:33:45.631 7 INFO neutron.db.ovn_revision_numbers_db [None req-27362fa3-2006-4f6d-8460-21a8a8b5ffaa fa420d162eb14791b146f3624d38cc62 e8d6d75ee70e476ead7ffe8ea7c36383 - - default default] Successfully bumped revision number for resource dd797c08-1fe9-4d4d-80a9-9942d4a75050 (type: networks) to 1 [pid: 8|app: 0|req: 920/1796] 10.0.0.241 () {32 vars in 726 bytes} [Tue Jul 21 14:33:45 2026] DELETE /v2.0/networks/5eedd586-9d65-47bf-8434-6ed6d0a99e8b => generated 0 bytes in 471 msecs (HTTP/1.1 204) 3 headers in 131 bytes (1 switches on core 0)
2026-07-21 14:33:45.892 7 WARNING neutron.scheduler.dhcp_agent_scheduler [None req-27362fa3-2006-4f6d-8460-21a8a8b5ffaa fa420d162eb14791b146f3624d38cc62 e8d6d75ee70e476ead7ffe8ea7c36383 - - default default] No more DHCP agents
2026-07-21 14:33:45.894 7 WARNING neutron.api.rpc.agentnotifiers.dhcp_rpc_agent_api [None req-27362fa3-2006-4f6d-8460-21a8a8b5ffaa fa420d162eb14791b146f3624d38cc62 e8d6d75ee70e476ead7ffe8ea7c36383 - - default default] Unable to schedule network dd797c08-1fe9-4d4d-80a9-9942d4a75050: no agents available; will retry on subsequent port and subnet creation events.
2026-07-21 14:33:46.002 7 INFO neutron.db.ovn_revision_numbers_db [None req-27362fa3-2006-4f6d-8460-21a8a8b5ffaa fa420d162eb14791b146f3624d38cc62 e8d6d75ee70e476ead7ffe8ea7c36383 - - default default] Successfully bumped revision number for resource 44a87d26-6392-4603-80a4-68eabb0ecba9 (type: ports) to 1 [pid: 7|app: 0|req: 877/1797] 10.0.0.241 () {34 vars in 671 bytes} [Tue Jul 21 14:33:44 2026] POST /v2.0/networks => generated 781 bytes in 1501 msecs (HTTP/1.1 201) 4 headers in 162 bytes (1 switches on core 0)
2026-07-21 14:33:46.210 7 INFO neutron_taas.services.taas.taas_plugin [None req-7ef38e66-8142-44fe-9cd5-9e4b95392695 55fb3d990bd843d8a8d3a9c87474e547 ca4f0c4f4e8a4af08d863516e298d5d2 - - default default] TaaS: Handle Delete Port: 3fb3058d-06ce-4c04-9e44-e7ac6e9ac70a
2026-07-21 14:33:46.213 7 INFO neutron_taas.services.taas.tap_mirror_plugin [None req-7ef38e66-8142-44fe-9cd5-9e4b95392695 55fb3d990bd843d8a8d3a9c87474e547 ca4f0c4f4e8a4af08d863516e298d5d2 - - default default] Tap Mirror: Handle Delete Port: 3fb3058d-06ce-4c04-9e44-e7ac6e9ac70a [pid: 8|app: 0|req: 921/1798] 10.0.0.241 () {32 vars in 672 bytes} [Tue Jul 21 14:33:45 2026] GET /v2.0/floatingips?tags=red => generated 1671 bytes in 595 msecs (HTTP/1.1 200) 4 headers in 158 bytes (1 switches on core 0)
2026-07-21 14:33:46.477 7 INFO neutron.services.segments.plugin [-] Segment 61c7fffe-bd15-441d-b31f-0bc29f3b1c35 resource provider aggregate not found
2026-07-21 14:33:46.485 7 INFO neutron.services.segments.plugin [-] Segment 61c7fffe-bd15-441d-b31f-0bc29f3b1c35 resource provider aggregate not found
2026-07-21 14:33:46.499 7 INFO neutron.services.segments.plugin [-] Client error retrieving segment 61c7fffe-bd15-441d-b31f-0bc29f3b1c35 resource provider; error: Placement Client Error (4xx): {"errors": [{"status": 404, "title": "Not Found", "detail": "The resource could not be found.\n\n No resource provider with uuid 61c7fffe-bd15-441d-b31f-0bc29f3b1c35 found for delete ", "request_id": "req-ba1e1f4d-56b1-4d93-90fc-280ab652a76f"}]}
2026-07-21 14:33:46.510 7 INFO neutron.services.segments.plugin [-] Client error retrieving segment 61c7fffe-bd15-441d-b31f-0bc29f3b1c35 resource provider; error: Placement Client Error (4xx): {"errors": [{"status": 404, "title": "Not Found", "detail": "The resource could not be found.\n\n No resource provider with uuid 61c7fffe-bd15-441d-b31f-0bc29f3b1c35 found for delete ", "request_id": "req-53b81d5a-7014-4edc-80b8-53a3883db78d"}]} [pid: 7|app: 0|req: 878/1799] 10.0.0.241 () {32 vars in 726 bytes} [Tue Jul 21 14:33:46 2026] DELETE /v2.0/networks/8f975ac5-c6ca-4b44-911e-8a85791152c6 => generated 0 bytes in 497 msecs (HTTP/1.1 204) 3 headers in 131 bytes (1 switches on core 0) [pid: 7|app: 0|req: 879/1800] 10.0.0.241 () {32 vars in 686 bytes} [Tue Jul 21 14:33:46 2026] GET /v2.0/floatingips?tags=red%2Cblue => generated 1128 bytes in 53 msecs (HTTP/1.1 200) 4 headers in 158 bytes (1 switches on core 0)
2026-07-21 14:33:46.616 8 WARNING neutron.scheduler.dhcp_agent_scheduler [None req-1eb358af-b857-44a9-85bc-db8b95a2b6c4 fa420d162eb14791b146f3624d38cc62 e8d6d75ee70e476ead7ffe8ea7c36383 - - default default] No more DHCP agents
2026-07-21 14:33:46.618 8 WARNING neutron.api.rpc.agentnotifiers.dhcp_rpc_agent_api [None req-1eb358af-b857-44a9-85bc-db8b95a2b6c4 fa420d162eb14791b146f3624d38cc62 e8d6d75ee70e476ead7ffe8ea7c36383 - - default default] Unable to schedule network dd797c08-1fe9-4d4d-80a9-9942d4a75050: no agents available; will retry on subsequent port and subnet creation events.
2026-07-21 14:33:46.706 7 INFO neutron_taas.services.taas.taas_plugin [None req-9585ad72-f770-42c6-87c2-a6f041e529d2 55fb3d990bd843d8a8d3a9c87474e547 ca4f0c4f4e8a4af08d863516e298d5d2 - - default default] TaaS: Handle Delete Port: 527cc9ff-e3fa-4568-acae-7f6ef5d896f4
2026-07-21 14:33:46.709 7 INFO neutron_taas.services.taas.tap_mirror_plugin [None req-9585ad72-f770-42c6-87c2-a6f041e529d2 55fb3d990bd843d8a8d3a9c87474e547 ca4f0c4f4e8a4af08d863516e298d5d2 - - default default] Tap Mirror: Handle Delete Port: 527cc9ff-e3fa-4568-acae-7f6ef5d896f4
2026-07-21 14:33:46.764 8 INFO neutron.services.segments.plugin [-] Segment 1b46b855-8003-4de9-a851-9e27195832b0 resource provider aggregate not found
2026-07-21 14:33:46.775 8 INFO neutron.services.segments.plugin [-] Segment 1b46b855-8003-4de9-a851-9e27195832b0 resource provider aggregate not found
2026-07-21 14:33:46.800 8 INFO neutron.services.segments.plugin [-] Client error retrieving segment 1b46b855-8003-4de9-a851-9e27195832b0 resource provider; error: Placement Client Error (4xx): {"errors": [{"status": 404, "title": "Not Found", "detail": "The resource could not be found.\n\n No resource provider with uuid 1b46b855-8003-4de9-a851-9e27195832b0 found for delete ", "request_id": "req-1bc11081-ae6e-4c7c-b32c-072addf55500"}]}
2026-07-21 14:33:46.810 8 INFO neutron.services.segments.plugin [-] Client error retrieving segment 1b46b855-8003-4de9-a851-9e27195832b0 resource provider; error: Placement Client Error (4xx): {"errors": [{"status": 404, "title": "Not Found", "detail": "The resource could not be found.\n\n No resource provider with uuid 1b46b855-8003-4de9-a851-9e27195832b0 found for delete ", "request_id": "req-626e7f8b-77fd-4b90-ad84-1670152e43f0"}]}
2026-07-21 14:33:46.831 8 INFO neutron.services.segments.plugin [-] Segment f7f448b1-6d4e-432f-9909-aa1357cd5862 resource provider aggregate not found
2026-07-21 14:33:46.837 8 INFO neutron.services.segments.plugin [-] Segment f7f448b1-6d4e-432f-9909-aa1357cd5862 resource provider aggregate not found
2026-07-21 14:33:46.872 8 INFO neutron.services.segments.plugin [-] Client error retrieving segment f7f448b1-6d4e-432f-9909-aa1357cd5862 resource provider; error: Placement Client Error (4xx): {"errors": [{"status": 404, "title": "Not Found", "detail": "The resource could not be found.\n\n No resource provider with uuid f7f448b1-6d4e-432f-9909-aa1357cd5862 found for delete ", "request_id": "req-772c1c1b-1d40-4998-b0a8-57791f4194d0"}]}
2026-07-21 14:33:46.874 8 INFO neutron.services.segments.plugin [-] Client error retrieving segment f7f448b1-6d4e-432f-9909-aa1357cd5862 resource provider; error: Placement Client Error (4xx): {"errors": [{"status": 404, "title": "Not Found", "detail": "The resource could not be found.\n\n No resource provider with uuid f7f448b1-6d4e-432f-9909-aa1357cd5862 found for delete ", "request_id": "req-1f9eab1c-ed74-4fbd-bc18-e0235eea1d5b"}]} [pid: 7|app: 0|req: 880/1801] 10.0.0.241 () {32 vars in 726 bytes} [Tue Jul 21 14:33:46 2026] DELETE /v2.0/networks/487783e8-f881-45cf-a85b-df6495dab7cc => generated 0 bytes in 367 msecs (HTTP/1.1 204) 3 headers in 131 bytes (1 switches on core 0) [pid: 7|app: 0|req: 881/1802] 10.0.0.241 () {32 vars in 682 bytes} [Tue Jul 21 14:33:46 2026] GET /v2.0/floatingips?tags-any=blue => generated 1128 bytes in 58 msecs (HTTP/1.1 200) 4 headers in 158 bytes (1 switches on core 0)
2026-07-21 14:33:47.220 8 INFO neutron.db.ovn_revision_numbers_db [None req-1eb358af-b857-44a9-85bc-db8b95a2b6c4 fa420d162eb14791b146f3624d38cc62 e8d6d75ee70e476ead7ffe8ea7c36383 - - default default] Successfully bumped revision number for resource 44a87d26-6392-4603-80a4-68eabb0ecba9 (type: ports) to 2
2026-07-21 14:33:47.262 8 INFO neutron.db.ovn_revision_numbers_db [None req-1eb358af-b857-44a9-85bc-db8b95a2b6c4 fa420d162eb14791b146f3624d38cc62 e8d6d75ee70e476ead7ffe8ea7c36383 - - default default] Successfully bumped revision number for resource b50bfdd5-2bce-43d1-a57e-873066ed1a46 (type: subnets) to 0 [pid: 8|app: 0|req: 922/1803] 10.0.0.241 () {34 vars in 669 bytes} [Tue Jul 21 14:33:46 2026] POST /v2.0/subnets => generated 687 bytes in 825 msecs (HTTP/1.1 201) 4 headers in 162 bytes (1 switches on core 0) [pid: 8|app: 0|req: 923/1804] 10.0.0.241 () {32 vars in 694 bytes} [Tue Jul 21 14:33:47 2026] GET /v2.0/floatingips?tags-any=red%2Cblue => generated 1671 bytes in 84 msecs (HTTP/1.1 200) 4 headers in 158 bytes (1 switches on core 0)
2026-07-21 14:33:47.495 7 INFO neutron.db.ovn_revision_numbers_db [None req-a6b3b5b6-2ab6-448e-aef7-c5d49b0ae137 6481fcfd251b4976b4558c5d4994ab5a f4e028e8ae134db5b578df9c11c2a493 - - default default] Successfully bumped revision number for resource d6c75259-8277-450a-82d4-958114b77c5d (type: security_groups) to 1
2026-07-21 14:33:47.513 7 INFO neutron.db.ovn_revision_numbers_db [None req-a6b3b5b6-2ab6-448e-aef7-c5d49b0ae137 6481fcfd251b4976b4558c5d4994ab5a f4e028e8ae134db5b578df9c11c2a493 - - default default] Successfully bumped revision number for resource 661bb498-35b4-4a85-a19f-1c5a09eb384c (type: security_group_rules) to 0
2026-07-21 14:33:47.531 7 INFO neutron.db.ovn_revision_numbers_db [None req-a6b3b5b6-2ab6-448e-aef7-c5d49b0ae137 6481fcfd251b4976b4558c5d4994ab5a f4e028e8ae134db5b578df9c11c2a493 - - default default] Successfully bumped revision number for resource 9b31e1ec-4dbf-436d-b44b-2f280a11b136 (type: security_group_rules) to 0
2026-07-21 14:33:47.545 7 INFO neutron.db.ovn_revision_numbers_db [None req-a6b3b5b6-2ab6-448e-aef7-c5d49b0ae137 6481fcfd251b4976b4558c5d4994ab5a f4e028e8ae134db5b578df9c11c2a493 - - default default] Successfully bumped revision number for resource b91f81ef-2a2d-43ec-a914-582d18425370 (type: security_group_rules) to 0
2026-07-21 14:33:47.563 7 INFO neutron.db.ovn_revision_numbers_db [None req-a6b3b5b6-2ab6-448e-aef7-c5d49b0ae137 6481fcfd251b4976b4558c5d4994ab5a f4e028e8ae134db5b578df9c11c2a493 - - default default] Successfully bumped revision number for resource b9698bcf-2572-46ec-b34b-0dd5004faa35 (type: security_group_rules) to 0
2026-07-21 14:33:47.664 7 INFO neutron.db.segments_db [None req-a6b3b5b6-2ab6-448e-aef7-c5d49b0ae137 6481fcfd251b4976b4558c5d4994ab5a f4e028e8ae134db5b578df9c11c2a493 - - default default] Added segment bf70eb86-81dc-49fd-b574-01affb1cba5a of type geneve for network a8e99b61-9d5a-4c50-87e1-94b4a31cc087
2026-07-21 14:33:47.797 7 INFO neutron.db.ovn_revision_numbers_db [None req-a6b3b5b6-2ab6-448e-aef7-c5d49b0ae137 6481fcfd251b4976b4558c5d4994ab5a f4e028e8ae134db5b578df9c11c2a493 - - default default] Successfully bumped revision number for resource a8e99b61-9d5a-4c50-87e1-94b4a31cc087 (type: networks) to 1
2026-07-21 14:33:47.870 8 WARNING neutron.scheduler.dhcp_agent_scheduler [None req-19b3ed6b-d3de-44de-89c5-6eef83f11aa7 fa420d162eb14791b146f3624d38cc62 e8d6d75ee70e476ead7ffe8ea7c36383 - - default default] No more DHCP agents
2026-07-21 14:33:47.872 8 WARNING neutron.api.rpc.agentnotifiers.dhcp_rpc_agent_api [None req-19b3ed6b-d3de-44de-89c5-6eef83f11aa7 fa420d162eb14791b146f3624d38cc62 e8d6d75ee70e476ead7ffe8ea7c36383 - - default default] Unable to schedule network 92d9def3-c275-414d-bf36-df2b1d3ad570: no agents available; will retry on subsequent port and subnet creation events.
2026-07-21 14:33:47.989 7 WARNING neutron.scheduler.dhcp_agent_scheduler [None req-a6b3b5b6-2ab6-448e-aef7-c5d49b0ae137 6481fcfd251b4976b4558c5d4994ab5a f4e028e8ae134db5b578df9c11c2a493 - - default default] No more DHCP agents
2026-07-21 14:33:48.007 7 WARNING neutron.api.rpc.agentnotifiers.dhcp_rpc_agent_api [None req-a6b3b5b6-2ab6-448e-aef7-c5d49b0ae137 6481fcfd251b4976b4558c5d4994ab5a f4e028e8ae134db5b578df9c11c2a493 - - default default] Unable to schedule network a8e99b61-9d5a-4c50-87e1-94b4a31cc087: no agents available; will retry on subsequent port and subnet creation events.
2026-07-21 14:33:48.014 8 INFO neutron.plugins.ml2.drivers.ovn.mech_driver.mech_driver [None req-386c092a-2159-4e60-b34e-02e9806529d1 - - - - - -] OVN reports status down for port: 8fd28e44-ed7d-497e-b922-36e27f4dcdc9
2026-07-21 14:33:48.110 8 INFO neutron.db.ovn_revision_numbers_db [None req-19b3ed6b-d3de-44de-89c5-6eef83f11aa7 fa420d162eb14791b146f3624d38cc62 e8d6d75ee70e476ead7ffe8ea7c36383 - - default default] Successfully bumped revision number for resource 8fd28e44-ed7d-497e-b922-36e27f4dcdc9 (type: ports) to 1
2026-07-21 14:33:48.125 7 INFO neutron.db.ovn_revision_numbers_db [None req-a6b3b5b6-2ab6-448e-aef7-c5d49b0ae137 6481fcfd251b4976b4558c5d4994ab5a f4e028e8ae134db5b578df9c11c2a493 - - default default] Successfully bumped revision number for resource 7a0c1f50-8a24-4606-a429-8dd3fc786467 (type: ports) to 1 [pid: 7|app: 0|req: 882/1805] 10.0.0.241 () {34 vars in 671 bytes} [Tue Jul 21 14:33:47 2026] POST /v2.0/networks => generated 671 bytes in 1137 msecs (HTTP/1.1 201) 4 headers in 162 bytes (1 switches on core 0) [pid: 7|app: 0|req: 883/1806] 10.0.0.241 () {32 vars in 680 bytes} [Tue Jul 21 14:33:48 2026] GET /v2.0/floatingips?not-tags=red => generated 1100 bytes in 70 msecs (HTTP/1.1 200) 4 headers in 158 bytes (1 switches on core 0)
2026-07-21 14:33:48.339 7 WARNING neutron.db.securitygroups_db [None req-8f4db2d2-c3aa-4d5e-8b8f-8d7a50493af6 fa420d162eb14791b146f3624d38cc62 e8d6d75ee70e476ead7ffe8ea7c36383 - - default default] project_id key not found in filters, using tenant_id instead. This support has been deprecated and will be removed in a future release. [pid: 7|app: 0|req: 884/1807] 10.0.0.241 () {32 vars in 774 bytes} [Tue Jul 21 14:33:48 2026] GET /v2.0/security-groups?tenant_id=ca4f0c4f4e8a4af08d863516e298d5d2&name=default => generated 2925 bytes in 143 msecs (HTTP/1.1 200) 4 headers in 158 bytes (1 switches on core 0)
2026-07-21 14:33:48.521 7 INFO neutron.services.segments.plugin [-] Segment aa75a4c8-d396-45a3-8c0b-a450589fdaba resource provider aggregate not found
2026-07-21 14:33:48.539 7 INFO neutron.services.segments.plugin [-] Segment aa75a4c8-d396-45a3-8c0b-a450589fdaba resource provider aggregate not found
2026-07-21 14:33:48.547 7 INFO neutron.services.segments.plugin [-] Client error retrieving segment aa75a4c8-d396-45a3-8c0b-a450589fdaba resource provider; error: Placement Client Error (4xx): {"errors": [{"status": 404, "title": "Not Found", "detail": "The resource could not be found.\n\n No resource provider with uuid aa75a4c8-d396-45a3-8c0b-a450589fdaba found for delete ", "request_id": "req-9b454b09-3f57-43a2-a619-977075351a82"}]}
2026-07-21 14:33:48.559 7 INFO neutron.services.segments.plugin [-] Client error retrieving segment aa75a4c8-d396-45a3-8c0b-a450589fdaba resource provider; error: Placement Client Error (4xx): {"errors": [{"status": 404, "title": "Not Found", "detail": "The resource could not be found.\n\n No resource provider with uuid aa75a4c8-d396-45a3-8c0b-a450589fdaba found for delete ", "request_id": "req-d2ffc4b6-6bda-4b79-9a90-001e323c82c7"}]}
2026-07-21 14:33:48.840 8 INFO neutron.plugins.ml2.drivers.ovn.mech_driver.mech_driver [None req-386c092a-2159-4e60-b34e-02e9806529d1 - - - - - -] OVN reports status up for port: 8fd28e44-ed7d-497e-b922-36e27f4dcdc9
2026-07-21 14:33:48.871 8 INFO neutron.plugins.ml2.plugin [None req-386c092a-2159-4e60-b34e-02e9806529d1 - - - - - -] Attempt 1 to provision port 8fd28e44-ed7d-497e-b922-36e27f4dcdc9
2026-07-21 14:33:48.890 7 INFO neutron.plugins.ml2.drivers.ovn.mech_driver.ovsdb.ovsdb_monitor [None req-7667735c-bffc-46b4-bf54-be5dc10f6cc0 - - - - - -] Router ec002f6e-959e-471c-9112-690d7764cad2 is bound to host instance
2026-07-21 14:33:48.911 8 INFO neutron.db.ovn_revision_numbers_db [None req-19b3ed6b-d3de-44de-89c5-6eef83f11aa7 fa420d162eb14791b146f3624d38cc62 e8d6d75ee70e476ead7ffe8ea7c36383 - - default default] Successfully bumped revision number for resource 8fd28e44-ed7d-497e-b922-36e27f4dcdc9 (type: router_ports) to 1
2026-07-21 14:33:48.930 7 WARNING neutron.scheduler.dhcp_agent_scheduler [None req-ed96c224-9629-4bc9-8252-122daa855d06 6481fcfd251b4976b4558c5d4994ab5a f4e028e8ae134db5b578df9c11c2a493 - - default default] No more DHCP agents
2026-07-21 14:33:48.935 7 WARNING neutron.api.rpc.agentnotifiers.dhcp_rpc_agent_api [None req-ed96c224-9629-4bc9-8252-122daa855d06 6481fcfd251b4976b4558c5d4994ab5a f4e028e8ae134db5b578df9c11c2a493 - - default default] Unable to schedule network 92d9def3-c275-414d-bf36-df2b1d3ad570: no agents available; will retry on subsequent port and subnet creation events.
2026-07-21 14:33:49.043 8 INFO neutron.db.ovn_revision_numbers_db [None req-19b3ed6b-d3de-44de-89c5-6eef83f11aa7 fa420d162eb14791b146f3624d38cc62 e8d6d75ee70e476ead7ffe8ea7c36383 - - default default] Successfully bumped revision number for resource ec002f6e-959e-471c-9112-690d7764cad2 (type: routers) to 2 [pid: 8|app: 0|req: 924/1808] 10.0.0.241 () {34 vars in 669 bytes} [Tue Jul 21 14:33:47 2026] POST /v2.0/routers => generated 986 bytes in 1694 msecs (HTTP/1.1 201) 4 headers in 162 bytes (1 switches on core 0) [pid: 8|app: 0|req: 925/1809] 10.0.0.241 () {32 vars in 694 bytes} [Tue Jul 21 14:33:49 2026] GET /v2.0/floatingips?not-tags=red%2Cblue => generated 1643 bytes in 66 msecs (HTTP/1.1 200) 4 headers in 158 bytes (1 switches on core 0)
2026-07-21 14:33:49.293 7 INFO neutron.db.ovn_revision_numbers_db [None req-ed96c224-9629-4bc9-8252-122daa855d06 6481fcfd251b4976b4558c5d4994ab5a f4e028e8ae134db5b578df9c11c2a493 - - default default] Successfully bumped revision number for resource 3bca286e-2c55-48b9-b6c0-850850542518 (type: ports) to 1 [pid: 8|app: 0|req: 926/1810] 10.0.0.241 () {32 vars in 740 bytes} [Tue Jul 21 14:33:49 2026] DELETE /v2.0/security-groups/9e64def0-8fe9-4f83-8c5b-fc326f8dcbdf => generated 0 bytes in 246 msecs (HTTP/1.1 204) 2 headers in 112 bytes (1 switches on core 0)
2026-07-21 14:33:49.886 8 WARNING neutron.scheduler.dhcp_agent_scheduler [None req-f7629966-1fdd-456d-91cc-abc0d0cec655 fa420d162eb14791b146f3624d38cc62 e8d6d75ee70e476ead7ffe8ea7c36383 - - default default] No more DHCP agents
2026-07-21 14:33:49.889 8 WARNING neutron.api.rpc.agentnotifiers.dhcp_rpc_agent_api [None req-f7629966-1fdd-456d-91cc-abc0d0cec655 fa420d162eb14791b146f3624d38cc62 e8d6d75ee70e476ead7ffe8ea7c36383 - - default default] Unable to schedule network dd797c08-1fe9-4d4d-80a9-9942d4a75050: no agents available; will retry on subsequent port and subnet creation events.
2026-07-21 14:33:50.091 8 INFO neutron.db.ovn_revision_numbers_db [None req-f7629966-1fdd-456d-91cc-abc0d0cec655 fa420d162eb14791b146f3624d38cc62 e8d6d75ee70e476ead7ffe8ea7c36383 - - default default] Successfully bumped revision number for resource dc49a749-d00f-4963-adf2-09a2ffe17095 (type: ports) to 1
2026-07-21 14:33:50.617 8 INFO neutron.plugins.ml2.drivers.ovn.mech_driver.ovsdb.ovsdb_monitor [None req-64dc09b2-bab0-4a94-9d90-db10c9c696c6 - - - - - -] Router ca78439e-71a0-4969-ae8b-8983552214db is bound to host instance
2026-07-21 14:33:50.655 7 INFO neutron.db.ovn_revision_numbers_db [None req-ed96c224-9629-4bc9-8252-122daa855d06 6481fcfd251b4976b4558c5d4994ab5a f4e028e8ae134db5b578df9c11c2a493 - - default default] Successfully bumped revision number for resource 3bca286e-2c55-48b9-b6c0-850850542518 (type: router_ports) to 1
2026-07-21 14:33:50.792 7 INFO neutron.db.ovn_revision_numbers_db [None req-ed96c224-9629-4bc9-8252-122daa855d06 6481fcfd251b4976b4558c5d4994ab5a f4e028e8ae134db5b578df9c11c2a493 - - default default] Successfully bumped revision number for resource ca78439e-71a0-4969-ae8b-8983552214db (type: routers) to 2 [pid: 7|app: 0|req: 885/1811] 10.0.0.241 () {34 vars in 669 bytes} [Tue Jul 21 14:33:48 2026] POST /v2.0/routers => generated 976 bytes in 2451 msecs (HTTP/1.1 201) 4 headers in 162 bytes (1 switches on core 0) [pid: 7|app: 0|req: 886/1812] 10.0.0.241 () {32 vars in 690 bytes} [Tue Jul 21 14:33:50 2026] GET /v2.0/floatingips?not-tags-any=blue => generated 1643 bytes in 136 msecs (HTTP/1.1 200) 4 headers in 158 bytes (1 switches on core 0)
2026-07-21 14:33:50.965 7 WARNING neutron.db.securitygroups_db [None req-95fc420a-b733-42e5-b417-1bf6580f279d fa420d162eb14791b146f3624d38cc62 e8d6d75ee70e476ead7ffe8ea7c36383 - - default default] project_id key not found in filters, using tenant_id instead. This support has been deprecated and will be removed in a future release.
2026-07-21 14:33:50.967 7 WARNING neutron.plugins.ml2.drivers.ovn.mech_driver.ovsdb.ovn_client [None req-b76f77cc-03f7-484d-8a89-76a0e9ad5e8d - - - - - -] No hosting information found for port 7b30b544-a4a6-481f-9770-c94794109f4e: RuntimeError: No hosting information found for port 7b30b544-a4a6-481f-9770-c94794109f4e
2026-07-21 14:33:50.984 7 INFO neutron.db.ovn_revision_numbers_db [None req-70d211d0-2beb-4e65-a0a8-a7f9169455dd - - - - - -] Successfully bumped revision number for resource 8fd28e44-ed7d-497e-b922-36e27f4dcdc9 (type: ports) to 4
2026-07-21 14:33:51.080 7 INFO neutron.common.ovn.utils [None req-b76f77cc-03f7-484d-8a89-76a0e9ad5e8d - - - - - -] HA Chassis Group neutron-d332bdc8-d414-4f82-bb32-44b67cbe8f5c synchronized; highest priority chassis aa5544fa-03d7-4d66-989c-97d642d4a9c5
2026-07-21 14:33:51.392 7 INFO neutron.db.ovn_revision_numbers_db [None req-95fc420a-b733-42e5-b417-1bf6580f279d fa420d162eb14791b146f3624d38cc62 e8d6d75ee70e476ead7ffe8ea7c36383 - - default default] Successfully bumped revision number for resource 816c78af-86bb-465a-b8cb-59d3c4e39991 (type: security_groups) to 1
2026-07-21 14:33:51.425 8 WARNING neutron.scheduler.dhcp_agent_scheduler [None req-f7629966-1fdd-456d-91cc-abc0d0cec655 fa420d162eb14791b146f3624d38cc62 e8d6d75ee70e476ead7ffe8ea7c36383 - - default default] No more DHCP agents
2026-07-21 14:33:51.428 8 WARNING neutron.api.rpc.agentnotifiers.dhcp_rpc_agent_api [None req-f7629966-1fdd-456d-91cc-abc0d0cec655 fa420d162eb14791b146f3624d38cc62 e8d6d75ee70e476ead7ffe8ea7c36383 - - default default] Unable to schedule network dd797c08-1fe9-4d4d-80a9-9942d4a75050: no agents available; will retry on subsequent port and subnet creation events.
2026-07-21 14:33:51.430 7 INFO neutron.db.ovn_revision_numbers_db [None req-95fc420a-b733-42e5-b417-1bf6580f279d fa420d162eb14791b146f3624d38cc62 e8d6d75ee70e476ead7ffe8ea7c36383 - - default default] Successfully bumped revision number for resource 4e556ea6-079f-4618-93bd-6e5f0649eb37 (type: security_group_rules) to 0
2026-07-21 14:33:51.460 7 INFO neutron.db.ovn_revision_numbers_db [None req-95fc420a-b733-42e5-b417-1bf6580f279d fa420d162eb14791b146f3624d38cc62 e8d6d75ee70e476ead7ffe8ea7c36383 - - default default] Successfully bumped revision number for resource 855d104a-7327-490d-a6e3-a5272e22e511 (type: security_group_rules) to 0
2026-07-21 14:33:51.464 7 INFO neutron.db.ovn_revision_numbers_db [None req-b76f77cc-03f7-484d-8a89-76a0e9ad5e8d - - - - - -] Successfully bumped revision number for resource 7b30b544-a4a6-481f-9770-c94794109f4e (type: router_ports) to 2
2026-07-21 14:33:51.500 7 INFO neutron.db.ovn_revision_numbers_db [None req-95fc420a-b733-42e5-b417-1bf6580f279d fa420d162eb14791b146f3624d38cc62 e8d6d75ee70e476ead7ffe8ea7c36383 - - default default] Successfully bumped revision number for resource d27b91c1-2468-4877-ab29-b9077a6bce55 (type: security_group_rules) to 0
2026-07-21 14:33:51.539 7 INFO neutron.db.ovn_revision_numbers_db [None req-95fc420a-b733-42e5-b417-1bf6580f279d fa420d162eb14791b146f3624d38cc62 e8d6d75ee70e476ead7ffe8ea7c36383 - - default default] Successfully bumped revision number for resource f147b389-4d1f-4bda-906a-76f4f9c5d711 (type: security_group_rules) to 0
2026-07-21 14:33:51.587 7 INFO neutron.plugins.ml2.drivers.ovn.mech_driver.mech_driver [None req-b76f77cc-03f7-484d-8a89-76a0e9ad5e8d - - - - - -] OVN reports status down for port: 44a87d26-6392-4603-80a4-68eabb0ecba9
2026-07-21 14:33:51.597 8 INFO neutron.plugins.ml2.drivers.ovn.mech_driver.mech_driver [None req-386c092a-2159-4e60-b34e-02e9806529d1 - - - - - -] OVN reports status down for port: 3bca286e-2c55-48b9-b6c0-850850542518 [pid: 7|app: 0|req: 887/1813] 10.0.0.241 () {32 vars in 774 bytes} [Tue Jul 21 14:33:50 2026] GET /v2.0/security-groups?tenant_id=c07b3c295d8d46fa8baf8c59db2d5654&name=default => generated 2925 bytes in 706 msecs (HTTP/1.1 200) 4 headers in 158 bytes (1 switches on core 0)
2026-07-21 14:33:51.739 7 INFO neutron.plugins.ml2.drivers.ovn.mech_driver.mech_driver [None req-b76f77cc-03f7-484d-8a89-76a0e9ad5e8d - - - - - -] OVN reports status down for port: 7a0c1f50-8a24-4606-a429-8dd3fc786467
2026-07-21 14:33:51.794 8 WARNING neutron.plugins.ml2.drivers.ovn.mech_driver.ovsdb.ovn_client [None req-386c092a-2159-4e60-b34e-02e9806529d1 - - - - - -] Logical_Switch_Port 3bca286e-2c55-48b9-b6c0-850850542518 host information not removed, the port state is up
2026-07-21 14:33:51.794 8 INFO neutron.plugins.ml2.drivers.ovn.mech_driver.mech_driver [None req-386c092a-2159-4e60-b34e-02e9806529d1 - - - - - -] OVN reports status down for port: dc49a749-d00f-4963-adf2-09a2ffe17095
2026-07-21 14:33:51.870 7 INFO neutron.db.ovn_revision_numbers_db [None req-70d211d0-2beb-4e65-a0a8-a7f9169455dd - - - - - -] Successfully bumped revision number for resource 8fd28e44-ed7d-497e-b922-36e27f4dcdc9 (type: ports) to 5 [pid: 7|app: 0|req: 888/1814] 10.0.0.241 () {32 vars in 776 bytes} [Tue Jul 21 14:33:51 2026] GET /v2.0/subnets?project_id=f4e028e8ae134db5b578df9c11c2a493&cidr=10.100.0.0%2F28 => generated 14 bytes in 239 msecs (HTTP/1.1 200) 4 headers in 156 bytes (1 switches on core 0) [pid: 7|app: 0|req: 889/1815] 10.0.0.241 () {32 vars in 702 bytes} [Tue Jul 21 14:33:51 2026] GET /v2.0/floatingips?not-tags-any=red%2Cblue => generated 1100 bytes in 49 msecs (HTTP/1.1 200) 4 headers in 158 bytes (1 switches on core 0)
2026-07-21 14:33:52.014 8 WARNING neutron.plugins.ml2.drivers.ovn.mech_driver.ovsdb.ovn_client [None req-386c092a-2159-4e60-b34e-02e9806529d1 - - - - - -] Logical_Switch_Port dc49a749-d00f-4963-adf2-09a2ffe17095 host information not removed, the port state is up
2026-07-21 14:33:52.015 8 INFO neutron.plugins.ml2.drivers.ovn.mech_driver.mech_driver [None req-386c092a-2159-4e60-b34e-02e9806529d1 - - - - - -] OVN reports status up for port: 3bca286e-2c55-48b9-b6c0-850850542518
2026-07-21 14:33:52.057 8 INFO neutron.plugins.ml2.plugin [None req-386c092a-2159-4e60-b34e-02e9806529d1 - - - - - -] Attempt 1 to provision port 3bca286e-2c55-48b9-b6c0-850850542518 [pid: 7|app: 0|req: 890/1816] 10.0.0.241 () {32 vars in 740 bytes} [Tue Jul 21 14:33:51 2026] DELETE /v2.0/security-groups/816c78af-86bb-465a-b8cb-59d3c4e39991 => generated 0 bytes in 230 msecs (HTTP/1.1 204) 2 headers in 112 bytes (1 switches on core 0) [pid: 7|app: 0|req: 891/1817] 10.0.0.241 () {32 vars in 694 bytes} [Tue Jul 21 14:33:52 2026] GET /v2.0/networks?router%3Aexternal=True => generated 791 bytes in 71 msecs (HTTP/1.1 200) 4 headers in 157 bytes (1 switches on core 0)
2026-07-21 14:33:52.340 8 INFO neutron.plugins.ml2.drivers.ovn.mech_driver.mech_driver [None req-386c092a-2159-4e60-b34e-02e9806529d1 - - - - - -] OVN reports status up for port: dc49a749-d00f-4963-adf2-09a2ffe17095
2026-07-21 14:33:52.404 8 INFO neutron.plugins.ml2.plugin [None req-386c092a-2159-4e60-b34e-02e9806529d1 - - - - - -] Attempt 1 to provision port dc49a749-d00f-4963-adf2-09a2ffe17095
2026-07-21 14:33:52.434 7 INFO neutron_taas.services.taas.taas_plugin [None req-3d82d927-f2e8-450b-9fbd-76fbe0b4cf51 50632df3834544ddbf3c7286c86003bf 701dbfeb95bc4cbdb37c375bd1a8ac3f - - default default] TaaS: Handle Delete Port: a600816b-7b14-4c03-8648-17bcbdff97c3
2026-07-21 14:33:52.439 7 INFO neutron_taas.services.taas.tap_mirror_plugin [None req-3d82d927-f2e8-450b-9fbd-76fbe0b4cf51 50632df3834544ddbf3c7286c86003bf 701dbfeb95bc4cbdb37c375bd1a8ac3f - - default default] Tap Mirror: Handle Delete Port: a600816b-7b14-4c03-8648-17bcbdff97c3 [pid: 7|app: 0|req: 892/1818] 10.0.0.241 () {32 vars in 732 bytes} [Tue Jul 21 14:33:52 2026] DELETE /v2.0/floatingips/2eef54ea-4f6d-4f29-ad63-4d0b456dffb9 => generated 0 bytes in 403 msecs (HTTP/1.1 204) 2 headers in 112 bytes (1 switches on core 0) [pid: 7|app: 0|req: 893/1819] 10.0.0.241 () {32 vars in 784 bytes} [Tue Jul 21 14:33:52 2026] GET /v2.0/subnets?network_id=92d9def3-c275-414d-bf36-df2b1d3ad570&cidr=10.100.0.0%2F28 => generated 14 bytes in 42 msecs (HTTP/1.1 200) 4 headers in 156 bytes (1 switches on core 0)
2026-07-21 14:33:52.703 7 WARNING neutron.db.securitygroups_db [None req-985d8959-870c-4201-8376-c51bc519e55d fa420d162eb14791b146f3624d38cc62 e8d6d75ee70e476ead7ffe8ea7c36383 - - default default] project_id key not found in filters, using tenant_id instead. This support has been deprecated and will be removed in a future release.
2026-07-21 14:33:52.770 7 INFO neutron.common.ovn.utils [None req-b76f77cc-03f7-484d-8a89-76a0e9ad5e8d - - - - - -] HA Chassis Group neutron-dd797c08-1fe9-4d4d-80a9-9942d4a75050 synchronized; highest priority chassis aa5544fa-03d7-4d66-989c-97d642d4a9c5
2026-07-21 14:33:52.881 7 INFO neutron.db.ovn_revision_numbers_db [None req-985d8959-870c-4201-8376-c51bc519e55d fa420d162eb14791b146f3624d38cc62 e8d6d75ee70e476ead7ffe8ea7c36383 - - default default] Successfully bumped revision number for resource c670cf3c-628a-49dc-8f0d-2f51a1a221db (type: security_groups) to 1
2026-07-21 14:33:52.893 7 INFO neutron.db.ovn_revision_numbers_db [None req-985d8959-870c-4201-8376-c51bc519e55d fa420d162eb14791b146f3624d38cc62 e8d6d75ee70e476ead7ffe8ea7c36383 - - default default] Successfully bumped revision number for resource a1de3529-50a1-4cd7-8c2f-3dc8bcb29b8a (type: security_group_rules) to 0
2026-07-21 14:33:52.909 7 INFO neutron.db.ovn_revision_numbers_db [None req-985d8959-870c-4201-8376-c51bc519e55d fa420d162eb14791b146f3624d38cc62 e8d6d75ee70e476ead7ffe8ea7c36383 - - default default] Successfully bumped revision number for resource a24ee80e-57cd-406d-a469-5ec88f789ae4 (type: security_group_rules) to 0
2026-07-21 14:33:52.922 7 INFO neutron.db.ovn_revision_numbers_db [None req-985d8959-870c-4201-8376-c51bc519e55d fa420d162eb14791b146f3624d38cc62 e8d6d75ee70e476ead7ffe8ea7c36383 - - default default] Successfully bumped revision number for resource eef745cc-f08c-468f-8ebb-f3154e0aa961 (type: security_group_rules) to 0
2026-07-21 14:33:52.940 7 INFO neutron.db.ovn_revision_numbers_db [None req-985d8959-870c-4201-8376-c51bc519e55d fa420d162eb14791b146f3624d38cc62 e8d6d75ee70e476ead7ffe8ea7c36383 - - default default] Successfully bumped revision number for resource f3244f1e-92c9-4098-bbc8-11205e3a45f8 (type: security_group_rules) to 0 [pid: 7|app: 0|req: 894/1820] 10.0.0.241 () {32 vars in 774 bytes} [Tue Jul 21 14:33:52 2026] GET /v2.0/security-groups?tenant_id=6e6037391ae2448d84422b38c0ff741d&name=default => generated 2925 bytes in 290 msecs (HTTP/1.1 200) 4 headers in 158 bytes (1 switches on core 0)
2026-07-21 14:33:53.039 8 INFO neutron.db.ovn_revision_numbers_db [None req-f7629966-1fdd-456d-91cc-abc0d0cec655 fa420d162eb14791b146f3624d38cc62 e8d6d75ee70e476ead7ffe8ea7c36383 - - default default] Successfully bumped revision number for resource dc49a749-d00f-4963-adf2-09a2ffe17095 (type: router_ports) to 1 [pid: 8|app: 0|req: 927/1821] 10.0.0.241 () {34 vars in 783 bytes} [Tue Jul 21 14:33:49 2026] PUT /v2.0/routers/ec002f6e-959e-471c-9112-690d7764cad2/add_router_interface => generated 310 bytes in 3673 msecs (HTTP/1.1 200) 4 headers in 157 bytes (1 switches on core 0)
2026-07-21 14:33:53.146 7 INFO neutron_taas.services.taas.taas_plugin [None req-1c956f80-44de-4c0d-8474-81f0c39e307f 50632df3834544ddbf3c7286c86003bf 701dbfeb95bc4cbdb37c375bd1a8ac3f - - default default] TaaS: Handle Delete Port: 14ecbb7c-47dc-46fb-b79e-25937f47598f
2026-07-21 14:33:53.151 7 INFO neutron_taas.services.taas.tap_mirror_plugin [None req-1c956f80-44de-4c0d-8474-81f0c39e307f 50632df3834544ddbf3c7286c86003bf 701dbfeb95bc4cbdb37c375bd1a8ac3f - - default default] Tap Mirror: Handle Delete Port: 14ecbb7c-47dc-46fb-b79e-25937f47598f
2026-07-21 14:33:53.356 8 INFO neutron.db.ovn_revision_numbers_db [None req-fb4e0db5-7d6e-4a6f-bba9-ebacd054887b - - - - - -] Successfully bumped revision number for resource 3bca286e-2c55-48b9-b6c0-850850542518 (type: ports) to 4 [pid: 7|app: 0|req: 895/1822] 10.0.0.241 () {32 vars in 732 bytes} [Tue Jul 21 14:33:52 2026] DELETE /v2.0/floatingips/a80c9415-00b8-4448-975c-51398f19298c => generated 0 bytes in 412 msecs (HTTP/1.1 204) 2 headers in 112 bytes (1 switches on core 0) [pid: 7|app: 0|req: 896/1823] 10.0.0.241 () {32 vars in 740 bytes} [Tue Jul 21 14:33:53 2026] DELETE /v2.0/security-groups/c670cf3c-628a-49dc-8f0d-2f51a1a221db => generated 0 bytes in 217 msecs (HTTP/1.1 204) 2 headers in 112 bytes (1 switches on core 0)
2026-07-21 14:33:53.803 8 INFO neutron.db.ovn_revision_numbers_db [None req-386c092a-2159-4e60-b34e-02e9806529d1 - - - - - -] Successfully bumped revision number for resource dc49a749-d00f-4963-adf2-09a2ffe17095 (type: ports) to 2
2026-07-21 14:33:53.867 8 WARNING neutron.scheduler.dhcp_agent_scheduler [None req-786b4d6b-b4eb-4775-80b6-c69349c48dcb 6481fcfd251b4976b4558c5d4994ab5a f4e028e8ae134db5b578df9c11c2a493 - - default default] No more DHCP agents
2026-07-21 14:33:53.870 8 WARNING neutron.api.rpc.agentnotifiers.dhcp_rpc_agent_api [None req-786b4d6b-b4eb-4775-80b6-c69349c48dcb 6481fcfd251b4976b4558c5d4994ab5a f4e028e8ae134db5b578df9c11c2a493 - - default default] Unable to schedule network a8e99b61-9d5a-4c50-87e1-94b4a31cc087: no agents available; will retry on subsequent port and subnet creation events. [pid: 7|app: 0|req: 897/1824] 10.0.0.144 () {28 vars in 581 bytes} [Tue Jul 21 14:33:53 2026] GET /v2.0/agents => generated 1214 bytes in 295 msecs (HTTP/1.1 200) 4 headers in 158 bytes (1 switches on core 0)
2026-07-21 14:33:54.099 7 INFO neutron_taas.services.taas.taas_plugin [None req-d59eb972-df74-43ec-98d8-8a8ebb5cdd3c 50632df3834544ddbf3c7286c86003bf 701dbfeb95bc4cbdb37c375bd1a8ac3f - - default default] TaaS: Handle Delete Port: 18719dee-c3f0-45a1-b082-5758b29efe4b
2026-07-21 14:33:54.104 7 INFO neutron_taas.services.taas.tap_mirror_plugin [None req-d59eb972-df74-43ec-98d8-8a8ebb5cdd3c 50632df3834544ddbf3c7286c86003bf 701dbfeb95bc4cbdb37c375bd1a8ac3f - - default default] Tap Mirror: Handle Delete Port: 18719dee-c3f0-45a1-b082-5758b29efe4b
2026-07-21 14:33:54.347 8 INFO neutron.db.ovn_revision_numbers_db [None req-fb4e0db5-7d6e-4a6f-bba9-ebacd054887b - - - - - -] Successfully bumped revision number for resource 3bca286e-2c55-48b9-b6c0-850850542518 (type: ports) to 5 [pid: 7|app: 0|req: 898/1825] 10.0.0.241 () {32 vars in 732 bytes} [Tue Jul 21 14:33:53 2026] DELETE /v2.0/floatingips/63149e93-1653-46eb-8c41-9fe3b210aac7 => generated 0 bytes in 451 msecs (HTTP/1.1 204) 2 headers in 112 bytes (1 switches on core 0)
2026-07-21 14:33:54.527 7 INFO neutron.db.ovn_revision_numbers_db [None req-90cfcf1a-583d-4183-9bb4-bec9ea220c92 865183db96054b9fa3110a93a452cf6d c60c4efbed2b45d3b9c120fd888f6e31 - - default default] Successfully bumped revision number for resource 6071428d-012c-4730-b8b4-1c97275acb81 (type: security_groups) to 1
2026-07-21 14:33:54.550 7 INFO neutron.db.ovn_revision_numbers_db [None req-90cfcf1a-583d-4183-9bb4-bec9ea220c92 865183db96054b9fa3110a93a452cf6d c60c4efbed2b45d3b9c120fd888f6e31 - - default default] Successfully bumped revision number for resource 6a15187b-26bc-4148-84ad-9f8e44f5a996 (type: security_group_rules) to 0
2026-07-21 14:33:54.567 7 INFO neutron.db.ovn_revision_numbers_db [None req-90cfcf1a-583d-4183-9bb4-bec9ea220c92 865183db96054b9fa3110a93a452cf6d c60c4efbed2b45d3b9c120fd888f6e31 - - default default] Successfully bumped revision number for resource c50d2237-7186-4dcc-aeed-3f812c3a0192 (type: security_group_rules) to 0 [pid: 7|app: 0|req: 899/1826] 10.0.0.241 () {34 vars in 685 bytes} [Tue Jul 21 14:33:54 2026] POST /v2.0/security-groups => generated 1675 bytes in 248 msecs (HTTP/1.1 201) 4 headers in 163 bytes (1 switches on core 0) [pid: 7|app: 0|req: 900/1827] 10.0.0.144 () {28 vars in 599 bytes} [Tue Jul 21 14:33:54 2026] GET /v2.0/security-groups => generated 27764 bytes in 44 msecs (HTTP/1.1 200) 4 headers in 159 bytes (1 switches on core 0)
2026-07-21 14:33:54.808 8 INFO neutron.db.ovn_revision_numbers_db [None req-786b4d6b-b4eb-4775-80b6-c69349c48dcb 6481fcfd251b4976b4558c5d4994ab5a f4e028e8ae134db5b578df9c11c2a493 - - default default] Successfully bumped revision number for resource 7a0c1f50-8a24-4606-a429-8dd3fc786467 (type: ports) to 2
2026-07-21 14:33:54.826 7 INFO neutron_taas.services.taas.taas_plugin [None req-2cb45f48-81d7-44ab-8df3-6d44d68126c1 50632df3834544ddbf3c7286c86003bf 701dbfeb95bc4cbdb37c375bd1a8ac3f - - default default] TaaS: Handle Delete Port: 3e34c46b-eb1a-45ab-a1f8-95f4a951dff0
2026-07-21 14:33:54.829 7 INFO neutron_taas.services.taas.tap_mirror_plugin [None req-2cb45f48-81d7-44ab-8df3-6d44d68126c1 50632df3834544ddbf3c7286c86003bf 701dbfeb95bc4cbdb37c375bd1a8ac3f - - default default] Tap Mirror: Handle Delete Port: 3e34c46b-eb1a-45ab-a1f8-95f4a951dff0
