2026-07-21 14:33:54.850 8 INFO neutron.db.ovn_revision_numbers_db [None req-786b4d6b-b4eb-4775-80b6-c69349c48dcb 6481fcfd251b4976b4558c5d4994ab5a f4e028e8ae134db5b578df9c11c2a493 - - default default] Successfully bumped revision number for resource 84072caf-dbef-4dff-bcd2-84a2aa72a80c (type: subnets) to 0 [pid: 8|app: 0|req: 928/1828] 10.0.0.241 () {34 vars in 669 bytes} [Tue Jul 21 14:33:53 2026] POST /v2.0/subnets => generated 655 bytes in 1825 msecs (HTTP/1.1 201) 4 headers in 162 bytes (1 switches on core 0)
2026-07-21 14:33:55.004 8 INFO neutron.db.ovn_revision_numbers_db [None req-7ae57317-31e5-4c9b-b4dd-50543bfbe229 865183db96054b9fa3110a93a452cf6d c60c4efbed2b45d3b9c120fd888f6e31 - - default default] Successfully bumped revision number for resource 73739001-b805-4651-9f52-6f84840d74f7 (type: security_group_rules) to 0 [pid: 7|app: 0|req: 901/1829] 10.0.0.241 () {32 vars in 732 bytes} [Tue Jul 21 14:33:54 2026] DELETE /v2.0/floatingips/40f9b254-4f2f-4985-834b-fae296c6dfc0 => generated 0 bytes in 372 msecs (HTTP/1.1 204) 2 headers in 112 bytes (1 switches on core 0) [pid: 8|app: 0|req: 929/1830] 10.0.0.241 () {34 vars in 695 bytes} [Tue Jul 21 14:33:54 2026] POST /v2.0/security-group-rules => generated 597 bytes in 170 msecs (HTTP/1.1 201) 4 headers in 162 bytes (1 switches on core 0) [pid: 7|app: 0|req: 902/1831] 10.0.0.144 () {28 vars in 579 bytes} [Tue Jul 21 14:33:55 2026] GET /v2.0/ports => generated 14895 bytes in 51 msecs (HTTP/1.1 200) 4 headers in 159 bytes (1 switches on core 0)
2026-07-21 14:33:55.249 7 INFO neutron_taas.services.taas.taas_plugin [None req-93715588-0eb7-4bef-a895-884dd35994ff 50632df3834544ddbf3c7286c86003bf 701dbfeb95bc4cbdb37c375bd1a8ac3f - - default default] TaaS: Handle Delete Port: ab2431cd-fff1-4ff4-b8af-c1364715afe2
2026-07-21 14:33:55.255 7 INFO neutron_taas.services.taas.tap_mirror_plugin [None req-93715588-0eb7-4bef-a895-884dd35994ff 50632df3834544ddbf3c7286c86003bf 701dbfeb95bc4cbdb37c375bd1a8ac3f - - default default] Tap Mirror: Handle Delete Port: ab2431cd-fff1-4ff4-b8af-c1364715afe2 [pid: 7|app: 0|req: 903/1832] 10.0.0.241 () {32 vars in 732 bytes} [Tue Jul 21 14:33:55 2026] DELETE /v2.0/floatingips/529ad4fe-687c-4997-b194-4b399308c9f8 => generated 0 bytes in 380 msecs (HTTP/1.1 204) 2 headers in 112 bytes (1 switches on core 0)
2026-07-21 14:33:55.604 7 INFO neutron.db.ovn_revision_numbers_db [None req-9dceebf8-c177-464f-97b2-2fb9b356d3b7 865183db96054b9fa3110a93a452cf6d c60c4efbed2b45d3b9c120fd888f6e31 - - default default] Successfully bumped revision number for resource cd58c3a3-eb64-44bc-98e5-651ad8564489 (type: security_group_rules) to 0 [pid: 7|app: 0|req: 904/1833] 10.0.0.241 () {34 vars in 695 bytes} [Tue Jul 21 14:33:55 2026] POST /v2.0/security-group-rules => generated 596 bytes in 176 msecs (HTTP/1.1 201) 4 headers in 162 bytes (1 switches on core 0)
2026-07-21 14:33:55.701 8 WARNING neutron.scheduler.dhcp_agent_scheduler [None req-e3298d95-1550-428e-98e9-a40879f8f11b 6481fcfd251b4976b4558c5d4994ab5a f4e028e8ae134db5b578df9c11c2a493 - - default default] No more DHCP agents
2026-07-21 14:33:55.703 8 WARNING neutron.api.rpc.agentnotifiers.dhcp_rpc_agent_api [None req-e3298d95-1550-428e-98e9-a40879f8f11b 6481fcfd251b4976b4558c5d4994ab5a f4e028e8ae134db5b578df9c11c2a493 - - default default] Unable to schedule network a8e99b61-9d5a-4c50-87e1-94b4a31cc087: no agents available; will retry on subsequent port and subnet creation events. [pid: 7|app: 0|req: 905/1834] 10.0.0.144 () {28 vars in 585 bytes} [Tue Jul 21 14:33:55 2026] GET /v2.0/networks => generated 4663 bytes in 86 msecs (HTTP/1.1 200) 4 headers in 158 bytes (1 switches on core 0)
2026-07-21 14:33:55.877 7 INFO neutron.db.ovn_revision_numbers_db [None req-82b77f04-7871-40ee-b8f9-318087ff2e90 865183db96054b9fa3110a93a452cf6d c60c4efbed2b45d3b9c120fd888f6e31 - - default default] Successfully bumped revision number for resource f2f67699-ff64-436e-9e3b-64fe0a0f56fc (type: security_group_rules) to 0
2026-07-21 14:33:55.898 8 INFO neutron.db.ovn_revision_numbers_db [None req-e3298d95-1550-428e-98e9-a40879f8f11b 6481fcfd251b4976b4558c5d4994ab5a f4e028e8ae134db5b578df9c11c2a493 - - default default] Successfully bumped revision number for resource fd76fe2d-4441-481f-b6e8-d6a286b494a0 (type: ports) to 1 [pid: 7|app: 0|req: 906/1835] 10.0.0.241 () {34 vars in 695 bytes} [Tue Jul 21 14:33:55 2026] POST /v2.0/security-group-rules => generated 602 bytes in 188 msecs (HTTP/1.1 201) 4 headers in 162 bytes (1 switches on core 0) [pid: 7|app: 0|req: 907/1836] 10.0.0.144 () {28 vars in 583 bytes} [Tue Jul 21 14:33:55 2026] GET /v2.0/routers => generated 2962 bytes in 88 msecs (HTTP/1.1 200) 4 headers in 158 bytes (1 switches on core 0)
2026-07-21 14:33:56.133 7 INFO neutron.db.ovn_revision_numbers_db [None req-5d764371-402d-40df-a10b-2cc4c225e6ff 865183db96054b9fa3110a93a452cf6d c60c4efbed2b45d3b9c120fd888f6e31 - - default default] Successfully bumped revision number for resource 2b7a6ecb-3722-470f-9194-7ed46151ec2d (type: security_group_rules) to 0 [pid: 7|app: 0|req: 908/1837] 10.0.0.241 () {34 vars in 695 bytes} [Tue Jul 21 14:33:56 2026] POST /v2.0/security-group-rules => generated 601 bytes in 159 msecs (HTTP/1.1 201) 4 headers in 162 bytes (1 switches on core 0) [pid: 7|app: 0|req: 909/1838] 10.0.0.144 () {28 vars in 624 bytes} [Tue Jul 21 14:33:56 2026] GET /v2.0/agents?binary=ovn-controller => generated 416 bytes in 12 msecs (HTTP/1.1 200) 4 headers in 157 bytes (1 switches on core 0)
2026-07-21 14:33:56.218 7 INFO neutron.db.securitygroups_db [None req-f423ae66-1e55-4188-a89b-4d25d2dd8fa4 865183db96054b9fa3110a93a452cf6d c60c4efbed2b45d3b9c120fd888f6e31 - - default default] Project c60c4efbed2b45d3b9c120fd888f6e31 added a security group rule with legacy IPv6 ICMP protocol name icmp, ipv6-icmp should be used instead. It was automatically converted.
2026-07-21 14:33:56.322 7 INFO neutron.db.ovn_revision_numbers_db [None req-f423ae66-1e55-4188-a89b-4d25d2dd8fa4 865183db96054b9fa3110a93a452cf6d c60c4efbed2b45d3b9c120fd888f6e31 - - default default] Successfully bumped revision number for resource 19c715d0-693e-4cdd-9b70-6096116cd640 (type: security_group_rules) to 0 [pid: 7|app: 0|req: 910/1839] 10.0.0.241 () {34 vars in 695 bytes} [Tue Jul 21 14:33:56 2026] POST /v2.0/security-group-rules => generated 607 bytes in 184 msecs (HTTP/1.1 201) 4 headers in 162 bytes (1 switches on core 0) [pid: 7|app: 0|req: 911/1840] 10.0.0.144 () {28 vars in 619 bytes} [Tue Jul 21 14:33:56 2026] GET /v2.0/network-ip-availabilities => generated 4160 bytes in 29 msecs (HTTP/1.1 200) 4 headers in 158 bytes (1 switches on core 0)
2026-07-21 14:33:56.444 7 INFO neutron.db.securitygroups_db [None req-f40cf650-9b48-4100-b773-5b2f19741a6a 865183db96054b9fa3110a93a452cf6d c60c4efbed2b45d3b9c120fd888f6e31 - - default default] Project c60c4efbed2b45d3b9c120fd888f6e31 added a security group rule with legacy IPv6 ICMP protocol name icmp, ipv6-icmp should be used instead. It was automatically converted.
2026-07-21 14:33:56.549 7 INFO neutron.db.ovn_revision_numbers_db [None req-f40cf650-9b48-4100-b773-5b2f19741a6a 865183db96054b9fa3110a93a452cf6d c60c4efbed2b45d3b9c120fd888f6e31 - - default default] Successfully bumped revision number for resource 1564aeda-cd5e-4f56-9f7e-01b91bc992cc (type: security_group_rules) to 0 [pid: 7|app: 0|req: 912/1841] 10.0.0.241 () {34 vars in 695 bytes} [Tue Jul 21 14:33:56 2026] POST /v2.0/security-group-rules => generated 606 bytes in 197 msecs (HTTP/1.1 201) 4 headers in 162 bytes (1 switches on core 0) [pid: 7|app: 0|req: 913/1842] 10.0.0.144 () {28 vars in 583 bytes} [Tue Jul 21 14:33:56 2026] GET /v2.0/subnets => generated 3326 bytes in 38 msecs (HTTP/1.1 200) 4 headers in 158 bytes (1 switches on core 0)
2026-07-21 14:33:56.825 7 WARNING neutron.db.securitygroups_db [None req-39b5b331-6bad-4eb8-b9dc-31a4153ba955 fa420d162eb14791b146f3624d38cc62 e8d6d75ee70e476ead7ffe8ea7c36383 - - default default] project_id key not found in filters, using tenant_id instead. This support has been deprecated and will be removed in a future release.
2026-07-21 14:33:56.843 8 WARNING neutron.scheduler.dhcp_agent_scheduler [None req-e3298d95-1550-428e-98e9-a40879f8f11b 6481fcfd251b4976b4558c5d4994ab5a f4e028e8ae134db5b578df9c11c2a493 - - default default] No more DHCP agents
2026-07-21 14:33:56.844 8 WARNING neutron.api.rpc.agentnotifiers.dhcp_rpc_agent_api [None req-e3298d95-1550-428e-98e9-a40879f8f11b 6481fcfd251b4976b4558c5d4994ab5a f4e028e8ae134db5b578df9c11c2a493 - - default default] Unable to schedule network a8e99b61-9d5a-4c50-87e1-94b4a31cc087: no agents available; will retry on subsequent port and subnet creation events.
2026-07-21 14:33:56.971 7 INFO neutron.db.ovn_revision_numbers_db [None req-39b5b331-6bad-4eb8-b9dc-31a4153ba955 fa420d162eb14791b146f3624d38cc62 e8d6d75ee70e476ead7ffe8ea7c36383 - - default default] Successfully bumped revision number for resource ef78da1d-8166-4720-9421-1003d1ef1880 (type: security_groups) to 1
2026-07-21 14:33:56.989 7 INFO neutron.db.ovn_revision_numbers_db [None req-39b5b331-6bad-4eb8-b9dc-31a4153ba955 fa420d162eb14791b146f3624d38cc62 e8d6d75ee70e476ead7ffe8ea7c36383 - - default default] Successfully bumped revision number for resource 1562ff8c-bf9a-4385-bb34-8b36f21526e0 (type: security_group_rules) to 0
2026-07-21 14:33:57.004 7 INFO neutron.db.ovn_revision_numbers_db [None req-39b5b331-6bad-4eb8-b9dc-31a4153ba955 fa420d162eb14791b146f3624d38cc62 e8d6d75ee70e476ead7ffe8ea7c36383 - - default default] Successfully bumped revision number for resource 1fd03dd8-a431-4580-8ac5-31d3287ace92 (type: security_group_rules) to 0
2026-07-21 14:33:57.024 7 INFO neutron.db.ovn_revision_numbers_db [None req-39b5b331-6bad-4eb8-b9dc-31a4153ba955 fa420d162eb14791b146f3624d38cc62 e8d6d75ee70e476ead7ffe8ea7c36383 - - default default] Successfully bumped revision number for resource 3ad12ee3-e19b-479e-ac4b-72e234677b59 (type: security_group_rules) to 0
2026-07-21 14:33:57.039 7 INFO neutron.db.ovn_revision_numbers_db [None req-39b5b331-6bad-4eb8-b9dc-31a4153ba955 fa420d162eb14791b146f3624d38cc62 e8d6d75ee70e476ead7ffe8ea7c36383 - - default default] Successfully bumped revision number for resource 418b3e6d-21e0-477b-bf01-5ed15b54fe25 (type: security_group_rules) to 0 [pid: 7|app: 0|req: 914/1843] 10.0.0.241 () {32 vars in 774 bytes} [Tue Jul 21 14:33:56 2026] GET /v2.0/security-groups?tenant_id=b52244465b9f40bfa2ea0c67a5a56c26&name=default => generated 2925 bytes in 458 msecs (HTTP/1.1 200) 4 headers in 158 bytes (1 switches on core 0) [pid: 7|app: 0|req: 915/1844] 10.0.0.144 () {28 vars in 591 bytes} [Tue Jul 21 14:33:57 2026] GET /v2.0/subnetpools => generated 19 bytes in 10 msecs (HTTP/1.1 200) 4 headers in 156 bytes (1 switches on core 0)
2026-07-21 14:33:57.217 7 INFO neutron.common.ovn.utils [None req-b76f77cc-03f7-484d-8a89-76a0e9ad5e8d - - - - - -] HA Chassis Group neutron-a8e99b61-9d5a-4c50-87e1-94b4a31cc087 synchronized; highest priority chassis aa5544fa-03d7-4d66-989c-97d642d4a9c5
2026-07-21 14:33:57.288 8 INFO neutron.db.ovn_revision_numbers_db [None req-e3298d95-1550-428e-98e9-a40879f8f11b 6481fcfd251b4976b4558c5d4994ab5a f4e028e8ae134db5b578df9c11c2a493 - - default default] Successfully bumped revision number for resource fd76fe2d-4441-481f-b6e8-d6a286b494a0 (type: router_ports) to 1 [pid: 8|app: 0|req: 930/1845] 10.0.0.241 () {34 vars in 783 bytes} [Tue Jul 21 14:33:55 2026] PUT /v2.0/routers/ca78439e-71a0-4969-ae8b-8983552214db/add_router_interface => generated 310 bytes in 2248 msecs (HTTP/1.1 200) 4 headers in 157 bytes (1 switches on core 0)
2026-07-21 14:33:57.313 7 INFO neutron.db.ovn_revision_numbers_db [None req-b25b4eed-15a3-457d-bbac-2ac9ef79bf2f 865183db96054b9fa3110a93a452cf6d c60c4efbed2b45d3b9c120fd888f6e31 - - default default] Successfully bumped revision number for resource c3a8eea6-2d65-4ac7-b84b-765fae5cefce (type: security_groups) to 1
2026-07-21 14:33:57.328 7 INFO neutron.db.ovn_revision_numbers_db [None req-b25b4eed-15a3-457d-bbac-2ac9ef79bf2f 865183db96054b9fa3110a93a452cf6d c60c4efbed2b45d3b9c120fd888f6e31 - - default default] Successfully bumped revision number for resource 001f90e2-ff29-46e9-b38c-34c8d65fcfb2 (type: security_group_rules) to 0
2026-07-21 14:33:57.339 7 INFO neutron.db.ovn_revision_numbers_db [None req-b25b4eed-15a3-457d-bbac-2ac9ef79bf2f 865183db96054b9fa3110a93a452cf6d c60c4efbed2b45d3b9c120fd888f6e31 - - default default] Successfully bumped revision number for resource a795e90f-db04-4fb0-848b-b43cddae271b (type: security_group_rules) to 0 [pid: 7|app: 0|req: 916/1846] 10.0.0.241 () {34 vars in 685 bytes} [Tue Jul 21 14:33:57 2026] POST /v2.0/security-groups => generated 1660 bytes in 295 msecs (HTTP/1.1 201) 4 headers in 163 bytes (1 switches on core 0) [pid: 7|app: 0|req: 917/1847] 10.0.0.144 () {28 vars in 591 bytes} [Tue Jul 21 14:33:57 2026] GET /v2.0/floatingips => generated 19 bytes in 15 msecs (HTTP/1.1 200) 4 headers in 156 bytes (1 switches on core 0) [pid: 7|app: 0|req: 918/1848] 10.0.0.241 () {32 vars in 649 bytes} [Tue Jul 21 14:33:57 2026] GET /v2.0/networks => generated 4663 bytes in 62 msecs (HTTP/1.1 200) 4 headers in 158 bytes (1 switches on core 0) [pid: 8|app: 0|req: 931/1849] 10.0.0.241 () {32 vars in 740 bytes} [Tue Jul 21 14:33:57 2026] DELETE /v2.0/security-groups/ef78da1d-8166-4720-9421-1003d1ef1880 => generated 0 bytes in 176 msecs (HTTP/1.1 204) 2 headers in 112 bytes (1 switches on core 0) [pid: 8|app: 0|req: 932/1850] 10.0.0.144 () {28 vars in 583 bytes} [Tue Jul 21 14:33:57 2026] GET /v2.0/subnets => generated 3326 bytes in 38 msecs (HTTP/1.1 200) 4 headers in 158 bytes (1 switches on core 0) [pid: 8|app: 0|req: 933/1851] 10.0.0.241 () {32 vars in 647 bytes} [Tue Jul 21 14:33:57 2026] GET /v2.0/subnets => generated 3326 bytes in 40 msecs (HTTP/1.1 200) 4 headers in 158 bytes (1 switches on core 0)
2026-07-21 14:33:57.614 7 INFO neutron.db.ovn_revision_numbers_db [None req-fdffde3e-ad32-4bac-be20-78086fdb8003 865183db96054b9fa3110a93a452cf6d c60c4efbed2b45d3b9c120fd888f6e31 - - default default] Successfully bumped revision number for resource bde88c35-6e7d-4f10-8b93-68071ae2d0b5 (type: security_group_rules) to 0 [pid: 8|app: 0|req: 934/1852] 10.0.0.241 () {32 vars in 647 bytes} [Tue Jul 21 14:33:57 2026] GET /v2.0/routers => generated 2962 bytes in 92 msecs (HTTP/1.1 200) 4 headers in 158 bytes (1 switches on core 0) [pid: 7|app: 0|req: 919/1853] 10.0.0.241 () {34 vars in 695 bytes} [Tue Jul 21 14:33:57 2026] POST /v2.0/security-group-rules => generated 597 bytes in 194 msecs (HTTP/1.1 201) 4 headers in 162 bytes (1 switches on core 0)
2026-07-21 14:33:57.707 7 WARNING neutron.db.securitygroups_db [None req-313e7b08-5b2a-4684-a18d-ddc2e9a7fb1c fa420d162eb14791b146f3624d38cc62 e8d6d75ee70e476ead7ffe8ea7c36383 - - default default] project_id key not found in filters, using tenant_id instead. This support has been deprecated and will be removed in a future release.
2026-07-21 14:33:57.815 8 INFO neutron.db.ovn_revision_numbers_db [None req-0a43bc62-1be4-46c8-bd7f-9be0c9eb33c2 865183db96054b9fa3110a93a452cf6d c60c4efbed2b45d3b9c120fd888f6e31 - - default default] Successfully bumped revision number for resource b220af8f-eece-43fd-9f0f-3ec94ebf358e (type: security_group_rules) to 0
2026-07-21 14:33:57.846 7 INFO neutron.db.ovn_revision_numbers_db [None req-313e7b08-5b2a-4684-a18d-ddc2e9a7fb1c fa420d162eb14791b146f3624d38cc62 e8d6d75ee70e476ead7ffe8ea7c36383 - - default default] Successfully bumped revision number for resource 02e065f4-1216-4042-b032-b6e38396881c (type: security_groups) to 1
2026-07-21 14:33:57.859 7 INFO neutron.db.ovn_revision_numbers_db [None req-313e7b08-5b2a-4684-a18d-ddc2e9a7fb1c fa420d162eb14791b146f3624d38cc62 e8d6d75ee70e476ead7ffe8ea7c36383 - - default default] Successfully bumped revision number for resource 100f3060-f2ea-4441-8fa6-018c66fea128 (type: security_group_rules) to 0 [pid: 8|app: 0|req: 935/1854] 10.0.0.241 () {34 vars in 695 bytes} [Tue Jul 21 14:33:57 2026] POST /v2.0/security-group-rules => generated 602 bytes in 192 msecs (HTTP/1.1 201) 4 headers in 162 bytes (1 switches on core 0)
2026-07-21 14:33:57.873 7 INFO neutron.db.ovn_revision_numbers_db [None req-313e7b08-5b2a-4684-a18d-ddc2e9a7fb1c fa420d162eb14791b146f3624d38cc62 e8d6d75ee70e476ead7ffe8ea7c36383 - - default default] Successfully bumped revision number for resource 30dede47-5dc6-4f0a-8d18-4a3b47ff860f (type: security_group_rules) to 0
2026-07-21 14:33:57.888 7 INFO neutron.db.ovn_revision_numbers_db [None req-313e7b08-5b2a-4684-a18d-ddc2e9a7fb1c fa420d162eb14791b146f3624d38cc62 e8d6d75ee70e476ead7ffe8ea7c36383 - - default default] Successfully bumped revision number for resource 5688323b-8198-4c13-bd36-18c05b9db633 (type: security_group_rules) to 0
2026-07-21 14:33:57.903 7 INFO neutron.db.ovn_revision_numbers_db [None req-313e7b08-5b2a-4684-a18d-ddc2e9a7fb1c fa420d162eb14791b146f3624d38cc62 e8d6d75ee70e476ead7ffe8ea7c36383 - - default default] Successfully bumped revision number for resource 62d888d4-e518-486f-8178-c350ad74c38c (type: security_group_rules) to 0 [pid: 7|app: 0|req: 920/1855] 10.0.0.241 () {32 vars in 774 bytes} [Tue Jul 21 14:33:57 2026] GET /v2.0/security-groups?tenant_id=701dbfeb95bc4cbdb37c375bd1a8ac3f&name=default => generated 2925 bytes in 244 msecs (HTTP/1.1 200) 4 headers in 158 bytes (1 switches on core 0)
2026-07-21 14:33:57.999 8 INFO neutron.db.ovn_revision_numbers_db [None req-1ea1dce8-7125-483e-ba64-7a6b9753c76e 6481fcfd251b4976b4558c5d4994ab5a f4e028e8ae134db5b578df9c11c2a493 - - default default] Successfully bumped revision number for resource 0acb5ed3-f8d0-47e2-be3f-03272cb6d96c (type: security_groups) to 1
2026-07-21 14:33:58.023 8 INFO neutron.db.ovn_revision_numbers_db [None req-1ea1dce8-7125-483e-ba64-7a6b9753c76e 6481fcfd251b4976b4558c5d4994ab5a f4e028e8ae134db5b578df9c11c2a493 - - default default] Successfully bumped revision number for resource 7fc93871-1e01-4e2f-8d9b-95206639679c (type: security_group_rules) to 0
2026-07-21 14:33:58.054 8 INFO neutron.db.ovn_revision_numbers_db [None req-1ea1dce8-7125-483e-ba64-7a6b9753c76e 6481fcfd251b4976b4558c5d4994ab5a f4e028e8ae134db5b578df9c11c2a493 - - default default] Successfully bumped revision number for resource b8725fd7-21f1-4577-a14c-6aec7a5a5421 (type: security_group_rules) to 0 [pid: 8|app: 0|req: 936/1856] 10.0.0.241 () {34 vars in 685 bytes} [Tue Jul 21 14:33:57 2026] POST /v2.0/security-groups => generated 1675 bytes in 246 msecs (HTTP/1.1 201) 4 headers in 163 bytes (1 switches on core 0)
2026-07-21 14:33:58.246 7 WARNING neutron.scheduler.dhcp_agent_scheduler [None req-2766301f-d59f-4c04-83f8-431063965de2 865183db96054b9fa3110a93a452cf6d c60c4efbed2b45d3b9c120fd888f6e31 - - default default] No more DHCP agents
2026-07-21 14:33:58.248 7 WARNING neutron.api.rpc.agentnotifiers.dhcp_rpc_agent_api [None req-2766301f-d59f-4c04-83f8-431063965de2 865183db96054b9fa3110a93a452cf6d c60c4efbed2b45d3b9c120fd888f6e31 - - default default] Unable to schedule network 92d9def3-c275-414d-bf36-df2b1d3ad570: no agents available; will retry on subsequent port and subnet creation events. [pid: 8|app: 0|req: 937/1857] 10.0.0.241 () {32 vars in 740 bytes} [Tue Jul 21 14:33:58 2026] DELETE /v2.0/security-groups/02e065f4-1216-4042-b032-b6e38396881c => generated 0 bytes in 215 msecs (HTTP/1.1 204) 2 headers in 112 bytes (1 switches on core 0)
2026-07-21 14:33:58.487 8 INFO neutron.db.ovn_revision_numbers_db [None req-5f780315-c7c6-4f97-aba2-a4a95c9f5e56 6481fcfd251b4976b4558c5d4994ab5a f4e028e8ae134db5b578df9c11c2a493 - - default default] Successfully bumped revision number for resource 66b0b28f-62be-4d32-8a76-c071cdac67a0 (type: security_group_rules) to 0 [pid: 8|app: 0|req: 938/1858] 10.0.0.241 () {34 vars in 695 bytes} [Tue Jul 21 14:33:58 2026] POST /v2.0/security-group-rules => generated 597 bytes in 204 msecs (HTTP/1.1 201) 4 headers in 162 bytes (1 switches on core 0) [pid: 7|app: 0|req: 921/1859] 10.0.0.241 () {34 vars in 676 bytes} [Tue Jul 21 14:33:57 2026] POST /v2.0/floatingips => generated 552 bytes in 667 msecs (HTTP/1.1 201) 4 headers in 162 bytes (1 switches on core 0)
2026-07-21 14:33:58.617 7 WARNING neutron.db.securitygroups_db [None req-99c70b0b-9b2d-42d3-99df-de4c1c2433f1 fa420d162eb14791b146f3624d38cc62 e8d6d75ee70e476ead7ffe8ea7c36383 - - default default] project_id key not found in filters, using tenant_id instead. This support has been deprecated and will be removed in a future release.
2026-07-21 14:33:58.751 7 INFO neutron.db.ovn_revision_numbers_db [None req-99c70b0b-9b2d-42d3-99df-de4c1c2433f1 fa420d162eb14791b146f3624d38cc62 e8d6d75ee70e476ead7ffe8ea7c36383 - - default default] Successfully bumped revision number for resource c9d2a3d9-ec4d-42ff-a08e-57d45da4f939 (type: security_groups) to 1
2026-07-21 14:33:58.775 7 INFO neutron.db.ovn_revision_numbers_db [None req-99c70b0b-9b2d-42d3-99df-de4c1c2433f1 fa420d162eb14791b146f3624d38cc62 e8d6d75ee70e476ead7ffe8ea7c36383 - - default default] Successfully bumped revision number for resource 50baab4f-96b4-43b9-b2c2-e459f1225e86 (type: security_group_rules) to 0
2026-07-21 14:33:58.792 7 INFO neutron.db.ovn_revision_numbers_db [None req-99c70b0b-9b2d-42d3-99df-de4c1c2433f1 fa420d162eb14791b146f3624d38cc62 e8d6d75ee70e476ead7ffe8ea7c36383 - - default default] Successfully bumped revision number for resource 52ceb173-5c51-4c75-86c8-301cd70f301d (type: security_group_rules) to 0
2026-07-21 14:33:58.811 7 INFO neutron.db.ovn_revision_numbers_db [None req-99c70b0b-9b2d-42d3-99df-de4c1c2433f1 fa420d162eb14791b146f3624d38cc62 e8d6d75ee70e476ead7ffe8ea7c36383 - - default default] Successfully bumped revision number for resource 971f3113-e32a-459e-ad95-cf21b862cb2b (type: security_group_rules) to 0
2026-07-21 14:33:58.825 7 INFO neutron.db.ovn_revision_numbers_db [None req-99c70b0b-9b2d-42d3-99df-de4c1c2433f1 fa420d162eb14791b146f3624d38cc62 e8d6d75ee70e476ead7ffe8ea7c36383 - - default default] Successfully bumped revision number for resource a352b921-45eb-493e-b21c-bd7d4dfd193c (type: security_group_rules) to 0 [pid: 7|app: 0|req: 922/1860] 10.0.0.241 () {32 vars in 774 bytes} [Tue Jul 21 14:33:58 2026] GET /v2.0/security-groups?tenant_id=369a569456794548b842420bad891fa1&name=default => generated 2925 bytes in 265 msecs (HTTP/1.1 200) 4 headers in 158 bytes (1 switches on core 0)
2026-07-21 14:33:58.935 8 INFO neutron.db.ovn_revision_numbers_db [None req-532c4b1b-22ff-4605-99ff-565acd637592 2aa26d25a8d74123984eab9cee1d1786 a1bb5fb17a8f4d2e9d0114dba0e9df53 - - default default] Successfully bumped revision number for resource 7cc39b54-688a-428d-a123-71235308e101 (type: security_groups) to 1
2026-07-21 14:33:58.950 8 INFO neutron.db.ovn_revision_numbers_db [None req-532c4b1b-22ff-4605-99ff-565acd637592 2aa26d25a8d74123984eab9cee1d1786 a1bb5fb17a8f4d2e9d0114dba0e9df53 - - default default] Successfully bumped revision number for resource 0c6f39cf-5e04-453d-a6de-f720f4970c10 (type: security_group_rules) to 0
2026-07-21 14:33:58.968 8 INFO neutron.db.ovn_revision_numbers_db [None req-532c4b1b-22ff-4605-99ff-565acd637592 2aa26d25a8d74123984eab9cee1d1786 a1bb5fb17a8f4d2e9d0114dba0e9df53 - - default default] Successfully bumped revision number for resource 36d2093d-6cc6-4b9c-818b-354da2d2a02a (type: security_group_rules) to 0
2026-07-21 14:33:58.989 8 INFO neutron.db.ovn_revision_numbers_db [None req-532c4b1b-22ff-4605-99ff-565acd637592 2aa26d25a8d74123984eab9cee1d1786 a1bb5fb17a8f4d2e9d0114dba0e9df53 - - default default] Successfully bumped revision number for resource 7acd7a74-71b8-46c2-acea-2d1ad2677b2e (type: security_group_rules) to 0
2026-07-21 14:33:59.001 7 INFO neutron.db.ovn_revision_numbers_db [None req-5c3758e0-9ba0-43f0-8366-88cb68a5783e 6481fcfd251b4976b4558c5d4994ab5a f4e028e8ae134db5b578df9c11c2a493 - - default default] Successfully bumped revision number for resource df152158-fe81-4dfd-8067-a11ceee1be32 (type: security_group_rules) to 0
2026-07-21 14:33:59.006 8 INFO neutron.db.ovn_revision_numbers_db [None req-532c4b1b-22ff-4605-99ff-565acd637592 2aa26d25a8d74123984eab9cee1d1786 a1bb5fb17a8f4d2e9d0114dba0e9df53 - - default default] Successfully bumped revision number for resource f8e96bf2-a653-4b14-8d4b-5231c883d371 (type: security_group_rules) to 0 [pid: 7|app: 0|req: 923/1861] 10.0.0.241 () {34 vars in 695 bytes} [Tue Jul 21 14:33:58 2026] POST /v2.0/security-group-rules => generated 596 bytes in 169 msecs (HTTP/1.1 201) 4 headers in 162 bytes (1 switches on core 0)
2026-07-21 14:33:59.052 7 WARNING neutron.db.securitygroups_db [req-b89240e0-2066-41f2-9695-d229993f9d4f req-eb7fd2b1-706e-4c52-a00d-c6e999109dcf 865183db96054b9fa3110a93a452cf6d c60c4efbed2b45d3b9c120fd888f6e31 - - default default] project_id key not found in filters, using tenant_id instead. This support has been deprecated and will be removed in a future release. [pid: 7|app: 0|req: 924/1862] 10.0.0.228 () {34 vars in 1100 bytes} [Tue Jul 21 14:33:59 2026] GET /v2.0/security-groups?name=tempest-secgroup-smoke-1722575322&fields=id&tenant_id=c60c4efbed2b45d3b9c120fd888f6e31 => generated 69 bytes in 40 msecs (HTTP/1.1 200) 4 headers in 156 bytes (1 switches on core 0)
2026-07-21 14:33:59.090 8 INFO neutron.db.segments_db [None req-532c4b1b-22ff-4605-99ff-565acd637592 2aa26d25a8d74123984eab9cee1d1786 a1bb5fb17a8f4d2e9d0114dba0e9df53 - - default default] Added segment d6383dac-da25-4f1f-a735-bda6ca9e805c of type geneve for network ef863627-c603-4336-b715-ea7551780175
2026-07-21 14:33:59.221 8 INFO neutron.db.ovn_revision_numbers_db [None req-532c4b1b-22ff-4605-99ff-565acd637592 2aa26d25a8d74123984eab9cee1d1786 a1bb5fb17a8f4d2e9d0114dba0e9df53 - - default default] Successfully bumped revision number for resource ef863627-c603-4336-b715-ea7551780175 (type: networks) to 1 [pid: 7|app: 0|req: 925/1863] 10.0.0.241 () {32 vars in 740 bytes} [Tue Jul 21 14:33:59 2026] DELETE /v2.0/security-groups/c9d2a3d9-ec4d-42ff-a08e-57d45da4f939 => generated 0 bytes in 214 msecs (HTTP/1.1 204) 2 headers in 112 bytes (1 switches on core 0)
2026-07-21 14:33:59.449 7 INFO neutron.db.ovn_revision_numbers_db [None req-84d96772-0898-4e9b-94a6-3c6e93c6d248 6481fcfd251b4976b4558c5d4994ab5a f4e028e8ae134db5b578df9c11c2a493 - - default default] Successfully bumped revision number for resource bceb40fe-7756-43aa-930c-650c20eefe41 (type: security_group_rules) to 0
2026-07-21 14:33:59.459 8 WARNING neutron.scheduler.dhcp_agent_scheduler [None req-532c4b1b-22ff-4605-99ff-565acd637592 2aa26d25a8d74123984eab9cee1d1786 a1bb5fb17a8f4d2e9d0114dba0e9df53 - - default default] No more DHCP agents
2026-07-21 14:33:59.460 8 WARNING neutron.api.rpc.agentnotifiers.dhcp_rpc_agent_api [None req-532c4b1b-22ff-4605-99ff-565acd637592 2aa26d25a8d74123984eab9cee1d1786 a1bb5fb17a8f4d2e9d0114dba0e9df53 - - default default] Unable to schedule network ef863627-c603-4336-b715-ea7551780175: no agents available; will retry on subsequent port and subnet creation events. [pid: 7|app: 0|req: 926/1864] 10.0.0.241 () {34 vars in 695 bytes} [Tue Jul 21 14:33:59 2026] POST /v2.0/security-group-rules => generated 602 bytes in 193 msecs (HTTP/1.1 201) 4 headers in 162 bytes (1 switches on core 0)
2026-07-21 14:33:59.505 7 WARNING neutron.db.securitygroups_db [req-b89240e0-2066-41f2-9695-d229993f9d4f req-2d2a58d0-f33e-4a58-a2b0-c1e120c68f01 865183db96054b9fa3110a93a452cf6d c60c4efbed2b45d3b9c120fd888f6e31 - - default default] project_id key not found in filters, using tenant_id instead. This support has been deprecated and will be removed in a future release.
2026-07-21 14:33:59.509 8 WARNING neutron.plugins.ml2.drivers.ovn.mech_driver.ovsdb.ovn_client [None req-497bdad9-d2e9-4ab8-a946-d0795aec9d4c - - - - - -] No hosting information found for port dc49a749-d00f-4963-adf2-09a2ffe17095: RuntimeError: No hosting information found for port dc49a749-d00f-4963-adf2-09a2ffe17095 [pid: 7|app: 0|req: 927/1865] 10.0.0.228 () {34 vars in 1098 bytes} [Tue Jul 21 14:33:59 2026] GET /v2.0/security-groups?name=tempest-securitygroup--385318118&fields=id&tenant_id=c60c4efbed2b45d3b9c120fd888f6e31 => generated 69 bytes in 57 msecs (HTTP/1.1 200) 4 headers in 156 bytes (1 switches on core 0)
2026-07-21 14:33:59.583 8 INFO neutron.db.ovn_revision_numbers_db [None req-532c4b1b-22ff-4605-99ff-565acd637592 2aa26d25a8d74123984eab9cee1d1786 a1bb5fb17a8f4d2e9d0114dba0e9df53 - - default default] Successfully bumped revision number for resource de48e546-bd99-47c6-8827-6ec393a14a90 (type: ports) to 1 [pid: 8|app: 0|req: 939/1866] 10.0.0.241 () {34 vars in 670 bytes} [Tue Jul 21 14:33:58 2026] POST /v2.0/networks => generated 670 bytes in 1126 msecs (HTTP/1.1 201) 4 headers in 162 bytes (1 switches on core 0)
2026-07-21 14:33:59.686 8 INFO neutron.db.ovn_revision_numbers_db [None req-497bdad9-d2e9-4ab8-a946-d0795aec9d4c - - - - - -] Successfully bumped revision number for resource dc49a749-d00f-4963-adf2-09a2ffe17095 (type: router_ports) to 2
2026-07-21 14:33:59.697 7 INFO neutron.db.ovn_revision_numbers_db [None req-4f375946-e002-4a02-8ff3-dc230915bcf7 6481fcfd251b4976b4558c5d4994ab5a f4e028e8ae134db5b578df9c11c2a493 - - default default] Successfully bumped revision number for resource e25011d5-7256-4d7b-adc2-3a53ce409b4f (type: security_group_rules) to 0 [pid: 7|app: 0|req: 928/1867] 10.0.0.241 () {34 vars in 695 bytes} [Tue Jul 21 14:33:59 2026] POST /v2.0/security-group-rules => generated 601 bytes in 181 msecs (HTTP/1.1 201) 4 headers in 162 bytes (1 switches on core 0) [pid: 8|app: 0|req: 940/1868] 10.0.0.228 () {34 vars in 982 bytes} [Tue Jul 21 14:33:59 2026] GET /v2.0/networks?id=d332bdc8-d414-4f82-bb32-44b67cbe8f5c => generated 711 bytes in 92 msecs (HTTP/1.1 200) 4 headers in 157 bytes (1 switches on core 0)
2026-07-21 14:33:59.788 8 INFO neutron.plugins.ml2.drivers.ovn.mech_driver.mech_driver [None req-497bdad9-d2e9-4ab8-a946-d0795aec9d4c - - - - - -] OVN reports status down for port: fd76fe2d-4441-481f-b6e8-d6a286b494a0
2026-07-21 14:33:59.810 8 INFO neutron.db.securitygroups_db [None req-52840de1-54f3-4f11-ab93-87cb50a9e5ec 6481fcfd251b4976b4558c5d4994ab5a f4e028e8ae134db5b578df9c11c2a493 - - default default] Project f4e028e8ae134db5b578df9c11c2a493 added a security group rule with legacy IPv6 ICMP protocol name icmp, ipv6-icmp should be used instead. It was automatically converted.
2026-07-21 14:33:59.911 8 WARNING neutron.plugins.ml2.drivers.ovn.mech_driver.ovsdb.ovn_client [None req-497bdad9-d2e9-4ab8-a946-d0795aec9d4c - - - - - -] Logical_Switch_Port fd76fe2d-4441-481f-b6e8-d6a286b494a0 host information not removed, the port state is up
2026-07-21 14:33:59.912 8 INFO neutron.plugins.ml2.drivers.ovn.mech_driver.mech_driver [None req-497bdad9-d2e9-4ab8-a946-d0795aec9d4c - - - - - -] OVN reports status up for port: fd76fe2d-4441-481f-b6e8-d6a286b494a0
2026-07-21 14:33:59.939 8 INFO neutron.plugins.ml2.plugin [None req-497bdad9-d2e9-4ab8-a946-d0795aec9d4c - - - - - -] Attempt 1 to provision port fd76fe2d-4441-481f-b6e8-d6a286b494a0
2026-07-21 14:33:59.941 8 INFO neutron.db.ovn_revision_numbers_db [None req-52840de1-54f3-4f11-ab93-87cb50a9e5ec 6481fcfd251b4976b4558c5d4994ab5a f4e028e8ae134db5b578df9c11c2a493 - - default default] Successfully bumped revision number for resource abc08ded-ede6-4068-9b1b-64c7f72aa33c (type: security_group_rules) to 0
2026-07-21 14:34:00.009 7 WARNING neutron.scheduler.dhcp_agent_scheduler [None req-09b631ec-4b63-453b-aea0-08b1242b5f60 2aa26d25a8d74123984eab9cee1d1786 a1bb5fb17a8f4d2e9d0114dba0e9df53 - - default default] No more DHCP agents
2026-07-21 14:34:00.012 7 WARNING neutron.api.rpc.agentnotifiers.dhcp_rpc_agent_api [None req-09b631ec-4b63-453b-aea0-08b1242b5f60 2aa26d25a8d74123984eab9cee1d1786 a1bb5fb17a8f4d2e9d0114dba0e9df53 - - default default] Unable to schedule network ef863627-c603-4336-b715-ea7551780175: no agents available; will retry on subsequent port and subnet creation events. [pid: 8|app: 0|req: 941/1869] 10.0.0.241 () {34 vars in 695 bytes} [Tue Jul 21 14:33:59 2026] POST /v2.0/security-group-rules => generated 607 bytes in 267 msecs (HTTP/1.1 201) 4 headers in 162 bytes (1 switches on core 0) [pid: 8|app: 0|req: 942/1870] 10.0.0.228 () {34 vars in 965 bytes} [Tue Jul 21 14:34:00 2026] GET /v2.0/quotas/c60c4efbed2b45d3b9c120fd888f6e31 => generated 312 bytes in 17 msecs (HTTP/1.1 200) 4 headers in 157 bytes (1 switches on core 0)
2026-07-21 14:34:00.066 7 INFO neutron.plugins.ml2.drivers.ovn.mech_driver.mech_driver [None req-b76f77cc-03f7-484d-8a89-76a0e9ad5e8d - - - - - -] OVN reports status down for port: f750e8c4-e331-4045-b76d-4ec4a61b2ba7
2026-07-21 14:34:00.115 7 INFO neutron.db.ovn_revision_numbers_db [None req-09b631ec-4b63-453b-aea0-08b1242b5f60 2aa26d25a8d74123984eab9cee1d1786 a1bb5fb17a8f4d2e9d0114dba0e9df53 - - default default] Successfully bumped revision number for resource f750e8c4-e331-4045-b76d-4ec4a61b2ba7 (type: ports) to 1
2026-07-21 14:34:00.131 8 INFO neutron.db.securitygroups_db [None req-93a915e3-35d7-4382-b335-efb3ef92bd7e 6481fcfd251b4976b4558c5d4994ab5a f4e028e8ae134db5b578df9c11c2a493 - - default default] Project f4e028e8ae134db5b578df9c11c2a493 added a security group rule with legacy IPv6 ICMP protocol name icmp, ipv6-icmp should be used instead. It was automatically converted. [pid: 7|app: 0|req: 929/1871] 10.0.0.241 () {34 vars in 664 bytes} [Tue Jul 21 14:33:59 2026] POST /v2.0/ports => generated 743 bytes in 424 msecs (HTTP/1.1 201) 4 headers in 162 bytes (1 switches on core 0) /var/lib/openstack/lib/python3.12/site-packages/pycadf/identifier.py:70: UserWarning: Invalid uuid: neutron. To ensure interoperability, identifiers should be a valid uuid. warnings.warn(('Invalid uuid: %s. To ensure interoperability, ' [pid: 7|app: 0|req: 930/1872] 10.0.0.228 () {34 vars in 1002 bytes} [Tue Jul 21 14:34:00 2026] GET /v2.0/ports?tenant_id=c60c4efbed2b45d3b9c120fd888f6e31&fields=id => generated 103 bytes in 122 msecs (HTTP/1.1 200) 4 headers in 157 bytes (1 switches on core 0)
2026-07-21 14:34:00.340 8 INFO neutron.db.ovn_revision_numbers_db [None req-93a915e3-35d7-4382-b335-efb3ef92bd7e 6481fcfd251b4976b4558c5d4994ab5a f4e028e8ae134db5b578df9c11c2a493 - - default default] Successfully bumped revision number for resource 12370976-564a-4742-bd57-6f8574248e76 (type: security_group_rules) to 0
2026-07-21 14:34:00.396 7 INFO neutron.db.segments_db [None req-21e3add3-a14b-4a0b-8eba-ca1c65fe9196 2aa26d25a8d74123984eab9cee1d1786 a1bb5fb17a8f4d2e9d0114dba0e9df53 - - default default] Added segment 7784d087-b8a6-4f25-96d1-70d91c2c6b65 of type geneve for network a0a92a01-c9ec-4f09-8900-c67ddc3be945 [pid: 8|app: 0|req: 943/1875] 10.0.0.241 () {34 vars in 695 bytes} [Tue Jul 21 14:34:00 2026] POST /v2.0/security-group-rules => generated 606 bytes in 397 msecs (HTTP/1.1 201) 4 headers in 162 bytes (1 switches on core 0) [pid: 8|app: 0|req: 944/1876] 10.0.0.228 () {34 vars in 1008 bytes} [Tue Jul 21 14:34:00 2026] GET /v2.0/networks/d332bdc8-d414-4f82-bb32-44b67cbe8f5c?fields=segments => generated 14 bytes in 96 msecs (HTTP/1.1 200) 4 headers in 156 bytes (1 switches on core 0)
2026-07-21 14:34:00.526 7 INFO neutron.db.ovn_revision_numbers_db [None req-21e3add3-a14b-4a0b-8eba-ca1c65fe9196 2aa26d25a8d74123984eab9cee1d1786 a1bb5fb17a8f4d2e9d0114dba0e9df53 - - default default] Successfully bumped revision number for resource a0a92a01-c9ec-4f09-8900-c67ddc3be945 (type: networks) to 1 [pid: 8|app: 0|req: 945/1877] 10.0.0.228 () {34 vars in 1108 bytes} [Tue Jul 21 14:34:00 2026] GET /v2.0/networks/d332bdc8-d414-4f82-bb32-44b67cbe8f5c?fields=provider%3Aphysical_network&fields=provider%3Anetwork_type => generated 79 bytes in 178 msecs (HTTP/1.1 200) 4 headers in 156 bytes (1 switches on core 0)
2026-07-21 14:34:00.757 8 INFO neutron.db.ovn_revision_numbers_db [None req-497bdad9-d2e9-4ab8-a946-d0795aec9d4c - - - - - -] Successfully bumped revision number for resource fd76fe2d-4441-481f-b6e8-d6a286b494a0 (type: ports) to 2
2026-07-21 14:34:00.795 7 WARNING neutron.scheduler.dhcp_agent_scheduler [None req-21e3add3-a14b-4a0b-8eba-ca1c65fe9196 2aa26d25a8d74123984eab9cee1d1786 a1bb5fb17a8f4d2e9d0114dba0e9df53 - - default default] No more DHCP agents
2026-07-21 14:34:00.797 7 WARNING neutron.api.rpc.agentnotifiers.dhcp_rpc_agent_api [None req-21e3add3-a14b-4a0b-8eba-ca1c65fe9196 2aa26d25a8d74123984eab9cee1d1786 a1bb5fb17a8f4d2e9d0114dba0e9df53 - - default default] Unable to schedule network a0a92a01-c9ec-4f09-8900-c67ddc3be945: no agents available; will retry on subsequent port and subnet creation events.
2026-07-21 14:34:00.863 7 INFO neutron.plugins.ml2.drivers.ovn.mech_driver.mech_driver [None req-b76f77cc-03f7-484d-8a89-76a0e9ad5e8d - - - - - -] OVN reports status down for port: e7692215-4b51-466b-814e-f865b166aa89
2026-07-21 14:34:00.934 7 INFO neutron.db.ovn_revision_numbers_db [None req-21e3add3-a14b-4a0b-8eba-ca1c65fe9196 2aa26d25a8d74123984eab9cee1d1786 a1bb5fb17a8f4d2e9d0114dba0e9df53 - - default default] Successfully bumped revision number for resource e7692215-4b51-466b-814e-f865b166aa89 (type: ports) to 1 [pid: 7|app: 0|req: 933/1878] 10.0.0.241 () {34 vars in 670 bytes} [Tue Jul 21 14:34:00 2026] POST /v2.0/networks => generated 670 bytes in 691 msecs (HTTP/1.1 201) 4 headers in 162 bytes (1 switches on core 0) [pid: 7|app: 0|req: 934/1879] 10.0.0.228 () {34 vars in 1070 bytes} [Tue Jul 21 14:34:00 2026] GET /v2.0/ports?fields=security_groups&fields=device_id&device_id=5678c3ca-12e1-4b4c-97be-b2b129b822dd => generated 12 bytes in 44 msecs (HTTP/1.1 200) 4 headers in 156 bytes (1 switches on core 0) [pid: 8|app: 0|req: 946/1880] 10.0.0.241 () {32 vars in 649 bytes} [Tue Jul 21 14:34:00 2026] GET /v2.0/networks => generated 1374 bytes in 367 msecs (HTTP/1.1 200) 4 headers in 158 bytes (1 switches on core 0)
2026-07-21 14:34:01.291 7 WARNING neutron.scheduler.dhcp_agent_scheduler [None req-eb03ff52-a477-4292-8b84-eae8204fab9c 2aa26d25a8d74123984eab9cee1d1786 a1bb5fb17a8f4d2e9d0114dba0e9df53 - - default default] No more DHCP agents
2026-07-21 14:34:01.294 7 WARNING neutron.api.rpc.agentnotifiers.dhcp_rpc_agent_api [None req-eb03ff52-a477-4292-8b84-eae8204fab9c 2aa26d25a8d74123984eab9cee1d1786 a1bb5fb17a8f4d2e9d0114dba0e9df53 - - default default] Unable to schedule network a0a92a01-c9ec-4f09-8900-c67ddc3be945: no agents available; will retry on subsequent port and subnet creation events.
2026-07-21 14:34:01.299 8 WARNING neutron.db.securitygroups_db [req-57070453-1e9f-4ff3-967e-28a1b77e5567 req-50a3a93f-cebb-44ac-8e6e-b9227d2f9ce1 6481fcfd251b4976b4558c5d4994ab5a f4e028e8ae134db5b578df9c11c2a493 - - default default] project_id key not found in filters, using tenant_id instead. This support has been deprecated and will be removed in a future release. [pid: 8|app: 0|req: 947/1881] 10.0.0.228 () {34 vars in 1100 bytes} [Tue Jul 21 14:34:01 2026] GET /v2.0/security-groups?name=tempest-secgroup-smoke-1942749512&fields=id&tenant_id=f4e028e8ae134db5b578df9c11c2a493 => generated 69 bytes in 39 msecs (HTTP/1.1 200) 4 headers in 156 bytes (1 switches on core 0)
2026-07-21 14:34:01.379 7 INFO neutron.db.ovn_revision_numbers_db [None req-eb03ff52-a477-4292-8b84-eae8204fab9c 2aa26d25a8d74123984eab9cee1d1786 a1bb5fb17a8f4d2e9d0114dba0e9df53 - - default default] Successfully bumped revision number for resource 681585d5-45e2-40d5-8c94-db58e096497a (type: ports) to 1 [pid: 8|app: 0|req: 948/1882] 10.0.0.228 () {34 vars in 982 bytes} [Tue Jul 21 14:34:01 2026] GET /v2.0/networks?id=a8e99b61-9d5a-4c50-87e1-94b4a31cc087 => generated 699 bytes in 59 msecs (HTTP/1.1 200) 4 headers in 157 bytes (1 switches on core 0) [pid: 8|app: 0|req: 949/1883] 10.0.0.228 () {34 vars in 965 bytes} [Tue Jul 21 14:34:01 2026] GET /v2.0/quotas/f4e028e8ae134db5b578df9c11c2a493 => generated 312 bytes in 12 msecs (HTTP/1.1 200) 4 headers in 157 bytes (1 switches on core 0) [pid: 7|app: 0|req: 935/1884] 10.0.0.241 () {34 vars in 664 bytes} [Tue Jul 21 14:34:01 2026] POST /v2.0/ports => generated 743 bytes in 402 msecs (HTTP/1.1 201) 4 headers in 162 bytes (1 switches on core 0) /var/lib/openstack/lib/python3.12/site-packages/pycadf/identifier.py:70: UserWarning: Invalid uuid: neutron. To ensure interoperability, identifiers should be a valid uuid. warnings.warn(('Invalid uuid: %s. To ensure interoperability, '
2026-07-21 14:34:01.536 8 INFO neutron.db.segments_db [None req-d1aa4429-633f-46db-a03b-862943d7ba6a 2aa26d25a8d74123984eab9cee1d1786 a1bb5fb17a8f4d2e9d0114dba0e9df53 - - default default] Added segment edb5f3dd-d1a8-4bed-9988-9cabf06e50f5 of type geneve for network fce70844-818b-4cce-866b-2161fea95f83 [pid: 7|app: 0|req: 936/1885] 10.0.0.228 () {34 vars in 1002 bytes} [Tue Jul 21 14:34:01 2026] GET /v2.0/ports?tenant_id=f4e028e8ae134db5b578df9c11c2a493&fields=id => generated 103 bytes in 108 msecs (HTTP/1.1 200) 4 headers in 157 bytes (1 switches on core 0) [pid: 7|app: 0|req: 937/1886] 10.0.0.228 () {34 vars in 1008 bytes} [Tue Jul 21 14:34:01 2026] GET /v2.0/networks/a8e99b61-9d5a-4c50-87e1-94b4a31cc087?fields=segments => generated 14 bytes in 60 msecs (HTTP/1.1 200) 4 headers in 156 bytes (1 switches on core 0)
2026-07-21 14:34:01.652 8 INFO neutron.db.ovn_revision_numbers_db [None req-d1aa4429-633f-46db-a03b-862943d7ba6a 2aa26d25a8d74123984eab9cee1d1786 a1bb5fb17a8f4d2e9d0114dba0e9df53 - - default default] Successfully bumped revision number for resource fce70844-818b-4cce-866b-2161fea95f83 (type: networks) to 1 [pid: 7|app: 0|req: 938/1887] 10.0.0.228 () {34 vars in 1108 bytes} [Tue Jul 21 14:34:01 2026] GET /v2.0/networks/a8e99b61-9d5a-4c50-87e1-94b4a31cc087?fields=provider%3Aphysical_network&fields=provider%3Anetwork_type => generated 79 bytes in 57 msecs (HTTP/1.1 200) 4 headers in 156 bytes (1 switches on core 0) [pid: 7|app: 0|req: 939/1888] 10.0.0.228 () {34 vars in 1070 bytes} [Tue Jul 21 14:34:01 2026] GET /v2.0/ports?fields=security_groups&fields=device_id&device_id=246eceeb-a6be-497c-b093-e4e08528d120 => generated 12 bytes in 26 msecs (HTTP/1.1 200) 4 headers in 156 bytes (1 switches on core 0)
2026-07-21 14:34:01.884 8 WARNING neutron.scheduler.dhcp_agent_scheduler [None req-d1aa4429-633f-46db-a03b-862943d7ba6a 2aa26d25a8d74123984eab9cee1d1786 a1bb5fb17a8f4d2e9d0114dba0e9df53 - - default default] No more DHCP agents
2026-07-21 14:34:01.886 8 WARNING neutron.api.rpc.agentnotifiers.dhcp_rpc_agent_api [None req-d1aa4429-633f-46db-a03b-862943d7ba6a 2aa26d25a8d74123984eab9cee1d1786 a1bb5fb17a8f4d2e9d0114dba0e9df53 - - default default] Unable to schedule network fce70844-818b-4cce-866b-2161fea95f83: no agents available; will retry on subsequent port and subnet creation events.
2026-07-21 14:34:01.974 8 INFO neutron.db.ovn_revision_numbers_db [None req-d1aa4429-633f-46db-a03b-862943d7ba6a 2aa26d25a8d74123984eab9cee1d1786 a1bb5fb17a8f4d2e9d0114dba0e9df53 - - default default] Successfully bumped revision number for resource d23c5a65-5714-4456-b872-db76d6a88a1f (type: ports) to 1 [pid: 8|app: 0|req: 950/1889] 10.0.0.241 () {34 vars in 670 bytes} [Tue Jul 21 14:34:01 2026] POST /v2.0/networks => generated 670 bytes in 574 msecs (HTTP/1.1 201) 4 headers in 162 bytes (1 switches on core 0) [pid: 8|app: 0|req: 951/1890] 10.0.0.228 () {34 vars in 1070 bytes} [Tue Jul 21 14:34:02 2026] GET /v2.0/ports?fields=security_groups&fields=device_id&device_id=5678c3ca-12e1-4b4c-97be-b2b129b822dd => generated 12 bytes in 28 msecs (HTTP/1.1 200) 4 headers in 156 bytes (1 switches on core 0)
2026-07-21 14:34:02.334 7 WARNING neutron.scheduler.dhcp_agent_scheduler [None req-f8cf3360-3380-4e94-ab4f-525679c75df2 2aa26d25a8d74123984eab9cee1d1786 a1bb5fb17a8f4d2e9d0114dba0e9df53 - - default default] No more DHCP agents
2026-07-21 14:34:02.336 7 WARNING neutron.api.rpc.agentnotifiers.dhcp_rpc_agent_api [None req-f8cf3360-3380-4e94-ab4f-525679c75df2 2aa26d25a8d74123984eab9cee1d1786 a1bb5fb17a8f4d2e9d0114dba0e9df53 - - default default] Unable to schedule network fce70844-818b-4cce-866b-2161fea95f83: no agents available; will retry on subsequent port and subnet creation events.
2026-07-21 14:34:02.398 7 INFO neutron.plugins.ml2.drivers.ovn.mech_driver.mech_driver [None req-b76f77cc-03f7-484d-8a89-76a0e9ad5e8d - - - - - -] OVN reports status down for port: e2dbe231-2526-4aa6-bb8d-0b5bd523103e
2026-07-21 14:34:02.469 7 INFO neutron.db.ovn_revision_numbers_db [None req-f8cf3360-3380-4e94-ab4f-525679c75df2 2aa26d25a8d74123984eab9cee1d1786 a1bb5fb17a8f4d2e9d0114dba0e9df53 - - default default] Successfully bumped revision number for resource e2dbe231-2526-4aa6-bb8d-0b5bd523103e (type: ports) to 1 [pid: 7|app: 0|req: 940/1891] 10.0.0.241 () {34 vars in 664 bytes} [Tue Jul 21 14:34:02 2026] POST /v2.0/ports => generated 743 bytes in 532 msecs (HTTP/1.1 201) 4 headers in 162 bytes (1 switches on core 0)
2026-07-21 14:34:02.653 8 INFO neutron.db.segments_db [None req-0e207e2b-3fc1-4a91-85ef-f03acd7390ae 2aa26d25a8d74123984eab9cee1d1786 a1bb5fb17a8f4d2e9d0114dba0e9df53 - - default default] Added segment 1d8ae0b0-4007-4c9a-ac9f-787981d99a01 of type geneve for network d9705c72-fa23-419c-b43d-c598a05e15cb
2026-07-21 14:34:02.786 8 INFO neutron.db.ovn_revision_numbers_db [None req-0e207e2b-3fc1-4a91-85ef-f03acd7390ae 2aa26d25a8d74123984eab9cee1d1786 a1bb5fb17a8f4d2e9d0114dba0e9df53 - - default default] Successfully bumped revision number for resource d9705c72-fa23-419c-b43d-c598a05e15cb (type: networks) to 1 /var/lib/openstack/lib/python3.12/site-packages/pycadf/identifier.py:70: UserWarning: Invalid uuid: neutron. To ensure interoperability, identifiers should be a valid uuid. warnings.warn(('Invalid uuid: %s. To ensure interoperability, ' [pid: 7|app: 0|req: 941/1892] 10.0.0.228 () {34 vars in 1070 bytes} [Tue Jul 21 14:34:02 2026] GET /v2.0/ports?fields=security_groups&fields=device_id&device_id=246eceeb-a6be-497c-b093-e4e08528d120 => generated 12 bytes in 23 msecs (HTTP/1.1 200) 4 headers in 156 bytes (1 switches on core 0)
2026-07-21 14:34:03.005 8 WARNING neutron.scheduler.dhcp_agent_scheduler [None req-0e207e2b-3fc1-4a91-85ef-f03acd7390ae 2aa26d25a8d74123984eab9cee1d1786 a1bb5fb17a8f4d2e9d0114dba0e9df53 - - default default] No more DHCP agents
2026-07-21 14:34:03.007 8 WARNING neutron.api.rpc.agentnotifiers.dhcp_rpc_agent_api [None req-0e207e2b-3fc1-4a91-85ef-f03acd7390ae 2aa26d25a8d74123984eab9cee1d1786 a1bb5fb17a8f4d2e9d0114dba0e9df53 - - default default] Unable to schedule network d9705c72-fa23-419c-b43d-c598a05e15cb: no agents available; will retry on subsequent port and subnet creation events.
2026-07-21 14:34:03.060 7 INFO neutron.plugins.ml2.drivers.ovn.mech_driver.mech_driver [None req-b76f77cc-03f7-484d-8a89-76a0e9ad5e8d - - - - - -] OVN reports status down for port: eaf85d9d-3975-4f94-9a8a-f41721b4b4b3
2026-07-21 14:34:03.100 8 INFO neutron.db.ovn_revision_numbers_db [None req-0e207e2b-3fc1-4a91-85ef-f03acd7390ae 2aa26d25a8d74123984eab9cee1d1786 a1bb5fb17a8f4d2e9d0114dba0e9df53 - - default default] Successfully bumped revision number for resource eaf85d9d-3975-4f94-9a8a-f41721b4b4b3 (type: ports) to 1 [pid: 8|app: 0|req: 952/1893] 10.0.0.241 () {34 vars in 670 bytes} [Tue Jul 21 14:34:02 2026] POST /v2.0/networks => generated 670 bytes in 584 msecs (HTTP/1.1 201) 4 headers in 162 bytes (1 switches on core 0) [pid: 8|app: 0|req: 953/1894] 10.0.0.228 () {34 vars in 1070 bytes} [Tue Jul 21 14:34:03 2026] GET /v2.0/ports?fields=security_groups&fields=device_id&device_id=5678c3ca-12e1-4b4c-97be-b2b129b822dd => generated 12 bytes in 22 msecs (HTTP/1.1 200) 4 headers in 156 bytes (1 switches on core 0)
2026-07-21 14:34:03.475 7 WARNING neutron.scheduler.dhcp_agent_scheduler [None req-4fe17717-1520-4227-895c-bfb5d3b30c88 2aa26d25a8d74123984eab9cee1d1786 a1bb5fb17a8f4d2e9d0114dba0e9df53 - - default default] No more DHCP agents
2026-07-21 14:34:03.480 7 WARNING neutron.api.rpc.agentnotifiers.dhcp_rpc_agent_api [None req-4fe17717-1520-4227-895c-bfb5d3b30c88 2aa26d25a8d74123984eab9cee1d1786 a1bb5fb17a8f4d2e9d0114dba0e9df53 - - default default] Unable to schedule network d9705c72-fa23-419c-b43d-c598a05e15cb: no agents available; will retry on subsequent port and subnet creation events.
2026-07-21 14:34:03.586 7 INFO neutron.db.ovn_revision_numbers_db [None req-4fe17717-1520-4227-895c-bfb5d3b30c88 2aa26d25a8d74123984eab9cee1d1786 a1bb5fb17a8f4d2e9d0114dba0e9df53 - - default default] Successfully bumped revision number for resource 790f7ea1-c5c0-4045-b4d4-7bbd2c814602 (type: ports) to 1 [pid: 7|app: 0|req: 942/1895] 10.0.0.241 () {34 vars in 664 bytes} [Tue Jul 21 14:34:03 2026] POST /v2.0/ports => generated 743 bytes in 481 msecs (HTTP/1.1 201) 4 headers in 162 bytes (1 switches on core 0)
2026-07-21 14:34:03.718 8 INFO neutron.db.segments_db [None req-76184cea-e769-4b1c-b705-2bb432960243 2aa26d25a8d74123984eab9cee1d1786 a1bb5fb17a8f4d2e9d0114dba0e9df53 - - default default] Added segment 4a7eebf4-1a6e-4d16-b642-5372d1b9bf62 of type geneve for network 7d696be0-d50e-43ad-b150-25121a20331e
2026-07-21 14:34:03.846 8 INFO neutron.db.ovn_revision_numbers_db [None req-76184cea-e769-4b1c-b705-2bb432960243 2aa26d25a8d74123984eab9cee1d1786 a1bb5fb17a8f4d2e9d0114dba0e9df53 - - default default] Successfully bumped revision number for resource 7d696be0-d50e-43ad-b150-25121a20331e (type: networks) to 1 /var/lib/openstack/lib/python3.12/site-packages/pycadf/identifier.py:70: UserWarning: Invalid uuid: neutron. To ensure interoperability, identifiers should be a valid uuid. warnings.warn(('Invalid uuid: %s. To ensure interoperability, ' [pid: 7|app: 0|req: 943/1896] 10.0.0.228 () {34 vars in 1070 bytes} [Tue Jul 21 14:34:04 2026] GET /v2.0/ports?fields=security_groups&fields=device_id&device_id=246eceeb-a6be-497c-b093-e4e08528d120 => generated 12 bytes in 28 msecs (HTTP/1.1 200) 4 headers in 156 bytes (1 switches on core 0)
2026-07-21 14:34:04.049 8 WARNING neutron.scheduler.dhcp_agent_scheduler [None req-76184cea-e769-4b1c-b705-2bb432960243 2aa26d25a8d74123984eab9cee1d1786 a1bb5fb17a8f4d2e9d0114dba0e9df53 - - default default] No more DHCP agents
