2026-07-21 14:34:25.444 7 INFO neutron.services.segments.plugin [-] Client error retrieving segment 55b391de-5541-4d3c-8896-2e96c767426c resource provider; error: Placement Client Error (4xx): {"errors": [{"status": 404, "title": "Not Found", "detail": "The resource could not be found.\n\n No resource provider with uuid 55b391de-5541-4d3c-8896-2e96c767426c found for delete ", "request_id": "req-6307e92b-f1ff-4b53-9a65-e706de89cf59"}]} [pid: 8|app: 0|req: 1045/2084] 10.0.0.241 () {32 vars in 726 bytes} [Tue Jul 21 14:34:24 2026] DELETE /v2.0/networks/a8e99b61-9d5a-4c50-87e1-94b4a31cc087 => generated 0 bytes in 490 msecs (HTTP/1.1 204) 3 headers in 131 bytes (1 switches on core 0) [pid: 8|app: 0|req: 1046/2085] 10.0.0.241 () {34 vars in 759 bytes} [Tue Jul 21 14:34:25 2026] PUT /v2.0/subnetpools/94c42161-89b7-49e0-b3b1-094eb0dcb2f8/tags => generated 25 bytes in 47 msecs (HTTP/1.1 200) 4 headers in 156 bytes (1 switches on core 0)
2026-07-21 14:34:25.526 8 WARNING neutron.db.securitygroups_db [None req-5a53a590-8891-490e-944b-ae02f317d536 fa420d162eb14791b146f3624d38cc62 e8d6d75ee70e476ead7ffe8ea7c36383 - - default default] project_id key not found in filters, using tenant_id instead. This support has been deprecated and will be removed in a future release.
2026-07-21 14:34:25.683 8 INFO neutron.db.ovn_revision_numbers_db [None req-5a53a590-8891-490e-944b-ae02f317d536 fa420d162eb14791b146f3624d38cc62 e8d6d75ee70e476ead7ffe8ea7c36383 - - default default] Successfully bumped revision number for resource 0ca8278f-b26f-4417-a242-01d0319813d8 (type: security_groups) to 1
2026-07-21 14:34:25.702 8 INFO neutron.db.ovn_revision_numbers_db [None req-5a53a590-8891-490e-944b-ae02f317d536 fa420d162eb14791b146f3624d38cc62 e8d6d75ee70e476ead7ffe8ea7c36383 - - default default] Successfully bumped revision number for resource 30661bdd-651a-4922-9a9b-aed634413be7 (type: security_group_rules) to 0
2026-07-21 14:34:25.721 8 INFO neutron.db.ovn_revision_numbers_db [None req-5a53a590-8891-490e-944b-ae02f317d536 fa420d162eb14791b146f3624d38cc62 e8d6d75ee70e476ead7ffe8ea7c36383 - - default default] Successfully bumped revision number for resource 377b9db3-16d6-46dd-a1ca-fe9fab345eb9 (type: security_group_rules) to 0
2026-07-21 14:34:25.739 8 INFO neutron.db.ovn_revision_numbers_db [None req-5a53a590-8891-490e-944b-ae02f317d536 fa420d162eb14791b146f3624d38cc62 e8d6d75ee70e476ead7ffe8ea7c36383 - - default default] Successfully bumped revision number for resource e11c8537-789c-424f-896c-07607c9adf82 (type: security_group_rules) to 0
2026-07-21 14:34:25.753 8 INFO neutron.db.ovn_revision_numbers_db [None req-5a53a590-8891-490e-944b-ae02f317d536 fa420d162eb14791b146f3624d38cc62 e8d6d75ee70e476ead7ffe8ea7c36383 - - default default] Successfully bumped revision number for resource f7a6f10f-c81d-4bd8-a0b5-4aa212857e7c (type: security_group_rules) to 0 [pid: 8|app: 0|req: 1047/2086] 10.0.0.241 () {32 vars in 774 bytes} [Tue Jul 21 14:34:25 2026] GET /v2.0/security-groups?tenant_id=184748fd3e88450e959a42910ab67412&name=default => generated 2925 bytes in 280 msecs (HTTP/1.1 200) 4 headers in 158 bytes (1 switches on core 0) [pid: 8|app: 0|req: 1048/2087] 10.0.0.241 () {34 vars in 759 bytes} [Tue Jul 21 14:34:25 2026] PUT /v2.0/subnetpools/5c79789c-7ca4-4584-8088-2f284d0219ba/tags => generated 34 bytes in 54 msecs (HTTP/1.1 200) 4 headers in 156 bytes (1 switches on core 0) [pid: 7|app: 0|req: 1040/2088] 10.0.0.241 () {34 vars in 789 bytes} [Tue Jul 21 14:34:24 2026] PUT /v2.0/routers/ec002f6e-959e-471c-9112-690d7764cad2/remove_router_interface => generated 310 bytes in 1265 msecs (HTTP/1.1 200) 4 headers in 157 bytes (1 switches on core 0) /var/lib/openstack/lib/python3.12/site-packages/pycadf/identifier.py:70: UserWarning: Invalid uuid: neutron. To ensure interoperability, identifiers should be a valid uuid. warnings.warn(('Invalid uuid: %s. To ensure interoperability, ' [pid: 7|app: 0|req: 1041/2089] 10.0.0.241 () {34 vars in 759 bytes} [Tue Jul 21 14:34:25 2026] PUT /v2.0/subnetpools/63f6fba9-6d73-4859-86a0-739f691f3a91/tags => generated 19 bytes in 55 msecs (HTTP/1.1 200) 4 headers in 156 bytes (1 switches on core 0) [pid: 8|app: 0|req: 1049/2090] 10.0.0.241 () {32 vars in 740 bytes} [Tue Jul 21 14:34:25 2026] DELETE /v2.0/security-groups/0ca8278f-b26f-4417-a242-01d0319813d8 => generated 0 bytes in 213 msecs (HTTP/1.1 204) 2 headers in 112 bytes (1 switches on core 0) [pid: 8|app: 0|req: 1050/2091] 10.0.0.241 () {32 vars in 672 bytes} [Tue Jul 21 14:34:26 2026] GET /v2.0/subnetpools?tags=red => generated 1563 bytes in 27 msecs (HTTP/1.1 200) 4 headers in 158 bytes (1 switches on core 0) [pid: 8|app: 0|req: 1051/2092] 10.0.0.241 () {32 vars in 686 bytes} [Tue Jul 21 14:34:26 2026] GET /v2.0/subnetpools?tags=red%2Cblue => generated 1056 bytes in 30 msecs (HTTP/1.1 200) 4 headers in 158 bytes (1 switches on core 0) [pid: 8|app: 0|req: 1052/2093] 10.0.0.241 () {32 vars in 682 bytes} [Tue Jul 21 14:34:26 2026] GET /v2.0/subnetpools?tags-any=blue => generated 1056 bytes in 30 msecs (HTTP/1.1 200) 4 headers in 158 bytes (1 switches on core 0) [pid: 8|app: 0|req: 1053/2094] 10.0.0.241 () {32 vars in 694 bytes} [Tue Jul 21 14:34:26 2026] GET /v2.0/subnetpools?tags-any=red%2Cblue => generated 1563 bytes in 27 msecs (HTTP/1.1 200) 4 headers in 158 bytes (1 switches on core 0) [pid: 8|app: 0|req: 1054/2095] 10.0.0.241 () {32 vars in 680 bytes} [Tue Jul 21 14:34:26 2026] GET /v2.0/subnetpools?not-tags=red => generated 1028 bytes in 34 msecs (HTTP/1.1 200) 4 headers in 158 bytes (1 switches on core 0) [pid: 8|app: 0|req: 1055/2096] 10.0.0.241 () {32 vars in 694 bytes} [Tue Jul 21 14:34:26 2026] GET /v2.0/subnetpools?not-tags=red%2Cblue => generated 1535 bytes in 36 msecs (HTTP/1.1 200) 4 headers in 158 bytes (1 switches on core 0)
2026-07-21 14:34:26.460 7 INFO neutron_taas.services.taas.taas_plugin [None req-1b981896-d2e2-4631-9870-7bdc218206dc fa420d162eb14791b146f3624d38cc62 e8d6d75ee70e476ead7ffe8ea7c36383 - - default default] TaaS: Handle Delete Port: 8fd28e44-ed7d-497e-b922-36e27f4dcdc9
2026-07-21 14:34:26.464 7 INFO neutron_taas.services.taas.tap_mirror_plugin [None req-1b981896-d2e2-4631-9870-7bdc218206dc fa420d162eb14791b146f3624d38cc62 e8d6d75ee70e476ead7ffe8ea7c36383 - - default default] Tap Mirror: Handle Delete Port: 8fd28e44-ed7d-497e-b922-36e27f4dcdc9
2026-07-21 14:34:26.605 8 WARNING neutron.db.securitygroups_db [None req-3f28a17a-625f-472a-bb62-e09641e467ad fa420d162eb14791b146f3624d38cc62 e8d6d75ee70e476ead7ffe8ea7c36383 - - default default] project_id key not found in filters, using tenant_id instead. This support has been deprecated and will be removed in a future release. [pid: 8|app: 0|req: 1056/2097] 10.0.0.241 () {32 vars in 774 bytes} [Tue Jul 21 14:34:26 2026] GET /v2.0/security-groups?tenant_id=f4e028e8ae134db5b578df9c11c2a493&name=default => generated 2925 bytes in 349 msecs (HTTP/1.1 200) 4 headers in 158 bytes (1 switches on core 0) [pid: 8|app: 0|req: 1057/2098] 10.0.0.241 () {32 vars in 690 bytes} [Tue Jul 21 14:34:26 2026] GET /v2.0/subnetpools?not-tags-any=blue => generated 1535 bytes in 30 msecs (HTTP/1.1 200) 4 headers in 158 bytes (1 switches on core 0) [pid: 8|app: 0|req: 1058/2099] 10.0.0.241 () {32 vars in 740 bytes} [Tue Jul 21 14:34:26 2026] DELETE /v2.0/security-groups/d6c75259-8277-450a-82d4-958114b77c5d => generated 0 bytes in 235 msecs (HTTP/1.1 204) 2 headers in 112 bytes (1 switches on core 0) [pid: 8|app: 0|req: 1059/2100] 10.0.0.241 () {32 vars in 702 bytes} [Tue Jul 21 14:34:26 2026] GET /v2.0/subnetpools?not-tags-any=red%2Cblue => generated 1028 bytes in 25 msecs (HTTP/1.1 200) 4 headers in 158 bytes (1 switches on core 0) [pid: 8|app: 0|req: 1060/2101] 10.0.0.241 () {32 vars in 732 bytes} [Tue Jul 21 14:34:26 2026] DELETE /v2.0/subnetpools/c4a4fd7d-dc88-4001-bc16-665577b8d5f9 => generated 0 bytes in 70 msecs (HTTP/1.1 204) 2 headers in 112 bytes (1 switches on core 0) [pid: 7|app: 0|req: 1042/2102] 10.0.0.241 () {32 vars in 724 bytes} [Tue Jul 21 14:34:25 2026] DELETE /v2.0/routers/ec002f6e-959e-471c-9112-690d7764cad2 => generated 0 bytes in 1106 msecs (HTTP/1.1 204) 2 headers in 112 bytes (1 switches on core 0)
2026-07-21 14:34:27.076 7 WARNING neutron.db.securitygroups_db [None req-05584cd2-2b48-4c73-a1c0-2d5574cc0619 fa420d162eb14791b146f3624d38cc62 e8d6d75ee70e476ead7ffe8ea7c36383 - - default default] project_id key not found in filters, using tenant_id instead. This support has been deprecated and will be removed in a future release. [pid: 8|app: 0|req: 1061/2103] 10.0.0.241 () {32 vars in 732 bytes} [Tue Jul 21 14:34:27 2026] DELETE /v2.0/subnetpools/94c42161-89b7-49e0-b3b1-094eb0dcb2f8 => generated 0 bytes in 81 msecs (HTTP/1.1 204) 2 headers in 112 bytes (1 switches on core 0)
2026-07-21 14:34:27.300 7 INFO neutron.db.ovn_revision_numbers_db [None req-05584cd2-2b48-4c73-a1c0-2d5574cc0619 fa420d162eb14791b146f3624d38cc62 e8d6d75ee70e476ead7ffe8ea7c36383 - - default default] Successfully bumped revision number for resource 142cdacf-b536-4808-9521-386e598c65f8 (type: security_groups) to 1
2026-07-21 14:34:27.331 7 INFO neutron.db.ovn_revision_numbers_db [None req-05584cd2-2b48-4c73-a1c0-2d5574cc0619 fa420d162eb14791b146f3624d38cc62 e8d6d75ee70e476ead7ffe8ea7c36383 - - default default] Successfully bumped revision number for resource 23d890f2-c1f2-4085-a035-954011939a52 (type: security_group_rules) to 0
2026-07-21 14:34:27.349 7 INFO neutron.db.ovn_revision_numbers_db [None req-05584cd2-2b48-4c73-a1c0-2d5574cc0619 fa420d162eb14791b146f3624d38cc62 e8d6d75ee70e476ead7ffe8ea7c36383 - - default default] Successfully bumped revision number for resource 83240c1e-23e5-4e49-a973-fc98184c43f8 (type: security_group_rules) to 0 [pid: 8|app: 0|req: 1062/2104] 10.0.0.241 () {32 vars in 724 bytes} [Tue Jul 21 14:34:27 2026] DELETE /v2.0/subnets/b50bfdd5-2bce-43d1-a57e-873066ed1a46 => generated 0 bytes in 271 msecs (HTTP/1.1 204) 3 headers in 131 bytes (1 switches on core 0)
2026-07-21 14:34:27.362 7 INFO neutron.db.ovn_revision_numbers_db [None req-05584cd2-2b48-4c73-a1c0-2d5574cc0619 fa420d162eb14791b146f3624d38cc62 e8d6d75ee70e476ead7ffe8ea7c36383 - - default default] Successfully bumped revision number for resource bc875802-862f-49c0-851a-96ca5a79a32c (type: security_group_rules) to 0
2026-07-21 14:34:27.376 7 INFO neutron.db.ovn_revision_numbers_db [None req-05584cd2-2b48-4c73-a1c0-2d5574cc0619 fa420d162eb14791b146f3624d38cc62 e8d6d75ee70e476ead7ffe8ea7c36383 - - default default] Successfully bumped revision number for resource f385ab00-6a7f-4d0b-a8e1-be4dfdf11150 (type: security_group_rules) to 0 [pid: 8|app: 0|req: 1063/2105] 10.0.0.241 () {32 vars in 732 bytes} [Tue Jul 21 14:34:27 2026] DELETE /v2.0/subnetpools/5c79789c-7ca4-4584-8088-2f284d0219ba => generated 0 bytes in 70 msecs (HTTP/1.1 204) 2 headers in 112 bytes (1 switches on core 0) [pid: 7|app: 0|req: 1043/2106] 10.0.0.241 () {32 vars in 774 bytes} [Tue Jul 21 14:34:27 2026] GET /v2.0/security-groups?tenant_id=b9a1febe1619411fa1a45e7f50e5e97b&name=default => generated 2925 bytes in 364 msecs (HTTP/1.1 200) 4 headers in 158 bytes (1 switches on core 0) [pid: 7|app: 0|req: 1044/2107] 10.0.0.241 () {32 vars in 732 bytes} [Tue Jul 21 14:34:27 2026] DELETE /v2.0/subnetpools/63f6fba9-6d73-4859-86a0-739f691f3a91 => generated 0 bytes in 92 msecs (HTTP/1.1 204) 2 headers in 112 bytes (1 switches on core 0)
2026-07-21 14:34:27.598 8 INFO neutron_taas.services.taas.taas_plugin [None req-590a922b-fb43-427d-b6cc-93c242a3f99f fa420d162eb14791b146f3624d38cc62 e8d6d75ee70e476ead7ffe8ea7c36383 - - default default] TaaS: Handle Delete Port: 44a87d26-6392-4603-80a4-68eabb0ecba9
2026-07-21 14:34:27.601 8 INFO neutron_taas.services.taas.tap_mirror_plugin [None req-590a922b-fb43-427d-b6cc-93c242a3f99f fa420d162eb14791b146f3624d38cc62 e8d6d75ee70e476ead7ffe8ea7c36383 - - default default] Tap Mirror: Handle Delete Port: 44a87d26-6392-4603-80a4-68eabb0ecba9 [pid: 7|app: 0|req: 1045/2108] 10.0.0.241 () {32 vars in 740 bytes} [Tue Jul 21 14:34:27 2026] DELETE /v2.0/security-groups/142cdacf-b536-4808-9521-386e598c65f8 => generated 0 bytes in 281 msecs (HTTP/1.1 204) 2 headers in 112 bytes (1 switches on core 0)
2026-07-21 14:34:27.868 8 INFO neutron.services.segments.plugin [-] Segment 581a99a6-ec92-4f7e-95bc-ef1b1d17a21c resource provider aggregate not found
2026-07-21 14:34:27.875 8 INFO neutron.services.segments.plugin [-] Segment 581a99a6-ec92-4f7e-95bc-ef1b1d17a21c resource provider aggregate not found [pid: 7|app: 0|req: 1046/2109] 10.0.0.241 () {32 vars in 732 bytes} [Tue Jul 21 14:34:27 2026] DELETE /v2.0/subnetpools/d5ce7533-44e0-479f-97d9-f42204712d76 => generated 0 bytes in 80 msecs (HTTP/1.1 204) 2 headers in 112 bytes (1 switches on core 0)
2026-07-21 14:34:27.899 8 INFO neutron.services.segments.plugin [-] Client error retrieving segment 581a99a6-ec92-4f7e-95bc-ef1b1d17a21c resource provider; error: Placement Client Error (4xx): {"errors": [{"status": 404, "title": "Not Found", "detail": "The resource could not be found.\n\n No resource provider with uuid 581a99a6-ec92-4f7e-95bc-ef1b1d17a21c found for delete ", "request_id": "req-8eee8de6-c5b1-43fd-aaed-a5d38ac95a3c"}]}
2026-07-21 14:34:27.900 8 INFO neutron.services.segments.plugin [-] Client error retrieving segment 581a99a6-ec92-4f7e-95bc-ef1b1d17a21c resource provider; error: Placement Client Error (4xx): {"errors": [{"status": 404, "title": "Not Found", "detail": "The resource could not be found.\n\n No resource provider with uuid 581a99a6-ec92-4f7e-95bc-ef1b1d17a21c found for delete ", "request_id": "req-992f55e2-16c5-426e-8999-160d981c43b8"}]} [pid: 8|app: 0|req: 1064/2110] 10.0.0.241 () {32 vars in 726 bytes} [Tue Jul 21 14:34:27 2026] DELETE /v2.0/networks/dd797c08-1fe9-4d4d-80a9-9942d4a75050 => generated 0 bytes in 531 msecs (HTTP/1.1 204) 3 headers in 131 bytes (1 switches on core 0)
2026-07-21 14:34:28.552 7 WARNING neutron.db.securitygroups_db [None req-f30af581-a816-4bdb-9d26-a36349060863 fa420d162eb14791b146f3624d38cc62 e8d6d75ee70e476ead7ffe8ea7c36383 - - default default] project_id key not found in filters, using tenant_id instead. This support has been deprecated and will be removed in a future release. [pid: 7|app: 0|req: 1047/2111] 10.0.0.241 () {32 vars in 774 bytes} [Tue Jul 21 14:34:28 2026] GET /v2.0/security-groups?tenant_id=c12720c8507041c29fb60d72570cd3ba&name=default => generated 2925 bytes in 55 msecs (HTTP/1.1 200) 4 headers in 158 bytes (1 switches on core 0) [pid: 8|app: 0|req: 1065/2112] 10.0.0.241 () {32 vars in 740 bytes} [Tue Jul 21 14:34:28 2026] DELETE /v2.0/security-groups/a13b16a6-4334-421d-a294-102b078a1c70 => generated 0 bytes in 285 msecs (HTTP/1.1 204) 2 headers in 112 bytes (1 switches on core 0)
2026-07-21 14:34:29.100 8 WARNING neutron.db.securitygroups_db [None req-cb3ac597-a096-4e54-b88f-b675ab3264e9 fa420d162eb14791b146f3624d38cc62 e8d6d75ee70e476ead7ffe8ea7c36383 - - default default] project_id key not found in filters, using tenant_id instead. This support has been deprecated and will be removed in a future release. [pid: 8|app: 0|req: 1066/2113] 10.0.0.241 () {32 vars in 774 bytes} [Tue Jul 21 14:34:29 2026] GET /v2.0/security-groups?tenant_id=c60c4efbed2b45d3b9c120fd888f6e31&name=default => generated 2925 bytes in 47 msecs (HTTP/1.1 200) 4 headers in 158 bytes (1 switches on core 0)
2026-07-21 14:34:29.192 7 WARNING neutron.db.securitygroups_db [None req-3a414a47-4491-4ef3-ac88-1451f844365a fa420d162eb14791b146f3624d38cc62 e8d6d75ee70e476ead7ffe8ea7c36383 - - default default] project_id key not found in filters, using tenant_id instead. This support has been deprecated and will be removed in a future release.
2026-07-21 14:34:29.391 7 INFO neutron.db.ovn_revision_numbers_db [None req-3a414a47-4491-4ef3-ac88-1451f844365a fa420d162eb14791b146f3624d38cc62 e8d6d75ee70e476ead7ffe8ea7c36383 - - default default] Successfully bumped revision number for resource 9efc55eb-f7f1-4d3c-b9d8-88191b27d3b1 (type: security_groups) to 1
2026-07-21 14:34:29.412 7 INFO neutron.db.ovn_revision_numbers_db [None req-3a414a47-4491-4ef3-ac88-1451f844365a fa420d162eb14791b146f3624d38cc62 e8d6d75ee70e476ead7ffe8ea7c36383 - - default default] Successfully bumped revision number for resource 407cd4d2-569e-480a-8a84-3200c8846c1f (type: security_group_rules) to 0
2026-07-21 14:34:29.438 7 INFO neutron.db.ovn_revision_numbers_db [None req-3a414a47-4491-4ef3-ac88-1451f844365a fa420d162eb14791b146f3624d38cc62 e8d6d75ee70e476ead7ffe8ea7c36383 - - default default] Successfully bumped revision number for resource 4337837a-0962-4ad5-95e5-6e2fd0e056ba (type: security_group_rules) to 0 [pid: 8|app: 0|req: 1067/2114] 10.0.0.241 () {32 vars in 740 bytes} [Tue Jul 21 14:34:29 2026] DELETE /v2.0/security-groups/f504c2c7-df92-48c9-93a0-d4eee047e09a => generated 0 bytes in 304 msecs (HTTP/1.1 204) 2 headers in 112 bytes (1 switches on core 0)
2026-07-21 14:34:29.481 7 INFO neutron.db.ovn_revision_numbers_db [None req-3a414a47-4491-4ef3-ac88-1451f844365a fa420d162eb14791b146f3624d38cc62 e8d6d75ee70e476ead7ffe8ea7c36383 - - default default] Successfully bumped revision number for resource 4f4d837a-70a4-476c-a5c7-b4d94983272c (type: security_group_rules) to 0
2026-07-21 14:34:29.496 7 INFO neutron.db.ovn_revision_numbers_db [None req-3a414a47-4491-4ef3-ac88-1451f844365a fa420d162eb14791b146f3624d38cc62 e8d6d75ee70e476ead7ffe8ea7c36383 - - default default] Successfully bumped revision number for resource eba53ebb-a820-4e0b-96a8-ef58bba6ed35 (type: security_group_rules) to 0 [pid: 7|app: 0|req: 1048/2115] 10.0.0.241 () {32 vars in 774 bytes} [Tue Jul 21 14:34:29 2026] GET /v2.0/security-groups?tenant_id=2948a14c147c42cdb5ed8dd72c96cec2&name=default => generated 2925 bytes in 554 msecs (HTTP/1.1 200) 4 headers in 158 bytes (1 switches on core 0) [pid: 8|app: 0|req: 1068/2116] 10.0.0.241 () {32 vars in 740 bytes} [Tue Jul 21 14:34:29 2026] DELETE /v2.0/security-groups/9efc55eb-f7f1-4d3c-b9d8-88191b27d3b1 => generated 0 bytes in 219 msecs (HTTP/1.1 204) 2 headers in 112 bytes (1 switches on core 0)
2026-07-21 14:34:29.929 7 WARNING neutron.db.securitygroups_db [None req-79870e79-a9b3-4b33-8fe1-0a8e9cb5ccfb fa420d162eb14791b146f3624d38cc62 e8d6d75ee70e476ead7ffe8ea7c36383 - - default default] project_id key not found in filters, using tenant_id instead. This support has been deprecated and will be removed in a future release.
2026-07-21 14:34:30.085 7 INFO neutron.db.ovn_revision_numbers_db [None req-79870e79-a9b3-4b33-8fe1-0a8e9cb5ccfb fa420d162eb14791b146f3624d38cc62 e8d6d75ee70e476ead7ffe8ea7c36383 - - default default] Successfully bumped revision number for resource 9c64b591-5ba4-4163-90f9-ff01bfe78355 (type: security_groups) to 1
2026-07-21 14:34:30.100 7 INFO neutron.db.ovn_revision_numbers_db [None req-79870e79-a9b3-4b33-8fe1-0a8e9cb5ccfb fa420d162eb14791b146f3624d38cc62 e8d6d75ee70e476ead7ffe8ea7c36383 - - default default] Successfully bumped revision number for resource 28ac0b39-61f6-442f-abf1-6fb959d315d9 (type: security_group_rules) to 0
2026-07-21 14:34:30.120 7 INFO neutron.db.ovn_revision_numbers_db [None req-79870e79-a9b3-4b33-8fe1-0a8e9cb5ccfb fa420d162eb14791b146f3624d38cc62 e8d6d75ee70e476ead7ffe8ea7c36383 - - default default] Successfully bumped revision number for resource 8b366f5d-782d-4173-95fe-90aabc0c6891 (type: security_group_rules) to 0
2026-07-21 14:34:30.136 7 INFO neutron.db.ovn_revision_numbers_db [None req-79870e79-a9b3-4b33-8fe1-0a8e9cb5ccfb fa420d162eb14791b146f3624d38cc62 e8d6d75ee70e476ead7ffe8ea7c36383 - - default default] Successfully bumped revision number for resource c169adc5-69a6-41cb-a5b5-02310d798e4d (type: security_group_rules) to 0
2026-07-21 14:34:30.152 7 INFO neutron.db.ovn_revision_numbers_db [None req-79870e79-a9b3-4b33-8fe1-0a8e9cb5ccfb fa420d162eb14791b146f3624d38cc62 e8d6d75ee70e476ead7ffe8ea7c36383 - - default default] Successfully bumped revision number for resource dd6defc6-ed07-4214-a0f7-a70901bdedc9 (type: security_group_rules) to 0 [pid: 7|app: 0|req: 1049/2119] 10.0.0.241 () {32 vars in 774 bytes} [Tue Jul 21 14:34:29 2026] GET /v2.0/security-groups?tenant_id=dcc85ad6be054e058d5e088505a0af11&name=default => generated 2925 bytes in 273 msecs (HTTP/1.1 200) 4 headers in 158 bytes (1 switches on core 0) [pid: 8|app: 0|req: 1071/2120] 10.0.0.241 () {32 vars in 740 bytes} [Tue Jul 21 14:34:30 2026] DELETE /v2.0/security-groups/9c64b591-5ba4-4163-90f9-ff01bfe78355 => generated 0 bytes in 226 msecs (HTTP/1.1 204) 2 headers in 112 bytes (1 switches on core 0)
2026-07-21 14:34:30.547 7 WARNING neutron.db.securitygroups_db [None req-2be9b351-64fa-473c-8eb7-8ae7125b3a57 fa420d162eb14791b146f3624d38cc62 e8d6d75ee70e476ead7ffe8ea7c36383 - - default default] project_id key not found in filters, using tenant_id instead. This support has been deprecated and will be removed in a future release.
2026-07-21 14:34:30.709 7 INFO neutron.db.ovn_revision_numbers_db [None req-2be9b351-64fa-473c-8eb7-8ae7125b3a57 fa420d162eb14791b146f3624d38cc62 e8d6d75ee70e476ead7ffe8ea7c36383 - - default default] Successfully bumped revision number for resource 3acef54b-c512-4f06-a083-1c67edfe0244 (type: security_groups) to 1
2026-07-21 14:34:30.725 7 INFO neutron.db.ovn_revision_numbers_db [None req-2be9b351-64fa-473c-8eb7-8ae7125b3a57 fa420d162eb14791b146f3624d38cc62 e8d6d75ee70e476ead7ffe8ea7c36383 - - default default] Successfully bumped revision number for resource 0c3aa841-385d-4038-bd02-53d8ee91d0e6 (type: security_group_rules) to 0
2026-07-21 14:34:30.738 7 INFO neutron.db.ovn_revision_numbers_db [None req-2be9b351-64fa-473c-8eb7-8ae7125b3a57 fa420d162eb14791b146f3624d38cc62 e8d6d75ee70e476ead7ffe8ea7c36383 - - default default] Successfully bumped revision number for resource 5c14519f-40f6-4296-ab06-ecff577ee959 (type: security_group_rules) to 0
2026-07-21 14:34:30.755 7 INFO neutron.db.ovn_revision_numbers_db [None req-2be9b351-64fa-473c-8eb7-8ae7125b3a57 fa420d162eb14791b146f3624d38cc62 e8d6d75ee70e476ead7ffe8ea7c36383 - - default default] Successfully bumped revision number for resource 9b215ef2-2910-48f1-8c14-12ee9cbe756a (type: security_group_rules) to 0
2026-07-21 14:34:30.766 7 INFO neutron.db.ovn_revision_numbers_db [None req-2be9b351-64fa-473c-8eb7-8ae7125b3a57 fa420d162eb14791b146f3624d38cc62 e8d6d75ee70e476ead7ffe8ea7c36383 - - default default] Successfully bumped revision number for resource c106cb4d-c809-481e-a43c-de07f22ec3d4 (type: security_group_rules) to 0 [pid: 7|app: 0|req: 1050/2121] 10.0.0.241 () {32 vars in 774 bytes} [Tue Jul 21 14:34:30 2026] GET /v2.0/security-groups?tenant_id=17e52593078d4e3b85ed4ed3a2678d21&name=default => generated 2925 bytes in 263 msecs (HTTP/1.1 200) 4 headers in 158 bytes (1 switches on core 0) [pid: 8|app: 0|req: 1072/2122] 10.0.0.241 () {32 vars in 740 bytes} [Tue Jul 21 14:34:30 2026] DELETE /v2.0/security-groups/3acef54b-c512-4f06-a083-1c67edfe0244 => generated 0 bytes in 230 msecs (HTTP/1.1 204) 2 headers in 112 bytes (1 switches on core 0)
2026-07-21 14:34:33.392 7 INFO neutron.db.ovn_revision_numbers_db [None req-ef433054-2c0e-406d-b8fd-fbf864841de0 5ab3ab75d42b484aaedda7d64db0d8c8 fd7b3818c24b492692c594aba9947fee - - default default] Successfully bumped revision number for resource 7913f977-848b-47f6-a196-5f7d4cadc705 (type: security_groups) to 1
2026-07-21 14:34:33.407 7 INFO neutron.db.ovn_revision_numbers_db [None req-ef433054-2c0e-406d-b8fd-fbf864841de0 5ab3ab75d42b484aaedda7d64db0d8c8 fd7b3818c24b492692c594aba9947fee - - default default] Successfully bumped revision number for resource 23816b80-65ee-4091-afab-864afda79578 (type: security_group_rules) to 0
2026-07-21 14:34:33.421 7 INFO neutron.db.ovn_revision_numbers_db [None req-ef433054-2c0e-406d-b8fd-fbf864841de0 5ab3ab75d42b484aaedda7d64db0d8c8 fd7b3818c24b492692c594aba9947fee - - default default] Successfully bumped revision number for resource 268ae9f9-aa57-4451-9f68-086b67ae98fd (type: security_group_rules) to 0
2026-07-21 14:34:33.441 7 INFO neutron.db.ovn_revision_numbers_db [None req-ef433054-2c0e-406d-b8fd-fbf864841de0 5ab3ab75d42b484aaedda7d64db0d8c8 fd7b3818c24b492692c594aba9947fee - - default default] Successfully bumped revision number for resource 7b53063f-266c-417f-a1db-4205c948bbba (type: security_group_rules) to 0
2026-07-21 14:34:33.455 7 INFO neutron.db.ovn_revision_numbers_db [None req-ef433054-2c0e-406d-b8fd-fbf864841de0 5ab3ab75d42b484aaedda7d64db0d8c8 fd7b3818c24b492692c594aba9947fee - - default default] Successfully bumped revision number for resource f9249286-4332-4c62-a7b2-9df9de551c3e (type: security_group_rules) to 0
2026-07-21 14:34:33.531 7 INFO neutron.db.segments_db [None req-ef433054-2c0e-406d-b8fd-fbf864841de0 5ab3ab75d42b484aaedda7d64db0d8c8 fd7b3818c24b492692c594aba9947fee - - default default] Added segment 615ecaca-dd62-443b-9090-9230dfe3f30a of type geneve for network 7455de7e-2f87-4677-a254-fe85a12bdd31
2026-07-21 14:34:33.649 7 INFO neutron.db.ovn_revision_numbers_db [None req-ef433054-2c0e-406d-b8fd-fbf864841de0 5ab3ab75d42b484aaedda7d64db0d8c8 fd7b3818c24b492692c594aba9947fee - - default default] Successfully bumped revision number for resource 7455de7e-2f87-4677-a254-fe85a12bdd31 (type: networks) to 1
2026-07-21 14:34:33.848 7 WARNING neutron.scheduler.dhcp_agent_scheduler [None req-ef433054-2c0e-406d-b8fd-fbf864841de0 5ab3ab75d42b484aaedda7d64db0d8c8 fd7b3818c24b492692c594aba9947fee - - default default] No more DHCP agents
2026-07-21 14:34:33.849 7 WARNING neutron.api.rpc.agentnotifiers.dhcp_rpc_agent_api [None req-ef433054-2c0e-406d-b8fd-fbf864841de0 5ab3ab75d42b484aaedda7d64db0d8c8 fd7b3818c24b492692c594aba9947fee - - default default] Unable to schedule network 7455de7e-2f87-4677-a254-fe85a12bdd31: no agents available; will retry on subsequent port and subnet creation events.
2026-07-21 14:34:33.909 7 INFO neutron.plugins.ml2.drivers.ovn.mech_driver.mech_driver [None req-b76f77cc-03f7-484d-8a89-76a0e9ad5e8d - - - - - -] OVN reports status down for port: e6da4f6e-a82d-45d0-bc0a-a14dfe4a5db8
2026-07-21 14:34:33.979 7 INFO neutron.db.ovn_revision_numbers_db [None req-ef433054-2c0e-406d-b8fd-fbf864841de0 5ab3ab75d42b484aaedda7d64db0d8c8 fd7b3818c24b492692c594aba9947fee - - default default] Successfully bumped revision number for resource e6da4f6e-a82d-45d0-bc0a-a14dfe4a5db8 (type: ports) to 1 [pid: 7|app: 0|req: 1051/2123] 10.0.0.241 () {34 vars in 670 bytes} [Tue Jul 21 14:34:32 2026] POST /v2.0/networks => generated 670 bytes in 1190 msecs (HTTP/1.1 201) 4 headers in 162 bytes (1 switches on core 0)
2026-07-21 14:34:34.246 8 WARNING neutron.scheduler.dhcp_agent_scheduler [None req-3b28e0e6-a312-4941-85ad-3d8f1ea6dc45 5ab3ab75d42b484aaedda7d64db0d8c8 fd7b3818c24b492692c594aba9947fee - - default default] No more DHCP agents
2026-07-21 14:34:34.248 8 WARNING neutron.api.rpc.agentnotifiers.dhcp_rpc_agent_api [None req-3b28e0e6-a312-4941-85ad-3d8f1ea6dc45 5ab3ab75d42b484aaedda7d64db0d8c8 fd7b3818c24b492692c594aba9947fee - - default default] Unable to schedule network 7455de7e-2f87-4677-a254-fe85a12bdd31: no agents available; will retry on subsequent port and subnet creation events.
2026-07-21 14:34:34.832 8 INFO neutron.db.ovn_revision_numbers_db [None req-3b28e0e6-a312-4941-85ad-3d8f1ea6dc45 5ab3ab75d42b484aaedda7d64db0d8c8 fd7b3818c24b492692c594aba9947fee - - default default] Successfully bumped revision number for resource e6da4f6e-a82d-45d0-bc0a-a14dfe4a5db8 (type: ports) to 2 [pid: 7|app: 0|req: 1052/2124] 10.0.0.241 () {34 vars in 678 bytes} [Tue Jul 21 14:34:34 2026] POST /v2.0/qos/policies => generated 359 bytes in 414 msecs (HTTP/1.1 201) 4 headers in 162 bytes (1 switches on core 0)
2026-07-21 14:34:34.875 8 INFO neutron.db.ovn_revision_numbers_db [None req-3b28e0e6-a312-4941-85ad-3d8f1ea6dc45 5ab3ab75d42b484aaedda7d64db0d8c8 fd7b3818c24b492692c594aba9947fee - - default default] Successfully bumped revision number for resource ea7269a5-f67f-45c6-90ce-796645b16176 (type: subnets) to 0 [pid: 8|app: 0|req: 1073/2125] 10.0.0.241 () {34 vars in 669 bytes} [Tue Jul 21 14:34:34 2026] POST /v2.0/subnets => generated 626 bytes in 866 msecs (HTTP/1.1 201) 4 headers in 162 bytes (1 switches on core 0) [pid: 7|app: 0|req: 1053/2126] 10.0.0.241 () {34 vars in 678 bytes} [Tue Jul 21 14:34:34 2026] POST /v2.0/qos/policies => generated 359 bytes in 82 msecs (HTTP/1.1 201) 4 headers in 162 bytes (1 switches on core 0) [pid: 8|app: 0|req: 1074/2127] 10.0.0.241 () {34 vars in 678 bytes} [Tue Jul 21 14:34:34 2026] POST /v2.0/qos/policies => generated 359 bytes in 72 msecs (HTTP/1.1 201) 4 headers in 162 bytes (1 switches on core 0)
2026-07-21 14:34:35.005 8 WARNING tagging [None req-b22a5c3a-3e22-469a-8ae2-1bdeb6180753 c571db5f0c5246c89e8384648419f41c 4732d5a5f30949cdb7d45c044b4b7632 - - default default] project_id key not found in request, using tenant_id instead. This support has been deprecated and will be removed in a future release. [pid: 8|app: 0|req: 1075/2128] 10.0.0.241 () {34 vars in 753 bytes} [Tue Jul 21 14:34:34 2026] PUT /v2.0/policies/cbe397aa-b925-43e0-ac69-b92aca746aed/tags => generated 25 bytes in 60 msecs (HTTP/1.1 200) 4 headers in 156 bytes (1 switches on core 0)
2026-07-21 14:34:35.039 7 INFO neutron.db.segments_db [None req-665e7ee7-28e5-4fbe-9f2a-fd9b500fa78c 5ab3ab75d42b484aaedda7d64db0d8c8 fd7b3818c24b492692c594aba9947fee - - default default] Added segment 101cc38e-92e0-44d8-8cc9-d0c4fb36be4b of type geneve for network f913e9c7-b9fe-4bc1-af0e-60b256fb3322 [pid: 8|app: 0|req: 1076/2129] 10.0.0.241 () {34 vars in 678 bytes} [Tue Jul 21 14:34:35 2026] POST /v2.0/qos/policies => generated 359 bytes in 36 msecs (HTTP/1.1 201) 4 headers in 162 bytes (1 switches on core 0)
2026-07-21 14:34:35.100 8 WARNING tagging [None req-8abb5889-8b3b-473c-b722-2165679554a3 c571db5f0c5246c89e8384648419f41c 4732d5a5f30949cdb7d45c044b4b7632 - - default default] project_id key not found in request, using tenant_id instead. This support has been deprecated and will be removed in a future release. [pid: 8|app: 0|req: 1077/2130] 10.0.0.241 () {32 vars in 733 bytes} [Tue Jul 21 14:34:35 2026] GET /v2.0/policies/cbe397aa-b925-43e0-ac69-b92aca746aed/tags => generated 25 bytes in 41 msecs (HTTP/1.1 200) 4 headers in 156 bytes (1 switches on core 0) [pid: 8|app: 0|req: 1078/2131] 10.0.0.241 () {34 vars in 678 bytes} [Tue Jul 21 14:34:35 2026] POST /v2.0/qos/policies => generated 359 bytes in 74 msecs (HTTP/1.1 201) 4 headers in 162 bytes (1 switches on core 0)
2026-07-21 14:34:35.218 7 INFO neutron.db.ovn_revision_numbers_db [None req-665e7ee7-28e5-4fbe-9f2a-fd9b500fa78c 5ab3ab75d42b484aaedda7d64db0d8c8 fd7b3818c24b492692c594aba9947fee - - default default] Successfully bumped revision number for resource f913e9c7-b9fe-4bc1-af0e-60b256fb3322 (type: networks) to 1
2026-07-21 14:34:35.228 8 WARNING tagging [None req-338bda23-27ba-4143-9fd1-a6a160e0c5f3 c571db5f0c5246c89e8384648419f41c 4732d5a5f30949cdb7d45c044b4b7632 - - default default] project_id key not found in request, using tenant_id instead. This support has been deprecated and will be removed in a future release. [pid: 8|app: 0|req: 1079/2132] 10.0.0.241 () {34 vars in 764 bytes} [Tue Jul 21 14:34:35 2026] PUT /v2.0/policies/cbe397aa-b925-43e0-ac69-b92aca746aed/tags/green => generated 4 bytes in 72 msecs (HTTP/1.1 201) 4 headers in 160 bytes (1 switches on core 0) [pid: 8|app: 0|req: 1080/2133] 10.0.0.241 () {34 vars in 678 bytes} [Tue Jul 21 14:34:35 2026] POST /v2.0/qos/policies => generated 359 bytes in 53 msecs (HTTP/1.1 201) 4 headers in 162 bytes (1 switches on core 0)
2026-07-21 14:34:35.353 8 WARNING tagging [None req-593cafd3-6271-4ec4-92fa-a7ed7cb6fd1a c571db5f0c5246c89e8384648419f41c 4732d5a5f30949cdb7d45c044b4b7632 - - default default] project_id key not found in request, using tenant_id instead. This support has been deprecated and will be removed in a future release. [pid: 8|app: 0|req: 1081/2134] 10.0.0.241 () {32 vars in 733 bytes} [Tue Jul 21 14:34:35 2026] GET /v2.0/policies/cbe397aa-b925-43e0-ac69-b92aca746aed/tags => generated 34 bytes in 49 msecs (HTTP/1.1 200) 4 headers in 156 bytes (1 switches on core 0)
2026-07-21 14:34:35.405 8 WARNING tagging [None req-d2c12198-c723-4285-8e31-1e7421a910ab 105d5bf9a3fa4534a538ae1ee1a9dfab 530db51342c04707aaa7b8eed308b625 - - default default] project_id key not found in request, using tenant_id instead. This support has been deprecated and will be removed in a future release. [pid: 8|app: 0|req: 1082/2135] 10.0.0.241 () {34 vars in 753 bytes} [Tue Jul 21 14:34:35 2026] PUT /v2.0/policies/5dcd1cbe-3ba1-4391-9b65-b864f9efba04/tags => generated 17 bytes in 58 msecs (HTTP/1.1 200) 4 headers in 156 bytes (1 switches on core 0)
2026-07-21 14:34:35.454 7 WARNING neutron.scheduler.dhcp_agent_scheduler [None req-665e7ee7-28e5-4fbe-9f2a-fd9b500fa78c 5ab3ab75d42b484aaedda7d64db0d8c8 fd7b3818c24b492692c594aba9947fee - - default default] No more DHCP agents
2026-07-21 14:34:35.457 7 WARNING neutron.api.rpc.agentnotifiers.dhcp_rpc_agent_api [None req-665e7ee7-28e5-4fbe-9f2a-fd9b500fa78c 5ab3ab75d42b484aaedda7d64db0d8c8 fd7b3818c24b492692c594aba9947fee - - default default] Unable to schedule network f913e9c7-b9fe-4bc1-af0e-60b256fb3322: no agents available; will retry on subsequent port and subnet creation events.
2026-07-21 14:34:35.460 8 WARNING tagging [None req-d2c84178-58e9-45ee-9c6b-326da20a4d73 c571db5f0c5246c89e8384648419f41c 4732d5a5f30949cdb7d45c044b4b7632 - - default default] project_id key not found in request, using tenant_id instead. This support has been deprecated and will be removed in a future release. [pid: 8|app: 0|req: 1083/2136] 10.0.0.241 () {34 vars in 760 bytes} [Tue Jul 21 14:34:35 2026] PUT /v2.0/policies/cbe397aa-b925-43e0-ac69-b92aca746aed/tags/red => generated 4 bytes in 57 msecs (HTTP/1.1 201) 4 headers in 160 bytes (1 switches on core 0)
2026-07-21 14:34:35.538 8 WARNING tagging [None req-54c9f929-915f-4bac-a67f-8690aa6d9f21 105d5bf9a3fa4534a538ae1ee1a9dfab 530db51342c04707aaa7b8eed308b625 - - default default] project_id key not found in request, using tenant_id instead. This support has been deprecated and will be removed in a future release.
2026-07-21 14:34:35.543 8 INFO neutron.plugins.ml2.drivers.ovn.mech_driver.mech_driver [None req-de0c5949-54ed-4f3b-8a47-f7c02586d0b9 - - - - - -] OVN reports status down for port: 4da97bb5-028d-499f-b847-2c0cbe2f65f0
2026-07-21 14:34:35.563 7 INFO neutron.db.ovn_revision_numbers_db [None req-665e7ee7-28e5-4fbe-9f2a-fd9b500fa78c 5ab3ab75d42b484aaedda7d64db0d8c8 fd7b3818c24b492692c594aba9947fee - - default default] Successfully bumped revision number for resource 4da97bb5-028d-499f-b847-2c0cbe2f65f0 (type: ports) to 1 [pid: 8|app: 0|req: 1084/2137] 10.0.0.241 () {34 vars in 753 bytes} [Tue Jul 21 14:34:35 2026] PUT /v2.0/policies/b85efc6d-7d3a-489f-ae0f-ff340d473a15/tags => generated 25 bytes in 98 msecs (HTTP/1.1 200) 4 headers in 156 bytes (1 switches on core 0) [pid: 7|app: 0|req: 1054/2138] 10.0.0.241 () {34 vars in 670 bytes} [Tue Jul 21 14:34:34 2026] POST /v2.0/networks => generated 669 bytes in 652 msecs (HTTP/1.1 201) 4 headers in 162 bytes (1 switches on core 0)
2026-07-21 14:34:35.633 8 WARNING tagging [None req-e56ede79-8749-4488-9762-b1e9d881c496 c571db5f0c5246c89e8384648419f41c 4732d5a5f30949cdb7d45c044b4b7632 - - default default] project_id key not found in request, using tenant_id instead. This support has been deprecated and will be removed in a future release.
2026-07-21 14:34:35.633 7 WARNING tagging [None req-2729e157-18b3-47de-baf2-418cd4a66e2e 105d5bf9a3fa4534a538ae1ee1a9dfab 530db51342c04707aaa7b8eed308b625 - - default default] project_id key not found in request, using tenant_id instead. This support has been deprecated and will be removed in a future release. [pid: 8|app: 0|req: 1085/2139] 10.0.0.241 () {32 vars in 733 bytes} [Tue Jul 21 14:34:35 2026] GET /v2.0/policies/cbe397aa-b925-43e0-ac69-b92aca746aed/tags => generated 34 bytes in 83 msecs (HTTP/1.1 200) 4 headers in 156 bytes (1 switches on core 0) [pid: 7|app: 0|req: 1055/2140] 10.0.0.241 () {34 vars in 753 bytes} [Tue Jul 21 14:34:35 2026] PUT /v2.0/policies/dcccec3d-cf9c-485b-a578-97136eabb6e8/tags => generated 34 bytes in 78 msecs (HTTP/1.1 200) 4 headers in 156 bytes (1 switches on core 0)
2026-07-21 14:34:35.738 7 WARNING tagging [None req-4ce49383-c018-4b05-8044-55a29f7f393c c571db5f0c5246c89e8384648419f41c 4732d5a5f30949cdb7d45c044b4b7632 - - default default] project_id key not found in request, using tenant_id instead. This support has been deprecated and will be removed in a future release. [pid: 7|app: 0|req: 1056/2141] 10.0.0.241 () {34 vars in 782 bytes} [Tue Jul 21 14:34:35 2026] PUT /v2.0/policies/cbe397aa-b925-43e0-ac69-b92aca746aed/tags/black.or.white => generated 4 bytes in 103 msecs (HTTP/1.1 201) 4 headers in 160 bytes (1 switches on core 0)
2026-07-21 14:34:35.815 7 WARNING tagging [None req-6b54aad1-3a8d-4636-8f12-2ebf21236bd1 105d5bf9a3fa4534a538ae1ee1a9dfab 530db51342c04707aaa7b8eed308b625 - - default default] project_id key not found in request, using tenant_id instead. This support has been deprecated and will be removed in a future release. [pid: 7|app: 0|req: 1057/2142] 10.0.0.241 () {34 vars in 753 bytes} [Tue Jul 21 14:34:35 2026] PUT /v2.0/policies/0e7e6ebe-2d3b-434c-9fa2-1c31e5928e94/tags => generated 19 bytes in 65 msecs (HTTP/1.1 200) 4 headers in 156 bytes (1 switches on core 0)
2026-07-21 14:34:35.901 8 WARNING neutron.scheduler.dhcp_agent_scheduler [None req-466d33fb-7c65-45ac-b004-154763ab20f7 5ab3ab75d42b484aaedda7d64db0d8c8 fd7b3818c24b492692c594aba9947fee - - default default] No more DHCP agents
2026-07-21 14:34:35.902 8 WARNING neutron.api.rpc.agentnotifiers.dhcp_rpc_agent_api [None req-466d33fb-7c65-45ac-b004-154763ab20f7 5ab3ab75d42b484aaedda7d64db0d8c8 fd7b3818c24b492692c594aba9947fee - - default default] Unable to schedule network f913e9c7-b9fe-4bc1-af0e-60b256fb3322: no agents available; will retry on subsequent port and subnet creation events.
2026-07-21 14:34:35.909 7 WARNING tagging [None req-fd8eedb3-7321-4dc8-86f9-cc50f2861c58 c571db5f0c5246c89e8384648419f41c 4732d5a5f30949cdb7d45c044b4b7632 - - default default] project_id key not found in request, using tenant_id instead. This support has been deprecated and will be removed in a future release. [pid: 7|app: 0|req: 1058/2143] 10.0.0.241 () {32 vars in 733 bytes} [Tue Jul 21 14:34:35 2026] GET /v2.0/policies/cbe397aa-b925-43e0-ac69-b92aca746aed/tags => generated 52 bytes in 87 msecs (HTTP/1.1 200) 4 headers in 156 bytes (1 switches on core 0)
2026-07-21 14:34:35.973 7 WARNING tagging [None req-b08bfccc-9c42-42ef-964e-7707a5226477 c571db5f0c5246c89e8384648419f41c 4732d5a5f30949cdb7d45c044b4b7632 - - default default] project_id key not found in request, using tenant_id instead. This support has been deprecated and will be removed in a future release. [pid: 7|app: 0|req: 1059/2144] 10.0.0.241 () {34 vars in 753 bytes} [Tue Jul 21 14:34:35 2026] PUT /v2.0/policies/cbe397aa-b925-43e0-ac69-b92aca746aed/tags => generated 37 bytes in 70 msecs (HTTP/1.1 200) 4 headers in 156 bytes (1 switches on core 0)
2026-07-21 14:34:36.043 7 WARNING tagging [None req-6ee5c8f0-bfeb-4f3e-8921-30749a15f003 c571db5f0c5246c89e8384648419f41c 4732d5a5f30949cdb7d45c044b4b7632 - - default default] project_id key not found in request, using tenant_id instead. This support has been deprecated and will be removed in a future release. [pid: 7|app: 0|req: 1060/2145] 10.0.0.241 () {32 vars in 733 bytes} [Tue Jul 21 14:34:36 2026] GET /v2.0/policies/cbe397aa-b925-43e0-ac69-b92aca746aed/tags => generated 37 bytes in 50 msecs (HTTP/1.1 200) 4 headers in 156 bytes (1 switches on core 0)
2026-07-21 14:34:36.110 7 WARNING tagging [None req-8faa73c9-b894-48b6-b7cd-dfe9891d3568 c571db5f0c5246c89e8384648419f41c 4732d5a5f30949cdb7d45c044b4b7632 - - default default] project_id key not found in request, using tenant_id instead. This support has been deprecated and will be removed in a future release. [pid: 7|app: 0|req: 1061/2146] 10.0.0.241 () {32 vars in 741 bytes} [Tue Jul 21 14:34:36 2026] GET /v2.0/policies/cbe397aa-b925-43e0-ac69-b92aca746aed/tags/red => generated 0 bytes in 64 msecs (HTTP/1.1 204) 2 headers in 112 bytes (1 switches on core 0)
2026-07-21 14:34:36.165 7 WARNING tagging [None req-a3d3f321-354d-4d96-ab99-8187c1a4d779 c571db5f0c5246c89e8384648419f41c 4732d5a5f30949cdb7d45c044b4b7632 - - default default] project_id key not found in request, using tenant_id instead. This support has been deprecated and will be removed in a future release.
2026-07-21 14:34:36.174 7 INFO neutron.api.v2.resource [None req-a3d3f321-354d-4d96-ab99-8187c1a4d779 c571db5f0c5246c89e8384648419f41c 4732d5a5f30949cdb7d45c044b4b7632 - - default default] show failed (client error): The resource could not be found. [pid: 7|app: 0|req: 1062/2147] 10.0.0.241 () {32 vars in 745 bytes} [Tue Jul 21 14:34:36 2026] GET /v2.0/policies/cbe397aa-b925-43e0-ac69-b92aca746aed/tags/green => generated 99 bytes in 46 msecs (HTTP/1.1 404) 4 headers in 163 bytes (1 switches on core 0)
2026-07-21 14:34:36.210 7 WARNING tagging [None req-5a56f0a1-ef32-4814-bcff-b01902a98284 c571db5f0c5246c89e8384648419f41c 4732d5a5f30949cdb7d45c044b4b7632 - - default default] project_id key not found in request, using tenant_id instead. This support has been deprecated and will be removed in a future release. [pid: 7|app: 0|req: 1063/2148] 10.0.0.241 () {32 vars in 744 bytes} [Tue Jul 21 14:34:36 2026] DELETE /v2.0/policies/cbe397aa-b925-43e0-ac69-b92aca746aed/tags/red => generated 0 bytes in 70 msecs (HTTP/1.1 204) 2 headers in 112 bytes (1 switches on core 0)
2026-07-21 14:34:36.441 8 INFO neutron.db.ovn_revision_numbers_db [None req-466d33fb-7c65-45ac-b004-154763ab20f7 5ab3ab75d42b484aaedda7d64db0d8c8 fd7b3818c24b492692c594aba9947fee - - default default] Successfully bumped revision number for resource 4da97bb5-028d-499f-b847-2c0cbe2f65f0 (type: ports) to 2 [pid: 7|app: 0|req: 1064/2149] 10.0.0.241 () {32 vars in 674 bytes} [Tue Jul 21 14:34:36 2026] GET /v2.0/qos/policies?tags=red => generated 1101 bytes in 199 msecs (HTTP/1.1 200) 4 headers in 158 bytes (1 switches on core 0)
2026-07-21 14:34:36.480 7 WARNING tagging [None req-d6950850-c2d3-4885-87b8-a42227bbbe27 c571db5f0c5246c89e8384648419f41c 4732d5a5f30949cdb7d45c044b4b7632 - - default default] project_id key not found in request, using tenant_id instead. This support has been deprecated and will be removed in a future release.
2026-07-21 14:34:36.491 8 INFO neutron.db.ovn_revision_numbers_db [None req-466d33fb-7c65-45ac-b004-154763ab20f7 5ab3ab75d42b484aaedda7d64db0d8c8 fd7b3818c24b492692c594aba9947fee - - default default] Successfully bumped revision number for resource 5e763baf-4f8e-4e86-8a61-c61aa9bf06b7 (type: subnets) to 0 [pid: 7|app: 0|req: 1065/2150] 10.0.0.241 () {32 vars in 733 bytes} [Tue Jul 21 14:34:36 2026] GET /v2.0/policies/cbe397aa-b925-43e0-ac69-b92aca746aed/tags => generated 30 bytes in 41 msecs (HTTP/1.1 200) 4 headers in 156 bytes (1 switches on core 0) [pid: 8|app: 0|req: 1086/2151] 10.0.0.241 () {34 vars in 669 bytes} [Tue Jul 21 14:34:35 2026] POST /v2.0/subnets => generated 629 bytes in 850 msecs (HTTP/1.1 201) 4 headers in 162 bytes (1 switches on core 0)
2026-07-21 14:34:36.555 8 WARNING tagging [None req-ccdd36d1-831a-447b-9d1c-2b3e01d5debe c571db5f0c5246c89e8384648419f41c 4732d5a5f30949cdb7d45c044b4b7632 - - default default] project_id key not found in request, using tenant_id instead. This support has been deprecated and will be removed in a future release.
2026-07-21 14:34:36.576 8 INFO neutron.api.v2.resource [None req-ccdd36d1-831a-447b-9d1c-2b3e01d5debe c571db5f0c5246c89e8384648419f41c 4732d5a5f30949cdb7d45c044b4b7632 - - default default] delete failed (client error): The resource could not be found. [pid: 7|app: 0|req: 1066/2152] 10.0.0.241 () {32 vars in 688 bytes} [Tue Jul 21 14:34:36 2026] GET /v2.0/qos/policies?tags=red%2Cblue => generated 747 bytes in 85 msecs (HTTP/1.1 200) 4 headers in 157 bytes (1 switches on core 0) [pid: 8|app: 0|req: 1087/2153] 10.0.0.241 () {32 vars in 748 bytes} [Tue Jul 21 14:34:36 2026] DELETE /v2.0/policies/cbe397aa-b925-43e0-ac69-b92aca746aed/tags/green => generated 99 bytes in 67 msecs (HTTP/1.1 404) 4 headers in 163 bytes (1 switches on core 0)
2026-07-21 14:34:36.628 8 WARNING tagging [None req-c67633e8-a780-48ff-a302-35aca11dc1eb c571db5f0c5246c89e8384648419f41c 4732d5a5f30949cdb7d45c044b4b7632 - - default default] project_id key not found in request, using tenant_id instead. This support has been deprecated and will be removed in a future release. [pid: 8|app: 0|req: 1088/2154] 10.0.0.241 () {32 vars in 736 bytes} [Tue Jul 21 14:34:36 2026] DELETE /v2.0/policies/cbe397aa-b925-43e0-ac69-b92aca746aed/tags => generated 0 bytes in 73 msecs (HTTP/1.1 204) 2 headers in 112 bytes (1 switches on core 0)
2026-07-21 14:34:36.695 7 INFO neutron.db.segments_db [None req-c63bef55-77f4-4a88-b198-d199da84224a 5ab3ab75d42b484aaedda7d64db0d8c8 fd7b3818c24b492692c594aba9947fee - - default default] Added segment 869ed740-066c-46f0-ad4e-c2a4de612b56 of type geneve for network 799dcc40-8393-4913-9573-80a2eab8de19 [pid: 8|app: 0|req: 1089/2155] 10.0.0.241 () {32 vars in 684 bytes} [Tue Jul 21 14:34:36 2026] GET /v2.0/qos/policies?tags-any=blue => generated 747 bytes in 64 msecs (HTTP/1.1 200) 4 headers in 157 bytes (1 switches on core 0)
2026-07-21 14:34:36.756 8 WARNING tagging [None req-d6b1aa2f-5857-45d3-8733-0329d058c6e2 c571db5f0c5246c89e8384648419f41c 4732d5a5f30949cdb7d45c044b4b7632 - - default default] project_id key not found in request, using tenant_id instead. This support has been deprecated and will be removed in a future release. [pid: 8|app: 0|req: 1090/2156] 10.0.0.241 () {32 vars in 733 bytes} [Tue Jul 21 14:34:36 2026] GET /v2.0/policies/cbe397aa-b925-43e0-ac69-b92aca746aed/tags => generated 12 bytes in 42 msecs (HTTP/1.1 200) 4 headers in 156 bytes (1 switches on core 0)
2026-07-21 14:34:36.841 7 INFO neutron.db.ovn_revision_numbers_db [None req-c63bef55-77f4-4a88-b198-d199da84224a 5ab3ab75d42b484aaedda7d64db0d8c8 fd7b3818c24b492692c594aba9947fee - - default default] Successfully bumped revision number for resource 799dcc40-8393-4913-9573-80a2eab8de19 (type: networks) to 1
2026-07-21 14:34:37.082 8 INFO neutron.db.ovn_revision_numbers_db [None req-825e1e38-beb1-40b6-9d5b-d226434d6d7a 420d632c9c7f468fb2a4d7b4527d8a47 7f8cbd1e16bd4330987518787fd220df - - default default] Successfully bumped revision number for resource 90828ca1-e391-4066-b502-3855ead98bdc (type: security_groups) to 1
2026-07-21 14:34:37.087 7 WARNING neutron.scheduler.dhcp_agent_scheduler [None req-c63bef55-77f4-4a88-b198-d199da84224a 5ab3ab75d42b484aaedda7d64db0d8c8 fd7b3818c24b492692c594aba9947fee - - default default] No more DHCP agents
2026-07-21 14:34:37.093 7 WARNING neutron.api.rpc.agentnotifiers.dhcp_rpc_agent_api [None req-c63bef55-77f4-4a88-b198-d199da84224a 5ab3ab75d42b484aaedda7d64db0d8c8 fd7b3818c24b492692c594aba9947fee - - default default] Unable to schedule network 799dcc40-8393-4913-9573-80a2eab8de19: no agents available; will retry on subsequent port and subnet creation events.
2026-07-21 14:34:37.097 8 INFO neutron.db.ovn_revision_numbers_db [None req-825e1e38-beb1-40b6-9d5b-d226434d6d7a 420d632c9c7f468fb2a4d7b4527d8a47 7f8cbd1e16bd4330987518787fd220df - - default default] Successfully bumped revision number for resource 10464aa0-3ee4-4aa4-bcba-94e851ab7b2d (type: security_group_rules) to 0
2026-07-21 14:34:37.126 8 INFO neutron.db.ovn_revision_numbers_db [None req-825e1e38-beb1-40b6-9d5b-d226434d6d7a 420d632c9c7f468fb2a4d7b4527d8a47 7f8cbd1e16bd4330987518787fd220df - - default default] Successfully bumped revision number for resource 47339000-1e85-4cb5-9c98-86fe6f6efd0b (type: security_group_rules) to 0
2026-07-21 14:34:37.155 8 INFO neutron.db.ovn_revision_numbers_db [None req-825e1e38-beb1-40b6-9d5b-d226434d6d7a 420d632c9c7f468fb2a4d7b4527d8a47 7f8cbd1e16bd4330987518787fd220df - - default default] Successfully bumped revision number for resource ac69e60c-1041-42fa-abdd-d5ecebf1f92e (type: security_group_rules) to 0
2026-07-21 14:34:37.176 8 INFO neutron.db.ovn_revision_numbers_db [None req-825e1e38-beb1-40b6-9d5b-d226434d6d7a 420d632c9c7f468fb2a4d7b4527d8a47 7f8cbd1e16bd4330987518787fd220df - - default default] Successfully bumped revision number for resource ea5eeea5-cf9f-4688-bfb0-722dceb58dd9 (type: security_group_rules) to 0
2026-07-21 14:34:37.215 7 INFO neutron.plugins.ml2.drivers.ovn.mech_driver.mech_driver [None req-b76f77cc-03f7-484d-8a89-76a0e9ad5e8d - - - - - -] OVN reports status down for port: 2c809fba-5cbb-4c63-a31e-45c3ad3f0115
2026-07-21 14:34:37.312 8 INFO neutron.db.segments_db [None req-825e1e38-beb1-40b6-9d5b-d226434d6d7a 420d632c9c7f468fb2a4d7b4527d8a47 7f8cbd1e16bd4330987518787fd220df - - default default] Added segment 2bcf84fc-0df5-496b-974d-8f2cb41a763f of type geneve for network fea332da-004a-47be-abc7-2208740bae16
2026-07-21 14:34:37.315 7 INFO neutron.db.ovn_revision_numbers_db [None req-c63bef55-77f4-4a88-b198-d199da84224a 5ab3ab75d42b484aaedda7d64db0d8c8 fd7b3818c24b492692c594aba9947fee - - default default] Successfully bumped revision number for resource 2c809fba-5cbb-4c63-a31e-45c3ad3f0115 (type: ports) to 1 [pid: 7|app: 0|req: 1067/2157] 10.0.0.241 () {34 vars in 670 bytes} [Tue Jul 21 14:34:36 2026] POST /v2.0/networks => generated 669 bytes in 816 msecs (HTTP/1.1 201) 4 headers in 162 bytes (1 switches on core 0)
