2026-07-21 14:32:38.089 8 WARNING neutron.scheduler.dhcp_agent_scheduler [None req-23614866-1d0c-4ba8-a96c-bf0cba7ccbf2 7824f60bc71648d2b4465faad4211d13 ce52382650de4a34bbbc66b987f2c0c2 - - default default] No more DHCP agents
2026-07-21 14:32:38.099 8 WARNING neutron.api.rpc.agentnotifiers.dhcp_rpc_agent_api [None req-23614866-1d0c-4ba8-a96c-bf0cba7ccbf2 7824f60bc71648d2b4465faad4211d13 ce52382650de4a34bbbc66b987f2c0c2 - - default default] Unable to schedule network 87992967-ee86-4ab3-80dd-889011226dfa: no agents available; will retry on subsequent port and subnet creation events.
2026-07-21 14:32:38.579 8 INFO neutron.db.ovn_revision_numbers_db [None req-23614866-1d0c-4ba8-a96c-bf0cba7ccbf2 7824f60bc71648d2b4465faad4211d13 ce52382650de4a34bbbc66b987f2c0c2 - - default default] Successfully bumped revision number for resource 4fa9f45c-f81e-463b-9fc1-e4732e63584c (type: router_ports) to 1 [pid: 8|app: 0|req: 739/1447] 10.0.0.241 () {34 vars in 783 bytes} [Tue Jul 21 14:32:36 2026] PUT /v2.0/routers/5370c152-16cc-4410-8ef5-de067c3310b0/add_router_interface => generated 310 bytes in 2040 msecs (HTTP/1.1 200) 4 headers in 157 bytes (1 switches on core 0) [pid: 8|app: 0|req: 740/1448] 10.0.0.241 () {32 vars in 721 bytes} [Tue Jul 21 14:32:38 2026] GET /v2.0/subnets/6a77bc3b-d681-4a6b-853c-00a021a8bbad => generated 673 bytes in 77 msecs (HTTP/1.1 200) 4 headers in 157 bytes (1 switches on core 0)
2026-07-21 14:32:38.715 7 WARNING neutron.scheduler.dhcp_agent_scheduler [None req-029b2797-f9b3-4572-bf1a-48844dc5781a 94ed4ba0cfdf4c5086dfbe56284baa3a 0933774ccc864482a02e1def812abc5d - - default default] No more DHCP agents
2026-07-21 14:32:38.716 7 WARNING neutron.api.rpc.agentnotifiers.dhcp_rpc_agent_api [None req-029b2797-f9b3-4572-bf1a-48844dc5781a 94ed4ba0cfdf4c5086dfbe56284baa3a 0933774ccc864482a02e1def812abc5d - - default default] Unable to schedule network df44df87-9fe4-4860-af65-d41ce9b48193: no agents available; will retry on subsequent port and subnet creation events.
2026-07-21 14:32:38.751 8 INFO neutron.db.ovn_revision_numbers_db [None req-ed2730d8-d574-445c-b329-5e150ddb973e - - - - - -] Successfully bumped revision number for resource 4fa9f45c-f81e-463b-9fc1-e4732e63584c (type: ports) to 2
2026-07-21 14:32:38.786 8 WARNING neutron.db.securitygroups_db [None req-5468371f-e59c-4e41-9ca2-0a0a31722633 fa420d162eb14791b146f3624d38cc62 e8d6d75ee70e476ead7ffe8ea7c36383 - - default default] project_id key not found in filters, using tenant_id instead. This support has been deprecated and will be removed in a future release.
2026-07-21 14:32:38.927 7 INFO neutron.db.ovn_revision_numbers_db [None req-029b2797-f9b3-4572-bf1a-48844dc5781a 94ed4ba0cfdf4c5086dfbe56284baa3a 0933774ccc864482a02e1def812abc5d - - default default] Successfully bumped revision number for resource c9e3470c-975d-4ac2-8e69-46c735d2e03a (type: router_ports) to 1 [pid: 7|app: 0|req: 709/1449] 10.0.0.241 () {34 vars in 783 bytes} [Tue Jul 21 14:32:37 2026] PUT /v2.0/routers/d23b5db1-1d0f-456e-957e-dd85faaaf6c5/add_router_interface => generated 310 bytes in 1435 msecs (HTTP/1.1 200) 4 headers in 157 bytes (1 switches on core 0) [pid: 7|app: 0|req: 710/1450] 10.0.0.241 () {32 vars in 717 bytes} [Tue Jul 21 14:32:38 2026] GET /v2.0/ports/4fa9f45c-f81e-463b-9fc1-e4732e63584c => generated 943 bytes in 74 msecs (HTTP/1.1 200) 4 headers in 157 bytes (1 switches on core 0)
2026-07-21 14:32:39.021 7 INFO neutron.pecan_wsgi.hooks.translation [None req-326a9dbc-6658-4876-ac67-fa9e15fc817b 548c7bf6c9a8440ebce29d3cd0d665ca 364c81efd4ef4100a5ed41ba071d5996 - - default default] DELETE failed (client error): The resource could not be found. [pid: 7|app: 0|req: 711/1451] 10.0.0.241 () {32 vars in 724 bytes} [Tue Jul 21 14:32:39 2026] DELETE /v2.0/subnets/524dd2a0-887f-4581-b5c3-5c752068ede3 => generated 136 bytes in 18 msecs (HTTP/1.1 404) 4 headers in 164 bytes (1 switches on core 0)
2026-07-21 14:32:39.052 8 INFO neutron.db.ovn_revision_numbers_db [None req-5468371f-e59c-4e41-9ca2-0a0a31722633 fa420d162eb14791b146f3624d38cc62 e8d6d75ee70e476ead7ffe8ea7c36383 - - default default] Successfully bumped revision number for resource bac5c299-bcfe-4487-a83b-2231d7b894c9 (type: security_groups) to 1
2026-07-21 14:32:39.068 8 INFO neutron.db.ovn_revision_numbers_db [None req-5468371f-e59c-4e41-9ca2-0a0a31722633 fa420d162eb14791b146f3624d38cc62 e8d6d75ee70e476ead7ffe8ea7c36383 - - default default] Successfully bumped revision number for resource 0ed0d3c6-38fb-4288-9a07-7f1a3fd3ad05 (type: security_group_rules) to 0
2026-07-21 14:32:39.080 8 INFO neutron.db.ovn_revision_numbers_db [None req-5468371f-e59c-4e41-9ca2-0a0a31722633 fa420d162eb14791b146f3624d38cc62 e8d6d75ee70e476ead7ffe8ea7c36383 - - default default] Successfully bumped revision number for resource 45c3b783-0178-4ae4-93e1-6d69d87bdd6a (type: security_group_rules) to 0 [pid: 7|app: 0|req: 712/1452] 10.0.0.241 () {32 vars in 717 bytes} [Tue Jul 21 14:32:39 2026] GET /v2.0/ports/c9e3470c-975d-4ac2-8e69-46c735d2e03a => generated 945 bytes in 57 msecs (HTTP/1.1 200) 4 headers in 157 bytes (1 switches on core 0)
2026-07-21 14:32:39.093 8 INFO neutron.db.ovn_revision_numbers_db [None req-5468371f-e59c-4e41-9ca2-0a0a31722633 fa420d162eb14791b146f3624d38cc62 e8d6d75ee70e476ead7ffe8ea7c36383 - - default default] Successfully bumped revision number for resource 6377bfc9-4dbd-4ec6-877f-648a33bd9732 (type: security_group_rules) to 0
2026-07-21 14:32:39.109 8 INFO neutron.db.ovn_revision_numbers_db [None req-5468371f-e59c-4e41-9ca2-0a0a31722633 fa420d162eb14791b146f3624d38cc62 e8d6d75ee70e476ead7ffe8ea7c36383 - - default default] Successfully bumped revision number for resource 9abbaefa-1f9d-4f49-bb90-6a7dfdd7c65e (type: security_group_rules) to 0 [pid: 7|app: 0|req: 713/1453] 10.0.0.241 () {32 vars in 717 bytes} [Tue Jul 21 14:32:39 2026] GET /v2.0/ports/4fa9f45c-f81e-463b-9fc1-e4732e63584c => generated 943 bytes in 34 msecs (HTTP/1.1 200) 4 headers in 157 bytes (1 switches on core 0)
2026-07-21 14:32:39.132 7 INFO neutron.pecan_wsgi.hooks.translation [None req-01ba3330-3848-4bcb-a9a9-ab5286b1eb39 548c7bf6c9a8440ebce29d3cd0d665ca 364c81efd4ef4100a5ed41ba071d5996 - - default default] DELETE failed (client error): The resource could not be found. [pid: 7|app: 0|req: 714/1454] 10.0.0.241 () {32 vars in 726 bytes} [Tue Jul 21 14:32:39 2026] DELETE /v2.0/networks/7eb6ad4d-fb6f-4b45-a801-31dee71210b5 => generated 138 bytes in 15 msecs (HTTP/1.1 404) 4 headers in 164 bytes (1 switches on core 0) [pid: 8|app: 0|req: 741/1455] 10.0.0.241 () {32 vars in 774 bytes} [Tue Jul 21 14:32:38 2026] GET /v2.0/security-groups?tenant_id=c00b7cc507794ba98889aba2500422ea&name=default => generated 2925 bytes in 495 msecs (HTTP/1.1 200) 4 headers in 158 bytes (1 switches on core 0)
2026-07-21 14:32:39.497 8 INFO neutron_taas.services.taas.taas_plugin [None req-18c1568c-0e40-4496-a3e7-05eb67eccc54 7824f60bc71648d2b4465faad4211d13 ce52382650de4a34bbbc66b987f2c0c2 - - default default] TaaS: Handle Delete Port: 4fa9f45c-f81e-463b-9fc1-e4732e63584c
2026-07-21 14:32:39.501 8 INFO neutron_taas.services.taas.tap_mirror_plugin [None req-18c1568c-0e40-4496-a3e7-05eb67eccc54 7824f60bc71648d2b4465faad4211d13 ce52382650de4a34bbbc66b987f2c0c2 - - default default] Tap Mirror: Handle Delete Port: 4fa9f45c-f81e-463b-9fc1-e4732e63584c
2026-07-21 14:32:39.663 7 WARNING neutron.scheduler.dhcp_agent_scheduler [None req-56df8d1d-1842-4180-a643-cdb24d5e8627 94ed4ba0cfdf4c5086dfbe56284baa3a 0933774ccc864482a02e1def812abc5d - - default default] No more DHCP agents
2026-07-21 14:32:39.665 7 WARNING neutron.api.rpc.agentnotifiers.dhcp_rpc_agent_api [None req-56df8d1d-1842-4180-a643-cdb24d5e8627 94ed4ba0cfdf4c5086dfbe56284baa3a 0933774ccc864482a02e1def812abc5d - - default default] Unable to schedule network 5f47a188-1bff-4f1a-b778-f304aa579543: no agents available; will retry on subsequent port and subnet creation events.
2026-07-21 14:32:39.766 7 INFO neutron.plugins.ml2.drivers.ovn.mech_driver.mech_driver [None req-c0b3433b-2a7c-4a51-a8d7-c293cdf36b6c - - - - - -] OVN reports status down for port: 27eb9b4a-9ed7-4d25-a0b6-0dc2b8ca6db4
2026-07-21 14:32:39.838 7 INFO neutron.db.ovn_revision_numbers_db [None req-56df8d1d-1842-4180-a643-cdb24d5e8627 94ed4ba0cfdf4c5086dfbe56284baa3a 0933774ccc864482a02e1def812abc5d - - default default] Successfully bumped revision number for resource 27eb9b4a-9ed7-4d25-a0b6-0dc2b8ca6db4 (type: ports) to 1 [pid: 8|app: 0|req: 742/1456] 10.0.0.241 () {34 vars in 789 bytes} [Tue Jul 21 14:32:39 2026] PUT /v2.0/routers/5370c152-16cc-4410-8ef5-de067c3310b0/remove_router_interface => generated 310 bytes in 751 msecs (HTTP/1.1 200) 4 headers in 157 bytes (1 switches on core 0) /var/lib/openstack/lib/python3.12/site-packages/pycadf/identifier.py:70: UserWarning: Invalid uuid: neutron. To ensure interoperability, identifiers should be a valid uuid. warnings.warn(('Invalid uuid: %s. To ensure interoperability, ' [pid: 8|app: 0|req: 743/1457] 10.0.0.241 () {32 vars in 724 bytes} [Tue Jul 21 14:32:39 2026] DELETE /v2.0/subnets/6a77bc3b-d681-4a6b-853c-00a021a8bbad => generated 0 bytes in 156 msecs (HTTP/1.1 204) 3 headers in 131 bytes (1 switches on core 0) [pid: 8|app: 0|req: 744/1458] 10.0.0.241 () {32 vars in 740 bytes} [Tue Jul 21 14:32:40 2026] DELETE /v2.0/security-groups/bac5c299-bcfe-4487-a83b-2231d7b894c9 => generated 0 bytes in 236 msecs (HTTP/1.1 204) 2 headers in 112 bytes (1 switches on core 0) [pid: 8|app: 0|req: 745/1459] 10.0.0.241 () {32 vars in 736 bytes} [Tue Jul 21 14:32:40 2026] GET /v2.0/ports?device_id=5370c152-16cc-4410-8ef5-de067c3310b0 => generated 12 bytes in 23 msecs (HTTP/1.1 200) 4 headers in 156 bytes (1 switches on core 0)
2026-07-21 14:32:40.451 8 INFO neutron_taas.services.taas.taas_plugin [None req-b27345b4-9650-448a-9518-1c42109ab0b7 548c7bf6c9a8440ebce29d3cd0d665ca 364c81efd4ef4100a5ed41ba071d5996 - - default default] TaaS: Handle Delete Port: 0396c06b-f020-4108-8ad0-295546bf3412
2026-07-21 14:32:40.454 8 INFO neutron_taas.services.taas.tap_mirror_plugin [None req-b27345b4-9650-448a-9518-1c42109ab0b7 548c7bf6c9a8440ebce29d3cd0d665ca 364c81efd4ef4100a5ed41ba071d5996 - - default default] Tap Mirror: Handle Delete Port: 0396c06b-f020-4108-8ad0-295546bf3412
2026-07-21 14:32:40.601 7 INFO neutron.plugins.ml2.drivers.ovn.mech_driver.mech_driver [None req-c0b3433b-2a7c-4a51-a8d7-c293cdf36b6c - - - - - -] OVN reports status up for port: 27eb9b4a-9ed7-4d25-a0b6-0dc2b8ca6db4
2026-07-21 14:32:40.625 8 INFO neutron.services.segments.plugin [-] Segment afe27ad4-ca34-414f-a921-61260751e001 resource provider aggregate not found
2026-07-21 14:32:40.627 7 INFO neutron.plugins.ml2.plugin [None req-c0b3433b-2a7c-4a51-a8d7-c293cdf36b6c - - - - - -] Attempt 1 to provision port 27eb9b4a-9ed7-4d25-a0b6-0dc2b8ca6db4
2026-07-21 14:32:40.635 8 INFO neutron.services.segments.plugin [-] Segment afe27ad4-ca34-414f-a921-61260751e001 resource provider aggregate not found
2026-07-21 14:32:40.657 8 INFO neutron.services.segments.plugin [-] Client error retrieving segment afe27ad4-ca34-414f-a921-61260751e001 resource provider; error: Placement Client Error (4xx): {"errors": [{"status": 404, "title": "Not Found", "detail": "The resource could not be found.\n\n No resource provider with uuid afe27ad4-ca34-414f-a921-61260751e001 found for delete ", "request_id": "req-c2675bf0-fd82-4974-8403-b6ec62884076"}]}
2026-07-21 14:32:40.659 8 INFO neutron.services.segments.plugin [-] Client error retrieving segment afe27ad4-ca34-414f-a921-61260751e001 resource provider; error: Placement Client Error (4xx): {"errors": [{"status": 404, "title": "Not Found", "detail": "The resource could not be found.\n\n No resource provider with uuid afe27ad4-ca34-414f-a921-61260751e001 found for delete ", "request_id": "req-687abae0-7499-414e-b273-ddfe1745e1dd"}]} [pid: 8|app: 0|req: 746/1460] 10.0.0.241 () {32 vars in 726 bytes} [Tue Jul 21 14:32:40 2026] DELETE /v2.0/networks/1fb97208-da98-48ba-bd76-b6420b858dce => generated 0 bytes in 347 msecs (HTTP/1.1 204) 3 headers in 131 bytes (1 switches on core 0)
2026-07-21 14:32:40.776 7 WARNING neutron.scheduler.dhcp_agent_scheduler [None req-56df8d1d-1842-4180-a643-cdb24d5e8627 94ed4ba0cfdf4c5086dfbe56284baa3a 0933774ccc864482a02e1def812abc5d - - default default] No more DHCP agents
2026-07-21 14:32:40.781 7 WARNING neutron.api.rpc.agentnotifiers.dhcp_rpc_agent_api [None req-56df8d1d-1842-4180-a643-cdb24d5e8627 94ed4ba0cfdf4c5086dfbe56284baa3a 0933774ccc864482a02e1def812abc5d - - default default] Unable to schedule network 5f47a188-1bff-4f1a-b778-f304aa579543: no agents available; will retry on subsequent port and subnet creation events. [pid: 8|app: 0|req: 747/1461] 10.0.0.241 () {32 vars in 724 bytes} [Tue Jul 21 14:32:40 2026] DELETE /v2.0/routers/5370c152-16cc-4410-8ef5-de067c3310b0 => generated 0 bytes in 208 msecs (HTTP/1.1 204) 2 headers in 112 bytes (1 switches on core 0) [pid: 8|app: 0|req: 748/1462] 10.0.0.241 () {32 vars in 724 bytes} [Tue Jul 21 14:32:40 2026] DELETE /v2.0/subnets/4afd4f3b-ed6a-4177-a1ea-e378338d5dbd => generated 0 bytes in 191 msecs (HTTP/1.1 204) 3 headers in 131 bytes (1 switches on core 0)
2026-07-21 14:32:41.220 8 INFO neutron_taas.services.taas.taas_plugin [None req-aaf2c34b-cc58-4e2d-a545-622612b160e2 7824f60bc71648d2b4465faad4211d13 ce52382650de4a34bbbc66b987f2c0c2 - - default default] TaaS: Handle Delete Port: 3e29c1d7-3ac8-47fa-a8d8-66dbf48a0464
2026-07-21 14:32:41.222 8 INFO neutron_taas.services.taas.tap_mirror_plugin [None req-aaf2c34b-cc58-4e2d-a545-622612b160e2 7824f60bc71648d2b4465faad4211d13 ce52382650de4a34bbbc66b987f2c0c2 - - default default] Tap Mirror: Handle Delete Port: 3e29c1d7-3ac8-47fa-a8d8-66dbf48a0464
2026-07-21 14:32:41.225 7 INFO neutron.db.ovn_revision_numbers_db [None req-56df8d1d-1842-4180-a643-cdb24d5e8627 94ed4ba0cfdf4c5086dfbe56284baa3a 0933774ccc864482a02e1def812abc5d - - default default] Successfully bumped revision number for resource 27eb9b4a-9ed7-4d25-a0b6-0dc2b8ca6db4 (type: router_ports) to 1 [pid: 7|app: 0|req: 715/1463] 10.0.0.241 () {34 vars in 783 bytes} [Tue Jul 21 14:32:39 2026] PUT /v2.0/routers/d23b5db1-1d0f-456e-957e-dd85faaaf6c5/add_router_interface => generated 310 bytes in 2100 msecs (HTTP/1.1 200) 4 headers in 157 bytes (1 switches on core 0) [pid: 7|app: 0|req: 716/1464] 10.0.0.241 () {32 vars in 717 bytes} [Tue Jul 21 14:32:41 2026] GET /v2.0/ports/27eb9b4a-9ed7-4d25-a0b6-0dc2b8ca6db4 => generated 955 bytes in 91 msecs (HTTP/1.1 200) 4 headers in 157 bytes (1 switches on core 0)
2026-07-21 14:32:41.408 7 INFO neutron.db.ovn_revision_numbers_db [None req-c0b3433b-2a7c-4a51-a8d7-c293cdf36b6c - - - - - -] Successfully bumped revision number for resource 27eb9b4a-9ed7-4d25-a0b6-0dc2b8ca6db4 (type: ports) to 2 [pid: 8|app: 0|req: 749/1465] 10.0.0.241 () {32 vars in 726 bytes} [Tue Jul 21 14:32:41 2026] DELETE /v2.0/networks/87992967-ee86-4ab3-80dd-889011226dfa => generated 0 bytes in 403 msecs (HTTP/1.1 204) 3 headers in 131 bytes (1 switches on core 0)
2026-07-21 14:32:41.522 7 WARNING neutron.db.securitygroups_db [None req-59745dc3-1359-4744-bd5a-b8d3ece813a2 fa420d162eb14791b146f3624d38cc62 e8d6d75ee70e476ead7ffe8ea7c36383 - - default default] project_id key not found in filters, using tenant_id instead. This support has been deprecated and will be removed in a future release. [pid: 7|app: 0|req: 717/1466] 10.0.0.241 () {32 vars in 774 bytes} [Tue Jul 21 14:32:41 2026] GET /v2.0/security-groups?tenant_id=364c81efd4ef4100a5ed41ba071d5996&name=default => generated 2925 bytes in 215 msecs (HTTP/1.1 200) 4 headers in 158 bytes (1 switches on core 0) [pid: 8|app: 0|req: 750/1467] 10.0.0.241 () {32 vars in 717 bytes} [Tue Jul 21 14:32:41 2026] GET /v2.0/ports/27eb9b4a-9ed7-4d25-a0b6-0dc2b8ca6db4 => generated 955 bytes in 79 msecs (HTTP/1.1 200) 4 headers in 157 bytes (1 switches on core 0) [pid: 8|app: 0|req: 751/1468] 10.0.0.241 () {32 vars in 740 bytes} [Tue Jul 21 14:32:41 2026] DELETE /v2.0/security-groups/dc9cbeb0-35ec-4d8f-9bf0-1496675331f2 => generated 0 bytes in 237 msecs (HTTP/1.1 204) 2 headers in 112 bytes (1 switches on core 0)
2026-07-21 14:32:42.101 7 WARNING neutron.scheduler.dhcp_agent_scheduler [None req-626a73f8-8b5b-4cd1-adbe-96ad646e2a96 7824f60bc71648d2b4465faad4211d13 ce52382650de4a34bbbc66b987f2c0c2 - - default default] No more DHCP agents
2026-07-21 14:32:42.103 7 WARNING neutron.api.rpc.agentnotifiers.dhcp_rpc_agent_api [None req-626a73f8-8b5b-4cd1-adbe-96ad646e2a96 7824f60bc71648d2b4465faad4211d13 ce52382650de4a34bbbc66b987f2c0c2 - - default default] Unable to schedule network 92d9def3-c275-414d-bf36-df2b1d3ad570: no agents available; will retry on subsequent port and subnet creation events.
2026-07-21 14:32:42.196 8 INFO neutron_taas.services.taas.taas_plugin [None req-3562b7e0-c31c-4614-bdb3-b8ad0681a22d 94ed4ba0cfdf4c5086dfbe56284baa3a 0933774ccc864482a02e1def812abc5d - - default default] TaaS: Handle Delete Port: 27eb9b4a-9ed7-4d25-a0b6-0dc2b8ca6db4
2026-07-21 14:32:42.202 8 INFO neutron_taas.services.taas.tap_mirror_plugin [None req-3562b7e0-c31c-4614-bdb3-b8ad0681a22d 94ed4ba0cfdf4c5086dfbe56284baa3a 0933774ccc864482a02e1def812abc5d - - default default] Tap Mirror: Handle Delete Port: 27eb9b4a-9ed7-4d25-a0b6-0dc2b8ca6db4
2026-07-21 14:32:42.343 7 INFO neutron.db.ovn_revision_numbers_db [None req-626a73f8-8b5b-4cd1-adbe-96ad646e2a96 7824f60bc71648d2b4465faad4211d13 ce52382650de4a34bbbc66b987f2c0c2 - - default default] Successfully bumped revision number for resource fe99e2ca-fadd-4296-858d-c78aa8435076 (type: ports) to 1 [pid: 8|app: 0|req: 752/1469] 10.0.0.241 () {34 vars in 789 bytes} [Tue Jul 21 14:32:41 2026] PUT /v2.0/routers/d23b5db1-1d0f-456e-957e-dd85faaaf6c5/remove_router_interface => generated 310 bytes in 845 msecs (HTTP/1.1 200) 4 headers in 157 bytes (1 switches on core 0) /var/lib/openstack/lib/python3.12/site-packages/pycadf/identifier.py:70: UserWarning: Invalid uuid: neutron. To ensure interoperability, identifiers should be a valid uuid. warnings.warn(('Invalid uuid: %s. To ensure interoperability, '
2026-07-21 14:32:42.683 8 INFO neutron.services.segments.plugin [-] Segment 7785e09a-3af4-4fbc-9fa0-6e0659671729 resource provider aggregate not found
2026-07-21 14:32:42.687 8 INFO neutron.services.segments.plugin [-] Segment 7785e09a-3af4-4fbc-9fa0-6e0659671729 resource provider aggregate not found
2026-07-21 14:32:42.706 8 INFO neutron.services.segments.plugin [-] Client error retrieving segment 7785e09a-3af4-4fbc-9fa0-6e0659671729 resource provider; error: Placement Client Error (4xx): {"errors": [{"status": 404, "title": "Not Found", "detail": "The resource could not be found.\n\n No resource provider with uuid 7785e09a-3af4-4fbc-9fa0-6e0659671729 found for delete ", "request_id": "req-8edb634a-2fdc-48da-9225-0e916a54ccfd"}]}
2026-07-21 14:32:42.715 8 INFO neutron.services.segments.plugin [-] Client error retrieving segment 7785e09a-3af4-4fbc-9fa0-6e0659671729 resource provider; error: Placement Client Error (4xx): {"errors": [{"status": 404, "title": "Not Found", "detail": "The resource could not be found.\n\n No resource provider with uuid 7785e09a-3af4-4fbc-9fa0-6e0659671729 found for delete ", "request_id": "req-288884ab-5b1f-46d1-aba5-4dc3716a5463"}]} [pid: 8|app: 0|req: 753/1470] 10.0.0.241 () {32 vars in 717 bytes} [Tue Jul 21 14:32:42 2026] GET /v2.0/ports/c9e3470c-975d-4ac2-8e69-46c735d2e03a => generated 945 bytes in 124 msecs (HTTP/1.1 200) 4 headers in 157 bytes (1 switches on core 0)
2026-07-21 14:32:43.099 7 INFO neutron.db.ovn_revision_numbers_db [None req-626a73f8-8b5b-4cd1-adbe-96ad646e2a96 7824f60bc71648d2b4465faad4211d13 ce52382650de4a34bbbc66b987f2c0c2 - - default default] Successfully bumped revision number for resource fe99e2ca-fadd-4296-858d-c78aa8435076 (type: router_ports) to 1
2026-07-21 14:32:43.100 8 WARNING neutron.db.securitygroups_db [None req-55e98a41-f4c7-4fa5-9232-08500619e952 fa420d162eb14791b146f3624d38cc62 e8d6d75ee70e476ead7ffe8ea7c36383 - - default default] project_id key not found in filters, using tenant_id instead. This support has been deprecated and will be removed in a future release.
2026-07-21 14:32:43.209 7 INFO neutron.db.ovn_revision_numbers_db [None req-626a73f8-8b5b-4cd1-adbe-96ad646e2a96 7824f60bc71648d2b4465faad4211d13 ce52382650de4a34bbbc66b987f2c0c2 - - default default] Successfully bumped revision number for resource 2db5475b-fe6a-4a19-b4ba-43e756e307a8 (type: routers) to 2 [pid: 7|app: 0|req: 718/1471] 10.0.0.241 () {34 vars in 669 bytes} [Tue Jul 21 14:32:41 2026] POST /v2.0/routers => generated 968 bytes in 1690 msecs (HTTP/1.1 201) 4 headers in 162 bytes (1 switches on core 0)
2026-07-21 14:32:43.321 8 INFO neutron.db.ovn_revision_numbers_db [None req-55e98a41-f4c7-4fa5-9232-08500619e952 fa420d162eb14791b146f3624d38cc62 e8d6d75ee70e476ead7ffe8ea7c36383 - - default default] Successfully bumped revision number for resource a2fc516c-70ec-4a14-8788-406e94fce07a (type: security_groups) to 1
2026-07-21 14:32:43.337 8 INFO neutron.db.ovn_revision_numbers_db [None req-55e98a41-f4c7-4fa5-9232-08500619e952 fa420d162eb14791b146f3624d38cc62 e8d6d75ee70e476ead7ffe8ea7c36383 - - default default] Successfully bumped revision number for resource 1436bb94-6d5e-46b1-b095-3f2641a192b5 (type: security_group_rules) to 0 [pid: 7|app: 0|req: 719/1472] 10.0.0.241 () {32 vars in 721 bytes} [Tue Jul 21 14:32:43 2026] GET /v2.0/routers/2db5475b-fe6a-4a19-b4ba-43e756e307a8 => generated 974 bytes in 101 msecs (HTTP/1.1 200) 4 headers in 157 bytes (1 switches on core 0)
2026-07-21 14:32:43.353 8 INFO neutron.db.ovn_revision_numbers_db [None req-55e98a41-f4c7-4fa5-9232-08500619e952 fa420d162eb14791b146f3624d38cc62 e8d6d75ee70e476ead7ffe8ea7c36383 - - default default] Successfully bumped revision number for resource 38242863-0175-4011-b441-5d0a69a84f3c (type: security_group_rules) to 0
2026-07-21 14:32:43.367 8 INFO neutron.db.ovn_revision_numbers_db [None req-55e98a41-f4c7-4fa5-9232-08500619e952 fa420d162eb14791b146f3624d38cc62 e8d6d75ee70e476ead7ffe8ea7c36383 - - default default] Successfully bumped revision number for resource 626ef9df-0a89-4a48-89a0-3bd4cc98e177 (type: security_group_rules) to 0
2026-07-21 14:32:43.380 8 INFO neutron.db.ovn_revision_numbers_db [None req-55e98a41-f4c7-4fa5-9232-08500619e952 fa420d162eb14791b146f3624d38cc62 e8d6d75ee70e476ead7ffe8ea7c36383 - - default default] Successfully bumped revision number for resource cc72365f-a01e-4c71-9de8-eaede3884903 (type: security_group_rules) to 0 [pid: 8|app: 0|req: 754/1473] 10.0.0.241 () {32 vars in 774 bytes} [Tue Jul 21 14:32:42 2026] GET /v2.0/security-groups?tenant_id=17ccda1c600243579076f0dca3498b5a&name=default => generated 2925 bytes in 532 msecs (HTTP/1.1 200) 4 headers in 158 bytes (1 switches on core 0) [pid: 7|app: 0|req: 720/1474] 10.0.0.241 () {32 vars in 647 bytes} [Tue Jul 21 14:32:43 2026] GET /v2.0/routers => generated 977 bytes in 110 msecs (HTTP/1.1 200) 4 headers in 157 bytes (1 switches on core 0)
2026-07-21 14:32:44.021 7 INFO neutron.db.ovn_revision_numbers_db [None req-655ae96c-0a75-46ba-9bdc-277377f5f1d2 7824f60bc71648d2b4465faad4211d13 ce52382650de4a34bbbc66b987f2c0c2 - - default default] Successfully bumped revision number for resource 2db5475b-fe6a-4a19-b4ba-43e756e307a8 (type: routers) to 3 [pid: 7|app: 0|req: 721/1475] 10.0.0.241 () {34 vars in 741 bytes} [Tue Jul 21 14:32:43 2026] PUT /v2.0/routers/2db5475b-fe6a-4a19-b4ba-43e756e307a8 => generated 981 bytes in 563 msecs (HTTP/1.1 200) 4 headers in 157 bytes (1 switches on core 0) [pid: 8|app: 0|req: 755/1476] 10.0.0.241 () {32 vars in 740 bytes} [Tue Jul 21 14:32:43 2026] DELETE /v2.0/security-groups/a2fc516c-70ec-4a14-8788-406e94fce07a => generated 0 bytes in 602 msecs (HTTP/1.1 204) 2 headers in 112 bytes (1 switches on core 0) [pid: 7|app: 0|req: 722/1477] 10.0.0.241 () {32 vars in 717 bytes} [Tue Jul 21 14:32:44 2026] GET /v2.0/ports/c9e3470c-975d-4ac2-8e69-46c735d2e03a => generated 945 bytes in 76 msecs (HTTP/1.1 200) 4 headers in 157 bytes (1 switches on core 0) [pid: 7|app: 0|req: 723/1478] 10.0.0.241 () {32 vars in 721 bytes} [Tue Jul 21 14:32:44 2026] GET /v2.0/routers/2db5475b-fe6a-4a19-b4ba-43e756e307a8 => generated 981 bytes in 85 msecs (HTTP/1.1 200) 4 headers in 157 bytes (1 switches on core 0) [pid: 7|app: 0|req: 724/1479] 10.0.0.241 () {32 vars in 736 bytes} [Tue Jul 21 14:32:44 2026] GET /v2.0/ports?device_id=2db5475b-fe6a-4a19-b4ba-43e756e307a8 => generated 12 bytes in 22 msecs (HTTP/1.1 200) 4 headers in 156 bytes (1 switches on core 0)
2026-07-21 14:32:44.387 8 WARNING neutron.plugins.ml2.drivers.ovn.mech_driver.ovsdb.ovn_client [None req-3df12f13-9be6-4740-8084-e32f68cb66fa - - - - - -] No port found with ID 4fa9f45c-f81e-463b-9fc1-e4732e63584c: RuntimeError: No port found with ID 4fa9f45c-f81e-463b-9fc1-e4732e63584c
2026-07-21 14:32:44.387 8 INFO neutron.plugins.ml2.drivers.ovn.mech_driver.mech_driver [None req-3df12f13-9be6-4740-8084-e32f68cb66fa - - - - - -] OVN reports status down for port: c9e3470c-975d-4ac2-8e69-46c735d2e03a
2026-07-21 14:32:44.406 8 INFO neutron.db.ovn_revision_numbers_db [None req-d5536f78-e1b4-4655-b261-c709b05264cd d6797170f345454a9a5474ecf7bcb142 8e9acf736c5c49d9b26548a9567e17ed - - default default] Successfully bumped revision number for resource 0d0012c8-ae4a-414a-8e2a-f8b3e9d11bd9 (type: security_groups) to 1
2026-07-21 14:32:44.453 8 INFO neutron.db.ovn_revision_numbers_db [None req-d5536f78-e1b4-4655-b261-c709b05264cd d6797170f345454a9a5474ecf7bcb142 8e9acf736c5c49d9b26548a9567e17ed - - default default] Successfully bumped revision number for resource 01c0ce5a-aec2-4620-8802-6a4f57e722e6 (type: security_group_rules) to 0
2026-07-21 14:32:44.485 8 INFO neutron.db.ovn_revision_numbers_db [None req-d5536f78-e1b4-4655-b261-c709b05264cd d6797170f345454a9a5474ecf7bcb142 8e9acf736c5c49d9b26548a9567e17ed - - default default] Successfully bumped revision number for resource 2bc3e679-892b-451a-baed-4e496ff3e070 (type: security_group_rules) to 0
2026-07-21 14:32:44.488 8 WARNING neutron.plugins.ml2.drivers.ovn.mech_driver.ovsdb.ovn_client [None req-3df12f13-9be6-4740-8084-e32f68cb66fa - - - - - -] Logical_Switch_Port c9e3470c-975d-4ac2-8e69-46c735d2e03a host information not removed, the port state is up
2026-07-21 14:32:44.506 8 INFO neutron.plugins.ml2.drivers.ovn.mech_driver.mech_driver [None req-3df12f13-9be6-4740-8084-e32f68cb66fa - - - - - -] OVN reports status up for port: c9e3470c-975d-4ac2-8e69-46c735d2e03a
2026-07-21 14:32:44.512 8 INFO neutron.db.ovn_revision_numbers_db [None req-d5536f78-e1b4-4655-b261-c709b05264cd d6797170f345454a9a5474ecf7bcb142 8e9acf736c5c49d9b26548a9567e17ed - - default default] Successfully bumped revision number for resource a5255e0d-4b92-437c-a442-4fd1b6f81cc1 (type: security_group_rules) to 0
2026-07-21 14:32:44.523 8 INFO neutron.plugins.ml2.plugin [None req-3df12f13-9be6-4740-8084-e32f68cb66fa - - - - - -] Attempt 1 to provision port c9e3470c-975d-4ac2-8e69-46c735d2e03a
2026-07-21 14:32:44.538 8 INFO neutron.db.ovn_revision_numbers_db [None req-d5536f78-e1b4-4655-b261-c709b05264cd d6797170f345454a9a5474ecf7bcb142 8e9acf736c5c49d9b26548a9567e17ed - - default default] Successfully bumped revision number for resource eeab77aa-d311-4347-b4e6-87ed4a14f09b (type: security_group_rules) to 0
2026-07-21 14:32:44.663 7 INFO neutron_taas.services.taas.taas_plugin [None req-11ed5ad6-94e3-4e9c-836c-14aa80e33627 7824f60bc71648d2b4465faad4211d13 ce52382650de4a34bbbc66b987f2c0c2 - - default default] TaaS: Handle Delete Port: fe99e2ca-fadd-4296-858d-c78aa8435076
2026-07-21 14:32:44.666 7 INFO neutron_taas.services.taas.tap_mirror_plugin [None req-11ed5ad6-94e3-4e9c-836c-14aa80e33627 7824f60bc71648d2b4465faad4211d13 ce52382650de4a34bbbc66b987f2c0c2 - - default default] Tap Mirror: Handle Delete Port: fe99e2ca-fadd-4296-858d-c78aa8435076
2026-07-21 14:32:44.671 8 INFO neutron.db.segments_db [None req-d5536f78-e1b4-4655-b261-c709b05264cd d6797170f345454a9a5474ecf7bcb142 8e9acf736c5c49d9b26548a9567e17ed - - default default] Added segment 02ab868a-2429-4ce2-b548-16bdf0e938ce of type geneve for network 59f0686b-2f24-4201-aed9-045782cef56a
2026-07-21 14:32:44.984 8 INFO neutron.db.ovn_revision_numbers_db [None req-d5536f78-e1b4-4655-b261-c709b05264cd d6797170f345454a9a5474ecf7bcb142 8e9acf736c5c49d9b26548a9567e17ed - - default default] Successfully bumped revision number for resource 59f0686b-2f24-4201-aed9-045782cef56a (type: networks) to 1 [pid: 7|app: 0|req: 725/1480] 10.0.0.241 () {32 vars in 724 bytes} [Tue Jul 21 14:32:44 2026] DELETE /v2.0/routers/2db5475b-fe6a-4a19-b4ba-43e756e307a8 => generated 0 bytes in 969 msecs (HTTP/1.1 204) 2 headers in 112 bytes (1 switches on core 0) [pid: 7|app: 0|req: 728/1483] 10.0.0.241 () {32 vars in 717 bytes} [Tue Jul 21 14:32:45 2026] GET /v2.0/ports/c9e3470c-975d-4ac2-8e69-46c735d2e03a => generated 947 bytes in 39 msecs (HTTP/1.1 200) 4 headers in 157 bytes (1 switches on core 0) [pid: 7|app: 0|req: 729/1484] 10.0.0.241 () {32 vars in 736 bytes} [Tue Jul 21 14:32:45 2026] GET /v2.0/ports?device_id=2db5475b-fe6a-4a19-b4ba-43e756e307a8 => generated 12 bytes in 26 msecs (HTTP/1.1 200) 4 headers in 156 bytes (1 switches on core 0)
2026-07-21 14:32:45.294 8 INFO neutron.db.ovn_revision_numbers_db [None req-3df12f13-9be6-4740-8084-e32f68cb66fa - - - - - -] Successfully bumped revision number for resource c9e3470c-975d-4ac2-8e69-46c735d2e03a (type: ports) to 2
2026-07-21 14:32:45.380 8 WARNING neutron.scheduler.dhcp_agent_scheduler [None req-d5536f78-e1b4-4655-b261-c709b05264cd d6797170f345454a9a5474ecf7bcb142 8e9acf736c5c49d9b26548a9567e17ed - - default default] No more DHCP agents
2026-07-21 14:32:45.383 8 WARNING neutron.api.rpc.agentnotifiers.dhcp_rpc_agent_api [None req-d5536f78-e1b4-4655-b261-c709b05264cd d6797170f345454a9a5474ecf7bcb142 8e9acf736c5c49d9b26548a9567e17ed - - default default] Unable to schedule network 59f0686b-2f24-4201-aed9-045782cef56a: no agents available; will retry on subsequent port and subnet creation events.
2026-07-21 14:32:45.476 8 INFO neutron.db.ovn_revision_numbers_db [None req-d5536f78-e1b4-4655-b261-c709b05264cd d6797170f345454a9a5474ecf7bcb142 8e9acf736c5c49d9b26548a9567e17ed - - default default] Successfully bumped revision number for resource f900e331-d37c-4c0a-a5f8-06f3dca6fb9c (type: ports) to 1 [pid: 8|app: 0|req: 756/1485] 10.0.0.241 () {34 vars in 670 bytes} [Tue Jul 21 14:32:44 2026] POST /v2.0/networks => generated 687 bytes in 1465 msecs (HTTP/1.1 201) 4 headers in 162 bytes (1 switches on core 0)
2026-07-21 14:32:45.518 8 INFO neutron.api.v2.resource [None req-1347e960-20cf-4e45-928f-2a22ab7943d1 7824f60bc71648d2b4465faad4211d13 ce52382650de4a34bbbc66b987f2c0c2 - - default default] delete failed (client error): The resource could not be found. [pid: 8|app: 0|req: 757/1486] 10.0.0.241 () {32 vars in 724 bytes} [Tue Jul 21 14:32:45 2026] DELETE /v2.0/routers/2db5475b-fe6a-4a19-b4ba-43e756e307a8 => generated 135 bytes in 22 msecs (HTTP/1.1 404) 4 headers in 164 bytes (1 switches on core 0)
2026-07-21 14:32:45.659 7 INFO neutron_taas.services.taas.taas_plugin [None req-48bd26ed-136c-497c-9a10-aea441fbded9 94ed4ba0cfdf4c5086dfbe56284baa3a 0933774ccc864482a02e1def812abc5d - - default default] TaaS: Handle Delete Port: c9e3470c-975d-4ac2-8e69-46c735d2e03a
2026-07-21 14:32:45.662 7 INFO neutron_taas.services.taas.tap_mirror_plugin [None req-48bd26ed-136c-497c-9a10-aea441fbded9 94ed4ba0cfdf4c5086dfbe56284baa3a 0933774ccc864482a02e1def812abc5d - - default default] Tap Mirror: Handle Delete Port: c9e3470c-975d-4ac2-8e69-46c735d2e03a
2026-07-21 14:32:45.814 8 WARNING neutron.scheduler.dhcp_agent_scheduler [None req-747e8746-2616-49e8-a9ca-2192205cca01 d6797170f345454a9a5474ecf7bcb142 8e9acf736c5c49d9b26548a9567e17ed - - default default] No more DHCP agents
2026-07-21 14:32:45.815 8 WARNING neutron.api.rpc.agentnotifiers.dhcp_rpc_agent_api [None req-747e8746-2616-49e8-a9ca-2192205cca01 d6797170f345454a9a5474ecf7bcb142 8e9acf736c5c49d9b26548a9567e17ed - - default default] Unable to schedule network 59f0686b-2f24-4201-aed9-045782cef56a: no agents available; will retry on subsequent port and subnet creation events.
2026-07-21 14:32:45.927 8 INFO neutron.db.ovn_revision_numbers_db [None req-747e8746-2616-49e8-a9ca-2192205cca01 d6797170f345454a9a5474ecf7bcb142 8e9acf736c5c49d9b26548a9567e17ed - - default default] Successfully bumped revision number for resource f28a90e8-6963-4b0d-bce6-92fe1e9baa37 (type: ports) to 1 [pid: 8|app: 0|req: 758/1487] 10.0.0.241 () {34 vars in 665 bytes} [Tue Jul 21 14:32:45 2026] POST /v2.0/ports => generated 778 bytes in 443 msecs (HTTP/1.1 201) 4 headers in 162 bytes (1 switches on core 0) /var/lib/openstack/lib/python3.12/site-packages/pycadf/identifier.py:70: UserWarning: Invalid uuid: neutron. To ensure interoperability, identifiers should be a valid uuid. warnings.warn(('Invalid uuid: %s. To ensure interoperability, ' [pid: 8|app: 0|req: 759/1488] 10.0.0.241 () {32 vars in 736 bytes} [Tue Jul 21 14:32:45 2026] GET /v2.0/ports?device_id=5370c152-16cc-4410-8ef5-de067c3310b0 => generated 12 bytes in 23 msecs (HTTP/1.1 200) 4 headers in 156 bytes (1 switches on core 0)
2026-07-21 14:32:46.096 8 INFO neutron.db.segments_db [None req-b520fdbc-f59f-40a8-9bac-72ed9f626302 d6797170f345454a9a5474ecf7bcb142 8e9acf736c5c49d9b26548a9567e17ed - - default default] Added segment 2aab0bc5-331e-4e43-b1d7-ca6e21511266 of type geneve for network 8ee374b7-be01-4e3c-bb42-3306c3f25566
2026-07-21 14:32:46.248 8 INFO neutron.db.ovn_revision_numbers_db [None req-b520fdbc-f59f-40a8-9bac-72ed9f626302 d6797170f345454a9a5474ecf7bcb142 8e9acf736c5c49d9b26548a9567e17ed - - default default] Successfully bumped revision number for resource 8ee374b7-be01-4e3c-bb42-3306c3f25566 (type: networks) to 1
2026-07-21 14:32:46.480 8 WARNING neutron.scheduler.dhcp_agent_scheduler [None req-b520fdbc-f59f-40a8-9bac-72ed9f626302 d6797170f345454a9a5474ecf7bcb142 8e9acf736c5c49d9b26548a9567e17ed - - default default] No more DHCP agents
2026-07-21 14:32:46.482 8 WARNING neutron.api.rpc.agentnotifiers.dhcp_rpc_agent_api [None req-b520fdbc-f59f-40a8-9bac-72ed9f626302 d6797170f345454a9a5474ecf7bcb142 8e9acf736c5c49d9b26548a9567e17ed - - default default] Unable to schedule network 8ee374b7-be01-4e3c-bb42-3306c3f25566: no agents available; will retry on subsequent port and subnet creation events. [pid: 7|app: 0|req: 730/1489] 10.0.0.241 () {34 vars in 789 bytes} [Tue Jul 21 14:32:45 2026] PUT /v2.0/routers/d23b5db1-1d0f-456e-957e-dd85faaaf6c5/remove_router_interface => generated 310 bytes in 1244 msecs (HTTP/1.1 200) 4 headers in 157 bytes (1 switches on core 0) /var/lib/openstack/lib/python3.12/site-packages/pycadf/identifier.py:70: UserWarning: Invalid uuid: neutron. To ensure interoperability, identifiers should be a valid uuid. warnings.warn(('Invalid uuid: %s. To ensure interoperability, '
2026-07-21 14:32:46.530 7 INFO neutron.api.v2.resource [None req-dca0b64b-c3f4-4be2-8c91-410e736f717b 7824f60bc71648d2b4465faad4211d13 ce52382650de4a34bbbc66b987f2c0c2 - - default default] delete failed (client error): The resource could not be found. [pid: 7|app: 0|req: 731/1490] 10.0.0.241 () {32 vars in 724 bytes} [Tue Jul 21 14:32:46 2026] DELETE /v2.0/routers/5370c152-16cc-4410-8ef5-de067c3310b0 => generated 135 bytes in 24 msecs (HTTP/1.1 404) 4 headers in 164 bytes (1 switches on core 0)
2026-07-21 14:32:46.597 8 INFO neutron.db.ovn_revision_numbers_db [None req-b520fdbc-f59f-40a8-9bac-72ed9f626302 d6797170f345454a9a5474ecf7bcb142 8e9acf736c5c49d9b26548a9567e17ed - - default default] Successfully bumped revision number for resource 200b9be3-5647-495e-b2ba-86f5790cbe96 (type: ports) to 1 [pid: 8|app: 0|req: 760/1491] 10.0.0.241 () {34 vars in 670 bytes} [Tue Jul 21 14:32:45 2026] POST /v2.0/networks => generated 673 bytes in 638 msecs (HTTP/1.1 201) 4 headers in 162 bytes (1 switches on core 0) [pid: 8|app: 0|req: 761/1492] 10.0.0.241 () {32 vars in 736 bytes} [Tue Jul 21 14:32:46 2026] GET /v2.0/ports?device_id=d23b5db1-1d0f-456e-957e-dd85faaaf6c5 => generated 12 bytes in 18 msecs (HTTP/1.1 200) 4 headers in 156 bytes (1 switches on core 0)
2026-07-21 14:32:46.657 8 INFO neutron.pecan_wsgi.hooks.translation [None req-702d0a8e-43b6-4cc3-8d7a-13e8b569d014 7824f60bc71648d2b4465faad4211d13 ce52382650de4a34bbbc66b987f2c0c2 - - default default] DELETE failed (client error): The resource could not be found. [pid: 8|app: 0|req: 762/1493] 10.0.0.241 () {32 vars in 724 bytes} [Tue Jul 21 14:32:46 2026] DELETE /v2.0/subnets/4afd4f3b-ed6a-4177-a1ea-e378338d5dbd => generated 136 bytes in 14 msecs (HTTP/1.1 404) 4 headers in 164 bytes (1 switches on core 0)
2026-07-21 14:32:46.834 8 WARNING neutron.scheduler.dhcp_agent_scheduler [None req-1fdcd0cb-6a36-493b-b89f-3d11353511ae d6797170f345454a9a5474ecf7bcb142 8e9acf736c5c49d9b26548a9567e17ed - - default default] No more DHCP agents
2026-07-21 14:32:46.836 8 WARNING neutron.api.rpc.agentnotifiers.dhcp_rpc_agent_api [None req-1fdcd0cb-6a36-493b-b89f-3d11353511ae d6797170f345454a9a5474ecf7bcb142 8e9acf736c5c49d9b26548a9567e17ed - - default default] Unable to schedule network 8ee374b7-be01-4e3c-bb42-3306c3f25566: no agents available; will retry on subsequent port and subnet creation events.
2026-07-21 14:32:46.880 8 INFO neutron.db.ovn_revision_numbers_db [None req-1fdcd0cb-6a36-493b-b89f-3d11353511ae d6797170f345454a9a5474ecf7bcb142 8e9acf736c5c49d9b26548a9567e17ed - - default default] Successfully bumped revision number for resource 23c9343f-abcb-42d7-9353-f6957a8e02a7 (type: subnets) to 0
2026-07-21 14:32:46.890 7 INFO neutron.db.ovn_revision_numbers_db [None req-2e86788d-1c1c-4080-85c1-0a4773a52d21 fa420d162eb14791b146f3624d38cc62 e8d6d75ee70e476ead7ffe8ea7c36383 - - default default] Successfully bumped revision number for resource d81c0eec-a97a-42e9-aafb-37ee5abb51ea (type: security_groups) to 1 [pid: 8|app: 0|req: 763/1494] 10.0.0.241 () {34 vars in 669 bytes} [Tue Jul 21 14:32:46 2026] POST /v2.0/subnets => generated 646 bytes in 238 msecs (HTTP/1.1 201) 4 headers in 162 bytes (1 switches on core 0)
2026-07-21 14:32:46.906 7 INFO neutron.db.ovn_revision_numbers_db [None req-2e86788d-1c1c-4080-85c1-0a4773a52d21 fa420d162eb14791b146f3624d38cc62 e8d6d75ee70e476ead7ffe8ea7c36383 - - default default] Successfully bumped revision number for resource 6d4b5cec-a18e-42ae-a5bf-3beb0429b8e4 (type: security_group_rules) to 0
2026-07-21 14:32:46.923 7 INFO neutron.db.ovn_revision_numbers_db [None req-2e86788d-1c1c-4080-85c1-0a4773a52d21 fa420d162eb14791b146f3624d38cc62 e8d6d75ee70e476ead7ffe8ea7c36383 - - default default] Successfully bumped revision number for resource 790ed7a9-dd10-4c89-b324-cfc55c911460 (type: security_group_rules) to 0
2026-07-21 14:32:46.935 7 INFO neutron.db.ovn_revision_numbers_db [None req-2e86788d-1c1c-4080-85c1-0a4773a52d21 fa420d162eb14791b146f3624d38cc62 e8d6d75ee70e476ead7ffe8ea7c36383 - - default default] Successfully bumped revision number for resource 94634c64-2b23-4bc8-a0ad-6fe3458844ec (type: security_group_rules) to 0
2026-07-21 14:32:46.950 7 INFO neutron.db.ovn_revision_numbers_db [None req-2e86788d-1c1c-4080-85c1-0a4773a52d21 fa420d162eb14791b146f3624d38cc62 e8d6d75ee70e476ead7ffe8ea7c36383 - - default default] Successfully bumped revision number for resource a4ce35f9-41b2-4d54-90bb-7bcfda9f5541 (type: security_group_rules) to 0
2026-07-21 14:32:47.006 7 WARNING neutron.plugins.ml2.drivers.ovn.mech_driver.ovsdb.ovn_client [None req-f6668955-d5f6-4389-8c67-167064ea3777 - - - - - -] No port found with ID 27eb9b4a-9ed7-4d25-a0b6-0dc2b8ca6db4: RuntimeError: No port found with ID 27eb9b4a-9ed7-4d25-a0b6-0dc2b8ca6db4
2026-07-21 14:32:47.052 7 INFO neutron.plugins.ml2.drivers.ovn.mech_driver.mech_driver [None req-f6668955-d5f6-4389-8c67-167064ea3777 - - - - - -] OVN reports status down for port: fe99e2ca-fadd-4296-858d-c78aa8435076
2026-07-21 14:32:47.062 7 INFO neutron.db.segments_db [None req-2e86788d-1c1c-4080-85c1-0a4773a52d21 fa420d162eb14791b146f3624d38cc62 e8d6d75ee70e476ead7ffe8ea7c36383 - - default default] Added segment 8feb2faa-1356-46e0-b712-35429b794743 of type geneve for network 7763be6f-d51a-4504-b616-1642542483c9
2026-07-21 14:32:47.077 7 INFO neutron.plugins.ml2.drivers.ovn.mech_driver.mech_driver [None req-f6668955-d5f6-4389-8c67-167064ea3777 - - - - - -] OVN reports status up for port: fe99e2ca-fadd-4296-858d-c78aa8435076 [pid: 8|app: 0|req: 764/1495] 10.0.0.241 () {32 vars in 724 bytes} [Tue Jul 21 14:32:46 2026] DELETE /v2.0/routers/d23b5db1-1d0f-456e-957e-dd85faaaf6c5 => generated 0 bytes in 205 msecs (HTTP/1.1 204) 2 headers in 112 bytes (1 switches on core 0) [pid: 8|app: 0|req: 765/1496] 10.0.0.241 () {32 vars in 736 bytes} [Tue Jul 21 14:32:47 2026] GET /v2.0/ports?device_id=b4df982e-0976-41e7-bd75-419c6726ffb0 => generated 12 bytes in 19 msecs (HTTP/1.1 200) 4 headers in 156 bytes (1 switches on core 0)
2026-07-21 14:32:47.227 7 INFO neutron.db.ovn_revision_numbers_db [None req-2e86788d-1c1c-4080-85c1-0a4773a52d21 fa420d162eb14791b146f3624d38cc62 e8d6d75ee70e476ead7ffe8ea7c36383 - - default default] Successfully bumped revision number for resource 7763be6f-d51a-4504-b616-1642542483c9 (type: networks) to 1
2026-07-21 14:32:47.418 8 WARNING neutron.scheduler.dhcp_agent_scheduler [None req-fae17d12-f58e-495a-844f-b88ca10eaecd d6797170f345454a9a5474ecf7bcb142 8e9acf736c5c49d9b26548a9567e17ed - - default default] No more DHCP agents
2026-07-21 14:32:47.419 8 WARNING neutron.api.rpc.agentnotifiers.dhcp_rpc_agent_api [None req-fae17d12-f58e-495a-844f-b88ca10eaecd d6797170f345454a9a5474ecf7bcb142 8e9acf736c5c49d9b26548a9567e17ed - - default default] Unable to schedule network 8ee374b7-be01-4e3c-bb42-3306c3f25566: no agents available; will retry on subsequent port and subnet creation events.
2026-07-21 14:32:47.434 7 WARNING neutron.scheduler.dhcp_agent_scheduler [None req-2e86788d-1c1c-4080-85c1-0a4773a52d21 fa420d162eb14791b146f3624d38cc62 e8d6d75ee70e476ead7ffe8ea7c36383 - - default default] No more DHCP agents
2026-07-21 14:32:47.436 7 WARNING neutron.api.rpc.agentnotifiers.dhcp_rpc_agent_api [None req-2e86788d-1c1c-4080-85c1-0a4773a52d21 fa420d162eb14791b146f3624d38cc62 e8d6d75ee70e476ead7ffe8ea7c36383 - - default default] Unable to schedule network 7763be6f-d51a-4504-b616-1642542483c9: no agents available; will retry on subsequent port and subnet creation events.
2026-07-21 14:32:47.525 7 INFO neutron.db.ovn_revision_numbers_db [None req-2e86788d-1c1c-4080-85c1-0a4773a52d21 fa420d162eb14791b146f3624d38cc62 e8d6d75ee70e476ead7ffe8ea7c36383 - - default default] Successfully bumped revision number for resource 4aa794a9-6143-46f1-a4a1-0e60476d6e21 (type: ports) to 1
2026-07-21 14:32:47.576 7 INFO neutron.plugins.ml2.drivers.ovn.mech_driver.mech_driver [None req-f6668955-d5f6-4389-8c67-167064ea3777 - - - - - -] OVN reports status down for port: 953a434b-0ee0-4171-b8bb-a408c4810f53 [pid: 7|app: 0|req: 732/1497] 10.0.0.241 () {34 vars in 671 bytes} [Tue Jul 21 14:32:46 2026] POST /v2.0/networks => generated 781 bytes in 1054 msecs (HTTP/1.1 201) 4 headers in 162 bytes (1 switches on core 0)
2026-07-21 14:32:47.588 8 INFO neutron.db.ovn_revision_numbers_db [None req-fae17d12-f58e-495a-844f-b88ca10eaecd d6797170f345454a9a5474ecf7bcb142 8e9acf736c5c49d9b26548a9567e17ed - - default default] Successfully bumped revision number for resource 953a434b-0ee0-4171-b8bb-a408c4810f53 (type: ports) to 1 [pid: 8|app: 0|req: 766/1498] 10.0.0.241 () {34 vars in 665 bytes} [Tue Jul 21 14:32:47 2026] POST /v2.0/ports => generated 961 bytes in 494 msecs (HTTP/1.1 201) 4 headers in 162 bytes (1 switches on core 0) /var/lib/openstack/lib/python3.12/site-packages/pycadf/identifier.py:70: UserWarning: Invalid uuid: neutron. To ensure interoperability, identifiers should be a valid uuid. warnings.warn(('Invalid uuid: %s. To ensure interoperability, '
2026-07-21 14:32:47.638 8 INFO neutron.api.v2.resource [None req-a10e9fee-445c-4d06-8237-7940fb51d8d7 7824f60bc71648d2b4465faad4211d13 ce52382650de4a34bbbc66b987f2c0c2 - - default default] delete failed (client error): The resource could not be found. [pid: 8|app: 0|req: 767/1499] 10.0.0.241 () {32 vars in 724 bytes} [Tue Jul 21 14:32:47 2026] DELETE /v2.0/routers/b4df982e-0976-41e7-bd75-419c6726ffb0 => generated 135 bytes in 21 msecs (HTTP/1.1 404) 4 headers in 164 bytes (1 switches on core 0) [pid: 7|app: 0|req: 733/1500] 10.0.0.241 () {32 vars in 724 bytes} [Tue Jul 21 14:32:47 2026] DELETE /v2.0/subnets/8bda2d90-21c9-483f-97d3-65ba0c341414 => generated 0 bytes in 213 msecs (HTTP/1.1 204) 3 headers in 131 bytes (1 switches on core 0)
2026-07-21 14:32:47.812 8 WARNING neutron.scheduler.dhcp_agent_scheduler [None req-1049f160-4797-4846-bced-deef683887b9 fa420d162eb14791b146f3624d38cc62 e8d6d75ee70e476ead7ffe8ea7c36383 - - default default] No more DHCP agents
2026-07-21 14:32:47.813 8 WARNING neutron.api.rpc.agentnotifiers.dhcp_rpc_agent_api [None req-1049f160-4797-4846-bced-deef683887b9 fa420d162eb14791b146f3624d38cc62 e8d6d75ee70e476ead7ffe8ea7c36383 - - default default] Unable to schedule network 7763be6f-d51a-4504-b616-1642542483c9: no agents available; will retry on subsequent port and subnet creation events.
2026-07-21 14:32:47.973 7 INFO neutron_taas.services.taas.taas_plugin [None req-7a974b78-9159-461a-99c5-28b6a7d42fae d6797170f345454a9a5474ecf7bcb142 8e9acf736c5c49d9b26548a9567e17ed - - default default] TaaS: Handle Delete Port: 953a434b-0ee0-4171-b8bb-a408c4810f53
2026-07-21 14:32:47.976 7 INFO neutron_taas.services.taas.tap_mirror_plugin [None req-7a974b78-9159-461a-99c5-28b6a7d42fae d6797170f345454a9a5474ecf7bcb142 8e9acf736c5c49d9b26548a9567e17ed - - default default] Tap Mirror: Handle Delete Port: 953a434b-0ee0-4171-b8bb-a408c4810f53 [pid: 7|app: 0|req: 734/1501] 10.0.0.241 () {32 vars in 720 bytes} [Tue Jul 21 14:32:47 2026] DELETE /v2.0/ports/953a434b-0ee0-4171-b8bb-a408c4810f53 => generated 0 bytes in 308 msecs (HTTP/1.1 204) 3 headers in 131 bytes (1 switches on core 0)
2026-07-21 14:32:48.121 7 INFO neutron.pecan_wsgi.hooks.translation [None req-67783cfa-5209-440a-8452-727e4db1fb0f 7824f60bc71648d2b4465faad4211d13 ce52382650de4a34bbbc66b987f2c0c2 - - default default] DELETE failed (client error): The resource could not be found. [pid: 7|app: 0|req: 735/1502] 10.0.0.241 () {32 vars in 724 bytes} [Tue Jul 21 14:32:48 2026] DELETE /v2.0/subnets/1728b0bb-95b0-41b3-bd1b-4d6fdb3f9afe => generated 136 bytes in 16 msecs (HTTP/1.1 404) 4 headers in 164 bytes (1 switches on core 0) [pid: 7|app: 0|req: 736/1503] 10.0.0.241 () {32 vars in 724 bytes} [Tue Jul 21 14:32:48 2026] DELETE /v2.0/subnets/a375b8dd-d6c0-48df-8d8c-a763a60a0aef => generated 0 bytes in 172 msecs (HTTP/1.1 204) 3 headers in 131 bytes (1 switches on core 0)
2026-07-21 14:32:48.328 7 INFO neutron.pecan_wsgi.hooks.translation [None req-2b5c3dcf-46f8-4396-b908-d493c02280c7 d6797170f345454a9a5474ecf7bcb142 8e9acf736c5c49d9b26548a9567e17ed - - default default] DELETE failed (client error): The resource could not be found. [pid: 7|app: 0|req: 737/1504] 10.0.0.241 () {32 vars in 720 bytes} [Tue Jul 21 14:32:48 2026] DELETE /v2.0/ports/953a434b-0ee0-4171-b8bb-a408c4810f53 => generated 132 bytes in 34 msecs (HTTP/1.1 404) 4 headers in 164 bytes (1 switches on core 0)
2026-07-21 14:32:48.341 8 INFO neutron.db.ovn_revision_numbers_db [None req-1049f160-4797-4846-bced-deef683887b9 fa420d162eb14791b146f3624d38cc62 e8d6d75ee70e476ead7ffe8ea7c36383 - - default default] Successfully bumped revision number for resource 4aa794a9-6143-46f1-a4a1-0e60476d6e21 (type: ports) to 2 [pid: 7|app: 0|req: 738/1505] 10.0.0.241 () {32 vars in 736 bytes} [Tue Jul 21 14:32:48 2026] GET /v2.0/ports?device_id=53c30656-473f-49b7-9c81-e7bd3253bbdb => generated 12 bytes in 14 msecs (HTTP/1.1 200) 4 headers in 156 bytes (1 switches on core 0)
2026-07-21 14:32:48.373 8 INFO neutron.db.ovn_revision_numbers_db [None req-1049f160-4797-4846-bced-deef683887b9 fa420d162eb14791b146f3624d38cc62 e8d6d75ee70e476ead7ffe8ea7c36383 - - default default] Successfully bumped revision number for resource 68fc3843-2883-4b09-b5fc-75ec75e95427 (type: subnets) to 0 [pid: 8|app: 0|req: 768/1506] 10.0.0.241 () {34 vars in 669 bytes} [Tue Jul 21 14:32:47 2026] POST /v2.0/subnets => generated 687 bytes in 754 msecs (HTTP/1.1 201) 4 headers in 162 bytes (1 switches on core 0)
2026-07-21 14:32:48.409 8 INFO neutron.pecan_wsgi.hooks.translation [None req-44d7c56c-4755-4f0e-9d22-a94384a08380 d6797170f345454a9a5474ecf7bcb142 8e9acf736c5c49d9b26548a9567e17ed - - default default] GET failed (client error): The resource could not be found. [pid: 8|app: 0|req: 769/1507] 10.0.0.241 () {32 vars in 717 bytes} [Tue Jul 21 14:32:48 2026] GET /v2.0/ports/953a434b-0ee0-4171-b8bb-a408c4810f53 => generated 132 bytes in 17 msecs (HTTP/1.1 404) 4 headers in 164 bytes (1 switches on core 0)
2026-07-21 14:32:48.427 8 INFO neutron.api.v2.resource [None req-3dcb2dff-ef04-4f0f-9db1-c96ff1798904 7824f60bc71648d2b4465faad4211d13 ce52382650de4a34bbbc66b987f2c0c2 - - default default] delete failed (client error): The resource could not be found. [pid: 8|app: 0|req: 770/1508] 10.0.0.241 () {32 vars in 724 bytes} [Tue Jul 21 14:32:48 2026] DELETE /v2.0/routers/53c30656-473f-49b7-9c81-e7bd3253bbdb => generated 135 bytes in 17 msecs (HTTP/1.1 404) 4 headers in 164 bytes (1 switches on core 0)
2026-07-21 14:32:48.477 7 INFO neutron_taas.services.taas.taas_plugin [None req-a5eb5925-916e-4004-bb80-a074b7e6aaf0 94ed4ba0cfdf4c5086dfbe56284baa3a 0933774ccc864482a02e1def812abc5d - - default default] TaaS: Handle Delete Port: 452b226a-614f-4b46-8879-3ad86f6a7505
2026-07-21 14:32:48.480 7 INFO neutron_taas.services.taas.tap_mirror_plugin [None req-a5eb5925-916e-4004-bb80-a074b7e6aaf0 94ed4ba0cfdf4c5086dfbe56284baa3a 0933774ccc864482a02e1def812abc5d - - default default] Tap Mirror: Handle Delete Port: 452b226a-614f-4b46-8879-3ad86f6a7505
