2026-07-21 14:34:37.498 8 INFO neutron.db.ovn_revision_numbers_db [None req-825e1e38-beb1-40b6-9d5b-d226434d6d7a 420d632c9c7f468fb2a4d7b4527d8a47 7f8cbd1e16bd4330987518787fd220df - - default default] Successfully bumped revision number for resource fea332da-004a-47be-abc7-2208740bae16 (type: networks) to 1 [pid: 7|app: 0|req: 1068/2158] 10.0.0.241 () {32 vars in 696 bytes} [Tue Jul 21 14:34:37 2026] GET /v2.0/qos/policies?tags-any=red%2Cblue => generated 1101 bytes in 145 msecs (HTTP/1.1 200) 4 headers in 158 bytes (1 switches on core 0) [pid: 7|app: 0|req: 1069/2159] 10.0.0.241 () {32 vars in 734 bytes} [Tue Jul 21 14:34:37 2026] DELETE /v2.0/qos/policies/cbe397aa-b925-43e0-ac69-b92aca746aed => generated 0 bytes in 66 msecs (HTTP/1.1 204) 2 headers in 112 bytes (1 switches on core 0)
2026-07-21 14:34:37.706 8 WARNING neutron.scheduler.dhcp_agent_scheduler [None req-825e1e38-beb1-40b6-9d5b-d226434d6d7a 420d632c9c7f468fb2a4d7b4527d8a47 7f8cbd1e16bd4330987518787fd220df - - default default] No more DHCP agents
2026-07-21 14:34:37.711 8 WARNING neutron.api.rpc.agentnotifiers.dhcp_rpc_agent_api [None req-825e1e38-beb1-40b6-9d5b-d226434d6d7a 420d632c9c7f468fb2a4d7b4527d8a47 7f8cbd1e16bd4330987518787fd220df - - default default] Unable to schedule network fea332da-004a-47be-abc7-2208740bae16: no agents available; will retry on subsequent port and subnet creation events.
2026-07-21 14:34:37.797 7 INFO neutron.plugins.ml2.drivers.ovn.mech_driver.mech_driver [None req-b76f77cc-03f7-484d-8a89-76a0e9ad5e8d - - - - - -] OVN reports status down for port: 1a66ff5d-00c5-43ca-852a-e187c4fbe9ec
2026-07-21 14:34:37.802 8 INFO neutron.db.ovn_revision_numbers_db [None req-825e1e38-beb1-40b6-9d5b-d226434d6d7a 420d632c9c7f468fb2a4d7b4527d8a47 7f8cbd1e16bd4330987518787fd220df - - default default] Successfully bumped revision number for resource 1a66ff5d-00c5-43ca-852a-e187c4fbe9ec (type: ports) to 1 [pid: 8|app: 0|req: 1091/2160] 10.0.0.241 () {34 vars in 670 bytes} [Tue Jul 21 14:34:36 2026] POST /v2.0/networks => generated 677 bytes in 1071 msecs (HTTP/1.1 201) 4 headers in 162 bytes (1 switches on core 0)
2026-07-21 14:34:37.855 7 WARNING neutron.scheduler.dhcp_agent_scheduler [None req-95f11f97-436c-4b3d-b4dc-0064bef3f8b1 5ab3ab75d42b484aaedda7d64db0d8c8 fd7b3818c24b492692c594aba9947fee - - default default] No more DHCP agents
2026-07-21 14:34:37.858 7 WARNING neutron.api.rpc.agentnotifiers.dhcp_rpc_agent_api [None req-95f11f97-436c-4b3d-b4dc-0064bef3f8b1 5ab3ab75d42b484aaedda7d64db0d8c8 fd7b3818c24b492692c594aba9947fee - - default default] Unable to schedule network 799dcc40-8393-4913-9573-80a2eab8de19: no agents available; will retry on subsequent port and subnet creation events. [pid: 8|app: 0|req: 1092/2161] 10.0.0.241 () {32 vars in 682 bytes} [Tue Jul 21 14:34:37 2026] GET /v2.0/qos/policies?not-tags=red => generated 719 bytes in 65 msecs (HTTP/1.1 200) 4 headers in 157 bytes (1 switches on core 0)
2026-07-21 14:34:38.117 8 WARNING neutron.scheduler.dhcp_agent_scheduler [None req-a6e1614b-1b19-4fbf-b8d8-aad621a562d9 420d632c9c7f468fb2a4d7b4527d8a47 7f8cbd1e16bd4330987518787fd220df - - default default] No more DHCP agents
2026-07-21 14:34:38.123 8 WARNING neutron.api.rpc.agentnotifiers.dhcp_rpc_agent_api [None req-a6e1614b-1b19-4fbf-b8d8-aad621a562d9 420d632c9c7f468fb2a4d7b4527d8a47 7f8cbd1e16bd4330987518787fd220df - - default default] Unable to schedule network fea332da-004a-47be-abc7-2208740bae16: no agents available; will retry on subsequent port and subnet creation events.
2026-07-21 14:34:38.510 7 INFO neutron.db.ovn_revision_numbers_db [None req-95f11f97-436c-4b3d-b4dc-0064bef3f8b1 5ab3ab75d42b484aaedda7d64db0d8c8 fd7b3818c24b492692c594aba9947fee - - default default] Successfully bumped revision number for resource 2c809fba-5cbb-4c63-a31e-45c3ad3f0115 (type: ports) to 2
2026-07-21 14:34:38.549 7 INFO neutron.db.ovn_revision_numbers_db [None req-95f11f97-436c-4b3d-b4dc-0064bef3f8b1 5ab3ab75d42b484aaedda7d64db0d8c8 fd7b3818c24b492692c594aba9947fee - - default default] Successfully bumped revision number for resource 8322c9fa-ced8-467a-bbfb-b25a099c5b30 (type: subnets) to 0 [pid: 7|app: 0|req: 1070/2162] 10.0.0.241 () {34 vars in 669 bytes} [Tue Jul 21 14:34:37 2026] POST /v2.0/subnets => generated 629 bytes in 961 msecs (HTTP/1.1 201) 4 headers in 162 bytes (1 switches on core 0) [pid: 7|app: 0|req: 1071/2163] 10.0.0.241 () {32 vars in 696 bytes} [Tue Jul 21 14:34:38 2026] GET /v2.0/qos/policies?not-tags=red%2Cblue => generated 1073 bytes in 83 msecs (HTTP/1.1 200) 4 headers in 158 bytes (1 switches on core 0)
2026-07-21 14:34:38.674 8 INFO neutron.db.ovn_revision_numbers_db [None req-a6e1614b-1b19-4fbf-b8d8-aad621a562d9 420d632c9c7f468fb2a4d7b4527d8a47 7f8cbd1e16bd4330987518787fd220df - - default default] Successfully bumped revision number for resource 1a66ff5d-00c5-43ca-852a-e187c4fbe9ec (type: ports) to 2
2026-07-21 14:34:38.717 8 INFO neutron.db.ovn_revision_numbers_db [None req-a6e1614b-1b19-4fbf-b8d8-aad621a562d9 420d632c9c7f468fb2a4d7b4527d8a47 7f8cbd1e16bd4330987518787fd220df - - default default] Successfully bumped revision number for resource 5bb978d4-67b6-4ce3-9fa0-186144375c36 (type: subnets) to 0 [pid: 8|app: 0|req: 1093/2164] 10.0.0.241 () {34 vars in 669 bytes} [Tue Jul 21 14:34:37 2026] POST /v2.0/subnets => generated 658 bytes in 835 msecs (HTTP/1.1 201) 4 headers in 162 bytes (1 switches on core 0)
2026-07-21 14:34:38.761 7 WARNING neutron.db.securitygroups_db [None req-79d83c69-bb54-4438-939d-421d65524924 fa420d162eb14791b146f3624d38cc62 e8d6d75ee70e476ead7ffe8ea7c36383 - - default default] project_id key not found in filters, using tenant_id instead. This support has been deprecated and will be removed in a future release.
2026-07-21 14:34:38.841 8 INFO neutron.db.segments_db [None req-2d55b5c6-c6cf-40e7-adc6-136c10d8abf1 5ab3ab75d42b484aaedda7d64db0d8c8 fd7b3818c24b492692c594aba9947fee - - default default] Added segment be71864f-2d96-4db4-ba8f-d84923722f5c of type geneve for network 54f239ef-7cc0-4008-9a20-036c82b8cd01
2026-07-21 14:34:38.938 7 INFO neutron.db.ovn_revision_numbers_db [None req-79d83c69-bb54-4438-939d-421d65524924 fa420d162eb14791b146f3624d38cc62 e8d6d75ee70e476ead7ffe8ea7c36383 - - default default] Successfully bumped revision number for resource 10f857a7-fdce-4701-8b30-5b6f76c5c8cc (type: security_groups) to 1
2026-07-21 14:34:38.951 7 INFO neutron.db.ovn_revision_numbers_db [None req-79d83c69-bb54-4438-939d-421d65524924 fa420d162eb14791b146f3624d38cc62 e8d6d75ee70e476ead7ffe8ea7c36383 - - default default] Successfully bumped revision number for resource 4aff7f94-43ad-484b-8fa9-f7f6b190dde7 (type: security_group_rules) to 0
2026-07-21 14:34:38.964 7 INFO neutron.db.ovn_revision_numbers_db [None req-79d83c69-bb54-4438-939d-421d65524924 fa420d162eb14791b146f3624d38cc62 e8d6d75ee70e476ead7ffe8ea7c36383 - - default default] Successfully bumped revision number for resource 9d345664-2946-4ce5-823e-681e3dfd03c1 (type: security_group_rules) to 0
2026-07-21 14:34:38.980 7 INFO neutron.db.ovn_revision_numbers_db [None req-79d83c69-bb54-4438-939d-421d65524924 fa420d162eb14791b146f3624d38cc62 e8d6d75ee70e476ead7ffe8ea7c36383 - - default default] Successfully bumped revision number for resource c1991ae8-0d4d-4739-9e89-1dc94e2aae7d (type: security_group_rules) to 0
2026-07-21 14:34:39.002 7 INFO neutron.db.ovn_revision_numbers_db [None req-79d83c69-bb54-4438-939d-421d65524924 fa420d162eb14791b146f3624d38cc62 e8d6d75ee70e476ead7ffe8ea7c36383 - - default default] Successfully bumped revision number for resource d1b1585f-2f4e-4aa4-b1bf-06f22a417ed0 (type: security_group_rules) to 0
2026-07-21 14:34:39.008 8 INFO neutron.db.ovn_revision_numbers_db [None req-2d55b5c6-c6cf-40e7-adc6-136c10d8abf1 5ab3ab75d42b484aaedda7d64db0d8c8 fd7b3818c24b492692c594aba9947fee - - default default] Successfully bumped revision number for resource 54f239ef-7cc0-4008-9a20-036c82b8cd01 (type: networks) to 1 [pid: 7|app: 0|req: 1072/2165] 10.0.0.241 () {32 vars in 774 bytes} [Tue Jul 21 14:34:38 2026] GET /v2.0/security-groups?tenant_id=21bedb7ffb8a4ed9a7f782ef26672504&name=default => generated 2925 bytes in 393 msecs (HTTP/1.1 200) 4 headers in 158 bytes (1 switches on core 0) [pid: 7|app: 0|req: 1073/2166] 10.0.0.241 () {32 vars in 692 bytes} [Tue Jul 21 14:34:39 2026] GET /v2.0/qos/policies?not-tags-any=blue => generated 1073 bytes in 72 msecs (HTTP/1.1 200) 4 headers in 158 bytes (1 switches on core 0)
2026-07-21 14:34:39.245 8 WARNING neutron.scheduler.dhcp_agent_scheduler [None req-2d55b5c6-c6cf-40e7-adc6-136c10d8abf1 5ab3ab75d42b484aaedda7d64db0d8c8 fd7b3818c24b492692c594aba9947fee - - default default] No more DHCP agents
2026-07-21 14:34:39.254 8 WARNING neutron.api.rpc.agentnotifiers.dhcp_rpc_agent_api [None req-2d55b5c6-c6cf-40e7-adc6-136c10d8abf1 5ab3ab75d42b484aaedda7d64db0d8c8 fd7b3818c24b492692c594aba9947fee - - default default] Unable to schedule network 54f239ef-7cc0-4008-9a20-036c82b8cd01: no agents available; will retry on subsequent port and subnet creation events.
2026-07-21 14:34:39.335 8 INFO neutron.plugins.ml2.drivers.ovn.mech_driver.mech_driver [None req-de0c5949-54ed-4f3b-8a47-f7c02586d0b9 - - - - - -] OVN reports status down for port: a10ee4b1-a951-4864-b3be-a97c7b0f80f1 [pid: 7|app: 0|req: 1074/2167] 10.0.0.241 () {32 vars in 722 bytes} [Tue Jul 21 14:34:39 2026] GET /v2.0/subnetpools?name=shared-default-subnetpool-v6 => generated 19 bytes in 270 msecs (HTTP/1.1 200) 4 headers in 156 bytes (1 switches on core 0)
2026-07-21 14:34:39.412 8 INFO neutron.db.ovn_revision_numbers_db [None req-2d55b5c6-c6cf-40e7-adc6-136c10d8abf1 5ab3ab75d42b484aaedda7d64db0d8c8 fd7b3818c24b492692c594aba9947fee - - default default] Successfully bumped revision number for resource a10ee4b1-a951-4864-b3be-a97c7b0f80f1 (type: ports) to 1 [pid: 8|app: 0|req: 1094/2168] 10.0.0.241 () {34 vars in 670 bytes} [Tue Jul 21 14:34:38 2026] POST /v2.0/networks => generated 668 bytes in 726 msecs (HTTP/1.1 201) 4 headers in 162 bytes (1 switches on core 0) [pid: 8|app: 0|req: 1095/2169] 10.0.0.241 () {32 vars in 704 bytes} [Tue Jul 21 14:34:39 2026] GET /v2.0/qos/policies?not-tags-any=red%2Cblue => generated 719 bytes in 78 msecs (HTTP/1.1 200) 4 headers in 157 bytes (1 switches on core 0) [pid: 7|app: 0|req: 1075/2170] 10.0.0.241 () {32 vars in 740 bytes} [Tue Jul 21 14:34:39 2026] DELETE /v2.0/security-groups/10f857a7-fdce-4701-8b30-5b6f76c5c8cc => generated 0 bytes in 250 msecs (HTTP/1.1 204) 2 headers in 112 bytes (1 switches on core 0)
2026-07-21 14:34:39.772 8 WARNING neutron.scheduler.dhcp_agent_scheduler [None req-9ce15b2c-4127-41a4-a6bd-0a0387089c9d 420d632c9c7f468fb2a4d7b4527d8a47 7f8cbd1e16bd4330987518787fd220df - - default default] No more DHCP agents
2026-07-21 14:34:39.774 8 WARNING neutron.api.rpc.agentnotifiers.dhcp_rpc_agent_api [None req-9ce15b2c-4127-41a4-a6bd-0a0387089c9d 420d632c9c7f468fb2a4d7b4527d8a47 7f8cbd1e16bd4330987518787fd220df - - default default] Unable to schedule network fea332da-004a-47be-abc7-2208740bae16: no agents available; will retry on subsequent port and subnet creation events.
2026-07-21 14:34:39.812 8 INFO neutron.db.ovn_revision_numbers_db [None req-9ce15b2c-4127-41a4-a6bd-0a0387089c9d 420d632c9c7f468fb2a4d7b4527d8a47 7f8cbd1e16bd4330987518787fd220df - - default default] Successfully bumped revision number for resource 5715705d-a3f8-4338-b7e2-e2d381b4ea17 (type: subnets) to 0 [pid: 8|app: 0|req: 1096/2171] 10.0.0.241 () {34 vars in 669 bytes} [Tue Jul 21 14:34:39 2026] POST /v2.0/subnets => generated 732 bytes in 285 msecs (HTTP/1.1 201) 4 headers in 162 bytes (1 switches on core 0)
2026-07-21 14:34:39.844 7 WARNING neutron.scheduler.dhcp_agent_scheduler [None req-9384aaba-7f1e-49c9-8dbe-8b6a71631acd 5ab3ab75d42b484aaedda7d64db0d8c8 fd7b3818c24b492692c594aba9947fee - - default default] No more DHCP agents
2026-07-21 14:34:39.846 7 WARNING neutron.api.rpc.agentnotifiers.dhcp_rpc_agent_api [None req-9384aaba-7f1e-49c9-8dbe-8b6a71631acd 5ab3ab75d42b484aaedda7d64db0d8c8 fd7b3818c24b492692c594aba9947fee - - default default] Unable to schedule network 54f239ef-7cc0-4008-9a20-036c82b8cd01: no agents available; will retry on subsequent port and subnet creation events. [pid: 8|app: 0|req: 1097/2172] 10.0.0.241 () {32 vars in 734 bytes} [Tue Jul 21 14:34:39 2026] DELETE /v2.0/qos/policies/5dcd1cbe-3ba1-4391-9b65-b864f9efba04 => generated 0 bytes in 60 msecs (HTTP/1.1 204) 2 headers in 112 bytes (1 switches on core 0)
2026-07-21 14:34:39.896 8 WARNING neutron.db.securitygroups_db [None req-3d68ef11-1794-4617-90d6-2e51231a601a fa420d162eb14791b146f3624d38cc62 e8d6d75ee70e476ead7ffe8ea7c36383 - - default default] project_id key not found in filters, using tenant_id instead. This support has been deprecated and will be removed in a future release.
2026-07-21 14:34:40.065 8 INFO neutron.db.ovn_revision_numbers_db [None req-3d68ef11-1794-4617-90d6-2e51231a601a fa420d162eb14791b146f3624d38cc62 e8d6d75ee70e476ead7ffe8ea7c36383 - - default default] Successfully bumped revision number for resource 4f726c4e-d3e5-4829-8660-8642d2b868ed (type: security_groups) to 1
2026-07-21 14:34:40.079 8 INFO neutron.db.ovn_revision_numbers_db [None req-3d68ef11-1794-4617-90d6-2e51231a601a fa420d162eb14791b146f3624d38cc62 e8d6d75ee70e476ead7ffe8ea7c36383 - - default default] Successfully bumped revision number for resource 88397c3d-5188-4f8c-a0ff-0c251e3b635e (type: security_group_rules) to 0
2026-07-21 14:34:40.094 8 INFO neutron.db.ovn_revision_numbers_db [None req-3d68ef11-1794-4617-90d6-2e51231a601a fa420d162eb14791b146f3624d38cc62 e8d6d75ee70e476ead7ffe8ea7c36383 - - default default] Successfully bumped revision number for resource babb67bb-f93a-43a6-ba06-1f04f506cc30 (type: security_group_rules) to 0
2026-07-21 14:34:40.115 8 INFO neutron.db.ovn_revision_numbers_db [None req-3d68ef11-1794-4617-90d6-2e51231a601a fa420d162eb14791b146f3624d38cc62 e8d6d75ee70e476ead7ffe8ea7c36383 - - default default] Successfully bumped revision number for resource fa0a4254-3bda-48fe-8e4e-08cee1b9150e (type: security_group_rules) to 0
2026-07-21 14:34:40.134 8 INFO neutron.db.ovn_revision_numbers_db [None req-3d68ef11-1794-4617-90d6-2e51231a601a fa420d162eb14791b146f3624d38cc62 e8d6d75ee70e476ead7ffe8ea7c36383 - - default default] Successfully bumped revision number for resource fe084f36-bb77-4a80-8d84-a29db9179339 (type: security_group_rules) to 0 [pid: 8|app: 0|req: 1098/2173] 10.0.0.241 () {32 vars in 774 bytes} [Tue Jul 21 14:34:39 2026] GET /v2.0/security-groups?tenant_id=4732d5a5f30949cdb7d45c044b4b7632&name=default => generated 2925 bytes in 294 msecs (HTTP/1.1 200) 4 headers in 158 bytes (1 switches on core 0)
2026-07-21 14:34:40.298 8 INFO neutron.db.segments_db [None req-58a3d56c-db2c-41cd-a357-debbfec46bd0 420d632c9c7f468fb2a4d7b4527d8a47 7f8cbd1e16bd4330987518787fd220df - - default default] Added segment 6506a687-6340-4ff4-8087-44b689a0ec6f of type geneve for network 75e7d9c0-e04b-4443-bd4d-7c136c649528
2026-07-21 14:34:40.429 7 INFO neutron.db.ovn_revision_numbers_db [None req-9384aaba-7f1e-49c9-8dbe-8b6a71631acd 5ab3ab75d42b484aaedda7d64db0d8c8 fd7b3818c24b492692c594aba9947fee - - default default] Successfully bumped revision number for resource a10ee4b1-a951-4864-b3be-a97c7b0f80f1 (type: ports) to 2
2026-07-21 14:34:40.447 8 INFO neutron.db.ovn_revision_numbers_db [None req-58a3d56c-db2c-41cd-a357-debbfec46bd0 420d632c9c7f468fb2a4d7b4527d8a47 7f8cbd1e16bd4330987518787fd220df - - default default] Successfully bumped revision number for resource 75e7d9c0-e04b-4443-bd4d-7c136c649528 (type: networks) to 1
2026-07-21 14:34:40.467 7 INFO neutron.db.ovn_revision_numbers_db [None req-9384aaba-7f1e-49c9-8dbe-8b6a71631acd 5ab3ab75d42b484aaedda7d64db0d8c8 fd7b3818c24b492692c594aba9947fee - - default default] Successfully bumped revision number for resource 06e790d1-8d30-4764-8080-2b31f35b34a8 (type: subnets) to 0 [pid: 7|app: 0|req: 1076/2174] 10.0.0.241 () {34 vars in 669 bytes} [Tue Jul 21 14:34:39 2026] POST /v2.0/subnets => generated 629 bytes in 849 msecs (HTTP/1.1 201) 4 headers in 162 bytes (1 switches on core 0) [pid: 7|app: 0|req: 1077/2175] 10.0.0.241 () {32 vars in 734 bytes} [Tue Jul 21 14:34:40 2026] DELETE /v2.0/qos/policies/b85efc6d-7d3a-489f-ae0f-ff340d473a15 => generated 0 bytes in 59 msecs (HTTP/1.1 204) 2 headers in 112 bytes (1 switches on core 0)
2026-07-21 14:34:40.653 8 WARNING neutron.scheduler.dhcp_agent_scheduler [None req-58a3d56c-db2c-41cd-a357-debbfec46bd0 420d632c9c7f468fb2a4d7b4527d8a47 7f8cbd1e16bd4330987518787fd220df - - default default] No more DHCP agents
2026-07-21 14:34:40.655 8 WARNING neutron.api.rpc.agentnotifiers.dhcp_rpc_agent_api [None req-58a3d56c-db2c-41cd-a357-debbfec46bd0 420d632c9c7f468fb2a4d7b4527d8a47 7f8cbd1e16bd4330987518787fd220df - - default default] Unable to schedule network 75e7d9c0-e04b-4443-bd4d-7c136c649528: no agents available; will retry on subsequent port and subnet creation events.
2026-07-21 14:34:40.744 8 INFO neutron.plugins.ml2.drivers.ovn.mech_driver.mech_driver [None req-de0c5949-54ed-4f3b-8a47-f7c02586d0b9 - - - - - -] OVN reports status down for port: fb53b748-6f09-4a74-a296-334fe4b7b938 [pid: 7|app: 0|req: 1078/2176] 10.0.0.241 () {32 vars in 740 bytes} [Tue Jul 21 14:34:40 2026] DELETE /v2.0/security-groups/4f726c4e-d3e5-4829-8660-8642d2b868ed => generated 0 bytes in 222 msecs (HTTP/1.1 204) 2 headers in 112 bytes (1 switches on core 0)
2026-07-21 14:34:40.812 8 INFO neutron.db.ovn_revision_numbers_db [None req-58a3d56c-db2c-41cd-a357-debbfec46bd0 420d632c9c7f468fb2a4d7b4527d8a47 7f8cbd1e16bd4330987518787fd220df - - default default] Successfully bumped revision number for resource fb53b748-6f09-4a74-a296-334fe4b7b938 (type: ports) to 1 [pid: 8|app: 0|req: 1099/2177] 10.0.0.241 () {34 vars in 670 bytes} [Tue Jul 21 14:34:40 2026] POST /v2.0/networks => generated 674 bytes in 686 msecs (HTTP/1.1 201) 4 headers in 162 bytes (1 switches on core 0)
2026-07-21 14:34:40.885 7 INFO neutron.db.segments_db [None req-9d67ddb8-df62-409a-9f3e-ab0f2bd0fe02 5ab3ab75d42b484aaedda7d64db0d8c8 fd7b3818c24b492692c594aba9947fee - - default default] Added segment 52279a4e-c35f-4860-817a-398c31374919 of type geneve for network 8d25c150-8de9-4e5f-9524-27a6408c7d8b [pid: 8|app: 0|req: 1100/2178] 10.0.0.241 () {32 vars in 734 bytes} [Tue Jul 21 14:34:40 2026] DELETE /v2.0/qos/policies/dcccec3d-cf9c-485b-a578-97136eabb6e8 => generated 0 bytes in 68 msecs (HTTP/1.1 204) 2 headers in 112 bytes (1 switches on core 0)
2026-07-21 14:34:41.021 7 INFO neutron.db.ovn_revision_numbers_db [None req-9d67ddb8-df62-409a-9f3e-ab0f2bd0fe02 5ab3ab75d42b484aaedda7d64db0d8c8 fd7b3818c24b492692c594aba9947fee - - default default] Successfully bumped revision number for resource 8d25c150-8de9-4e5f-9524-27a6408c7d8b (type: networks) to 1
2026-07-21 14:34:41.152 8 WARNING neutron.scheduler.dhcp_agent_scheduler [None req-5d225ebf-c674-4434-a4cd-eef2f01c2d7f 420d632c9c7f468fb2a4d7b4527d8a47 7f8cbd1e16bd4330987518787fd220df - - default default] No more DHCP agents
2026-07-21 14:34:41.153 8 WARNING neutron.api.rpc.agentnotifiers.dhcp_rpc_agent_api [None req-5d225ebf-c674-4434-a4cd-eef2f01c2d7f 420d632c9c7f468fb2a4d7b4527d8a47 7f8cbd1e16bd4330987518787fd220df - - default default] Unable to schedule network 75e7d9c0-e04b-4443-bd4d-7c136c649528: no agents available; will retry on subsequent port and subnet creation events.
2026-07-21 14:34:41.247 7 WARNING neutron.scheduler.dhcp_agent_scheduler [None req-9d67ddb8-df62-409a-9f3e-ab0f2bd0fe02 5ab3ab75d42b484aaedda7d64db0d8c8 fd7b3818c24b492692c594aba9947fee - - default default] No more DHCP agents
2026-07-21 14:34:41.249 7 WARNING neutron.api.rpc.agentnotifiers.dhcp_rpc_agent_api [None req-9d67ddb8-df62-409a-9f3e-ab0f2bd0fe02 5ab3ab75d42b484aaedda7d64db0d8c8 fd7b3818c24b492692c594aba9947fee - - default default] Unable to schedule network 8d25c150-8de9-4e5f-9524-27a6408c7d8b: no agents available; will retry on subsequent port and subnet creation events.
2026-07-21 14:34:41.345 8 INFO neutron.plugins.ml2.drivers.ovn.mech_driver.mech_driver [None req-de0c5949-54ed-4f3b-8a47-f7c02586d0b9 - - - - - -] OVN reports status down for port: d74813c0-526e-4023-9c65-2544ef0a4750
2026-07-21 14:34:41.351 7 INFO neutron.db.ovn_revision_numbers_db [None req-9d67ddb8-df62-409a-9f3e-ab0f2bd0fe02 5ab3ab75d42b484aaedda7d64db0d8c8 fd7b3818c24b492692c594aba9947fee - - default default] Successfully bumped revision number for resource d74813c0-526e-4023-9c65-2544ef0a4750 (type: ports) to 1 [pid: 7|app: 0|req: 1079/2179] 10.0.0.241 () {34 vars in 670 bytes} [Tue Jul 21 14:34:40 2026] POST /v2.0/networks => generated 670 bytes in 604 msecs (HTTP/1.1 201) 4 headers in 162 bytes (1 switches on core 0) [pid: 7|app: 0|req: 1080/2180] 10.0.0.241 () {32 vars in 734 bytes} [Tue Jul 21 14:34:41 2026] DELETE /v2.0/qos/policies/0e7e6ebe-2d3b-434c-9fa2-1c31e5928e94 => generated 0 bytes in 63 msecs (HTTP/1.1 204) 2 headers in 112 bytes (1 switches on core 0)
2026-07-21 14:34:41.634 7 WARNING neutron.scheduler.dhcp_agent_scheduler [None req-2d4ad226-3314-4e0e-b890-368993492dcc 5ab3ab75d42b484aaedda7d64db0d8c8 fd7b3818c24b492692c594aba9947fee - - default default] No more DHCP agents
2026-07-21 14:34:41.636 7 WARNING neutron.api.rpc.agentnotifiers.dhcp_rpc_agent_api [None req-2d4ad226-3314-4e0e-b890-368993492dcc 5ab3ab75d42b484aaedda7d64db0d8c8 fd7b3818c24b492692c594aba9947fee - - default default] Unable to schedule network 8d25c150-8de9-4e5f-9524-27a6408c7d8b: no agents available; will retry on subsequent port and subnet creation events.
2026-07-21 14:34:41.834 8 INFO neutron.db.ovn_revision_numbers_db [None req-5d225ebf-c674-4434-a4cd-eef2f01c2d7f 420d632c9c7f468fb2a4d7b4527d8a47 7f8cbd1e16bd4330987518787fd220df - - default default] Successfully bumped revision number for resource fb53b748-6f09-4a74-a296-334fe4b7b938 (type: ports) to 2
2026-07-21 14:34:41.878 8 INFO neutron.db.ovn_revision_numbers_db [None req-5d225ebf-c674-4434-a4cd-eef2f01c2d7f 420d632c9c7f468fb2a4d7b4527d8a47 7f8cbd1e16bd4330987518787fd220df - - default default] Successfully bumped revision number for resource d7dd2f52-5377-4656-baeb-449da52ec0a6 (type: subnets) to 0 [pid: 8|app: 0|req: 1101/2181] 10.0.0.241 () {34 vars in 669 bytes} [Tue Jul 21 14:34:40 2026] POST /v2.0/subnets => generated 656 bytes in 952 msecs (HTTP/1.1 201) 4 headers in 162 bytes (1 switches on core 0) [pid: 8|app: 0|req: 1102/2182] 10.0.0.241 () {32 vars in 734 bytes} [Tue Jul 21 14:34:41 2026] DELETE /v2.0/qos/policies/fcb9dd98-170a-4f51-869e-6718a7ed9576 => generated 0 bytes in 79 msecs (HTTP/1.1 204) 2 headers in 112 bytes (1 switches on core 0)
2026-07-21 14:34:42.232 7 INFO neutron.db.ovn_revision_numbers_db [None req-2d4ad226-3314-4e0e-b890-368993492dcc 5ab3ab75d42b484aaedda7d64db0d8c8 fd7b3818c24b492692c594aba9947fee - - default default] Successfully bumped revision number for resource d74813c0-526e-4023-9c65-2544ef0a4750 (type: ports) to 2
2026-07-21 14:34:42.280 8 WARNING neutron.scheduler.dhcp_agent_scheduler [None req-bea7c72c-2cee-4560-a2fa-e8b17a16a726 420d632c9c7f468fb2a4d7b4527d8a47 7f8cbd1e16bd4330987518787fd220df - - default default] No more DHCP agents
2026-07-21 14:34:42.281 8 WARNING neutron.api.rpc.agentnotifiers.dhcp_rpc_agent_api [None req-bea7c72c-2cee-4560-a2fa-e8b17a16a726 420d632c9c7f468fb2a4d7b4527d8a47 7f8cbd1e16bd4330987518787fd220df - - default default] Unable to schedule network 75e7d9c0-e04b-4443-bd4d-7c136c649528: no agents available; will retry on subsequent port and subnet creation events.
2026-07-21 14:34:42.283 7 INFO neutron.db.ovn_revision_numbers_db [None req-2d4ad226-3314-4e0e-b890-368993492dcc 5ab3ab75d42b484aaedda7d64db0d8c8 fd7b3818c24b492692c594aba9947fee - - default default] Successfully bumped revision number for resource 4fe162b0-cf4e-42f2-aa94-6a8777df283d (type: subnets) to 0 [pid: 7|app: 0|req: 1081/2183] 10.0.0.241 () {34 vars in 669 bytes} [Tue Jul 21 14:34:41 2026] POST /v2.0/subnets => generated 629 bytes in 868 msecs (HTTP/1.1 201) 4 headers in 162 bytes (1 switches on core 0)
2026-07-21 14:34:42.337 8 INFO neutron.db.ovn_revision_numbers_db [None req-bea7c72c-2cee-4560-a2fa-e8b17a16a726 420d632c9c7f468fb2a4d7b4527d8a47 7f8cbd1e16bd4330987518787fd220df - - default default] Successfully bumped revision number for resource c68c8639-22ae-422f-b3d5-a81c6e6b6e5d (type: subnets) to 0 [pid: 8|app: 0|req: 1103/2184] 10.0.0.241 () {34 vars in 669 bytes} [Tue Jul 21 14:34:41 2026] POST /v2.0/subnets => generated 725 bytes in 391 msecs (HTTP/1.1 201) 4 headers in 162 bytes (1 switches on core 0) [pid: 7|app: 0|req: 1082/2185] 10.0.0.241 () {34 vars in 751 bytes} [Tue Jul 21 14:34:42 2026] PUT /v2.0/subnets/ea7269a5-f67f-45c6-90ce-796645b16176/tags => generated 17 bytes in 82 msecs (HTTP/1.1 200) 4 headers in 156 bytes (1 switches on core 0) [pid: 7|app: 0|req: 1083/2186] 10.0.0.241 () {34 vars in 751 bytes} [Tue Jul 21 14:34:42 2026] PUT /v2.0/subnets/5e763baf-4f8e-4e86-8a61-c61aa9bf06b7/tags => generated 25 bytes in 62 msecs (HTTP/1.1 200) 4 headers in 156 bytes (1 switches on core 0)
2026-07-21 14:34:42.482 8 INFO neutron.db.segments_db [None req-07ce806d-4d12-4531-931e-8e15022bb13c 420d632c9c7f468fb2a4d7b4527d8a47 7f8cbd1e16bd4330987518787fd220df - - default default] Added segment 82e02494-6282-47f1-b88b-327dcb445d7c of type geneve for network f8f2ce5e-77f1-4080-ab86-bdb949710caa [pid: 7|app: 0|req: 1084/2187] 10.0.0.241 () {34 vars in 751 bytes} [Tue Jul 21 14:34:42 2026] PUT /v2.0/subnets/8322c9fa-ced8-467a-bbfb-b25a099c5b30/tags => generated 34 bytes in 74 msecs (HTTP/1.1 200) 4 headers in 156 bytes (1 switches on core 0) [pid: 7|app: 0|req: 1085/2188] 10.0.0.241 () {34 vars in 751 bytes} [Tue Jul 21 14:34:42 2026] PUT /v2.0/subnets/06e790d1-8d30-4764-8080-2b31f35b34a8/tags => generated 19 bytes in 73 msecs (HTTP/1.1 200) 4 headers in 156 bytes (1 switches on core 0)
2026-07-21 14:34:42.624 8 INFO neutron.db.ovn_revision_numbers_db [None req-07ce806d-4d12-4531-931e-8e15022bb13c 420d632c9c7f468fb2a4d7b4527d8a47 7f8cbd1e16bd4330987518787fd220df - - default default] Successfully bumped revision number for resource f8f2ce5e-77f1-4080-ab86-bdb949710caa (type: networks) to 1 [pid: 7|app: 0|req: 1086/2189] 10.0.0.241 () {32 vars in 664 bytes} [Tue Jul 21 14:34:42 2026] GET /v2.0/subnets?tags=red => generated 1904 bytes in 40 msecs (HTTP/1.1 200) 4 headers in 158 bytes (1 switches on core 0) [pid: 7|app: 0|req: 1087/2190] 10.0.0.241 () {32 vars in 678 bytes} [Tue Jul 21 14:34:42 2026] GET /v2.0/subnets?tags=red%2Cblue => generated 1283 bytes in 45 msecs (HTTP/1.1 200) 4 headers in 158 bytes (1 switches on core 0) [pid: 7|app: 0|req: 1088/2191] 10.0.0.241 () {32 vars in 674 bytes} [Tue Jul 21 14:34:42 2026] GET /v2.0/subnets?tags-any=blue => generated 1283 bytes in 46 msecs (HTTP/1.1 200) 4 headers in 158 bytes (1 switches on core 0) [pid: 7|app: 0|req: 1089/2192] 10.0.0.241 () {32 vars in 686 bytes} [Tue Jul 21 14:34:42 2026] GET /v2.0/subnets?tags-any=red%2Cblue => generated 1904 bytes in 29 msecs (HTTP/1.1 200) 4 headers in 158 bytes (1 switches on core 0)
2026-07-21 14:34:42.840 8 WARNING neutron.scheduler.dhcp_agent_scheduler [None req-07ce806d-4d12-4531-931e-8e15022bb13c 420d632c9c7f468fb2a4d7b4527d8a47 7f8cbd1e16bd4330987518787fd220df - - default default] No more DHCP agents
2026-07-21 14:34:42.842 8 WARNING neutron.api.rpc.agentnotifiers.dhcp_rpc_agent_api [None req-07ce806d-4d12-4531-931e-8e15022bb13c 420d632c9c7f468fb2a4d7b4527d8a47 7f8cbd1e16bd4330987518787fd220df - - default default] Unable to schedule network f8f2ce5e-77f1-4080-ab86-bdb949710caa: no agents available; will retry on subsequent port and subnet creation events. [pid: 7|app: 0|req: 1090/2193] 10.0.0.241 () {32 vars in 672 bytes} [Tue Jul 21 14:34:42 2026] GET /v2.0/subnets?not-tags=red => generated 1894 bytes in 53 msecs (HTTP/1.1 200) 4 headers in 158 bytes (1 switches on core 0)
2026-07-21 14:34:42.914 8 INFO neutron.plugins.ml2.drivers.ovn.mech_driver.mech_driver [None req-de0c5949-54ed-4f3b-8a47-f7c02586d0b9 - - - - - -] OVN reports status down for port: aa5bbd0c-b617-4eb8-84f4-54d699a80e5f [pid: 7|app: 0|req: 1091/2194] 10.0.0.241 () {32 vars in 686 bytes} [Tue Jul 21 14:34:42 2026] GET /v2.0/subnets?not-tags=red%2Cblue => generated 2515 bytes in 81 msecs (HTTP/1.1 200) 4 headers in 158 bytes (1 switches on core 0)
2026-07-21 14:34:42.972 8 INFO neutron.db.ovn_revision_numbers_db [None req-07ce806d-4d12-4531-931e-8e15022bb13c 420d632c9c7f468fb2a4d7b4527d8a47 7f8cbd1e16bd4330987518787fd220df - - default default] Successfully bumped revision number for resource aa5bbd0c-b617-4eb8-84f4-54d699a80e5f (type: ports) to 1 [pid: 8|app: 0|req: 1104/2195] 10.0.0.241 () {34 vars in 670 bytes} [Tue Jul 21 14:34:42 2026] POST /v2.0/networks => generated 676 bytes in 662 msecs (HTTP/1.1 201) 4 headers in 162 bytes (1 switches on core 0) [pid: 8|app: 0|req: 1105/2196] 10.0.0.241 () {32 vars in 682 bytes} [Tue Jul 21 14:34:43 2026] GET /v2.0/subnets?not-tags-any=blue => generated 2515 bytes in 57 msecs (HTTP/1.1 200) 4 headers in 158 bytes (1 switches on core 0)
2026-07-21 14:34:43.189 7 WARNING neutron.db.securitygroups_db [None req-8bece4dd-96c3-480f-aac3-461861cef530 fa420d162eb14791b146f3624d38cc62 e8d6d75ee70e476ead7ffe8ea7c36383 - - default default] project_id key not found in filters, using tenant_id instead. This support has been deprecated and will be removed in a future release.
2026-07-21 14:34:43.358 8 WARNING neutron.scheduler.dhcp_agent_scheduler [None req-26203e27-784d-4234-998f-019414bcd9b4 420d632c9c7f468fb2a4d7b4527d8a47 7f8cbd1e16bd4330987518787fd220df - - default default] No more DHCP agents
2026-07-21 14:34:43.363 8 WARNING neutron.api.rpc.agentnotifiers.dhcp_rpc_agent_api [None req-26203e27-784d-4234-998f-019414bcd9b4 420d632c9c7f468fb2a4d7b4527d8a47 7f8cbd1e16bd4330987518787fd220df - - default default] Unable to schedule network f8f2ce5e-77f1-4080-ab86-bdb949710caa: no agents available; will retry on subsequent port and subnet creation events.
2026-07-21 14:34:43.367 7 INFO neutron.db.ovn_revision_numbers_db [None req-8bece4dd-96c3-480f-aac3-461861cef530 fa420d162eb14791b146f3624d38cc62 e8d6d75ee70e476ead7ffe8ea7c36383 - - default default] Successfully bumped revision number for resource 38323f06-db5e-4392-91f1-e1e5793e3c0a (type: security_groups) to 1
2026-07-21 14:34:43.380 7 INFO neutron.db.ovn_revision_numbers_db [None req-8bece4dd-96c3-480f-aac3-461861cef530 fa420d162eb14791b146f3624d38cc62 e8d6d75ee70e476ead7ffe8ea7c36383 - - default default] Successfully bumped revision number for resource 1f293d2a-62bc-46c1-a6ad-0ddd1ba3fff1 (type: security_group_rules) to 0
2026-07-21 14:34:43.399 7 INFO neutron.db.ovn_revision_numbers_db [None req-8bece4dd-96c3-480f-aac3-461861cef530 fa420d162eb14791b146f3624d38cc62 e8d6d75ee70e476ead7ffe8ea7c36383 - - default default] Successfully bumped revision number for resource 810431ac-a2e3-4231-b2f2-cddb859ad353 (type: security_group_rules) to 0
2026-07-21 14:34:43.414 7 INFO neutron.db.ovn_revision_numbers_db [None req-8bece4dd-96c3-480f-aac3-461861cef530 fa420d162eb14791b146f3624d38cc62 e8d6d75ee70e476ead7ffe8ea7c36383 - - default default] Successfully bumped revision number for resource a7fd1bf8-4d29-4cf3-aac0-c6affbdc553b (type: security_group_rules) to 0
2026-07-21 14:34:43.430 7 INFO neutron.db.ovn_revision_numbers_db [None req-8bece4dd-96c3-480f-aac3-461861cef530 fa420d162eb14791b146f3624d38cc62 e8d6d75ee70e476ead7ffe8ea7c36383 - - default default] Successfully bumped revision number for resource ccf78814-5135-4ceb-94a5-517cb691d19c (type: security_group_rules) to 0 [pid: 7|app: 0|req: 1092/2197] 10.0.0.241 () {32 vars in 774 bytes} [Tue Jul 21 14:34:42 2026] GET /v2.0/security-groups?tenant_id=530db51342c04707aaa7b8eed308b625&name=default => generated 2925 bytes in 515 msecs (HTTP/1.1 200) 4 headers in 158 bytes (1 switches on core 0) [pid: 7|app: 0|req: 1093/2198] 10.0.0.241 () {32 vars in 694 bytes} [Tue Jul 21 14:34:43 2026] GET /v2.0/subnets?not-tags-any=red%2Cblue => generated 1894 bytes in 52 msecs (HTTP/1.1 200) 4 headers in 158 bytes (1 switches on core 0) [pid: 7|app: 0|req: 1094/2199] 10.0.0.241 () {32 vars in 740 bytes} [Tue Jul 21 14:34:43 2026] DELETE /v2.0/security-groups/38323f06-db5e-4392-91f1-e1e5793e3c0a => generated 0 bytes in 227 msecs (HTTP/1.1 204) 2 headers in 112 bytes (1 switches on core 0)
2026-07-21 14:34:43.935 8 INFO neutron.db.ovn_revision_numbers_db [None req-26203e27-784d-4234-998f-019414bcd9b4 420d632c9c7f468fb2a4d7b4527d8a47 7f8cbd1e16bd4330987518787fd220df - - default default] Successfully bumped revision number for resource aa5bbd0c-b617-4eb8-84f4-54d699a80e5f (type: ports) to 2
2026-07-21 14:34:43.992 8 INFO neutron.db.ovn_revision_numbers_db [None req-26203e27-784d-4234-998f-019414bcd9b4 420d632c9c7f468fb2a4d7b4527d8a47 7f8cbd1e16bd4330987518787fd220df - - default default] Successfully bumped revision number for resource f5a904d8-7159-4fa8-8b13-6b2fc4021414 (type: subnets) to 0 [pid: 7|app: 0|req: 1095/2200] 10.0.0.241 () {32 vars in 724 bytes} [Tue Jul 21 14:34:43 2026] DELETE /v2.0/subnets/ea7269a5-f67f-45c6-90ce-796645b16176 => generated 0 bytes in 237 msecs (HTTP/1.1 204) 3 headers in 131 bytes (1 switches on core 0)
2026-07-21 14:34:43.999 7 WARNING neutron.db.securitygroups_db [None req-500ddcce-262b-4769-a714-7dce685b95d8 fa420d162eb14791b146f3624d38cc62 e8d6d75ee70e476ead7ffe8ea7c36383 - - default default] project_id key not found in filters, using tenant_id instead. This support has been deprecated and will be removed in a future release. [pid: 8|app: 0|req: 1106/2201] 10.0.0.241 () {34 vars in 669 bytes} [Tue Jul 21 14:34:43 2026] POST /v2.0/subnets => generated 656 bytes in 920 msecs (HTTP/1.1 201) 4 headers in 162 bytes (1 switches on core 0)
2026-07-21 14:34:44.154 7 INFO neutron.db.ovn_revision_numbers_db [None req-500ddcce-262b-4769-a714-7dce685b95d8 fa420d162eb14791b146f3624d38cc62 e8d6d75ee70e476ead7ffe8ea7c36383 - - default default] Successfully bumped revision number for resource 1a73e77a-ddfd-445b-a1c3-93503606279b (type: security_groups) to 1
2026-07-21 14:34:44.174 7 INFO neutron.db.ovn_revision_numbers_db [None req-500ddcce-262b-4769-a714-7dce685b95d8 fa420d162eb14791b146f3624d38cc62 e8d6d75ee70e476ead7ffe8ea7c36383 - - default default] Successfully bumped revision number for resource 49afc302-92f2-453e-a3f3-39764c9f852e (type: security_group_rules) to 0
2026-07-21 14:34:44.199 7 INFO neutron.db.ovn_revision_numbers_db [None req-500ddcce-262b-4769-a714-7dce685b95d8 fa420d162eb14791b146f3624d38cc62 e8d6d75ee70e476ead7ffe8ea7c36383 - - default default] Successfully bumped revision number for resource 7983c2e3-a3a1-4328-9a4d-fe85c8f1a515 (type: security_group_rules) to 0
2026-07-21 14:34:44.216 7 INFO neutron.db.ovn_revision_numbers_db [None req-500ddcce-262b-4769-a714-7dce685b95d8 fa420d162eb14791b146f3624d38cc62 e8d6d75ee70e476ead7ffe8ea7c36383 - - default default] Successfully bumped revision number for resource 864c9e74-d3ba-4725-ade6-6839a1875a5a (type: security_group_rules) to 0
2026-07-21 14:34:44.233 7 INFO neutron.db.ovn_revision_numbers_db [None req-500ddcce-262b-4769-a714-7dce685b95d8 fa420d162eb14791b146f3624d38cc62 e8d6d75ee70e476ead7ffe8ea7c36383 - - default default] Successfully bumped revision number for resource 88bb4143-be6e-4054-9e10-bf0a5ab2a7e7 (type: security_group_rules) to 0 [pid: 8|app: 0|req: 1107/2202] 10.0.0.241 () {32 vars in 724 bytes} [Tue Jul 21 14:34:44 2026] DELETE /v2.0/subnets/5e763baf-4f8e-4e86-8a61-c61aa9bf06b7 => generated 0 bytes in 242 msecs (HTTP/1.1 204) 3 headers in 131 bytes (1 switches on core 0) [pid: 7|app: 0|req: 1096/2203] 10.0.0.241 () {32 vars in 774 bytes} [Tue Jul 21 14:34:43 2026] GET /v2.0/security-groups?tenant_id=046b5ba0a3fb4f8699dc25851e823976&name=default => generated 2925 bytes in 291 msecs (HTTP/1.1 200) 4 headers in 158 bytes (1 switches on core 0)
2026-07-21 14:34:44.506 8 WARNING neutron.scheduler.dhcp_agent_scheduler [None req-e729fd45-1b70-4eea-aaac-b73d87a76765 420d632c9c7f468fb2a4d7b4527d8a47 7f8cbd1e16bd4330987518787fd220df - - default default] No more DHCP agents
2026-07-21 14:34:44.509 8 WARNING neutron.api.rpc.agentnotifiers.dhcp_rpc_agent_api [None req-e729fd45-1b70-4eea-aaac-b73d87a76765 420d632c9c7f468fb2a4d7b4527d8a47 7f8cbd1e16bd4330987518787fd220df - - default default] Unable to schedule network f8f2ce5e-77f1-4080-ab86-bdb949710caa: no agents available; will retry on subsequent port and subnet creation events. [pid: 7|app: 0|req: 1097/2204] 10.0.0.241 () {32 vars in 724 bytes} [Tue Jul 21 14:34:44 2026] DELETE /v2.0/subnets/8322c9fa-ced8-467a-bbfb-b25a099c5b30 => generated 0 bytes in 243 msecs (HTTP/1.1 204) 3 headers in 131 bytes (1 switches on core 0)
2026-07-21 14:34:44.552 8 INFO neutron.db.ovn_revision_numbers_db [None req-e729fd45-1b70-4eea-aaac-b73d87a76765 420d632c9c7f468fb2a4d7b4527d8a47 7f8cbd1e16bd4330987518787fd220df - - default default] Successfully bumped revision number for resource 47f93c56-f290-4398-a6c1-d2637e06ba8c (type: subnets) to 0 [pid: 8|app: 0|req: 1108/2205] 10.0.0.241 () {34 vars in 669 bytes} [Tue Jul 21 14:34:44 2026] POST /v2.0/subnets => generated 730 bytes in 318 msecs (HTTP/1.1 201) 4 headers in 162 bytes (1 switches on core 0) [pid: 7|app: 0|req: 1098/2206] 10.0.0.241 () {32 vars in 740 bytes} [Tue Jul 21 14:34:44 2026] DELETE /v2.0/security-groups/1a73e77a-ddfd-445b-a1c3-93503606279b => generated 0 bytes in 212 msecs (HTTP/1.1 204) 2 headers in 112 bytes (1 switches on core 0) [pid: 8|app: 0|req: 1109/2207] 10.0.0.241 () {32 vars in 724 bytes} [Tue Jul 21 14:34:44 2026] DELETE /v2.0/subnets/06e790d1-8d30-4764-8080-2b31f35b34a8 => generated 0 bytes in 218 msecs (HTTP/1.1 204) 3 headers in 131 bytes (1 switches on core 0)
2026-07-21 14:34:45.026 7 INFO neutron.db.ovn_revision_numbers_db [None req-3b36c913-34ef-4e42-afd7-653c7150debc db913dd2768b46fdb2692248cb75a3c6 95058e84d67c495cbb5693d51d842b11 - - default default] Successfully bumped revision number for resource cbfe9921-af07-4c3e-baf2-550924dbbff5 (type: routers) to 1 [pid: 7|app: 0|req: 1099/2208] 10.0.0.241 () {34 vars in 668 bytes} [Tue Jul 21 14:34:44 2026] POST /v2.0/routers => generated 591 bytes in 306 msecs (HTTP/1.1 201) 4 headers in 162 bytes (1 switches on core 0) [pid: 7|app: 0|req: 1100/2209] 10.0.0.241 () {32 vars in 724 bytes} [Tue Jul 21 14:34:45 2026] DELETE /v2.0/subnets/4fe162b0-cf4e-42f2-aa94-6a8777df283d => generated 0 bytes in 209 msecs (HTTP/1.1 204) 3 headers in 131 bytes (1 switches on core 0)
2026-07-21 14:34:45.264 7 WARNING neutron.db.securitygroups_db [None req-8ade2e8c-2541-4734-9b83-763736e08c5d fa420d162eb14791b146f3624d38cc62 e8d6d75ee70e476ead7ffe8ea7c36383 - - default default] project_id key not found in filters, using tenant_id instead. This support has been deprecated and will be removed in a future release.
2026-07-21 14:34:45.372 8 WARNING neutron.scheduler.dhcp_agent_scheduler [None req-8a9cc66e-656f-4c2a-8cf3-738558332fdf 420d632c9c7f468fb2a4d7b4527d8a47 7f8cbd1e16bd4330987518787fd220df - - default default] No more DHCP agents
2026-07-21 14:34:45.374 8 WARNING neutron.api.rpc.agentnotifiers.dhcp_rpc_agent_api [None req-8a9cc66e-656f-4c2a-8cf3-738558332fdf 420d632c9c7f468fb2a4d7b4527d8a47 7f8cbd1e16bd4330987518787fd220df - - default default] Unable to schedule network 92d9def3-c275-414d-bf36-df2b1d3ad570: no agents available; will retry on subsequent port and subnet creation events.
2026-07-21 14:34:45.431 7 INFO neutron.db.ovn_revision_numbers_db [None req-8ade2e8c-2541-4734-9b83-763736e08c5d fa420d162eb14791b146f3624d38cc62 e8d6d75ee70e476ead7ffe8ea7c36383 - - default default] Successfully bumped revision number for resource 8f333950-2a27-4bfb-ac71-81e11a6ef9ed (type: security_groups) to 1
2026-07-21 14:34:45.443 7 INFO neutron.db.ovn_revision_numbers_db [None req-8ade2e8c-2541-4734-9b83-763736e08c5d fa420d162eb14791b146f3624d38cc62 e8d6d75ee70e476ead7ffe8ea7c36383 - - default default] Successfully bumped revision number for resource 743e1edb-22d8-4d0d-9fc1-24d9eda3723d (type: security_group_rules) to 0
2026-07-21 14:34:45.457 7 INFO neutron.db.ovn_revision_numbers_db [None req-8ade2e8c-2541-4734-9b83-763736e08c5d fa420d162eb14791b146f3624d38cc62 e8d6d75ee70e476ead7ffe8ea7c36383 - - default default] Successfully bumped revision number for resource 8b7e1b69-7d2d-48f3-9bbf-d2a524c91d28 (type: security_group_rules) to 0
2026-07-21 14:34:45.474 7 INFO neutron.db.ovn_revision_numbers_db [None req-8ade2e8c-2541-4734-9b83-763736e08c5d fa420d162eb14791b146f3624d38cc62 e8d6d75ee70e476ead7ffe8ea7c36383 - - default default] Successfully bumped revision number for resource e6e43bd6-0d64-4f7f-8c8c-67ed5ed31cbf (type: security_group_rules) to 0
2026-07-21 14:34:45.492 7 INFO neutron.db.ovn_revision_numbers_db [None req-8ade2e8c-2541-4734-9b83-763736e08c5d fa420d162eb14791b146f3624d38cc62 e8d6d75ee70e476ead7ffe8ea7c36383 - - default default] Successfully bumped revision number for resource ff739b87-52af-4b7e-98a3-4d9077b0c98a (type: security_group_rules) to 0 [pid: 7|app: 0|req: 1101/2210] 10.0.0.241 () {32 vars in 774 bytes} [Tue Jul 21 14:34:45 2026] GET /v2.0/security-groups?tenant_id=bf5210cbaa9e4f089c56cc7d2cb097a7&name=default => generated 2925 bytes in 297 msecs (HTTP/1.1 200) 4 headers in 158 bytes (1 switches on core 0)
2026-07-21 14:34:45.562 7 INFO neutron.plugins.ml2.drivers.ovn.mech_driver.mech_driver [None req-b76f77cc-03f7-484d-8a89-76a0e9ad5e8d - - - - - -] OVN reports status down for port: 79407f0b-9482-47d5-ade1-9b7f0dc1b6c5
2026-07-21 14:34:45.568 8 INFO neutron.db.ovn_revision_numbers_db [None req-8a9cc66e-656f-4c2a-8cf3-738558332fdf 420d632c9c7f468fb2a4d7b4527d8a47 7f8cbd1e16bd4330987518787fd220df - - default default] Successfully bumped revision number for resource 79407f0b-9482-47d5-ade1-9b7f0dc1b6c5 (type: ports) to 1
2026-07-21 14:34:45.631 7 WARNING tagging [None req-d46b61aa-f18b-46ce-8c74-e70df224ab15 db913dd2768b46fdb2692248cb75a3c6 95058e84d67c495cbb5693d51d842b11 - - default default] project_id key not found in request, using tenant_id instead. This support has been deprecated and will be removed in a future release. [pid: 7|app: 0|req: 1104/2213] 10.0.0.241 () {34 vars in 751 bytes} [Tue Jul 21 14:34:45 2026] PUT /v2.0/routers/cbfe9921-af07-4c3e-baf2-550924dbbff5/tags => generated 25 bytes in 133 msecs (HTTP/1.1 200) 4 headers in 156 bytes (1 switches on core 0)
2026-07-21 14:34:45.845 7 INFO neutron_taas.services.taas.taas_plugin [None req-d64ae187-dfc4-448c-904c-01b4478cab7b 5ab3ab75d42b484aaedda7d64db0d8c8 fd7b3818c24b492692c594aba9947fee - - default default] TaaS: Handle Delete Port: e6da4f6e-a82d-45d0-bc0a-a14dfe4a5db8
2026-07-21 14:34:45.849 7 INFO neutron_taas.services.taas.tap_mirror_plugin [None req-d64ae187-dfc4-448c-904c-01b4478cab7b 5ab3ab75d42b484aaedda7d64db0d8c8 fd7b3818c24b492692c594aba9947fee - - default default] Tap Mirror: Handle Delete Port: e6da4f6e-a82d-45d0-bc0a-a14dfe4a5db8
2026-07-21 14:34:46.062 7 INFO neutron.services.segments.plugin [-] Segment 615ecaca-dd62-443b-9090-9230dfe3f30a resource provider aggregate not found
2026-07-21 14:34:46.069 7 INFO neutron.services.segments.plugin [-] Segment 615ecaca-dd62-443b-9090-9230dfe3f30a resource provider aggregate not found
2026-07-21 14:34:46.095 7 INFO neutron.services.segments.plugin [-] Client error retrieving segment 615ecaca-dd62-443b-9090-9230dfe3f30a resource provider; error: Placement Client Error (4xx): {"errors": [{"status": 404, "title": "Not Found", "detail": "The resource could not be found.\n\n No resource provider with uuid 615ecaca-dd62-443b-9090-9230dfe3f30a found for delete ", "request_id": "req-0c39447b-caa2-4764-b0a0-969ad60e618e"}]}
2026-07-21 14:34:46.096 7 INFO neutron.services.segments.plugin [-] Client error retrieving segment 615ecaca-dd62-443b-9090-9230dfe3f30a resource provider; error: Placement Client Error (4xx): {"errors": [{"status": 404, "title": "Not Found", "detail": "The resource could not be found.\n\n No resource provider with uuid 615ecaca-dd62-443b-9090-9230dfe3f30a found for delete ", "request_id": "req-1e77a005-bbce-4022-903c-e1c9129d0d69"}]} [pid: 7|app: 0|req: 1105/2214] 10.0.0.241 () {32 vars in 726 bytes} [Tue Jul 21 14:34:45 2026] DELETE /v2.0/networks/7455de7e-2f87-4677-a254-fe85a12bdd31 => generated 0 bytes in 419 msecs (HTTP/1.1 204) 3 headers in 131 bytes (1 switches on core 0)
2026-07-21 14:34:46.307 7 INFO neutron.plugins.ml2.drivers.ovn.mech_driver.ovsdb.ovsdb_monitor [None req-70d211d0-2beb-4e65-a0a8-a7f9169455dd - - - - - -] Router aab89193-6a38-4ba3-938b-dbb911c329a9 is bound to host instance
2026-07-21 14:34:46.326 8 INFO neutron.db.ovn_revision_numbers_db [None req-8a9cc66e-656f-4c2a-8cf3-738558332fdf 420d632c9c7f468fb2a4d7b4527d8a47 7f8cbd1e16bd4330987518787fd220df - - default default] Successfully bumped revision number for resource 79407f0b-9482-47d5-ade1-9b7f0dc1b6c5 (type: router_ports) to 1
2026-07-21 14:34:46.432 7 INFO neutron.plugins.ml2.drivers.ovn.mech_driver.mech_driver [None req-b76f77cc-03f7-484d-8a89-76a0e9ad5e8d - - - - - -] OVN reports status up for port: 79407f0b-9482-47d5-ade1-9b7f0dc1b6c5
2026-07-21 14:34:46.434 8 INFO neutron.db.ovn_revision_numbers_db [None req-8a9cc66e-656f-4c2a-8cf3-738558332fdf 420d632c9c7f468fb2a4d7b4527d8a47 7f8cbd1e16bd4330987518787fd220df - - default default] Successfully bumped revision number for resource aab89193-6a38-4ba3-938b-dbb911c329a9 (type: routers) to 2
2026-07-21 14:34:46.463 7 INFO neutron.plugins.ml2.plugin [None req-b76f77cc-03f7-484d-8a89-76a0e9ad5e8d - - - - - -] Attempt 1 to provision port 79407f0b-9482-47d5-ade1-9b7f0dc1b6c5 [pid: 8|app: 0|req: 1110/2215] 10.0.0.241 () {34 vars in 669 bytes} [Tue Jul 21 14:34:44 2026] POST /v2.0/routers => generated 965 bytes in 1673 msecs (HTTP/1.1 201) 4 headers in 162 bytes (1 switches on core 0)
2026-07-21 14:34:46.515 8 WARNING tagging [None req-7555bc76-488d-4a5a-a666-cdc1e49bf57d db913dd2768b46fdb2692248cb75a3c6 95058e84d67c495cbb5693d51d842b11 - - default default] project_id key not found in request, using tenant_id instead. This support has been deprecated and will be removed in a future release. [pid: 8|app: 0|req: 1111/2216] 10.0.0.241 () {32 vars in 731 bytes} [Tue Jul 21 14:34:46 2026] GET /v2.0/routers/cbfe9921-af07-4c3e-baf2-550924dbbff5/tags => generated 25 bytes in 105 msecs (HTTP/1.1 200) 4 headers in 156 bytes (1 switches on core 0) [pid: 7|app: 0|req: 1106/2217] 10.0.0.241 () {32 vars in 740 bytes} [Tue Jul 21 14:34:46 2026] DELETE /v2.0/security-groups/8f333950-2a27-4bfb-ac71-81e11a6ef9ed => generated 0 bytes in 551 msecs (HTTP/1.1 204) 2 headers in 112 bytes (1 switches on core 0)
2026-07-21 14:34:46.738 8 INFO neutron_taas.services.taas.taas_plugin [None req-1f1f6bce-bcae-408a-bf2c-22f5c61ed6b1 5ab3ab75d42b484aaedda7d64db0d8c8 fd7b3818c24b492692c594aba9947fee - - default default] TaaS: Handle Delete Port: 4da97bb5-028d-499f-b847-2c0cbe2f65f0
2026-07-21 14:34:46.743 8 INFO neutron_taas.services.taas.tap_mirror_plugin [None req-1f1f6bce-bcae-408a-bf2c-22f5c61ed6b1 5ab3ab75d42b484aaedda7d64db0d8c8 fd7b3818c24b492692c594aba9947fee - - default default] Tap Mirror: Handle Delete Port: 4da97bb5-028d-499f-b847-2c0cbe2f65f0
2026-07-21 14:34:47.008 8 INFO neutron.services.segments.plugin [-] Segment 101cc38e-92e0-44d8-8cc9-d0c4fb36be4b resource provider aggregate not found
2026-07-21 14:34:47.013 8 INFO neutron.services.segments.plugin [-] Segment 101cc38e-92e0-44d8-8cc9-d0c4fb36be4b resource provider aggregate not found
2026-07-21 14:34:47.038 8 INFO neutron.services.segments.plugin [-] Client error retrieving segment 101cc38e-92e0-44d8-8cc9-d0c4fb36be4b resource provider; error: Placement Client Error (4xx): {"errors": [{"status": 404, "title": "Not Found", "detail": "The resource could not be found.\n\n No resource provider with uuid 101cc38e-92e0-44d8-8cc9-d0c4fb36be4b found for delete ", "request_id": "req-0e126f2d-5c87-405d-ae8e-101de85977cc"}]}
2026-07-21 14:34:47.042 8 INFO neutron.services.segments.plugin [-] Client error retrieving segment 101cc38e-92e0-44d8-8cc9-d0c4fb36be4b resource provider; error: Placement Client Error (4xx): {"errors": [{"status": 404, "title": "Not Found", "detail": "The resource could not be found.\n\n No resource provider with uuid 101cc38e-92e0-44d8-8cc9-d0c4fb36be4b found for delete ", "request_id": "req-103de148-e09e-4c90-ac16-4591b6e68a09"}]} [pid: 8|app: 0|req: 1112/2218] 10.0.0.241 () {32 vars in 726 bytes} [Tue Jul 21 14:34:46 2026] DELETE /v2.0/networks/f913e9c7-b9fe-4bc1-af0e-60b256fb3322 => generated 0 bytes in 501 msecs (HTTP/1.1 204) 3 headers in 131 bytes (1 switches on core 0)
2026-07-21 14:34:47.116 8 WARNING tagging [None req-a2781976-865a-42f0-a113-d542eb7830ae db913dd2768b46fdb2692248cb75a3c6 95058e84d67c495cbb5693d51d842b11 - - default default] project_id key not found in request, using tenant_id instead. This support has been deprecated and will be removed in a future release. [pid: 8|app: 0|req: 1113/2219] 10.0.0.241 () {34 vars in 762 bytes} [Tue Jul 21 14:34:47 2026] PUT /v2.0/routers/cbfe9921-af07-4c3e-baf2-550924dbbff5/tags/green => generated 4 bytes in 145 msecs (HTTP/1.1 201) 4 headers in 160 bytes (1 switches on core 0)
2026-07-21 14:34:47.404 8 INFO neutron_taas.services.taas.taas_plugin [None req-89d4d1ef-12e1-4643-80a8-4abf2474661a 5ab3ab75d42b484aaedda7d64db0d8c8 fd7b3818c24b492692c594aba9947fee - - default default] TaaS: Handle Delete Port: 2c809fba-5cbb-4c63-a31e-45c3ad3f0115
2026-07-21 14:34:47.408 8 INFO neutron_taas.services.taas.tap_mirror_plugin [None req-89d4d1ef-12e1-4643-80a8-4abf2474661a 5ab3ab75d42b484aaedda7d64db0d8c8 fd7b3818c24b492692c594aba9947fee - - default default] Tap Mirror: Handle Delete Port: 2c809fba-5cbb-4c63-a31e-45c3ad3f0115 [pid: 8|app: 0|req: 1114/2220] 10.0.0.241 () {32 vars in 726 bytes} [Tue Jul 21 14:34:47 2026] DELETE /v2.0/networks/799dcc40-8393-4913-9573-80a2eab8de19 => generated 0 bytes in 462 msecs (HTTP/1.1 204) 3 headers in 131 bytes (1 switches on core 0)
