2026-07-21 14:34:47.737 8 WARNING tagging [None req-eac8860b-20dc-4a76-b75f-7f76b2c17fc0 db913dd2768b46fdb2692248cb75a3c6 95058e84d67c495cbb5693d51d842b11 - - default default] project_id key not found in request, using tenant_id instead. This support has been deprecated and will be removed in a future release. [pid: 8|app: 0|req: 1115/2221] 10.0.0.241 () {32 vars in 731 bytes} [Tue Jul 21 14:34:47 2026] GET /v2.0/routers/cbfe9921-af07-4c3e-baf2-550924dbbff5/tags => generated 34 bytes in 95 msecs (HTTP/1.1 200) 4 headers in 156 bytes (1 switches on core 0)
2026-07-21 14:34:47.922 8 INFO neutron_taas.services.taas.taas_plugin [None req-e5378dad-6114-4c80-a7fd-adc761351543 5ab3ab75d42b484aaedda7d64db0d8c8 fd7b3818c24b492692c594aba9947fee - - default default] TaaS: Handle Delete Port: a10ee4b1-a951-4864-b3be-a97c7b0f80f1
2026-07-21 14:34:47.927 8 INFO neutron_taas.services.taas.tap_mirror_plugin [None req-e5378dad-6114-4c80-a7fd-adc761351543 5ab3ab75d42b484aaedda7d64db0d8c8 fd7b3818c24b492692c594aba9947fee - - default default] Tap Mirror: Handle Delete Port: a10ee4b1-a951-4864-b3be-a97c7b0f80f1 [pid: 8|app: 0|req: 1116/2222] 10.0.0.241 () {32 vars in 726 bytes} [Tue Jul 21 14:34:47 2026] DELETE /v2.0/networks/54f239ef-7cc0-4008-9a20-036c82b8cd01 => generated 0 bytes in 451 msecs (HTTP/1.1 204) 3 headers in 131 bytes (1 switches on core 0)
2026-07-21 14:34:48.270 8 WARNING tagging [None req-4672a2ea-258b-485f-bcca-2146104a6b10 db913dd2768b46fdb2692248cb75a3c6 95058e84d67c495cbb5693d51d842b11 - - default default] project_id key not found in request, using tenant_id instead. This support has been deprecated and will be removed in a future release. [pid: 8|app: 0|req: 1117/2223] 10.0.0.241 () {34 vars in 758 bytes} [Tue Jul 21 14:34:48 2026] PUT /v2.0/routers/cbfe9921-af07-4c3e-baf2-550924dbbff5/tags/red => generated 4 bytes in 143 msecs (HTTP/1.1 201) 4 headers in 160 bytes (1 switches on core 0)
2026-07-21 14:34:48.514 8 INFO neutron_taas.services.taas.taas_plugin [None req-291c69c5-fe08-45c8-b9a2-601f50676730 5ab3ab75d42b484aaedda7d64db0d8c8 fd7b3818c24b492692c594aba9947fee - - default default] TaaS: Handle Delete Port: d74813c0-526e-4023-9c65-2544ef0a4750
2026-07-21 14:34:48.518 8 INFO neutron_taas.services.taas.tap_mirror_plugin [None req-291c69c5-fe08-45c8-b9a2-601f50676730 5ab3ab75d42b484aaedda7d64db0d8c8 fd7b3818c24b492692c594aba9947fee - - default default] Tap Mirror: Handle Delete Port: d74813c0-526e-4023-9c65-2544ef0a4750
2026-07-21 14:34:48.683 7 WARNING neutron.scheduler.dhcp_agent_scheduler [None req-4d611a34-dfd7-4772-a33a-63332a5699cb 420d632c9c7f468fb2a4d7b4527d8a47 7f8cbd1e16bd4330987518787fd220df - - default default] No more DHCP agents
2026-07-21 14:34:48.685 7 WARNING neutron.api.rpc.agentnotifiers.dhcp_rpc_agent_api [None req-4d611a34-dfd7-4772-a33a-63332a5699cb 420d632c9c7f468fb2a4d7b4527d8a47 7f8cbd1e16bd4330987518787fd220df - - default default] Unable to schedule network fea332da-004a-47be-abc7-2208740bae16: no agents available; will retry on subsequent port and subnet creation events. [pid: 8|app: 0|req: 1118/2224] 10.0.0.241 () {32 vars in 726 bytes} [Tue Jul 21 14:34:48 2026] DELETE /v2.0/networks/8d25c150-8de9-4e5f-9524-27a6408c7d8b => generated 0 bytes in 434 msecs (HTTP/1.1 204) 3 headers in 131 bytes (1 switches on core 0)
2026-07-21 14:34:48.843 8 WARNING tagging [None req-ff85c4e9-8518-404b-b869-e01602c39a78 db913dd2768b46fdb2692248cb75a3c6 95058e84d67c495cbb5693d51d842b11 - - default default] project_id key not found in request, using tenant_id instead. This support has been deprecated and will be removed in a future release. [pid: 8|app: 0|req: 1119/2225] 10.0.0.241 () {32 vars in 731 bytes} [Tue Jul 21 14:34:48 2026] GET /v2.0/routers/cbfe9921-af07-4c3e-baf2-550924dbbff5/tags => generated 34 bytes in 80 msecs (HTTP/1.1 200) 4 headers in 156 bytes (1 switches on core 0)
2026-07-21 14:34:48.953 8 INFO neutron.plugins.ml2.drivers.ovn.mech_driver.mech_driver [None req-de0c5949-54ed-4f3b-8a47-f7c02586d0b9 - - - - - -] OVN reports status down for port: ad3417a7-dc61-426d-8151-adfcc9aa86b5
2026-07-21 14:34:48.960 8 WARNING tagging [None req-728bce66-ab5c-4202-82fe-dc91c508de68 db913dd2768b46fdb2692248cb75a3c6 95058e84d67c495cbb5693d51d842b11 - - default default] project_id key not found in request, using tenant_id instead. This support has been deprecated and will be removed in a future release.
2026-07-21 14:34:49.021 7 INFO neutron.db.ovn_revision_numbers_db [None req-4d611a34-dfd7-4772-a33a-63332a5699cb 420d632c9c7f468fb2a4d7b4527d8a47 7f8cbd1e16bd4330987518787fd220df - - default default] Successfully bumped revision number for resource ad3417a7-dc61-426d-8151-adfcc9aa86b5 (type: ports) to 1
2026-07-21 14:34:49.074 8 INFO neutron.services.segments.plugin [-] Segment 869ed740-066c-46f0-ad4e-c2a4de612b56 resource provider aggregate not found
2026-07-21 14:34:49.083 8 INFO neutron.services.segments.plugin [-] Segment 869ed740-066c-46f0-ad4e-c2a4de612b56 resource provider aggregate not found
2026-07-21 14:34:49.103 8 INFO neutron.services.segments.plugin [-] Client error retrieving segment 869ed740-066c-46f0-ad4e-c2a4de612b56 resource provider; error: Placement Client Error (4xx): {"errors": [{"status": 404, "title": "Not Found", "detail": "The resource could not be found.\n\n No resource provider with uuid 869ed740-066c-46f0-ad4e-c2a4de612b56 found for delete ", "request_id": "req-63fcbd51-b3b4-4416-8935-3231146030d8"}]}
2026-07-21 14:34:49.125 8 INFO neutron.services.segments.plugin [-] Client error retrieving segment 869ed740-066c-46f0-ad4e-c2a4de612b56 resource provider; error: Placement Client Error (4xx): {"errors": [{"status": 404, "title": "Not Found", "detail": "The resource could not be found.\n\n No resource provider with uuid 869ed740-066c-46f0-ad4e-c2a4de612b56 found for delete ", "request_id": "req-089549ea-a467-424d-aa5d-89d6b179c811"}]}
2026-07-21 14:34:49.136 8 INFO neutron.services.segments.plugin [-] Segment be71864f-2d96-4db4-ba8f-d84923722f5c resource provider aggregate not found
2026-07-21 14:34:49.145 7 INFO neutron.db.ovn_revision_numbers_db [None req-45fa2d64-3b00-4c71-a34a-28a59dbf2b19 - - - - - -] Successfully bumped revision number for resource 79407f0b-9482-47d5-ade1-9b7f0dc1b6c5 (type: ports) to 4
2026-07-21 14:34:49.157 8 INFO neutron.services.segments.plugin [-] Segment be71864f-2d96-4db4-ba8f-d84923722f5c resource provider aggregate not found
2026-07-21 14:34:49.162 8 INFO neutron.services.segments.plugin [-] Client error retrieving segment be71864f-2d96-4db4-ba8f-d84923722f5c resource provider; error: Placement Client Error (4xx): {"errors": [{"status": 404, "title": "Not Found", "detail": "The resource could not be found.\n\n No resource provider with uuid be71864f-2d96-4db4-ba8f-d84923722f5c found for delete ", "request_id": "req-6e5928bf-9475-47d7-a694-8c2e58ebf8d6"}]}
2026-07-21 14:34:49.204 8 INFO neutron.services.segments.plugin [-] Client error retrieving segment be71864f-2d96-4db4-ba8f-d84923722f5c resource provider; error: Placement Client Error (4xx): {"errors": [{"status": 404, "title": "Not Found", "detail": "The resource could not be found.\n\n No resource provider with uuid be71864f-2d96-4db4-ba8f-d84923722f5c found for delete ", "request_id": "req-118d6186-8a4f-4a01-93c3-817ee53a78f4"}]}
2026-07-21 14:34:49.209 8 INFO neutron.services.segments.plugin [-] Segment 52279a4e-c35f-4860-817a-398c31374919 resource provider aggregate not found [pid: 8|app: 0|req: 1120/2226] 10.0.0.241 () {34 vars in 780 bytes} [Tue Jul 21 14:34:48 2026] PUT /v2.0/routers/cbfe9921-af07-4c3e-baf2-550924dbbff5/tags/black.or.white => generated 4 bytes in 335 msecs (HTTP/1.1 201) 4 headers in 160 bytes (1 switches on core 0)
2026-07-21 14:34:49.231 8 INFO neutron.services.segments.plugin [-] Segment 52279a4e-c35f-4860-817a-398c31374919 resource provider aggregate not found
2026-07-21 14:34:49.235 8 INFO neutron.services.segments.plugin [-] Client error retrieving segment 52279a4e-c35f-4860-817a-398c31374919 resource provider; error: Placement Client Error (4xx): {"errors": [{"status": 404, "title": "Not Found", "detail": "The resource could not be found.\n\n No resource provider with uuid 52279a4e-c35f-4860-817a-398c31374919 found for delete ", "request_id": "req-64c09dc6-f6b7-45ca-8664-b13a783d9366"}]}
2026-07-21 14:34:49.259 8 INFO neutron.services.segments.plugin [-] Client error retrieving segment 52279a4e-c35f-4860-817a-398c31374919 resource provider; error: Placement Client Error (4xx): {"errors": [{"status": 404, "title": "Not Found", "detail": "The resource could not be found.\n\n No resource provider with uuid 52279a4e-c35f-4860-817a-398c31374919 found for delete ", "request_id": "req-885ecbc3-3a48-4426-835b-a0a41223880b"}]}
2026-07-21 14:34:49.279 8 WARNING tagging [None req-eafed7de-d266-4175-b72c-9c0a315af317 db913dd2768b46fdb2692248cb75a3c6 95058e84d67c495cbb5693d51d842b11 - - default default] project_id key not found in request, using tenant_id instead. This support has been deprecated and will be removed in a future release. [pid: 8|app: 0|req: 1121/2227] 10.0.0.241 () {32 vars in 731 bytes} [Tue Jul 21 14:34:49 2026] GET /v2.0/routers/cbfe9921-af07-4c3e-baf2-550924dbbff5/tags => generated 52 bytes in 106 msecs (HTTP/1.1 200) 4 headers in 156 bytes (1 switches on core 0)
2026-07-21 14:34:49.390 8 WARNING tagging [None req-2634369d-6b97-46cd-8d38-cb40739c74aa db913dd2768b46fdb2692248cb75a3c6 95058e84d67c495cbb5693d51d842b11 - - default default] project_id key not found in request, using tenant_id instead. This support has been deprecated and will be removed in a future release. [pid: 8|app: 0|req: 1122/2228] 10.0.0.241 () {34 vars in 751 bytes} [Tue Jul 21 14:34:49 2026] PUT /v2.0/routers/cbfe9921-af07-4c3e-baf2-550924dbbff5/tags => generated 37 bytes in 105 msecs (HTTP/1.1 200) 4 headers in 156 bytes (1 switches on core 0)
2026-07-21 14:34:49.504 8 WARNING tagging [None req-ce877f09-649f-44ca-bab8-b1343e4ec336 db913dd2768b46fdb2692248cb75a3c6 95058e84d67c495cbb5693d51d842b11 - - default default] project_id key not found in request, using tenant_id instead. This support has been deprecated and will be removed in a future release. [pid: 8|app: 0|req: 1123/2229] 10.0.0.241 () {32 vars in 731 bytes} [Tue Jul 21 14:34:49 2026] GET /v2.0/routers/cbfe9921-af07-4c3e-baf2-550924dbbff5/tags => generated 37 bytes in 76 msecs (HTTP/1.1 200) 4 headers in 156 bytes (1 switches on core 0)
2026-07-21 14:34:49.608 8 WARNING tagging [None req-7b1e0d86-9d98-4207-9020-605bca6acbd6 db913dd2768b46fdb2692248cb75a3c6 95058e84d67c495cbb5693d51d842b11 - - default default] project_id key not found in request, using tenant_id instead. This support has been deprecated and will be removed in a future release. [pid: 8|app: 0|req: 1124/2230] 10.0.0.241 () {32 vars in 739 bytes} [Tue Jul 21 14:34:49 2026] GET /v2.0/routers/cbfe9921-af07-4c3e-baf2-550924dbbff5/tags/red => generated 0 bytes in 111 msecs (HTTP/1.1 204) 2 headers in 112 bytes (1 switches on core 0)
2026-07-21 14:34:49.704 8 WARNING tagging [None req-2e674e51-b438-41d0-9815-4a0942962e6d db913dd2768b46fdb2692248cb75a3c6 95058e84d67c495cbb5693d51d842b11 - - default default] project_id key not found in request, using tenant_id instead. This support has been deprecated and will be removed in a future release.
2026-07-21 14:34:49.748 8 INFO neutron.api.v2.resource [None req-2e674e51-b438-41d0-9815-4a0942962e6d db913dd2768b46fdb2692248cb75a3c6 95058e84d67c495cbb5693d51d842b11 - - default default] show failed (client error): The resource could not be found. [pid: 8|app: 0|req: 1125/2231] 10.0.0.241 () {32 vars in 743 bytes} [Tue Jul 21 14:34:49 2026] GET /v2.0/routers/cbfe9921-af07-4c3e-baf2-550924dbbff5/tags/green => generated 99 bytes in 91 msecs (HTTP/1.1 404) 4 headers in 163 bytes (1 switches on core 0)
2026-07-21 14:34:49.802 8 WARNING tagging [None req-cec42992-af58-4520-a58c-d66d01c86581 db913dd2768b46fdb2692248cb75a3c6 95058e84d67c495cbb5693d51d842b11 - - default default] project_id key not found in request, using tenant_id instead. This support has been deprecated and will be removed in a future release. [pid: 8|app: 0|req: 1126/2232] 10.0.0.241 () {32 vars in 742 bytes} [Tue Jul 21 14:34:49 2026] DELETE /v2.0/routers/cbfe9921-af07-4c3e-baf2-550924dbbff5/tags/red => generated 0 bytes in 106 msecs (HTTP/1.1 204) 2 headers in 112 bytes (1 switches on core 0)
2026-07-21 14:34:49.927 8 WARNING tagging [None req-7c8daa75-a9db-4094-a5f4-3ed8401535cb db913dd2768b46fdb2692248cb75a3c6 95058e84d67c495cbb5693d51d842b11 - - default default] project_id key not found in request, using tenant_id instead. This support has been deprecated and will be removed in a future release. [pid: 8|app: 0|req: 1127/2233] 10.0.0.241 () {32 vars in 731 bytes} [Tue Jul 21 14:34:49 2026] GET /v2.0/routers/cbfe9921-af07-4c3e-baf2-550924dbbff5/tags => generated 30 bytes in 106 msecs (HTTP/1.1 200) 4 headers in 156 bytes (1 switches on core 0)
2026-07-21 14:34:50.010 7 INFO neutron.db.ovn_revision_numbers_db [None req-45fa2d64-3b00-4c71-a34a-28a59dbf2b19 - - - - - -] Successfully bumped revision number for resource 79407f0b-9482-47d5-ade1-9b7f0dc1b6c5 (type: ports) to 5
2026-07-21 14:34:50.027 8 WARNING tagging [None req-d152763e-5f04-4b56-87c3-e569e75fbb04 db913dd2768b46fdb2692248cb75a3c6 95058e84d67c495cbb5693d51d842b11 - - default default] project_id key not found in request, using tenant_id instead. This support has been deprecated and will be removed in a future release.
2026-07-21 14:34:50.073 8 INFO neutron.api.v2.resource [None req-d152763e-5f04-4b56-87c3-e569e75fbb04 db913dd2768b46fdb2692248cb75a3c6 95058e84d67c495cbb5693d51d842b11 - - default default] delete failed (client error): The resource could not be found. [pid: 8|app: 0|req: 1128/2234] 10.0.0.241 () {32 vars in 746 bytes} [Tue Jul 21 14:34:49 2026] DELETE /v2.0/routers/cbfe9921-af07-4c3e-baf2-550924dbbff5/tags/green => generated 99 bytes in 90 msecs (HTTP/1.1 404) 4 headers in 163 bytes (1 switches on core 0)
2026-07-21 14:34:50.299 8 WARNING neutron.db.securitygroups_db [None req-d6202089-ad38-468c-9a7b-7f206c8603af fa420d162eb14791b146f3624d38cc62 e8d6d75ee70e476ead7ffe8ea7c36383 - - default default] project_id key not found in filters, using tenant_id instead. This support has been deprecated and will be removed in a future release. [pid: 8|app: 0|req: 1129/2235] 10.0.0.241 () {32 vars in 774 bytes} [Tue Jul 21 14:34:50 2026] GET /v2.0/security-groups?tenant_id=fd7b3818c24b492692c594aba9947fee&name=default => generated 2925 bytes in 255 msecs (HTTP/1.1 200) 4 headers in 158 bytes (1 switches on core 0)
2026-07-21 14:34:50.381 8 WARNING tagging [None req-bea90f25-5f3a-471a-9d45-981bf2442a28 db913dd2768b46fdb2692248cb75a3c6 95058e84d67c495cbb5693d51d842b11 - - default default] project_id key not found in request, using tenant_id instead. This support has been deprecated and will be removed in a future release. [pid: 8|app: 0|req: 1130/2236] 10.0.0.241 () {32 vars in 734 bytes} [Tue Jul 21 14:34:50 2026] DELETE /v2.0/routers/cbfe9921-af07-4c3e-baf2-550924dbbff5/tags => generated 0 bytes in 114 msecs (HTTP/1.1 204) 2 headers in 112 bytes (1 switches on core 0)
2026-07-21 14:34:50.498 8 INFO neutron.plugins.ml2.drivers.ovn.mech_driver.mech_driver [None req-de0c5949-54ed-4f3b-8a47-f7c02586d0b9 - - - - - -] OVN reports status up for port: ad3417a7-dc61-426d-8151-adfcc9aa86b5
2026-07-21 14:34:50.521 8 INFO neutron.plugins.ml2.plugin [None req-de0c5949-54ed-4f3b-8a47-f7c02586d0b9 - - - - - -] Attempt 1 to provision port ad3417a7-dc61-426d-8151-adfcc9aa86b5
2026-07-21 14:34:50.559 7 WARNING neutron.scheduler.dhcp_agent_scheduler [None req-4d611a34-dfd7-4772-a33a-63332a5699cb 420d632c9c7f468fb2a4d7b4527d8a47 7f8cbd1e16bd4330987518787fd220df - - default default] No more DHCP agents
2026-07-21 14:34:50.561 7 WARNING neutron.api.rpc.agentnotifiers.dhcp_rpc_agent_api [None req-4d611a34-dfd7-4772-a33a-63332a5699cb 420d632c9c7f468fb2a4d7b4527d8a47 7f8cbd1e16bd4330987518787fd220df - - default default] Unable to schedule network fea332da-004a-47be-abc7-2208740bae16: no agents available; will retry on subsequent port and subnet creation events. [pid: 8|app: 0|req: 1131/2237] 10.0.0.241 () {32 vars in 740 bytes} [Tue Jul 21 14:34:50 2026] DELETE /v2.0/security-groups/7913f977-848b-47f6-a196-5f7d4cadc705 => generated 0 bytes in 374 msecs (HTTP/1.1 204) 2 headers in 112 bytes (1 switches on core 0)
2026-07-21 14:34:50.879 7 INFO neutron.db.ovn_revision_numbers_db [None req-4d611a34-dfd7-4772-a33a-63332a5699cb 420d632c9c7f468fb2a4d7b4527d8a47 7f8cbd1e16bd4330987518787fd220df - - default default] Successfully bumped revision number for resource ad3417a7-dc61-426d-8151-adfcc9aa86b5 (type: router_ports) to 1 [pid: 7|app: 0|req: 1107/2238] 10.0.0.241 () {34 vars in 783 bytes} [Tue Jul 21 14:34:46 2026] PUT /v2.0/routers/aab89193-6a38-4ba3-938b-dbb911c329a9/add_router_interface => generated 310 bytes in 4213 msecs (HTTP/1.1 200) 4 headers in 157 bytes (1 switches on core 0)
2026-07-21 14:34:50.940 8 WARNING tagging [None req-b96c1d58-8c33-49fa-bc21-72beb0092d70 db913dd2768b46fdb2692248cb75a3c6 95058e84d67c495cbb5693d51d842b11 - - default default] project_id key not found in request, using tenant_id instead. This support has been deprecated and will be removed in a future release. [pid: 8|app: 0|req: 1132/2239] 10.0.0.241 () {32 vars in 731 bytes} [Tue Jul 21 14:34:50 2026] GET /v2.0/routers/cbfe9921-af07-4c3e-baf2-550924dbbff5/tags => generated 12 bytes in 230 msecs (HTTP/1.1 200) 4 headers in 156 bytes (1 switches on core 0)
2026-07-21 14:34:51.074 8 WARNING neutron.db.securitygroups_db [None req-4f87cf87-c365-427f-9a9e-5a2a226080a5 fa420d162eb14791b146f3624d38cc62 e8d6d75ee70e476ead7ffe8ea7c36383 - - default default] project_id key not found in filters, using tenant_id instead. This support has been deprecated and will be removed in a future release.
2026-07-21 14:34:51.486 8 INFO neutron.db.ovn_revision_numbers_db [None req-de0c5949-54ed-4f3b-8a47-f7c02586d0b9 - - - - - -] Successfully bumped revision number for resource ad3417a7-dc61-426d-8151-adfcc9aa86b5 (type: ports) to 2
2026-07-21 14:34:51.507 7 WARNING neutron.scheduler.dhcp_agent_scheduler [None req-4b1fb1bd-adaa-469c-9015-c444ed25b96f 420d632c9c7f468fb2a4d7b4527d8a47 7f8cbd1e16bd4330987518787fd220df - - default default] No more DHCP agents
2026-07-21 14:34:51.511 8 INFO neutron.db.ovn_revision_numbers_db [None req-4f87cf87-c365-427f-9a9e-5a2a226080a5 fa420d162eb14791b146f3624d38cc62 e8d6d75ee70e476ead7ffe8ea7c36383 - - default default] Successfully bumped revision number for resource 91d4b16b-b37c-4a83-bc76-259d2496d82b (type: security_groups) to 1
2026-07-21 14:34:51.513 7 WARNING neutron.api.rpc.agentnotifiers.dhcp_rpc_agent_api [None req-4b1fb1bd-adaa-469c-9015-c444ed25b96f 420d632c9c7f468fb2a4d7b4527d8a47 7f8cbd1e16bd4330987518787fd220df - - default default] Unable to schedule network 75e7d9c0-e04b-4443-bd4d-7c136c649528: no agents available; will retry on subsequent port and subnet creation events.
2026-07-21 14:34:51.554 8 INFO neutron.db.ovn_revision_numbers_db [None req-4f87cf87-c365-427f-9a9e-5a2a226080a5 fa420d162eb14791b146f3624d38cc62 e8d6d75ee70e476ead7ffe8ea7c36383 - - default default] Successfully bumped revision number for resource 07b6e47c-1ff3-40dd-b5fa-325011e17dc1 (type: security_group_rules) to 0
2026-07-21 14:34:51.593 8 INFO neutron.db.ovn_revision_numbers_db [None req-4f87cf87-c365-427f-9a9e-5a2a226080a5 fa420d162eb14791b146f3624d38cc62 e8d6d75ee70e476ead7ffe8ea7c36383 - - default default] Successfully bumped revision number for resource 17fdb71b-690d-4feb-9d67-1cdf84c6c490 (type: security_group_rules) to 0
2026-07-21 14:34:51.613 8 INFO neutron.db.ovn_revision_numbers_db [None req-4f87cf87-c365-427f-9a9e-5a2a226080a5 fa420d162eb14791b146f3624d38cc62 e8d6d75ee70e476ead7ffe8ea7c36383 - - default default] Successfully bumped revision number for resource 3f310a44-f44f-4e8b-ab93-a74ca772c553 (type: security_group_rules) to 0
2026-07-21 14:34:51.638 8 INFO neutron.db.ovn_revision_numbers_db [None req-4f87cf87-c365-427f-9a9e-5a2a226080a5 fa420d162eb14791b146f3624d38cc62 e8d6d75ee70e476ead7ffe8ea7c36383 - - default default] Successfully bumped revision number for resource b95611a6-9887-4bfa-8559-1c1151cdc3b3 (type: security_group_rules) to 0 [pid: 8|app: 0|req: 1133/2240] 10.0.0.241 () {32 vars in 774 bytes} [Tue Jul 21 14:34:51 2026] GET /v2.0/security-groups?tenant_id=4a1893706adc4919a367886968f6b86f&name=default => generated 2925 bytes in 672 msecs (HTTP/1.1 200) 4 headers in 158 bytes (1 switches on core 0)
2026-07-21 14:34:51.762 7 INFO neutron.db.ovn_revision_numbers_db [None req-4b1fb1bd-adaa-469c-9015-c444ed25b96f 420d632c9c7f468fb2a4d7b4527d8a47 7f8cbd1e16bd4330987518787fd220df - - default default] Successfully bumped revision number for resource 0bd265af-9838-4074-b9cd-5cdd68cd035d (type: ports) to 1 [pid: 8|app: 0|req: 1134/2241] 10.0.0.241 () {32 vars in 721 bytes} [Tue Jul 21 14:34:51 2026] GET /v2.0/routers/cbfe9921-af07-4c3e-baf2-550924dbbff5 => generated 597 bytes in 52 msecs (HTTP/1.1 200) 4 headers in 157 bytes (1 switches on core 0) [pid: 8|app: 0|req: 1135/2242] 10.0.0.241 () {32 vars in 740 bytes} [Tue Jul 21 14:34:51 2026] DELETE /v2.0/security-groups/91d4b16b-b37c-4a83-bc76-259d2496d82b => generated 0 bytes in 184 msecs (HTTP/1.1 204) 2 headers in 112 bytes (1 switches on core 0)
2026-07-21 14:34:52.334 8 INFO neutron.db.ovn_revision_numbers_db [None req-c067be24-e257-41ab-85d1-dfeb5a0b7562 08c8b93c7eff4fa4b454e94b66ed5bd5 cefb0e0f65c74e8694f4c9f31c2fea37 - - default default] Successfully bumped revision number for resource fff99823-21a5-44b7-a12f-a2631e446caa (type: security_groups) to 1
2026-07-21 14:34:52.346 8 INFO neutron.db.ovn_revision_numbers_db [None req-c067be24-e257-41ab-85d1-dfeb5a0b7562 08c8b93c7eff4fa4b454e94b66ed5bd5 cefb0e0f65c74e8694f4c9f31c2fea37 - - default default] Successfully bumped revision number for resource 0590de07-12c1-4e80-bfa1-b8d11295e92b (type: security_group_rules) to 0
2026-07-21 14:34:52.363 8 INFO neutron.db.ovn_revision_numbers_db [None req-c067be24-e257-41ab-85d1-dfeb5a0b7562 08c8b93c7eff4fa4b454e94b66ed5bd5 cefb0e0f65c74e8694f4c9f31c2fea37 - - default default] Successfully bumped revision number for resource 24b28812-6055-4c1a-b3f1-2981cfc82c83 (type: security_group_rules) to 0
2026-07-21 14:34:52.378 8 INFO neutron.db.ovn_revision_numbers_db [None req-c067be24-e257-41ab-85d1-dfeb5a0b7562 08c8b93c7eff4fa4b454e94b66ed5bd5 cefb0e0f65c74e8694f4c9f31c2fea37 - - default default] Successfully bumped revision number for resource 808c3a7f-4095-495c-bbab-09aa91da5132 (type: security_group_rules) to 0
2026-07-21 14:34:52.394 8 INFO neutron.db.ovn_revision_numbers_db [None req-c067be24-e257-41ab-85d1-dfeb5a0b7562 08c8b93c7eff4fa4b454e94b66ed5bd5 cefb0e0f65c74e8694f4c9f31c2fea37 - - default default] Successfully bumped revision number for resource bf71a5fb-f93c-4d53-96db-696e0f9f5e16 (type: security_group_rules) to 0
2026-07-21 14:34:52.542 8 INFO neutron.db.ovn_revision_numbers_db [None req-c067be24-e257-41ab-85d1-dfeb5a0b7562 08c8b93c7eff4fa4b454e94b66ed5bd5 cefb0e0f65c74e8694f4c9f31c2fea37 - - default default] Successfully bumped revision number for resource a9010d26-eb93-4b85-b15c-892abc55c669 (type: security_groups) to 1
2026-07-21 14:34:52.582 8 INFO neutron.db.ovn_revision_numbers_db [None req-c067be24-e257-41ab-85d1-dfeb5a0b7562 08c8b93c7eff4fa4b454e94b66ed5bd5 cefb0e0f65c74e8694f4c9f31c2fea37 - - default default] Successfully bumped revision number for resource 40af2f61-eb68-4d7c-84a9-e4bbf0611c8e (type: security_group_rules) to 0
2026-07-21 14:34:52.596 8 INFO neutron.db.ovn_revision_numbers_db [None req-c067be24-e257-41ab-85d1-dfeb5a0b7562 08c8b93c7eff4fa4b454e94b66ed5bd5 cefb0e0f65c74e8694f4c9f31c2fea37 - - default default] Successfully bumped revision number for resource d0e66a18-2ed8-4608-bcf2-77d61ddd0046 (type: security_group_rules) to 0 [pid: 8|app: 0|req: 1136/2243] 10.0.0.241 () {34 vars in 684 bytes} [Tue Jul 21 14:34:51 2026] POST /v2.0/security-groups => generated 1601 bytes in 682 msecs (HTTP/1.1 201) 4 headers in 163 bytes (1 switches on core 0)
2026-07-21 14:34:52.830 7 WARNING neutron.scheduler.dhcp_agent_scheduler [None req-4b1fb1bd-adaa-469c-9015-c444ed25b96f 420d632c9c7f468fb2a4d7b4527d8a47 7f8cbd1e16bd4330987518787fd220df - - default default] No more DHCP agents
2026-07-21 14:34:52.831 7 WARNING neutron.api.rpc.agentnotifiers.dhcp_rpc_agent_api [None req-4b1fb1bd-adaa-469c-9015-c444ed25b96f 420d632c9c7f468fb2a4d7b4527d8a47 7f8cbd1e16bd4330987518787fd220df - - default default] Unable to schedule network 75e7d9c0-e04b-4443-bd4d-7c136c649528: no agents available; will retry on subsequent port and subnet creation events.
2026-07-21 14:34:53.049 8 INFO neutron.db.ovn_revision_numbers_db [None req-d925dc7c-ee0b-4f5d-9c17-70767e05c4d6 db913dd2768b46fdb2692248cb75a3c6 95058e84d67c495cbb5693d51d842b11 - - default default] Successfully bumped revision number for resource cbfe9921-af07-4c3e-baf2-550924dbbff5 (type: routers) to 7 [pid: 8|app: 0|req: 1137/2244] 10.0.0.241 () {34 vars in 742 bytes} [Tue Jul 21 14:34:52 2026] PUT /v2.0/routers/cbfe9921-af07-4c3e-baf2-550924dbbff5 => generated 597 bytes in 412 msecs (HTTP/1.1 200) 4 headers in 157 bytes (1 switches on core 0)
2026-07-21 14:34:53.062 8 WARNING neutron.db.securitygroups_db [None req-e2a96bef-b2b6-406d-bb1c-5bf3fe30f8e9 fa420d162eb14791b146f3624d38cc62 e8d6d75ee70e476ead7ffe8ea7c36383 - - default default] project_id key not found in filters, using tenant_id instead. This support has been deprecated and will be removed in a future release.
2026-07-21 14:34:53.202 7 INFO neutron.db.ovn_revision_numbers_db [None req-4b1fb1bd-adaa-469c-9015-c444ed25b96f 420d632c9c7f468fb2a4d7b4527d8a47 7f8cbd1e16bd4330987518787fd220df - - default default] Successfully bumped revision number for resource 0bd265af-9838-4074-b9cd-5cdd68cd035d (type: router_ports) to 1 [pid: 7|app: 0|req: 1108/2245] 10.0.0.241 () {34 vars in 783 bytes} [Tue Jul 21 14:34:50 2026] PUT /v2.0/routers/aab89193-6a38-4ba3-938b-dbb911c329a9/add_router_interface => generated 310 bytes in 2320 msecs (HTTP/1.1 200) 4 headers in 157 bytes (1 switches on core 0)
2026-07-21 14:34:53.391 8 INFO neutron.db.ovn_revision_numbers_db [None req-e2a96bef-b2b6-406d-bb1c-5bf3fe30f8e9 fa420d162eb14791b146f3624d38cc62 e8d6d75ee70e476ead7ffe8ea7c36383 - - default default] Successfully bumped revision number for resource 5bfc0ee1-ade9-4bca-80de-66538e021530 (type: security_groups) to 1
2026-07-21 14:34:53.410 8 INFO neutron.db.ovn_revision_numbers_db [None req-e2a96bef-b2b6-406d-bb1c-5bf3fe30f8e9 fa420d162eb14791b146f3624d38cc62 e8d6d75ee70e476ead7ffe8ea7c36383 - - default default] Successfully bumped revision number for resource 173a5378-09dd-4e13-aa92-71f837e937b8 (type: security_group_rules) to 0
2026-07-21 14:34:53.430 7 INFO neutron.db.ovn_revision_numbers_db [None req-d305f358-f170-45dc-958c-927aa06adfc6 08c8b93c7eff4fa4b454e94b66ed5bd5 cefb0e0f65c74e8694f4c9f31c2fea37 - - default default] Successfully bumped revision number for resource 97a370b0-0899-49dd-9358-a85147c6d692 (type: security_groups) to 1
2026-07-21 14:34:53.443 8 INFO neutron.db.ovn_revision_numbers_db [None req-e2a96bef-b2b6-406d-bb1c-5bf3fe30f8e9 fa420d162eb14791b146f3624d38cc62 e8d6d75ee70e476ead7ffe8ea7c36383 - - default default] Successfully bumped revision number for resource 43f5e035-751c-4822-9c49-c864f56b8316 (type: security_group_rules) to 0
2026-07-21 14:34:53.450 7 INFO neutron.db.ovn_revision_numbers_db [None req-d305f358-f170-45dc-958c-927aa06adfc6 08c8b93c7eff4fa4b454e94b66ed5bd5 cefb0e0f65c74e8694f4c9f31c2fea37 - - default default] Successfully bumped revision number for resource 555063dd-b931-44a3-9052-8c469ac89b93 (type: security_group_rules) to 0
2026-07-21 14:34:53.464 8 INFO neutron.db.ovn_revision_numbers_db [None req-e2a96bef-b2b6-406d-bb1c-5bf3fe30f8e9 fa420d162eb14791b146f3624d38cc62 e8d6d75ee70e476ead7ffe8ea7c36383 - - default default] Successfully bumped revision number for resource 82d49782-4f05-40cf-81c9-35c240d4ab22 (type: security_group_rules) to 0
2026-07-21 14:34:53.470 7 INFO neutron.db.ovn_revision_numbers_db [None req-d305f358-f170-45dc-958c-927aa06adfc6 08c8b93c7eff4fa4b454e94b66ed5bd5 cefb0e0f65c74e8694f4c9f31c2fea37 - - default default] Successfully bumped revision number for resource 98cc8476-885d-4507-99bb-bc2b6a33dcca (type: security_group_rules) to 0
2026-07-21 14:34:53.497 8 INFO neutron.db.ovn_revision_numbers_db [None req-e2a96bef-b2b6-406d-bb1c-5bf3fe30f8e9 fa420d162eb14791b146f3624d38cc62 e8d6d75ee70e476ead7ffe8ea7c36383 - - default default] Successfully bumped revision number for resource fc782d2b-24dd-4bb0-bcb6-b2e131b3a047 (type: security_group_rules) to 0 [pid: 7|app: 0|req: 1109/2246] 10.0.0.241 () {34 vars in 684 bytes} [Tue Jul 21 14:34:53 2026] POST /v2.0/security-groups => generated 1601 bytes in 325 msecs (HTTP/1.1 201) 4 headers in 163 bytes (1 switches on core 0) [pid: 7|app: 0|req: 1110/2247] 10.0.0.241 () {32 vars in 736 bytes} [Tue Jul 21 14:34:53 2026] GET /v2.0/ports?device_id=cbfe9921-af07-4c3e-baf2-550924dbbff5 => generated 12 bytes in 19 msecs (HTTP/1.1 200) 4 headers in 156 bytes (1 switches on core 0) [pid: 8|app: 0|req: 1138/2248] 10.0.0.241 () {32 vars in 774 bytes} [Tue Jul 21 14:34:53 2026] GET /v2.0/security-groups?tenant_id=f92043ee564e4a988f2fce0ee96166f8&name=default => generated 2925 bytes in 536 msecs (HTTP/1.1 200) 4 headers in 158 bytes (1 switches on core 0) [pid: 8|app: 0|req: 1139/2249] 10.0.0.144 () {28 vars in 619 bytes} [Tue Jul 21 14:34:53 2026] GET /v2.0/network-ip-availabilities => generated 5531 bytes in 235 msecs (HTTP/1.1 200) 4 headers in 158 bytes (1 switches on core 0)
2026-07-21 14:34:54.023 8 INFO neutron.db.ovn_revision_numbers_db [None req-d80bd1c7-f2a9-4ffb-a842-35f2e50edc0a 08c8b93c7eff4fa4b454e94b66ed5bd5 cefb0e0f65c74e8694f4c9f31c2fea37 - - default default] Successfully bumped revision number for resource f00461ca-c83c-4763-8009-f6b9d63e8577 (type: security_groups) to 1
2026-07-21 14:34:54.036 8 INFO neutron.db.ovn_revision_numbers_db [None req-d80bd1c7-f2a9-4ffb-a842-35f2e50edc0a 08c8b93c7eff4fa4b454e94b66ed5bd5 cefb0e0f65c74e8694f4c9f31c2fea37 - - default default] Successfully bumped revision number for resource 039e7734-33df-4dee-8c57-87690a9e22d7 (type: security_group_rules) to 0
2026-07-21 14:34:54.056 8 INFO neutron.db.ovn_revision_numbers_db [None req-d80bd1c7-f2a9-4ffb-a842-35f2e50edc0a 08c8b93c7eff4fa4b454e94b66ed5bd5 cefb0e0f65c74e8694f4c9f31c2fea37 - - default default] Successfully bumped revision number for resource 379d0a16-7747-4576-b858-884e63eba578 (type: security_group_rules) to 0 [pid: 8|app: 0|req: 1140/2250] 10.0.0.241 () {34 vars in 684 bytes} [Tue Jul 21 14:34:53 2026] POST /v2.0/security-groups => generated 1601 bytes in 285 msecs (HTTP/1.1 201) 4 headers in 163 bytes (1 switches on core 0)
2026-07-21 14:34:54.407 7 WARNING neutron.scheduler.dhcp_agent_scheduler [None req-1aef086d-11e0-4da7-9bae-3e8018a97e42 420d632c9c7f468fb2a4d7b4527d8a47 7f8cbd1e16bd4330987518787fd220df - - default default] No more DHCP agents
2026-07-21 14:34:54.409 7 WARNING neutron.api.rpc.agentnotifiers.dhcp_rpc_agent_api [None req-1aef086d-11e0-4da7-9bae-3e8018a97e42 420d632c9c7f468fb2a4d7b4527d8a47 7f8cbd1e16bd4330987518787fd220df - - default default] Unable to schedule network f8f2ce5e-77f1-4080-ab86-bdb949710caa: no agents available; will retry on subsequent port and subnet creation events.
2026-07-21 14:34:54.640 7 INFO neutron.db.ovn_revision_numbers_db [None req-1aef086d-11e0-4da7-9bae-3e8018a97e42 420d632c9c7f468fb2a4d7b4527d8a47 7f8cbd1e16bd4330987518787fd220df - - default default] Successfully bumped revision number for resource 9e89eef6-9949-4c05-8249-617b3adaf88d (type: ports) to 1 [pid: 8|app: 0|req: 1141/2251] 10.0.0.241 () {32 vars in 724 bytes} [Tue Jul 21 14:34:54 2026] DELETE /v2.0/routers/cbfe9921-af07-4c3e-baf2-550924dbbff5 => generated 0 bytes in 1010 msecs (HTTP/1.1 204) 2 headers in 112 bytes (1 switches on core 0) [pid: 8|app: 0|req: 1142/2252] 10.0.0.241 () {32 vars in 740 bytes} [Tue Jul 21 14:34:55 2026] DELETE /v2.0/security-groups/5bfc0ee1-ade9-4bca-80de-66538e021530 => generated 0 bytes in 254 msecs (HTTP/1.1 204) 2 headers in 112 bytes (1 switches on core 0) [pid: 8|app: 0|req: 1143/2253] 10.0.0.144 () {28 vars in 591 bytes} [Tue Jul 21 14:34:55 2026] GET /v2.0/floatingips => generated 19 bytes in 25 msecs (HTTP/1.1 200) 4 headers in 156 bytes (1 switches on core 0)
2026-07-21 14:34:55.610 8 INFO neutron.db.ovn_revision_numbers_db [None req-eafe229b-deda-4013-bbd6-897443760423 08c8b93c7eff4fa4b454e94b66ed5bd5 cefb0e0f65c74e8694f4c9f31c2fea37 - - default default] Successfully bumped revision number for resource bf92a7cf-68ec-4ef4-bb88-6841a6b6147c (type: security_groups) to 1
2026-07-21 14:34:55.632 8 INFO neutron.db.ovn_revision_numbers_db [None req-eafe229b-deda-4013-bbd6-897443760423 08c8b93c7eff4fa4b454e94b66ed5bd5 cefb0e0f65c74e8694f4c9f31c2fea37 - - default default] Successfully bumped revision number for resource 9775d367-e6f2-48d2-a35f-45bde0e312bd (type: security_group_rules) to 0
2026-07-21 14:34:55.664 8 INFO neutron.db.ovn_revision_numbers_db [None req-eafe229b-deda-4013-bbd6-897443760423 08c8b93c7eff4fa4b454e94b66ed5bd5 cefb0e0f65c74e8694f4c9f31c2fea37 - - default default] Successfully bumped revision number for resource f95f107c-ebbb-4dcc-b297-0d02f39c833d (type: security_group_rules) to 0 [pid: 8|app: 0|req: 1144/2254] 10.0.0.241 () {34 vars in 684 bytes} [Tue Jul 21 14:34:55 2026] POST /v2.0/security-groups => generated 1601 bytes in 325 msecs (HTTP/1.1 201) 4 headers in 163 bytes (1 switches on core 0) [pid: 8|app: 0|req: 1145/2255] 10.0.0.144 () {28 vars in 579 bytes} [Tue Jul 21 14:34:55 2026] GET /v2.0/ports => generated 12622 bytes in 87 msecs (HTTP/1.1 200) 4 headers in 159 bytes (1 switches on core 0)
2026-07-21 14:34:55.927 7 WARNING neutron.scheduler.dhcp_agent_scheduler [None req-1aef086d-11e0-4da7-9bae-3e8018a97e42 420d632c9c7f468fb2a4d7b4527d8a47 7f8cbd1e16bd4330987518787fd220df - - default default] No more DHCP agents
2026-07-21 14:34:55.930 7 WARNING neutron.api.rpc.agentnotifiers.dhcp_rpc_agent_api [None req-1aef086d-11e0-4da7-9bae-3e8018a97e42 420d632c9c7f468fb2a4d7b4527d8a47 7f8cbd1e16bd4330987518787fd220df - - default default] Unable to schedule network f8f2ce5e-77f1-4080-ab86-bdb949710caa: no agents available; will retry on subsequent port and subnet creation events.
2026-07-21 14:34:56.003 8 INFO neutron.db.ovn_revision_numbers_db [None req-1a1b16dd-ceb5-46f0-ba9a-9c8f741d7184 08c8b93c7eff4fa4b454e94b66ed5bd5 cefb0e0f65c74e8694f4c9f31c2fea37 - - default default] Successfully bumped revision number for resource 7a8e67ed-bf4e-4a75-b46e-07b460be8d43 (type: security_groups) to 1
2026-07-21 14:34:56.019 8 INFO neutron.db.ovn_revision_numbers_db [None req-1a1b16dd-ceb5-46f0-ba9a-9c8f741d7184 08c8b93c7eff4fa4b454e94b66ed5bd5 cefb0e0f65c74e8694f4c9f31c2fea37 - - default default] Successfully bumped revision number for resource c98a6c22-3185-4959-88f5-50240bbcef96 (type: security_group_rules) to 0
2026-07-21 14:34:56.042 8 INFO neutron.db.ovn_revision_numbers_db [None req-1a1b16dd-ceb5-46f0-ba9a-9c8f741d7184 08c8b93c7eff4fa4b454e94b66ed5bd5 cefb0e0f65c74e8694f4c9f31c2fea37 - - default default] Successfully bumped revision number for resource dc0d7965-9ea1-49bd-8ad7-d09366fd7e69 (type: security_group_rules) to 0 [pid: 8|app: 0|req: 1146/2256] 10.0.0.241 () {34 vars in 684 bytes} [Tue Jul 21 14:34:55 2026] POST /v2.0/security-groups => generated 1601 bytes in 260 msecs (HTTP/1.1 201) 4 headers in 163 bytes (1 switches on core 0) [pid: 8|app: 0|req: 1147/2257] 10.0.0.144 () {28 vars in 583 bytes} [Tue Jul 21 14:34:56 2026] GET /v2.0/subnets => generated 5513 bytes in 53 msecs (HTTP/1.1 200) 4 headers in 158 bytes (1 switches on core 0)
2026-07-21 14:34:56.162 8 WARNING tagging [None req-0bb6a8ac-a9d8-4f14-a966-f65b7624711a 08c8b93c7eff4fa4b454e94b66ed5bd5 cefb0e0f65c74e8694f4c9f31c2fea37 - - default default] project_id key not found in request, using tenant_id instead. This support has been deprecated and will be removed in a future release. [pid: 8|app: 0|req: 1148/2258] 10.0.0.241 () {34 vars in 767 bytes} [Tue Jul 21 14:34:56 2026] PUT /v2.0/security-groups/a9010d26-eb93-4b85-b15c-892abc55c669/tags => generated 17 bytes in 63 msecs (HTTP/1.1 200) 4 headers in 156 bytes (1 switches on core 0)
2026-07-21 14:34:56.352 7 INFO neutron.db.ovn_revision_numbers_db [None req-1aef086d-11e0-4da7-9bae-3e8018a97e42 420d632c9c7f468fb2a4d7b4527d8a47 7f8cbd1e16bd4330987518787fd220df - - default default] Successfully bumped revision number for resource 9e89eef6-9949-4c05-8249-617b3adaf88d (type: router_ports) to 1 [pid: 7|app: 0|req: 1111/2259] 10.0.0.241 () {34 vars in 783 bytes} [Tue Jul 21 14:34:53 2026] PUT /v2.0/routers/aab89193-6a38-4ba3-938b-dbb911c329a9/add_router_interface => generated 310 bytes in 2808 msecs (HTTP/1.1 200) 4 headers in 157 bytes (1 switches on core 0)
2026-07-21 14:34:56.370 7 INFO neutron.common.ovn.utils [None req-b76f77cc-03f7-484d-8a89-76a0e9ad5e8d - - - - - -] HA Chassis Group neutron-f8f2ce5e-77f1-4080-ab86-bdb949710caa synchronized; highest priority chassis aa5544fa-03d7-4d66-989c-97d642d4a9c5
2026-07-21 14:34:56.386 8 WARNING neutron.db.securitygroups_db [None req-a77d617a-c9b5-4ec5-8a54-7ce6d9e2c61f fa420d162eb14791b146f3624d38cc62 e8d6d75ee70e476ead7ffe8ea7c36383 - - default default] project_id key not found in filters, using tenant_id instead. This support has been deprecated and will be removed in a future release.
2026-07-21 14:34:56.451 8 WARNING neutron.plugins.ml2.drivers.ovn.mech_driver.ovsdb.ovn_client [None req-ba8f48a6-9388-4f95-a50b-6b1bf6a73d59 - - - - - -] No hosting information found for port ad3417a7-dc61-426d-8151-adfcc9aa86b5: RuntimeError: No hosting information found for port ad3417a7-dc61-426d-8151-adfcc9aa86b5 [pid: 7|app: 0|req: 1112/2260] 10.0.0.144 () {28 vars in 583 bytes} [Tue Jul 21 14:34:56 2026] GET /v2.0/routers => generated 986 bytes in 97 msecs (HTTP/1.1 200) 4 headers in 157 bytes (1 switches on core 0)
2026-07-21 14:34:56.494 7 WARNING tagging [None req-bb1ceeed-9fb3-47ca-9a88-21afadb874ca 08c8b93c7eff4fa4b454e94b66ed5bd5 cefb0e0f65c74e8694f4c9f31c2fea37 - - default default] project_id key not found in request, using tenant_id instead. This support has been deprecated and will be removed in a future release. [pid: 7|app: 0|req: 1113/2261] 10.0.0.241 () {34 vars in 767 bytes} [Tue Jul 21 14:34:56 2026] PUT /v2.0/security-groups/97a370b0-0899-49dd-9358-a85147c6d692/tags => generated 25 bytes in 83 msecs (HTTP/1.1 200) 4 headers in 156 bytes (1 switches on core 0)
2026-07-21 14:34:56.551 8 INFO neutron.common.ovn.utils [None req-ba8f48a6-9388-4f95-a50b-6b1bf6a73d59 - - - - - -] HA Chassis Group neutron-fea332da-004a-47be-abc7-2208740bae16 synchronized; highest priority chassis aa5544fa-03d7-4d66-989c-97d642d4a9c5
2026-07-21 14:34:56.692 8 INFO neutron.db.ovn_revision_numbers_db [None req-a77d617a-c9b5-4ec5-8a54-7ce6d9e2c61f fa420d162eb14791b146f3624d38cc62 e8d6d75ee70e476ead7ffe8ea7c36383 - - default default] Successfully bumped revision number for resource 763ed40a-d48c-46b9-b745-f8cbe3970fd0 (type: security_groups) to 1
2026-07-21 14:34:56.724 8 INFO neutron.db.ovn_revision_numbers_db [None req-a77d617a-c9b5-4ec5-8a54-7ce6d9e2c61f fa420d162eb14791b146f3624d38cc62 e8d6d75ee70e476ead7ffe8ea7c36383 - - default default] Successfully bumped revision number for resource a39310fa-62aa-4ec9-959e-06e5770de569 (type: security_group_rules) to 0
2026-07-21 14:34:56.726 7 INFO neutron.db.ovn_revision_numbers_db [None req-fe96a125-05e7-44fb-9081-88824f64b799 420d632c9c7f468fb2a4d7b4527d8a47 7f8cbd1e16bd4330987518787fd220df - - default default] Successfully bumped revision number for resource 9e01eff1-f5bc-4fca-bb35-8c0841eb9195 (type: security_groups) to 1
2026-07-21 14:34:56.736 8 INFO neutron.db.ovn_revision_numbers_db [None req-ba8f48a6-9388-4f95-a50b-6b1bf6a73d59 - - - - - -] Successfully bumped revision number for resource ad3417a7-dc61-426d-8151-adfcc9aa86b5 (type: router_ports) to 2
2026-07-21 14:34:56.744 7 INFO neutron.db.ovn_revision_numbers_db [None req-fe96a125-05e7-44fb-9081-88824f64b799 420d632c9c7f468fb2a4d7b4527d8a47 7f8cbd1e16bd4330987518787fd220df - - default default] Successfully bumped revision number for resource 70516410-eb8b-4996-a27d-a9f643c57839 (type: security_group_rules) to 0
2026-07-21 14:34:56.753 8 INFO neutron.db.ovn_revision_numbers_db [None req-a77d617a-c9b5-4ec5-8a54-7ce6d9e2c61f fa420d162eb14791b146f3624d38cc62 e8d6d75ee70e476ead7ffe8ea7c36383 - - default default] Successfully bumped revision number for resource a41b6f3a-9c39-4b75-ab19-6ceb663babb2 (type: security_group_rules) to 0
2026-07-21 14:34:56.761 7 INFO neutron.db.ovn_revision_numbers_db [None req-fe96a125-05e7-44fb-9081-88824f64b799 420d632c9c7f468fb2a4d7b4527d8a47 7f8cbd1e16bd4330987518787fd220df - - default default] Successfully bumped revision number for resource 91fa557a-828b-4ab9-9a96-edab1ccd5862 (type: security_group_rules) to 0
2026-07-21 14:34:56.780 8 INFO neutron.db.ovn_revision_numbers_db [None req-a77d617a-c9b5-4ec5-8a54-7ce6d9e2c61f fa420d162eb14791b146f3624d38cc62 e8d6d75ee70e476ead7ffe8ea7c36383 - - default default] Successfully bumped revision number for resource d339b830-e7d5-42fa-851b-c8d1f118c76f (type: security_group_rules) to 0 [pid: 7|app: 0|req: 1114/2262] 10.0.0.241 () {34 vars in 684 bytes} [Tue Jul 21 14:34:56 2026] POST /v2.0/security-groups => generated 1628 bytes in 254 msecs (HTTP/1.1 201) 4 headers in 163 bytes (1 switches on core 0)
2026-07-21 14:34:56.803 8 INFO neutron.db.ovn_revision_numbers_db [None req-a77d617a-c9b5-4ec5-8a54-7ce6d9e2c61f fa420d162eb14791b146f3624d38cc62 e8d6d75ee70e476ead7ffe8ea7c36383 - - default default] Successfully bumped revision number for resource ff3da820-e793-4066-9831-68cd29f4d9ac (type: security_group_rules) to 0
2026-07-21 14:34:56.806 8 INFO neutron.plugins.ml2.drivers.ovn.mech_driver.mech_driver [None req-ba8f48a6-9388-4f95-a50b-6b1bf6a73d59 - - - - - -] OVN reports status down for port: 0bd265af-9838-4074-b9cd-5cdd68cd035d [pid: 7|app: 0|req: 1115/2263] 10.0.0.144 () {28 vars in 624 bytes} [Tue Jul 21 14:34:56 2026] GET /v2.0/agents?binary=ovn-controller => generated 416 bytes in 15 msecs (HTTP/1.1 200) 4 headers in 157 bytes (1 switches on core 0)
2026-07-21 14:34:56.850 7 WARNING tagging [None req-7c7ccbd3-c839-4c55-bd41-319a58063238 08c8b93c7eff4fa4b454e94b66ed5bd5 cefb0e0f65c74e8694f4c9f31c2fea37 - - default default] project_id key not found in request, using tenant_id instead. This support has been deprecated and will be removed in a future release. [pid: 7|app: 0|req: 1116/2264] 10.0.0.241 () {34 vars in 767 bytes} [Tue Jul 21 14:34:56 2026] PUT /v2.0/security-groups/f00461ca-c83c-4763-8009-f6b9d63e8577/tags => generated 34 bytes in 72 msecs (HTTP/1.1 200) 4 headers in 156 bytes (1 switches on core 0) [pid: 8|app: 0|req: 1149/2265] 10.0.0.241 () {32 vars in 774 bytes} [Tue Jul 21 14:34:56 2026] GET /v2.0/security-groups?tenant_id=f1959e2ebcfb451e8981b9a49ca73ba1&name=default => generated 2925 bytes in 707 msecs (HTTP/1.1 200) 4 headers in 158 bytes (1 switches on core 0) [pid: 8|app: 0|req: 1150/2266] 10.0.0.144 () {28 vars in 581 bytes} [Tue Jul 21 14:34:56 2026] GET /v2.0/agents => generated 1214 bytes in 24 msecs (HTTP/1.1 200) 4 headers in 158 bytes (1 switches on core 0)
2026-07-21 14:34:57.006 8 WARNING tagging [None req-c890a0cb-fb27-4a7d-995d-de1d0da94632 08c8b93c7eff4fa4b454e94b66ed5bd5 cefb0e0f65c74e8694f4c9f31c2fea37 - - default default] project_id key not found in request, using tenant_id instead. This support has been deprecated and will be removed in a future release.
2026-07-21 14:34:57.011 8 WARNING neutron.plugins.ml2.drivers.ovn.mech_driver.ovsdb.ovn_client [None req-ba8f48a6-9388-4f95-a50b-6b1bf6a73d59 - - - - - -] Logical_Switch_Port 0bd265af-9838-4074-b9cd-5cdd68cd035d host information not removed, the port state is up
2026-07-21 14:34:57.012 8 INFO neutron.plugins.ml2.drivers.ovn.mech_driver.mech_driver [None req-ba8f48a6-9388-4f95-a50b-6b1bf6a73d59 - - - - - -] OVN reports status up for port: 0bd265af-9838-4074-b9cd-5cdd68cd035d
2026-07-21 14:34:57.060 8 INFO neutron.plugins.ml2.plugin [None req-ba8f48a6-9388-4f95-a50b-6b1bf6a73d59 - - - - - -] Attempt 1 to provision port 0bd265af-9838-4074-b9cd-5cdd68cd035d [pid: 8|app: 0|req: 1151/2267] 10.0.0.241 () {34 vars in 767 bytes} [Tue Jul 21 14:34:56 2026] PUT /v2.0/security-groups/bf92a7cf-68ec-4ef4-bb88-6841a6b6147c/tags => generated 19 bytes in 159 msecs (HTTP/1.1 200) 4 headers in 156 bytes (1 switches on core 0)
2026-07-21 14:34:57.102 7 INFO neutron.db.ovn_revision_numbers_db [None req-850871f9-1249-4e1a-b249-6f0b32ce652d 420d632c9c7f468fb2a4d7b4527d8a47 7f8cbd1e16bd4330987518787fd220df - - default default] Successfully bumped revision number for resource b1379a68-3205-4e70-a839-e317ef634056 (type: security_group_rules) to 0 [pid: 7|app: 0|req: 1117/2268] 10.0.0.241 () {34 vars in 695 bytes} [Tue Jul 21 14:34:56 2026] POST /v2.0/security-group-rules => generated 597 bytes in 289 msecs (HTTP/1.1 201) 4 headers in 162 bytes (1 switches on core 0) [pid: 7|app: 0|req: 1118/2269] 10.0.0.144 () {28 vars in 599 bytes} [Tue Jul 21 14:34:57 2026] GET /v2.0/security-groups => generated 36279 bytes in 60 msecs (HTTP/1.1 200) 4 headers in 159 bytes (1 switches on core 0) [pid: 7|app: 0|req: 1119/2270] 10.0.0.241 () {32 vars in 680 bytes} [Tue Jul 21 14:34:57 2026] GET /v2.0/security-groups?tags=red => generated 4804 bytes in 62 msecs (HTTP/1.1 200) 4 headers in 158 bytes (1 switches on core 0)
2026-07-21 14:34:57.462 7 INFO neutron.db.ovn_revision_numbers_db [None req-f48a0319-9ada-4d93-8cd5-e926e29d96ad 420d632c9c7f468fb2a4d7b4527d8a47 7f8cbd1e16bd4330987518787fd220df - - default default] Successfully bumped revision number for resource b6e454d5-a5dd-4ec7-8fa5-0dfc84009032 (type: security_group_rules) to 0 [pid: 7|app: 0|req: 1120/2271] 10.0.0.241 () {34 vars in 695 bytes} [Tue Jul 21 14:34:57 2026] POST /v2.0/security-group-rules => generated 597 bytes in 217 msecs (HTTP/1.1 201) 4 headers in 162 bytes (1 switches on core 0) [pid: 8|app: 0|req: 1152/2272] 10.0.0.241 () {32 vars in 740 bytes} [Tue Jul 21 14:34:57 2026] DELETE /v2.0/security-groups/763ed40a-d48c-46b9-b745-f8cbe3970fd0 => generated 0 bytes in 465 msecs (HTTP/1.1 204) 2 headers in 112 bytes (1 switches on core 0) [pid: 7|app: 0|req: 1121/2273] 10.0.0.144 () {28 vars in 583 bytes} [Tue Jul 21 14:34:57 2026] GET /v2.0/subnets => generated 5513 bytes in 50 msecs (HTTP/1.1 200) 4 headers in 158 bytes (1 switches on core 0) [pid: 8|app: 0|req: 1153/2274] 10.0.0.241 () {32 vars in 694 bytes} [Tue Jul 21 14:34:57 2026] GET /v2.0/security-groups?tags=red%2Cblue => generated 3218 bytes in 97 msecs (HTTP/1.1 200) 4 headers in 158 bytes (1 switches on core 0) [pid: 8|app: 0|req: 1154/2275] 10.0.0.144 () {28 vars in 591 bytes} [Tue Jul 21 14:34:57 2026] GET /v2.0/subnetpools => generated 19 bytes in 18 msecs (HTTP/1.1 200) 4 headers in 156 bytes (1 switches on core 0)
2026-07-21 14:34:57.762 7 INFO neutron.db.ovn_revision_numbers_db [None req-3e65058d-5a8c-49f1-b8f8-ba1ffa1bf4be 420d632c9c7f468fb2a4d7b4527d8a47 7f8cbd1e16bd4330987518787fd220df - - default default] Successfully bumped revision number for resource 6c072276-2da2-46f2-b4a8-89d83c3aee6c (type: security_group_rules) to 0 [pid: 8|app: 0|req: 1155/2276] 10.0.0.241 () {32 vars in 690 bytes} [Tue Jul 21 14:34:57 2026] GET /v2.0/security-groups?tags-any=blue => generated 3218 bytes in 103 msecs (HTTP/1.1 200) 4 headers in 158 bytes (1 switches on core 0) [pid: 7|app: 0|req: 1122/2277] 10.0.0.241 () {34 vars in 695 bytes} [Tue Jul 21 14:34:57 2026] POST /v2.0/security-group-rules => generated 599 bytes in 250 msecs (HTTP/1.1 201) 4 headers in 162 bytes (1 switches on core 0) [pid: 7|app: 0|req: 1123/2278] 10.0.0.241 () {32 vars in 702 bytes} [Tue Jul 21 14:34:57 2026] GET /v2.0/security-groups?tags-any=red%2Cblue => generated 4804 bytes in 64 msecs (HTTP/1.1 200) 4 headers in 158 bytes (1 switches on core 0) [pid: 8|app: 0|req: 1156/2279] 10.0.0.144 () {28 vars in 585 bytes} [Tue Jul 21 14:34:57 2026] GET /v2.0/networks => generated 4770 bytes in 139 msecs (HTTP/1.1 200) 4 headers in 158 bytes (1 switches on core 0)
2026-07-21 14:34:57.923 8 WARNING neutron.db.securitygroups_db [None req-56534ff6-5993-4ecd-b9ee-71b060ac8ff6 fa420d162eb14791b146f3624d38cc62 e8d6d75ee70e476ead7ffe8ea7c36383 - - default default] project_id key not found in filters, using tenant_id instead. This support has been deprecated and will be removed in a future release.
2026-07-21 14:34:58.073 7 INFO neutron.db.ovn_revision_numbers_db [None req-c1ea08aa-6491-46a0-a767-26d3c9bbd77f 420d632c9c7f468fb2a4d7b4527d8a47 7f8cbd1e16bd4330987518787fd220df - - default default] Successfully bumped revision number for resource 4a32ba13-5eca-47ce-a588-efd60242fdc5 (type: security_group_rules) to 0 [pid: 7|app: 0|req: 1124/2280] 10.0.0.241 () {34 vars in 695 bytes} [Tue Jul 21 14:34:57 2026] POST /v2.0/security-group-rules => generated 601 bytes in 250 msecs (HTTP/1.1 201) 4 headers in 162 bytes (1 switches on core 0)
2026-07-21 14:34:58.203 8 INFO neutron.db.ovn_revision_numbers_db [None req-56534ff6-5993-4ecd-b9ee-71b060ac8ff6 fa420d162eb14791b146f3624d38cc62 e8d6d75ee70e476ead7ffe8ea7c36383 - - default default] Successfully bumped revision number for resource 6bb2d343-5fe9-455b-8f9f-25a53f3e57c4 (type: security_groups) to 1
