2026-07-21 14:32:48.673 7 INFO neutron.services.segments.plugin [-] Segment f4a60ec1-f2de-4118-b762-b059c1931008 resource provider aggregate not found
2026-07-21 14:32:48.681 7 INFO neutron.services.segments.plugin [-] Segment f4a60ec1-f2de-4118-b762-b059c1931008 resource provider aggregate not found
2026-07-21 14:32:48.707 7 INFO neutron.services.segments.plugin [-] Client error retrieving segment f4a60ec1-f2de-4118-b762-b059c1931008 resource provider; error: Placement Client Error (4xx): {"errors": [{"status": 404, "title": "Not Found", "detail": "The resource could not be found.\n\n No resource provider with uuid f4a60ec1-f2de-4118-b762-b059c1931008 found for delete ", "request_id": "req-55ff1781-fe99-40d1-ae1d-a1537ed1e46f"}]}
2026-07-21 14:32:48.709 7 INFO neutron.services.segments.plugin [-] Client error retrieving segment f4a60ec1-f2de-4118-b762-b059c1931008 resource provider; error: Placement Client Error (4xx): {"errors": [{"status": 404, "title": "Not Found", "detail": "The resource could not be found.\n\n No resource provider with uuid f4a60ec1-f2de-4118-b762-b059c1931008 found for delete ", "request_id": "req-38281594-a494-4c27-b25e-c48228ebe69d"}]} [pid: 7|app: 0|req: 739/1509] 10.0.0.241 () {32 vars in 726 bytes} [Tue Jul 21 14:32:48 2026] DELETE /v2.0/networks/5f47a188-1bff-4f1a-b778-f304aa579543 => generated 0 bytes in 386 msecs (HTTP/1.1 204) 3 headers in 131 bytes (1 switches on core 0) [pid: 7|app: 0|req: 740/1510] 10.0.0.241 () {32 vars in 724 bytes} [Tue Jul 21 14:32:48 2026] DELETE /v2.0/subnets/23c9343f-abcb-42d7-9353-f6957a8e02a7 => generated 0 bytes in 165 msecs (HTTP/1.1 204) 3 headers in 131 bytes (1 switches on core 0)
2026-07-21 14:32:48.911 7 INFO neutron.pecan_wsgi.hooks.translation [None req-345064ba-ac4c-4b6d-b8f6-f9ef03aa7fbe 7824f60bc71648d2b4465faad4211d13 ce52382650de4a34bbbc66b987f2c0c2 - - default default] DELETE failed (client error): The resource could not be found. [pid: 7|app: 0|req: 741/1511] 10.0.0.241 () {32 vars in 724 bytes} [Tue Jul 21 14:32:48 2026] DELETE /v2.0/subnets/6ca28e97-c10f-4bc3-82d6-5a182dcd13ea => generated 136 bytes in 15 msecs (HTTP/1.1 404) 4 headers in 164 bytes (1 switches on core 0)
2026-07-21 14:32:48.947 8 WARNING neutron.scheduler.dhcp_agent_scheduler [None req-6c47f8b7-bf23-4d41-96a8-b8f26b6b2d63 fa420d162eb14791b146f3624d38cc62 e8d6d75ee70e476ead7ffe8ea7c36383 - - default default] No more DHCP agents
2026-07-21 14:32:48.950 8 WARNING neutron.api.rpc.agentnotifiers.dhcp_rpc_agent_api [None req-6c47f8b7-bf23-4d41-96a8-b8f26b6b2d63 fa420d162eb14791b146f3624d38cc62 e8d6d75ee70e476ead7ffe8ea7c36383 - - default default] Unable to schedule network 92d9def3-c275-414d-bf36-df2b1d3ad570: no agents available; will retry on subsequent port and subnet creation events.
2026-07-21 14:32:49.052 7 INFO neutron_taas.services.taas.taas_plugin [None req-056de54e-9895-4777-a9f9-216470f7150c 94ed4ba0cfdf4c5086dfbe56284baa3a 0933774ccc864482a02e1def812abc5d - - default default] TaaS: Handle Delete Port: 64cb2b3a-7ac1-4a52-ab20-7db9c668164c
2026-07-21 14:32:49.055 7 INFO neutron_taas.services.taas.tap_mirror_plugin [None req-056de54e-9895-4777-a9f9-216470f7150c 94ed4ba0cfdf4c5086dfbe56284baa3a 0933774ccc864482a02e1def812abc5d - - default default] Tap Mirror: Handle Delete Port: 64cb2b3a-7ac1-4a52-ab20-7db9c668164c
2026-07-21 14:32:49.119 8 INFO neutron.db.ovn_revision_numbers_db [None req-6c47f8b7-bf23-4d41-96a8-b8f26b6b2d63 fa420d162eb14791b146f3624d38cc62 e8d6d75ee70e476ead7ffe8ea7c36383 - - default default] Successfully bumped revision number for resource 7deec808-8e9c-4e86-a21c-df02faafc895 (type: ports) to 1
2026-07-21 14:32:49.128 7 INFO neutron.plugins.ml2.drivers.ovn.mech_driver.mech_driver [None req-f6668955-d5f6-4389-8c67-167064ea3777 - - - - - -] OVN reports status down for port: 7deec808-8e9c-4e86-a21c-df02faafc895 [pid: 7|app: 0|req: 742/1512] 10.0.0.241 () {32 vars in 726 bytes} [Tue Jul 21 14:32:48 2026] DELETE /v2.0/networks/df44df87-9fe4-4860-af65-d41ce9b48193 => generated 0 bytes in 704 msecs (HTTP/1.1 204) 3 headers in 131 bytes (1 switches on core 0)
2026-07-21 14:32:49.874 8 INFO neutron.plugins.ml2.drivers.ovn.mech_driver.ovsdb.ovsdb_monitor [None req-52fd5783-58d7-4c99-a4d6-f91fd0917fd4 - - - - - -] Router 9e9e7b2a-bb5d-4b77-8f4d-cbbe89faaa8d is bound to host instance
2026-07-21 14:32:49.935 7 INFO neutron.plugins.ml2.drivers.ovn.mech_driver.mech_driver [None req-f6668955-d5f6-4389-8c67-167064ea3777 - - - - - -] OVN reports status up for port: 7deec808-8e9c-4e86-a21c-df02faafc895
2026-07-21 14:32:49.944 7 INFO neutron_taas.services.taas.taas_plugin [None req-5c95d948-00c7-4f68-bd0f-ad1071b3caa6 d6797170f345454a9a5474ecf7bcb142 8e9acf736c5c49d9b26548a9567e17ed - - default default] TaaS: Handle Delete Port: 200b9be3-5647-495e-b2ba-86f5790cbe96
2026-07-21 14:32:49.950 7 INFO neutron_taas.services.taas.tap_mirror_plugin [None req-5c95d948-00c7-4f68-bd0f-ad1071b3caa6 d6797170f345454a9a5474ecf7bcb142 8e9acf736c5c49d9b26548a9567e17ed - - default default] Tap Mirror: Handle Delete Port: 200b9be3-5647-495e-b2ba-86f5790cbe96
2026-07-21 14:32:49.983 8 INFO neutron.db.ovn_revision_numbers_db [None req-6c47f8b7-bf23-4d41-96a8-b8f26b6b2d63 fa420d162eb14791b146f3624d38cc62 e8d6d75ee70e476ead7ffe8ea7c36383 - - default default] Successfully bumped revision number for resource 7deec808-8e9c-4e86-a21c-df02faafc895 (type: router_ports) to 1
2026-07-21 14:32:50.051 7 INFO neutron.plugins.ml2.plugin [None req-f6668955-d5f6-4389-8c67-167064ea3777 - - - - - -] Attempt 1 to provision port 7deec808-8e9c-4e86-a21c-df02faafc895
2026-07-21 14:32:50.250 8 INFO neutron.db.ovn_revision_numbers_db [None req-6c47f8b7-bf23-4d41-96a8-b8f26b6b2d63 fa420d162eb14791b146f3624d38cc62 e8d6d75ee70e476ead7ffe8ea7c36383 - - default default] Successfully bumped revision number for resource 9e9e7b2a-bb5d-4b77-8f4d-cbbe89faaa8d (type: routers) to 2 [pid: 8|app: 0|req: 771/1513] 10.0.0.241 () {34 vars in 669 bytes} [Tue Jul 21 14:32:48 2026] POST /v2.0/routers => generated 986 bytes in 1917 msecs (HTTP/1.1 201) 4 headers in 162 bytes (1 switches on core 0)
2026-07-21 14:32:50.382 8 INFO neutron.pecan_wsgi.hooks.translation [None req-cf4a20d2-3a24-4940-a379-8a6c91383fc9 7824f60bc71648d2b4465faad4211d13 ce52382650de4a34bbbc66b987f2c0c2 - - default default] DELETE failed (client error): The resource could not be found. [pid: 8|app: 0|req: 772/1514] 10.0.0.241 () {32 vars in 724 bytes} [Tue Jul 21 14:32:50 2026] DELETE /v2.0/subnets/95d14888-a979-43dd-9b7d-fd604bfc9d7a => generated 136 bytes in 41 msecs (HTTP/1.1 404) 4 headers in 164 bytes (1 switches on core 0) [pid: 7|app: 0|req: 743/1515] 10.0.0.241 () {32 vars in 726 bytes} [Tue Jul 21 14:32:49 2026] DELETE /v2.0/networks/8ee374b7-be01-4e3c-bb42-3306c3f25566 => generated 0 bytes in 906 msecs (HTTP/1.1 204) 3 headers in 131 bytes (1 switches on core 0)
2026-07-21 14:32:50.573 8 INFO neutron.db.segments_db [None req-e1060888-c822-4935-9581-1651b6abf2ec 94ed4ba0cfdf4c5086dfbe56284baa3a 0933774ccc864482a02e1def812abc5d - - default default] Added segment a58a9aa5-9924-4521-8fff-dfb049b3a1e9 of type geneve for network 6bb666f9-e903-4ae0-8ed5-672725c84b3a
2026-07-21 14:32:50.574 8 WARNING neutron.plugins.ml2.drivers.ovn.mech_driver.ovsdb.ovn_client [None req-1af95579-7eff-48ed-a395-f962c95a1c79 - - - - - -] No port found with ID c9e3470c-975d-4ac2-8e69-46c735d2e03a: RuntimeError: No port found with ID c9e3470c-975d-4ac2-8e69-46c735d2e03a
2026-07-21 14:32:50.704 8 INFO neutron.plugins.ml2.drivers.ovn.mech_driver.mech_driver [None req-1af95579-7eff-48ed-a395-f962c95a1c79 - - - - - -] OVN reports status down for port: f900e331-d37c-4c0a-a5f8-06f3dca6fb9c
2026-07-21 14:32:50.735 7 INFO neutron.services.segments.plugin [-] Segment b45d4043-42ef-474d-8028-8ea6a62a2ecf resource provider aggregate not found
2026-07-21 14:32:50.736 7 INFO neutron.services.segments.plugin [-] Segment b45d4043-42ef-474d-8028-8ea6a62a2ecf resource provider aggregate not found
2026-07-21 14:32:50.759 7 INFO neutron.services.segments.plugin [-] Client error retrieving segment b45d4043-42ef-474d-8028-8ea6a62a2ecf resource provider; error: Placement Client Error (4xx): {"errors": [{"status": 404, "title": "Not Found", "detail": "The resource could not be found.\n\n No resource provider with uuid b45d4043-42ef-474d-8028-8ea6a62a2ecf found for delete ", "request_id": "req-569e5a78-3e65-4838-8ab8-57b0fcaf2a4f"}]}
2026-07-21 14:32:50.765 7 INFO neutron.services.segments.plugin [-] Client error retrieving segment b45d4043-42ef-474d-8028-8ea6a62a2ecf resource provider; error: Placement Client Error (4xx): {"errors": [{"status": 404, "title": "Not Found", "detail": "The resource could not be found.\n\n No resource provider with uuid b45d4043-42ef-474d-8028-8ea6a62a2ecf found for delete ", "request_id": "req-bfac48a5-45cc-41bd-8d63-4e2653252d50"}]}
2026-07-21 14:32:50.784 7 INFO neutron.services.segments.plugin [-] Segment 2aab0bc5-331e-4e43-b1d7-ca6e21511266 resource provider aggregate not found
2026-07-21 14:32:50.786 7 INFO neutron.services.segments.plugin [-] Segment 2aab0bc5-331e-4e43-b1d7-ca6e21511266 resource provider aggregate not found
2026-07-21 14:32:50.804 7 INFO neutron.services.segments.plugin [-] Client error retrieving segment 2aab0bc5-331e-4e43-b1d7-ca6e21511266 resource provider; error: Placement Client Error (4xx): {"errors": [{"status": 404, "title": "Not Found", "detail": "The resource could not be found.\n\n No resource provider with uuid 2aab0bc5-331e-4e43-b1d7-ca6e21511266 found for delete ", "request_id": "req-3ef3c089-328a-4067-87d3-8d381cb78d98"}]}
2026-07-21 14:32:50.812 7 INFO neutron.services.segments.plugin [-] Client error retrieving segment 2aab0bc5-331e-4e43-b1d7-ca6e21511266 resource provider; error: Placement Client Error (4xx): {"errors": [{"status": 404, "title": "Not Found", "detail": "The resource could not be found.\n\n No resource provider with uuid 2aab0bc5-331e-4e43-b1d7-ca6e21511266 found for delete ", "request_id": "req-0fa0cae1-1dab-4e14-babf-6ec7aca32a32"}]}
2026-07-21 14:32:50.915 8 INFO neutron.db.ovn_revision_numbers_db [None req-e1060888-c822-4935-9581-1651b6abf2ec 94ed4ba0cfdf4c5086dfbe56284baa3a 0933774ccc864482a02e1def812abc5d - - default default] Successfully bumped revision number for resource 6bb666f9-e903-4ae0-8ed5-672725c84b3a (type: networks) to 1
2026-07-21 14:32:50.923 8 INFO neutron.plugins.ml2.drivers.ovn.mech_driver.mech_driver [None req-1af95579-7eff-48ed-a395-f962c95a1c79 - - - - - -] OVN reports status down for port: f28a90e8-6963-4b0d-bce6-92fe1e9baa37
2026-07-21 14:32:51.151 7 WARNING neutron.scheduler.dhcp_agent_scheduler [None req-01a4af24-cb9c-4811-b56d-7958a57c9094 fa420d162eb14791b146f3624d38cc62 e8d6d75ee70e476ead7ffe8ea7c36383 - - default default] No more DHCP agents
2026-07-21 14:32:51.153 7 WARNING neutron.api.rpc.agentnotifiers.dhcp_rpc_agent_api [None req-01a4af24-cb9c-4811-b56d-7958a57c9094 fa420d162eb14791b146f3624d38cc62 e8d6d75ee70e476ead7ffe8ea7c36383 - - default default] Unable to schedule network 7763be6f-d51a-4504-b616-1642542483c9: no agents available; will retry on subsequent port and subnet creation events.
2026-07-21 14:32:51.253 8 INFO neutron.plugins.ml2.drivers.ovn.mech_driver.mech_driver [None req-1af95579-7eff-48ed-a395-f962c95a1c79 - - - - - -] OVN reports status down for port: 200b9be3-5647-495e-b2ba-86f5790cbe96
2026-07-21 14:32:51.332 8 INFO neutron.plugins.ml2.drivers.ovn.mech_driver.mech_driver [None req-1af95579-7eff-48ed-a395-f962c95a1c79 - - - - - -] OVN reports status down for port: 4aa794a9-6143-46f1-a4a1-0e60476d6e21
2026-07-21 14:32:51.337 7 INFO neutron.db.ovn_revision_numbers_db [None req-01a4af24-cb9c-4811-b56d-7958a57c9094 fa420d162eb14791b146f3624d38cc62 e8d6d75ee70e476ead7ffe8ea7c36383 - - default default] Successfully bumped revision number for resource 8bc4d419-6d1a-436c-9c27-0b5c86ae1cba (type: ports) to 1
2026-07-21 14:32:51.364 8 WARNING neutron.scheduler.dhcp_agent_scheduler [None req-e1060888-c822-4935-9581-1651b6abf2ec 94ed4ba0cfdf4c5086dfbe56284baa3a 0933774ccc864482a02e1def812abc5d - - default default] No more DHCP agents
2026-07-21 14:32:51.370 8 WARNING neutron.api.rpc.agentnotifiers.dhcp_rpc_agent_api [None req-e1060888-c822-4935-9581-1651b6abf2ec 94ed4ba0cfdf4c5086dfbe56284baa3a 0933774ccc864482a02e1def812abc5d - - default default] Unable to schedule network 6bb666f9-e903-4ae0-8ed5-672725c84b3a: no agents available; will retry on subsequent port and subnet creation events.
2026-07-21 14:32:51.622 8 INFO neutron.db.ovn_revision_numbers_db [None req-e1060888-c822-4935-9581-1651b6abf2ec 94ed4ba0cfdf4c5086dfbe56284baa3a 0933774ccc864482a02e1def812abc5d - - default default] Successfully bumped revision number for resource c4e184b9-6a9e-487a-9c83-88dbc08b74fa (type: ports) to 1
2026-07-21 14:32:51.631 8 INFO neutron.plugins.ml2.drivers.ovn.mech_driver.mech_driver [None req-1af95579-7eff-48ed-a395-f962c95a1c79 - - - - - -] OVN reports status down for port: 8bc4d419-6d1a-436c-9c27-0b5c86ae1cba [pid: 8|app: 0|req: 773/1516] 10.0.0.241 () {34 vars in 670 bytes} [Tue Jul 21 14:32:50 2026] POST /v2.0/networks => generated 672 bytes in 1300 msecs (HTTP/1.1 201) 4 headers in 162 bytes (1 switches on core 0)
2026-07-21 14:32:51.788 8 INFO neutron.db.ovn_revision_numbers_db [None req-64dc09b2-bab0-4a94-9d90-db10c9c696c6 - - - - - -] Successfully bumped revision number for resource 7deec808-8e9c-4e86-a21c-df02faafc895 (type: ports) to 4
2026-07-21 14:32:51.838 8 INFO neutron.plugins.ml2.drivers.ovn.mech_driver.mech_driver [None req-1af95579-7eff-48ed-a395-f962c95a1c79 - - - - - -] OVN reports status down for port: c4e184b9-6a9e-487a-9c83-88dbc08b74fa
2026-07-21 14:32:51.868 8 INFO neutron.db.segments_db [None req-b2dc6eab-1df6-4396-99be-c712300a6b67 d6797170f345454a9a5474ecf7bcb142 8e9acf736c5c49d9b26548a9567e17ed - - default default] Added segment 54683f0f-db6d-454c-a7bb-3b18b45c72f0 of type geneve for network 3e3e67b8-8c6d-4246-87fd-7f0f88e4c574
2026-07-21 14:32:52.082 8 INFO neutron.plugins.ml2.drivers.ovn.mech_driver.mech_driver [None req-1af95579-7eff-48ed-a395-f962c95a1c79 - - - - - -] OVN reports status up for port: 8bc4d419-6d1a-436c-9c27-0b5c86ae1cba
2026-07-21 14:32:52.100 7 WARNING neutron.scheduler.dhcp_agent_scheduler [None req-01a4af24-cb9c-4811-b56d-7958a57c9094 fa420d162eb14791b146f3624d38cc62 e8d6d75ee70e476ead7ffe8ea7c36383 - - default default] No more DHCP agents
2026-07-21 14:32:52.102 7 WARNING neutron.api.rpc.agentnotifiers.dhcp_rpc_agent_api [None req-01a4af24-cb9c-4811-b56d-7958a57c9094 fa420d162eb14791b146f3624d38cc62 e8d6d75ee70e476ead7ffe8ea7c36383 - - default default] Unable to schedule network 7763be6f-d51a-4504-b616-1642542483c9: no agents available; will retry on subsequent port and subnet creation events.
2026-07-21 14:32:52.118 8 INFO neutron.plugins.ml2.plugin [None req-1af95579-7eff-48ed-a395-f962c95a1c79 - - - - - -] Attempt 1 to provision port 8bc4d419-6d1a-436c-9c27-0b5c86ae1cba
2026-07-21 14:32:52.380 8 INFO neutron.db.ovn_revision_numbers_db [None req-b2dc6eab-1df6-4396-99be-c712300a6b67 d6797170f345454a9a5474ecf7bcb142 8e9acf736c5c49d9b26548a9567e17ed - - default default] Successfully bumped revision number for resource 3e3e67b8-8c6d-4246-87fd-7f0f88e4c574 (type: networks) to 1
2026-07-21 14:32:52.644 7 INFO neutron.db.ovn_revision_numbers_db [None req-01a4af24-cb9c-4811-b56d-7958a57c9094 fa420d162eb14791b146f3624d38cc62 e8d6d75ee70e476ead7ffe8ea7c36383 - - default default] Successfully bumped revision number for resource 8bc4d419-6d1a-436c-9c27-0b5c86ae1cba (type: router_ports) to 1 [pid: 7|app: 0|req: 744/1517] 10.0.0.241 () {34 vars in 783 bytes} [Tue Jul 21 14:32:50 2026] PUT /v2.0/routers/9e9e7b2a-bb5d-4b77-8f4d-cbbe89faaa8d/add_router_interface => generated 310 bytes in 2123 msecs (HTTP/1.1 200) 4 headers in 157 bytes (1 switches on core 0)
2026-07-21 14:32:52.752 7 WARNING neutron.db.securitygroups_db [None req-e836bdef-5258-4ea4-84a4-c85437fb6d4d fa420d162eb14791b146f3624d38cc62 e8d6d75ee70e476ead7ffe8ea7c36383 - - default default] project_id key not found in filters, using tenant_id instead. This support has been deprecated and will be removed in a future release. [pid: 7|app: 0|req: 745/1518] 10.0.0.241 () {32 vars in 774 bytes} [Tue Jul 21 14:32:52 2026] GET /v2.0/security-groups?tenant_id=ce52382650de4a34bbbc66b987f2c0c2&name=default => generated 2925 bytes in 134 msecs (HTTP/1.1 200) 4 headers in 158 bytes (1 switches on core 0)
2026-07-21 14:32:52.927 8 INFO neutron.db.ovn_revision_numbers_db [None req-64dc09b2-bab0-4a94-9d90-db10c9c696c6 - - - - - -] Successfully bumped revision number for resource 7deec808-8e9c-4e86-a21c-df02faafc895 (type: ports) to 5
2026-07-21 14:32:52.996 7 WARNING neutron.scheduler.dhcp_agent_scheduler [None req-16fdab67-a1e8-47ef-8f6b-860dd59d55a5 94ed4ba0cfdf4c5086dfbe56284baa3a 0933774ccc864482a02e1def812abc5d - - default default] No more DHCP agents
2026-07-21 14:32:52.997 7 WARNING neutron.api.rpc.agentnotifiers.dhcp_rpc_agent_api [None req-16fdab67-a1e8-47ef-8f6b-860dd59d55a5 94ed4ba0cfdf4c5086dfbe56284baa3a 0933774ccc864482a02e1def812abc5d - - default default] Unable to schedule network 6bb666f9-e903-4ae0-8ed5-672725c84b3a: no agents available; will retry on subsequent port and subnet creation events.
2026-07-21 14:32:53.038 7 INFO neutron.db.ovn_revision_numbers_db [None req-16fdab67-a1e8-47ef-8f6b-860dd59d55a5 94ed4ba0cfdf4c5086dfbe56284baa3a 0933774ccc864482a02e1def812abc5d - - default default] Successfully bumped revision number for resource fbea97fc-851b-41e8-ab90-8da84b66fe0d (type: subnets) to 0 [pid: 7|app: 0|req: 746/1519] 10.0.0.241 () {34 vars in 669 bytes} [Tue Jul 21 14:32:52 2026] POST /v2.0/subnets => generated 646 bytes in 272 msecs (HTTP/1.1 201) 4 headers in 162 bytes (1 switches on core 0)
2026-07-21 14:32:53.107 8 WARNING neutron.scheduler.dhcp_agent_scheduler [None req-b2dc6eab-1df6-4396-99be-c712300a6b67 d6797170f345454a9a5474ecf7bcb142 8e9acf736c5c49d9b26548a9567e17ed - - default default] No more DHCP agents
2026-07-21 14:32:53.117 8 WARNING neutron.api.rpc.agentnotifiers.dhcp_rpc_agent_api [None req-b2dc6eab-1df6-4396-99be-c712300a6b67 d6797170f345454a9a5474ecf7bcb142 8e9acf736c5c49d9b26548a9567e17ed - - default default] Unable to schedule network 3e3e67b8-8c6d-4246-87fd-7f0f88e4c574: no agents available; will retry on subsequent port and subnet creation events. [pid: 7|app: 0|req: 747/1520] 10.0.0.241 () {32 vars in 740 bytes} [Tue Jul 21 14:32:53 2026] DELETE /v2.0/security-groups/d5473988-7a08-422a-99b2-5af7cb404f78 => generated 0 bytes in 205 msecs (HTTP/1.1 204) 2 headers in 112 bytes (1 switches on core 0) [pid: 7|app: 0|req: 748/1521] 10.0.0.144 () {28 vars in 585 bytes} [Tue Jul 21 14:32:53 2026] GET /v2.0/networks => generated 5378 bytes in 101 msecs (HTTP/1.1 200) 4 headers in 158 bytes (1 switches on core 0)
2026-07-21 14:32:53.421 7 INFO neutron.plugins.ml2.drivers.ovn.mech_driver.mech_driver [None req-f6668955-d5f6-4389-8c67-167064ea3777 - - - - - -] OVN reports status down for port: 81b874e0-8b39-4d40-968f-75f170f8f623
2026-07-21 14:32:53.450 8 INFO neutron.db.ovn_revision_numbers_db [None req-1af95579-7eff-48ed-a395-f962c95a1c79 - - - - - -] Successfully bumped revision number for resource 8bc4d419-6d1a-436c-9c27-0b5c86ae1cba (type: ports) to 2
2026-07-21 14:32:53.468 8 INFO neutron.db.ovn_revision_numbers_db [None req-b2dc6eab-1df6-4396-99be-c712300a6b67 d6797170f345454a9a5474ecf7bcb142 8e9acf736c5c49d9b26548a9567e17ed - - default default] Successfully bumped revision number for resource 81b874e0-8b39-4d40-968f-75f170f8f623 (type: ports) to 1 [pid: 8|app: 0|req: 774/1522] 10.0.0.241 () {34 vars in 670 bytes} [Tue Jul 21 14:32:51 2026] POST /v2.0/networks => generated 673 bytes in 1835 msecs (HTTP/1.1 201) 4 headers in 162 bytes (1 switches on core 0)
2026-07-21 14:32:53.545 7 INFO neutron.db.ovn_revision_numbers_db [None req-f8d56e1b-6a0a-409f-97bc-76d50075fb84 94ed4ba0cfdf4c5086dfbe56284baa3a 0933774ccc864482a02e1def812abc5d - - default default] Successfully bumped revision number for resource 3fc9dffe-2bd2-4104-9e4b-0c216bd9ac95 (type: routers) to 1 [pid: 7|app: 0|req: 749/1523] 10.0.0.241 () {34 vars in 669 bytes} [Tue Jul 21 14:32:53 2026] POST /v2.0/routers => generated 627 bytes in 227 msecs (HTTP/1.1 201) 4 headers in 162 bytes (1 switches on core 0) [pid: 8|app: 0|req: 775/1524] 10.0.0.144 () {28 vars in 579 bytes} [Tue Jul 21 14:32:53 2026] GET /v2.0/ports => generated 11980 bytes in 104 msecs (HTTP/1.1 200) 4 headers in 159 bytes (1 switches on core 0)
2026-07-21 14:32:53.797 7 WARNING neutron.scheduler.dhcp_agent_scheduler [None req-1f1ad472-cfae-4624-b71d-5155cb263258 d6797170f345454a9a5474ecf7bcb142 8e9acf736c5c49d9b26548a9567e17ed - - default default] No more DHCP agents
2026-07-21 14:32:53.798 7 WARNING neutron.api.rpc.agentnotifiers.dhcp_rpc_agent_api [None req-1f1ad472-cfae-4624-b71d-5155cb263258 d6797170f345454a9a5474ecf7bcb142 8e9acf736c5c49d9b26548a9567e17ed - - default default] Unable to schedule network 3e3e67b8-8c6d-4246-87fd-7f0f88e4c574: no agents available; will retry on subsequent port and subnet creation events.
2026-07-21 14:32:53.837 7 INFO neutron.db.ovn_revision_numbers_db [None req-1f1ad472-cfae-4624-b71d-5155cb263258 d6797170f345454a9a5474ecf7bcb142 8e9acf736c5c49d9b26548a9567e17ed - - default default] Successfully bumped revision number for resource 06595a38-fdcb-4d71-a050-33a922de12cc (type: subnets) to 0 [pid: 7|app: 0|req: 750/1525] 10.0.0.241 () {34 vars in 669 bytes} [Tue Jul 21 14:32:53 2026] POST /v2.0/subnets => generated 646 bytes in 270 msecs (HTTP/1.1 201) 4 headers in 162 bytes (1 switches on core 0) [pid: 7|app: 0|req: 751/1526] 10.0.0.144 () {28 vars in 581 bytes} [Tue Jul 21 14:32:53 2026] GET /v2.0/agents => generated 1214 bytes in 25 msecs (HTTP/1.1 200) 4 headers in 158 bytes (1 switches on core 0)
2026-07-21 14:32:53.960 8 WARNING neutron.scheduler.dhcp_agent_scheduler [None req-bcaaad81-9b2d-401e-881e-55b76b479bf9 94ed4ba0cfdf4c5086dfbe56284baa3a 0933774ccc864482a02e1def812abc5d - - default default] No more DHCP agents
2026-07-21 14:32:53.961 8 WARNING neutron.api.rpc.agentnotifiers.dhcp_rpc_agent_api [None req-bcaaad81-9b2d-401e-881e-55b76b479bf9 94ed4ba0cfdf4c5086dfbe56284baa3a 0933774ccc864482a02e1def812abc5d - - default default] Unable to schedule network 6bb666f9-e903-4ae0-8ed5-672725c84b3a: no agents available; will retry on subsequent port and subnet creation events.
2026-07-21 14:32:54.070 7 INFO neutron.plugins.ml2.drivers.ovn.mech_driver.mech_driver [None req-f6668955-d5f6-4389-8c67-167064ea3777 - - - - - -] OVN reports status down for port: 183c2091-2b60-47a4-aa0e-8b52f18a7ee1
2026-07-21 14:32:54.112 8 INFO neutron.db.ovn_revision_numbers_db [None req-bcaaad81-9b2d-401e-881e-55b76b479bf9 94ed4ba0cfdf4c5086dfbe56284baa3a 0933774ccc864482a02e1def812abc5d - - default default] Successfully bumped revision number for resource 183c2091-2b60-47a4-aa0e-8b52f18a7ee1 (type: ports) to 1 [pid: 8|app: 0|req: 776/1527] 10.0.0.241 () {34 vars in 665 bytes} [Tue Jul 21 14:32:53 2026] POST /v2.0/ports => generated 960 bytes in 527 msecs (HTTP/1.1 201) 4 headers in 162 bytes (1 switches on core 0) /var/lib/openstack/lib/python3.12/site-packages/pycadf/identifier.py:70: UserWarning: Invalid uuid: neutron. To ensure interoperability, identifiers should be a valid uuid. warnings.warn(('Invalid uuid: %s. To ensure interoperability, ' [pid: 8|app: 0|req: 777/1528] 10.0.0.144 () {28 vars in 619 bytes} [Tue Jul 21 14:32:54 2026] GET /v2.0/network-ip-availabilities => generated 4728 bytes in 44 msecs (HTTP/1.1 200) 4 headers in 158 bytes (1 switches on core 0)
2026-07-21 14:32:54.225 7 WARNING neutron.scheduler.dhcp_agent_scheduler [None req-35d1b13b-a71b-4c22-896e-77ca77d709fc d6797170f345454a9a5474ecf7bcb142 8e9acf736c5c49d9b26548a9567e17ed - - default default] No more DHCP agents
2026-07-21 14:32:54.228 7 WARNING neutron.api.rpc.agentnotifiers.dhcp_rpc_agent_api [None req-35d1b13b-a71b-4c22-896e-77ca77d709fc d6797170f345454a9a5474ecf7bcb142 8e9acf736c5c49d9b26548a9567e17ed - - default default] Unable to schedule network 3e3e67b8-8c6d-4246-87fd-7f0f88e4c574: no agents available; will retry on subsequent port and subnet creation events.
2026-07-21 14:32:54.321 7 INFO neutron.plugins.ml2.drivers.ovn.mech_driver.mech_driver [None req-f6668955-d5f6-4389-8c67-167064ea3777 - - - - - -] OVN reports status down for port: f2b19080-2758-4db1-a5c8-815baf83b737
2026-07-21 14:32:54.390 7 INFO neutron.db.ovn_revision_numbers_db [None req-35d1b13b-a71b-4c22-896e-77ca77d709fc d6797170f345454a9a5474ecf7bcb142 8e9acf736c5c49d9b26548a9567e17ed - - default default] Successfully bumped revision number for resource f2b19080-2758-4db1-a5c8-815baf83b737 (type: ports) to 1 [pid: 7|app: 0|req: 752/1529] 10.0.0.241 () {34 vars in 665 bytes} [Tue Jul 21 14:32:53 2026] POST /v2.0/ports => generated 927 bytes in 570 msecs (HTTP/1.1 201) 4 headers in 162 bytes (1 switches on core 0) [pid: 7|app: 0|req: 753/1530] 10.0.0.144 () {28 vars in 583 bytes} [Tue Jul 21 14:32:54 2026] GET /v2.0/subnets => generated 3293 bytes in 48 msecs (HTTP/1.1 200) 4 headers in 158 bytes (1 switches on core 0)
2026-07-21 14:32:54.642 7 INFO neutron_taas.services.taas.taas_plugin [None req-5ff57993-4764-4f07-943c-52304ed6d552 d6797170f345454a9a5474ecf7bcb142 8e9acf736c5c49d9b26548a9567e17ed - - default default] TaaS: Handle Delete Port: f2b19080-2758-4db1-a5c8-815baf83b737
2026-07-21 14:32:54.645 7 INFO neutron_taas.services.taas.tap_mirror_plugin [None req-5ff57993-4764-4f07-943c-52304ed6d552 d6797170f345454a9a5474ecf7bcb142 8e9acf736c5c49d9b26548a9567e17ed - - default default] Tap Mirror: Handle Delete Port: f2b19080-2758-4db1-a5c8-815baf83b737
2026-07-21 14:32:54.706 7 INFO neutron.plugins.ml2.drivers.ovn.mech_driver.mech_driver [None req-f6668955-d5f6-4389-8c67-167064ea3777 - - - - - -] OVN reports status up for port: 183c2091-2b60-47a4-aa0e-8b52f18a7ee1
2026-07-21 14:32:54.732 8 INFO neutron.db.ovn_revision_numbers_db [None req-fc4e1393-fec6-4fab-a93c-2dbd8ded98ae 94ed4ba0cfdf4c5086dfbe56284baa3a 0933774ccc864482a02e1def812abc5d - - default default] Successfully bumped revision number for resource 183c2091-2b60-47a4-aa0e-8b52f18a7ee1 (type: ports) to 2
2026-07-21 14:32:54.732 7 INFO neutron.plugins.ml2.plugin [None req-f6668955-d5f6-4389-8c67-167064ea3777 - - - - - -] Attempt 1 to provision port 183c2091-2b60-47a4-aa0e-8b52f18a7ee1 [pid: 7|app: 0|req: 754/1531] 10.0.0.241 () {32 vars in 720 bytes} [Tue Jul 21 14:32:54 2026] DELETE /v2.0/ports/f2b19080-2758-4db1-a5c8-815baf83b737 => generated 0 bytes in 366 msecs (HTTP/1.1 204) 3 headers in 131 bytes (1 switches on core 0) [pid: 7|app: 0|req: 755/1532] 10.0.0.144 () {28 vars in 591 bytes} [Tue Jul 21 14:32:54 2026] GET /v2.0/subnetpools => generated 19 bytes in 25 msecs (HTTP/1.1 200) 4 headers in 156 bytes (1 switches on core 0)
2026-07-21 14:32:54.915 7 INFO neutron.pecan_wsgi.hooks.translation [None req-a486e122-fe97-4d87-87d8-1e5d46a57c74 d6797170f345454a9a5474ecf7bcb142 8e9acf736c5c49d9b26548a9567e17ed - - default default] GET failed (client error): The resource could not be found. [pid: 7|app: 0|req: 756/1533] 10.0.0.241 () {32 vars in 717 bytes} [Tue Jul 21 14:32:54 2026] GET /v2.0/ports/f2b19080-2758-4db1-a5c8-815baf83b737 => generated 132 bytes in 19 msecs (HTTP/1.1 404) 4 headers in 164 bytes (1 switches on core 0) [pid: 7|app: 0|req: 757/1534] 10.0.0.144 () {28 vars in 583 bytes} [Tue Jul 21 14:32:54 2026] GET /v2.0/routers => generated 1630 bytes in 129 msecs (HTTP/1.1 200) 4 headers in 158 bytes (1 switches on core 0) [pid: 7|app: 0|req: 758/1535] 10.0.0.241 () {32 vars in 724 bytes} [Tue Jul 21 14:32:55 2026] DELETE /v2.0/subnets/06595a38-fdcb-4d71-a050-33a922de12cc => generated 0 bytes in 302 msecs (HTTP/1.1 204) 3 headers in 131 bytes (1 switches on core 0)
2026-07-21 14:32:55.350 7 INFO neutron.db.ovn_revision_numbers_db [None req-f6668955-d5f6-4389-8c67-167064ea3777 - - - - - -] Successfully bumped revision number for resource 183c2091-2b60-47a4-aa0e-8b52f18a7ee1 (type: ports) to 3 [pid: 7|app: 0|req: 759/1536] 10.0.0.144 () {28 vars in 624 bytes} [Tue Jul 21 14:32:55 2026] GET /v2.0/agents?binary=ovn-controller => generated 416 bytes in 17 msecs (HTTP/1.1 200) 4 headers in 157 bytes (1 switches on core 0) /var/lib/openstack/lib/python3.12/site-packages/pycadf/identifier.py:70: UserWarning: Invalid uuid: neutron. To ensure interoperability, identifiers should be a valid uuid. warnings.warn(('Invalid uuid: %s. To ensure interoperability, '
2026-07-21 14:32:55.729 7 INFO neutron.db.ovn_revision_numbers_db [None req-6173f1ef-0e7e-4a62-8e57-1bd174f0a525 55f32b3f448848fe91dc58c7f4a97da9 4b86d9e5502a4217be471a5651e69a93 - - default default] Successfully bumped revision number for resource 5c5c51fb-3dda-492e-b201-56a0a4a139fa (type: security_groups) to 1
2026-07-21 14:32:55.747 7 INFO neutron.db.ovn_revision_numbers_db [None req-6173f1ef-0e7e-4a62-8e57-1bd174f0a525 55f32b3f448848fe91dc58c7f4a97da9 4b86d9e5502a4217be471a5651e69a93 - - default default] Successfully bumped revision number for resource 46f0ded0-a46d-4dc7-b23e-655a291db212 (type: security_group_rules) to 0
2026-07-21 14:32:55.762 7 INFO neutron.db.ovn_revision_numbers_db [None req-6173f1ef-0e7e-4a62-8e57-1bd174f0a525 55f32b3f448848fe91dc58c7f4a97da9 4b86d9e5502a4217be471a5651e69a93 - - default default] Successfully bumped revision number for resource a12a1627-eeb2-413b-9a0b-496ef4ede072 (type: security_group_rules) to 0
2026-07-21 14:32:55.780 7 INFO neutron.db.ovn_revision_numbers_db [None req-6173f1ef-0e7e-4a62-8e57-1bd174f0a525 55f32b3f448848fe91dc58c7f4a97da9 4b86d9e5502a4217be471a5651e69a93 - - default default] Successfully bumped revision number for resource a41535e3-a59e-47bd-a3b9-b55670bf5924 (type: security_group_rules) to 0
2026-07-21 14:32:55.799 7 INFO neutron.db.ovn_revision_numbers_db [None req-6173f1ef-0e7e-4a62-8e57-1bd174f0a525 55f32b3f448848fe91dc58c7f4a97da9 4b86d9e5502a4217be471a5651e69a93 - - default default] Successfully bumped revision number for resource c8301c2a-75fb-4085-8105-b86bfb909d0c (type: security_group_rules) to 0
2026-07-21 14:32:55.913 7 INFO neutron.db.ovn_revision_numbers_db [None req-6173f1ef-0e7e-4a62-8e57-1bd174f0a525 55f32b3f448848fe91dc58c7f4a97da9 4b86d9e5502a4217be471a5651e69a93 - - default default] Successfully bumped revision number for resource 5d716048-7da9-4ae0-871e-890fc06cf25d (type: security_groups) to 1
2026-07-21 14:32:55.926 7 INFO neutron.db.ovn_revision_numbers_db [None req-6173f1ef-0e7e-4a62-8e57-1bd174f0a525 55f32b3f448848fe91dc58c7f4a97da9 4b86d9e5502a4217be471a5651e69a93 - - default default] Successfully bumped revision number for resource 89ce31eb-bca4-4e7b-813e-6f746b6950c4 (type: security_group_rules) to 0
2026-07-21 14:32:55.938 7 INFO neutron.db.ovn_revision_numbers_db [None req-6173f1ef-0e7e-4a62-8e57-1bd174f0a525 55f32b3f448848fe91dc58c7f4a97da9 4b86d9e5502a4217be471a5651e69a93 - - default default] Successfully bumped revision number for resource dea82b87-86c2-4ded-af76-9808b94bec1c (type: security_group_rules) to 0
2026-07-21 14:32:55.954 8 WARNING neutron.scheduler.dhcp_agent_scheduler [None req-fc4e1393-fec6-4fab-a93c-2dbd8ded98ae 94ed4ba0cfdf4c5086dfbe56284baa3a 0933774ccc864482a02e1def812abc5d - - default default] No more DHCP agents
2026-07-21 14:32:55.956 8 WARNING neutron.api.rpc.agentnotifiers.dhcp_rpc_agent_api [None req-fc4e1393-fec6-4fab-a93c-2dbd8ded98ae 94ed4ba0cfdf4c5086dfbe56284baa3a 0933774ccc864482a02e1def812abc5d - - default default] Unable to schedule network 6bb666f9-e903-4ae0-8ed5-672725c84b3a: no agents available; will retry on subsequent port and subnet creation events. [pid: 7|app: 0|req: 760/1537] 10.0.0.241 () {34 vars in 684 bytes} [Tue Jul 21 14:32:55 2026] POST /v2.0/security-groups => generated 1624 bytes in 622 msecs (HTTP/1.1 201) 4 headers in 163 bytes (1 switches on core 0) [pid: 7|app: 0|req: 761/1538] 10.0.0.228 () {34 vars in 982 bytes} [Tue Jul 21 14:32:55 2026] GET /v2.0/networks?id=7763be6f-d51a-4504-b616-1642542483c9 => generated 710 bytes in 53 msecs (HTTP/1.1 200) 4 headers in 157 bytes (1 switches on core 0)
2026-07-21 14:32:56.157 8 INFO neutron.db.ovn_revision_numbers_db [None req-fc4e1393-fec6-4fab-a93c-2dbd8ded98ae 94ed4ba0cfdf4c5086dfbe56284baa3a 0933774ccc864482a02e1def812abc5d - - default default] Successfully bumped revision number for resource 183c2091-2b60-47a4-aa0e-8b52f18a7ee1 (type: router_ports) to 3 [pid: 8|app: 0|req: 778/1539] 10.0.0.241 () {34 vars in 783 bytes} [Tue Jul 21 14:32:54 2026] PUT /v2.0/routers/3fc9dffe-2bd2-4104-9e4b-0c216bd9ac95/add_router_interface => generated 310 bytes in 1964 msecs (HTTP/1.1 200) 4 headers in 157 bytes (1 switches on core 0) /var/lib/openstack/lib/python3.12/site-packages/pycadf/identifier.py:70: UserWarning: Invalid uuid: neutron. To ensure interoperability, identifiers should be a valid uuid. warnings.warn(('Invalid uuid: %s. To ensure interoperability, ' [pid: 8|app: 0|req: 779/1540] 10.0.0.144 () {28 vars in 599 bytes} [Tue Jul 21 14:32:56 2026] GET /v2.0/security-groups => generated 30617 bytes in 64 msecs (HTTP/1.1 200) 4 headers in 159 bytes (1 switches on core 0)
2026-07-21 14:32:56.245 7 INFO neutron_taas.services.taas.taas_plugin [None req-dbd94d9e-a96c-4524-b2fe-419646be6508 d6797170f345454a9a5474ecf7bcb142 8e9acf736c5c49d9b26548a9567e17ed - - default default] TaaS: Handle Delete Port: 81b874e0-8b39-4d40-968f-75f170f8f623
2026-07-21 14:32:56.248 7 INFO neutron_taas.services.taas.tap_mirror_plugin [None req-dbd94d9e-a96c-4524-b2fe-419646be6508 d6797170f345454a9a5474ecf7bcb142 8e9acf736c5c49d9b26548a9567e17ed - - default default] Tap Mirror: Handle Delete Port: 81b874e0-8b39-4d40-968f-75f170f8f623 [pid: 8|app: 0|req: 780/1541] 10.0.0.241 () {32 vars in 663 bytes} [Tue Jul 21 14:32:56 2026] GET /v2.0/security-groups => generated 4529 bytes in 53 msecs (HTTP/1.1 200) 4 headers in 158 bytes (1 switches on core 0) [pid: 8|app: 0|req: 781/1542] 10.0.0.228 () {34 vars in 965 bytes} [Tue Jul 21 14:32:56 2026] GET /v2.0/quotas/cd2fcb2563414eb0936a4c264057d65c => generated 312 bytes in 12 msecs (HTTP/1.1 200) 4 headers in 157 bytes (1 switches on core 0) [pid: 8|app: 0|req: 782/1543] 10.0.0.241 () {32 vars in 717 bytes} [Tue Jul 21 14:32:56 2026] GET /v2.0/ports/183c2091-2b60-47a4-aa0e-8b52f18a7ee1 => generated 1022 bytes in 35 msecs (HTTP/1.1 200) 4 headers in 158 bytes (1 switches on core 0) [pid: 8|app: 0|req: 783/1544] 10.0.0.144 () {28 vars in 583 bytes} [Tue Jul 21 14:32:56 2026] GET /v2.0/subnets => generated 2639 bytes in 42 msecs (HTTP/1.1 200) 4 headers in 158 bytes (1 switches on core 0)
2026-07-21 14:32:56.452 7 INFO neutron.services.segments.plugin [-] Segment 54683f0f-db6d-454c-a7bb-3b18b45c72f0 resource provider aggregate not found
2026-07-21 14:32:56.457 8 INFO neutron.db.ovn_revision_numbers_db [None req-11e25fd4-30ff-4288-b5a2-d205a0edb5a5 55f32b3f448848fe91dc58c7f4a97da9 4b86d9e5502a4217be471a5651e69a93 - - default default] Successfully bumped revision number for resource 5d716048-7da9-4ae0-871e-890fc06cf25d (type: security_groups) to 2
2026-07-21 14:32:56.461 7 INFO neutron.services.segments.plugin [-] Segment 54683f0f-db6d-454c-a7bb-3b18b45c72f0 resource provider aggregate not found
2026-07-21 14:32:56.475 7 INFO neutron.services.segments.plugin [-] Client error retrieving segment 54683f0f-db6d-454c-a7bb-3b18b45c72f0 resource provider; error: Placement Client Error (4xx): {"errors": [{"status": 404, "title": "Not Found", "detail": "The resource could not be found.\n\n No resource provider with uuid 54683f0f-db6d-454c-a7bb-3b18b45c72f0 found for delete ", "request_id": "req-e46cbeed-4293-4677-aa0f-6d961f56713f"}]}
2026-07-21 14:32:56.483 7 INFO neutron.services.segments.plugin [-] Client error retrieving segment 54683f0f-db6d-454c-a7bb-3b18b45c72f0 resource provider; error: Placement Client Error (4xx): {"errors": [{"status": 404, "title": "Not Found", "detail": "The resource could not be found.\n\n No resource provider with uuid 54683f0f-db6d-454c-a7bb-3b18b45c72f0 found for delete ", "request_id": "req-5326aa3b-a507-4e13-8645-917bf4eebd03"}]} [pid: 8|app: 0|req: 784/1545] 10.0.0.241 () {34 vars in 758 bytes} [Tue Jul 21 14:32:56 2026] PUT /v2.0/security-groups/5d716048-7da9-4ae0-871e-890fc06cf25d => generated 1664 bytes in 116 msecs (HTTP/1.1 200) 4 headers in 158 bytes (1 switches on core 0) [pid: 7|app: 0|req: 762/1546] 10.0.0.241 () {32 vars in 726 bytes} [Tue Jul 21 14:32:56 2026] DELETE /v2.0/networks/3e3e67b8-8c6d-4246-87fd-7f0f88e4c574 => generated 0 bytes in 461 msecs (HTTP/1.1 204) 3 headers in 131 bytes (1 switches on core 0) [pid: 8|app: 0|req: 785/1547] 10.0.0.228 () {34 vars in 1002 bytes} [Tue Jul 21 14:32:56 2026] GET /v2.0/ports?tenant_id=cd2fcb2563414eb0936a4c264057d65c&fields=id => generated 103 bytes in 77 msecs (HTTP/1.1 200) 4 headers in 157 bytes (1 switches on core 0) [pid: 8|app: 0|req: 786/1548] 10.0.0.144 () {28 vars in 591 bytes} [Tue Jul 21 14:32:56 2026] GET /v2.0/floatingips => generated 19 bytes in 19 msecs (HTTP/1.1 200) 4 headers in 156 bytes (1 switches on core 0) [pid: 8|app: 0|req: 787/1549] 10.0.0.241 () {32 vars in 737 bytes} [Tue Jul 21 14:32:56 2026] GET /v2.0/security-groups/5d716048-7da9-4ae0-871e-890fc06cf25d => generated 1664 bytes in 17 msecs (HTTP/1.1 200) 4 headers in 158 bytes (1 switches on core 0)
2026-07-21 14:32:56.775 7 INFO neutron_taas.services.taas.taas_plugin [None req-35fbe9c7-ec3f-469b-87e3-070b6e7fd878 94ed4ba0cfdf4c5086dfbe56284baa3a 0933774ccc864482a02e1def812abc5d - - default default] TaaS: Handle Delete Port: 183c2091-2b60-47a4-aa0e-8b52f18a7ee1
2026-07-21 14:32:56.778 7 INFO neutron_taas.services.taas.tap_mirror_plugin [None req-35fbe9c7-ec3f-469b-87e3-070b6e7fd878 94ed4ba0cfdf4c5086dfbe56284baa3a 0933774ccc864482a02e1def812abc5d - - default default] Tap Mirror: Handle Delete Port: 183c2091-2b60-47a4-aa0e-8b52f18a7ee1
2026-07-21 14:32:56.864 8 WARNING neutron.scheduler.dhcp_agent_scheduler [None req-bc82d7fb-d6d4-40ee-9265-866cb656ff11 d6797170f345454a9a5474ecf7bcb142 8e9acf736c5c49d9b26548a9567e17ed - - default default] No more DHCP agents
2026-07-21 14:32:56.866 8 WARNING neutron.api.rpc.agentnotifiers.dhcp_rpc_agent_api [None req-bc82d7fb-d6d4-40ee-9265-866cb656ff11 d6797170f345454a9a5474ecf7bcb142 8e9acf736c5c49d9b26548a9567e17ed - - default default] Unable to schedule network 59f0686b-2f24-4201-aed9-045782cef56a: no agents available; will retry on subsequent port and subnet creation events.
2026-07-21 14:32:56.950 8 INFO neutron.db.ovn_revision_numbers_db [None req-bc82d7fb-d6d4-40ee-9265-866cb656ff11 d6797170f345454a9a5474ecf7bcb142 8e9acf736c5c49d9b26548a9567e17ed - - default default] Successfully bumped revision number for resource 057e4d66-94ef-4f2f-9c61-762dd1ff219f (type: ports) to 1 [pid: 8|app: 0|req: 788/1550] 10.0.0.241 () {34 vars in 665 bytes} [Tue Jul 21 14:32:56 2026] POST /v2.0/ports => generated 778 bytes in 368 msecs (HTTP/1.1 201) 4 headers in 162 bytes (1 switches on core 0) /var/lib/openstack/lib/python3.12/site-packages/pycadf/identifier.py:70: UserWarning: Invalid uuid: neutron. To ensure interoperability, identifiers should be a valid uuid. warnings.warn(('Invalid uuid: %s. To ensure interoperability, ' [pid: 8|app: 0|req: 789/1551] 10.0.0.228 () {34 vars in 1008 bytes} [Tue Jul 21 14:32:56 2026] GET /v2.0/networks/7763be6f-d51a-4504-b616-1642542483c9?fields=segments => generated 14 bytes in 43 msecs (HTTP/1.1 200) 4 headers in 156 bytes (1 switches on core 0) [pid: 7|app: 0|req: 763/1552] 10.0.0.241 () {34 vars in 789 bytes} [Tue Jul 21 14:32:56 2026] PUT /v2.0/routers/3fc9dffe-2bd2-4104-9e4b-0c216bd9ac95/remove_router_interface => generated 310 bytes in 563 msecs (HTTP/1.1 200) 4 headers in 157 bytes (1 switches on core 0) /var/lib/openstack/lib/python3.12/site-packages/pycadf/identifier.py:70: UserWarning: Invalid uuid: neutron. To ensure interoperability, identifiers should be a valid uuid. warnings.warn(('Invalid uuid: %s. To ensure interoperability, ' [pid: 8|app: 0|req: 790/1553] 10.0.0.241 () {32 vars in 740 bytes} [Tue Jul 21 14:32:57 2026] DELETE /v2.0/security-groups/5d716048-7da9-4ae0-871e-890fc06cf25d => generated 0 bytes in 159 msecs (HTTP/1.1 204) 2 headers in 112 bytes (1 switches on core 0) [pid: 8|app: 0|req: 791/1554] 10.0.0.228 () {34 vars in 1108 bytes} [Tue Jul 21 14:32:57 2026] GET /v2.0/networks/7763be6f-d51a-4504-b616-1642542483c9?fields=provider%3Aphysical_network&fields=provider%3Anetwork_type => generated 79 bytes in 60 msecs (HTTP/1.1 200) 4 headers in 156 bytes (1 switches on core 0)
2026-07-21 14:32:57.311 8 INFO neutron.api.v2.resource [None req-b65d061e-0db7-4c5c-8c3c-3b3427bd5aa3 94ed4ba0cfdf4c5086dfbe56284baa3a 0933774ccc864482a02e1def812abc5d - - default default] remove_router_interface failed (client error): The resource could not be found. [pid: 8|app: 0|req: 792/1555] 10.0.0.241 () {34 vars in 789 bytes} [Tue Jul 21 14:32:57 2026] PUT /v2.0/routers/3fc9dffe-2bd2-4104-9e4b-0c216bd9ac95/remove_router_interface => generated 197 bytes in 73 msecs (HTTP/1.1 404) 4 headers in 164 bytes (1 switches on core 0) [pid: 8|app: 0|req: 793/1556] 10.0.0.241 () {32 vars in 663 bytes} [Tue Jul 21 14:32:57 2026] GET /v2.0/security-groups => generated 2925 bytes in 44 msecs (HTTP/1.1 200) 4 headers in 158 bytes (1 switches on core 0) [pid: 8|app: 0|req: 794/1557] 10.0.0.241 () {32 vars in 736 bytes} [Tue Jul 21 14:32:57 2026] GET /v2.0/ports?device_id=3fc9dffe-2bd2-4104-9e4b-0c216bd9ac95 => generated 12 bytes in 21 msecs (HTTP/1.1 200) 4 headers in 156 bytes (1 switches on core 0)
2026-07-21 14:32:57.393 7 INFO neutron.db.ovn_revision_numbers_db [None req-b29a64f3-6f8a-44f0-873a-afafef2e1e1c d6797170f345454a9a5474ecf7bcb142 8e9acf736c5c49d9b26548a9567e17ed - - default default] Successfully bumped revision number for resource 057e4d66-94ef-4f2f-9c61-762dd1ff219f (type: ports) to 2
2026-07-21 14:32:57.395 8 INFO neutron.api.v2.resource [None req-86c0ad41-d370-4132-b198-7b73db7dce6c 55f32b3f448848fe91dc58c7f4a97da9 4b86d9e5502a4217be471a5651e69a93 - - default default] delete failed (client error): The resource could not be found. [pid: 8|app: 0|req: 795/1558] 10.0.0.241 () {32 vars in 740 bytes} [Tue Jul 21 14:32:57 2026] DELETE /v2.0/security-groups/5d716048-7da9-4ae0-871e-890fc06cf25d => generated 146 bytes in 17 msecs (HTTP/1.1 404) 4 headers in 164 bytes (1 switches on core 0) [pid: 8|app: 0|req: 796/1559] 10.0.0.228 () {34 vars in 1070 bytes} [Tue Jul 21 14:32:57 2026] GET /v2.0/ports?fields=security_groups&fields=device_id&device_id=79cf4cf9-6dc8-4073-acad-e480f412a671 => generated 12 bytes in 24 msecs (HTTP/1.1 200) 4 headers in 156 bytes (1 switches on core 0) [pid: 7|app: 0|req: 764/1560] 10.0.0.241 () {34 vars in 737 bytes} [Tue Jul 21 14:32:57 2026] PUT /v2.0/ports/057e4d66-94ef-4f2f-9c61-762dd1ff219f => generated 752 bytes in 361 msecs (HTTP/1.1 200) 4 headers in 157 bytes (1 switches on core 0) /var/lib/openstack/lib/python3.12/site-packages/pycadf/identifier.py:70: UserWarning: Invalid uuid: neutron. To ensure interoperability, identifiers should be a valid uuid. warnings.warn(('Invalid uuid: %s. To ensure interoperability, '
2026-07-21 14:32:57.581 7 INFO neutron.db.ovn_revision_numbers_db [None req-c38b5fe0-1e48-4d06-9bc2-d36804c48d4e 55f32b3f448848fe91dc58c7f4a97da9 4b86d9e5502a4217be471a5651e69a93 - - default default] Successfully bumped revision number for resource 33231d98-4284-4b07-9949-df261ce0e1af (type: security_groups) to 1
2026-07-21 14:32:57.596 7 INFO neutron.db.ovn_revision_numbers_db [None req-c38b5fe0-1e48-4d06-9bc2-d36804c48d4e 55f32b3f448848fe91dc58c7f4a97da9 4b86d9e5502a4217be471a5651e69a93 - - default default] Successfully bumped revision number for resource 9d5f79cb-505f-4ff6-a5cb-30de9ffc019f (type: security_group_rules) to 0
2026-07-21 14:32:57.614 7 INFO neutron.db.ovn_revision_numbers_db [None req-c38b5fe0-1e48-4d06-9bc2-d36804c48d4e 55f32b3f448848fe91dc58c7f4a97da9 4b86d9e5502a4217be471a5651e69a93 - - default default] Successfully bumped revision number for resource b4b71a31-5213-4988-8e2f-cc5024ffa2f3 (type: security_group_rules) to 0 [pid: 8|app: 0|req: 797/1561] 10.0.0.241 () {32 vars in 724 bytes} [Tue Jul 21 14:32:57 2026] DELETE /v2.0/routers/3fc9dffe-2bd2-4104-9e4b-0c216bd9ac95 => generated 0 bytes in 212 msecs (HTTP/1.1 204) 2 headers in 112 bytes (1 switches on core 0) [pid: 7|app: 0|req: 765/1562] 10.0.0.241 () {34 vars in 684 bytes} [Tue Jul 21 14:32:57 2026] POST /v2.0/security-groups => generated 1625 bytes in 229 msecs (HTTP/1.1 201) 4 headers in 163 bytes (1 switches on core 0)
2026-07-21 14:32:57.767 8 INFO neutron_taas.services.taas.taas_plugin [None req-a01f06d5-4386-42f4-bf8a-b7eb11817e55 d6797170f345454a9a5474ecf7bcb142 8e9acf736c5c49d9b26548a9567e17ed - - default default] TaaS: Handle Delete Port: 057e4d66-94ef-4f2f-9c61-762dd1ff219f
2026-07-21 14:32:57.770 8 INFO neutron_taas.services.taas.tap_mirror_plugin [None req-a01f06d5-4386-42f4-bf8a-b7eb11817e55 d6797170f345454a9a5474ecf7bcb142 8e9acf736c5c49d9b26548a9567e17ed - - default default] Tap Mirror: Handle Delete Port: 057e4d66-94ef-4f2f-9c61-762dd1ff219f [pid: 7|app: 0|req: 766/1563] 10.0.0.241 () {32 vars in 724 bytes} [Tue Jul 21 14:32:57 2026] DELETE /v2.0/subnets/fbea97fc-851b-41e8-ab90-8da84b66fe0d => generated 0 bytes in 151 msecs (HTTP/1.1 204) 3 headers in 131 bytes (1 switches on core 0) [pid: 8|app: 0|req: 798/1564] 10.0.0.241 () {32 vars in 720 bytes} [Tue Jul 21 14:32:57 2026] DELETE /v2.0/ports/057e4d66-94ef-4f2f-9c61-762dd1ff219f => generated 0 bytes in 253 msecs (HTTP/1.1 204) 3 headers in 131 bytes (1 switches on core 0)
2026-07-21 14:32:57.942 7 INFO neutron.db.ovn_revision_numbers_db [None req-8e0ed338-d972-48b0-9fd9-1b874f0b492c 55f32b3f448848fe91dc58c7f4a97da9 4b86d9e5502a4217be471a5651e69a93 - - default default] Successfully bumped revision number for resource 3bbbc0a8-b985-4e97-8555-2bd99a17f204 (type: security_group_rules) to 0 [pid: 7|app: 0|req: 767/1565] 10.0.0.241 () {34 vars in 695 bytes} [Tue Jul 21 14:32:57 2026] POST /v2.0/security-group-rules => generated 601 bytes in 165 msecs (HTTP/1.1 201) 4 headers in 162 bytes (1 switches on core 0)
2026-07-21 14:32:58.018 8 INFO neutron_taas.services.taas.taas_plugin [None req-f101d3e2-438d-4e58-9af5-07e40bf340ea 94ed4ba0cfdf4c5086dfbe56284baa3a 0933774ccc864482a02e1def812abc5d - - default default] TaaS: Handle Delete Port: c4e184b9-6a9e-487a-9c83-88dbc08b74fa [pid: 7|app: 0|req: 768/1566] 10.0.0.241 () {32 vars in 643 bytes} [Tue Jul 21 14:32:57 2026] GET /v2.0/ports => generated 1537 bytes in 43 msecs (HTTP/1.1 200) 4 headers in 158 bytes (1 switches on core 0)
2026-07-21 14:32:58.023 8 INFO neutron_taas.services.taas.tap_mirror_plugin [None req-f101d3e2-438d-4e58-9af5-07e40bf340ea 94ed4ba0cfdf4c5086dfbe56284baa3a 0933774ccc864482a02e1def812abc5d - - default default] Tap Mirror: Handle Delete Port: c4e184b9-6a9e-487a-9c83-88dbc08b74fa [pid: 7|app: 0|req: 769/1567] 10.0.0.241 () {32 vars in 747 bytes} [Tue Jul 21 14:32:58 2026] GET /v2.0/security-group-rules/3bbbc0a8-b985-4e97-8555-2bd99a17f204 => generated 601 bytes in 17 msecs (HTTP/1.1 200) 4 headers in 157 bytes (1 switches on core 0)
2026-07-21 14:32:58.052 7 INFO neutron.pecan_wsgi.hooks.translation [None req-0add10bf-9440-42a7-82fa-7526fef8c3ba d6797170f345454a9a5474ecf7bcb142 8e9acf736c5c49d9b26548a9567e17ed - - default default] GET failed (client error): The resource could not be found. [pid: 7|app: 0|req: 770/1568] 10.0.0.241 () {32 vars in 717 bytes} [Tue Jul 21 14:32:58 2026] GET /v2.0/ports/057e4d66-94ef-4f2f-9c61-762dd1ff219f => generated 132 bytes in 15 msecs (HTTP/1.1 404) 4 headers in 164 bytes (1 switches on core 0) [pid: 7|app: 0|req: 771/1569] 10.0.0.241 () {32 vars in 673 bytes} [Tue Jul 21 14:32:58 2026] GET /v2.0/security-group-rules => generated 4138 bytes in 83 msecs (HTTP/1.1 200) 4 headers in 158 bytes (1 switches on core 0) [pid: 7|app: 0|req: 772/1570] 10.0.0.241 () {32 vars in 643 bytes} [Tue Jul 21 14:32:58 2026] GET /v2.0/ports => generated 1537 bytes in 43 msecs (HTTP/1.1 200) 4 headers in 158 bytes (1 switches on core 0)
2026-07-21 14:32:58.220 8 INFO neutron.services.segments.plugin [-] Segment a58a9aa5-9924-4521-8fff-dfb049b3a1e9 resource provider aggregate not found
2026-07-21 14:32:58.223 8 INFO neutron.services.segments.plugin [-] Segment a58a9aa5-9924-4521-8fff-dfb049b3a1e9 resource provider aggregate not found
2026-07-21 14:32:58.246 8 INFO neutron.services.segments.plugin [-] Client error retrieving segment a58a9aa5-9924-4521-8fff-dfb049b3a1e9 resource provider; error: Placement Client Error (4xx): {"errors": [{"status": 404, "title": "Not Found", "detail": "The resource could not be found.\n\n No resource provider with uuid a58a9aa5-9924-4521-8fff-dfb049b3a1e9 found for delete ", "request_id": "req-76c00c03-c078-42bd-94c8-0484a0d2bc7b"}]}
