2026-07-21 14:31:15.589 8 INFO neutron.services.segments.plugin [-] Client error retrieving segment 0d357801-4fb2-4e6d-8b5d-3de8ce2f065e resource provider; error: Placement Client Error (4xx): {"errors": [{"status": 404, "title": "Not Found", "detail": "The resource could not be found.\n\n No resource provider with uuid 0d357801-4fb2-4e6d-8b5d-3de8ce2f065e found for delete ", "request_id": "req-9802aeb6-960a-44b9-a1bc-1589a3efdcc5"}]} [pid: 8|app: 0|req: 459/895] 10.0.0.241 () {32 vars in 726 bytes} [Tue Jul 21 14:31:14 2026] DELETE /v2.0/networks/d5a13016-ef3c-4e83-beb5-fa416cef5ce7 => generated 0 bytes in 736 msecs (HTTP/1.1 204) 3 headers in 131 bytes (1 switches on core 0)
2026-07-21 14:31:15.741 7 WARNING neutron.scheduler.dhcp_agent_scheduler [None req-e85047ad-28fd-4222-94ee-e12a5c12632e fa420d162eb14791b146f3624d38cc62 e8d6d75ee70e476ead7ffe8ea7c36383 - - default default] No more DHCP agents
2026-07-21 14:31:15.742 7 WARNING neutron.api.rpc.agentnotifiers.dhcp_rpc_agent_api [None req-e85047ad-28fd-4222-94ee-e12a5c12632e fa420d162eb14791b146f3624d38cc62 e8d6d75ee70e476ead7ffe8ea7c36383 - - default default] Unable to schedule network 6337025e-66e5-41e9-b0bc-6fbf2f25013c: no agents available; will retry on subsequent port and subnet creation events. [pid: 8|app: 0|req: 460/896] 199.19.213.196 () {34 vars in 984 bytes} [Tue Jul 21 14:31:15 2026] GET /v2.0/subnets?id=3bbfed88-c205-4793-9c06-681d7c6ea984 => generated 702 bytes in 69 msecs (HTTP/1.1 200) 4 headers in 157 bytes (1 switches on core 0)
2026-07-21 14:31:15.770 8 INFO neutron.db.ovn_revision_numbers_db [None req-206031c5-cb69-4783-b190-29acb341c852 - - - - - -] Successfully bumped revision number for resource e11191b4-bb6a-4b44-9959-495f0e628023 (type: ports) to 4 [pid: 8|app: 0|req: 463/899] 10.0.0.228 () {34 vars in 1070 bytes} [Tue Jul 21 14:31:15 2026] GET /v2.0/ports?fields=security_groups&fields=device_id&device_id=18fa56fc-e516-4e6c-ad26-45672431e4d0 => generated 123 bytes in 153 msecs (HTTP/1.1 200) 4 headers in 157 bytes (1 switches on core 0)
2026-07-21 14:31:15.932 7 INFO neutron.db.ovn_revision_numbers_db [None req-e85047ad-28fd-4222-94ee-e12a5c12632e fa420d162eb14791b146f3624d38cc62 e8d6d75ee70e476ead7ffe8ea7c36383 - - default default] Successfully bumped revision number for resource ff33271d-749c-4ce4-bb57-618cc98325f5 (type: ports) to 1 [pid: 8|app: 0|req: 464/900] 199.19.213.196 () {34 vars in 1052 bytes} [Tue Jul 21 14:31:15 2026] GET /v2.0/ports?network_id=fd7781fa-48cb-44bc-b9b2-6f817931e1cd&device_owner=network%3Adhcp => generated 12 bytes in 46 msecs (HTTP/1.1 200) 4 headers in 156 bytes (1 switches on core 0)
2026-07-21 14:31:15.975 8 WARNING neutron.db.securitygroups_db [None req-5bfaaa28-5d12-4e2c-9042-6b62851718a9 fa420d162eb14791b146f3624d38cc62 e8d6d75ee70e476ead7ffe8ea7c36383 - - default default] project_id key not found in filters, using tenant_id instead. This support has been deprecated and will be removed in a future release. [pid: 8|app: 0|req: 465/901] 10.0.0.241 () {32 vars in 774 bytes} [Tue Jul 21 14:31:15 2026] GET /v2.0/security-groups?tenant_id=880ac9f487cc4307969846ef2af575b3&name=default => generated 2921 bytes in 55 msecs (HTTP/1.1 200) 4 headers in 158 bytes (1 switches on core 0) [pid: 8|app: 0|req: 466/902] 10.0.0.228 () {34 vars in 1040 bytes} [Tue Jul 21 14:31:16 2026] GET /v2.0/security-groups?id=48abc54e-656b-4ad9-92dd-e2857bd48ec0&fields=id&fields=name => generated 113 bytes in 51 msecs (HTTP/1.1 200) 4 headers in 157 bytes (1 switches on core 0) [pid: 8|app: 0|req: 467/903] 199.19.213.196 () {34 vars in 1012 bytes} [Tue Jul 21 14:31:16 2026] GET /v2.0/networks/fd7781fa-48cb-44bc-b9b2-6f817931e1cd?fields=segments => generated 14 bytes in 87 msecs (HTTP/1.1 200) 4 headers in 156 bytes (1 switches on core 0)
2026-07-21 14:31:16.429 8 INFO neutron.db.ovn_revision_numbers_db [None req-206031c5-cb69-4783-b190-29acb341c852 - - - - - -] Successfully bumped revision number for resource e11191b4-bb6a-4b44-9959-495f0e628023 (type: ports) to 5 [pid: 8|app: 0|req: 468/904] 10.0.0.241 () {32 vars in 740 bytes} [Tue Jul 21 14:31:16 2026] DELETE /v2.0/security-groups/a9cfa49f-1612-4517-9f9e-1b9e90a557a8 => generated 0 bytes in 377 msecs (HTTP/1.1 204) 2 headers in 112 bytes (1 switches on core 0) [pid: 8|app: 0|req: 469/905] 199.19.213.196 () {34 vars in 1112 bytes} [Tue Jul 21 14:31:16 2026] GET /v2.0/networks/fd7781fa-48cb-44bc-b9b2-6f817931e1cd?fields=provider%3Aphysical_network&fields=provider%3Anetwork_type => generated 79 bytes in 63 msecs (HTTP/1.1 200) 4 headers in 156 bytes (1 switches on core 0)
2026-07-21 14:31:16.645 7 INFO neutron.plugins.ml2.drivers.ovn.mech_driver.mech_driver [None req-ffde6b76-7676-4fd0-83da-2d90855f68a4 - - - - - -] OVN reports status down for port: ff33271d-749c-4ce4-bb57-618cc98325f5
2026-07-21 14:31:16.812 7 WARNING neutron.plugins.ml2.drivers.ovn.mech_driver.ovsdb.ovn_client [None req-ffde6b76-7676-4fd0-83da-2d90855f68a4 - - - - - -] Logical_Switch_Port ff33271d-749c-4ce4-bb57-618cc98325f5 host information not removed, the port state is up
2026-07-21 14:31:16.812 7 INFO neutron.plugins.ml2.drivers.ovn.mech_driver.mech_driver [None req-ffde6b76-7676-4fd0-83da-2d90855f68a4 - - - - - -] OVN reports status up for port: ff33271d-749c-4ce4-bb57-618cc98325f5
2026-07-21 14:31:16.839 7 INFO neutron.plugins.ml2.plugin [None req-ffde6b76-7676-4fd0-83da-2d90855f68a4 - - - - - -] Attempt 1 to provision port ff33271d-749c-4ce4-bb57-618cc98325f5
2026-07-21 14:31:16.853 7 WARNING neutron.scheduler.dhcp_agent_scheduler [None req-e85047ad-28fd-4222-94ee-e12a5c12632e fa420d162eb14791b146f3624d38cc62 e8d6d75ee70e476ead7ffe8ea7c36383 - - default default] No more DHCP agents
2026-07-21 14:31:16.858 7 WARNING neutron.api.rpc.agentnotifiers.dhcp_rpc_agent_api [None req-e85047ad-28fd-4222-94ee-e12a5c12632e fa420d162eb14791b146f3624d38cc62 e8d6d75ee70e476ead7ffe8ea7c36383 - - default default] Unable to schedule network 6337025e-66e5-41e9-b0bc-6fbf2f25013c: no agents available; will retry on subsequent port and subnet creation events.
2026-07-21 14:31:17.294 8 INFO neutron.db.ovn_revision_numbers_db [None req-1cc3fc0b-9cb8-46de-a5cb-fe917af15dbe 1e6eb450d8784de2b5be7e980ec82b77 daf8c561b98548e0aab204baa01cf154 - - default default] Successfully bumped revision number for resource b05170bb-60ff-4258-a430-11057f126473 (type: security_groups) to 1
2026-07-21 14:31:17.310 8 INFO neutron.db.ovn_revision_numbers_db [None req-1cc3fc0b-9cb8-46de-a5cb-fe917af15dbe 1e6eb450d8784de2b5be7e980ec82b77 daf8c561b98548e0aab204baa01cf154 - - default default] Successfully bumped revision number for resource 5580c8a4-979b-42cb-b959-3b3662f8c826 (type: security_group_rules) to 0
2026-07-21 14:31:17.325 8 INFO neutron.db.ovn_revision_numbers_db [None req-1cc3fc0b-9cb8-46de-a5cb-fe917af15dbe 1e6eb450d8784de2b5be7e980ec82b77 daf8c561b98548e0aab204baa01cf154 - - default default] Successfully bumped revision number for resource 5947e575-eb9d-455d-9b11-08bc97abf008 (type: security_group_rules) to 0
2026-07-21 14:31:17.342 8 INFO neutron.db.ovn_revision_numbers_db [None req-1cc3fc0b-9cb8-46de-a5cb-fe917af15dbe 1e6eb450d8784de2b5be7e980ec82b77 daf8c561b98548e0aab204baa01cf154 - - default default] Successfully bumped revision number for resource b2a48067-a2b2-4022-8974-1434ef762e05 (type: security_group_rules) to 0
2026-07-21 14:31:17.354 8 INFO neutron.db.ovn_revision_numbers_db [None req-1cc3fc0b-9cb8-46de-a5cb-fe917af15dbe 1e6eb450d8784de2b5be7e980ec82b77 daf8c561b98548e0aab204baa01cf154 - - default default] Successfully bumped revision number for resource baab0f86-b76c-4c04-9f0d-070c5f3204cf (type: security_group_rules) to 0
2026-07-21 14:31:17.436 8 INFO neutron.db.segments_db [None req-1cc3fc0b-9cb8-46de-a5cb-fe917af15dbe 1e6eb450d8784de2b5be7e980ec82b77 daf8c561b98548e0aab204baa01cf154 - - default default] Added segment ff8326e0-f7d9-4cbc-90af-c3d6209f7cf4 of type geneve for network 6d316e25-49a5-4842-bff6-9de5e2d885bb
2026-07-21 14:31:17.576 8 INFO neutron.db.ovn_revision_numbers_db [None req-1cc3fc0b-9cb8-46de-a5cb-fe917af15dbe 1e6eb450d8784de2b5be7e980ec82b77 daf8c561b98548e0aab204baa01cf154 - - default default] Successfully bumped revision number for resource 6d316e25-49a5-4842-bff6-9de5e2d885bb (type: networks) to 1
2026-07-21 14:31:17.687 7 INFO neutron.db.ovn_revision_numbers_db [None req-ffde6b76-7676-4fd0-83da-2d90855f68a4 - - - - - -] Successfully bumped revision number for resource ff33271d-749c-4ce4-bb57-618cc98325f5 (type: ports) to 2
2026-07-21 14:31:17.821 8 INFO neutron.common.ovn.utils [None req-e88d3872-c918-4384-b4f8-d14539550b50 - - - - - -] HA Chassis Group neutron-6337025e-66e5-41e9-b0bc-6fbf2f25013c synchronized; highest priority chassis aa5544fa-03d7-4d66-989c-97d642d4a9c5
2026-07-21 14:31:17.858 7 INFO neutron.db.ovn_revision_numbers_db [None req-e85047ad-28fd-4222-94ee-e12a5c12632e fa420d162eb14791b146f3624d38cc62 e8d6d75ee70e476ead7ffe8ea7c36383 - - default default] Successfully bumped revision number for resource ff33271d-749c-4ce4-bb57-618cc98325f5 (type: router_ports) to 1 [pid: 7|app: 0|req: 437/906] 10.0.0.241 () {34 vars in 783 bytes} [Tue Jul 21 14:31:14 2026] PUT /v2.0/routers/67d42b71-8320-4a70-98ae-1811336f40d7/add_router_interface => generated 310 bytes in 3171 msecs (HTTP/1.1 200) 4 headers in 157 bytes (1 switches on core 0) [pid: 7|app: 0|req: 438/907] 10.0.0.228 () {34 vars in 1070 bytes} [Tue Jul 21 14:31:17 2026] GET /v2.0/ports?fields=security_groups&fields=device_id&device_id=18fa56fc-e516-4e6c-ad26-45672431e4d0 => generated 123 bytes in 50 msecs (HTTP/1.1 200) 4 headers in 157 bytes (1 switches on core 0)
2026-07-21 14:31:17.927 8 WARNING neutron.scheduler.dhcp_agent_scheduler [None req-1cc3fc0b-9cb8-46de-a5cb-fe917af15dbe 1e6eb450d8784de2b5be7e980ec82b77 daf8c561b98548e0aab204baa01cf154 - - default default] No more DHCP agents
2026-07-21 14:31:17.929 8 WARNING neutron.api.rpc.agentnotifiers.dhcp_rpc_agent_api [None req-1cc3fc0b-9cb8-46de-a5cb-fe917af15dbe 1e6eb450d8784de2b5be7e980ec82b77 daf8c561b98548e0aab204baa01cf154 - - default default] Unable to schedule network 6d316e25-49a5-4842-bff6-9de5e2d885bb: no agents available; will retry on subsequent port and subnet creation events. [pid: 7|app: 0|req: 439/908] 10.0.0.228 () {34 vars in 1040 bytes} [Tue Jul 21 14:31:17 2026] GET /v2.0/security-groups?id=48abc54e-656b-4ad9-92dd-e2857bd48ec0&fields=id&fields=name => generated 113 bytes in 36 msecs (HTTP/1.1 200) 4 headers in 157 bytes (1 switches on core 0)
2026-07-21 14:31:17.996 8 INFO neutron.plugins.ml2.drivers.ovn.mech_driver.mech_driver [None req-e88d3872-c918-4384-b4f8-d14539550b50 - - - - - -] OVN reports status down for port: dd4d2504-8bc8-4eef-96a1-4cb07a57c5f2
2026-07-21 14:31:18.058 8 INFO neutron.db.ovn_revision_numbers_db [None req-1cc3fc0b-9cb8-46de-a5cb-fe917af15dbe 1e6eb450d8784de2b5be7e980ec82b77 daf8c561b98548e0aab204baa01cf154 - - default default] Successfully bumped revision number for resource dd4d2504-8bc8-4eef-96a1-4cb07a57c5f2 (type: ports) to 1 [pid: 8|app: 0|req: 470/909] 10.0.0.241 () {34 vars in 670 bytes} [Tue Jul 21 14:31:16 2026] POST /v2.0/networks => generated 688 bytes in 1244 msecs (HTTP/1.1 201) 4 headers in 162 bytes (1 switches on core 0)
2026-07-21 14:31:18.318 7 WARNING neutron.scheduler.dhcp_agent_scheduler [None req-f3a2031e-e1db-45f6-afa5-2a587125ebbe 1e6eb450d8784de2b5be7e980ec82b77 daf8c561b98548e0aab204baa01cf154 - - default default] No more DHCP agents
2026-07-21 14:31:18.319 7 WARNING neutron.api.rpc.agentnotifiers.dhcp_rpc_agent_api [None req-f3a2031e-e1db-45f6-afa5-2a587125ebbe 1e6eb450d8784de2b5be7e980ec82b77 daf8c561b98548e0aab204baa01cf154 - - default default] Unable to schedule network 6d316e25-49a5-4842-bff6-9de5e2d885bb: no agents available; will retry on subsequent port and subnet creation events.
2026-07-21 14:31:18.357 7 INFO neutron.db.ovn_revision_numbers_db [None req-f3a2031e-e1db-45f6-afa5-2a587125ebbe 1e6eb450d8784de2b5be7e980ec82b77 daf8c561b98548e0aab204baa01cf154 - - default default] Successfully bumped revision number for resource c3954674-bf90-494d-9fec-c145b8436831 (type: subnets) to 0 [pid: 7|app: 0|req: 440/910] 10.0.0.241 () {34 vars in 669 bytes} [Tue Jul 21 14:31:18 2026] POST /v2.0/subnets => generated 627 bytes in 269 msecs (HTTP/1.1 201) 4 headers in 162 bytes (1 switches on core 0)
2026-07-21 14:31:18.767 7 INFO neutron.db.ovn_revision_numbers_db [None req-13d80211-9184-4528-8451-d45ec1328272 fa420d162eb14791b146f3624d38cc62 e8d6d75ee70e476ead7ffe8ea7c36383 - - default default] Successfully bumped revision number for resource 396202a3-efa2-4007-aa73-67a4128d59e5 (type: security_groups) to 1
2026-07-21 14:31:18.794 7 INFO neutron.db.ovn_revision_numbers_db [None req-13d80211-9184-4528-8451-d45ec1328272 fa420d162eb14791b146f3624d38cc62 e8d6d75ee70e476ead7ffe8ea7c36383 - - default default] Successfully bumped revision number for resource 0b039a8d-d12f-4ec0-9b53-866b4560e99f (type: security_group_rules) to 0
2026-07-21 14:31:18.819 7 INFO neutron.db.ovn_revision_numbers_db [None req-13d80211-9184-4528-8451-d45ec1328272 fa420d162eb14791b146f3624d38cc62 e8d6d75ee70e476ead7ffe8ea7c36383 - - default default] Successfully bumped revision number for resource 5ad7b6c5-33de-4f34-bad0-0c55ed8ebdc2 (type: security_group_rules) to 0
2026-07-21 14:31:18.846 7 INFO neutron.db.ovn_revision_numbers_db [None req-13d80211-9184-4528-8451-d45ec1328272 fa420d162eb14791b146f3624d38cc62 e8d6d75ee70e476ead7ffe8ea7c36383 - - default default] Successfully bumped revision number for resource 61199ed8-f2df-442a-8b70-17b504a8f37a (type: security_group_rules) to 0
2026-07-21 14:31:18.886 7 INFO neutron.db.ovn_revision_numbers_db [None req-13d80211-9184-4528-8451-d45ec1328272 fa420d162eb14791b146f3624d38cc62 e8d6d75ee70e476ead7ffe8ea7c36383 - - default default] Successfully bumped revision number for resource 92599940-ff0e-4f33-807a-85d19780bbf7 (type: security_group_rules) to 0
2026-07-21 14:31:18.923 8 WARNING neutron.scheduler.dhcp_agent_scheduler [None req-eff58dd9-a7ca-4b66-832c-c4bd2cad6bf9 1e6eb450d8784de2b5be7e980ec82b77 daf8c561b98548e0aab204baa01cf154 - - default default] No more DHCP agents
2026-07-21 14:31:18.925 8 WARNING neutron.api.rpc.agentnotifiers.dhcp_rpc_agent_api [None req-eff58dd9-a7ca-4b66-832c-c4bd2cad6bf9 1e6eb450d8784de2b5be7e980ec82b77 daf8c561b98548e0aab204baa01cf154 - - default default] Unable to schedule network 92d9def3-c275-414d-bf36-df2b1d3ad570: no agents available; will retry on subsequent port and subnet creation events.
2026-07-21 14:31:18.959 7 INFO neutron.db.segments_db [None req-13d80211-9184-4528-8451-d45ec1328272 fa420d162eb14791b146f3624d38cc62 e8d6d75ee70e476ead7ffe8ea7c36383 - - default default] Added segment ca319773-a174-49aa-84db-c507bc30eabf of type geneve for network 09cff047-d2a5-4d1a-a9e7-c01ff5ac4395
2026-07-21 14:31:19.110 8 INFO neutron.db.ovn_revision_numbers_db [None req-eff58dd9-a7ca-4b66-832c-c4bd2cad6bf9 1e6eb450d8784de2b5be7e980ec82b77 daf8c561b98548e0aab204baa01cf154 - - default default] Successfully bumped revision number for resource 93c06e5c-3dbe-4df6-aacd-13fe12030550 (type: ports) to 1
2026-07-21 14:31:19.129 7 INFO neutron.db.ovn_revision_numbers_db [None req-13d80211-9184-4528-8451-d45ec1328272 fa420d162eb14791b146f3624d38cc62 e8d6d75ee70e476ead7ffe8ea7c36383 - - default default] Successfully bumped revision number for resource 09cff047-d2a5-4d1a-a9e7-c01ff5ac4395 (type: networks) to 1
2026-07-21 14:31:19.389 7 WARNING neutron.scheduler.dhcp_agent_scheduler [None req-13d80211-9184-4528-8451-d45ec1328272 fa420d162eb14791b146f3624d38cc62 e8d6d75ee70e476ead7ffe8ea7c36383 - - default default] No more DHCP agents
2026-07-21 14:31:19.391 7 WARNING neutron.api.rpc.agentnotifiers.dhcp_rpc_agent_api [None req-13d80211-9184-4528-8451-d45ec1328272 fa420d162eb14791b146f3624d38cc62 e8d6d75ee70e476ead7ffe8ea7c36383 - - default default] Unable to schedule network 09cff047-d2a5-4d1a-a9e7-c01ff5ac4395: no agents available; will retry on subsequent port and subnet creation events.
2026-07-21 14:31:19.489 7 INFO neutron.db.ovn_revision_numbers_db [None req-13d80211-9184-4528-8451-d45ec1328272 fa420d162eb14791b146f3624d38cc62 e8d6d75ee70e476ead7ffe8ea7c36383 - - default default] Successfully bumped revision number for resource 189bf956-c25e-47d9-8784-5c90ba7797d4 (type: ports) to 1 [pid: 7|app: 0|req: 441/911] 10.0.0.241 () {34 vars in 671 bytes} [Tue Jul 21 14:31:18 2026] POST /v2.0/networks => generated 778 bytes in 1193 msecs (HTTP/1.1 201) 4 headers in 162 bytes (1 switches on core 0) [pid: 7|app: 0|req: 442/912] 10.0.0.228 () {34 vars in 982 bytes} [Tue Jul 21 14:31:19 2026] GET /v2.0/networks?id=6337025e-66e5-41e9-b0bc-6fbf2f25013c => generated 715 bytes in 39 msecs (HTTP/1.1 200) 4 headers in 157 bytes (1 switches on core 0)
2026-07-21 14:31:19.836 8 INFO neutron.db.ovn_revision_numbers_db [None req-eff58dd9-a7ca-4b66-832c-c4bd2cad6bf9 1e6eb450d8784de2b5be7e980ec82b77 daf8c561b98548e0aab204baa01cf154 - - default default] Successfully bumped revision number for resource 93c06e5c-3dbe-4df6-aacd-13fe12030550 (type: router_ports) to 1 [pid: 7|app: 0|req: 443/913] 10.0.0.228 () {34 vars in 1070 bytes} [Tue Jul 21 14:31:19 2026] GET /v2.0/ports?fields=security_groups&fields=device_id&device_id=18fa56fc-e516-4e6c-ad26-45672431e4d0 => generated 123 bytes in 172 msecs (HTTP/1.1 200) 4 headers in 157 bytes (1 switches on core 0)
2026-07-21 14:31:19.930 8 INFO neutron.db.ovn_revision_numbers_db [None req-eff58dd9-a7ca-4b66-832c-c4bd2cad6bf9 1e6eb450d8784de2b5be7e980ec82b77 daf8c561b98548e0aab204baa01cf154 - - default default] Successfully bumped revision number for resource 36a2cc8e-b208-4a28-a7de-99dc43f438a3 (type: routers) to 2 [pid: 8|app: 0|req: 471/914] 10.0.0.241 () {34 vars in 669 bytes} [Tue Jul 21 14:31:18 2026] POST /v2.0/routers => generated 975 bytes in 1672 msecs (HTTP/1.1 201) 4 headers in 162 bytes (1 switches on core 0) [pid: 8|app: 0|req: 472/915] 10.0.0.228 () {34 vars in 965 bytes} [Tue Jul 21 14:31:20 2026] GET /v2.0/quotas/86c8813853864ac29c60091126e74e55 => generated 312 bytes in 9 msecs (HTTP/1.1 200) 4 headers in 157 bytes (1 switches on core 0)
2026-07-21 14:31:20.089 7 WARNING neutron.scheduler.dhcp_agent_scheduler [None req-6bce7722-a4b1-44f2-a5c4-e048dcfa10f2 fa420d162eb14791b146f3624d38cc62 e8d6d75ee70e476ead7ffe8ea7c36383 - - default default] No more DHCP agents
2026-07-21 14:31:20.091 7 WARNING neutron.api.rpc.agentnotifiers.dhcp_rpc_agent_api [None req-6bce7722-a4b1-44f2-a5c4-e048dcfa10f2 fa420d162eb14791b146f3624d38cc62 e8d6d75ee70e476ead7ffe8ea7c36383 - - default default] Unable to schedule network 09cff047-d2a5-4d1a-a9e7-c01ff5ac4395: no agents available; will retry on subsequent port and subnet creation events. [pid: 8|app: 0|req: 473/916] 10.0.0.228 () {34 vars in 1040 bytes} [Tue Jul 21 14:31:20 2026] GET /v2.0/security-groups?id=48abc54e-656b-4ad9-92dd-e2857bd48ec0&fields=id&fields=name => generated 113 bytes in 31 msecs (HTTP/1.1 200) 4 headers in 157 bytes (1 switches on core 0)
2026-07-21 14:31:20.691 7 INFO neutron.db.ovn_revision_numbers_db [None req-6bce7722-a4b1-44f2-a5c4-e048dcfa10f2 fa420d162eb14791b146f3624d38cc62 e8d6d75ee70e476ead7ffe8ea7c36383 - - default default] Successfully bumped revision number for resource 189bf956-c25e-47d9-8784-5c90ba7797d4 (type: ports) to 2
2026-07-21 14:31:20.729 7 INFO neutron.db.ovn_revision_numbers_db [None req-6bce7722-a4b1-44f2-a5c4-e048dcfa10f2 fa420d162eb14791b146f3624d38cc62 e8d6d75ee70e476ead7ffe8ea7c36383 - - default default] Successfully bumped revision number for resource e54a8662-4206-4658-8ab9-db05fa64e11f (type: subnets) to 0 [pid: 7|app: 0|req: 444/917] 10.0.0.241 () {34 vars in 669 bytes} [Tue Jul 21 14:31:19 2026] POST /v2.0/subnets => generated 684 bytes in 901 msecs (HTTP/1.1 201) 4 headers in 162 bytes (1 switches on core 0) [pid: 7|app: 0|req: 445/918] 10.0.0.228 () {34 vars in 1002 bytes} [Tue Jul 21 14:31:20 2026] GET /v2.0/ports?tenant_id=86c8813853864ac29c60091126e74e55&fields=id => generated 103 bytes in 77 msecs (HTTP/1.1 200) 4 headers in 157 bytes (1 switches on core 0) [pid: 7|app: 0|req: 446/919] 199.19.213.196 () {34 vars in 994 bytes} [Tue Jul 21 14:31:20 2026] GET /v2.0/ports?device_id=18fa56fc-e516-4e6c-ad26-45672431e4d0 => generated 969 bytes in 39 msecs (HTTP/1.1 200) 4 headers in 157 bytes (1 switches on core 0)
2026-07-21 14:31:21.133 8 WARNING neutron.scheduler.dhcp_agent_scheduler [None req-be7252df-142d-4660-9202-3f074d82a9c8 1e6eb450d8784de2b5be7e980ec82b77 daf8c561b98548e0aab204baa01cf154 - - default default] No more DHCP agents
2026-07-21 14:31:21.135 8 WARNING neutron.api.rpc.agentnotifiers.dhcp_rpc_agent_api [None req-be7252df-142d-4660-9202-3f074d82a9c8 1e6eb450d8784de2b5be7e980ec82b77 daf8c561b98548e0aab204baa01cf154 - - default default] Unable to schedule network 6d316e25-49a5-4842-bff6-9de5e2d885bb: no agents available; will retry on subsequent port and subnet creation events.
2026-07-21 14:31:21.297 8 INFO neutron.db.ovn_revision_numbers_db [None req-be7252df-142d-4660-9202-3f074d82a9c8 1e6eb450d8784de2b5be7e980ec82b77 daf8c561b98548e0aab204baa01cf154 - - default default] Successfully bumped revision number for resource a611c0d1-6983-4f1e-96e1-d34cb31b5f9f (type: ports) to 1
2026-07-21 14:31:21.370 7 WARNING neutron.scheduler.dhcp_agent_scheduler [None req-cfb43f20-038f-4968-9853-17db2cdc4417 fa420d162eb14791b146f3624d38cc62 e8d6d75ee70e476ead7ffe8ea7c36383 - - default default] No more DHCP agents
2026-07-21 14:31:21.372 7 WARNING neutron.api.rpc.agentnotifiers.dhcp_rpc_agent_api [None req-cfb43f20-038f-4968-9853-17db2cdc4417 fa420d162eb14791b146f3624d38cc62 e8d6d75ee70e476ead7ffe8ea7c36383 - - default default] Unable to schedule network 92d9def3-c275-414d-bf36-df2b1d3ad570: no agents available; will retry on subsequent port and subnet creation events.
2026-07-21 14:31:21.528 8 INFO neutron.plugins.ml2.drivers.ovn.mech_driver.mech_driver [None req-e88d3872-c918-4384-b4f8-d14539550b50 - - - - - -] OVN reports status down for port: bb08ba64-7d2f-4ebf-9baf-86818160704c
2026-07-21 14:31:21.532 7 INFO neutron.db.ovn_revision_numbers_db [None req-cfb43f20-038f-4968-9853-17db2cdc4417 fa420d162eb14791b146f3624d38cc62 e8d6d75ee70e476ead7ffe8ea7c36383 - - default default] Successfully bumped revision number for resource bb08ba64-7d2f-4ebf-9baf-86818160704c (type: ports) to 1
2026-07-21 14:31:22.123 8 INFO neutron.plugins.ml2.drivers.ovn.mech_driver.ovsdb.ovsdb_monitor [None req-206031c5-cb69-4783-b190-29acb341c852 - - - - - -] Router b4cd680c-fbdb-4159-9ed1-b2239e68bfd8 is bound to host instance
2026-07-21 14:31:22.151 8 INFO neutron.plugins.ml2.drivers.ovn.mech_driver.mech_driver [None req-e88d3872-c918-4384-b4f8-d14539550b50 - - - - - -] OVN reports status up for port: bb08ba64-7d2f-4ebf-9baf-86818160704c
2026-07-21 14:31:22.213 8 INFO neutron.plugins.ml2.plugin [None req-e88d3872-c918-4384-b4f8-d14539550b50 - - - - - -] Attempt 1 to provision port bb08ba64-7d2f-4ebf-9baf-86818160704c
2026-07-21 14:31:22.226 7 INFO neutron.db.ovn_revision_numbers_db [None req-cfb43f20-038f-4968-9853-17db2cdc4417 fa420d162eb14791b146f3624d38cc62 e8d6d75ee70e476ead7ffe8ea7c36383 - - default default] Successfully bumped revision number for resource bb08ba64-7d2f-4ebf-9baf-86818160704c (type: router_ports) to 1
2026-07-21 14:31:22.328 7 INFO neutron.db.ovn_revision_numbers_db [None req-cfb43f20-038f-4968-9853-17db2cdc4417 fa420d162eb14791b146f3624d38cc62 e8d6d75ee70e476ead7ffe8ea7c36383 - - default default] Successfully bumped revision number for resource b4cd680c-fbdb-4159-9ed1-b2239e68bfd8 (type: routers) to 2 [pid: 7|app: 0|req: 447/920] 10.0.0.241 () {34 vars in 669 bytes} [Tue Jul 21 14:31:20 2026] POST /v2.0/routers => generated 983 bytes in 1465 msecs (HTTP/1.1 201) 4 headers in 162 bytes (1 switches on core 0) [pid: 7|app: 0|req: 448/921] 10.0.0.228 () {34 vars in 1008 bytes} [Tue Jul 21 14:31:22 2026] GET /v2.0/networks/6337025e-66e5-41e9-b0bc-6fbf2f25013c?fields=segments => generated 14 bytes in 57 msecs (HTTP/1.1 200) 4 headers in 156 bytes (1 switches on core 0)
2026-07-21 14:31:22.446 8 WARNING neutron.scheduler.dhcp_agent_scheduler [None req-be7252df-142d-4660-9202-3f074d82a9c8 1e6eb450d8784de2b5be7e980ec82b77 daf8c561b98548e0aab204baa01cf154 - - default default] No more DHCP agents
2026-07-21 14:31:22.448 8 WARNING neutron.api.rpc.agentnotifiers.dhcp_rpc_agent_api [None req-be7252df-142d-4660-9202-3f074d82a9c8 1e6eb450d8784de2b5be7e980ec82b77 daf8c561b98548e0aab204baa01cf154 - - default default] Unable to schedule network 6d316e25-49a5-4842-bff6-9de5e2d885bb: no agents available; will retry on subsequent port and subnet creation events.
2026-07-21 14:31:22.540 7 WARNING neutron.plugins.ml2.drivers.ovn.mech_driver.ovsdb.ovn_client [None req-415ae663-82e8-4a56-a7d5-21f90e89102d - - - - - -] No hosting information found for port ff33271d-749c-4ce4-bb57-618cc98325f5: RuntimeError: No hosting information found for port ff33271d-749c-4ce4-bb57-618cc98325f5
2026-07-21 14:31:22.648 7 INFO neutron_taas.services.taas.taas_plugin [req-b0feb7d0-89bd-48a4-9a06-2e34d4b4ecc7 req-03db76c4-be46-48a1-83a2-1485b254a28c c491dd18e2a04d5c882b721a88663b4e 8c5ee6b59ce94a219a5222f0d5b31316 - - default default] TaaS: Handle Delete Port: 4be4cf94-4333-4d7b-96f4-bc8089f8939a
2026-07-21 14:31:22.656 7 INFO neutron_taas.services.taas.tap_mirror_plugin [req-b0feb7d0-89bd-48a4-9a06-2e34d4b4ecc7 req-03db76c4-be46-48a1-83a2-1485b254a28c c491dd18e2a04d5c882b721a88663b4e 8c5ee6b59ce94a219a5222f0d5b31316 - - default default] Tap Mirror: Handle Delete Port: 4be4cf94-4333-4d7b-96f4-bc8089f8939a
2026-07-21 14:31:22.679 7 INFO neutron.db.ovn_revision_numbers_db [None req-415ae663-82e8-4a56-a7d5-21f90e89102d - - - - - -] Successfully bumped revision number for resource ff33271d-749c-4ce4-bb57-618cc98325f5 (type: router_ports) to 2
2026-07-21 14:31:22.680 7 INFO neutron.plugins.ml2.drivers.ovn.mech_driver.mech_driver [None req-415ae663-82e8-4a56-a7d5-21f90e89102d - - - - - -] OVN reports status down for port: 93c06e5c-3dbe-4df6-aacd-13fe12030550
2026-07-21 14:31:22.788 7 WARNING neutron.plugins.ml2.drivers.ovn.mech_driver.ovsdb.ovn_client [None req-415ae663-82e8-4a56-a7d5-21f90e89102d - - - - - -] Logical_Switch_Port 93c06e5c-3dbe-4df6-aacd-13fe12030550 host information not removed, the port state is up
2026-07-21 14:31:22.789 7 INFO neutron.plugins.ml2.drivers.ovn.mech_driver.mech_driver [None req-415ae663-82e8-4a56-a7d5-21f90e89102d - - - - - -] OVN reports status down for port: 189bf956-c25e-47d9-8784-5c90ba7797d4
2026-07-21 14:31:22.894 7 INFO neutron.plugins.ml2.drivers.ovn.mech_driver.mech_driver [None req-415ae663-82e8-4a56-a7d5-21f90e89102d - - - - - -] OVN reports status up for port: 93c06e5c-3dbe-4df6-aacd-13fe12030550 [pid: 7|app: 0|req: 449/922] 199.19.213.196 () {36 vars in 997 bytes} [Tue Jul 21 14:31:22 2026] DELETE /v2.0/ports/4be4cf94-4333-4d7b-96f4-bc8089f8939a => generated 0 bytes in 499 msecs (HTTP/1.1 204) 3 headers in 131 bytes (1 switches on core 0)
2026-07-21 14:31:22.939 7 INFO neutron.plugins.ml2.plugin [None req-415ae663-82e8-4a56-a7d5-21f90e89102d - - - - - -] Attempt 1 to provision port 93c06e5c-3dbe-4df6-aacd-13fe12030550 [pid: 7|app: 0|req: 450/923] 10.0.0.228 () {34 vars in 1070 bytes} [Tue Jul 21 14:31:22 2026] GET /v2.0/ports?fields=security_groups&fields=device_id&device_id=18fa56fc-e516-4e6c-ad26-45672431e4d0 => generated 12 bytes in 58 msecs (HTTP/1.1 200) 4 headers in 156 bytes (1 switches on core 0)
2026-07-21 14:31:22.993 8 INFO neutron.db.ovn_revision_numbers_db [None req-be7252df-142d-4660-9202-3f074d82a9c8 1e6eb450d8784de2b5be7e980ec82b77 daf8c561b98548e0aab204baa01cf154 - - default default] Successfully bumped revision number for resource a611c0d1-6983-4f1e-96e1-d34cb31b5f9f (type: router_ports) to 1 [pid: 8|app: 0|req: 474/924] 10.0.0.241 () {34 vars in 783 bytes} [Tue Jul 21 14:31:20 2026] PUT /v2.0/routers/36a2cc8e-b208-4a28-a7de-99dc43f438a3/add_router_interface => generated 310 bytes in 2902 msecs (HTTP/1.1 200) 4 headers in 157 bytes (1 switches on core 0)
2026-07-21 14:31:23.004 7 WARNING neutron.notifiers.nova [-] Nova event matching ['req-135b8889-caea-4849-8ffa-09dd4ddd3a6b']: {'server_uuid': '18fa56fc-e516-4e6c-ad26-45672431e4d0', 'name': 'network-vif-deleted', 'tag': '4be4cf94-4333-4d7b-96f4-bc8089f8939a', 'status': 'failed', 'code': 422} returned with failed status [pid: 8|app: 0|req: 475/925] 10.0.0.228 () {34 vars in 1108 bytes} [Tue Jul 21 14:31:23 2026] GET /v2.0/networks/6337025e-66e5-41e9-b0bc-6fbf2f25013c?fields=provider%3Aphysical_network&fields=provider%3Anetwork_type => generated 79 bytes in 81 msecs (HTTP/1.1 200) 4 headers in 156 bytes (1 switches on core 0)
2026-07-21 14:31:23.571 7 WARNING neutron.scheduler.dhcp_agent_scheduler [None req-c457b548-a270-4468-84d3-07017edef009 fa420d162eb14791b146f3624d38cc62 e8d6d75ee70e476ead7ffe8ea7c36383 - - default default] No more DHCP agents
2026-07-21 14:31:23.572 7 WARNING neutron.api.rpc.agentnotifiers.dhcp_rpc_agent_api [None req-c457b548-a270-4468-84d3-07017edef009 fa420d162eb14791b146f3624d38cc62 e8d6d75ee70e476ead7ffe8ea7c36383 - - default default] Unable to schedule network 09cff047-d2a5-4d1a-a9e7-c01ff5ac4395: no agents available; will retry on subsequent port and subnet creation events.
2026-07-21 14:31:23.622 8 WARNING neutron.scheduler.dhcp_agent_scheduler [None req-a417a3ac-a965-4fc9-b1a5-03c02d381b63 1e6eb450d8784de2b5be7e980ec82b77 daf8c561b98548e0aab204baa01cf154 - - default default] No more DHCP agents
2026-07-21 14:31:23.626 8 WARNING neutron.api.rpc.agentnotifiers.dhcp_rpc_agent_api [None req-a417a3ac-a965-4fc9-b1a5-03c02d381b63 1e6eb450d8784de2b5be7e980ec82b77 daf8c561b98548e0aab204baa01cf154 - - default default] Unable to schedule network 6d316e25-49a5-4842-bff6-9de5e2d885bb: no agents available; will retry on subsequent port and subnet creation events.
2026-07-21 14:31:23.757 7 INFO neutron.db.ovn_revision_numbers_db [None req-c457b548-a270-4468-84d3-07017edef009 fa420d162eb14791b146f3624d38cc62 e8d6d75ee70e476ead7ffe8ea7c36383 - - default default] Successfully bumped revision number for resource 388b1e11-1741-45f7-bd97-d6fe7882d56b (type: ports) to 1
2026-07-21 14:31:23.847 8 INFO neutron.db.ovn_revision_numbers_db [None req-52fd5783-58d7-4c99-a4d6-f91fd0917fd4 - - - - - -] Successfully bumped revision number for resource bb08ba64-7d2f-4ebf-9baf-86818160704c (type: ports) to 4
2026-07-21 14:31:23.953 8 INFO neutron.db.ovn_revision_numbers_db [None req-a417a3ac-a965-4fc9-b1a5-03c02d381b63 1e6eb450d8784de2b5be7e980ec82b77 daf8c561b98548e0aab204baa01cf154 - - default default] Successfully bumped revision number for resource edbaea08-9994-4aca-85c3-ff8b537d3d8f (type: ports) to 1 [pid: 8|app: 0|req: 476/926] 10.0.0.241 () {34 vars in 665 bytes} [Tue Jul 21 14:31:23 2026] POST /v2.0/ports => generated 955 bytes in 939 msecs (HTTP/1.1 201) 4 headers in 162 bytes (1 switches on core 0) /var/lib/openstack/lib/python3.12/site-packages/pycadf/identifier.py:70: UserWarning: Invalid uuid: neutron. To ensure interoperability, identifiers should be a valid uuid. warnings.warn(('Invalid uuid: %s. To ensure interoperability, ' [pid: 8|app: 0|req: 477/927] 10.0.0.228 () {34 vars in 1070 bytes} [Tue Jul 21 14:31:24 2026] GET /v2.0/ports?fields=security_groups&fields=device_id&device_id=13eee040-e36d-480c-a31d-dfe43cf955c3 => generated 12 bytes in 44 msecs (HTTP/1.1 200) 4 headers in 156 bytes (1 switches on core 0) [pid: 8|app: 0|req: 478/928] 10.0.0.228 () {34 vars in 1070 bytes} [Tue Jul 21 14:31:24 2026] GET /v2.0/ports?fields=security_groups&fields=device_id&device_id=18fa56fc-e516-4e6c-ad26-45672431e4d0 => generated 12 bytes in 42 msecs (HTTP/1.1 200) 4 headers in 156 bytes (1 switches on core 0)
2026-07-21 14:31:24.545 8 INFO neutron.db.ovn_revision_numbers_db [None req-52fd5783-58d7-4c99-a4d6-f91fd0917fd4 - - - - - -] Successfully bumped revision number for resource bb08ba64-7d2f-4ebf-9baf-86818160704c (type: ports) to 5
2026-07-21 14:31:24.557 7 WARNING neutron.scheduler.dhcp_agent_scheduler [None req-c457b548-a270-4468-84d3-07017edef009 fa420d162eb14791b146f3624d38cc62 e8d6d75ee70e476ead7ffe8ea7c36383 - - default default] No more DHCP agents
2026-07-21 14:31:24.558 7 WARNING neutron.api.rpc.agentnotifiers.dhcp_rpc_agent_api [None req-c457b548-a270-4468-84d3-07017edef009 fa420d162eb14791b146f3624d38cc62 e8d6d75ee70e476ead7ffe8ea7c36383 - - default default] Unable to schedule network 09cff047-d2a5-4d1a-a9e7-c01ff5ac4395: no agents available; will retry on subsequent port and subnet creation events.
2026-07-21 14:31:24.597 8 WARNING neutron.scheduler.dhcp_agent_scheduler [None req-aec5ef09-0637-411c-beb0-03726bd78331 1e6eb450d8784de2b5be7e980ec82b77 daf8c561b98548e0aab204baa01cf154 - - default default] No more DHCP agents
2026-07-21 14:31:24.602 8 WARNING neutron.api.rpc.agentnotifiers.dhcp_rpc_agent_api [None req-aec5ef09-0637-411c-beb0-03726bd78331 1e6eb450d8784de2b5be7e980ec82b77 daf8c561b98548e0aab204baa01cf154 - - default default] Unable to schedule network 6d316e25-49a5-4842-bff6-9de5e2d885bb: no agents available; will retry on subsequent port and subnet creation events.
2026-07-21 14:31:24.822 8 INFO neutron.db.ovn_revision_numbers_db [None req-aec5ef09-0637-411c-beb0-03726bd78331 1e6eb450d8784de2b5be7e980ec82b77 daf8c561b98548e0aab204baa01cf154 - - default default] Successfully bumped revision number for resource 901b263a-8108-4c7a-996b-24519e8d9376 (type: ports) to 1 [pid: 8|app: 0|req: 479/929] 10.0.0.241 () {34 vars in 665 bytes} [Tue Jul 21 14:31:24 2026] POST /v2.0/ports => generated 958 bytes in 735 msecs (HTTP/1.1 201) 4 headers in 162 bytes (1 switches on core 0) /var/lib/openstack/lib/python3.12/site-packages/pycadf/identifier.py:70: UserWarning: Invalid uuid: neutron. To ensure interoperability, identifiers should be a valid uuid. warnings.warn(('Invalid uuid: %s. To ensure interoperability, '
2026-07-21 14:31:25.100 7 INFO neutron.db.ovn_revision_numbers_db [None req-c457b548-a270-4468-84d3-07017edef009 fa420d162eb14791b146f3624d38cc62 e8d6d75ee70e476ead7ffe8ea7c36383 - - default default] Successfully bumped revision number for resource 388b1e11-1741-45f7-bd97-d6fe7882d56b (type: router_ports) to 1 [pid: 7|app: 0|req: 451/930] 10.0.0.241 () {34 vars in 783 bytes} [Tue Jul 21 14:31:22 2026] PUT /v2.0/routers/b4cd680c-fbdb-4159-9ed1-b2239e68bfd8/add_router_interface => generated 310 bytes in 2146 msecs (HTTP/1.1 200) 4 headers in 157 bytes (1 switches on core 0) [pid: 7|app: 0|req: 452/931] 10.0.0.250 () {34 vars in 990 bytes} [Tue Jul 21 14:31:25 2026] GET /v2.0/ports?device_id=18fa56fc-e516-4e6c-ad26-45672431e4d0 => generated 12 bytes in 25 msecs (HTTP/1.1 200) 4 headers in 156 bytes (1 switches on core 0) [pid: 7|app: 0|req: 453/932] 10.0.0.228 () {34 vars in 1070 bytes} [Tue Jul 21 14:31:25 2026] GET /v2.0/ports?fields=security_groups&fields=device_id&device_id=13eee040-e36d-480c-a31d-dfe43cf955c3 => generated 12 bytes in 32 msecs (HTTP/1.1 200) 4 headers in 156 bytes (1 switches on core 0)
2026-07-21 14:31:25.182 8 WARNING neutron.scheduler.dhcp_agent_scheduler [None req-65be8503-42ef-4cee-ac0d-4e69069a5fbb 1e6eb450d8784de2b5be7e980ec82b77 daf8c561b98548e0aab204baa01cf154 - - default default] No more DHCP agents
2026-07-21 14:31:25.184 8 WARNING neutron.api.rpc.agentnotifiers.dhcp_rpc_agent_api [None req-65be8503-42ef-4cee-ac0d-4e69069a5fbb 1e6eb450d8784de2b5be7e980ec82b77 daf8c561b98548e0aab204baa01cf154 - - default default] Unable to schedule network 92d9def3-c275-414d-bf36-df2b1d3ad570: no agents available; will retry on subsequent port and subnet creation events. [pid: 7|app: 0|req: 454/933] 10.0.0.228 () {34 vars in 1070 bytes} [Tue Jul 21 14:31:25 2026] GET /v2.0/ports?fields=security_groups&fields=device_id&device_id=18fa56fc-e516-4e6c-ad26-45672431e4d0 => generated 12 bytes in 28 msecs (HTTP/1.1 200) 4 headers in 156 bytes (1 switches on core 0)
2026-07-21 14:31:25.257 8 INFO neutron.plugins.ml2.drivers.ovn.mech_driver.mech_driver [None req-e88d3872-c918-4384-b4f8-d14539550b50 - - - - - -] OVN reports status down for port: 901b263a-8108-4c7a-996b-24519e8d9376 [pid: 7|app: 0|req: 455/934] 10.0.0.228 () {34 vars in 990 bytes} [Tue Jul 21 14:31:25 2026] GET /v2.0/ports?device_id=18fa56fc-e516-4e6c-ad26-45672431e4d0 => generated 12 bytes in 21 msecs (HTTP/1.1 200) 4 headers in 156 bytes (1 switches on core 0)
2026-07-21 14:31:25.598 8 INFO neutron.common.ovn.utils [None req-e88d3872-c918-4384-b4f8-d14539550b50 - - - - - -] HA Chassis Group neutron-09cff047-d2a5-4d1a-a9e7-c01ff5ac4395 synchronized; highest priority chassis aa5544fa-03d7-4d66-989c-97d642d4a9c5
2026-07-21 14:31:25.774 7 INFO neutron.db.ovn_revision_numbers_db [None req-81bd82e4-4a4a-4ba0-9033-26a90c0e746c 14b10ce661ad48d28b8ef0709ccdb63c b8e9d84c373649b89597c91514ee50c7 - - default default] Successfully bumped revision number for resource 6033b921-28ab-4794-a570-2720a87b4e98 (type: security_groups) to 1
2026-07-21 14:31:25.785 7 INFO neutron.db.ovn_revision_numbers_db [None req-81bd82e4-4a4a-4ba0-9033-26a90c0e746c 14b10ce661ad48d28b8ef0709ccdb63c b8e9d84c373649b89597c91514ee50c7 - - default default] Successfully bumped revision number for resource 0dcb6787-d532-4eca-85e2-8dad329e3548 (type: security_group_rules) to 0
2026-07-21 14:31:25.796 7 INFO neutron.db.ovn_revision_numbers_db [None req-81bd82e4-4a4a-4ba0-9033-26a90c0e746c 14b10ce661ad48d28b8ef0709ccdb63c b8e9d84c373649b89597c91514ee50c7 - - default default] Successfully bumped revision number for resource 319a6909-6984-4e15-9ee4-33a084106127 (type: security_group_rules) to 0 [pid: 7|app: 0|req: 456/935] 10.0.0.241 () {34 vars in 685 bytes} [Tue Jul 21 14:31:25 2026] POST /v2.0/security-groups => generated 1660 bytes in 224 msecs (HTTP/1.1 201) 4 headers in 163 bytes (1 switches on core 0) [pid: 7|app: 0|req: 457/936] 10.0.0.241 () {32 vars in 740 bytes} [Tue Jul 21 14:31:25 2026] DELETE /v2.0/security-groups/48abc54e-656b-4ad9-92dd-e2857bd48ec0 => generated 0 bytes in 164 msecs (HTTP/1.1 204) 2 headers in 112 bytes (1 switches on core 0)
2026-07-21 14:31:26.127 7 INFO neutron.db.ovn_revision_numbers_db [None req-b14d52de-50cd-4f95-a546-ffa19280c1e3 14b10ce661ad48d28b8ef0709ccdb63c b8e9d84c373649b89597c91514ee50c7 - - default default] Successfully bumped revision number for resource 594f5ee8-6f45-4735-9009-61586428720a (type: security_group_rules) to 0 [pid: 7|app: 0|req: 458/937] 10.0.0.241 () {34 vars in 695 bytes} [Tue Jul 21 14:31:26 2026] POST /v2.0/security-group-rules => generated 597 bytes in 168 msecs (HTTP/1.1 201) 4 headers in 162 bytes (1 switches on core 0)
2026-07-21 14:31:26.183 7 INFO neutron.api.v2.resource [None req-c8ce5c0b-cc1f-4117-b9bf-9473d03537f3 c491dd18e2a04d5c882b721a88663b4e 8c5ee6b59ce94a219a5222f0d5b31316 - - default default] show failed (client error): The resource could not be found. [pid: 7|app: 0|req: 459/938] 10.0.0.241 () {32 vars in 737 bytes} [Tue Jul 21 14:31:26 2026] GET /v2.0/security-groups/48abc54e-656b-4ad9-92dd-e2857bd48ec0 => generated 146 bytes in 13 msecs (HTTP/1.1 404) 4 headers in 164 bytes (1 switches on core 0)
2026-07-21 14:31:26.314 7 INFO neutron.db.ovn_revision_numbers_db [None req-c606ce6a-9ce6-43ed-93b4-d295ce97f0e3 14b10ce661ad48d28b8ef0709ccdb63c b8e9d84c373649b89597c91514ee50c7 - - default default] Successfully bumped revision number for resource 4836687a-ab5b-4506-a570-1d228be83615 (type: security_group_rules) to 0 [pid: 7|app: 0|req: 460/939] 10.0.0.241 () {34 vars in 695 bytes} [Tue Jul 21 14:31:26 2026] POST /v2.0/security-group-rules => generated 602 bytes in 163 msecs (HTTP/1.1 201) 4 headers in 162 bytes (1 switches on core 0)
2026-07-21 14:31:26.386 8 INFO neutron.db.ovn_revision_numbers_db [None req-65be8503-42ef-4cee-ac0d-4e69069a5fbb 1e6eb450d8784de2b5be7e980ec82b77 daf8c561b98548e0aab204baa01cf154 - - default default] Successfully bumped revision number for resource 613f42e7-61fc-46cd-80bc-883059c1fa56 (type: floatingips) to 1
2026-07-21 14:31:26.386 8 INFO neutron.db.l3_db [None req-65be8503-42ef-4cee-ac0d-4e69069a5fbb 1e6eb450d8784de2b5be7e980ec82b77 daf8c561b98548e0aab204baa01cf154 - - default default] Floating IP 613f42e7-61fc-46cd-80bc-883059c1fa56 associated. External IP: 10.96.250.213, port: 901b263a-8108-4c7a-996b-24519e8d9376. [pid: 8|app: 0|req: 480/940] 10.0.0.241 () {34 vars in 677 bytes} [Tue Jul 21 14:31:24 2026] POST /v2.0/floatingips => generated 842 bytes in 1599 msecs (HTTP/1.1 201) 4 headers in 162 bytes (1 switches on core 0) /var/lib/openstack/lib/python3.12/site-packages/pycadf/identifier.py:70: UserWarning: Invalid uuid: neutron. To ensure interoperability, identifiers should be a valid uuid. warnings.warn(('Invalid uuid: %s. To ensure interoperability, ' [pid: 8|app: 0|req: 481/941] 10.0.0.228 () {34 vars in 1070 bytes} [Tue Jul 21 14:31:26 2026] GET /v2.0/ports?fields=security_groups&fields=device_id&device_id=13eee040-e36d-480c-a31d-dfe43cf955c3 => generated 12 bytes in 27 msecs (HTTP/1.1 200) 4 headers in 156 bytes (1 switches on core 0)
2026-07-21 14:31:26.503 7 INFO neutron_taas.services.taas.taas_plugin [None req-e6110e4f-b32a-41a8-934b-6c90d84f29bf c491dd18e2a04d5c882b721a88663b4e 8c5ee6b59ce94a219a5222f0d5b31316 - - default default] TaaS: Handle Delete Port: f25e0837-a2ae-45fe-9370-e9351f177d20
2026-07-21 14:31:26.508 7 INFO neutron_taas.services.taas.tap_mirror_plugin [None req-e6110e4f-b32a-41a8-934b-6c90d84f29bf c491dd18e2a04d5c882b721a88663b4e 8c5ee6b59ce94a219a5222f0d5b31316 - - default default] Tap Mirror: Handle Delete Port: f25e0837-a2ae-45fe-9370-e9351f177d20 [pid: 7|app: 0|req: 461/942] 10.0.0.241 () {32 vars in 732 bytes} [Tue Jul 21 14:31:26 2026] DELETE /v2.0/floatingips/10748a30-be21-4c14-aee9-8ed83915da71 => generated 0 bytes in 314 msecs (HTTP/1.1 204) 2 headers in 112 bytes (1 switches on core 0)
2026-07-21 14:31:26.726 8 WARNING neutron.scheduler.dhcp_agent_scheduler [None req-f63610c7-7cee-4113-b846-f3eb4e456534 14b10ce661ad48d28b8ef0709ccdb63c b8e9d84c373649b89597c91514ee50c7 - - default default] No more DHCP agents
2026-07-21 14:31:26.728 8 WARNING neutron.api.rpc.agentnotifiers.dhcp_rpc_agent_api [None req-f63610c7-7cee-4113-b846-f3eb4e456534 14b10ce661ad48d28b8ef0709ccdb63c b8e9d84c373649b89597c91514ee50c7 - - default default] Unable to schedule network 92d9def3-c275-414d-bf36-df2b1d3ad570: no agents available; will retry on subsequent port and subnet creation events.
2026-07-21 14:31:26.946 7 INFO neutron.db.l3_db [None req-499abf97-1218-4192-a94d-e806c8018c94 1e6eb450d8784de2b5be7e980ec82b77 daf8c561b98548e0aab204baa01cf154 - - default default] Floating IP 613f42e7-61fc-46cd-80bc-883059c1fa56 disassociated. External IP: 10.96.250.213, port: 901b263a-8108-4c7a-996b-24519e8d9376. [pid: 7|app: 0|req: 462/943] 10.0.0.241 () {34 vars in 749 bytes} [Tue Jul 21 14:31:26 2026] PUT /v2.0/floatingips/613f42e7-61fc-46cd-80bc-883059c1fa56 => generated 554 bytes in 319 msecs (HTTP/1.1 200) 4 headers in 157 bytes (1 switches on core 0) [pid: 8|app: 0|req: 482/944] 10.0.0.241 () {34 vars in 676 bytes} [Tue Jul 21 14:31:26 2026] POST /v2.0/floatingips => generated 552 bytes in 681 msecs (HTTP/1.1 201) 4 headers in 162 bytes (1 switches on core 0) /var/lib/openstack/lib/python3.12/site-packages/pycadf/identifier.py:70: UserWarning: Invalid uuid: neutron. To ensure interoperability, identifiers should be a valid uuid. warnings.warn(('Invalid uuid: %s. To ensure interoperability, '
2026-07-21 14:31:27.321 7 INFO neutron_taas.services.taas.taas_plugin [None req-1ba4b29a-9daf-4f00-a36f-88f85b78f3e0 fa420d162eb14791b146f3624d38cc62 e8d6d75ee70e476ead7ffe8ea7c36383 - - default default] TaaS: Handle Delete Port: 86531a81-1ce0-4fd5-a431-c465f9922246
2026-07-21 14:31:27.324 7 INFO neutron_taas.services.taas.tap_mirror_plugin [None req-1ba4b29a-9daf-4f00-a36f-88f85b78f3e0 fa420d162eb14791b146f3624d38cc62 e8d6d75ee70e476ead7ffe8ea7c36383 - - default default] Tap Mirror: Handle Delete Port: 86531a81-1ce0-4fd5-a431-c465f9922246
2026-07-21 14:31:27.335 8 INFO neutron_taas.services.taas.taas_plugin [None req-2464f5f3-4954-4ee7-bf64-f630d95df315 1e6eb450d8784de2b5be7e980ec82b77 daf8c561b98548e0aab204baa01cf154 - - default default] TaaS: Handle Delete Port: 9b87154c-0007-4640-8cc6-5782b3fb3575
2026-07-21 14:31:27.338 8 INFO neutron_taas.services.taas.tap_mirror_plugin [None req-2464f5f3-4954-4ee7-bf64-f630d95df315 1e6eb450d8784de2b5be7e980ec82b77 daf8c561b98548e0aab204baa01cf154 - - default default] Tap Mirror: Handle Delete Port: 9b87154c-0007-4640-8cc6-5782b3fb3575 [pid: 8|app: 0|req: 483/945] 10.0.0.241 () {32 vars in 732 bytes} [Tue Jul 21 14:31:27 2026] DELETE /v2.0/floatingips/613f42e7-61fc-46cd-80bc-883059c1fa56 => generated 0 bytes in 366 msecs (HTTP/1.1 204) 2 headers in 112 bytes (1 switches on core 0) [pid: 8|app: 0|req: 484/946] 199.19.213.196 () {34 vars in 986 bytes} [Tue Jul 21 14:31:27 2026] GET /v2.0/networks?id=6337025e-66e5-41e9-b0bc-6fbf2f25013c => generated 715 bytes in 92 msecs (HTTP/1.1 200) 4 headers in 157 bytes (1 switches on core 0)
2026-07-21 14:31:27.898 8 WARNING neutron.scheduler.dhcp_agent_scheduler [None req-e514f071-ff61-403f-921e-23f6d065b4f8 1e6eb450d8784de2b5be7e980ec82b77 daf8c561b98548e0aab204baa01cf154 - - default default] No more DHCP agents
2026-07-21 14:31:27.899 8 WARNING neutron.api.rpc.agentnotifiers.dhcp_rpc_agent_api [None req-e514f071-ff61-403f-921e-23f6d065b4f8 1e6eb450d8784de2b5be7e980ec82b77 daf8c561b98548e0aab204baa01cf154 - - default default] Unable to schedule network 92d9def3-c275-414d-bf36-df2b1d3ad570: no agents available; will retry on subsequent port and subnet creation events.
2026-07-21 14:31:28.102 7 WARNING neutron.plugins.ml2.drivers.ovn.mech_driver.ovsdb.ovn_client [None req-415ae663-82e8-4a56-a7d5-21f90e89102d - - - - - -] No hosting information found for port 93c06e5c-3dbe-4df6-aacd-13fe12030550: RuntimeError: No hosting information found for port 93c06e5c-3dbe-4df6-aacd-13fe12030550
2026-07-21 14:31:28.103 7 INFO neutron.plugins.ml2.drivers.ovn.mech_driver.mech_driver [None req-415ae663-82e8-4a56-a7d5-21f90e89102d - - - - - -] OVN reports status down for port: a611c0d1-6983-4f1e-96e1-d34cb31b5f9f [pid: 7|app: 0|req: 463/947] 10.0.0.241 () {34 vars in 789 bytes} [Tue Jul 21 14:31:26 2026] PUT /v2.0/routers/e4bb66b8-9280-4b23-9938-c4fe91b019ca/remove_router_interface => generated 310 bytes in 1130 msecs (HTTP/1.1 200) 4 headers in 157 bytes (1 switches on core 0) /var/lib/openstack/lib/python3.12/site-packages/pycadf/identifier.py:70: UserWarning: Invalid uuid: neutron. To ensure interoperability, identifiers should be a valid uuid. warnings.warn(('Invalid uuid: %s. To ensure interoperability, ' [pid: 7|app: 0|req: 464/948] 10.0.0.228 () {34 vars in 1070 bytes} [Tue Jul 21 14:31:28 2026] GET /v2.0/ports?fields=security_groups&fields=device_id&device_id=13eee040-e36d-480c-a31d-dfe43cf955c3 => generated 12 bytes in 47 msecs (HTTP/1.1 200) 4 headers in 156 bytes (1 switches on core 0)
2026-07-21 14:31:28.177 7 WARNING neutron.db.securitygroups_db [req-e414558a-a6ce-443a-9707-84a6dce9cd4b req-9ce00d9d-7b2d-496a-95e2-9a038fb7d6f5 14b10ce661ad48d28b8ef0709ccdb63c b8e9d84c373649b89597c91514ee50c7 - - default default] project_id key not found in filters, using tenant_id instead. This support has been deprecated and will be removed in a future release. [pid: 7|app: 0|req: 465/949] 10.0.0.228 () {34 vars in 1100 bytes} [Tue Jul 21 14:31:28 2026] GET /v2.0/security-groups?name=tempest-securitygroup--1365180480&fields=id&tenant_id=b8e9d84c373649b89597c91514ee50c7 => generated 69 bytes in 51 msecs (HTTP/1.1 200) 4 headers in 156 bytes (1 switches on core 0)
2026-07-21 14:31:28.269 7 WARNING neutron.plugins.ml2.drivers.ovn.mech_driver.ovsdb.ovn_client [None req-415ae663-82e8-4a56-a7d5-21f90e89102d - - - - - -] Logical_Switch_Port a611c0d1-6983-4f1e-96e1-d34cb31b5f9f host information not removed, the port state is up
2026-07-21 14:31:28.346 7 INFO neutron.common.ovn.utils [None req-415ae663-82e8-4a56-a7d5-21f90e89102d - - - - - -] HA Chassis Group neutron-09cff047-d2a5-4d1a-a9e7-c01ff5ac4395 synchronized; highest priority chassis aa5544fa-03d7-4d66-989c-97d642d4a9c5
2026-07-21 14:31:28.350 7 INFO neutron.plugins.ml2.drivers.ovn.mech_driver.mech_driver [None req-415ae663-82e8-4a56-a7d5-21f90e89102d - - - - - -] OVN reports status up for port: a611c0d1-6983-4f1e-96e1-d34cb31b5f9f
2026-07-21 14:31:28.371 7 INFO neutron.plugins.ml2.plugin [None req-415ae663-82e8-4a56-a7d5-21f90e89102d - - - - - -] Attempt 1 to provision port a611c0d1-6983-4f1e-96e1-d34cb31b5f9f
2026-07-21 14:31:28.747 8 INFO neutron.db.ovn_revision_numbers_db [None req-e514f071-ff61-403f-921e-23f6d065b4f8 1e6eb450d8784de2b5be7e980ec82b77 daf8c561b98548e0aab204baa01cf154 - - default default] Successfully bumped revision number for resource bee8ef93-6b5c-4fe4-91ad-9e8aee8dbedb (type: floatingips) to 1
2026-07-21 14:31:28.748 8 INFO neutron.db.l3_db [None req-e514f071-ff61-403f-921e-23f6d065b4f8 1e6eb450d8784de2b5be7e980ec82b77 daf8c561b98548e0aab204baa01cf154 - - default default] Floating IP bee8ef93-6b5c-4fe4-91ad-9e8aee8dbedb associated. External IP: 10.96.250.220, port: edbaea08-9994-4aca-85c3-ff8b537d3d8f. [pid: 8|app: 0|req: 485/950] 10.0.0.241 () {34 vars in 677 bytes} [Tue Jul 21 14:31:27 2026] POST /v2.0/floatingips => generated 842 bytes in 1168 msecs (HTTP/1.1 201) 4 headers in 162 bytes (1 switches on core 0)
2026-07-21 14:31:28.807 7 WARNING neutron.scheduler.dhcp_agent_scheduler [req-36b0b1d4-f740-4577-9a55-f55ff96de8e5 req-2415d9fd-24cb-4b53-a024-ee12bba468f3 80612368c8a5423fb10f8bc21537c31d 86c8813853864ac29c60091126e74e55 - - default default] No more DHCP agents
