2026-07-21 14:32:28.286 8 INFO neutron.db.ovn_revision_numbers_db [None req-f78ab93e-4091-46b7-bad4-01cb75bba4b4 fa420d162eb14791b146f3624d38cc62 e8d6d75ee70e476ead7ffe8ea7c36383 - - default default] Successfully bumped revision number for resource 2343e6d6-f807-4890-8092-a7edc0e8f1cd (type: security_group_rules) to 0
2026-07-21 14:32:28.311 8 INFO neutron.db.ovn_revision_numbers_db [None req-f78ab93e-4091-46b7-bad4-01cb75bba4b4 fa420d162eb14791b146f3624d38cc62 e8d6d75ee70e476ead7ffe8ea7c36383 - - default default] Successfully bumped revision number for resource a499720c-0135-4107-947a-2b45d42c573d (type: security_group_rules) to 0
2026-07-21 14:32:28.331 8 INFO neutron.db.ovn_revision_numbers_db [None req-f78ab93e-4091-46b7-bad4-01cb75bba4b4 fa420d162eb14791b146f3624d38cc62 e8d6d75ee70e476ead7ffe8ea7c36383 - - default default] Successfully bumped revision number for resource b33bfc88-6d74-4924-9738-d301f9baa894 (type: security_group_rules) to 0
2026-07-21 14:32:28.350 8 INFO neutron.db.ovn_revision_numbers_db [None req-f78ab93e-4091-46b7-bad4-01cb75bba4b4 fa420d162eb14791b146f3624d38cc62 e8d6d75ee70e476ead7ffe8ea7c36383 - - default default] Successfully bumped revision number for resource c696e731-00db-42f4-9879-8dcf4725948d (type: security_group_rules) to 0 [pid: 8|app: 0|req: 709/1391] 10.0.0.241 () {32 vars in 774 bytes} [Tue Jul 21 14:32:28 2026] GET /v2.0/security-groups?tenant_id=8a0a04a1c3f64ed199d86340ef5b61c5&name=default => generated 2925 bytes in 301 msecs (HTTP/1.1 200) 4 headers in 158 bytes (1 switches on core 0)
2026-07-21 14:32:28.579 8 INFO neutron.db.ovn_revision_numbers_db [None req-58473478-969d-4ea4-8e4b-a4cabcaf5e6b e589899f690243e3a7a47c9768a91afe 6bcde2955cc548f990366d80a31e306b - - default default] Successfully bumped revision number for resource 38cdd582-5f09-4da4-85dd-ac305c41dffb (type: networks) to 2 [pid: 8|app: 0|req: 710/1392] 10.0.0.241 () {34 vars in 743 bytes} [Tue Jul 21 14:32:28 2026] PUT /v2.0/networks/38cdd582-5f09-4da4-85dd-ac305c41dffb => generated 636 bytes in 172 msecs (HTTP/1.1 200) 4 headers in 157 bytes (1 switches on core 0)
2026-07-21 14:32:28.649 7 INFO neutron.plugins.ml2.drivers.ovn.mech_driver.mech_driver [None req-ecf2e662-44bd-416d-ac25-6d8aa29c42b9 - - - - - -] OVN reports status up for port: 0cedb50c-588e-4c95-b095-8a8e3f9ec187
2026-07-21 14:32:28.675 7 INFO neutron.plugins.ml2.plugin [None req-ecf2e662-44bd-416d-ac25-6d8aa29c42b9 - - - - - -] Attempt 1 to provision port 0cedb50c-588e-4c95-b095-8a8e3f9ec187
2026-07-21 14:32:28.702 7 INFO neutron.db.ovn_revision_numbers_db [None req-fe3f961b-dfb7-480e-8ae0-6f9b1d908fee 7824f60bc71648d2b4465faad4211d13 ce52382650de4a34bbbc66b987f2c0c2 - - default default] Successfully bumped revision number for resource 0cedb50c-588e-4c95-b095-8a8e3f9ec187 (type: ports) to 2 [pid: 8|app: 0|req: 711/1393] 10.0.0.241 () {32 vars in 740 bytes} [Tue Jul 21 14:32:28 2026] DELETE /v2.0/security-groups/38b07000-c937-481e-a162-db0e959faeb7 => generated 0 bytes in 221 msecs (HTTP/1.1 204) 2 headers in 112 bytes (1 switches on core 0)
2026-07-21 14:32:29.003 8 WARNING neutron.scheduler.dhcp_agent_scheduler [None req-3af15909-a29b-4718-b402-6dac62ee4414 e589899f690243e3a7a47c9768a91afe 6bcde2955cc548f990366d80a31e306b - - default default] No more DHCP agents
2026-07-21 14:32:29.006 8 WARNING neutron.api.rpc.agentnotifiers.dhcp_rpc_agent_api [None req-3af15909-a29b-4718-b402-6dac62ee4414 e589899f690243e3a7a47c9768a91afe 6bcde2955cc548f990366d80a31e306b - - default default] Unable to schedule network 38cdd582-5f09-4da4-85dd-ac305c41dffb: no agents available; will retry on subsequent port and subnet creation events.
2026-07-21 14:32:29.566 7 INFO neutron.db.ovn_revision_numbers_db [None req-ecf2e662-44bd-416d-ac25-6d8aa29c42b9 - - - - - -] Successfully bumped revision number for resource 0cedb50c-588e-4c95-b095-8a8e3f9ec187 (type: ports) to 3
2026-07-21 14:32:29.643 8 INFO neutron.db.ovn_revision_numbers_db [None req-3af15909-a29b-4718-b402-6dac62ee4414 e589899f690243e3a7a47c9768a91afe 6bcde2955cc548f990366d80a31e306b - - default default] Successfully bumped revision number for resource 81d65b19-7344-468c-8ed3-455e9531efbd (type: ports) to 2
2026-07-21 14:32:29.691 8 INFO neutron.db.ovn_revision_numbers_db [None req-3af15909-a29b-4718-b402-6dac62ee4414 e589899f690243e3a7a47c9768a91afe 6bcde2955cc548f990366d80a31e306b - - default default] Successfully bumped revision number for resource 2e103440-7234-4b60-8c43-e6ac0e978bea (type: subnets) to 0 [pid: 8|app: 0|req: 712/1394] 10.0.0.241 () {34 vars in 669 bytes} [Tue Jul 21 14:32:28 2026] POST /v2.0/subnets => generated 626 bytes in 910 msecs (HTTP/1.1 201) 4 headers in 162 bytes (1 switches on core 0)
2026-07-21 14:32:30.019 7 WARNING neutron.scheduler.dhcp_agent_scheduler [None req-fe3f961b-dfb7-480e-8ae0-6f9b1d908fee 7824f60bc71648d2b4465faad4211d13 ce52382650de4a34bbbc66b987f2c0c2 - - default default] No more DHCP agents
2026-07-21 14:32:30.021 7 WARNING neutron.api.rpc.agentnotifiers.dhcp_rpc_agent_api [None req-fe3f961b-dfb7-480e-8ae0-6f9b1d908fee 7824f60bc71648d2b4465faad4211d13 ce52382650de4a34bbbc66b987f2c0c2 - - default default] Unable to schedule network 073a9fd6-0b28-4480-9bc9-4c353d293c64: no agents available; will retry on subsequent port and subnet creation events.
2026-07-21 14:32:30.040 8 INFO neutron.db.ovn_revision_numbers_db [None req-3178f809-033b-40a0-82a6-13adda99acda e589899f690243e3a7a47c9768a91afe 6bcde2955cc548f990366d80a31e306b - - default default] Successfully bumped revision number for resource 2e103440-7234-4b60-8c43-e6ac0e978bea (type: subnets) to 1 [pid: 8|app: 0|req: 713/1395] 10.0.0.241 () {34 vars in 741 bytes} [Tue Jul 21 14:32:29 2026] PUT /v2.0/subnets/2e103440-7234-4b60-8c43-e6ac0e978bea => generated 636 bytes in 323 msecs (HTTP/1.1 200) 4 headers in 157 bytes (1 switches on core 0)
2026-07-21 14:32:30.354 7 INFO neutron.db.ovn_revision_numbers_db [None req-fe3f961b-dfb7-480e-8ae0-6f9b1d908fee 7824f60bc71648d2b4465faad4211d13 ce52382650de4a34bbbc66b987f2c0c2 - - default default] Successfully bumped revision number for resource 0cedb50c-588e-4c95-b095-8a8e3f9ec187 (type: router_ports) to 3 [pid: 7|app: 0|req: 683/1396] 10.0.0.241 () {34 vars in 783 bytes} [Tue Jul 21 14:32:27 2026] PUT /v2.0/routers/b4df982e-0976-41e7-bd75-419c6726ffb0/add_router_interface => generated 310 bytes in 2480 msecs (HTTP/1.1 200) 4 headers in 157 bytes (1 switches on core 0) /var/lib/openstack/lib/python3.12/site-packages/pycadf/identifier.py:70: UserWarning: Invalid uuid: neutron. To ensure interoperability, identifiers should be a valid uuid. warnings.warn(('Invalid uuid: %s. To ensure interoperability, '
2026-07-21 14:32:30.464 8 INFO neutron.db.ovn_revision_numbers_db [None req-5e3ae1bb-bf87-47cd-9276-fe0ec4738f6d 548c7bf6c9a8440ebce29d3cd0d665ca 364c81efd4ef4100a5ed41ba071d5996 - - default default] Successfully bumped revision number for resource dc9cbeb0-35ec-4d8f-9bf0-1496675331f2 (type: security_groups) to 1
2026-07-21 14:32:30.481 8 INFO neutron.db.ovn_revision_numbers_db [None req-5e3ae1bb-bf87-47cd-9276-fe0ec4738f6d 548c7bf6c9a8440ebce29d3cd0d665ca 364c81efd4ef4100a5ed41ba071d5996 - - default default] Successfully bumped revision number for resource 5784386c-796e-411c-a8ac-fef8db9eb5e2 (type: security_group_rules) to 0
2026-07-21 14:32:30.495 8 INFO neutron.db.ovn_revision_numbers_db [None req-5e3ae1bb-bf87-47cd-9276-fe0ec4738f6d 548c7bf6c9a8440ebce29d3cd0d665ca 364c81efd4ef4100a5ed41ba071d5996 - - default default] Successfully bumped revision number for resource 63b72b3b-530b-445b-9894-f86257730c4f (type: security_group_rules) to 0
2026-07-21 14:32:30.509 8 INFO neutron.db.ovn_revision_numbers_db [None req-5e3ae1bb-bf87-47cd-9276-fe0ec4738f6d 548c7bf6c9a8440ebce29d3cd0d665ca 364c81efd4ef4100a5ed41ba071d5996 - - default default] Successfully bumped revision number for resource 9a86f1d7-31b4-4729-a05c-a6007a483c7f (type: security_group_rules) to 0
2026-07-21 14:32:30.521 8 INFO neutron.db.ovn_revision_numbers_db [None req-5e3ae1bb-bf87-47cd-9276-fe0ec4738f6d 548c7bf6c9a8440ebce29d3cd0d665ca 364c81efd4ef4100a5ed41ba071d5996 - - default default] Successfully bumped revision number for resource f76f8220-ea28-4639-a787-008d3ebc7233 (type: security_group_rules) to 0
2026-07-21 14:32:30.549 7 INFO neutron_taas.services.taas.taas_plugin [None req-afb818bd-ee82-40e3-8d7f-f1d1e7436ba1 e589899f690243e3a7a47c9768a91afe 6bcde2955cc548f990366d80a31e306b - - default default] TaaS: Handle Delete Port: 81d65b19-7344-468c-8ed3-455e9531efbd
2026-07-21 14:32:30.553 7 INFO neutron_taas.services.taas.tap_mirror_plugin [None req-afb818bd-ee82-40e3-8d7f-f1d1e7436ba1 e589899f690243e3a7a47c9768a91afe 6bcde2955cc548f990366d80a31e306b - - default default] Tap Mirror: Handle Delete Port: 81d65b19-7344-468c-8ed3-455e9531efbd
2026-07-21 14:32:30.611 8 INFO neutron.db.segments_db [None req-5e3ae1bb-bf87-47cd-9276-fe0ec4738f6d 548c7bf6c9a8440ebce29d3cd0d665ca 364c81efd4ef4100a5ed41ba071d5996 - - default default] Added segment afe27ad4-ca34-414f-a921-61260751e001 of type geneve for network 1fb97208-da98-48ba-bd76-b6420b858dce
2026-07-21 14:32:30.733 8 INFO neutron.db.ovn_revision_numbers_db [None req-5e3ae1bb-bf87-47cd-9276-fe0ec4738f6d 548c7bf6c9a8440ebce29d3cd0d665ca 364c81efd4ef4100a5ed41ba071d5996 - - default default] Successfully bumped revision number for resource 1fb97208-da98-48ba-bd76-b6420b858dce (type: networks) to 1
2026-07-21 14:32:30.940 8 WARNING neutron.scheduler.dhcp_agent_scheduler [None req-5e3ae1bb-bf87-47cd-9276-fe0ec4738f6d 548c7bf6c9a8440ebce29d3cd0d665ca 364c81efd4ef4100a5ed41ba071d5996 - - default default] No more DHCP agents
2026-07-21 14:32:30.942 8 WARNING neutron.api.rpc.agentnotifiers.dhcp_rpc_agent_api [None req-5e3ae1bb-bf87-47cd-9276-fe0ec4738f6d 548c7bf6c9a8440ebce29d3cd0d665ca 364c81efd4ef4100a5ed41ba071d5996 - - default default] Unable to schedule network 1fb97208-da98-48ba-bd76-b6420b858dce: no agents available; will retry on subsequent port and subnet creation events.
2026-07-21 14:32:30.964 7 INFO neutron.services.segments.plugin [-] Segment 84678543-cbbe-49c0-ae0c-05a24122376b resource provider aggregate not found
2026-07-21 14:32:30.971 7 INFO neutron.services.segments.plugin [-] Segment 84678543-cbbe-49c0-ae0c-05a24122376b resource provider aggregate not found
2026-07-21 14:32:30.993 7 INFO neutron.services.segments.plugin [-] Client error retrieving segment 84678543-cbbe-49c0-ae0c-05a24122376b resource provider; error: Placement Client Error (4xx): {"errors": [{"status": 404, "title": "Not Found", "detail": "The resource could not be found.\n\n No resource provider with uuid 84678543-cbbe-49c0-ae0c-05a24122376b found for delete ", "request_id": "req-d98818cb-adcb-4674-b8c9-95974719ea7c"}]}
2026-07-21 14:32:30.997 7 INFO neutron.services.segments.plugin [-] Client error retrieving segment 84678543-cbbe-49c0-ae0c-05a24122376b resource provider; error: Placement Client Error (4xx): {"errors": [{"status": 404, "title": "Not Found", "detail": "The resource could not be found.\n\n No resource provider with uuid 84678543-cbbe-49c0-ae0c-05a24122376b found for delete ", "request_id": "req-00facc8e-0f48-440c-bcf7-9c164173e537"}]}
2026-07-21 14:32:31.037 8 INFO neutron.db.ovn_revision_numbers_db [None req-5e3ae1bb-bf87-47cd-9276-fe0ec4738f6d 548c7bf6c9a8440ebce29d3cd0d665ca 364c81efd4ef4100a5ed41ba071d5996 - - default default] Successfully bumped revision number for resource 0396c06b-f020-4108-8ad0-295546bf3412 (type: ports) to 1 [pid: 7|app: 0|req: 686/1399] 10.0.0.241 () {32 vars in 726 bytes} [Tue Jul 21 14:32:30 2026] DELETE /v2.0/networks/38cdd582-5f09-4da4-85dd-ac305c41dffb => generated 0 bytes in 687 msecs (HTTP/1.1 204) 3 headers in 131 bytes (1 switches on core 0) [pid: 8|app: 0|req: 714/1400] 10.0.0.241 () {34 vars in 670 bytes} [Tue Jul 21 14:32:30 2026] POST /v2.0/networks => generated 685 bytes in 1022 msecs (HTTP/1.1 201) 4 headers in 162 bytes (1 switches on core 0)
2026-07-21 14:32:31.081 8 INFO neutron.pecan_wsgi.hooks.translation [None req-58ebefe4-f29b-4c86-bafe-5af035e94c6c e589899f690243e3a7a47c9768a91afe 6bcde2955cc548f990366d80a31e306b - - default default] DELETE failed (client error): The resource could not be found. [pid: 8|app: 0|req: 715/1401] 10.0.0.241 () {32 vars in 726 bytes} [Tue Jul 21 14:32:31 2026] DELETE /v2.0/networks/38cdd582-5f09-4da4-85dd-ac305c41dffb => generated 138 bytes in 15 msecs (HTTP/1.1 404) 4 headers in 164 bytes (1 switches on core 0) [pid: 7|app: 0|req: 687/1402] 10.0.0.241 () {32 vars in 717 bytes} [Tue Jul 21 14:32:31 2026] GET /v2.0/ports/0cedb50c-588e-4c95-b095-8a8e3f9ec187 => generated 1010 bytes in 80 msecs (HTTP/1.1 200) 4 headers in 158 bytes (1 switches on core 0) [pid: 8|app: 0|req: 716/1403] 10.0.0.241 () {32 vars in 694 bytes} [Tue Jul 21 14:32:31 2026] GET /v2.0/networks?router%3Aexternal=True => generated 689 bytes in 75 msecs (HTTP/1.1 200) 4 headers in 157 bytes (1 switches on core 0) [pid: 8|app: 0|req: 717/1404] 10.0.0.241 () {32 vars in 742 bytes} [Tue Jul 21 14:32:31 2026] GET /v2.0/subnets?network_id=92d9def3-c275-414d-bf36-df2b1d3ad570 => generated 649 bytes in 52 msecs (HTTP/1.1 200) 4 headers in 157 bytes (1 switches on core 0) [pid: 8|app: 0|req: 718/1405] 10.0.0.241 () {32 vars in 653 bytes} [Tue Jul 21 14:32:31 2026] GET /v2.0/extensions => generated 22668 bytes in 8 msecs (HTTP/1.1 200) 4 headers in 159 bytes (1 switches on core 0) [pid: 8|app: 0|req: 719/1406] 10.0.0.241 () {32 vars in 649 bytes} [Tue Jul 21 14:32:31 2026] GET /v2.0/networks => generated 1384 bytes in 76 msecs (HTTP/1.1 200) 4 headers in 158 bytes (1 switches on core 0) [pid: 8|app: 0|req: 720/1407] 10.0.0.241 () {32 vars in 647 bytes} [Tue Jul 21 14:32:31 2026] GET /v2.0/subnets => generated 1280 bytes in 44 msecs (HTTP/1.1 200) 4 headers in 158 bytes (1 switches on core 0) [pid: 8|app: 0|req: 721/1408] 10.0.0.241 () {32 vars in 723 bytes} [Tue Jul 21 14:32:31 2026] GET /v2.0/networks/1f188b8e-d8f3-42cb-a9bb-1d1e12e75e43 => generated 706 bytes in 57 msecs (HTTP/1.1 200) 4 headers in 157 bytes (1 switches on core 0)
2026-07-21 14:32:31.515 7 INFO neutron_taas.services.taas.taas_plugin [None req-4233dc15-9ed9-4c56-9ae5-fa9896f2c650 7824f60bc71648d2b4465faad4211d13 ce52382650de4a34bbbc66b987f2c0c2 - - default default] TaaS: Handle Delete Port: 0cedb50c-588e-4c95-b095-8a8e3f9ec187
2026-07-21 14:32:31.520 7 INFO neutron_taas.services.taas.tap_mirror_plugin [None req-4233dc15-9ed9-4c56-9ae5-fa9896f2c650 7824f60bc71648d2b4465faad4211d13 ce52382650de4a34bbbc66b987f2c0c2 - - default default] Tap Mirror: Handle Delete Port: 0cedb50c-588e-4c95-b095-8a8e3f9ec187
2026-07-21 14:32:31.620 8 WARNING neutron.db.securitygroups_db [None req-b5c855ea-6a1b-42ef-9b3c-fbc8bd338ab8 fa420d162eb14791b146f3624d38cc62 e8d6d75ee70e476ead7ffe8ea7c36383 - - default default] project_id key not found in filters, using tenant_id instead. This support has been deprecated and will be removed in a future release.
2026-07-21 14:32:31.771 8 INFO neutron.db.ovn_revision_numbers_db [None req-b5c855ea-6a1b-42ef-9b3c-fbc8bd338ab8 fa420d162eb14791b146f3624d38cc62 e8d6d75ee70e476ead7ffe8ea7c36383 - - default default] Successfully bumped revision number for resource de738de0-da2b-45d8-80d0-c2b16f89e321 (type: security_groups) to 1
2026-07-21 14:32:31.789 8 INFO neutron.db.ovn_revision_numbers_db [None req-b5c855ea-6a1b-42ef-9b3c-fbc8bd338ab8 fa420d162eb14791b146f3624d38cc62 e8d6d75ee70e476ead7ffe8ea7c36383 - - default default] Successfully bumped revision number for resource 41cfd6be-5f25-4475-9f5e-0ba15dc93de1 (type: security_group_rules) to 0
2026-07-21 14:32:31.805 8 INFO neutron.db.ovn_revision_numbers_db [None req-b5c855ea-6a1b-42ef-9b3c-fbc8bd338ab8 fa420d162eb14791b146f3624d38cc62 e8d6d75ee70e476ead7ffe8ea7c36383 - - default default] Successfully bumped revision number for resource 79ecaa57-d4c4-4347-ad4a-ada7e5ccd18b (type: security_group_rules) to 0
2026-07-21 14:32:31.819 8 INFO neutron.db.ovn_revision_numbers_db [None req-b5c855ea-6a1b-42ef-9b3c-fbc8bd338ab8 fa420d162eb14791b146f3624d38cc62 e8d6d75ee70e476ead7ffe8ea7c36383 - - default default] Successfully bumped revision number for resource 9413ff6e-aed2-4c08-9e83-3a91af16b3d7 (type: security_group_rules) to 0
2026-07-21 14:32:31.836 8 INFO neutron.db.ovn_revision_numbers_db [None req-b5c855ea-6a1b-42ef-9b3c-fbc8bd338ab8 fa420d162eb14791b146f3624d38cc62 e8d6d75ee70e476ead7ffe8ea7c36383 - - default default] Successfully bumped revision number for resource d99dab6f-27a1-4128-88c3-0187fdeb4514 (type: security_group_rules) to 0 [pid: 8|app: 0|req: 722/1409] 10.0.0.241 () {32 vars in 774 bytes} [Tue Jul 21 14:32:31 2026] GET /v2.0/security-groups?tenant_id=206086dee4704e35a76d3bad2c20d7b6&name=default => generated 2925 bytes in 438 msecs (HTTP/1.1 200) 4 headers in 158 bytes (1 switches on core 0) [pid: 7|app: 0|req: 688/1410] 10.0.0.241 () {34 vars in 789 bytes} [Tue Jul 21 14:32:31 2026] PUT /v2.0/routers/b4df982e-0976-41e7-bd75-419c6726ffb0/remove_router_interface => generated 310 bytes in 770 msecs (HTTP/1.1 200) 4 headers in 157 bytes (1 switches on core 0) /var/lib/openstack/lib/python3.12/site-packages/pycadf/identifier.py:70: UserWarning: Invalid uuid: neutron. To ensure interoperability, identifiers should be a valid uuid. warnings.warn(('Invalid uuid: %s. To ensure interoperability, ' [pid: 8|app: 0|req: 723/1411] 10.0.0.241 () {32 vars in 721 bytes} [Tue Jul 21 14:32:31 2026] GET /v2.0/subnets/29601c87-4e24-4112-a0c6-9e3a510ea77a => generated 641 bytes in 38 msecs (HTTP/1.1 200) 4 headers in 157 bytes (1 switches on core 0)
2026-07-21 14:32:32.129 7 WARNING neutron.scheduler.dhcp_agent_scheduler [None req-a1ea0b60-3a86-498a-b2df-5b6cdda9f705 548c7bf6c9a8440ebce29d3cd0d665ca 364c81efd4ef4100a5ed41ba071d5996 - - default default] No more DHCP agents [pid: 8|app: 0|req: 724/1412] 10.0.0.241 () {32 vars in 740 bytes} [Tue Jul 21 14:32:31 2026] DELETE /v2.0/security-groups/de738de0-da2b-45d8-80d0-c2b16f89e321 => generated 0 bytes in 210 msecs (HTTP/1.1 204) 2 headers in 112 bytes (1 switches on core 0)
2026-07-21 14:32:32.130 7 WARNING neutron.api.rpc.agentnotifiers.dhcp_rpc_agent_api [None req-a1ea0b60-3a86-498a-b2df-5b6cdda9f705 548c7bf6c9a8440ebce29d3cd0d665ca 364c81efd4ef4100a5ed41ba071d5996 - - default default] Unable to schedule network 1fb97208-da98-48ba-bd76-b6420b858dce: no agents available; will retry on subsequent port and subnet creation events.
2026-07-21 14:32:32.173 7 INFO neutron.db.ovn_revision_numbers_db [None req-a1ea0b60-3a86-498a-b2df-5b6cdda9f705 548c7bf6c9a8440ebce29d3cd0d665ca 364c81efd4ef4100a5ed41ba071d5996 - - default default] Successfully bumped revision number for resource 6a77bc3b-d681-4a6b-853c-00a021a8bbad (type: subnets) to 0 [pid: 7|app: 0|req: 689/1413] 10.0.0.241 () {34 vars in 669 bytes} [Tue Jul 21 14:32:31 2026] POST /v2.0/subnets => generated 673 bytes in 286 msecs (HTTP/1.1 201) 4 headers in 162 bytes (1 switches on core 0)
2026-07-21 14:32:32.214 7 INFO neutron.pecan_wsgi.hooks.translation [None req-56c6a316-830b-4baa-81e1-fcd601f0475d e589899f690243e3a7a47c9768a91afe 6bcde2955cc548f990366d80a31e306b - - default default] DELETE failed (client error): The resource could not be found. [pid: 7|app: 0|req: 690/1414] 10.0.0.241 () {32 vars in 724 bytes} [Tue Jul 21 14:32:32 2026] DELETE /v2.0/subnets/2e103440-7234-4b60-8c43-e6ac0e978bea => generated 136 bytes in 22 msecs (HTTP/1.1 404) 4 headers in 164 bytes (1 switches on core 0)
2026-07-21 14:32:32.252 8 INFO neutron.api.v2.resource [None req-88dd5fc8-979a-46dd-bfb4-57b7a43bd0ad 7824f60bc71648d2b4465faad4211d13 ce52382650de4a34bbbc66b987f2c0c2 - - default default] remove_router_interface failed (client error): The resource could not be found. [pid: 8|app: 0|req: 725/1415] 10.0.0.241 () {34 vars in 789 bytes} [Tue Jul 21 14:32:32 2026] PUT /v2.0/routers/b4df982e-0976-41e7-bd75-419c6726ffb0/remove_router_interface => generated 197 bytes in 123 msecs (HTTP/1.1 404) 4 headers in 164 bytes (1 switches on core 0)
2026-07-21 14:32:32.264 8 INFO neutron.pecan_wsgi.hooks.translation [None req-93e6448a-cdc2-4a94-aa21-6cacbfb47095 e589899f690243e3a7a47c9768a91afe 6bcde2955cc548f990366d80a31e306b - - default default] DELETE failed (client error): The resource could not be found. [pid: 8|app: 0|req: 726/1416] 10.0.0.241 () {32 vars in 726 bytes} [Tue Jul 21 14:32:32 2026] DELETE /v2.0/networks/38cdd582-5f09-4da4-85dd-ac305c41dffb => generated 138 bytes in 14 msecs (HTTP/1.1 404) 4 headers in 164 bytes (1 switches on core 0) [pid: 8|app: 0|req: 727/1417] 10.0.0.241 () {32 vars in 736 bytes} [Tue Jul 21 14:32:32 2026] GET /v2.0/ports?device_id=b4df982e-0976-41e7-bd75-419c6726ffb0 => generated 12 bytes in 26 msecs (HTTP/1.1 200) 4 headers in 156 bytes (1 switches on core 0)
2026-07-21 14:32:32.321 7 INFO neutron.db.segments_db [None req-7dc9b7f8-8ba7-4f68-a0cd-f8b925f279ec 548c7bf6c9a8440ebce29d3cd0d665ca 364c81efd4ef4100a5ed41ba071d5996 - - default default] Added segment 4476ce8e-98c5-4e28-9f2f-61729bef1c4d of type geneve for network 7eb6ad4d-fb6f-4b45-a801-31dee71210b5
2026-07-21 14:32:32.456 7 INFO neutron.db.ovn_revision_numbers_db [None req-7dc9b7f8-8ba7-4f68-a0cd-f8b925f279ec 548c7bf6c9a8440ebce29d3cd0d665ca 364c81efd4ef4100a5ed41ba071d5996 - - default default] Successfully bumped revision number for resource 7eb6ad4d-fb6f-4b45-a801-31dee71210b5 (type: networks) to 1 [pid: 8|app: 0|req: 728/1418] 10.0.0.241 () {32 vars in 724 bytes} [Tue Jul 21 14:32:32 2026] DELETE /v2.0/subnets/29601c87-4e24-4112-a0c6-9e3a510ea77a => generated 0 bytes in 222 msecs (HTTP/1.1 204) 3 headers in 131 bytes (1 switches on core 0)
2026-07-21 14:32:32.704 7 WARNING neutron.scheduler.dhcp_agent_scheduler [None req-7dc9b7f8-8ba7-4f68-a0cd-f8b925f279ec 548c7bf6c9a8440ebce29d3cd0d665ca 364c81efd4ef4100a5ed41ba071d5996 - - default default] No more DHCP agents
2026-07-21 14:32:32.706 7 WARNING neutron.api.rpc.agentnotifiers.dhcp_rpc_agent_api [None req-7dc9b7f8-8ba7-4f68-a0cd-f8b925f279ec 548c7bf6c9a8440ebce29d3cd0d665ca 364c81efd4ef4100a5ed41ba071d5996 - - default default] Unable to schedule network 7eb6ad4d-fb6f-4b45-a801-31dee71210b5: no agents available; will retry on subsequent port and subnet creation events. [pid: 8|app: 0|req: 729/1419] 10.0.0.241 () {32 vars in 724 bytes} [Tue Jul 21 14:32:32 2026] DELETE /v2.0/routers/b4df982e-0976-41e7-bd75-419c6726ffb0 => generated 0 bytes in 245 msecs (HTTP/1.1 204) 2 headers in 112 bytes (1 switches on core 0)
2026-07-21 14:32:32.770 8 INFO neutron.plugins.ml2.drivers.ovn.mech_driver.mech_driver [None req-ed2730d8-d574-445c-b329-5e150ddb973e - - - - - -] OVN reports status down for port: 2818ef5a-005e-4dc2-8d70-3517987abf3d
2026-07-21 14:32:32.802 7 INFO neutron.db.ovn_revision_numbers_db [None req-7dc9b7f8-8ba7-4f68-a0cd-f8b925f279ec 548c7bf6c9a8440ebce29d3cd0d665ca 364c81efd4ef4100a5ed41ba071d5996 - - default default] Successfully bumped revision number for resource 2818ef5a-005e-4dc2-8d70-3517987abf3d (type: ports) to 1 [pid: 7|app: 0|req: 691/1420] 10.0.0.241 () {34 vars in 670 bytes} [Tue Jul 21 14:32:32 2026] POST /v2.0/networks => generated 686 bytes in 617 msecs (HTTP/1.1 201) 4 headers in 162 bytes (1 switches on core 0)
2026-07-21 14:32:32.969 8 INFO neutron_taas.services.taas.taas_plugin [None req-6cb8e06c-c08a-4496-8c93-d7c348c23273 e589899f690243e3a7a47c9768a91afe 6bcde2955cc548f990366d80a31e306b - - default default] TaaS: Handle Delete Port: bfe8d254-63aa-49d0-a6da-475aa821760d
2026-07-21 14:32:32.971 8 INFO neutron_taas.services.taas.tap_mirror_plugin [None req-6cb8e06c-c08a-4496-8c93-d7c348c23273 e589899f690243e3a7a47c9768a91afe 6bcde2955cc548f990366d80a31e306b - - default default] Tap Mirror: Handle Delete Port: bfe8d254-63aa-49d0-a6da-475aa821760d [pid: 7|app: 0|req: 692/1421] 10.0.0.241 () {32 vars in 724 bytes} [Tue Jul 21 14:32:32 2026] DELETE /v2.0/subnets/1728b0bb-95b0-41b3-bd1b-4d6fdb3f9afe => generated 0 bytes in 183 msecs (HTTP/1.1 204) 3 headers in 131 bytes (1 switches on core 0)
2026-07-21 14:32:33.206 8 INFO neutron.services.segments.plugin [-] Segment ab23d432-9270-4b57-bbe7-90ecfc4dceee resource provider aggregate not found
2026-07-21 14:32:33.216 8 INFO neutron.services.segments.plugin [-] Segment ab23d432-9270-4b57-bbe7-90ecfc4dceee resource provider aggregate not found
2026-07-21 14:32:33.240 8 INFO neutron.services.segments.plugin [-] Client error retrieving segment ab23d432-9270-4b57-bbe7-90ecfc4dceee resource provider; error: Placement Client Error (4xx): {"errors": [{"status": 404, "title": "Not Found", "detail": "The resource could not be found.\n\n No resource provider with uuid ab23d432-9270-4b57-bbe7-90ecfc4dceee found for delete ", "request_id": "req-6a0ac43d-5552-40db-912b-b3b6d1ddadf9"}]}
2026-07-21 14:32:33.245 7 INFO neutron.db.ovn_revision_numbers_db [None req-1f30e9a8-7cd8-43ca-ae91-01f8dcbb6620 548c7bf6c9a8440ebce29d3cd0d665ca 364c81efd4ef4100a5ed41ba071d5996 - - default default] Successfully bumped revision number for resource 7eb6ad4d-fb6f-4b45-a801-31dee71210b5 (type: networks) to 2 [pid: 7|app: 0|req: 693/1422] 10.0.0.241 () {34 vars in 743 bytes} [Tue Jul 21 14:32:33 2026] PUT /v2.0/networks/7eb6ad4d-fb6f-4b45-a801-31dee71210b5 => generated 636 bytes in 232 msecs (HTTP/1.1 200) 4 headers in 157 bytes (1 switches on core 0)
2026-07-21 14:32:33.252 8 INFO neutron.services.segments.plugin [-] Client error retrieving segment ab23d432-9270-4b57-bbe7-90ecfc4dceee resource provider; error: Placement Client Error (4xx): {"errors": [{"status": 404, "title": "Not Found", "detail": "The resource could not be found.\n\n No resource provider with uuid ab23d432-9270-4b57-bbe7-90ecfc4dceee found for delete ", "request_id": "req-c3202c3f-2819-47a0-94f8-0e6794746713"}]} [pid: 8|app: 0|req: 730/1423] 10.0.0.241 () {32 vars in 726 bytes} [Tue Jul 21 14:32:32 2026] DELETE /v2.0/networks/1f188b8e-d8f3-42cb-a9bb-1d1e12e75e43 => generated 0 bytes in 554 msecs (HTTP/1.1 204) 3 headers in 131 bytes (1 switches on core 0)
2026-07-21 14:32:33.409 7 INFO neutron_taas.services.taas.taas_plugin [None req-e8c2900b-3274-4cd8-9761-8d8a1eb702c9 7824f60bc71648d2b4465faad4211d13 ce52382650de4a34bbbc66b987f2c0c2 - - default default] TaaS: Handle Delete Port: cf83b62f-3642-4d42-bd0d-83f2819f88cb
2026-07-21 14:32:33.412 7 INFO neutron_taas.services.taas.tap_mirror_plugin [None req-e8c2900b-3274-4cd8-9761-8d8a1eb702c9 7824f60bc71648d2b4465faad4211d13 ce52382650de4a34bbbc66b987f2c0c2 - - default default] Tap Mirror: Handle Delete Port: cf83b62f-3642-4d42-bd0d-83f2819f88cb
2026-07-21 14:32:33.539 8 WARNING neutron.scheduler.dhcp_agent_scheduler [None req-a81a34fd-8139-43d4-81cd-93461bf686b0 548c7bf6c9a8440ebce29d3cd0d665ca 364c81efd4ef4100a5ed41ba071d5996 - - default default] No more DHCP agents
2026-07-21 14:32:33.541 8 WARNING neutron.api.rpc.agentnotifiers.dhcp_rpc_agent_api [None req-a81a34fd-8139-43d4-81cd-93461bf686b0 548c7bf6c9a8440ebce29d3cd0d665ca 364c81efd4ef4100a5ed41ba071d5996 - - default default] Unable to schedule network 7eb6ad4d-fb6f-4b45-a801-31dee71210b5: no agents available; will retry on subsequent port and subnet creation events.
2026-07-21 14:32:33.583 8 INFO neutron.db.ovn_revision_numbers_db [None req-a81a34fd-8139-43d4-81cd-93461bf686b0 548c7bf6c9a8440ebce29d3cd0d665ca 364c81efd4ef4100a5ed41ba071d5996 - - default default] Successfully bumped revision number for resource 524dd2a0-887f-4581-b5c3-5c752068ede3 (type: subnets) to 0 [pid: 8|app: 0|req: 731/1424] 10.0.0.241 () {34 vars in 669 bytes} [Tue Jul 21 14:32:33 2026] POST /v2.0/subnets => generated 646 bytes in 310 msecs (HTTP/1.1 201) 4 headers in 162 bytes (1 switches on core 0)
2026-07-21 14:32:33.678 7 INFO neutron.services.segments.plugin [-] Segment 83faf3af-3b98-4700-a469-5c2539f5617e resource provider aggregate not found
2026-07-21 14:32:33.688 7 INFO neutron.services.segments.plugin [-] Segment 83faf3af-3b98-4700-a469-5c2539f5617e resource provider aggregate not found
2026-07-21 14:32:33.711 7 INFO neutron.services.segments.plugin [-] Client error retrieving segment 83faf3af-3b98-4700-a469-5c2539f5617e resource provider; error: Placement Client Error (4xx): {"errors": [{"status": 404, "title": "Not Found", "detail": "The resource could not be found.\n\n No resource provider with uuid 83faf3af-3b98-4700-a469-5c2539f5617e found for delete ", "request_id": "req-c53b10b1-dc17-47c5-87e7-65c752f40044"}]}
2026-07-21 14:32:33.729 7 INFO neutron.services.segments.plugin [-] Client error retrieving segment 83faf3af-3b98-4700-a469-5c2539f5617e resource provider; error: Placement Client Error (4xx): {"errors": [{"status": 404, "title": "Not Found", "detail": "The resource could not be found.\n\n No resource provider with uuid 83faf3af-3b98-4700-a469-5c2539f5617e found for delete ", "request_id": "req-eaa83b5f-ba14-4002-83ec-a71ccedbcf74"}]} [pid: 7|app: 0|req: 694/1425] 10.0.0.241 () {32 vars in 726 bytes} [Tue Jul 21 14:32:33 2026] DELETE /v2.0/networks/073a9fd6-0b28-4480-9bc9-4c353d293c64 => generated 0 bytes in 506 msecs (HTTP/1.1 204) 3 headers in 131 bytes (1 switches on core 0)
2026-07-21 14:32:34.012 7 WARNING neutron.db.securitygroups_db [None req-8e925c83-16d1-4a5a-a9e6-e70b57bf686d fa420d162eb14791b146f3624d38cc62 e8d6d75ee70e476ead7ffe8ea7c36383 - - default default] project_id key not found in filters, using tenant_id instead. This support has been deprecated and will be removed in a future release. [pid: 7|app: 0|req: 695/1426] 10.0.0.241 () {32 vars in 774 bytes} [Tue Jul 21 14:32:33 2026] GET /v2.0/security-groups?tenant_id=6bcde2955cc548f990366d80a31e306b&name=default => generated 2925 bytes in 278 msecs (HTTP/1.1 200) 4 headers in 158 bytes (1 switches on core 0)
2026-07-21 14:32:34.150 7 INFO neutron.db.segments_db [None req-9eac7026-aba6-4b7c-8650-44fa26eb535c 7824f60bc71648d2b4465faad4211d13 ce52382650de4a34bbbc66b987f2c0c2 - - default default] Added segment 7785e09a-3af4-4fbc-9fa0-6e0659671729 of type geneve for network 87992967-ee86-4ab3-80dd-889011226dfa
2026-07-21 14:32:34.310 7 INFO neutron.db.ovn_revision_numbers_db [None req-9eac7026-aba6-4b7c-8650-44fa26eb535c 7824f60bc71648d2b4465faad4211d13 ce52382650de4a34bbbc66b987f2c0c2 - - default default] Successfully bumped revision number for resource 87992967-ee86-4ab3-80dd-889011226dfa (type: networks) to 1
2026-07-21 14:32:34.434 8 INFO neutron.db.ovn_revision_numbers_db [None req-2c221b71-66e7-409b-a701-b2fafe19519f 548c7bf6c9a8440ebce29d3cd0d665ca 364c81efd4ef4100a5ed41ba071d5996 - - default default] Successfully bumped revision number for resource 2818ef5a-005e-4dc2-8d70-3517987abf3d (type: ports) to 2
2026-07-21 14:32:34.476 8 INFO neutron.db.ovn_revision_numbers_db [None req-2c221b71-66e7-409b-a701-b2fafe19519f 548c7bf6c9a8440ebce29d3cd0d665ca 364c81efd4ef4100a5ed41ba071d5996 - - default default] Successfully bumped revision number for resource 524dd2a0-887f-4581-b5c3-5c752068ede3 (type: subnets) to 1 [pid: 8|app: 0|req: 732/1427] 10.0.0.241 () {34 vars in 741 bytes} [Tue Jul 21 14:32:33 2026] PUT /v2.0/subnets/524dd2a0-887f-4581-b5c3-5c752068ede3 => generated 656 bytes in 847 msecs (HTTP/1.1 200) 4 headers in 157 bytes (1 switches on core 0)
2026-07-21 14:32:34.550 7 WARNING neutron.scheduler.dhcp_agent_scheduler [None req-9eac7026-aba6-4b7c-8650-44fa26eb535c 7824f60bc71648d2b4465faad4211d13 ce52382650de4a34bbbc66b987f2c0c2 - - default default] No more DHCP agents
2026-07-21 14:32:34.552 7 WARNING neutron.api.rpc.agentnotifiers.dhcp_rpc_agent_api [None req-9eac7026-aba6-4b7c-8650-44fa26eb535c 7824f60bc71648d2b4465faad4211d13 ce52382650de4a34bbbc66b987f2c0c2 - - default default] Unable to schedule network 87992967-ee86-4ab3-80dd-889011226dfa: no agents available; will retry on subsequent port and subnet creation events.
2026-07-21 14:32:34.662 7 INFO neutron.db.ovn_revision_numbers_db [None req-9eac7026-aba6-4b7c-8650-44fa26eb535c 7824f60bc71648d2b4465faad4211d13 ce52382650de4a34bbbc66b987f2c0c2 - - default default] Successfully bumped revision number for resource 3e29c1d7-3ac8-47fa-a8d8-66dbf48a0464 (type: ports) to 1 [pid: 7|app: 0|req: 696/1428] 10.0.0.241 () {34 vars in 670 bytes} [Tue Jul 21 14:32:34 2026] POST /v2.0/networks => generated 667 bytes in 654 msecs (HTTP/1.1 201) 4 headers in 162 bytes (1 switches on core 0) [pid: 8|app: 0|req: 733/1429] 10.0.0.241 () {32 vars in 740 bytes} [Tue Jul 21 14:32:34 2026] DELETE /v2.0/security-groups/0dd810bc-8d97-44c3-8cc0-13178f9931e3 => generated 0 bytes in 241 msecs (HTTP/1.1 204) 2 headers in 112 bytes (1 switches on core 0)
2026-07-21 14:32:34.940 8 INFO neutron_taas.services.taas.taas_plugin [None req-150cff51-0fd4-4226-81e6-6b7a95b4b44e 548c7bf6c9a8440ebce29d3cd0d665ca 364c81efd4ef4100a5ed41ba071d5996 - - default default] TaaS: Handle Delete Port: 2818ef5a-005e-4dc2-8d70-3517987abf3d
2026-07-21 14:32:34.943 8 INFO neutron_taas.services.taas.tap_mirror_plugin [None req-150cff51-0fd4-4226-81e6-6b7a95b4b44e 548c7bf6c9a8440ebce29d3cd0d665ca 364c81efd4ef4100a5ed41ba071d5996 - - default default] Tap Mirror: Handle Delete Port: 2818ef5a-005e-4dc2-8d70-3517987abf3d
2026-07-21 14:32:34.997 7 INFO neutron.db.ovn_revision_numbers_db [None req-f4c7af87-f341-4594-93ec-eadc42092ac7 94ed4ba0cfdf4c5086dfbe56284baa3a 0933774ccc864482a02e1def812abc5d - - default default] Successfully bumped revision number for resource afba9e3e-9c08-4619-8906-d7ddc03690aa (type: security_groups) to 1
2026-07-21 14:32:35.012 7 INFO neutron.db.ovn_revision_numbers_db [None req-f4c7af87-f341-4594-93ec-eadc42092ac7 94ed4ba0cfdf4c5086dfbe56284baa3a 0933774ccc864482a02e1def812abc5d - - default default] Successfully bumped revision number for resource 06c5d9b3-3f71-497b-b8b5-211c05d5a754 (type: security_group_rules) to 0
2026-07-21 14:32:35.029 7 INFO neutron.db.ovn_revision_numbers_db [None req-f4c7af87-f341-4594-93ec-eadc42092ac7 94ed4ba0cfdf4c5086dfbe56284baa3a 0933774ccc864482a02e1def812abc5d - - default default] Successfully bumped revision number for resource 4590e65e-7d18-49ce-88fb-f03b86439229 (type: security_group_rules) to 0
2026-07-21 14:32:35.050 7 INFO neutron.db.ovn_revision_numbers_db [None req-f4c7af87-f341-4594-93ec-eadc42092ac7 94ed4ba0cfdf4c5086dfbe56284baa3a 0933774ccc864482a02e1def812abc5d - - default default] Successfully bumped revision number for resource e6239eff-836e-4052-957a-2de62e260afd (type: security_group_rules) to 0
2026-07-21 14:32:35.079 7 INFO neutron.db.ovn_revision_numbers_db [None req-f4c7af87-f341-4594-93ec-eadc42092ac7 94ed4ba0cfdf4c5086dfbe56284baa3a 0933774ccc864482a02e1def812abc5d - - default default] Successfully bumped revision number for resource ee6f6ce7-62f8-482e-bb8f-3b627de0e432 (type: security_group_rules) to 0
2026-07-21 14:32:35.188 7 WARNING neutron.plugins.ml2.drivers.ovn.mech_driver.ovsdb.ovn_client [None req-c0b3433b-2a7c-4a51-a8d7-c293cdf36b6c - - - - - -] No port found with ID 0cedb50c-588e-4c95-b095-8a8e3f9ec187: RuntimeError: No port found with ID 0cedb50c-588e-4c95-b095-8a8e3f9ec187
2026-07-21 14:32:35.189 7 INFO neutron.db.segments_db [None req-f4c7af87-f341-4594-93ec-eadc42092ac7 94ed4ba0cfdf4c5086dfbe56284baa3a 0933774ccc864482a02e1def812abc5d - - default default] Added segment b45d4043-42ef-474d-8028-8ea6a62a2ecf of type geneve for network df44df87-9fe4-4860-af65-d41ce9b48193
2026-07-21 14:32:35.217 7 INFO neutron.plugins.ml2.drivers.ovn.mech_driver.mech_driver [None req-c0b3433b-2a7c-4a51-a8d7-c293cdf36b6c - - - - - -] OVN reports status down for port: 0396c06b-f020-4108-8ad0-295546bf3412
2026-07-21 14:32:35.371 7 INFO neutron.plugins.ml2.drivers.ovn.mech_driver.mech_driver [None req-c0b3433b-2a7c-4a51-a8d7-c293cdf36b6c - - - - - -] OVN reports status down for port: 3e29c1d7-3ac8-47fa-a8d8-66dbf48a0464
2026-07-21 14:32:35.373 8 INFO neutron.services.segments.plugin [-] Segment 4476ce8e-98c5-4e28-9f2f-61729bef1c4d resource provider aggregate not found
2026-07-21 14:32:35.382 8 INFO neutron.services.segments.plugin [-] Segment 4476ce8e-98c5-4e28-9f2f-61729bef1c4d resource provider aggregate not found
2026-07-21 14:32:35.401 8 INFO neutron.services.segments.plugin [-] Client error retrieving segment 4476ce8e-98c5-4e28-9f2f-61729bef1c4d resource provider; error: Placement Client Error (4xx): {"errors": [{"status": 404, "title": "Not Found", "detail": "The resource could not be found.\n\n No resource provider with uuid 4476ce8e-98c5-4e28-9f2f-61729bef1c4d found for delete ", "request_id": "req-7e442d1e-80ed-4fef-8ae9-f4f176513e75"}]}
2026-07-21 14:32:35.402 8 INFO neutron.services.segments.plugin [-] Client error retrieving segment 4476ce8e-98c5-4e28-9f2f-61729bef1c4d resource provider; error: Placement Client Error (4xx): {"errors": [{"status": 404, "title": "Not Found", "detail": "The resource could not be found.\n\n No resource provider with uuid 4476ce8e-98c5-4e28-9f2f-61729bef1c4d found for delete ", "request_id": "req-ea3ee8d3-307a-4ecb-a5ac-b6fadaf45af7"}]} [pid: 8|app: 0|req: 734/1430] 10.0.0.241 () {32 vars in 726 bytes} [Tue Jul 21 14:32:34 2026] DELETE /v2.0/networks/7eb6ad4d-fb6f-4b45-a801-31dee71210b5 => generated 0 bytes in 693 msecs (HTTP/1.1 204) 3 headers in 131 bytes (1 switches on core 0)
2026-07-21 14:32:35.465 7 INFO neutron.db.ovn_revision_numbers_db [None req-f4c7af87-f341-4594-93ec-eadc42092ac7 94ed4ba0cfdf4c5086dfbe56284baa3a 0933774ccc864482a02e1def812abc5d - - default default] Successfully bumped revision number for resource df44df87-9fe4-4860-af65-d41ce9b48193 (type: networks) to 1
2026-07-21 14:32:35.604 8 WARNING neutron.scheduler.dhcp_agent_scheduler [None req-4b9b0168-bc1f-4994-b1e1-436231ce115f 7824f60bc71648d2b4465faad4211d13 ce52382650de4a34bbbc66b987f2c0c2 - - default default] No more DHCP agents
2026-07-21 14:32:35.606 8 WARNING neutron.api.rpc.agentnotifiers.dhcp_rpc_agent_api [None req-4b9b0168-bc1f-4994-b1e1-436231ce115f 7824f60bc71648d2b4465faad4211d13 ce52382650de4a34bbbc66b987f2c0c2 - - default default] Unable to schedule network 87992967-ee86-4ab3-80dd-889011226dfa: no agents available; will retry on subsequent port and subnet creation events.
2026-07-21 14:32:35.704 7 WARNING neutron.scheduler.dhcp_agent_scheduler [None req-f4c7af87-f341-4594-93ec-eadc42092ac7 94ed4ba0cfdf4c5086dfbe56284baa3a 0933774ccc864482a02e1def812abc5d - - default default] No more DHCP agents
2026-07-21 14:32:35.705 7 WARNING neutron.api.rpc.agentnotifiers.dhcp_rpc_agent_api [None req-f4c7af87-f341-4594-93ec-eadc42092ac7 94ed4ba0cfdf4c5086dfbe56284baa3a 0933774ccc864482a02e1def812abc5d - - default default] Unable to schedule network df44df87-9fe4-4860-af65-d41ce9b48193: no agents available; will retry on subsequent port and subnet creation events.
2026-07-21 14:32:35.776 7 INFO neutron.plugins.ml2.drivers.ovn.mech_driver.mech_driver [None req-c0b3433b-2a7c-4a51-a8d7-c293cdf36b6c - - - - - -] OVN reports status down for port: 64cb2b3a-7ac1-4a52-ab20-7db9c668164c
2026-07-21 14:32:35.848 7 INFO neutron.db.ovn_revision_numbers_db [None req-f4c7af87-f341-4594-93ec-eadc42092ac7 94ed4ba0cfdf4c5086dfbe56284baa3a 0933774ccc864482a02e1def812abc5d - - default default] Successfully bumped revision number for resource 64cb2b3a-7ac1-4a52-ab20-7db9c668164c (type: ports) to 1 [pid: 7|app: 0|req: 697/1431] 10.0.0.241 () {34 vars in 670 bytes} [Tue Jul 21 14:32:34 2026] POST /v2.0/networks => generated 671 bytes in 1209 msecs (HTTP/1.1 201) 4 headers in 162 bytes (1 switches on core 0)
2026-07-21 14:32:35.920 7 INFO neutron.pecan_wsgi.hooks.translation [None req-b66b74d5-c46a-4581-96e2-7ad7068ffcdd 548c7bf6c9a8440ebce29d3cd0d665ca 364c81efd4ef4100a5ed41ba071d5996 - - default default] DELETE failed (client error): The resource could not be found. [pid: 7|app: 0|req: 698/1432] 10.0.0.241 () {32 vars in 726 bytes} [Tue Jul 21 14:32:35 2026] DELETE /v2.0/networks/7eb6ad4d-fb6f-4b45-a801-31dee71210b5 => generated 138 bytes in 16 msecs (HTTP/1.1 404) 4 headers in 164 bytes (1 switches on core 0)
2026-07-21 14:32:36.014 7 INFO neutron.db.segments_db [None req-c79ffeb2-da6b-4b40-9fca-0700f3ab15ee 94ed4ba0cfdf4c5086dfbe56284baa3a 0933774ccc864482a02e1def812abc5d - - default default] Added segment f4a60ec1-f2de-4118-b762-b059c1931008 of type geneve for network 5f47a188-1bff-4f1a-b778-f304aa579543
2026-07-21 14:32:36.140 7 INFO neutron.db.ovn_revision_numbers_db [None req-c79ffeb2-da6b-4b40-9fca-0700f3ab15ee 94ed4ba0cfdf4c5086dfbe56284baa3a 0933774ccc864482a02e1def812abc5d - - default default] Successfully bumped revision number for resource 5f47a188-1bff-4f1a-b778-f304aa579543 (type: networks) to 1
2026-07-21 14:32:36.190 8 INFO neutron.db.ovn_revision_numbers_db [None req-4b9b0168-bc1f-4994-b1e1-436231ce115f 7824f60bc71648d2b4465faad4211d13 ce52382650de4a34bbbc66b987f2c0c2 - - default default] Successfully bumped revision number for resource 3e29c1d7-3ac8-47fa-a8d8-66dbf48a0464 (type: ports) to 2
2026-07-21 14:32:36.232 8 INFO neutron.db.ovn_revision_numbers_db [None req-4b9b0168-bc1f-4994-b1e1-436231ce115f 7824f60bc71648d2b4465faad4211d13 ce52382650de4a34bbbc66b987f2c0c2 - - default default] Successfully bumped revision number for resource 4afd4f3b-ed6a-4177-a1ea-e378338d5dbd (type: subnets) to 0 [pid: 8|app: 0|req: 735/1433] 10.0.0.241 () {34 vars in 669 bytes} [Tue Jul 21 14:32:35 2026] POST /v2.0/subnets => generated 626 bytes in 834 msecs (HTTP/1.1 201) 4 headers in 162 bytes (1 switches on core 0) [pid: 8|app: 0|req: 736/1434] 10.0.0.241 () {32 vars in 694 bytes} [Tue Jul 21 14:32:36 2026] GET /v2.0/networks?router%3Aexternal=True => generated 689 bytes in 58 msecs (HTTP/1.1 200) 4 headers in 157 bytes (1 switches on core 0)
2026-07-21 14:32:36.352 7 WARNING neutron.scheduler.dhcp_agent_scheduler [None req-c79ffeb2-da6b-4b40-9fca-0700f3ab15ee 94ed4ba0cfdf4c5086dfbe56284baa3a 0933774ccc864482a02e1def812abc5d - - default default] No more DHCP agents
2026-07-21 14:32:36.354 7 WARNING neutron.api.rpc.agentnotifiers.dhcp_rpc_agent_api [None req-c79ffeb2-da6b-4b40-9fca-0700f3ab15ee 94ed4ba0cfdf4c5086dfbe56284baa3a 0933774ccc864482a02e1def812abc5d - - default default] Unable to schedule network 5f47a188-1bff-4f1a-b778-f304aa579543: no agents available; will retry on subsequent port and subnet creation events.
2026-07-21 14:32:36.408 8 INFO neutron.plugins.ml2.drivers.ovn.mech_driver.mech_driver [None req-ed2730d8-d574-445c-b329-5e150ddb973e - - - - - -] OVN reports status down for port: 452b226a-614f-4b46-8879-3ad86f6a7505
2026-07-21 14:32:36.435 7 INFO neutron.db.ovn_revision_numbers_db [None req-c79ffeb2-da6b-4b40-9fca-0700f3ab15ee 94ed4ba0cfdf4c5086dfbe56284baa3a 0933774ccc864482a02e1def812abc5d - - default default] Successfully bumped revision number for resource 452b226a-614f-4b46-8879-3ad86f6a7505 (type: ports) to 1 [pid: 7|app: 0|req: 699/1435] 10.0.0.241 () {34 vars in 670 bytes} [Tue Jul 21 14:32:35 2026] POST /v2.0/networks => generated 671 bytes in 544 msecs (HTTP/1.1 201) 4 headers in 162 bytes (1 switches on core 0)
2026-07-21 14:32:36.500 8 INFO neutron.db.ovn_revision_numbers_db [None req-00db33df-a275-46a6-8780-82deb5553878 7824f60bc71648d2b4465faad4211d13 ce52382650de4a34bbbc66b987f2c0c2 - - default default] Successfully bumped revision number for resource 5370c152-16cc-4410-8ef5-de067c3310b0 (type: routers) to 1 [pid: 7|app: 0|req: 700/1436] 10.0.0.241 () {32 vars in 742 bytes} [Tue Jul 21 14:32:36 2026] GET /v2.0/subnets?network_id=92d9def3-c275-414d-bf36-df2b1d3ad570 => generated 649 bytes in 46 msecs (HTTP/1.1 200) 4 headers in 157 bytes (1 switches on core 0) [pid: 8|app: 0|req: 737/1437] 10.0.0.241 () {34 vars in 669 bytes} [Tue Jul 21 14:32:36 2026] POST /v2.0/routers => generated 623 bytes in 220 msecs (HTTP/1.1 201) 4 headers in 162 bytes (1 switches on core 0) [pid: 8|app: 0|req: 738/1438] 10.0.0.241 () {32 vars in 653 bytes} [Tue Jul 21 14:32:36 2026] GET /v2.0/extensions => generated 22668 bytes in 13 msecs (HTTP/1.1 200) 4 headers in 159 bytes (1 switches on core 0)
2026-07-21 14:32:36.702 7 WARNING neutron.scheduler.dhcp_agent_scheduler [None req-8ad7fa91-e247-4aa4-ac19-22426aef75ae 94ed4ba0cfdf4c5086dfbe56284baa3a 0933774ccc864482a02e1def812abc5d - - default default] No more DHCP agents
2026-07-21 14:32:36.703 7 WARNING neutron.api.rpc.agentnotifiers.dhcp_rpc_agent_api [None req-8ad7fa91-e247-4aa4-ac19-22426aef75ae 94ed4ba0cfdf4c5086dfbe56284baa3a 0933774ccc864482a02e1def812abc5d - - default default] Unable to schedule network df44df87-9fe4-4860-af65-d41ce9b48193: no agents available; will retry on subsequent port and subnet creation events.
2026-07-21 14:32:36.752 7 INFO neutron.db.ovn_revision_numbers_db [None req-8ad7fa91-e247-4aa4-ac19-22426aef75ae 94ed4ba0cfdf4c5086dfbe56284baa3a 0933774ccc864482a02e1def812abc5d - - default default] Successfully bumped revision number for resource a375b8dd-d6c0-48df-8d8c-a763a60a0aef (type: subnets) to 0 [pid: 7|app: 0|req: 701/1439] 10.0.0.241 () {34 vars in 669 bytes} [Tue Jul 21 14:32:36 2026] POST /v2.0/subnets => generated 646 bytes in 259 msecs (HTTP/1.1 201) 4 headers in 162 bytes (1 switches on core 0) [pid: 7|app: 0|req: 702/1440] 10.0.0.241 () {32 vars in 649 bytes} [Tue Jul 21 14:32:36 2026] GET /v2.0/networks => generated 1388 bytes in 57 msecs (HTTP/1.1 200) 4 headers in 158 bytes (1 switches on core 0) [pid: 7|app: 0|req: 703/1441] 10.0.0.241 () {32 vars in 623 bytes} [Tue Jul 21 14:32:36 2026] GET / => generated 151 bytes in 2 msecs (HTTP/1.1 200) 3 headers in 91 bytes (1 switches on core 0)
2026-07-21 14:32:36.990 8 WARNING neutron.scheduler.dhcp_agent_scheduler [None req-23614866-1d0c-4ba8-a96c-bf0cba7ccbf2 7824f60bc71648d2b4465faad4211d13 ce52382650de4a34bbbc66b987f2c0c2 - - default default] No more DHCP agents
2026-07-21 14:32:36.992 8 WARNING neutron.api.rpc.agentnotifiers.dhcp_rpc_agent_api [None req-23614866-1d0c-4ba8-a96c-bf0cba7ccbf2 7824f60bc71648d2b4465faad4211d13 ce52382650de4a34bbbc66b987f2c0c2 - - default default] Unable to schedule network 87992967-ee86-4ab3-80dd-889011226dfa: no agents available; will retry on subsequent port and subnet creation events.
2026-07-21 14:32:37.002 7 WARNING neutron.scheduler.dhcp_agent_scheduler [None req-eaf39c73-5b09-4268-a0b6-4ddd7bd4d2af 94ed4ba0cfdf4c5086dfbe56284baa3a 0933774ccc864482a02e1def812abc5d - - default default] No more DHCP agents
2026-07-21 14:32:37.003 7 WARNING neutron.api.rpc.agentnotifiers.dhcp_rpc_agent_api [None req-eaf39c73-5b09-4268-a0b6-4ddd7bd4d2af 94ed4ba0cfdf4c5086dfbe56284baa3a 0933774ccc864482a02e1def812abc5d - - default default] Unable to schedule network 5f47a188-1bff-4f1a-b778-f304aa579543: no agents available; will retry on subsequent port and subnet creation events.
2026-07-21 14:32:37.031 7 INFO neutron.db.ovn_revision_numbers_db [None req-eaf39c73-5b09-4268-a0b6-4ddd7bd4d2af 94ed4ba0cfdf4c5086dfbe56284baa3a 0933774ccc864482a02e1def812abc5d - - default default] Successfully bumped revision number for resource 8bda2d90-21c9-483f-97d3-65ba0c341414 (type: subnets) to 0 [pid: 7|app: 0|req: 704/1442] 10.0.0.241 () {34 vars in 669 bytes} [Tue Jul 21 14:32:36 2026] POST /v2.0/subnets => generated 655 bytes in 218 msecs (HTTP/1.1 201) 4 headers in 162 bytes (1 switches on core 0) [pid: 7|app: 0|req: 705/1443] 10.0.0.241 () {32 vars in 647 bytes} [Tue Jul 21 14:32:37 2026] GET /v2.0/subnets => generated 1312 bytes in 32 msecs (HTTP/1.1 200) 4 headers in 158 bytes (1 switches on core 0)
2026-07-21 14:32:37.156 8 INFO neutron.plugins.ml2.drivers.ovn.mech_driver.mech_driver [None req-ed2730d8-d574-445c-b329-5e150ddb973e - - - - - -] OVN reports status down for port: 4fa9f45c-f81e-463b-9fc1-e4732e63584c
2026-07-21 14:32:37.241 8 INFO neutron.db.ovn_revision_numbers_db [None req-23614866-1d0c-4ba8-a96c-bf0cba7ccbf2 7824f60bc71648d2b4465faad4211d13 ce52382650de4a34bbbc66b987f2c0c2 - - default default] Successfully bumped revision number for resource 4fa9f45c-f81e-463b-9fc1-e4732e63584c (type: ports) to 1 [pid: 7|app: 0|req: 706/1444] 10.0.0.241 () {32 vars in 633 bytes} [Tue Jul 21 14:32:37 2026] GET /v2.0/ => generated 632 bytes in 198 msecs (HTTP/1.1 200) 4 headers in 157 bytes (1 switches on core 0)
2026-07-21 14:32:37.435 7 INFO neutron.db.ovn_revision_numbers_db [None req-6ce335cf-a1e1-4dd0-87eb-de66b13e60fc 94ed4ba0cfdf4c5086dfbe56284baa3a 0933774ccc864482a02e1def812abc5d - - default default] Successfully bumped revision number for resource d23b5db1-1d0f-456e-957e-dd85faaaf6c5 (type: routers) to 1 [pid: 7|app: 0|req: 707/1445] 10.0.0.241 () {34 vars in 669 bytes} [Tue Jul 21 14:32:37 2026] POST /v2.0/routers => generated 628 bytes in 171 msecs (HTTP/1.1 201) 4 headers in 162 bytes (1 switches on core 0) [pid: 7|app: 0|req: 708/1446] 10.0.0.241 () {32 vars in 723 bytes} [Tue Jul 21 14:32:37 2026] GET /v2.0/networks/1fb97208-da98-48ba-bd76-b6420b858dce => generated 710 bytes in 44 msecs (HTTP/1.1 200) 4 headers in 157 bytes (1 switches on core 0)
2026-07-21 14:32:37.896 7 WARNING neutron.scheduler.dhcp_agent_scheduler [None req-029b2797-f9b3-4572-bf1a-48844dc5781a 94ed4ba0cfdf4c5086dfbe56284baa3a 0933774ccc864482a02e1def812abc5d - - default default] No more DHCP agents
2026-07-21 14:32:37.898 7 WARNING neutron.api.rpc.agentnotifiers.dhcp_rpc_agent_api [None req-029b2797-f9b3-4572-bf1a-48844dc5781a 94ed4ba0cfdf4c5086dfbe56284baa3a 0933774ccc864482a02e1def812abc5d - - default default] Unable to schedule network df44df87-9fe4-4860-af65-d41ce9b48193: no agents available; will retry on subsequent port and subnet creation events.
2026-07-21 14:32:37.901 8 INFO neutron.plugins.ml2.drivers.ovn.mech_driver.mech_driver [None req-ed2730d8-d574-445c-b329-5e150ddb973e - - - - - -] OVN reports status up for port: 4fa9f45c-f81e-463b-9fc1-e4732e63584c
2026-07-21 14:32:37.942 8 INFO neutron.plugins.ml2.plugin [None req-ed2730d8-d574-445c-b329-5e150ddb973e - - - - - -] Attempt 1 to provision port 4fa9f45c-f81e-463b-9fc1-e4732e63584c
2026-07-21 14:32:38.041 7 INFO neutron.db.ovn_revision_numbers_db [None req-029b2797-f9b3-4572-bf1a-48844dc5781a 94ed4ba0cfdf4c5086dfbe56284baa3a 0933774ccc864482a02e1def812abc5d - - default default] Successfully bumped revision number for resource c9e3470c-975d-4ac2-8e69-46c735d2e03a (type: ports) to 1
