2026-07-21 14:35:23.156 7 INFO neutron.api.v2.resource [None req-a92fe586-1b32-47f4-bf1a-1a0bcdead5df 420d632c9c7f468fb2a4d7b4527d8a47 7f8cbd1e16bd4330987518787fd220df - - default default] show failed (client error): The resource could not be found. [pid: 7|app: 0|req: 1239/2507] 10.0.0.241 () {32 vars in 747 bytes} [Tue Jul 21 14:35:23 2026] GET /v2.0/security-group-rules/dba4ecf7-9fc3-41ac-8735-a3c1336605f3 => generated 155 bytes in 16 msecs (HTTP/1.1 404) 4 headers in 164 bytes (1 switches on core 0) [pid: 8|app: 0|req: 1269/2508] 10.0.0.241 () {32 vars in 740 bytes} [Tue Jul 21 14:35:22 2026] DELETE /v2.0/security-groups/5f0afd3d-db52-44a1-91ff-19e0904c2e2a => generated 0 bytes in 330 msecs (HTTP/1.1 204) 2 headers in 112 bytes (1 switches on core 0) [pid: 7|app: 0|req: 1240/2509] 10.0.0.241 () {32 vars in 750 bytes} [Tue Jul 21 14:35:23 2026] DELETE /v2.0/security-group-rules/50fb384e-15d5-40ee-a0da-c9e2c49e5187 => generated 0 bytes in 182 msecs (HTTP/1.1 204) 2 headers in 112 bytes (1 switches on core 0)
2026-07-21 14:35:23.359 8 INFO neutron.api.v2.resource [None req-eb1f9d5d-10a0-407f-8e45-31b772fe8986 420d632c9c7f468fb2a4d7b4527d8a47 7f8cbd1e16bd4330987518787fd220df - - default default] show failed (client error): The resource could not be found. [pid: 8|app: 0|req: 1270/2510] 10.0.0.241 () {32 vars in 747 bytes} [Tue Jul 21 14:35:23 2026] GET /v2.0/security-group-rules/50fb384e-15d5-40ee-a0da-c9e2c49e5187 => generated 155 bytes in 11 msecs (HTTP/1.1 404) 4 headers in 164 bytes (1 switches on core 0) [pid: 7|app: 0|req: 1241/2511] 10.0.0.241 () {32 vars in 750 bytes} [Tue Jul 21 14:35:23 2026] DELETE /v2.0/security-group-rules/b449edaf-4119-4e92-92ff-bb351b3fe219 => generated 0 bytes in 137 msecs (HTTP/1.1 204) 2 headers in 112 bytes (1 switches on core 0)
2026-07-21 14:35:23.521 8 INFO neutron.api.v2.resource [None req-415cd0d7-f0db-462f-b5c3-547c0322cd7e 420d632c9c7f468fb2a4d7b4527d8a47 7f8cbd1e16bd4330987518787fd220df - - default default] show failed (client error): The resource could not be found. [pid: 8|app: 0|req: 1271/2512] 10.0.0.241 () {32 vars in 747 bytes} [Tue Jul 21 14:35:23 2026] GET /v2.0/security-group-rules/b449edaf-4119-4e92-92ff-bb351b3fe219 => generated 155 bytes in 13 msecs (HTTP/1.1 404) 4 headers in 164 bytes (1 switches on core 0) [pid: 7|app: 0|req: 1242/2513] 10.0.0.241 () {32 vars in 750 bytes} [Tue Jul 21 14:35:23 2026] DELETE /v2.0/security-group-rules/4a32ba13-5eca-47ce-a588-efd60242fdc5 => generated 0 bytes in 140 msecs (HTTP/1.1 204) 2 headers in 112 bytes (1 switches on core 0)
2026-07-21 14:35:23.684 8 INFO neutron.api.v2.resource [None req-03503a68-0d39-49fd-9e2f-fb2a3c39f9de 420d632c9c7f468fb2a4d7b4527d8a47 7f8cbd1e16bd4330987518787fd220df - - default default] show failed (client error): The resource could not be found. [pid: 8|app: 0|req: 1272/2514] 10.0.0.241 () {32 vars in 747 bytes} [Tue Jul 21 14:35:23 2026] GET /v2.0/security-group-rules/4a32ba13-5eca-47ce-a588-efd60242fdc5 => generated 155 bytes in 15 msecs (HTTP/1.1 404) 4 headers in 164 bytes (1 switches on core 0) [pid: 7|app: 0|req: 1243/2515] 10.0.0.241 () {32 vars in 750 bytes} [Tue Jul 21 14:35:23 2026] DELETE /v2.0/security-group-rules/6c072276-2da2-46f2-b4a8-89d83c3aee6c => generated 0 bytes in 117 msecs (HTTP/1.1 204) 2 headers in 112 bytes (1 switches on core 0)
2026-07-21 14:35:23.824 8 INFO neutron.api.v2.resource [None req-eea3370e-ac41-441e-8896-a4d55828ca2f 420d632c9c7f468fb2a4d7b4527d8a47 7f8cbd1e16bd4330987518787fd220df - - default default] show failed (client error): The resource could not be found. [pid: 8|app: 0|req: 1273/2516] 10.0.0.241 () {32 vars in 747 bytes} [Tue Jul 21 14:35:23 2026] GET /v2.0/security-group-rules/6c072276-2da2-46f2-b4a8-89d83c3aee6c => generated 155 bytes in 12 msecs (HTTP/1.1 404) 4 headers in 164 bytes (1 switches on core 0) [pid: 7|app: 0|req: 1244/2517] 10.0.0.241 () {32 vars in 750 bytes} [Tue Jul 21 14:35:23 2026] DELETE /v2.0/security-group-rules/b6e454d5-a5dd-4ec7-8fa5-0dfc84009032 => generated 0 bytes in 129 msecs (HTTP/1.1 204) 2 headers in 112 bytes (1 switches on core 0)
2026-07-21 14:35:23.973 8 INFO neutron.api.v2.resource [None req-5b36bf05-8e44-4b1a-9266-0d5bbddbbf90 420d632c9c7f468fb2a4d7b4527d8a47 7f8cbd1e16bd4330987518787fd220df - - default default] show failed (client error): The resource could not be found. [pid: 8|app: 0|req: 1274/2518] 10.0.0.241 () {32 vars in 747 bytes} [Tue Jul 21 14:35:23 2026] GET /v2.0/security-group-rules/b6e454d5-a5dd-4ec7-8fa5-0dfc84009032 => generated 155 bytes in 11 msecs (HTTP/1.1 404) 4 headers in 164 bytes (1 switches on core 0) [pid: 7|app: 0|req: 1245/2519] 10.0.0.241 () {32 vars in 750 bytes} [Tue Jul 21 14:35:23 2026] DELETE /v2.0/security-group-rules/b1379a68-3205-4e70-a839-e317ef634056 => generated 0 bytes in 144 msecs (HTTP/1.1 204) 2 headers in 112 bytes (1 switches on core 0)
2026-07-21 14:35:24.148 8 INFO neutron.api.v2.resource [None req-8c6fb0b7-db6e-4063-86bd-052193524361 420d632c9c7f468fb2a4d7b4527d8a47 7f8cbd1e16bd4330987518787fd220df - - default default] show failed (client error): The resource could not be found. [pid: 8|app: 0|req: 1275/2520] 10.0.0.241 () {32 vars in 747 bytes} [Tue Jul 21 14:35:24 2026] GET /v2.0/security-group-rules/b1379a68-3205-4e70-a839-e317ef634056 => generated 155 bytes in 18 msecs (HTTP/1.1 404) 4 headers in 164 bytes (1 switches on core 0) [pid: 7|app: 0|req: 1246/2521] 10.0.0.241 () {32 vars in 740 bytes} [Tue Jul 21 14:35:24 2026] DELETE /v2.0/security-groups/9e01eff1-f5bc-4fca-bb35-8c0841eb9195 => generated 0 bytes in 214 msecs (HTTP/1.1 204) 2 headers in 112 bytes (1 switches on core 0)
2026-07-21 14:35:24.392 8 INFO neutron.api.v2.resource [None req-9a2b109d-c42e-4fcb-a6d3-993abd74f88d 420d632c9c7f468fb2a4d7b4527d8a47 7f8cbd1e16bd4330987518787fd220df - - default default] show failed (client error): The resource could not be found. [pid: 8|app: 0|req: 1276/2522] 10.0.0.241 () {32 vars in 737 bytes} [Tue Jul 21 14:35:24 2026] GET /v2.0/security-groups/9e01eff1-f5bc-4fca-bb35-8c0841eb9195 => generated 146 bytes in 17 msecs (HTTP/1.1 404) 4 headers in 164 bytes (1 switches on core 0)
2026-07-21 14:35:24.849 8 INFO neutron_taas.services.taas.taas_plugin [None req-d6c64fa9-69c6-4fa2-a822-df1b136a3e58 420d632c9c7f468fb2a4d7b4527d8a47 7f8cbd1e16bd4330987518787fd220df - - default default] TaaS: Handle Delete Port: 9e89eef6-9949-4c05-8249-617b3adaf88d
2026-07-21 14:35:24.854 8 INFO neutron_taas.services.taas.tap_mirror_plugin [None req-d6c64fa9-69c6-4fa2-a822-df1b136a3e58 420d632c9c7f468fb2a4d7b4527d8a47 7f8cbd1e16bd4330987518787fd220df - - default default] Tap Mirror: Handle Delete Port: 9e89eef6-9949-4c05-8249-617b3adaf88d
2026-07-21 14:35:24.971 7 WARNING neutron.scheduler.dhcp_agent_scheduler [None req-5842e987-d981-4dbd-a830-9c00ba0bc526 5110da579fcc4680b68e0e6904241d53 c0ace32efe454d7591b6fc6a48df3456 - - default default] No more DHCP agents
2026-07-21 14:35:24.974 7 WARNING neutron.api.rpc.agentnotifiers.dhcp_rpc_agent_api [None req-5842e987-d981-4dbd-a830-9c00ba0bc526 5110da579fcc4680b68e0e6904241d53 c0ace32efe454d7591b6fc6a48df3456 - - default default] Unable to schedule network 92d9def3-c275-414d-bf36-df2b1d3ad570: no agents available; will retry on subsequent port and subnet creation events. [pid: 7|app: 0|req: 1247/2523] 10.0.0.241 () {34 vars in 676 bytes} [Tue Jul 21 14:35:24 2026] POST /v2.0/floatingips => generated 552 bytes in 985 msecs (HTTP/1.1 201) 4 headers in 162 bytes (1 switches on core 0)
2026-07-21 14:35:25.446 7 WARNING tagging [None req-2a7bb78b-2f15-4ac8-bebc-7efa42d304b2 5110da579fcc4680b68e0e6904241d53 c0ace32efe454d7591b6fc6a48df3456 - - default default] project_id key not found in request, using tenant_id instead. This support has been deprecated and will be removed in a future release. [pid: 7|app: 0|req: 1248/2524] 10.0.0.241 () {34 vars in 759 bytes} [Tue Jul 21 14:35:25 2026] PUT /v2.0/floatingips/6071b3c9-30ba-46ca-b57d-44dd609b9574/tags => generated 25 bytes in 63 msecs (HTTP/1.1 200) 4 headers in 156 bytes (1 switches on core 0)
2026-07-21 14:35:25.517 7 WARNING tagging [None req-d78c2dfb-9fd9-4318-8ea8-a74d9b5f1a49 5110da579fcc4680b68e0e6904241d53 c0ace32efe454d7591b6fc6a48df3456 - - default default] project_id key not found in request, using tenant_id instead. This support has been deprecated and will be removed in a future release. [pid: 8|app: 0|req: 1277/2525] 10.0.0.241 () {34 vars in 789 bytes} [Tue Jul 21 14:35:24 2026] PUT /v2.0/routers/aab89193-6a38-4ba3-938b-dbb911c329a9/remove_router_interface => generated 310 bytes in 1084 msecs (HTTP/1.1 200) 4 headers in 157 bytes (1 switches on core 0) /var/lib/openstack/lib/python3.12/site-packages/pycadf/identifier.py:70: UserWarning: Invalid uuid: neutron. To ensure interoperability, identifiers should be a valid uuid. warnings.warn(('Invalid uuid: %s. To ensure interoperability, ' [pid: 7|app: 0|req: 1249/2526] 10.0.0.241 () {32 vars in 739 bytes} [Tue Jul 21 14:35:25 2026] GET /v2.0/floatingips/6071b3c9-30ba-46ca-b57d-44dd609b9574/tags => generated 25 bytes in 76 msecs (HTTP/1.1 200) 4 headers in 156 bytes (1 switches on core 0)
2026-07-21 14:35:25.604 7 WARNING tagging [None req-99701ab9-592b-418e-a068-35be5a575525 5110da579fcc4680b68e0e6904241d53 c0ace32efe454d7591b6fc6a48df3456 - - default default] project_id key not found in request, using tenant_id instead. This support has been deprecated and will be removed in a future release. [pid: 7|app: 0|req: 1250/2527] 10.0.0.241 () {34 vars in 770 bytes} [Tue Jul 21 14:35:25 2026] PUT /v2.0/floatingips/6071b3c9-30ba-46ca-b57d-44dd609b9574/tags/green => generated 4 bytes in 96 msecs (HTTP/1.1 201) 4 headers in 160 bytes (1 switches on core 0)
2026-07-21 14:35:25.706 7 WARNING tagging [None req-f6de8f64-16bf-4a23-b419-5eaedc9ee845 5110da579fcc4680b68e0e6904241d53 c0ace32efe454d7591b6fc6a48df3456 - - default default] project_id key not found in request, using tenant_id instead. This support has been deprecated and will be removed in a future release.
2026-07-21 14:35:25.719 8 INFO neutron.api.v2.resource [None req-8c0dcc73-a4b0-4744-9dbb-2c952ebc7190 420d632c9c7f468fb2a4d7b4527d8a47 7f8cbd1e16bd4330987518787fd220df - - default default] remove_router_interface failed (client error): The resource could not be found. [pid: 8|app: 0|req: 1278/2528] 10.0.0.241 () {34 vars in 789 bytes} [Tue Jul 21 14:35:25 2026] PUT /v2.0/routers/aab89193-6a38-4ba3-938b-dbb911c329a9/remove_router_interface => generated 198 bytes in 177 msecs (HTTP/1.1 404) 4 headers in 164 bytes (1 switches on core 0) [pid: 7|app: 0|req: 1251/2529] 10.0.0.241 () {32 vars in 739 bytes} [Tue Jul 21 14:35:25 2026] GET /v2.0/floatingips/6071b3c9-30ba-46ca-b57d-44dd609b9574/tags => generated 34 bytes in 58 msecs (HTTP/1.1 200) 4 headers in 156 bytes (1 switches on core 0)
2026-07-21 14:35:25.762 7 WARNING tagging [None req-056588b3-9ed2-4c32-88da-868d9141be6e 5110da579fcc4680b68e0e6904241d53 c0ace32efe454d7591b6fc6a48df3456 - - default default] project_id key not found in request, using tenant_id instead. This support has been deprecated and will be removed in a future release. [pid: 7|app: 0|req: 1252/2530] 10.0.0.241 () {34 vars in 766 bytes} [Tue Jul 21 14:35:25 2026] PUT /v2.0/floatingips/6071b3c9-30ba-46ca-b57d-44dd609b9574/tags/red => generated 4 bytes in 65 msecs (HTTP/1.1 201) 4 headers in 160 bytes (1 switches on core 0)
2026-07-21 14:35:25.827 7 WARNING tagging [None req-5cceebb3-7307-4092-806d-55ad20574a3c 5110da579fcc4680b68e0e6904241d53 c0ace32efe454d7591b6fc6a48df3456 - - default default] project_id key not found in request, using tenant_id instead. This support has been deprecated and will be removed in a future release. [pid: 7|app: 0|req: 1253/2531] 10.0.0.241 () {32 vars in 739 bytes} [Tue Jul 21 14:35:25 2026] GET /v2.0/floatingips/6071b3c9-30ba-46ca-b57d-44dd609b9574/tags => generated 34 bytes in 44 msecs (HTTP/1.1 200) 4 headers in 156 bytes (1 switches on core 0)
2026-07-21 14:35:25.884 7 WARNING tagging [None req-df6f9105-87bd-41f2-b92a-feb045e4d3c8 5110da579fcc4680b68e0e6904241d53 c0ace32efe454d7591b6fc6a48df3456 - - default default] project_id key not found in request, using tenant_id instead. This support has been deprecated and will be removed in a future release. [pid: 7|app: 0|req: 1254/2532] 10.0.0.241 () {34 vars in 788 bytes} [Tue Jul 21 14:35:25 2026] PUT /v2.0/floatingips/6071b3c9-30ba-46ca-b57d-44dd609b9574/tags/black.or.white => generated 4 bytes in 82 msecs (HTTP/1.1 201) 4 headers in 160 bytes (1 switches on core 0)
2026-07-21 14:35:25.961 7 WARNING tagging [None req-7195c055-0c84-4f4b-94d8-82a523b08ae1 5110da579fcc4680b68e0e6904241d53 c0ace32efe454d7591b6fc6a48df3456 - - default default] project_id key not found in request, using tenant_id instead. This support has been deprecated and will be removed in a future release. [pid: 7|app: 0|req: 1255/2533] 10.0.0.241 () {32 vars in 739 bytes} [Tue Jul 21 14:35:25 2026] GET /v2.0/floatingips/6071b3c9-30ba-46ca-b57d-44dd609b9574/tags => generated 52 bytes in 44 msecs (HTTP/1.1 200) 4 headers in 156 bytes (1 switches on core 0)
2026-07-21 14:35:26.015 7 WARNING tagging [None req-adc3e9f6-fc93-45c6-b433-dce2bcaae6ba 5110da579fcc4680b68e0e6904241d53 c0ace32efe454d7591b6fc6a48df3456 - - default default] project_id key not found in request, using tenant_id instead. This support has been deprecated and will be removed in a future release. [pid: 7|app: 0|req: 1256/2534] 10.0.0.241 () {34 vars in 759 bytes} [Tue Jul 21 14:35:25 2026] PUT /v2.0/floatingips/6071b3c9-30ba-46ca-b57d-44dd609b9574/tags => generated 37 bytes in 65 msecs (HTTP/1.1 200) 4 headers in 156 bytes (1 switches on core 0)
2026-07-21 14:35:26.087 8 INFO neutron_taas.services.taas.taas_plugin [None req-2ab7d447-7c82-4a2a-a787-83e3e67fcb8c 420d632c9c7f468fb2a4d7b4527d8a47 7f8cbd1e16bd4330987518787fd220df - - default default] TaaS: Handle Delete Port: 0bd265af-9838-4074-b9cd-5cdd68cd035d
2026-07-21 14:35:26.089 7 WARNING tagging [None req-0fcc67b8-843f-42bd-9de6-7734e1d71a05 5110da579fcc4680b68e0e6904241d53 c0ace32efe454d7591b6fc6a48df3456 - - default default] project_id key not found in request, using tenant_id instead. This support has been deprecated and will be removed in a future release.
2026-07-21 14:35:26.092 8 INFO neutron_taas.services.taas.tap_mirror_plugin [None req-2ab7d447-7c82-4a2a-a787-83e3e67fcb8c 420d632c9c7f468fb2a4d7b4527d8a47 7f8cbd1e16bd4330987518787fd220df - - default default] Tap Mirror: Handle Delete Port: 0bd265af-9838-4074-b9cd-5cdd68cd035d [pid: 7|app: 0|req: 1257/2535] 10.0.0.241 () {32 vars in 739 bytes} [Tue Jul 21 14:35:26 2026] GET /v2.0/floatingips/6071b3c9-30ba-46ca-b57d-44dd609b9574/tags => generated 37 bytes in 46 msecs (HTTP/1.1 200) 4 headers in 156 bytes (1 switches on core 0)
2026-07-21 14:35:26.135 7 WARNING tagging [None req-b3837a23-4861-425f-9108-e79dfc0241b3 5110da579fcc4680b68e0e6904241d53 c0ace32efe454d7591b6fc6a48df3456 - - default default] project_id key not found in request, using tenant_id instead. This support has been deprecated and will be removed in a future release. [pid: 7|app: 0|req: 1258/2536] 10.0.0.241 () {32 vars in 747 bytes} [Tue Jul 21 14:35:26 2026] GET /v2.0/floatingips/6071b3c9-30ba-46ca-b57d-44dd609b9574/tags/red => generated 0 bytes in 46 msecs (HTTP/1.1 204) 2 headers in 112 bytes (1 switches on core 0)
2026-07-21 14:35:26.191 7 WARNING tagging [None req-86b1db06-b01a-4d6a-8486-b9a124e4f52a 5110da579fcc4680b68e0e6904241d53 c0ace32efe454d7591b6fc6a48df3456 - - default default] project_id key not found in request, using tenant_id instead. This support has been deprecated and will be removed in a future release.
2026-07-21 14:35:26.208 7 INFO neutron.api.v2.resource [None req-86b1db06-b01a-4d6a-8486-b9a124e4f52a 5110da579fcc4680b68e0e6904241d53 c0ace32efe454d7591b6fc6a48df3456 - - default default] show failed (client error): The resource could not be found. [pid: 7|app: 0|req: 1259/2537] 10.0.0.241 () {32 vars in 751 bytes} [Tue Jul 21 14:35:26 2026] GET /v2.0/floatingips/6071b3c9-30ba-46ca-b57d-44dd609b9574/tags/green => generated 99 bytes in 45 msecs (HTTP/1.1 404) 4 headers in 163 bytes (1 switches on core 0)
2026-07-21 14:35:26.249 7 WARNING tagging [None req-51798fa2-0420-42aa-a257-3a453f12f6c2 5110da579fcc4680b68e0e6904241d53 c0ace32efe454d7591b6fc6a48df3456 - - default default] project_id key not found in request, using tenant_id instead. This support has been deprecated and will be removed in a future release. [pid: 7|app: 0|req: 1260/2538] 10.0.0.241 () {32 vars in 750 bytes} [Tue Jul 21 14:35:26 2026] DELETE /v2.0/floatingips/6071b3c9-30ba-46ca-b57d-44dd609b9574/tags/red => generated 0 bytes in 77 msecs (HTTP/1.1 204) 2 headers in 112 bytes (1 switches on core 0)
2026-07-21 14:35:26.325 7 WARNING tagging [None req-2baffeba-7fe7-4ddd-8304-8d599dc041f5 5110da579fcc4680b68e0e6904241d53 c0ace32efe454d7591b6fc6a48df3456 - - default default] project_id key not found in request, using tenant_id instead. This support has been deprecated and will be removed in a future release. [pid: 7|app: 0|req: 1261/2539] 10.0.0.241 () {32 vars in 739 bytes} [Tue Jul 21 14:35:26 2026] GET /v2.0/floatingips/6071b3c9-30ba-46ca-b57d-44dd609b9574/tags => generated 30 bytes in 51 msecs (HTTP/1.1 200) 4 headers in 156 bytes (1 switches on core 0)
2026-07-21 14:35:26.387 7 WARNING tagging [None req-30f0801a-1dac-4c14-9176-5580d5c21cc4 5110da579fcc4680b68e0e6904241d53 c0ace32efe454d7591b6fc6a48df3456 - - default default] project_id key not found in request, using tenant_id instead. This support has been deprecated and will be removed in a future release.
2026-07-21 14:35:26.409 7 INFO neutron.api.v2.resource [None req-30f0801a-1dac-4c14-9176-5580d5c21cc4 5110da579fcc4680b68e0e6904241d53 c0ace32efe454d7591b6fc6a48df3456 - - default default] delete failed (client error): The resource could not be found. [pid: 7|app: 0|req: 1262/2540] 10.0.0.241 () {32 vars in 754 bytes} [Tue Jul 21 14:35:26 2026] DELETE /v2.0/floatingips/6071b3c9-30ba-46ca-b57d-44dd609b9574/tags/green => generated 99 bytes in 57 msecs (HTTP/1.1 404) 4 headers in 163 bytes (1 switches on core 0)
2026-07-21 14:35:26.447 7 WARNING tagging [None req-4281b031-fcc3-439f-af4a-8a9e8b1bdb07 5110da579fcc4680b68e0e6904241d53 c0ace32efe454d7591b6fc6a48df3456 - - default default] project_id key not found in request, using tenant_id instead. This support has been deprecated and will be removed in a future release. [pid: 7|app: 0|req: 1263/2541] 10.0.0.241 () {32 vars in 742 bytes} [Tue Jul 21 14:35:26 2026] DELETE /v2.0/floatingips/6071b3c9-30ba-46ca-b57d-44dd609b9574/tags => generated 0 bytes in 68 msecs (HTTP/1.1 204) 2 headers in 112 bytes (1 switches on core 0)
2026-07-21 14:35:26.513 7 WARNING tagging [None req-40eaec04-7b14-4acd-8c8d-bb9cdd82dd68 5110da579fcc4680b68e0e6904241d53 c0ace32efe454d7591b6fc6a48df3456 - - default default] project_id key not found in request, using tenant_id instead. This support has been deprecated and will be removed in a future release. [pid: 7|app: 0|req: 1264/2542] 10.0.0.241 () {32 vars in 739 bytes} [Tue Jul 21 14:35:26 2026] GET /v2.0/floatingips/6071b3c9-30ba-46ca-b57d-44dd609b9574/tags => generated 12 bytes in 49 msecs (HTTP/1.1 200) 4 headers in 156 bytes (1 switches on core 0)
2026-07-21 14:35:26.702 7 INFO neutron_taas.services.taas.taas_plugin [None req-e5b414a5-8c8a-4a68-aefa-c8f83b5091e3 5110da579fcc4680b68e0e6904241d53 c0ace32efe454d7591b6fc6a48df3456 - - default default] TaaS: Handle Delete Port: ee07167d-fb95-4c30-8ae9-c6707619cdae
2026-07-21 14:35:26.712 7 INFO neutron_taas.services.taas.tap_mirror_plugin [None req-e5b414a5-8c8a-4a68-aefa-c8f83b5091e3 5110da579fcc4680b68e0e6904241d53 c0ace32efe454d7591b6fc6a48df3456 - - default default] Tap Mirror: Handle Delete Port: ee07167d-fb95-4c30-8ae9-c6707619cdae [pid: 8|app: 0|req: 1279/2543] 10.0.0.241 () {34 vars in 789 bytes} [Tue Jul 21 14:35:25 2026] PUT /v2.0/routers/aab89193-6a38-4ba3-938b-dbb911c329a9/remove_router_interface => generated 310 bytes in 1008 msecs (HTTP/1.1 200) 4 headers in 157 bytes (1 switches on core 0) /var/lib/openstack/lib/python3.12/site-packages/pycadf/identifier.py:70: UserWarning: Invalid uuid: neutron. To ensure interoperability, identifiers should be a valid uuid. warnings.warn(('Invalid uuid: %s. To ensure interoperability, '
2026-07-21 14:35:26.872 8 INFO neutron.api.v2.resource [None req-90ffd944-08a2-45ae-9f0e-afb6ea1ad735 420d632c9c7f468fb2a4d7b4527d8a47 7f8cbd1e16bd4330987518787fd220df - - default default] remove_router_interface failed (client error): The resource could not be found. [pid: 8|app: 0|req: 1280/2544] 10.0.0.241 () {34 vars in 789 bytes} [Tue Jul 21 14:35:26 2026] PUT /v2.0/routers/aab89193-6a38-4ba3-938b-dbb911c329a9/remove_router_interface => generated 198 bytes in 135 msecs (HTTP/1.1 404) 4 headers in 164 bytes (1 switches on core 0) [pid: 7|app: 0|req: 1265/2545] 10.0.0.241 () {32 vars in 732 bytes} [Tue Jul 21 14:35:26 2026] DELETE /v2.0/floatingips/6071b3c9-30ba-46ca-b57d-44dd609b9574 => generated 0 bytes in 374 msecs (HTTP/1.1 204) 2 headers in 112 bytes (1 switches on core 0)
2026-07-21 14:35:27.251 8 INFO neutron_taas.services.taas.taas_plugin [None req-c4831791-a4f3-4739-b04f-994b1f21a95f 420d632c9c7f468fb2a4d7b4527d8a47 7f8cbd1e16bd4330987518787fd220df - - default default] TaaS: Handle Delete Port: ad3417a7-dc61-426d-8151-adfcc9aa86b5
2026-07-21 14:35:27.260 8 INFO neutron_taas.services.taas.tap_mirror_plugin [None req-c4831791-a4f3-4739-b04f-994b1f21a95f 420d632c9c7f468fb2a4d7b4527d8a47 7f8cbd1e16bd4330987518787fd220df - - default default] Tap Mirror: Handle Delete Port: ad3417a7-dc61-426d-8151-adfcc9aa86b5
2026-07-21 14:35:27.428 7 INFO neutron.db.ovn_revision_numbers_db [None req-9251878c-e12a-4add-8bc1-23fa56a2f321 605a1505d4574144a50f5bcbbd6e2cd0 c3710d9c4fca4fb886c30b029c26db88 - - default default] Successfully bumped revision number for resource 31c42bf9-8cd0-4526-b238-531a915ca2f9 (type: security_groups) to 1
2026-07-21 14:35:27.446 7 INFO neutron.db.ovn_revision_numbers_db [None req-9251878c-e12a-4add-8bc1-23fa56a2f321 605a1505d4574144a50f5bcbbd6e2cd0 c3710d9c4fca4fb886c30b029c26db88 - - default default] Successfully bumped revision number for resource 0fb90dd8-c5a8-41c6-ace5-565bc7515d4c (type: security_group_rules) to 0
2026-07-21 14:35:27.463 7 INFO neutron.db.ovn_revision_numbers_db [None req-9251878c-e12a-4add-8bc1-23fa56a2f321 605a1505d4574144a50f5bcbbd6e2cd0 c3710d9c4fca4fb886c30b029c26db88 - - default default] Successfully bumped revision number for resource 69d9c15c-b215-4e9a-a400-7594d5f9ffe6 (type: security_group_rules) to 0
2026-07-21 14:35:27.479 7 INFO neutron.db.ovn_revision_numbers_db [None req-9251878c-e12a-4add-8bc1-23fa56a2f321 605a1505d4574144a50f5bcbbd6e2cd0 c3710d9c4fca4fb886c30b029c26db88 - - default default] Successfully bumped revision number for resource 7f52ea75-722b-4916-ab89-2891e8e7d3a7 (type: security_group_rules) to 0
2026-07-21 14:35:27.495 7 INFO neutron.db.ovn_revision_numbers_db [None req-9251878c-e12a-4add-8bc1-23fa56a2f321 605a1505d4574144a50f5bcbbd6e2cd0 c3710d9c4fca4fb886c30b029c26db88 - - default default] Successfully bumped revision number for resource c1230139-d202-4c5a-8b2b-9f832a7feb9b (type: security_group_rules) to 0
2026-07-21 14:35:27.607 7 INFO neutron.db.segments_db [None req-9251878c-e12a-4add-8bc1-23fa56a2f321 605a1505d4574144a50f5bcbbd6e2cd0 c3710d9c4fca4fb886c30b029c26db88 - - default default] Added segment 836aa549-daf8-4ccb-a4f8-cfc3e64c8520 of type geneve for network e47d3044-d101-4062-bfd1-671688893d7e
2026-07-21 14:35:27.754 7 INFO neutron.db.ovn_revision_numbers_db [None req-9251878c-e12a-4add-8bc1-23fa56a2f321 605a1505d4574144a50f5bcbbd6e2cd0 c3710d9c4fca4fb886c30b029c26db88 - - default default] Successfully bumped revision number for resource e47d3044-d101-4062-bfd1-671688893d7e (type: networks) to 1 [pid: 8|app: 0|req: 1281/2546] 10.0.0.241 () {34 vars in 789 bytes} [Tue Jul 21 14:35:26 2026] PUT /v2.0/routers/aab89193-6a38-4ba3-938b-dbb911c329a9/remove_router_interface => generated 310 bytes in 1068 msecs (HTTP/1.1 200) 4 headers in 157 bytes (1 switches on core 0)
2026-07-21 14:35:27.987 7 WARNING neutron.scheduler.dhcp_agent_scheduler [None req-9251878c-e12a-4add-8bc1-23fa56a2f321 605a1505d4574144a50f5bcbbd6e2cd0 c3710d9c4fca4fb886c30b029c26db88 - - default default] No more DHCP agents
2026-07-21 14:35:27.989 7 WARNING neutron.api.rpc.agentnotifiers.dhcp_rpc_agent_api [None req-9251878c-e12a-4add-8bc1-23fa56a2f321 605a1505d4574144a50f5bcbbd6e2cd0 c3710d9c4fca4fb886c30b029c26db88 - - default default] Unable to schedule network e47d3044-d101-4062-bfd1-671688893d7e: no agents available; will retry on subsequent port and subnet creation events.
2026-07-21 14:35:28.055 8 INFO neutron.plugins.ml2.drivers.ovn.mech_driver.mech_driver [None req-5f8ca842-d82a-465f-935e-08f5c710b97d - - - - - -] OVN reports status down for port: f7674b24-6d33-40ba-8930-1509035f1a04 /var/lib/openstack/lib/python3.12/site-packages/pycadf/identifier.py:70: UserWarning: Invalid uuid: neutron. To ensure interoperability, identifiers should be a valid uuid. warnings.warn(('Invalid uuid: %s. To ensure interoperability, '
2026-07-21 14:35:28.068 8 WARNING neutron.db.securitygroups_db [None req-15d07400-4bc2-4dc8-baf5-9f2f2a773d84 fa420d162eb14791b146f3624d38cc62 e8d6d75ee70e476ead7ffe8ea7c36383 - - default default] project_id key not found in filters, using tenant_id instead. This support has been deprecated and will be removed in a future release.
2026-07-21 14:35:28.069 7 INFO neutron.db.ovn_revision_numbers_db [None req-9251878c-e12a-4add-8bc1-23fa56a2f321 605a1505d4574144a50f5bcbbd6e2cd0 c3710d9c4fca4fb886c30b029c26db88 - - default default] Successfully bumped revision number for resource f7674b24-6d33-40ba-8930-1509035f1a04 (type: ports) to 1 [pid: 7|app: 0|req: 1266/2547] 10.0.0.241 () {34 vars in 670 bytes} [Tue Jul 21 14:35:26 2026] POST /v2.0/networks => generated 665 bytes in 1116 msecs (HTTP/1.1 201) 4 headers in 162 bytes (1 switches on core 0)
2026-07-21 14:35:28.266 8 INFO neutron.db.ovn_revision_numbers_db [None req-15d07400-4bc2-4dc8-baf5-9f2f2a773d84 fa420d162eb14791b146f3624d38cc62 e8d6d75ee70e476ead7ffe8ea7c36383 - - default default] Successfully bumped revision number for resource 6f0a71b6-f201-4592-a8c1-df002b98b1f3 (type: security_groups) to 1
2026-07-21 14:35:28.277 7 INFO neutron.api.v2.resource [None req-4a7fd37c-5011-447e-8a53-6cc99760a952 420d632c9c7f468fb2a4d7b4527d8a47 7f8cbd1e16bd4330987518787fd220df - - default default] remove_router_interface failed (client error): The resource could not be found. [pid: 7|app: 0|req: 1267/2548] 10.0.0.241 () {34 vars in 789 bytes} [Tue Jul 21 14:35:28 2026] PUT /v2.0/routers/aab89193-6a38-4ba3-938b-dbb911c329a9/remove_router_interface => generated 198 bytes in 179 msecs (HTTP/1.1 404) 4 headers in 164 bytes (1 switches on core 0)
2026-07-21 14:35:28.283 8 INFO neutron.db.ovn_revision_numbers_db [None req-15d07400-4bc2-4dc8-baf5-9f2f2a773d84 fa420d162eb14791b146f3624d38cc62 e8d6d75ee70e476ead7ffe8ea7c36383 - - default default] Successfully bumped revision number for resource 159481ea-d5ad-4edd-876b-1311b05df34c (type: security_group_rules) to 0
2026-07-21 14:35:28.301 8 INFO neutron.db.ovn_revision_numbers_db [None req-15d07400-4bc2-4dc8-baf5-9f2f2a773d84 fa420d162eb14791b146f3624d38cc62 e8d6d75ee70e476ead7ffe8ea7c36383 - - default default] Successfully bumped revision number for resource 20101c33-bbed-49a7-8a08-455b62b0f2dc (type: security_group_rules) to 0
2026-07-21 14:35:28.319 8 INFO neutron.db.ovn_revision_numbers_db [None req-15d07400-4bc2-4dc8-baf5-9f2f2a773d84 fa420d162eb14791b146f3624d38cc62 e8d6d75ee70e476ead7ffe8ea7c36383 - - default default] Successfully bumped revision number for resource e11e626b-e1a8-452b-a611-b38f8ebb6e48 (type: security_group_rules) to 0
2026-07-21 14:35:28.334 8 INFO neutron.db.ovn_revision_numbers_db [None req-15d07400-4bc2-4dc8-baf5-9f2f2a773d84 fa420d162eb14791b146f3624d38cc62 e8d6d75ee70e476ead7ffe8ea7c36383 - - default default] Successfully bumped revision number for resource eee665df-5da4-4954-abc7-3573c70ff3d1 (type: security_group_rules) to 0 [pid: 8|app: 0|req: 1282/2549] 10.0.0.241 () {32 vars in 774 bytes} [Tue Jul 21 14:35:27 2026] GET /v2.0/security-groups?tenant_id=c0ace32efe454d7591b6fc6a48df3456&name=default => generated 2929 bytes in 426 msecs (HTTP/1.1 200) 4 headers in 158 bytes (1 switches on core 0)
2026-07-21 14:35:28.464 7 WARNING neutron.scheduler.dhcp_agent_scheduler [None req-7e22ce7d-30fd-42a2-b698-1f739bdc42c7 605a1505d4574144a50f5bcbbd6e2cd0 c3710d9c4fca4fb886c30b029c26db88 - - default default] No more DHCP agents
2026-07-21 14:35:28.466 7 WARNING neutron.api.rpc.agentnotifiers.dhcp_rpc_agent_api [None req-7e22ce7d-30fd-42a2-b698-1f739bdc42c7 605a1505d4574144a50f5bcbbd6e2cd0 c3710d9c4fca4fb886c30b029c26db88 - - default default] Unable to schedule network e47d3044-d101-4062-bfd1-671688893d7e: no agents available; will retry on subsequent port and subnet creation events.
2026-07-21 14:35:28.759 8 INFO neutron_taas.services.taas.taas_plugin [None req-3597cdb6-bff9-40d1-820d-e814af272495 420d632c9c7f468fb2a4d7b4527d8a47 7f8cbd1e16bd4330987518787fd220df - - default default] TaaS: Handle Delete Port: 79407f0b-9482-47d5-ade1-9b7f0dc1b6c5
2026-07-21 14:35:28.762 8 INFO neutron_taas.services.taas.tap_mirror_plugin [None req-3597cdb6-bff9-40d1-820d-e814af272495 420d632c9c7f468fb2a4d7b4527d8a47 7f8cbd1e16bd4330987518787fd220df - - default default] Tap Mirror: Handle Delete Port: 79407f0b-9482-47d5-ade1-9b7f0dc1b6c5
2026-07-21 14:35:28.991 7 INFO neutron.db.ovn_revision_numbers_db [None req-7e22ce7d-30fd-42a2-b698-1f739bdc42c7 605a1505d4574144a50f5bcbbd6e2cd0 c3710d9c4fca4fb886c30b029c26db88 - - default default] Successfully bumped revision number for resource f7674b24-6d33-40ba-8930-1509035f1a04 (type: ports) to 2
2026-07-21 14:35:29.033 7 INFO neutron.db.ovn_revision_numbers_db [None req-7e22ce7d-30fd-42a2-b698-1f739bdc42c7 605a1505d4574144a50f5bcbbd6e2cd0 c3710d9c4fca4fb886c30b029c26db88 - - default default] Successfully bumped revision number for resource 614e215e-5cf1-4a09-9bf9-90b4abeb9e74 (type: subnets) to 0 [pid: 7|app: 0|req: 1268/2550] 10.0.0.241 () {34 vars in 669 bytes} [Tue Jul 21 14:35:28 2026] POST /v2.0/subnets => generated 626 bytes in 777 msecs (HTTP/1.1 201) 4 headers in 162 bytes (1 switches on core 0) [pid: 8|app: 0|req: 1283/2551] 10.0.0.241 () {32 vars in 724 bytes} [Tue Jul 21 14:35:28 2026] DELETE /v2.0/routers/aab89193-6a38-4ba3-938b-dbb911c329a9 => generated 0 bytes in 870 msecs (HTTP/1.1 204) 2 headers in 112 bytes (1 switches on core 0) [pid: 7|app: 0|req: 1269/2552] 10.0.0.241 () {32 vars in 740 bytes} [Tue Jul 21 14:35:29 2026] DELETE /v2.0/security-groups/6f0a71b6-f201-4592-a8c1-df002b98b1f3 => generated 0 bytes in 263 msecs (HTTP/1.1 204) 2 headers in 112 bytes (1 switches on core 0)
2026-07-21 14:35:29.336 7 INFO neutron.api.v2.resource [None req-74a32e09-b021-4824-83e3-6f15a0271942 420d632c9c7f468fb2a4d7b4527d8a47 7f8cbd1e16bd4330987518787fd220df - - default default] show failed (client error): The resource could not be found. [pid: 7|app: 0|req: 1270/2553] 10.0.0.241 () {32 vars in 721 bytes} [Tue Jul 21 14:35:29 2026] GET /v2.0/routers/aab89193-6a38-4ba3-938b-dbb911c329a9 => generated 135 bytes in 18 msecs (HTTP/1.1 404) 4 headers in 164 bytes (1 switches on core 0) [pid: 7|app: 0|req: 1271/2554] 10.0.0.241 () {32 vars in 724 bytes} [Tue Jul 21 14:35:29 2026] DELETE /v2.0/subnets/47f93c56-f290-4398-a6c1-d2637e06ba8c => generated 0 bytes in 134 msecs (HTTP/1.1 204) 3 headers in 131 bytes (1 switches on core 0)
2026-07-21 14:35:29.481 7 WARNING neutron.db.securitygroups_db [None req-4368fa8b-62d7-45ec-9600-173c91bc04cb fa420d162eb14791b146f3624d38cc62 e8d6d75ee70e476ead7ffe8ea7c36383 - - default default] project_id key not found in filters, using tenant_id instead. This support has been deprecated and will be removed in a future release.
2026-07-21 14:35:29.610 7 INFO neutron.db.ovn_revision_numbers_db [None req-4368fa8b-62d7-45ec-9600-173c91bc04cb fa420d162eb14791b146f3624d38cc62 e8d6d75ee70e476ead7ffe8ea7c36383 - - default default] Successfully bumped revision number for resource 394e13ac-2aec-48bb-95b9-bb1a0e56d3dc (type: security_groups) to 1
2026-07-21 14:35:29.625 7 INFO neutron.db.ovn_revision_numbers_db [None req-4368fa8b-62d7-45ec-9600-173c91bc04cb fa420d162eb14791b146f3624d38cc62 e8d6d75ee70e476ead7ffe8ea7c36383 - - default default] Successfully bumped revision number for resource 3c989fbb-6e6f-46ce-ab76-b36b8c19f992 (type: security_group_rules) to 0
2026-07-21 14:35:29.640 7 INFO neutron.db.ovn_revision_numbers_db [None req-4368fa8b-62d7-45ec-9600-173c91bc04cb fa420d162eb14791b146f3624d38cc62 e8d6d75ee70e476ead7ffe8ea7c36383 - - default default] Successfully bumped revision number for resource 4fcb68a6-e71c-422e-b2ca-c5f74125d158 (type: security_group_rules) to 0
2026-07-21 14:35:29.653 7 INFO neutron.db.ovn_revision_numbers_db [None req-4368fa8b-62d7-45ec-9600-173c91bc04cb fa420d162eb14791b146f3624d38cc62 e8d6d75ee70e476ead7ffe8ea7c36383 - - default default] Successfully bumped revision number for resource b25d2b11-519e-486e-9669-21751d7d6565 (type: security_group_rules) to 0
2026-07-21 14:35:29.667 7 INFO neutron.db.ovn_revision_numbers_db [None req-4368fa8b-62d7-45ec-9600-173c91bc04cb fa420d162eb14791b146f3624d38cc62 e8d6d75ee70e476ead7ffe8ea7c36383 - - default default] Successfully bumped revision number for resource d1a79621-1eb5-454e-9d1a-b566cbe638cd (type: security_group_rules) to 0 [pid: 7|app: 0|req: 1272/2555] 10.0.0.241 () {32 vars in 774 bytes} [Tue Jul 21 14:35:29 2026] GET /v2.0/security-groups?tenant_id=d7d5e7341f6f4f8e820bae20c30ef937&name=default => generated 2929 bytes in 245 msecs (HTTP/1.1 200) 4 headers in 158 bytes (1 switches on core 0)
2026-07-21 14:35:29.741 7 INFO neutron.pecan_wsgi.hooks.translation [None req-3172f221-7543-4c28-a00d-88fb2c2038a8 420d632c9c7f468fb2a4d7b4527d8a47 7f8cbd1e16bd4330987518787fd220df - - default default] GET failed (client error): The resource could not be found. [pid: 7|app: 0|req: 1273/2556] 10.0.0.241 () {32 vars in 721 bytes} [Tue Jul 21 14:35:29 2026] GET /v2.0/subnets/47f93c56-f290-4398-a6c1-d2637e06ba8c => generated 136 bytes in 20 msecs (HTTP/1.1 404) 4 headers in 164 bytes (1 switches on core 0)
2026-07-21 14:35:29.791 8 WARNING neutron.scheduler.dhcp_agent_scheduler [None req-41a9dfd0-3a81-4aa7-b7fb-2d4c2e36bff1 605a1505d4574144a50f5bcbbd6e2cd0 c3710d9c4fca4fb886c30b029c26db88 - - default default] No more DHCP agents
2026-07-21 14:35:29.793 8 WARNING neutron.api.rpc.agentnotifiers.dhcp_rpc_agent_api [None req-41a9dfd0-3a81-4aa7-b7fb-2d4c2e36bff1 605a1505d4574144a50f5bcbbd6e2cd0 c3710d9c4fca4fb886c30b029c26db88 - - default default] Unable to schedule network 92d9def3-c275-414d-bf36-df2b1d3ad570: no agents available; will retry on subsequent port and subnet creation events. [pid: 7|app: 0|req: 1274/2557] 10.0.0.241 () {32 vars in 740 bytes} [Tue Jul 21 14:35:29 2026] DELETE /v2.0/security-groups/394e13ac-2aec-48bb-95b9-bb1a0e56d3dc => generated 0 bytes in 229 msecs (HTTP/1.1 204) 2 headers in 112 bytes (1 switches on core 0)
2026-07-21 14:35:29.976 8 INFO neutron.plugins.ml2.drivers.ovn.mech_driver.mech_driver [None req-5f8ca842-d82a-465f-935e-08f5c710b97d - - - - - -] OVN reports status down for port: bbc433af-6e72-4a66-b5bb-0e3443c535e0
2026-07-21 14:35:30.038 8 INFO neutron.db.ovn_revision_numbers_db [None req-41a9dfd0-3a81-4aa7-b7fb-2d4c2e36bff1 605a1505d4574144a50f5bcbbd6e2cd0 c3710d9c4fca4fb886c30b029c26db88 - - default default] Successfully bumped revision number for resource bbc433af-6e72-4a66-b5bb-0e3443c535e0 (type: ports) to 1 [pid: 7|app: 0|req: 1275/2558] 10.0.0.241 () {32 vars in 724 bytes} [Tue Jul 21 14:35:29 2026] DELETE /v2.0/subnets/f5a904d8-7159-4fa8-8b13-6b2fc4021414 => generated 0 bytes in 202 msecs (HTTP/1.1 204) 3 headers in 131 bytes (1 switches on core 0)
2026-07-21 14:35:30.199 7 INFO neutron.pecan_wsgi.hooks.translation [None req-670b67ca-4d1b-403b-8581-d58fceb1c35c 420d632c9c7f468fb2a4d7b4527d8a47 7f8cbd1e16bd4330987518787fd220df - - default default] GET failed (client error): The resource could not be found. [pid: 7|app: 0|req: 1278/2561] 10.0.0.241 () {32 vars in 721 bytes} [Tue Jul 21 14:35:30 2026] GET /v2.0/subnets/f5a904d8-7159-4fa8-8b13-6b2fc4021414 => generated 136 bytes in 19 msecs (HTTP/1.1 404) 4 headers in 164 bytes (1 switches on core 0)
2026-07-21 14:35:30.370 7 INFO neutron_taas.services.taas.taas_plugin [None req-3a06ce9b-eac0-4f9f-a997-b3cdb2db8bc0 420d632c9c7f468fb2a4d7b4527d8a47 7f8cbd1e16bd4330987518787fd220df - - default default] TaaS: Handle Delete Port: aa5bbd0c-b617-4eb8-84f4-54d699a80e5f
2026-07-21 14:35:30.373 7 INFO neutron_taas.services.taas.tap_mirror_plugin [None req-3a06ce9b-eac0-4f9f-a997-b3cdb2db8bc0 420d632c9c7f468fb2a4d7b4527d8a47 7f8cbd1e16bd4330987518787fd220df - - default default] Tap Mirror: Handle Delete Port: aa5bbd0c-b617-4eb8-84f4-54d699a80e5f
2026-07-21 14:35:30.559 7 INFO neutron.services.segments.plugin [-] Segment 82e02494-6282-47f1-b88b-327dcb445d7c resource provider aggregate not found
2026-07-21 14:35:30.564 7 INFO neutron.services.segments.plugin [-] Segment 82e02494-6282-47f1-b88b-327dcb445d7c resource provider aggregate not found
2026-07-21 14:35:30.578 7 INFO neutron.services.segments.plugin [-] Client error retrieving segment 82e02494-6282-47f1-b88b-327dcb445d7c resource provider; error: Placement Client Error (4xx): {"errors": [{"status": 404, "title": "Not Found", "detail": "The resource could not be found.\n\n No resource provider with uuid 82e02494-6282-47f1-b88b-327dcb445d7c found for delete ", "request_id": "req-4026f927-6ce5-4cde-b363-dd66f94acd26"}]}
2026-07-21 14:35:30.590 7 INFO neutron.services.segments.plugin [-] Client error retrieving segment 82e02494-6282-47f1-b88b-327dcb445d7c resource provider; error: Placement Client Error (4xx): {"errors": [{"status": 404, "title": "Not Found", "detail": "The resource could not be found.\n\n No resource provider with uuid 82e02494-6282-47f1-b88b-327dcb445d7c found for delete ", "request_id": "req-13c2dd74-2107-4c2c-8491-8cff3eac7c9f"}]} [pid: 7|app: 0|req: 1279/2562] 10.0.0.241 () {32 vars in 726 bytes} [Tue Jul 21 14:35:30 2026] DELETE /v2.0/networks/f8f2ce5e-77f1-4080-ab86-bdb949710caa => generated 0 bytes in 407 msecs (HTTP/1.1 204) 3 headers in 131 bytes (1 switches on core 0)
2026-07-21 14:35:30.631 7 INFO neutron.pecan_wsgi.hooks.translation [None req-91d008cf-8a90-4e5f-a6bf-50c1fedf58ef 420d632c9c7f468fb2a4d7b4527d8a47 7f8cbd1e16bd4330987518787fd220df - - default default] GET failed (client error): The resource could not be found. [pid: 7|app: 0|req: 1280/2563] 10.0.0.241 () {32 vars in 723 bytes} [Tue Jul 21 14:35:30 2026] GET /v2.0/networks/f8f2ce5e-77f1-4080-ab86-bdb949710caa => generated 138 bytes in 13 msecs (HTTP/1.1 404) 4 headers in 164 bytes (1 switches on core 0)
2026-07-21 14:35:30.759 8 INFO neutron.plugins.ml2.drivers.ovn.mech_driver.mech_driver [None req-5f8ca842-d82a-465f-935e-08f5c710b97d - - - - - -] OVN reports status up for port: bbc433af-6e72-4a66-b5bb-0e3443c535e0
2026-07-21 14:35:30.784 8 INFO neutron.plugins.ml2.plugin [None req-5f8ca842-d82a-465f-935e-08f5c710b97d - - - - - -] Attempt 1 to provision port bbc433af-6e72-4a66-b5bb-0e3443c535e0 [pid: 7|app: 0|req: 1281/2564] 10.0.0.241 () {32 vars in 724 bytes} [Tue Jul 21 14:35:30 2026] DELETE /v2.0/subnets/c68c8639-22ae-422f-b3d5-a81c6e6b6e5d => generated 0 bytes in 186 msecs (HTTP/1.1 204) 3 headers in 131 bytes (1 switches on core 0)
2026-07-21 14:35:30.835 8 INFO neutron.db.ovn_revision_numbers_db [None req-41a9dfd0-3a81-4aa7-b7fb-2d4c2e36bff1 605a1505d4574144a50f5bcbbd6e2cd0 c3710d9c4fca4fb886c30b029c26db88 - - default default] Successfully bumped revision number for resource bbc433af-6e72-4a66-b5bb-0e3443c535e0 (type: router_ports) to 1
2026-07-21 14:35:30.839 7 INFO neutron.pecan_wsgi.hooks.translation [None req-44db6bb6-5926-4e3a-b3bb-a043064c2cfb 420d632c9c7f468fb2a4d7b4527d8a47 7f8cbd1e16bd4330987518787fd220df - - default default] GET failed (client error): The resource could not be found. [pid: 7|app: 0|req: 1282/2565] 10.0.0.241 () {32 vars in 721 bytes} [Tue Jul 21 14:35:30 2026] GET /v2.0/subnets/c68c8639-22ae-422f-b3d5-a81c6e6b6e5d => generated 136 bytes in 15 msecs (HTTP/1.1 404) 4 headers in 164 bytes (1 switches on core 0)
2026-07-21 14:35:30.977 8 INFO neutron.db.ovn_revision_numbers_db [None req-41a9dfd0-3a81-4aa7-b7fb-2d4c2e36bff1 605a1505d4574144a50f5bcbbd6e2cd0 c3710d9c4fca4fb886c30b029c26db88 - - default default] Successfully bumped revision number for resource a2e359e0-2ab7-45b0-abbb-9c577988b409 (type: routers) to 2 [pid: 8|app: 0|req: 1284/2566] 10.0.0.241 () {34 vars in 669 bytes} [Tue Jul 21 14:35:29 2026] POST /v2.0/routers => generated 956 bytes in 1754 msecs (HTTP/1.1 201) 4 headers in 162 bytes (1 switches on core 0) [pid: 7|app: 0|req: 1283/2567] 10.0.0.241 () {32 vars in 724 bytes} [Tue Jul 21 14:35:30 2026] DELETE /v2.0/subnets/d7dd2f52-5377-4656-baeb-449da52ec0a6 => generated 0 bytes in 202 msecs (HTTP/1.1 204) 3 headers in 131 bytes (1 switches on core 0)
2026-07-21 14:35:31.073 7 INFO neutron.pecan_wsgi.hooks.translation [None req-cdc9b2c1-193c-47eb-8c2f-b60d3ed44802 420d632c9c7f468fb2a4d7b4527d8a47 7f8cbd1e16bd4330987518787fd220df - - default default] GET failed (client error): The resource could not be found. [pid: 7|app: 0|req: 1284/2568] 10.0.0.241 () {32 vars in 721 bytes} [Tue Jul 21 14:35:31 2026] GET /v2.0/subnets/d7dd2f52-5377-4656-baeb-449da52ec0a6 => generated 136 bytes in 21 msecs (HTTP/1.1 404) 4 headers in 164 bytes (1 switches on core 0)
2026-07-21 14:35:31.271 7 INFO neutron_taas.services.taas.taas_plugin [None req-120aa560-fefe-4ba6-bed7-c61f00d4e678 420d632c9c7f468fb2a4d7b4527d8a47 7f8cbd1e16bd4330987518787fd220df - - default default] TaaS: Handle Delete Port: fb53b748-6f09-4a74-a296-334fe4b7b938
2026-07-21 14:35:31.275 7 INFO neutron_taas.services.taas.tap_mirror_plugin [None req-120aa560-fefe-4ba6-bed7-c61f00d4e678 420d632c9c7f468fb2a4d7b4527d8a47 7f8cbd1e16bd4330987518787fd220df - - default default] Tap Mirror: Handle Delete Port: fb53b748-6f09-4a74-a296-334fe4b7b938 [pid: 7|app: 0|req: 1285/2569] 10.0.0.241 () {32 vars in 726 bytes} [Tue Jul 21 14:35:31 2026] DELETE /v2.0/networks/75e7d9c0-e04b-4443-bd4d-7c136c649528 => generated 0 bytes in 557 msecs (HTTP/1.1 204) 3 headers in 131 bytes (1 switches on core 0)
2026-07-21 14:35:31.658 7 INFO neutron.pecan_wsgi.hooks.translation [None req-baf3ee58-ab9c-40c0-9239-a852b09de340 420d632c9c7f468fb2a4d7b4527d8a47 7f8cbd1e16bd4330987518787fd220df - - default default] GET failed (client error): The resource could not be found. [pid: 7|app: 0|req: 1286/2570] 10.0.0.241 () {32 vars in 723 bytes} [Tue Jul 21 14:35:31 2026] GET /v2.0/networks/75e7d9c0-e04b-4443-bd4d-7c136c649528 => generated 138 bytes in 16 msecs (HTTP/1.1 404) 4 headers in 164 bytes (1 switches on core 0)
2026-07-21 14:35:31.770 8 WARNING neutron.scheduler.dhcp_agent_scheduler [None req-bb75191d-49d2-4b8c-ab08-a8b3b9ed1e5d 605a1505d4574144a50f5bcbbd6e2cd0 c3710d9c4fca4fb886c30b029c26db88 - - default default] No more DHCP agents
2026-07-21 14:35:31.772 8 WARNING neutron.api.rpc.agentnotifiers.dhcp_rpc_agent_api [None req-bb75191d-49d2-4b8c-ab08-a8b3b9ed1e5d 605a1505d4574144a50f5bcbbd6e2cd0 c3710d9c4fca4fb886c30b029c26db88 - - default default] Unable to schedule network e47d3044-d101-4062-bfd1-671688893d7e: no agents available; will retry on subsequent port and subnet creation events. [pid: 7|app: 0|req: 1287/2571] 10.0.0.241 () {32 vars in 724 bytes} [Tue Jul 21 14:35:31 2026] DELETE /v2.0/subnets/5715705d-a3f8-4338-b7e2-e2d381b4ea17 => generated 0 bytes in 190 msecs (HTTP/1.1 204) 3 headers in 131 bytes (1 switches on core 0)
2026-07-21 14:35:31.871 7 INFO neutron.pecan_wsgi.hooks.translation [None req-05a32481-9a06-4f82-8a76-ba74a49ee410 420d632c9c7f468fb2a4d7b4527d8a47 7f8cbd1e16bd4330987518787fd220df - - default default] GET failed (client error): The resource could not be found. [pid: 7|app: 0|req: 1288/2572] 10.0.0.241 () {32 vars in 721 bytes} [Tue Jul 21 14:35:31 2026] GET /v2.0/subnets/5715705d-a3f8-4338-b7e2-e2d381b4ea17 => generated 136 bytes in 13 msecs (HTTP/1.1 404) 4 headers in 164 bytes (1 switches on core 0)
2026-07-21 14:35:31.988 8 INFO neutron.db.ovn_revision_numbers_db [None req-bb75191d-49d2-4b8c-ab08-a8b3b9ed1e5d 605a1505d4574144a50f5bcbbd6e2cd0 c3710d9c4fca4fb886c30b029c26db88 - - default default] Successfully bumped revision number for resource 8168de4b-df03-48fe-893b-b045e5d6ff81 (type: ports) to 1 [pid: 7|app: 0|req: 1289/2573] 10.0.0.241 () {32 vars in 724 bytes} [Tue Jul 21 14:35:31 2026] DELETE /v2.0/subnets/5bb978d4-67b6-4ce3-9fa0-186144375c36 => generated 0 bytes in 246 msecs (HTTP/1.1 204) 3 headers in 131 bytes (1 switches on core 0)
2026-07-21 14:35:32.147 7 INFO neutron.pecan_wsgi.hooks.translation [None req-bf3e3e62-bdf8-4942-897e-2d1cf35f9bcb 420d632c9c7f468fb2a4d7b4527d8a47 7f8cbd1e16bd4330987518787fd220df - - default default] GET failed (client error): The resource could not be found. [pid: 7|app: 0|req: 1290/2574] 10.0.0.241 () {32 vars in 721 bytes} [Tue Jul 21 14:35:32 2026] GET /v2.0/subnets/5bb978d4-67b6-4ce3-9fa0-186144375c36 => generated 136 bytes in 19 msecs (HTTP/1.1 404) 4 headers in 164 bytes (1 switches on core 0)
2026-07-21 14:35:32.308 7 INFO neutron_taas.services.taas.taas_plugin [None req-d1f28094-9918-4e0c-93a4-b541bd14dbe5 420d632c9c7f468fb2a4d7b4527d8a47 7f8cbd1e16bd4330987518787fd220df - - default default] TaaS: Handle Delete Port: 1a66ff5d-00c5-43ca-852a-e187c4fbe9ec
2026-07-21 14:35:32.315 7 INFO neutron_taas.services.taas.tap_mirror_plugin [None req-d1f28094-9918-4e0c-93a4-b541bd14dbe5 420d632c9c7f468fb2a4d7b4527d8a47 7f8cbd1e16bd4330987518787fd220df - - default default] Tap Mirror: Handle Delete Port: 1a66ff5d-00c5-43ca-852a-e187c4fbe9ec
2026-07-21 14:35:32.601 7 INFO neutron.services.segments.plugin [-] Segment 6506a687-6340-4ff4-8087-44b689a0ec6f resource provider aggregate not found
2026-07-21 14:35:32.615 7 INFO neutron.services.segments.plugin [-] Segment 6506a687-6340-4ff4-8087-44b689a0ec6f resource provider aggregate not found
2026-07-21 14:35:32.635 7 INFO neutron.services.segments.plugin [-] Client error retrieving segment 6506a687-6340-4ff4-8087-44b689a0ec6f resource provider; error: Placement Client Error (4xx): {"errors": [{"status": 404, "title": "Not Found", "detail": "The resource could not be found.\n\n No resource provider with uuid 6506a687-6340-4ff4-8087-44b689a0ec6f found for delete ", "request_id": "req-cb21c344-21db-4876-a1ac-064c3279b128"}]}
2026-07-21 14:35:32.644 7 INFO neutron.services.segments.plugin [-] Client error retrieving segment 6506a687-6340-4ff4-8087-44b689a0ec6f resource provider; error: Placement Client Error (4xx): {"errors": [{"status": 404, "title": "Not Found", "detail": "The resource could not be found.\n\n No resource provider with uuid 6506a687-6340-4ff4-8087-44b689a0ec6f found for delete ", "request_id": "req-d90ab7da-a5f2-4117-ba3b-6fb2b122c3aa"}]}
2026-07-21 14:35:32.665 7 INFO neutron.services.segments.plugin [-] Segment 2bcf84fc-0df5-496b-974d-8f2cb41a763f resource provider aggregate not found
2026-07-21 14:35:32.670 7 INFO neutron.services.segments.plugin [-] Segment 2bcf84fc-0df5-496b-974d-8f2cb41a763f resource provider aggregate not found
2026-07-21 14:35:32.694 7 INFO neutron.services.segments.plugin [-] Client error retrieving segment 2bcf84fc-0df5-496b-974d-8f2cb41a763f resource provider; error: Placement Client Error (4xx): {"errors": [{"status": 404, "title": "Not Found", "detail": "The resource could not be found.\n\n No resource provider with uuid 2bcf84fc-0df5-496b-974d-8f2cb41a763f found for delete ", "request_id": "req-7a91034b-b978-462b-b51d-c79574fb2089"}]}
2026-07-21 14:35:32.695 7 INFO neutron.services.segments.plugin [-] Client error retrieving segment 2bcf84fc-0df5-496b-974d-8f2cb41a763f resource provider; error: Placement Client Error (4xx): {"errors": [{"status": 404, "title": "Not Found", "detail": "The resource could not be found.\n\n No resource provider with uuid 2bcf84fc-0df5-496b-974d-8f2cb41a763f found for delete ", "request_id": "req-7ffdd832-78e5-42db-bfe5-0c2c8f5405a3"}]} [pid: 7|app: 0|req: 1291/2575] 10.0.0.241 () {32 vars in 726 bytes} [Tue Jul 21 14:35:32 2026] DELETE /v2.0/networks/fea332da-004a-47be-abc7-2208740bae16 => generated 0 bytes in 541 msecs (HTTP/1.1 204) 3 headers in 131 bytes (1 switches on core 0)
2026-07-21 14:35:32.712 7 INFO neutron.pecan_wsgi.hooks.translation [None req-1032d9b6-e0e4-4d3d-930a-794044dfe6d2 420d632c9c7f468fb2a4d7b4527d8a47 7f8cbd1e16bd4330987518787fd220df - - default default] GET failed (client error): The resource could not be found. [pid: 7|app: 0|req: 1292/2576] 10.0.0.241 () {32 vars in 723 bytes} [Tue Jul 21 14:35:32 2026] GET /v2.0/networks/fea332da-004a-47be-abc7-2208740bae16 => generated 138 bytes in 18 msecs (HTTP/1.1 404) 4 headers in 164 bytes (1 switches on core 0)
2026-07-21 14:35:33.049 8 WARNING neutron.scheduler.dhcp_agent_scheduler [None req-bb75191d-49d2-4b8c-ab08-a8b3b9ed1e5d 605a1505d4574144a50f5bcbbd6e2cd0 c3710d9c4fca4fb886c30b029c26db88 - - default default] No more DHCP agents
2026-07-21 14:35:33.051 8 WARNING neutron.api.rpc.agentnotifiers.dhcp_rpc_agent_api [None req-bb75191d-49d2-4b8c-ab08-a8b3b9ed1e5d 605a1505d4574144a50f5bcbbd6e2cd0 c3710d9c4fca4fb886c30b029c26db88 - - default default] Unable to schedule network e47d3044-d101-4062-bfd1-671688893d7e: no agents available; will retry on subsequent port and subnet creation events.
