2026-07-21 14:32:18.588 7 INFO neutron.db.ovn_revision_numbers_db [None req-b512995e-5dfd-4301-ab1a-dab0f5c2ddbe 3ae3d0462f1f47f59edaf7267f6902d0 de6585d405dc4970aa8c11eb5701bfc5 - - default default] Successfully bumped revision number for resource 57d0d68f-bc1a-4be9-af5f-bc7e06c8b594 (type: ports) to 1 [pid: 7|app: 0|req: 661/1348] 10.0.0.241 () {34 vars in 665 bytes} [Tue Jul 21 14:32:16 2026] POST /v2.0/ports => generated 1505 bytes in 1838 msecs (HTTP/1.1 201) 4 headers in 163 bytes (1 switches on core 0) [pid: 8|app: 0|req: 688/1349] 10.0.0.241 () {32 vars in 643 bytes} [Tue Jul 21 14:32:18 2026] GET /v2.0/ports => generated 3017 bytes in 119 msecs (HTTP/1.1 200) 4 headers in 158 bytes (1 switches on core 0) /var/lib/openstack/lib/python3.12/site-packages/pycadf/identifier.py:70: UserWarning: Invalid uuid: neutron. To ensure interoperability, identifiers should be a valid uuid. warnings.warn(('Invalid uuid: %s. To ensure interoperability, ' [pid: 8|app: 0|req: 689/1350] 10.0.0.241 () {32 vars in 717 bytes} [Tue Jul 21 14:32:18 2026] GET /v2.0/ports/e1911c68-3da6-438b-a788-170c5fb31ebf => generated 943 bytes in 44 msecs (HTTP/1.1 200) 4 headers in 157 bytes (1 switches on core 0)
2026-07-21 14:32:18.941 7 INFO neutron_taas.services.taas.taas_plugin [None req-e628bd2d-8775-4fdd-9758-e188846e223a 3ae3d0462f1f47f59edaf7267f6902d0 de6585d405dc4970aa8c11eb5701bfc5 - - default default] TaaS: Handle Delete Port: 37f1675f-3f51-441d-a539-d2b576344f2f
2026-07-21 14:32:18.944 7 INFO neutron_taas.services.taas.tap_mirror_plugin [None req-e628bd2d-8775-4fdd-9758-e188846e223a 3ae3d0462f1f47f59edaf7267f6902d0 de6585d405dc4970aa8c11eb5701bfc5 - - default default] Tap Mirror: Handle Delete Port: 37f1675f-3f51-441d-a539-d2b576344f2f [pid: 7|app: 0|req: 662/1351] 10.0.0.241 () {32 vars in 720 bytes} [Tue Jul 21 14:32:18 2026] DELETE /v2.0/ports/37f1675f-3f51-441d-a539-d2b576344f2f => generated 0 bytes in 299 msecs (HTTP/1.1 204) 3 headers in 131 bytes (1 switches on core 0)
2026-07-21 14:32:19.259 8 INFO neutron_taas.services.taas.taas_plugin [None req-6a18e37b-0010-4137-a059-57224165d5c6 7824f60bc71648d2b4465faad4211d13 ce52382650de4a34bbbc66b987f2c0c2 - - default default] TaaS: Handle Delete Port: e1911c68-3da6-438b-a788-170c5fb31ebf
2026-07-21 14:32:19.268 8 INFO neutron_taas.services.taas.tap_mirror_plugin [None req-6a18e37b-0010-4137-a059-57224165d5c6 7824f60bc71648d2b4465faad4211d13 ce52382650de4a34bbbc66b987f2c0c2 - - default default] Tap Mirror: Handle Delete Port: e1911c68-3da6-438b-a788-170c5fb31ebf
2026-07-21 14:32:19.305 7 WARNING neutron.db.securitygroups_db [None req-a3e98024-dda0-4984-aac2-98aa6a950607 fa420d162eb14791b146f3624d38cc62 e8d6d75ee70e476ead7ffe8ea7c36383 - - default default] project_id key not found in filters, using tenant_id instead. This support has been deprecated and will be removed in a future release.
2026-07-21 14:32:19.725 7 INFO neutron.db.ovn_revision_numbers_db [None req-a3e98024-dda0-4984-aac2-98aa6a950607 fa420d162eb14791b146f3624d38cc62 e8d6d75ee70e476ead7ffe8ea7c36383 - - default default] Successfully bumped revision number for resource f25123db-30b4-4c6d-a8d8-4efee05b95c0 (type: security_groups) to 1
2026-07-21 14:32:19.757 7 INFO neutron.db.ovn_revision_numbers_db [None req-a3e98024-dda0-4984-aac2-98aa6a950607 fa420d162eb14791b146f3624d38cc62 e8d6d75ee70e476ead7ffe8ea7c36383 - - default default] Successfully bumped revision number for resource 0691e26f-7eb6-486b-9488-4201a2d76254 (type: security_group_rules) to 0
2026-07-21 14:32:19.774 7 INFO neutron.db.ovn_revision_numbers_db [None req-a3e98024-dda0-4984-aac2-98aa6a950607 fa420d162eb14791b146f3624d38cc62 e8d6d75ee70e476ead7ffe8ea7c36383 - - default default] Successfully bumped revision number for resource 238c4d1f-9e4b-4384-a7b9-ebc60939885c (type: security_group_rules) to 0
2026-07-21 14:32:19.788 7 INFO neutron.db.ovn_revision_numbers_db [None req-a3e98024-dda0-4984-aac2-98aa6a950607 fa420d162eb14791b146f3624d38cc62 e8d6d75ee70e476ead7ffe8ea7c36383 - - default default] Successfully bumped revision number for resource 531a0d4e-3d9f-4873-8323-cc8cb256cbc4 (type: security_group_rules) to 0
2026-07-21 14:32:19.801 7 INFO neutron.db.ovn_revision_numbers_db [None req-a3e98024-dda0-4984-aac2-98aa6a950607 fa420d162eb14791b146f3624d38cc62 e8d6d75ee70e476ead7ffe8ea7c36383 - - default default] Successfully bumped revision number for resource 85f1c8ed-5b86-4ece-a86f-11eb7e584285 (type: security_group_rules) to 0 [pid: 7|app: 0|req: 663/1352] 10.0.0.241 () {32 vars in 774 bytes} [Tue Jul 21 14:32:19 2026] GET /v2.0/security-groups?tenant_id=3a66109a1b1f494fba947999cc0346b8&name=default => generated 2925 bytes in 746 msecs (HTTP/1.1 200) 4 headers in 158 bytes (1 switches on core 0) [pid: 8|app: 0|req: 690/1353] 10.0.0.241 () {34 vars in 789 bytes} [Tue Jul 21 14:32:18 2026] PUT /v2.0/routers/53c30656-473f-49b7-9c81-e7bd3253bbdb/remove_router_interface => generated 310 bytes in 998 msecs (HTTP/1.1 200) 4 headers in 157 bytes (1 switches on core 0) /var/lib/openstack/lib/python3.12/site-packages/pycadf/identifier.py:70: UserWarning: Invalid uuid: neutron. To ensure interoperability, identifiers should be a valid uuid. warnings.warn(('Invalid uuid: %s. To ensure interoperability, '
2026-07-21 14:32:19.978 7 INFO neutron_taas.services.taas.taas_plugin [None req-6079366c-4356-42ec-b9d4-6d06d414fd20 3ae3d0462f1f47f59edaf7267f6902d0 de6585d405dc4970aa8c11eb5701bfc5 - - default default] TaaS: Handle Delete Port: 57d0d68f-bc1a-4be9-af5f-bc7e06c8b594
2026-07-21 14:32:19.980 7 INFO neutron_taas.services.taas.tap_mirror_plugin [None req-6079366c-4356-42ec-b9d4-6d06d414fd20 3ae3d0462f1f47f59edaf7267f6902d0 de6585d405dc4970aa8c11eb5701bfc5 - - default default] Tap Mirror: Handle Delete Port: 57d0d68f-bc1a-4be9-af5f-bc7e06c8b594 [pid: 7|app: 0|req: 664/1354] 10.0.0.241 () {32 vars in 720 bytes} [Tue Jul 21 14:32:19 2026] DELETE /v2.0/ports/57d0d68f-bc1a-4be9-af5f-bc7e06c8b594 => generated 0 bytes in 262 msecs (HTTP/1.1 204) 3 headers in 131 bytes (1 switches on core 0) [pid: 8|app: 0|req: 691/1355] 10.0.0.241 () {32 vars in 740 bytes} [Tue Jul 21 14:32:19 2026] DELETE /v2.0/security-groups/f25123db-30b4-4c6d-a8d8-4efee05b95c0 => generated 0 bytes in 253 msecs (HTTP/1.1 204) 2 headers in 112 bytes (1 switches on core 0) [pid: 7|app: 0|req: 665/1356] 10.0.0.241 () {32 vars in 717 bytes} [Tue Jul 21 14:32:20 2026] GET /v2.0/ports/7ab184ee-cb96-4cad-b0b3-a8c8d5371f7a => generated 943 bytes in 103 msecs (HTTP/1.1 200) 4 headers in 157 bytes (1 switches on core 0) [pid: 8|app: 0|req: 692/1357] 10.0.0.241 () {32 vars in 643 bytes} [Tue Jul 21 14:32:20 2026] GET /v2.0/ports => generated 1523 bytes in 52 msecs (HTTP/1.1 200) 4 headers in 158 bytes (1 switches on core 0)
2026-07-21 14:32:20.339 8 INFO neutron.db.segments_db [None req-484b1a59-6d15-4d1b-8145-90809fc17f4e 3ae3d0462f1f47f59edaf7267f6902d0 de6585d405dc4970aa8c11eb5701bfc5 - - default default] Added segment ea8cedac-b331-4317-be38-a2ed04d80ce7 of type geneve for network bd2d91a2-f2a4-4840-a88c-669d80f779b7
2026-07-21 14:32:20.473 8 INFO neutron.db.ovn_revision_numbers_db [None req-484b1a59-6d15-4d1b-8145-90809fc17f4e 3ae3d0462f1f47f59edaf7267f6902d0 de6585d405dc4970aa8c11eb5701bfc5 - - default default] Successfully bumped revision number for resource bd2d91a2-f2a4-4840-a88c-669d80f779b7 (type: networks) to 1
2026-07-21 14:32:20.560 7 INFO neutron_taas.services.taas.taas_plugin [None req-9e0b9e1b-e394-4dda-85a7-ba8ae04b07d1 7824f60bc71648d2b4465faad4211d13 ce52382650de4a34bbbc66b987f2c0c2 - - default default] TaaS: Handle Delete Port: 7ab184ee-cb96-4cad-b0b3-a8c8d5371f7a
2026-07-21 14:32:20.566 7 INFO neutron_taas.services.taas.tap_mirror_plugin [None req-9e0b9e1b-e394-4dda-85a7-ba8ae04b07d1 7824f60bc71648d2b4465faad4211d13 ce52382650de4a34bbbc66b987f2c0c2 - - default default] Tap Mirror: Handle Delete Port: 7ab184ee-cb96-4cad-b0b3-a8c8d5371f7a
2026-07-21 14:32:20.688 8 WARNING neutron.scheduler.dhcp_agent_scheduler [None req-484b1a59-6d15-4d1b-8145-90809fc17f4e 3ae3d0462f1f47f59edaf7267f6902d0 de6585d405dc4970aa8c11eb5701bfc5 - - default default] No more DHCP agents
2026-07-21 14:32:20.690 8 WARNING neutron.api.rpc.agentnotifiers.dhcp_rpc_agent_api [None req-484b1a59-6d15-4d1b-8145-90809fc17f4e 3ae3d0462f1f47f59edaf7267f6902d0 de6585d405dc4970aa8c11eb5701bfc5 - - default default] Unable to schedule network bd2d91a2-f2a4-4840-a88c-669d80f779b7: no agents available; will retry on subsequent port and subnet creation events.
2026-07-21 14:32:20.832 8 INFO neutron.db.ovn_revision_numbers_db [None req-484b1a59-6d15-4d1b-8145-90809fc17f4e 3ae3d0462f1f47f59edaf7267f6902d0 de6585d405dc4970aa8c11eb5701bfc5 - - default default] Successfully bumped revision number for resource 7765b31e-2ca2-4aa7-9119-e6a11f076487 (type: ports) to 1 [pid: 8|app: 0|req: 693/1358] 10.0.0.241 () {34 vars in 670 bytes} [Tue Jul 21 14:32:20 2026] POST /v2.0/networks => generated 692 bytes in 640 msecs (HTTP/1.1 201) 4 headers in 162 bytes (1 switches on core 0)
2026-07-21 14:32:20.875 8 WARNING neutron.db.securitygroups_db [None req-7c3964f4-84c1-4b41-bbdd-c05cc3540b1d fa420d162eb14791b146f3624d38cc62 e8d6d75ee70e476ead7ffe8ea7c36383 - - default default] project_id key not found in filters, using tenant_id instead. This support has been deprecated and will be removed in a future release. [pid: 7|app: 0|req: 666/1359] 10.0.0.241 () {34 vars in 789 bytes} [Tue Jul 21 14:32:20 2026] PUT /v2.0/routers/53c30656-473f-49b7-9c81-e7bd3253bbdb/remove_router_interface => generated 310 bytes in 716 msecs (HTTP/1.1 200) 4 headers in 157 bytes (1 switches on core 0)
2026-07-21 14:32:21.019 8 INFO neutron.db.ovn_revision_numbers_db [None req-7c3964f4-84c1-4b41-bbdd-c05cc3540b1d fa420d162eb14791b146f3624d38cc62 e8d6d75ee70e476ead7ffe8ea7c36383 - - default default] Successfully bumped revision number for resource 7bbb7bc9-6118-4343-ac7c-58bc0516c6ab (type: security_groups) to 1
2026-07-21 14:32:21.021 8 WARNING neutron.plugins.ml2.drivers.ovn.mech_driver.ovsdb.ovn_client [None req-ed2730d8-d574-445c-b329-5e150ddb973e - - - - - -] No port found with ID 7ab184ee-cb96-4cad-b0b3-a8c8d5371f7a: RuntimeError: No port found with ID 7ab184ee-cb96-4cad-b0b3-a8c8d5371f7a
2026-07-21 14:32:21.036 8 INFO neutron.db.ovn_revision_numbers_db [None req-7c3964f4-84c1-4b41-bbdd-c05cc3540b1d fa420d162eb14791b146f3624d38cc62 e8d6d75ee70e476ead7ffe8ea7c36383 - - default default] Successfully bumped revision number for resource 1a5d672e-87b9-401a-871e-4f444d5761a8 (type: security_group_rules) to 0
2026-07-21 14:32:21.054 8 INFO neutron.plugins.ml2.drivers.ovn.mech_driver.mech_driver [None req-ed2730d8-d574-445c-b329-5e150ddb973e - - - - - -] OVN reports status down for port: 7527c58f-4a4c-434b-8272-8254e9444efe
2026-07-21 14:32:21.060 8 INFO neutron.db.ovn_revision_numbers_db [None req-7c3964f4-84c1-4b41-bbdd-c05cc3540b1d fa420d162eb14791b146f3624d38cc62 e8d6d75ee70e476ead7ffe8ea7c36383 - - default default] Successfully bumped revision number for resource 724dc0ac-083b-4788-b403-746e4835aa73 (type: security_group_rules) to 0
2026-07-21 14:32:21.088 8 INFO neutron.db.ovn_revision_numbers_db [None req-7c3964f4-84c1-4b41-bbdd-c05cc3540b1d fa420d162eb14791b146f3624d38cc62 e8d6d75ee70e476ead7ffe8ea7c36383 - - default default] Successfully bumped revision number for resource 970995c8-2d20-4c29-8740-8e3677ab7fbc (type: security_group_rules) to 0 /var/lib/openstack/lib/python3.12/site-packages/pycadf/identifier.py:70: UserWarning: Invalid uuid: neutron. To ensure interoperability, identifiers should be a valid uuid. warnings.warn(('Invalid uuid: %s. To ensure interoperability, '
2026-07-21 14:32:21.115 7 WARNING neutron.db.securitygroups_db [None req-4d124076-45b3-4349-b6e6-1029a6287e08 fa420d162eb14791b146f3624d38cc62 e8d6d75ee70e476ead7ffe8ea7c36383 - - default default] project_id key not found in filters, using tenant_id instead. This support has been deprecated and will be removed in a future release.
2026-07-21 14:32:21.130 8 INFO neutron.db.ovn_revision_numbers_db [None req-7c3964f4-84c1-4b41-bbdd-c05cc3540b1d fa420d162eb14791b146f3624d38cc62 e8d6d75ee70e476ead7ffe8ea7c36383 - - default default] Successfully bumped revision number for resource aed594c4-986c-4f3e-8e26-826695433bc4 (type: security_group_rules) to 0
2026-07-21 14:32:21.137 8 INFO neutron.plugins.ml2.drivers.ovn.mech_driver.mech_driver [None req-ed2730d8-d574-445c-b329-5e150ddb973e - - - - - -] OVN reports status down for port: 57d0d68f-bc1a-4be9-af5f-bc7e06c8b594
2026-07-21 14:32:21.169 8 INFO neutron.plugins.ml2.drivers.ovn.mech_driver.mech_driver [None req-ed2730d8-d574-445c-b329-5e150ddb973e - - - - - -] OVN reports status down for port: 7765b31e-2ca2-4aa7-9119-e6a11f076487 [pid: 8|app: 0|req: 694/1360] 10.0.0.241 () {32 vars in 774 bytes} [Tue Jul 21 14:32:20 2026] GET /v2.0/security-groups?tenant_id=b4625832cd3440b0a8f0fa2ca85f7b18&name=default => generated 2925 bytes in 353 msecs (HTTP/1.1 200) 4 headers in 158 bytes (1 switches on core 0)
2026-07-21 14:32:21.307 7 INFO neutron.db.ovn_revision_numbers_db [None req-4d124076-45b3-4349-b6e6-1029a6287e08 fa420d162eb14791b146f3624d38cc62 e8d6d75ee70e476ead7ffe8ea7c36383 - - default default] Successfully bumped revision number for resource 9f0b9af6-f740-4fb6-9317-e92b8897397f (type: security_groups) to 1
2026-07-21 14:32:21.322 7 INFO neutron.db.ovn_revision_numbers_db [None req-4d124076-45b3-4349-b6e6-1029a6287e08 fa420d162eb14791b146f3624d38cc62 e8d6d75ee70e476ead7ffe8ea7c36383 - - default default] Successfully bumped revision number for resource 2270ae34-1550-46d0-ab87-0f93a95aa540 (type: security_group_rules) to 0
2026-07-21 14:32:21.338 7 INFO neutron.db.ovn_revision_numbers_db [None req-4d124076-45b3-4349-b6e6-1029a6287e08 fa420d162eb14791b146f3624d38cc62 e8d6d75ee70e476ead7ffe8ea7c36383 - - default default] Successfully bumped revision number for resource d0cc0a2a-b823-4235-9332-1172bbd5d22f (type: security_group_rules) to 0
2026-07-21 14:32:21.353 7 INFO neutron.db.ovn_revision_numbers_db [None req-4d124076-45b3-4349-b6e6-1029a6287e08 fa420d162eb14791b146f3624d38cc62 e8d6d75ee70e476ead7ffe8ea7c36383 - - default default] Successfully bumped revision number for resource ed24bd9c-939b-48bf-8aba-0f2feca4d225 (type: security_group_rules) to 0
2026-07-21 14:32:21.375 8 INFO neutron.db.segments_db [None req-251eeeda-d4d7-463e-baee-7882c92581b2 3ae3d0462f1f47f59edaf7267f6902d0 de6585d405dc4970aa8c11eb5701bfc5 - - default default] Added segment a6ae255c-a6bf-4216-8752-b3f74ffd8b60 of type geneve for network 4d5f0860-5cc7-4b9f-ade4-b9933f4d2be7
2026-07-21 14:32:21.375 7 INFO neutron.db.ovn_revision_numbers_db [None req-4d124076-45b3-4349-b6e6-1029a6287e08 fa420d162eb14791b146f3624d38cc62 e8d6d75ee70e476ead7ffe8ea7c36383 - - default default] Successfully bumped revision number for resource f9109274-ea2b-4596-9a08-08f49bb3be27 (type: security_group_rules) to 0 [pid: 7|app: 0|req: 667/1361] 10.0.0.241 () {32 vars in 774 bytes} [Tue Jul 21 14:32:20 2026] GET /v2.0/security-groups?tenant_id=76c3238301f7421f8d6e221275d49f96&name=default => generated 2925 bytes in 491 msecs (HTTP/1.1 200) 4 headers in 158 bytes (1 switches on core 0) [pid: 7|app: 0|req: 668/1362] 10.0.0.241 () {32 vars in 736 bytes} [Tue Jul 21 14:32:21 2026] GET /v2.0/ports?device_id=53c30656-473f-49b7-9c81-e7bd3253bbdb => generated 12 bytes in 23 msecs (HTTP/1.1 200) 4 headers in 156 bytes (1 switches on core 0)
2026-07-21 14:32:21.511 8 INFO neutron.db.ovn_revision_numbers_db [None req-251eeeda-d4d7-463e-baee-7882c92581b2 3ae3d0462f1f47f59edaf7267f6902d0 de6585d405dc4970aa8c11eb5701bfc5 - - default default] Successfully bumped revision number for resource 4d5f0860-5cc7-4b9f-ade4-b9933f4d2be7 (type: networks) to 1 [pid: 7|app: 0|req: 669/1363] 10.0.0.241 () {32 vars in 740 bytes} [Tue Jul 21 14:32:21 2026] DELETE /v2.0/security-groups/7bbb7bc9-6118-4343-ac7c-58bc0516c6ab => generated 0 bytes in 227 msecs (HTTP/1.1 204) 2 headers in 112 bytes (1 switches on core 0)
2026-07-21 14:32:21.725 8 WARNING neutron.scheduler.dhcp_agent_scheduler [None req-251eeeda-d4d7-463e-baee-7882c92581b2 3ae3d0462f1f47f59edaf7267f6902d0 de6585d405dc4970aa8c11eb5701bfc5 - - default default] No more DHCP agents
2026-07-21 14:32:21.726 8 WARNING neutron.api.rpc.agentnotifiers.dhcp_rpc_agent_api [None req-251eeeda-d4d7-463e-baee-7882c92581b2 3ae3d0462f1f47f59edaf7267f6902d0 de6585d405dc4970aa8c11eb5701bfc5 - - default default] Unable to schedule network 4d5f0860-5cc7-4b9f-ade4-b9933f4d2be7: no agents available; will retry on subsequent port and subnet creation events.
2026-07-21 14:32:21.779 8 INFO neutron.plugins.ml2.drivers.ovn.mech_driver.mech_driver [None req-ed2730d8-d574-445c-b329-5e150ddb973e - - - - - -] OVN reports status down for port: 0f775b95-dc43-4477-a37b-cf057f94f533
2026-07-21 14:32:21.854 8 INFO neutron.db.ovn_revision_numbers_db [None req-251eeeda-d4d7-463e-baee-7882c92581b2 3ae3d0462f1f47f59edaf7267f6902d0 de6585d405dc4970aa8c11eb5701bfc5 - - default default] Successfully bumped revision number for resource 0f775b95-dc43-4477-a37b-cf057f94f533 (type: ports) to 1 [pid: 7|app: 0|req: 670/1364] 10.0.0.241 () {32 vars in 740 bytes} [Tue Jul 21 14:32:21 2026] DELETE /v2.0/security-groups/9f0b9af6-f740-4fb6-9317-e92b8897397f => generated 0 bytes in 226 msecs (HTTP/1.1 204) 2 headers in 112 bytes (1 switches on core 0) [pid: 8|app: 0|req: 695/1365] 10.0.0.241 () {34 vars in 670 bytes} [Tue Jul 21 14:32:21 2026] POST /v2.0/networks => generated 692 bytes in 690 msecs (HTTP/1.1 201) 4 headers in 162 bytes (1 switches on core 0) [pid: 7|app: 0|req: 671/1366] 10.0.0.241 () {32 vars in 724 bytes} [Tue Jul 21 14:32:21 2026] DELETE /v2.0/routers/53c30656-473f-49b7-9c81-e7bd3253bbdb => generated 0 bytes in 230 msecs (HTTP/1.1 204) 2 headers in 112 bytes (1 switches on core 0) [pid: 8|app: 0|req: 696/1367] 10.0.0.241 () {32 vars in 724 bytes} [Tue Jul 21 14:32:22 2026] DELETE /v2.0/subnets/6ca28e97-c10f-4bc3-82d6-5a182dcd13ea => generated 0 bytes in 243 msecs (HTTP/1.1 204) 3 headers in 131 bytes (1 switches on core 0) [pid: 7|app: 0|req: 672/1368] 10.0.0.241 () {32 vars in 724 bytes} [Tue Jul 21 14:32:22 2026] DELETE /v2.0/subnets/95d14888-a979-43dd-9b7d-fd604bfc9d7a => generated 0 bytes in 230 msecs (HTTP/1.1 204) 3 headers in 131 bytes (1 switches on core 0)
2026-07-21 14:32:22.767 7 INFO neutron_taas.services.taas.taas_plugin [None req-f2ef4e11-6321-470b-afa5-eb8388c572ed 7824f60bc71648d2b4465faad4211d13 ce52382650de4a34bbbc66b987f2c0c2 - - default default] TaaS: Handle Delete Port: 13107c25-dbe6-4aa2-b73c-b1b27deb42c8
2026-07-21 14:32:22.772 7 INFO neutron_taas.services.taas.tap_mirror_plugin [None req-f2ef4e11-6321-470b-afa5-eb8388c572ed 7824f60bc71648d2b4465faad4211d13 ce52382650de4a34bbbc66b987f2c0c2 - - default default] Tap Mirror: Handle Delete Port: 13107c25-dbe6-4aa2-b73c-b1b27deb42c8
2026-07-21 14:32:22.813 8 WARNING neutron.scheduler.dhcp_agent_scheduler [None req-58ad311c-fbde-4c56-844e-f688f9a24504 3ae3d0462f1f47f59edaf7267f6902d0 de6585d405dc4970aa8c11eb5701bfc5 - - default default] No more DHCP agents
2026-07-21 14:32:22.815 8 WARNING neutron.api.rpc.agentnotifiers.dhcp_rpc_agent_api [None req-58ad311c-fbde-4c56-844e-f688f9a24504 3ae3d0462f1f47f59edaf7267f6902d0 de6585d405dc4970aa8c11eb5701bfc5 - - default default] Unable to schedule network bd2d91a2-f2a4-4840-a88c-669d80f779b7: no agents available; will retry on subsequent port and subnet creation events.
2026-07-21 14:32:22.852 8 INFO neutron.db.ovn_revision_numbers_db [None req-58ad311c-fbde-4c56-844e-f688f9a24504 3ae3d0462f1f47f59edaf7267f6902d0 de6585d405dc4970aa8c11eb5701bfc5 - - default default] Successfully bumped revision number for resource 48bc7305-69db-477d-b17f-d1c0ce6b8ca3 (type: subnets) to 0
2026-07-21 14:32:22.900 8 WARNING neutron.scheduler.dhcp_agent_scheduler [None req-58ad311c-fbde-4c56-844e-f688f9a24504 3ae3d0462f1f47f59edaf7267f6902d0 de6585d405dc4970aa8c11eb5701bfc5 - - default default] No more DHCP agents
2026-07-21 14:32:22.901 8 WARNING neutron.api.rpc.agentnotifiers.dhcp_rpc_agent_api [None req-58ad311c-fbde-4c56-844e-f688f9a24504 3ae3d0462f1f47f59edaf7267f6902d0 de6585d405dc4970aa8c11eb5701bfc5 - - default default] Unable to schedule network 4d5f0860-5cc7-4b9f-ade4-b9933f4d2be7: no agents available; will retry on subsequent port and subnet creation events.
2026-07-21 14:32:22.940 8 INFO neutron.db.ovn_revision_numbers_db [None req-58ad311c-fbde-4c56-844e-f688f9a24504 3ae3d0462f1f47f59edaf7267f6902d0 de6585d405dc4970aa8c11eb5701bfc5 - - default default] Successfully bumped revision number for resource 9a02355f-1ff9-405b-97d5-6fc8f6aea488 (type: subnets) to 0 [pid: 8|app: 0|req: 697/1369] 10.0.0.241 () {34 vars in 669 bytes} [Tue Jul 21 14:32:22 2026] POST /v2.0/subnets => generated 1324 bytes in 518 msecs (HTTP/1.1 201) 4 headers in 163 bytes (1 switches on core 0)
2026-07-21 14:32:23.002 7 INFO neutron.services.segments.plugin [-] Segment fb2c3ba0-02fb-48f4-bcc8-0a0fcd73ed25 resource provider aggregate not found
2026-07-21 14:32:23.017 7 INFO neutron.services.segments.plugin [-] Segment fb2c3ba0-02fb-48f4-bcc8-0a0fcd73ed25 resource provider aggregate not found [pid: 8|app: 0|req: 698/1370] 10.0.0.241 () {32 vars in 647 bytes} [Tue Jul 21 14:32:22 2026] GET /v2.0/subnets => generated 1960 bytes in 56 msecs (HTTP/1.1 200) 4 headers in 158 bytes (1 switches on core 0)
2026-07-21 14:32:23.024 7 INFO neutron.services.segments.plugin [-] Client error retrieving segment fb2c3ba0-02fb-48f4-bcc8-0a0fcd73ed25 resource provider; error: Placement Client Error (4xx): {"errors": [{"status": 404, "title": "Not Found", "detail": "The resource could not be found.\n\n No resource provider with uuid fb2c3ba0-02fb-48f4-bcc8-0a0fcd73ed25 found for delete ", "request_id": "req-1d9735ee-2260-49af-946e-0f194b0d07f3"}]}
2026-07-21 14:32:23.043 7 INFO neutron.services.segments.plugin [-] Client error retrieving segment fb2c3ba0-02fb-48f4-bcc8-0a0fcd73ed25 resource provider; error: Placement Client Error (4xx): {"errors": [{"status": 404, "title": "Not Found", "detail": "The resource could not be found.\n\n No resource provider with uuid fb2c3ba0-02fb-48f4-bcc8-0a0fcd73ed25 found for delete ", "request_id": "req-bda9dc2f-3c4b-44dc-9130-4a4cd78ebc7b"}]} [pid: 7|app: 0|req: 673/1371] 10.0.0.241 () {32 vars in 726 bytes} [Tue Jul 21 14:32:22 2026] DELETE /v2.0/networks/59e215a8-1e82-4323-90e7-63adbda47c08 => generated 0 bytes in 452 msecs (HTTP/1.1 204) 3 headers in 131 bytes (1 switches on core 0)
2026-07-21 14:32:23.252 7 INFO neutron_taas.services.taas.taas_plugin [None req-047610d4-5ed6-4d45-9601-5e80aad52ff5 7824f60bc71648d2b4465faad4211d13 ce52382650de4a34bbbc66b987f2c0c2 - - default default] TaaS: Handle Delete Port: 89daf0aa-35bb-4f33-a9e5-1aee3bf17ca0 [pid: 8|app: 0|req: 699/1372] 10.0.0.241 () {32 vars in 724 bytes} [Tue Jul 21 14:32:23 2026] DELETE /v2.0/subnets/48bc7305-69db-477d-b17f-d1c0ce6b8ca3 => generated 0 bytes in 217 msecs (HTTP/1.1 204) 3 headers in 131 bytes (1 switches on core 0)
2026-07-21 14:32:23.255 7 INFO neutron_taas.services.taas.tap_mirror_plugin [None req-047610d4-5ed6-4d45-9601-5e80aad52ff5 7824f60bc71648d2b4465faad4211d13 ce52382650de4a34bbbc66b987f2c0c2 - - default default] Tap Mirror: Handle Delete Port: 89daf0aa-35bb-4f33-a9e5-1aee3bf17ca0
2026-07-21 14:32:23.373 7 WARNING neutron.plugins.ml2.drivers.ovn.mech_driver.ovsdb.ovn_client [None req-ecf2e662-44bd-416d-ac25-6d8aa29c42b9 - - - - - -] No port found with ID e1911c68-3da6-438b-a788-170c5fb31ebf: RuntimeError: No port found with ID e1911c68-3da6-438b-a788-170c5fb31ebf
2026-07-21 14:32:23.396 7 INFO neutron.plugins.ml2.drivers.ovn.mech_driver.mech_driver [None req-ecf2e662-44bd-416d-ac25-6d8aa29c42b9 - - - - - -] OVN reports status down for port: 37f1675f-3f51-441d-a539-d2b576344f2f [pid: 8|app: 0|req: 700/1373] 10.0.0.241 () {32 vars in 724 bytes} [Tue Jul 21 14:32:23 2026] DELETE /v2.0/subnets/9a02355f-1ff9-405b-97d5-6fc8f6aea488 => generated 0 bytes in 257 msecs (HTTP/1.1 204) 3 headers in 131 bytes (1 switches on core 0) [pid: 8|app: 0|req: 701/1374] 10.0.0.241 () {32 vars in 647 bytes} [Tue Jul 21 14:32:23 2026] GET /v2.0/subnets => generated 649 bytes in 59 msecs (HTTP/1.1 200) 4 headers in 157 bytes (1 switches on core 0) [pid: 7|app: 0|req: 674/1375] 10.0.0.241 () {32 vars in 726 bytes} [Tue Jul 21 14:32:23 2026] DELETE /v2.0/networks/2a65f1d5-3809-47f1-900e-5c1e40e5e51e => generated 0 bytes in 506 msecs (HTTP/1.1 204) 3 headers in 131 bytes (1 switches on core 0)
2026-07-21 14:32:23.706 7 INFO neutron.db.segments_db [None req-e7dcf390-2fd3-4cb0-8f27-e43cd843e97a 7824f60bc71648d2b4465faad4211d13 ce52382650de4a34bbbc66b987f2c0c2 - - default default] Added segment 83faf3af-3b98-4700-a469-5c2539f5617e of type geneve for network 073a9fd6-0b28-4480-9bc9-4c353d293c64
2026-07-21 14:32:23.751 8 INFO neutron_taas.services.taas.taas_plugin [None req-51200643-20fa-4cc7-ba66-e11384ac7010 3ae3d0462f1f47f59edaf7267f6902d0 de6585d405dc4970aa8c11eb5701bfc5 - - default default] TaaS: Handle Delete Port: 0f775b95-dc43-4477-a37b-cf057f94f533
2026-07-21 14:32:23.755 8 INFO neutron_taas.services.taas.tap_mirror_plugin [None req-51200643-20fa-4cc7-ba66-e11384ac7010 3ae3d0462f1f47f59edaf7267f6902d0 de6585d405dc4970aa8c11eb5701bfc5 - - default default] Tap Mirror: Handle Delete Port: 0f775b95-dc43-4477-a37b-cf057f94f533
2026-07-21 14:32:23.863 7 INFO neutron.db.ovn_revision_numbers_db [None req-e7dcf390-2fd3-4cb0-8f27-e43cd843e97a 7824f60bc71648d2b4465faad4211d13 ce52382650de4a34bbbc66b987f2c0c2 - - default default] Successfully bumped revision number for resource 073a9fd6-0b28-4480-9bc9-4c353d293c64 (type: networks) to 1
2026-07-21 14:32:24.006 8 INFO neutron.services.segments.plugin [-] Segment a6ae255c-a6bf-4216-8752-b3f74ffd8b60 resource provider aggregate not found
2026-07-21 14:32:24.012 8 INFO neutron.services.segments.plugin [-] Segment a6ae255c-a6bf-4216-8752-b3f74ffd8b60 resource provider aggregate not found
2026-07-21 14:32:24.029 8 INFO neutron.services.segments.plugin [-] Client error retrieving segment a6ae255c-a6bf-4216-8752-b3f74ffd8b60 resource provider; error: Placement Client Error (4xx): {"errors": [{"status": 404, "title": "Not Found", "detail": "The resource could not be found.\n\n No resource provider with uuid a6ae255c-a6bf-4216-8752-b3f74ffd8b60 found for delete ", "request_id": "req-607c86e8-3036-491d-97db-e51bcefb9682"}]}
2026-07-21 14:32:24.033 8 INFO neutron.services.segments.plugin [-] Client error retrieving segment a6ae255c-a6bf-4216-8752-b3f74ffd8b60 resource provider; error: Placement Client Error (4xx): {"errors": [{"status": 404, "title": "Not Found", "detail": "The resource could not be found.\n\n No resource provider with uuid a6ae255c-a6bf-4216-8752-b3f74ffd8b60 found for delete ", "request_id": "req-ba3f0b0d-14cf-4b30-87ba-d030ee6ceb95"}]} [pid: 8|app: 0|req: 702/1376] 10.0.0.241 () {32 vars in 726 bytes} [Tue Jul 21 14:32:23 2026] DELETE /v2.0/networks/4d5f0860-5cc7-4b9f-ade4-b9933f4d2be7 => generated 0 bytes in 502 msecs (HTTP/1.1 204) 3 headers in 131 bytes (1 switches on core 0)
2026-07-21 14:32:24.248 7 WARNING neutron.scheduler.dhcp_agent_scheduler [None req-e7dcf390-2fd3-4cb0-8f27-e43cd843e97a 7824f60bc71648d2b4465faad4211d13 ce52382650de4a34bbbc66b987f2c0c2 - - default default] No more DHCP agents
2026-07-21 14:32:24.251 7 WARNING neutron.api.rpc.agentnotifiers.dhcp_rpc_agent_api [None req-e7dcf390-2fd3-4cb0-8f27-e43cd843e97a 7824f60bc71648d2b4465faad4211d13 ce52382650de4a34bbbc66b987f2c0c2 - - default default] Unable to schedule network 073a9fd6-0b28-4480-9bc9-4c353d293c64: no agents available; will retry on subsequent port and subnet creation events.
2026-07-21 14:32:24.347 7 INFO neutron.db.ovn_revision_numbers_db [None req-e7dcf390-2fd3-4cb0-8f27-e43cd843e97a 7824f60bc71648d2b4465faad4211d13 ce52382650de4a34bbbc66b987f2c0c2 - - default default] Successfully bumped revision number for resource cf83b62f-3642-4d42-bd0d-83f2819f88cb (type: ports) to 1
2026-07-21 14:32:24.350 8 INFO neutron.plugins.ml2.drivers.ovn.mech_driver.mech_driver [None req-ed2730d8-d574-445c-b329-5e150ddb973e - - - - - -] OVN reports status down for port: cf83b62f-3642-4d42-bd0d-83f2819f88cb [pid: 7|app: 0|req: 675/1377] 10.0.0.241 () {34 vars in 670 bytes} [Tue Jul 21 14:32:23 2026] POST /v2.0/networks => generated 667 bytes in 781 msecs (HTTP/1.1 201) 4 headers in 162 bytes (1 switches on core 0)
2026-07-21 14:32:24.528 7 INFO neutron_taas.services.taas.taas_plugin [None req-9db4f3c8-a72f-4384-a124-ab641a7c1856 3ae3d0462f1f47f59edaf7267f6902d0 de6585d405dc4970aa8c11eb5701bfc5 - - default default] TaaS: Handle Delete Port: 7765b31e-2ca2-4aa7-9119-e6a11f076487
2026-07-21 14:32:24.532 7 INFO neutron_taas.services.taas.tap_mirror_plugin [None req-9db4f3c8-a72f-4384-a124-ab641a7c1856 3ae3d0462f1f47f59edaf7267f6902d0 de6585d405dc4970aa8c11eb5701bfc5 - - default default] Tap Mirror: Handle Delete Port: 7765b31e-2ca2-4aa7-9119-e6a11f076487
2026-07-21 14:32:24.550 8 INFO neutron.db.ovn_revision_numbers_db [None req-63eed349-7622-48d4-815f-e8c58bc6fdd7 e589899f690243e3a7a47c9768a91afe 6bcde2955cc548f990366d80a31e306b - - default default] Successfully bumped revision number for resource 0dd810bc-8d97-44c3-8cc0-13178f9931e3 (type: security_groups) to 1
2026-07-21 14:32:24.566 8 INFO neutron.db.ovn_revision_numbers_db [None req-63eed349-7622-48d4-815f-e8c58bc6fdd7 e589899f690243e3a7a47c9768a91afe 6bcde2955cc548f990366d80a31e306b - - default default] Successfully bumped revision number for resource 03a733fc-050a-41bc-8400-3a37f6fd682c (type: security_group_rules) to 0
2026-07-21 14:32:24.582 8 INFO neutron.db.ovn_revision_numbers_db [None req-63eed349-7622-48d4-815f-e8c58bc6fdd7 e589899f690243e3a7a47c9768a91afe 6bcde2955cc548f990366d80a31e306b - - default default] Successfully bumped revision number for resource 0c846e86-11d0-4788-865a-85ca1d1a8271 (type: security_group_rules) to 0
2026-07-21 14:32:24.597 8 INFO neutron.db.ovn_revision_numbers_db [None req-63eed349-7622-48d4-815f-e8c58bc6fdd7 e589899f690243e3a7a47c9768a91afe 6bcde2955cc548f990366d80a31e306b - - default default] Successfully bumped revision number for resource 3e0f1e3d-01ba-4c3c-a0be-9c939cb4707a (type: security_group_rules) to 0
2026-07-21 14:32:24.611 8 INFO neutron.db.ovn_revision_numbers_db [None req-63eed349-7622-48d4-815f-e8c58bc6fdd7 e589899f690243e3a7a47c9768a91afe 6bcde2955cc548f990366d80a31e306b - - default default] Successfully bumped revision number for resource 8f1adb6b-23de-4aca-96e2-fcd652ac3d5b (type: security_group_rules) to 0
2026-07-21 14:32:24.717 8 INFO neutron.db.segments_db [None req-63eed349-7622-48d4-815f-e8c58bc6fdd7 e589899f690243e3a7a47c9768a91afe 6bcde2955cc548f990366d80a31e306b - - default default] Added segment ab23d432-9270-4b57-bbe7-90ecfc4dceee of type geneve for network 1f188b8e-d8f3-42cb-a9bb-1d1e12e75e43 [pid: 7|app: 0|req: 676/1378] 10.0.0.241 () {32 vars in 726 bytes} [Tue Jul 21 14:32:24 2026] DELETE /v2.0/networks/bd2d91a2-f2a4-4840-a88c-669d80f779b7 => generated 0 bytes in 436 msecs (HTTP/1.1 204) 3 headers in 131 bytes (1 switches on core 0)
2026-07-21 14:32:24.885 8 INFO neutron.db.ovn_revision_numbers_db [None req-63eed349-7622-48d4-815f-e8c58bc6fdd7 e589899f690243e3a7a47c9768a91afe 6bcde2955cc548f990366d80a31e306b - - default default] Successfully bumped revision number for resource 1f188b8e-d8f3-42cb-a9bb-1d1e12e75e43 (type: networks) to 1
2026-07-21 14:32:25.045 7 WARNING neutron.scheduler.dhcp_agent_scheduler [None req-ecd4267f-cb02-4043-bc99-a71f92b71a54 7824f60bc71648d2b4465faad4211d13 ce52382650de4a34bbbc66b987f2c0c2 - - default default] No more DHCP agents
2026-07-21 14:32:25.049 7 INFO neutron.services.segments.plugin [-] Segment 3c02a6e7-245e-4e3c-8882-aa63c8f6f454 resource provider aggregate not found
2026-07-21 14:32:25.057 7 WARNING neutron.api.rpc.agentnotifiers.dhcp_rpc_agent_api [None req-ecd4267f-cb02-4043-bc99-a71f92b71a54 7824f60bc71648d2b4465faad4211d13 ce52382650de4a34bbbc66b987f2c0c2 - - default default] Unable to schedule network 073a9fd6-0b28-4480-9bc9-4c353d293c64: no agents available; will retry on subsequent port and subnet creation events.
2026-07-21 14:32:25.084 7 INFO neutron.services.segments.plugin [-] Segment 3c02a6e7-245e-4e3c-8882-aa63c8f6f454 resource provider aggregate not found
2026-07-21 14:32:25.091 7 INFO neutron.services.segments.plugin [-] Client error retrieving segment 3c02a6e7-245e-4e3c-8882-aa63c8f6f454 resource provider; error: Placement Client Error (4xx): {"errors": [{"status": 404, "title": "Not Found", "detail": "The resource could not be found.\n\n No resource provider with uuid 3c02a6e7-245e-4e3c-8882-aa63c8f6f454 found for delete ", "request_id": "req-0394d6c9-1dc6-4ad9-849e-f9b1c47d8590"}]}
2026-07-21 14:32:25.116 7 INFO neutron.services.segments.plugin [-] Client error retrieving segment 3c02a6e7-245e-4e3c-8882-aa63c8f6f454 resource provider; error: Placement Client Error (4xx): {"errors": [{"status": 404, "title": "Not Found", "detail": "The resource could not be found.\n\n No resource provider with uuid 3c02a6e7-245e-4e3c-8882-aa63c8f6f454 found for delete ", "request_id": "req-35c68bfb-885f-4431-bd36-54ee7ceaab9c"}]}
2026-07-21 14:32:25.122 7 INFO neutron.services.segments.plugin [-] Segment ea8cedac-b331-4317-be38-a2ed04d80ce7 resource provider aggregate not found
2026-07-21 14:32:25.123 8 WARNING neutron.scheduler.dhcp_agent_scheduler [None req-63eed349-7622-48d4-815f-e8c58bc6fdd7 e589899f690243e3a7a47c9768a91afe 6bcde2955cc548f990366d80a31e306b - - default default] No more DHCP agents
2026-07-21 14:32:25.126 8 WARNING neutron.api.rpc.agentnotifiers.dhcp_rpc_agent_api [None req-63eed349-7622-48d4-815f-e8c58bc6fdd7 e589899f690243e3a7a47c9768a91afe 6bcde2955cc548f990366d80a31e306b - - default default] Unable to schedule network 1f188b8e-d8f3-42cb-a9bb-1d1e12e75e43: no agents available; will retry on subsequent port and subnet creation events.
2026-07-21 14:32:25.142 7 INFO neutron.services.segments.plugin [-] Segment ea8cedac-b331-4317-be38-a2ed04d80ce7 resource provider aggregate not found
2026-07-21 14:32:25.150 7 INFO neutron.services.segments.plugin [-] Client error retrieving segment ea8cedac-b331-4317-be38-a2ed04d80ce7 resource provider; error: Placement Client Error (4xx): {"errors": [{"status": 404, "title": "Not Found", "detail": "The resource could not be found.\n\n No resource provider with uuid ea8cedac-b331-4317-be38-a2ed04d80ce7 found for delete ", "request_id": "req-d07b9d45-ea0d-47d1-ad78-6db3ee30d9f3"}]}
2026-07-21 14:32:25.162 7 INFO neutron.services.segments.plugin [-] Client error retrieving segment ea8cedac-b331-4317-be38-a2ed04d80ce7 resource provider; error: Placement Client Error (4xx): {"errors": [{"status": 404, "title": "Not Found", "detail": "The resource could not be found.\n\n No resource provider with uuid ea8cedac-b331-4317-be38-a2ed04d80ce7 found for delete ", "request_id": "req-958dbfd4-314f-4812-b2ec-1f66a863268a"}]}
2026-07-21 14:32:25.209 7 INFO neutron.plugins.ml2.drivers.ovn.mech_driver.mech_driver [None req-ecf2e662-44bd-416d-ac25-6d8aa29c42b9 - - - - - -] OVN reports status down for port: bfe8d254-63aa-49d0-a6da-475aa821760d
2026-07-21 14:32:25.244 8 INFO neutron.db.ovn_revision_numbers_db [None req-63eed349-7622-48d4-815f-e8c58bc6fdd7 e589899f690243e3a7a47c9768a91afe 6bcde2955cc548f990366d80a31e306b - - default default] Successfully bumped revision number for resource bfe8d254-63aa-49d0-a6da-475aa821760d (type: ports) to 1 [pid: 8|app: 0|req: 703/1379] 10.0.0.241 () {34 vars in 670 bytes} [Tue Jul 21 14:32:24 2026] POST /v2.0/networks => generated 681 bytes in 1225 msecs (HTTP/1.1 201) 4 headers in 162 bytes (1 switches on core 0)
2026-07-21 14:32:25.463 8 INFO neutron_taas.services.taas.taas_plugin [None req-430aa741-da1c-43cb-bd86-673f5998f6cc 3ae3d0462f1f47f59edaf7267f6902d0 de6585d405dc4970aa8c11eb5701bfc5 - - default default] TaaS: Handle Delete Port: 7527c58f-4a4c-434b-8272-8254e9444efe
2026-07-21 14:32:25.467 8 INFO neutron_taas.services.taas.tap_mirror_plugin [None req-430aa741-da1c-43cb-bd86-673f5998f6cc 3ae3d0462f1f47f59edaf7267f6902d0 de6585d405dc4970aa8c11eb5701bfc5 - - default default] Tap Mirror: Handle Delete Port: 7527c58f-4a4c-434b-8272-8254e9444efe [pid: 8|app: 0|req: 704/1380] 10.0.0.241 () {32 vars in 726 bytes} [Tue Jul 21 14:32:25 2026] DELETE /v2.0/networks/e0cd7e6b-3c96-41e7-87d8-28788d9f43d1 => generated 0 bytes in 450 msecs (HTTP/1.1 204) 3 headers in 131 bytes (1 switches on core 0)
2026-07-21 14:32:25.770 7 INFO neutron.db.ovn_revision_numbers_db [None req-ecd4267f-cb02-4043-bc99-a71f92b71a54 7824f60bc71648d2b4465faad4211d13 ce52382650de4a34bbbc66b987f2c0c2 - - default default] Successfully bumped revision number for resource cf83b62f-3642-4d42-bd0d-83f2819f88cb (type: ports) to 2
2026-07-21 14:32:25.813 7 INFO neutron.db.ovn_revision_numbers_db [None req-ecd4267f-cb02-4043-bc99-a71f92b71a54 7824f60bc71648d2b4465faad4211d13 ce52382650de4a34bbbc66b987f2c0c2 - - default default] Successfully bumped revision number for resource 1728b0bb-95b0-41b3-bd1b-4d6fdb3f9afe (type: subnets) to 0 [pid: 7|app: 0|req: 677/1381] 10.0.0.241 () {34 vars in 669 bytes} [Tue Jul 21 14:32:24 2026] POST /v2.0/subnets => generated 626 bytes in 1020 msecs (HTTP/1.1 201) 4 headers in 162 bytes (1 switches on core 0)
2026-07-21 14:32:25.940 8 WARNING neutron.scheduler.dhcp_agent_scheduler [None req-8f1234d6-46da-420f-8115-6879d20f652e e589899f690243e3a7a47c9768a91afe 6bcde2955cc548f990366d80a31e306b - - default default] No more DHCP agents
2026-07-21 14:32:25.942 8 WARNING neutron.api.rpc.agentnotifiers.dhcp_rpc_agent_api [None req-8f1234d6-46da-420f-8115-6879d20f652e e589899f690243e3a7a47c9768a91afe 6bcde2955cc548f990366d80a31e306b - - default default] Unable to schedule network 1f188b8e-d8f3-42cb-a9bb-1d1e12e75e43: no agents available; will retry on subsequent port and subnet creation events.
2026-07-21 14:32:25.957 7 INFO neutron_taas.services.taas.taas_plugin [None req-04875bfd-b03f-4f7a-b052-372809ef6943 3ae3d0462f1f47f59edaf7267f6902d0 de6585d405dc4970aa8c11eb5701bfc5 - - default default] TaaS: Handle Delete Port: 4133564e-08e9-4b8c-8b1a-a2df03194f12
2026-07-21 14:32:25.960 7 INFO neutron_taas.services.taas.tap_mirror_plugin [None req-04875bfd-b03f-4f7a-b052-372809ef6943 3ae3d0462f1f47f59edaf7267f6902d0 de6585d405dc4970aa8c11eb5701bfc5 - - default default] Tap Mirror: Handle Delete Port: 4133564e-08e9-4b8c-8b1a-a2df03194f12
2026-07-21 14:32:26.058 8 INFO neutron.services.segments.plugin [-] Segment 8e80d704-0b49-486c-be3e-7729e5bf1f76 resource provider aggregate not found
2026-07-21 14:32:26.060 8 INFO neutron.services.segments.plugin [-] Segment 8e80d704-0b49-486c-be3e-7729e5bf1f76 resource provider aggregate not found
2026-07-21 14:32:26.085 8 INFO neutron.services.segments.plugin [-] Client error retrieving segment 8e80d704-0b49-486c-be3e-7729e5bf1f76 resource provider; error: Placement Client Error (4xx): {"errors": [{"status": 404, "title": "Not Found", "detail": "The resource could not be found.\n\n No resource provider with uuid 8e80d704-0b49-486c-be3e-7729e5bf1f76 found for delete ", "request_id": "req-49aece15-e810-4473-9daa-ad02a66734f5"}]} [pid: 7|app: 0|req: 678/1382] 10.0.0.241 () {32 vars in 726 bytes} [Tue Jul 21 14:32:25 2026] DELETE /v2.0/networks/f866a30f-a48a-4121-86d7-33cb46634315 => generated 0 bytes in 389 msecs (HTTP/1.1 204) 3 headers in 131 bytes (1 switches on core 0)
2026-07-21 14:32:26.366 7 INFO neutron.db.ovn_revision_numbers_db [None req-472451b7-db6c-44ea-8104-33684c740336 7824f60bc71648d2b4465faad4211d13 ce52382650de4a34bbbc66b987f2c0c2 - - default default] Successfully bumped revision number for resource b4df982e-0976-41e7-bd75-419c6726ffb0 (type: routers) to 1 [pid: 7|app: 0|req: 679/1383] 10.0.0.241 () {34 vars in 669 bytes} [Tue Jul 21 14:32:26 2026] POST /v2.0/routers => generated 624 bytes in 163 msecs (HTTP/1.1 201) 4 headers in 162 bytes (1 switches on core 0)
2026-07-21 14:32:26.085 8 INFO neutron.services.segments.plugin [-] Client error retrieving segment 8e80d704-0b49-486c-be3e-7729e5bf1f76 resource provider; error: Placement Client Error (4xx): {"errors": [{"status": 404, "title": "Not Found", "detail": "The resource could not be found.\n\n No resource provider with uuid 8e80d704-0b49-486c-be3e-7729e5bf1f76 found for delete ", "request_id": "req-37402566-633f-4188-8921-b58234d214fd"}]}
2026-07-21 14:32:26.703 7 WARNING neutron.db.securitygroups_db [None req-5185c490-f326-4b7e-8a39-aac43290ca4b fa420d162eb14791b146f3624d38cc62 e8d6d75ee70e476ead7ffe8ea7c36383 - - default default] project_id key not found in filters, using tenant_id instead. This support has been deprecated and will be removed in a future release.
2026-07-21 14:32:26.852 7 INFO neutron.db.ovn_revision_numbers_db [None req-5185c490-f326-4b7e-8a39-aac43290ca4b fa420d162eb14791b146f3624d38cc62 e8d6d75ee70e476ead7ffe8ea7c36383 - - default default] Successfully bumped revision number for resource a8d8a80f-6980-4b0c-876d-bf74c0010846 (type: security_groups) to 1
2026-07-21 14:32:26.863 7 INFO neutron.db.ovn_revision_numbers_db [None req-5185c490-f326-4b7e-8a39-aac43290ca4b fa420d162eb14791b146f3624d38cc62 e8d6d75ee70e476ead7ffe8ea7c36383 - - default default] Successfully bumped revision number for resource 62f39f91-7a29-49d5-ab2e-458d901c6ea8 (type: security_group_rules) to 0
2026-07-21 14:32:26.875 7 INFO neutron.db.ovn_revision_numbers_db [None req-5185c490-f326-4b7e-8a39-aac43290ca4b fa420d162eb14791b146f3624d38cc62 e8d6d75ee70e476ead7ffe8ea7c36383 - - default default] Successfully bumped revision number for resource 9559b1ac-7313-4af9-b21a-2319ad97aef1 (type: security_group_rules) to 0
2026-07-21 14:32:26.887 7 INFO neutron.db.ovn_revision_numbers_db [None req-5185c490-f326-4b7e-8a39-aac43290ca4b fa420d162eb14791b146f3624d38cc62 e8d6d75ee70e476ead7ffe8ea7c36383 - - default default] Successfully bumped revision number for resource bf0900be-dee0-4ead-b309-9b6889999a7a (type: security_group_rules) to 0
2026-07-21 14:32:26.901 7 INFO neutron.db.ovn_revision_numbers_db [None req-5185c490-f326-4b7e-8a39-aac43290ca4b fa420d162eb14791b146f3624d38cc62 e8d6d75ee70e476ead7ffe8ea7c36383 - - default default] Successfully bumped revision number for resource df18bd0f-9e56-4279-8030-0c060b2727d2 (type: security_group_rules) to 0 [pid: 7|app: 0|req: 680/1384] 10.0.0.241 () {32 vars in 774 bytes} [Tue Jul 21 14:32:26 2026] GET /v2.0/security-groups?tenant_id=ed553bd9c8d743828f8da0b5cf97a3f1&name=default => generated 2925 bytes in 555 msecs (HTTP/1.1 200) 4 headers in 158 bytes (1 switches on core 0)
2026-07-21 14:32:27.092 8 INFO neutron.db.ovn_revision_numbers_db [None req-8f1234d6-46da-420f-8115-6879d20f652e e589899f690243e3a7a47c9768a91afe 6bcde2955cc548f990366d80a31e306b - - default default] Successfully bumped revision number for resource bfe8d254-63aa-49d0-a6da-475aa821760d (type: ports) to 2
2026-07-21 14:32:27.134 8 INFO neutron.db.ovn_revision_numbers_db [None req-8f1234d6-46da-420f-8115-6879d20f652e e589899f690243e3a7a47c9768a91afe 6bcde2955cc548f990366d80a31e306b - - default default] Successfully bumped revision number for resource 29601c87-4e24-4112-a0c6-9e3a510ea77a (type: subnets) to 0 [pid: 8|app: 0|req: 705/1385] 10.0.0.241 () {34 vars in 669 bytes} [Tue Jul 21 14:32:25 2026] POST /v2.0/subnets => generated 641 bytes in 1389 msecs (HTTP/1.1 201) 4 headers in 162 bytes (1 switches on core 0)
2026-07-21 14:32:27.179 7 INFO neutron.services.segments.plugin [-] Segment 5988f654-5273-4c7f-ab78-c4653e105411 resource provider aggregate not found
2026-07-21 14:32:27.197 7 INFO neutron.services.segments.plugin [-] Segment 5988f654-5273-4c7f-ab78-c4653e105411 resource provider aggregate not found
2026-07-21 14:32:27.202 7 INFO neutron.services.segments.plugin [-] Client error retrieving segment 5988f654-5273-4c7f-ab78-c4653e105411 resource provider; error: Placement Client Error (4xx): {"errors": [{"status": 404, "title": "Not Found", "detail": "The resource could not be found.\n\n No resource provider with uuid 5988f654-5273-4c7f-ab78-c4653e105411 found for delete ", "request_id": "req-dc730400-ff97-4039-b379-3c7489bf45d4"}]}
2026-07-21 14:32:27.215 7 INFO neutron.services.segments.plugin [-] Client error retrieving segment 5988f654-5273-4c7f-ab78-c4653e105411 resource provider; error: Placement Client Error (4xx): {"errors": [{"status": 404, "title": "Not Found", "detail": "The resource could not be found.\n\n No resource provider with uuid 5988f654-5273-4c7f-ab78-c4653e105411 found for delete ", "request_id": "req-5bc1fdb1-e2fb-4262-a6e3-a4e015143b33"}]}
2026-07-21 14:32:27.220 8 WARNING neutron.db.securitygroups_db [None req-eab53372-5924-4d63-a3fb-415f4976465d fa420d162eb14791b146f3624d38cc62 e8d6d75ee70e476ead7ffe8ea7c36383 - - default default] project_id key not found in filters, using tenant_id instead. This support has been deprecated and will be removed in a future release. [pid: 8|app: 0|req: 706/1386] 10.0.0.241 () {32 vars in 774 bytes} [Tue Jul 21 14:32:27 2026] GET /v2.0/security-groups?tenant_id=de6585d405dc4970aa8c11eb5701bfc5&name=default => generated 2925 bytes in 105 msecs (HTTP/1.1 200) 4 headers in 158 bytes (1 switches on core 0)
2026-07-21 14:32:27.308 7 WARNING neutron.scheduler.dhcp_agent_scheduler [None req-74760c95-8768-416e-a548-3d1272a6a718 7824f60bc71648d2b4465faad4211d13 ce52382650de4a34bbbc66b987f2c0c2 - - default default] No more DHCP agents
2026-07-21 14:32:27.310 7 WARNING neutron.api.rpc.agentnotifiers.dhcp_rpc_agent_api [None req-74760c95-8768-416e-a548-3d1272a6a718 7824f60bc71648d2b4465faad4211d13 ce52382650de4a34bbbc66b987f2c0c2 - - default default] Unable to schedule network 073a9fd6-0b28-4480-9bc9-4c353d293c64: no agents available; will retry on subsequent port and subnet creation events.
2026-07-21 14:32:27.502 7 INFO neutron.plugins.ml2.drivers.ovn.mech_driver.mech_driver [None req-ecf2e662-44bd-416d-ac25-6d8aa29c42b9 - - - - - -] OVN reports status down for port: 0cedb50c-588e-4c95-b095-8a8e3f9ec187 [pid: 8|app: 0|req: 707/1387] 10.0.0.241 () {32 vars in 740 bytes} [Tue Jul 21 14:32:27 2026] DELETE /v2.0/security-groups/a8d8a80f-6980-4b0c-876d-bf74c0010846 => generated 0 bytes in 305 msecs (HTTP/1.1 204) 2 headers in 112 bytes (1 switches on core 0)
2026-07-21 14:32:27.580 7 INFO neutron.db.ovn_revision_numbers_db [None req-74760c95-8768-416e-a548-3d1272a6a718 7824f60bc71648d2b4465faad4211d13 ce52382650de4a34bbbc66b987f2c0c2 - - default default] Successfully bumped revision number for resource 0cedb50c-588e-4c95-b095-8a8e3f9ec187 (type: ports) to 1 [pid: 7|app: 0|req: 681/1388] 10.0.0.241 () {34 vars in 665 bytes} [Tue Jul 21 14:32:26 2026] POST /v2.0/ports => generated 948 bytes in 697 msecs (HTTP/1.1 201) 4 headers in 162 bytes (1 switches on core 0) /var/lib/openstack/lib/python3.12/site-packages/pycadf/identifier.py:70: UserWarning: Invalid uuid: neutron. To ensure interoperability, identifiers should be a valid uuid. warnings.warn(('Invalid uuid: %s. To ensure interoperability, '
2026-07-21 14:32:27.654 8 INFO neutron.db.segments_db [None req-100b6998-ba64-4f6a-90f3-e2bbb57a9a39 e589899f690243e3a7a47c9768a91afe 6bcde2955cc548f990366d80a31e306b - - default default] Added segment 84678543-cbbe-49c0-ae0c-05a24122376b of type geneve for network 38cdd582-5f09-4da4-85dd-ac305c41dffb
2026-07-21 14:32:27.787 8 INFO neutron.db.ovn_revision_numbers_db [None req-100b6998-ba64-4f6a-90f3-e2bbb57a9a39 e589899f690243e3a7a47c9768a91afe 6bcde2955cc548f990366d80a31e306b - - default default] Successfully bumped revision number for resource 38cdd582-5f09-4da4-85dd-ac305c41dffb (type: networks) to 1 [pid: 7|app: 0|req: 682/1389] 10.0.0.241 () {32 vars in 740 bytes} [Tue Jul 21 14:32:27 2026] DELETE /v2.0/security-groups/bcba5892-cd35-45c8-a7b7-520a2777a339 => generated 0 bytes in 241 msecs (HTTP/1.1 204) 2 headers in 112 bytes (1 switches on core 0)
2026-07-21 14:32:27.989 8 WARNING neutron.scheduler.dhcp_agent_scheduler [None req-100b6998-ba64-4f6a-90f3-e2bbb57a9a39 e589899f690243e3a7a47c9768a91afe 6bcde2955cc548f990366d80a31e306b - - default default] No more DHCP agents
2026-07-21 14:32:27.992 8 WARNING neutron.api.rpc.agentnotifiers.dhcp_rpc_agent_api [None req-100b6998-ba64-4f6a-90f3-e2bbb57a9a39 e589899f690243e3a7a47c9768a91afe 6bcde2955cc548f990366d80a31e306b - - default default] Unable to schedule network 38cdd582-5f09-4da4-85dd-ac305c41dffb: no agents available; will retry on subsequent port and subnet creation events.
2026-07-21 14:32:28.080 7 INFO neutron.plugins.ml2.drivers.ovn.mech_driver.mech_driver [None req-ecf2e662-44bd-416d-ac25-6d8aa29c42b9 - - - - - -] OVN reports status down for port: 81d65b19-7344-468c-8ed3-455e9531efbd
2026-07-21 14:32:28.081 8 INFO neutron.db.ovn_revision_numbers_db [None req-100b6998-ba64-4f6a-90f3-e2bbb57a9a39 e589899f690243e3a7a47c9768a91afe 6bcde2955cc548f990366d80a31e306b - - default default] Successfully bumped revision number for resource 81d65b19-7344-468c-8ed3-455e9531efbd (type: ports) to 1 [pid: 8|app: 0|req: 708/1390] 10.0.0.241 () {34 vars in 670 bytes} [Tue Jul 21 14:32:27 2026] POST /v2.0/networks => generated 682 bytes in 544 msecs (HTTP/1.1 201) 4 headers in 162 bytes (1 switches on core 0)
2026-07-21 14:32:28.118 8 WARNING neutron.db.securitygroups_db [None req-f78ab93e-4091-46b7-bad4-01cb75bba4b4 fa420d162eb14791b146f3624d38cc62 e8d6d75ee70e476ead7ffe8ea7c36383 - - default default] project_id key not found in filters, using tenant_id instead. This support has been deprecated and will be removed in a future release.
2026-07-21 14:32:28.262 8 INFO neutron.db.ovn_revision_numbers_db [None req-f78ab93e-4091-46b7-bad4-01cb75bba4b4 fa420d162eb14791b146f3624d38cc62 e8d6d75ee70e476ead7ffe8ea7c36383 - - default default] Successfully bumped revision number for resource 38b07000-c937-481e-a162-db0e959faeb7 (type: security_groups) to 1
