2026-07-21 14:33:26.759 7 INFO neutron.plugins.ml2.drivers.ovn.mech_driver.mech_driver [None req-5867372d-7d73-480b-ae00-cf23ac664e19 - - - - - -] OVN reports status down for port: 1bd18e8a-8553-4f06-93e9-2681443840d9 [pid: 8|app: 0|req: 884/1731] 10.0.0.133 () {32 vars in 802 bytes} [Tue Jul 21 14:33:26 2026] GET /v2.0/extensions => generated 22668 bytes in 131 msecs (HTTP/1.1 200) 4 headers in 159 bytes (1 switches on core 0)
2026-07-21 14:33:26.834 7 INFO neutron.db.ovn_revision_numbers_db [None req-5a01534c-e816-4bdf-9266-19e5e67ea988 36ce7ecac04347979888489521864134 9146416c605b4f40bef56f83f40b19a3 - - default default] Successfully bumped revision number for resource 1bd18e8a-8553-4f06-93e9-2681443840d9 (type: ports) to 1 [pid: 7|app: 0|req: 848/1732] 10.0.0.241 () {34 vars in 670 bytes} [Tue Jul 21 14:33:26 2026] POST /v2.0/networks => generated 767 bytes in 812 msecs (HTTP/1.1 201) 4 headers in 162 bytes (1 switches on core 0) [pid: 7|app: 0|req: 849/1733] 10.0.0.133 () {32 vars in 863 bytes} [Tue Jul 21 14:33:26 2026] GET /v2.0/quotas/ef6f2124433f48f4968c9aaab686f834/details => generated 904 bytes in 119 msecs (HTTP/1.1 200) 4 headers in 157 bytes (1 switches on core 0)
2026-07-21 14:33:27.097 8 WARNING neutron.scheduler.dhcp_agent_scheduler [None req-da7f6bca-a49c-446c-9cd9-cea75ade846a 36ce7ecac04347979888489521864134 9146416c605b4f40bef56f83f40b19a3 - - default default] No more DHCP agents
2026-07-21 14:33:27.099 8 WARNING neutron.api.rpc.agentnotifiers.dhcp_rpc_agent_api [None req-da7f6bca-a49c-446c-9cd9-cea75ade846a 36ce7ecac04347979888489521864134 9146416c605b4f40bef56f83f40b19a3 - - default default] Unable to schedule network 14dc5b6b-b3e6-4048-8df6-4c7aaa012f09: no agents available; will retry on subsequent port and subnet creation events.
2026-07-21 14:33:27.743 8 INFO neutron.db.ovn_revision_numbers_db [None req-da7f6bca-a49c-446c-9cd9-cea75ade846a 36ce7ecac04347979888489521864134 9146416c605b4f40bef56f83f40b19a3 - - default default] Successfully bumped revision number for resource 1bd18e8a-8553-4f06-93e9-2681443840d9 (type: ports) to 2
2026-07-21 14:33:27.791 8 INFO neutron.db.ovn_revision_numbers_db [None req-da7f6bca-a49c-446c-9cd9-cea75ade846a 36ce7ecac04347979888489521864134 9146416c605b4f40bef56f83f40b19a3 - - default default] Successfully bumped revision number for resource d964ffdc-2a53-4c0c-872a-e74cd875fac5 (type: subnets) to 0 [pid: 8|app: 0|req: 885/1734] 10.0.0.241 () {34 vars in 669 bytes} [Tue Jul 21 14:33:26 2026] POST /v2.0/subnets => generated 647 bytes in 902 msecs (HTTP/1.1 201) 4 headers in 162 bytes (1 switches on core 0) [pid: 7|app: 0|req: 850/1735] 10.0.0.241 () {34 vars in 681 bytes} [Tue Jul 21 14:33:27 2026] POST /v2.0/rbac-policies => generated 324 bytes in 194 msecs (HTTP/1.1 201) 4 headers in 162 bytes (1 switches on core 0)
2026-07-21 14:33:28.402 8 WARNING neutron.db.securitygroups_db [None req-b488643e-fe6c-495c-81f2-2c790194a63e fa420d162eb14791b146f3624d38cc62 e8d6d75ee70e476ead7ffe8ea7c36383 - - default default] project_id key not found in filters, using tenant_id instead. This support has been deprecated and will be removed in a future release.
2026-07-21 14:33:28.415 7 WARNING neutron.db.securitygroups_db [None req-42b265a3-95da-4c26-8651-5a9c39777cd3 fa420d162eb14791b146f3624d38cc62 e8d6d75ee70e476ead7ffe8ea7c36383 - - default default] project_id key not found in filters, using tenant_id instead. This support has been deprecated and will be removed in a future release.
2026-07-21 14:33:28.689 8 INFO neutron.db.ovn_revision_numbers_db [None req-b488643e-fe6c-495c-81f2-2c790194a63e fa420d162eb14791b146f3624d38cc62 e8d6d75ee70e476ead7ffe8ea7c36383 - - default default] Successfully bumped revision number for resource 2adbe171-522f-455b-ad06-f1915572c8c3 (type: security_groups) to 1
2026-07-21 14:33:28.722 7 INFO neutron.db.ovn_revision_numbers_db [None req-42b265a3-95da-4c26-8651-5a9c39777cd3 fa420d162eb14791b146f3624d38cc62 e8d6d75ee70e476ead7ffe8ea7c36383 - - default default] Successfully bumped revision number for resource bd97eafe-8d04-4fa6-887b-a6786c0c1049 (type: security_groups) to 1
2026-07-21 14:33:28.768 8 INFO neutron.db.ovn_revision_numbers_db [None req-b488643e-fe6c-495c-81f2-2c790194a63e fa420d162eb14791b146f3624d38cc62 e8d6d75ee70e476ead7ffe8ea7c36383 - - default default] Successfully bumped revision number for resource 03bf2104-1726-42bb-b1cf-b5a56a94a555 (type: security_group_rules) to 0
2026-07-21 14:33:28.775 7 INFO neutron.db.ovn_revision_numbers_db [None req-42b265a3-95da-4c26-8651-5a9c39777cd3 fa420d162eb14791b146f3624d38cc62 e8d6d75ee70e476ead7ffe8ea7c36383 - - default default] Successfully bumped revision number for resource a67655bd-698f-490d-8fea-f11009569521 (type: security_group_rules) to 0
2026-07-21 14:33:28.844 8 INFO neutron.db.ovn_revision_numbers_db [None req-b488643e-fe6c-495c-81f2-2c790194a63e fa420d162eb14791b146f3624d38cc62 e8d6d75ee70e476ead7ffe8ea7c36383 - - default default] Successfully bumped revision number for resource 04e6fc99-a3e1-4e94-a6dd-9a9e62757079 (type: security_group_rules) to 0
2026-07-21 14:33:28.866 7 INFO neutron.db.ovn_revision_numbers_db [None req-42b265a3-95da-4c26-8651-5a9c39777cd3 fa420d162eb14791b146f3624d38cc62 e8d6d75ee70e476ead7ffe8ea7c36383 - - default default] Successfully bumped revision number for resource bcab82ed-feda-4aa0-a6a9-4984b38960ca (type: security_group_rules) to 0
2026-07-21 14:33:28.897 8 INFO neutron.db.ovn_revision_numbers_db [None req-b488643e-fe6c-495c-81f2-2c790194a63e fa420d162eb14791b146f3624d38cc62 e8d6d75ee70e476ead7ffe8ea7c36383 - - default default] Successfully bumped revision number for resource a97fb186-412f-438b-b97c-a5e7603553f3 (type: security_group_rules) to 0
2026-07-21 14:33:28.947 7 INFO neutron.db.ovn_revision_numbers_db [None req-42b265a3-95da-4c26-8651-5a9c39777cd3 fa420d162eb14791b146f3624d38cc62 e8d6d75ee70e476ead7ffe8ea7c36383 - - default default] Successfully bumped revision number for resource e4811070-0260-4392-be56-2d13a3fc22be (type: security_group_rules) to 0
2026-07-21 14:33:28.962 8 INFO neutron.db.ovn_revision_numbers_db [None req-b488643e-fe6c-495c-81f2-2c790194a63e fa420d162eb14791b146f3624d38cc62 e8d6d75ee70e476ead7ffe8ea7c36383 - - default default] Successfully bumped revision number for resource c24f2a5c-8f71-4c76-9294-e283aa00af4f (type: security_group_rules) to 0
2026-07-21 14:33:28.975 7 INFO neutron.db.ovn_revision_numbers_db [None req-42b265a3-95da-4c26-8651-5a9c39777cd3 fa420d162eb14791b146f3624d38cc62 e8d6d75ee70e476ead7ffe8ea7c36383 - - default default] Successfully bumped revision number for resource eb2b43a4-42a9-4654-adcf-431497763356 (type: security_group_rules) to 0 [pid: 8|app: 0|req: 886/1736] 10.0.0.241 () {32 vars in 774 bytes} [Tue Jul 21 14:33:28 2026] GET /v2.0/security-groups?tenant_id=ebdc89797aed418ead29196de9b28ce8&name=default => generated 2925 bytes in 742 msecs (HTTP/1.1 200) 4 headers in 158 bytes (1 switches on core 0) [pid: 7|app: 0|req: 851/1737] 10.0.0.241 () {32 vars in 774 bytes} [Tue Jul 21 14:33:28 2026] GET /v2.0/security-groups?tenant_id=832f2bc3333649efbda37ff5028d5a04&name=default => generated 2925 bytes in 662 msecs (HTTP/1.1 200) 4 headers in 158 bytes (1 switches on core 0) [pid: 8|app: 0|req: 887/1738] 10.0.0.241 () {32 vars in 723 bytes} [Tue Jul 21 14:33:29 2026] GET /v2.0/networks/14dc5b6b-b3e6-4048-8df6-4c7aaa012f09 => generated 692 bytes in 78 msecs (HTTP/1.1 200) 4 headers in 157 bytes (1 switches on core 0) [pid: 7|app: 0|req: 852/1739] 10.0.0.241 () {32 vars in 740 bytes} [Tue Jul 21 14:33:29 2026] DELETE /v2.0/security-groups/2adbe171-522f-455b-ad06-f1915572c8c3 => generated 0 bytes in 543 msecs (HTTP/1.1 204) 2 headers in 112 bytes (1 switches on core 0)
2026-07-21 14:33:29.633 7 INFO neutron.pecan_wsgi.hooks.translation [None req-6e05f595-6022-4cd2-aed3-f6e9a2c9aebe 99dc694f253b474aa0307e1d8380842d e27bb54a247845ff8db0145c06dc9039 - - default default] GET failed (client error): The resource could not be found. [pid: 7|app: 0|req: 853/1740] 10.0.0.241 () {32 vars in 723 bytes} [Tue Jul 21 14:33:29 2026] GET /v2.0/networks/14dc5b6b-b3e6-4048-8df6-4c7aaa012f09 => generated 138 bytes in 56 msecs (HTTP/1.1 404) 4 headers in 164 bytes (1 switches on core 0) [pid: 8|app: 0|req: 888/1741] 10.0.0.241 () {32 vars in 740 bytes} [Tue Jul 21 14:33:29 2026] DELETE /v2.0/security-groups/bd97eafe-8d04-4fa6-887b-a6786c0c1049 => generated 0 bytes in 596 msecs (HTTP/1.1 204) 2 headers in 112 bytes (1 switches on core 0)
2026-07-21 14:33:29.808 7 INFO neutron_taas.services.taas.taas_plugin [None req-f62915ef-3b4c-46fc-aab3-2b7b3442a01d 36ce7ecac04347979888489521864134 9146416c605b4f40bef56f83f40b19a3 - - default default] TaaS: Handle Delete Port: 1bd18e8a-8553-4f06-93e9-2681443840d9
2026-07-21 14:33:29.812 7 INFO neutron_taas.services.taas.tap_mirror_plugin [None req-f62915ef-3b4c-46fc-aab3-2b7b3442a01d 36ce7ecac04347979888489521864134 9146416c605b4f40bef56f83f40b19a3 - - default default] Tap Mirror: Handle Delete Port: 1bd18e8a-8553-4f06-93e9-2681443840d9
2026-07-21 14:33:29.926 8 WARNING neutron.db.securitygroups_db [None req-3ebd167c-5e6c-49e8-b690-4506809406e9 fa420d162eb14791b146f3624d38cc62 e8d6d75ee70e476ead7ffe8ea7c36383 - - default default] project_id key not found in filters, using tenant_id instead. This support has been deprecated and will be removed in a future release.
2026-07-21 14:33:30.174 8 INFO neutron.db.ovn_revision_numbers_db [None req-3ebd167c-5e6c-49e8-b690-4506809406e9 fa420d162eb14791b146f3624d38cc62 e8d6d75ee70e476ead7ffe8ea7c36383 - - default default] Successfully bumped revision number for resource fad02206-fdb8-4729-be61-fb95f0fc4fa9 (type: security_groups) to 1
2026-07-21 14:33:30.250 8 INFO neutron.db.ovn_revision_numbers_db [None req-3ebd167c-5e6c-49e8-b690-4506809406e9 fa420d162eb14791b146f3624d38cc62 e8d6d75ee70e476ead7ffe8ea7c36383 - - default default] Successfully bumped revision number for resource 3a65a1eb-6fa1-41bd-8a8e-62766918fb8c (type: security_group_rules) to 0
2026-07-21 14:33:30.321 8 INFO neutron.db.ovn_revision_numbers_db [None req-3ebd167c-5e6c-49e8-b690-4506809406e9 fa420d162eb14791b146f3624d38cc62 e8d6d75ee70e476ead7ffe8ea7c36383 - - default default] Successfully bumped revision number for resource 51375478-baf8-46c5-b922-4b66d44d28a6 (type: security_group_rules) to 0
2026-07-21 14:33:30.375 8 INFO neutron.db.ovn_revision_numbers_db [None req-3ebd167c-5e6c-49e8-b690-4506809406e9 fa420d162eb14791b146f3624d38cc62 e8d6d75ee70e476ead7ffe8ea7c36383 - - default default] Successfully bumped revision number for resource 717ced85-3c1e-479b-915e-f78431854e17 (type: security_group_rules) to 0
2026-07-21 14:33:30.387 7 INFO neutron.services.segments.plugin [-] Segment 2cef522a-df88-4968-9165-3c8099856e2e resource provider aggregate not found
2026-07-21 14:33:30.391 8 INFO neutron.db.ovn_revision_numbers_db [None req-3ebd167c-5e6c-49e8-b690-4506809406e9 fa420d162eb14791b146f3624d38cc62 e8d6d75ee70e476ead7ffe8ea7c36383 - - default default] Successfully bumped revision number for resource f046a362-26c6-4f69-81b7-ca577dce0ec7 (type: security_group_rules) to 0
2026-07-21 14:33:30.393 7 INFO neutron.services.segments.plugin [-] Segment 2cef522a-df88-4968-9165-3c8099856e2e resource provider aggregate not found
2026-07-21 14:33:30.410 7 INFO neutron.services.segments.plugin [-] Client error retrieving segment 2cef522a-df88-4968-9165-3c8099856e2e resource provider; error: Placement Client Error (4xx): {"errors": [{"status": 404, "title": "Not Found", "detail": "The resource could not be found.\n\n No resource provider with uuid 2cef522a-df88-4968-9165-3c8099856e2e found for delete ", "request_id": "req-22893764-f10e-4ca4-a404-f6cba93cb172"}]}
2026-07-21 14:33:30.421 7 INFO neutron.services.segments.plugin [-] Client error retrieving segment 2cef522a-df88-4968-9165-3c8099856e2e resource provider; error: Placement Client Error (4xx): {"errors": [{"status": 404, "title": "Not Found", "detail": "The resource could not be found.\n\n No resource provider with uuid 2cef522a-df88-4968-9165-3c8099856e2e found for delete ", "request_id": "req-31353828-e070-4d43-8ec9-bd6c414c95f0"}]} [pid: 8|app: 0|req: 889/1742] 10.0.0.241 () {32 vars in 774 bytes} [Tue Jul 21 14:33:29 2026] GET /v2.0/security-groups?tenant_id=9aa714162af94f10a6dff1edffc5d99c&name=default => generated 2925 bytes in 523 msecs (HTTP/1.1 200) 4 headers in 158 bytes (1 switches on core 0) [pid: 7|app: 0|req: 854/1745] 10.0.0.241 () {32 vars in 726 bytes} [Tue Jul 21 14:33:29 2026] DELETE /v2.0/networks/14dc5b6b-b3e6-4048-8df6-4c7aaa012f09 => generated 0 bytes in 812 msecs (HTTP/1.1 204) 3 headers in 131 bytes (1 switches on core 0)
2026-07-21 14:33:30.483 7 INFO neutron.pecan_wsgi.hooks.translation [None req-c1cbde84-1bd3-4792-a17e-23effbf18da4 36ce7ecac04347979888489521864134 9146416c605b4f40bef56f83f40b19a3 - - default default] DELETE failed (client error): The resource could not be found. [pid: 7|app: 0|req: 855/1746] 10.0.0.241 () {32 vars in 724 bytes} [Tue Jul 21 14:33:30 2026] DELETE /v2.0/subnets/2b217beb-a0ec-4f8b-b7eb-2884ecf9ce88 => generated 136 bytes in 20 msecs (HTTP/1.1 404) 4 headers in 164 bytes (1 switches on core 0)
2026-07-21 14:33:30.503 7 INFO neutron.pecan_wsgi.hooks.translation [None req-0a920dfd-aec9-4272-b34e-861e3bea0363 36ce7ecac04347979888489521864134 9146416c605b4f40bef56f83f40b19a3 - - default default] DELETE failed (client error): The resource could not be found. [pid: 7|app: 0|req: 856/1747] 10.0.0.241 () {32 vars in 724 bytes} [Tue Jul 21 14:33:30 2026] DELETE /v2.0/subnets/df207cb8-3df0-495e-ad6a-4fb7967c1f82 => generated 136 bytes in 17 msecs (HTTP/1.1 404) 4 headers in 164 bytes (1 switches on core 0)
2026-07-21 14:33:30.526 7 INFO neutron.pecan_wsgi.hooks.translation [None req-18caeb04-3e36-4a2b-a802-ffc54c41c809 36ce7ecac04347979888489521864134 9146416c605b4f40bef56f83f40b19a3 - - default default] DELETE failed (client error): The resource could not be found. [pid: 7|app: 0|req: 857/1748] 10.0.0.241 () {32 vars in 724 bytes} [Tue Jul 21 14:33:30 2026] DELETE /v2.0/subnets/d964ffdc-2a53-4c0c-872a-e74cd875fac5 => generated 136 bytes in 16 msecs (HTTP/1.1 404) 4 headers in 164 bytes (1 switches on core 0) [pid: 7|app: 0|req: 858/1749] 10.0.0.133 () {32 vars in 802 bytes} [Tue Jul 21 14:33:30 2026] GET /v2.0/extensions => generated 22668 bytes in 13 msecs (HTTP/1.1 200) 4 headers in 159 bytes (1 switches on core 0) [pid: 8|app: 0|req: 892/1750] 10.0.0.241 () {32 vars in 740 bytes} [Tue Jul 21 14:33:30 2026] DELETE /v2.0/security-groups/fad02206-fdb8-4729-be61-fb95f0fc4fa9 => generated 0 bytes in 214 msecs (HTTP/1.1 204) 2 headers in 112 bytes (1 switches on core 0) [pid: 7|app: 0|req: 859/1751] 10.0.0.133 () {32 vars in 863 bytes} [Tue Jul 21 14:33:30 2026] GET /v2.0/quotas/ef6f2124433f48f4968c9aaab686f834/details => generated 904 bytes in 84 msecs (HTTP/1.1 200) 4 headers in 157 bytes (1 switches on core 0)
2026-07-21 14:33:31.512 8 WARNING neutron.db.securitygroups_db [None req-ae0f4a19-cc09-48ca-a0c1-1e85511bdcfd fa420d162eb14791b146f3624d38cc62 e8d6d75ee70e476ead7ffe8ea7c36383 - - default default] project_id key not found in filters, using tenant_id instead. This support has been deprecated and will be removed in a future release.
2026-07-21 14:33:31.659 8 INFO neutron.db.ovn_revision_numbers_db [None req-ae0f4a19-cc09-48ca-a0c1-1e85511bdcfd fa420d162eb14791b146f3624d38cc62 e8d6d75ee70e476ead7ffe8ea7c36383 - - default default] Successfully bumped revision number for resource d9207714-ca0a-4015-b7df-7d39504af6c2 (type: security_groups) to 1
2026-07-21 14:33:31.675 8 INFO neutron.db.ovn_revision_numbers_db [None req-ae0f4a19-cc09-48ca-a0c1-1e85511bdcfd fa420d162eb14791b146f3624d38cc62 e8d6d75ee70e476ead7ffe8ea7c36383 - - default default] Successfully bumped revision number for resource 501b55a7-bbd7-4b97-bf07-2f7c9ee4bd4a (type: security_group_rules) to 0
2026-07-21 14:33:31.693 8 INFO neutron.db.ovn_revision_numbers_db [None req-ae0f4a19-cc09-48ca-a0c1-1e85511bdcfd fa420d162eb14791b146f3624d38cc62 e8d6d75ee70e476ead7ffe8ea7c36383 - - default default] Successfully bumped revision number for resource 96ab5603-0c53-4efc-95be-fa9813ed402a (type: security_group_rules) to 0
2026-07-21 14:33:31.708 8 INFO neutron.db.ovn_revision_numbers_db [None req-ae0f4a19-cc09-48ca-a0c1-1e85511bdcfd fa420d162eb14791b146f3624d38cc62 e8d6d75ee70e476ead7ffe8ea7c36383 - - default default] Successfully bumped revision number for resource e182f228-444e-4163-9d19-338d8fa99ea7 (type: security_group_rules) to 0
2026-07-21 14:33:31.723 8 INFO neutron.db.ovn_revision_numbers_db [None req-ae0f4a19-cc09-48ca-a0c1-1e85511bdcfd fa420d162eb14791b146f3624d38cc62 e8d6d75ee70e476ead7ffe8ea7c36383 - - default default] Successfully bumped revision number for resource ff56ece6-1722-43a0-8a3e-e19a68753467 (type: security_group_rules) to 0 [pid: 8|app: 0|req: 893/1752] 10.0.0.241 () {32 vars in 774 bytes} [Tue Jul 21 14:33:31 2026] GET /v2.0/security-groups?tenant_id=e27bb54a247845ff8db0145c06dc9039&name=default => generated 2925 bytes in 386 msecs (HTTP/1.1 200) 4 headers in 158 bytes (1 switches on core 0) [pid: 7|app: 0|req: 860/1753] 10.0.0.241 () {32 vars in 740 bytes} [Tue Jul 21 14:33:31 2026] DELETE /v2.0/security-groups/d9207714-ca0a-4015-b7df-7d39504af6c2 => generated 0 bytes in 278 msecs (HTTP/1.1 204) 2 headers in 112 bytes (1 switches on core 0)
2026-07-21 14:33:32.198 8 WARNING neutron.db.securitygroups_db [None req-25ece06f-74d3-4da5-94fe-b05cb160ca1b fa420d162eb14791b146f3624d38cc62 e8d6d75ee70e476ead7ffe8ea7c36383 - - default default] project_id key not found in filters, using tenant_id instead. This support has been deprecated and will be removed in a future release.
2026-07-21 14:33:32.345 8 INFO neutron.db.ovn_revision_numbers_db [None req-25ece06f-74d3-4da5-94fe-b05cb160ca1b fa420d162eb14791b146f3624d38cc62 e8d6d75ee70e476ead7ffe8ea7c36383 - - default default] Successfully bumped revision number for resource 869421e0-3bd7-45dd-9ebd-025409542cbc (type: security_groups) to 1
2026-07-21 14:33:32.362 8 INFO neutron.db.ovn_revision_numbers_db [None req-25ece06f-74d3-4da5-94fe-b05cb160ca1b fa420d162eb14791b146f3624d38cc62 e8d6d75ee70e476ead7ffe8ea7c36383 - - default default] Successfully bumped revision number for resource 3ebd6c0b-5b81-4ab9-b8d8-0c164b6d933c (type: security_group_rules) to 0
2026-07-21 14:33:32.381 8 INFO neutron.db.ovn_revision_numbers_db [None req-25ece06f-74d3-4da5-94fe-b05cb160ca1b fa420d162eb14791b146f3624d38cc62 e8d6d75ee70e476ead7ffe8ea7c36383 - - default default] Successfully bumped revision number for resource 5526374d-5062-48a2-98f4-eb26b9d57343 (type: security_group_rules) to 0
2026-07-21 14:33:32.402 8 INFO neutron.db.ovn_revision_numbers_db [None req-25ece06f-74d3-4da5-94fe-b05cb160ca1b fa420d162eb14791b146f3624d38cc62 e8d6d75ee70e476ead7ffe8ea7c36383 - - default default] Successfully bumped revision number for resource b89e44ec-a8b4-42d9-a7f4-8e8cfc2d7b58 (type: security_group_rules) to 0
2026-07-21 14:33:32.429 8 INFO neutron.db.ovn_revision_numbers_db [None req-25ece06f-74d3-4da5-94fe-b05cb160ca1b fa420d162eb14791b146f3624d38cc62 e8d6d75ee70e476ead7ffe8ea7c36383 - - default default] Successfully bumped revision number for resource dd914f74-c6d1-412f-80de-47bbce6503b6 (type: security_group_rules) to 0 [pid: 8|app: 0|req: 894/1754] 10.0.0.241 () {32 vars in 774 bytes} [Tue Jul 21 14:33:32 2026] GET /v2.0/security-groups?tenant_id=2d467b8c707448e899ae3db73cc5cf31&name=default => generated 2925 bytes in 300 msecs (HTTP/1.1 200) 4 headers in 158 bytes (1 switches on core 0) [pid: 7|app: 0|req: 861/1755] 10.0.0.241 () {32 vars in 740 bytes} [Tue Jul 21 14:33:32 2026] DELETE /v2.0/security-groups/869421e0-3bd7-45dd-9ebd-025409542cbc => generated 0 bytes in 262 msecs (HTTP/1.1 204) 2 headers in 112 bytes (1 switches on core 0)
2026-07-21 14:33:32.879 8 WARNING neutron.db.securitygroups_db [None req-254795a9-ed41-479e-87bf-80ba677bb58a fa420d162eb14791b146f3624d38cc62 e8d6d75ee70e476ead7ffe8ea7c36383 - - default default] project_id key not found in filters, using tenant_id instead. This support has been deprecated and will be removed in a future release. [pid: 8|app: 0|req: 895/1756] 10.0.0.241 () {32 vars in 774 bytes} [Tue Jul 21 14:33:32 2026] GET /v2.0/security-groups?tenant_id=9146416c605b4f40bef56f83f40b19a3&name=default => generated 2925 bytes in 32 msecs (HTTP/1.1 200) 4 headers in 158 bytes (1 switches on core 0) [pid: 7|app: 0|req: 862/1757] 10.0.0.241 () {32 vars in 740 bytes} [Tue Jul 21 14:33:32 2026] DELETE /v2.0/security-groups/044f593e-e93e-40a6-adb0-c459b56be9ee => generated 0 bytes in 191 msecs (HTTP/1.1 204) 2 headers in 112 bytes (1 switches on core 0)
2026-07-21 14:33:34.257 8 WARNING neutron.db.securitygroups_db [None req-85576267-5bfe-41e8-a9af-755665c3e1dc fa420d162eb14791b146f3624d38cc62 e8d6d75ee70e476ead7ffe8ea7c36383 - - default default] project_id key not found in filters, using tenant_id instead. This support has been deprecated and will be removed in a future release.
2026-07-21 14:33:34.480 8 INFO neutron.db.ovn_revision_numbers_db [None req-85576267-5bfe-41e8-a9af-755665c3e1dc fa420d162eb14791b146f3624d38cc62 e8d6d75ee70e476ead7ffe8ea7c36383 - - default default] Successfully bumped revision number for resource dbe6d20d-f497-45b4-a70c-4dd49e257d27 (type: security_groups) to 1
2026-07-21 14:33:34.501 8 INFO neutron.db.ovn_revision_numbers_db [None req-85576267-5bfe-41e8-a9af-755665c3e1dc fa420d162eb14791b146f3624d38cc62 e8d6d75ee70e476ead7ffe8ea7c36383 - - default default] Successfully bumped revision number for resource 246019df-02c6-41b8-8b59-bc45c393ee03 (type: security_group_rules) to 0
2026-07-21 14:33:34.517 8 INFO neutron.db.ovn_revision_numbers_db [None req-85576267-5bfe-41e8-a9af-755665c3e1dc fa420d162eb14791b146f3624d38cc62 e8d6d75ee70e476ead7ffe8ea7c36383 - - default default] Successfully bumped revision number for resource 957cedd9-33b8-482e-8d93-ba7b00d8fdee (type: security_group_rules) to 0
2026-07-21 14:33:34.541 8 INFO neutron.db.ovn_revision_numbers_db [None req-85576267-5bfe-41e8-a9af-755665c3e1dc fa420d162eb14791b146f3624d38cc62 e8d6d75ee70e476ead7ffe8ea7c36383 - - default default] Successfully bumped revision number for resource c6b55649-bce5-4f34-84f5-363182f182d0 (type: security_group_rules) to 0
2026-07-21 14:33:34.555 8 INFO neutron.db.ovn_revision_numbers_db [None req-85576267-5bfe-41e8-a9af-755665c3e1dc fa420d162eb14791b146f3624d38cc62 e8d6d75ee70e476ead7ffe8ea7c36383 - - default default] Successfully bumped revision number for resource e2471505-700e-496c-96da-f913aed93932 (type: security_group_rules) to 0 [pid: 8|app: 0|req: 896/1758] 10.0.0.241 () {32 vars in 774 bytes} [Tue Jul 21 14:33:34 2026] GET /v2.0/security-groups?tenant_id=ef6f2124433f48f4968c9aaab686f834&name=default => generated 2925 bytes in 471 msecs (HTTP/1.1 200) 4 headers in 158 bytes (1 switches on core 0)
2026-07-21 14:33:34.915 7 INFO neutron.db.ovn_revision_numbers_db [None req-84c4b8a0-e20d-49e2-be39-5b2e967392e5 55fb3d990bd843d8a8d3a9c87474e547 ca4f0c4f4e8a4af08d863516e298d5d2 - - default default] Successfully bumped revision number for resource 9e64def0-8fe9-4f83-8c5b-fc326f8dcbdf (type: security_groups) to 1
2026-07-21 14:33:34.960 7 INFO neutron.db.ovn_revision_numbers_db [None req-84c4b8a0-e20d-49e2-be39-5b2e967392e5 55fb3d990bd843d8a8d3a9c87474e547 ca4f0c4f4e8a4af08d863516e298d5d2 - - default default] Successfully bumped revision number for resource 52f32195-88f4-4643-977e-d6f699a351a9 (type: security_group_rules) to 0
2026-07-21 14:33:35.002 7 INFO neutron.db.ovn_revision_numbers_db [None req-84c4b8a0-e20d-49e2-be39-5b2e967392e5 55fb3d990bd843d8a8d3a9c87474e547 ca4f0c4f4e8a4af08d863516e298d5d2 - - default default] Successfully bumped revision number for resource 58c4d9be-bf37-4cbc-9b0e-4b23e04a37cb (type: security_group_rules) to 0 [pid: 8|app: 0|req: 897/1759] 10.0.0.241 () {32 vars in 740 bytes} [Tue Jul 21 14:33:34 2026] DELETE /v2.0/security-groups/dbe6d20d-f497-45b4-a70c-4dd49e257d27 => generated 0 bytes in 434 msecs (HTTP/1.1 204) 2 headers in 112 bytes (1 switches on core 0)
2026-07-21 14:33:35.051 7 INFO neutron.db.ovn_revision_numbers_db [None req-84c4b8a0-e20d-49e2-be39-5b2e967392e5 55fb3d990bd843d8a8d3a9c87474e547 ca4f0c4f4e8a4af08d863516e298d5d2 - - default default] Successfully bumped revision number for resource 8576a624-1815-46ee-942d-e6cc6994fff6 (type: security_group_rules) to 0
2026-07-21 14:33:35.082 7 INFO neutron.db.ovn_revision_numbers_db [None req-84c4b8a0-e20d-49e2-be39-5b2e967392e5 55fb3d990bd843d8a8d3a9c87474e547 ca4f0c4f4e8a4af08d863516e298d5d2 - - default default] Successfully bumped revision number for resource f240b9fc-cf91-4782-ae22-647bdb8c1c11 (type: security_group_rules) to 0
2026-07-21 14:33:35.195 7 INFO neutron.db.segments_db [None req-84c4b8a0-e20d-49e2-be39-5b2e967392e5 55fb3d990bd843d8a8d3a9c87474e547 ca4f0c4f4e8a4af08d863516e298d5d2 - - default default] Added segment 69e9d50b-3e36-4c5d-b4b9-55f43aa182be of type geneve for network db1c3d98-5347-4aea-9872-317b37377a3c
2026-07-21 14:33:35.354 7 INFO neutron.db.ovn_revision_numbers_db [None req-84c4b8a0-e20d-49e2-be39-5b2e967392e5 55fb3d990bd843d8a8d3a9c87474e547 ca4f0c4f4e8a4af08d863516e298d5d2 - - default default] Successfully bumped revision number for resource db1c3d98-5347-4aea-9872-317b37377a3c (type: networks) to 1
2026-07-21 14:33:35.535 7 WARNING neutron.scheduler.dhcp_agent_scheduler [None req-84c4b8a0-e20d-49e2-be39-5b2e967392e5 55fb3d990bd843d8a8d3a9c87474e547 ca4f0c4f4e8a4af08d863516e298d5d2 - - default default] No more DHCP agents
2026-07-21 14:33:35.537 7 WARNING neutron.api.rpc.agentnotifiers.dhcp_rpc_agent_api [None req-84c4b8a0-e20d-49e2-be39-5b2e967392e5 55fb3d990bd843d8a8d3a9c87474e547 ca4f0c4f4e8a4af08d863516e298d5d2 - - default default] Unable to schedule network db1c3d98-5347-4aea-9872-317b37377a3c: no agents available; will retry on subsequent port and subnet creation events.
2026-07-21 14:33:35.633 7 INFO neutron.plugins.ml2.drivers.ovn.mech_driver.mech_driver [None req-5867372d-7d73-480b-ae00-cf23ac664e19 - - - - - -] OVN reports status down for port: 571a8a3a-aa91-4282-b887-d1a6a6128699
2026-07-21 14:33:35.722 7 INFO neutron.db.ovn_revision_numbers_db [None req-84c4b8a0-e20d-49e2-be39-5b2e967392e5 55fb3d990bd843d8a8d3a9c87474e547 ca4f0c4f4e8a4af08d863516e298d5d2 - - default default] Successfully bumped revision number for resource 571a8a3a-aa91-4282-b887-d1a6a6128699 (type: ports) to 1 [pid: 7|app: 0|req: 863/1760] 10.0.0.241 () {34 vars in 670 bytes} [Tue Jul 21 14:33:34 2026] POST /v2.0/networks => generated 670 bytes in 1311 msecs (HTTP/1.1 201) 4 headers in 162 bytes (1 switches on core 0)
2026-07-21 14:33:35.871 8 INFO neutron.db.segments_db [None req-6aef31a0-58fe-4f91-9a58-acc299bb5733 55fb3d990bd843d8a8d3a9c87474e547 ca4f0c4f4e8a4af08d863516e298d5d2 - - default default] Added segment 1b46b855-8003-4de9-a851-9e27195832b0 of type geneve for network b455f277-fe27-45df-bda3-bd0c5d0e72ee
2026-07-21 14:33:35.992 8 INFO neutron.db.ovn_revision_numbers_db [None req-6aef31a0-58fe-4f91-9a58-acc299bb5733 55fb3d990bd843d8a8d3a9c87474e547 ca4f0c4f4e8a4af08d863516e298d5d2 - - default default] Successfully bumped revision number for resource b455f277-fe27-45df-bda3-bd0c5d0e72ee (type: networks) to 1
2026-07-21 14:33:36.190 8 WARNING neutron.scheduler.dhcp_agent_scheduler [None req-6aef31a0-58fe-4f91-9a58-acc299bb5733 55fb3d990bd843d8a8d3a9c87474e547 ca4f0c4f4e8a4af08d863516e298d5d2 - - default default] No more DHCP agents
2026-07-21 14:33:36.192 8 WARNING neutron.api.rpc.agentnotifiers.dhcp_rpc_agent_api [None req-6aef31a0-58fe-4f91-9a58-acc299bb5733 55fb3d990bd843d8a8d3a9c87474e547 ca4f0c4f4e8a4af08d863516e298d5d2 - - default default] Unable to schedule network b455f277-fe27-45df-bda3-bd0c5d0e72ee: no agents available; will retry on subsequent port and subnet creation events.
2026-07-21 14:33:36.261 7 INFO neutron.plugins.ml2.drivers.ovn.mech_driver.mech_driver [None req-5867372d-7d73-480b-ae00-cf23ac664e19 - - - - - -] OVN reports status down for port: e583133e-3f94-4623-b95e-fd026c3d4311
2026-07-21 14:33:36.300 8 INFO neutron.db.ovn_revision_numbers_db [None req-6aef31a0-58fe-4f91-9a58-acc299bb5733 55fb3d990bd843d8a8d3a9c87474e547 ca4f0c4f4e8a4af08d863516e298d5d2 - - default default] Successfully bumped revision number for resource e583133e-3f94-4623-b95e-fd026c3d4311 (type: ports) to 1 [pid: 8|app: 0|req: 898/1761] 10.0.0.241 () {34 vars in 670 bytes} [Tue Jul 21 14:33:35 2026] POST /v2.0/networks => generated 670 bytes in 550 msecs (HTTP/1.1 201) 4 headers in 162 bytes (1 switches on core 0)
2026-07-21 14:33:36.453 7 INFO neutron.db.segments_db [None req-44a87afb-0d9e-4a08-ad87-de0753891a71 55fb3d990bd843d8a8d3a9c87474e547 ca4f0c4f4e8a4af08d863516e298d5d2 - - default default] Added segment f7f448b1-6d4e-432f-9909-aa1357cd5862 of type geneve for network 5eedd586-9d65-47bf-8434-6ed6d0a99e8b
2026-07-21 14:33:36.640 7 INFO neutron.db.ovn_revision_numbers_db [None req-44a87afb-0d9e-4a08-ad87-de0753891a71 55fb3d990bd843d8a8d3a9c87474e547 ca4f0c4f4e8a4af08d863516e298d5d2 - - default default] Successfully bumped revision number for resource 5eedd586-9d65-47bf-8434-6ed6d0a99e8b (type: networks) to 1
2026-07-21 14:33:36.828 7 WARNING neutron.scheduler.dhcp_agent_scheduler [None req-44a87afb-0d9e-4a08-ad87-de0753891a71 55fb3d990bd843d8a8d3a9c87474e547 ca4f0c4f4e8a4af08d863516e298d5d2 - - default default] No more DHCP agents
2026-07-21 14:33:36.830 7 WARNING neutron.api.rpc.agentnotifiers.dhcp_rpc_agent_api [None req-44a87afb-0d9e-4a08-ad87-de0753891a71 55fb3d990bd843d8a8d3a9c87474e547 ca4f0c4f4e8a4af08d863516e298d5d2 - - default default] Unable to schedule network 5eedd586-9d65-47bf-8434-6ed6d0a99e8b: no agents available; will retry on subsequent port and subnet creation events.
2026-07-21 14:33:36.888 7 INFO neutron.plugins.ml2.drivers.ovn.mech_driver.mech_driver [None req-5867372d-7d73-480b-ae00-cf23ac664e19 - - - - - -] OVN reports status down for port: 537ee890-102b-4c8c-b49e-6a43c2cd4374
2026-07-21 14:33:36.953 7 INFO neutron.db.ovn_revision_numbers_db [None req-44a87afb-0d9e-4a08-ad87-de0753891a71 55fb3d990bd843d8a8d3a9c87474e547 ca4f0c4f4e8a4af08d863516e298d5d2 - - default default] Successfully bumped revision number for resource 537ee890-102b-4c8c-b49e-6a43c2cd4374 (type: ports) to 1 [pid: 7|app: 0|req: 864/1762] 10.0.0.241 () {34 vars in 670 bytes} [Tue Jul 21 14:33:36 2026] POST /v2.0/networks => generated 669 bytes in 653 msecs (HTTP/1.1 201) 4 headers in 162 bytes (1 switches on core 0)
2026-07-21 14:33:37.092 8 INFO neutron.db.segments_db [None req-746f8bcf-e511-4d90-b61e-c4d60b6b894a 55fb3d990bd843d8a8d3a9c87474e547 ca4f0c4f4e8a4af08d863516e298d5d2 - - default default] Added segment 61c7fffe-bd15-441d-b31f-0bc29f3b1c35 of type geneve for network 8f975ac5-c6ca-4b44-911e-8a85791152c6
2026-07-21 14:33:37.268 8 INFO neutron.db.ovn_revision_numbers_db [None req-746f8bcf-e511-4d90-b61e-c4d60b6b894a 55fb3d990bd843d8a8d3a9c87474e547 ca4f0c4f4e8a4af08d863516e298d5d2 - - default default] Successfully bumped revision number for resource 8f975ac5-c6ca-4b44-911e-8a85791152c6 (type: networks) to 1
2026-07-21 14:33:37.484 7 INFO neutron.db.ovn_revision_numbers_db [None req-a6b558e0-362c-4fe6-94e7-5d40dfbce6db fa420d162eb14791b146f3624d38cc62 e8d6d75ee70e476ead7ffe8ea7c36383 - - default default] Successfully bumped revision number for resource f504c2c7-df92-48c9-93a0-d4eee047e09a (type: security_groups) to 1
2026-07-21 14:33:37.504 7 INFO neutron.db.ovn_revision_numbers_db [None req-a6b558e0-362c-4fe6-94e7-5d40dfbce6db fa420d162eb14791b146f3624d38cc62 e8d6d75ee70e476ead7ffe8ea7c36383 - - default default] Successfully bumped revision number for resource 1c9b49b2-6f76-4aba-94c0-f257713caf90 (type: security_group_rules) to 0
2026-07-21 14:33:37.518 7 INFO neutron.db.ovn_revision_numbers_db [None req-a6b558e0-362c-4fe6-94e7-5d40dfbce6db fa420d162eb14791b146f3624d38cc62 e8d6d75ee70e476ead7ffe8ea7c36383 - - default default] Successfully bumped revision number for resource 50e7d5a9-4ee5-49db-adb2-ed80858175b8 (type: security_group_rules) to 0
2026-07-21 14:33:37.524 8 WARNING neutron.scheduler.dhcp_agent_scheduler [None req-746f8bcf-e511-4d90-b61e-c4d60b6b894a 55fb3d990bd843d8a8d3a9c87474e547 ca4f0c4f4e8a4af08d863516e298d5d2 - - default default] No more DHCP agents
2026-07-21 14:33:37.526 8 WARNING neutron.api.rpc.agentnotifiers.dhcp_rpc_agent_api [None req-746f8bcf-e511-4d90-b61e-c4d60b6b894a 55fb3d990bd843d8a8d3a9c87474e547 ca4f0c4f4e8a4af08d863516e298d5d2 - - default default] Unable to schedule network 8f975ac5-c6ca-4b44-911e-8a85791152c6: no agents available; will retry on subsequent port and subnet creation events.
2026-07-21 14:33:37.539 7 INFO neutron.db.ovn_revision_numbers_db [None req-a6b558e0-362c-4fe6-94e7-5d40dfbce6db fa420d162eb14791b146f3624d38cc62 e8d6d75ee70e476ead7ffe8ea7c36383 - - default default] Successfully bumped revision number for resource 82373d0d-6f73-4c8a-8472-d4563b967b28 (type: security_group_rules) to 0
2026-07-21 14:33:37.555 7 INFO neutron.db.ovn_revision_numbers_db [None req-a6b558e0-362c-4fe6-94e7-5d40dfbce6db fa420d162eb14791b146f3624d38cc62 e8d6d75ee70e476ead7ffe8ea7c36383 - - default default] Successfully bumped revision number for resource c1413899-3918-4034-9ed1-ec475ff0b7da (type: security_group_rules) to 0
2026-07-21 14:33:37.608 7 INFO neutron.plugins.ml2.drivers.ovn.mech_driver.mech_driver [None req-5867372d-7d73-480b-ae00-cf23ac664e19 - - - - - -] OVN reports status down for port: 3fb3058d-06ce-4c04-9e44-e7ac6e9ac70a
2026-07-21 14:33:37.637 8 INFO neutron.db.ovn_revision_numbers_db [None req-746f8bcf-e511-4d90-b61e-c4d60b6b894a 55fb3d990bd843d8a8d3a9c87474e547 ca4f0c4f4e8a4af08d863516e298d5d2 - - default default] Successfully bumped revision number for resource 3fb3058d-06ce-4c04-9e44-e7ac6e9ac70a (type: ports) to 1 [pid: 8|app: 0|req: 899/1763] 10.0.0.241 () {34 vars in 670 bytes} [Tue Jul 21 14:33:36 2026] POST /v2.0/networks => generated 670 bytes in 672 msecs (HTTP/1.1 201) 4 headers in 162 bytes (1 switches on core 0)
2026-07-21 14:33:37.674 7 INFO neutron.db.segments_db [None req-a6b558e0-362c-4fe6-94e7-5d40dfbce6db fa420d162eb14791b146f3624d38cc62 e8d6d75ee70e476ead7ffe8ea7c36383 - - default default] Added segment 55b391de-5541-4d3c-8896-2e96c767426c of type geneve for network d332bdc8-d414-4f82-bb32-44b67cbe8f5c
2026-07-21 14:33:37.786 8 INFO neutron.db.segments_db [None req-3506df9c-8450-44dd-9bb7-d3b304867f28 55fb3d990bd843d8a8d3a9c87474e547 ca4f0c4f4e8a4af08d863516e298d5d2 - - default default] Added segment aa75a4c8-d396-45a3-8c0b-a450589fdaba of type geneve for network 487783e8-f881-45cf-a85b-df6495dab7cc
2026-07-21 14:33:37.865 7 INFO neutron.db.ovn_revision_numbers_db [None req-a6b558e0-362c-4fe6-94e7-5d40dfbce6db fa420d162eb14791b146f3624d38cc62 e8d6d75ee70e476ead7ffe8ea7c36383 - - default default] Successfully bumped revision number for resource d332bdc8-d414-4f82-bb32-44b67cbe8f5c (type: networks) to 1
2026-07-21 14:33:37.939 8 INFO neutron.db.ovn_revision_numbers_db [None req-3506df9c-8450-44dd-9bb7-d3b304867f28 55fb3d990bd843d8a8d3a9c87474e547 ca4f0c4f4e8a4af08d863516e298d5d2 - - default default] Successfully bumped revision number for resource 487783e8-f881-45cf-a85b-df6495dab7cc (type: networks) to 1
2026-07-21 14:33:38.077 7 WARNING neutron.scheduler.dhcp_agent_scheduler [None req-a6b558e0-362c-4fe6-94e7-5d40dfbce6db fa420d162eb14791b146f3624d38cc62 e8d6d75ee70e476ead7ffe8ea7c36383 - - default default] No more DHCP agents
2026-07-21 14:33:38.079 7 WARNING neutron.api.rpc.agentnotifiers.dhcp_rpc_agent_api [None req-a6b558e0-362c-4fe6-94e7-5d40dfbce6db fa420d162eb14791b146f3624d38cc62 e8d6d75ee70e476ead7ffe8ea7c36383 - - default default] Unable to schedule network d332bdc8-d414-4f82-bb32-44b67cbe8f5c: no agents available; will retry on subsequent port and subnet creation events.
2026-07-21 14:33:38.156 8 INFO neutron.plugins.ml2.drivers.ovn.mech_driver.mech_driver [None req-386c092a-2159-4e60-b34e-02e9806529d1 - - - - - -] OVN reports status down for port: e4b96b4b-8efd-43bf-9d04-cde4aa39f8e0
2026-07-21 14:33:38.174 7 INFO neutron.db.ovn_revision_numbers_db [None req-a6b558e0-362c-4fe6-94e7-5d40dfbce6db fa420d162eb14791b146f3624d38cc62 e8d6d75ee70e476ead7ffe8ea7c36383 - - default default] Successfully bumped revision number for resource e4b96b4b-8efd-43bf-9d04-cde4aa39f8e0 (type: ports) to 1
2026-07-21 14:33:38.188 8 WARNING neutron.scheduler.dhcp_agent_scheduler [None req-3506df9c-8450-44dd-9bb7-d3b304867f28 55fb3d990bd843d8a8d3a9c87474e547 ca4f0c4f4e8a4af08d863516e298d5d2 - - default default] No more DHCP agents
2026-07-21 14:33:38.194 8 WARNING neutron.api.rpc.agentnotifiers.dhcp_rpc_agent_api [None req-3506df9c-8450-44dd-9bb7-d3b304867f28 55fb3d990bd843d8a8d3a9c87474e547 ca4f0c4f4e8a4af08d863516e298d5d2 - - default default] Unable to schedule network 487783e8-f881-45cf-a85b-df6495dab7cc: no agents available; will retry on subsequent port and subnet creation events. [pid: 7|app: 0|req: 865/1764] 10.0.0.241 () {34 vars in 671 bytes} [Tue Jul 21 14:33:37 2026] POST /v2.0/networks => generated 782 bytes in 1181 msecs (HTTP/1.1 201) 4 headers in 162 bytes (1 switches on core 0)
2026-07-21 14:33:38.318 8 INFO neutron.plugins.ml2.drivers.ovn.mech_driver.mech_driver [None req-386c092a-2159-4e60-b34e-02e9806529d1 - - - - - -] OVN reports status down for port: 527cc9ff-e3fa-4568-acae-7f6ef5d896f4
2026-07-21 14:33:38.377 8 INFO neutron.db.ovn_revision_numbers_db [None req-3506df9c-8450-44dd-9bb7-d3b304867f28 55fb3d990bd843d8a8d3a9c87474e547 ca4f0c4f4e8a4af08d863516e298d5d2 - - default default] Successfully bumped revision number for resource 527cc9ff-e3fa-4568-acae-7f6ef5d896f4 (type: ports) to 1 [pid: 8|app: 0|req: 900/1765] 10.0.0.241 () {34 vars in 670 bytes} [Tue Jul 21 14:33:37 2026] POST /v2.0/networks => generated 669 bytes in 754 msecs (HTTP/1.1 201) 4 headers in 162 bytes (1 switches on core 0)
2026-07-21 14:33:38.559 7 WARNING neutron.scheduler.dhcp_agent_scheduler [None req-317fca47-f935-4557-a4ee-cd557efb2e08 50632df3834544ddbf3c7286c86003bf 701dbfeb95bc4cbdb37c375bd1a8ac3f - - default default] No more DHCP agents
2026-07-21 14:33:38.562 7 WARNING neutron.api.rpc.agentnotifiers.dhcp_rpc_agent_api [None req-317fca47-f935-4557-a4ee-cd557efb2e08 50632df3834544ddbf3c7286c86003bf 701dbfeb95bc4cbdb37c375bd1a8ac3f - - default default] Unable to schedule network 92d9def3-c275-414d-bf36-df2b1d3ad570: no agents available; will retry on subsequent port and subnet creation events.
2026-07-21 14:33:38.594 8 WARNING neutron.scheduler.dhcp_agent_scheduler [None req-7e172904-03c9-4858-8809-873d74b76ce2 fa420d162eb14791b146f3624d38cc62 e8d6d75ee70e476ead7ffe8ea7c36383 - - default default] No more DHCP agents
2026-07-21 14:33:38.596 8 WARNING neutron.api.rpc.agentnotifiers.dhcp_rpc_agent_api [None req-7e172904-03c9-4858-8809-873d74b76ce2 fa420d162eb14791b146f3624d38cc62 e8d6d75ee70e476ead7ffe8ea7c36383 - - default default] Unable to schedule network d332bdc8-d414-4f82-bb32-44b67cbe8f5c: no agents available; will retry on subsequent port and subnet creation events. [pid: 7|app: 0|req: 866/1766] 10.0.0.241 () {34 vars in 676 bytes} [Tue Jul 21 14:33:38 2026] POST /v2.0/floatingips => generated 552 bytes in 704 msecs (HTTP/1.1 201) 4 headers in 162 bytes (1 switches on core 0) [pid: 7|app: 0|req: 867/1767] 10.0.0.241 () {34 vars in 753 bytes} [Tue Jul 21 14:33:38 2026] PUT /v2.0/networks/db1c3d98-5347-4aea-9872-317b37377a3c/tags => generated 17 bytes in 80 msecs (HTTP/1.1 200) 4 headers in 156 bytes (1 switches on core 0)
2026-07-21 14:33:39.147 8 INFO neutron.db.ovn_revision_numbers_db [None req-7e172904-03c9-4858-8809-873d74b76ce2 fa420d162eb14791b146f3624d38cc62 e8d6d75ee70e476ead7ffe8ea7c36383 - - default default] Successfully bumped revision number for resource e4b96b4b-8efd-43bf-9d04-cde4aa39f8e0 (type: ports) to 2
2026-07-21 14:33:39.204 8 INFO neutron.db.ovn_revision_numbers_db [None req-7e172904-03c9-4858-8809-873d74b76ce2 fa420d162eb14791b146f3624d38cc62 e8d6d75ee70e476ead7ffe8ea7c36383 - - default default] Successfully bumped revision number for resource 279b78db-a6f2-497f-96da-68f4f6ddcc38 (type: subnets) to 0 [pid: 8|app: 0|req: 901/1768] 10.0.0.241 () {34 vars in 669 bytes} [Tue Jul 21 14:33:38 2026] POST /v2.0/subnets => generated 688 bytes in 801 msecs (HTTP/1.1 201) 4 headers in 162 bytes (1 switches on core 0)
2026-07-21 14:33:39.306 7 WARNING neutron.scheduler.dhcp_agent_scheduler [None req-cd5bbce3-e05b-4d0c-baaf-86b61367974b 50632df3834544ddbf3c7286c86003bf 701dbfeb95bc4cbdb37c375bd1a8ac3f - - default default] No more DHCP agents
2026-07-21 14:33:39.308 7 WARNING neutron.api.rpc.agentnotifiers.dhcp_rpc_agent_api [None req-cd5bbce3-e05b-4d0c-baaf-86b61367974b 50632df3834544ddbf3c7286c86003bf 701dbfeb95bc4cbdb37c375bd1a8ac3f - - default default] Unable to schedule network 92d9def3-c275-414d-bf36-df2b1d3ad570: no agents available; will retry on subsequent port and subnet creation events. [pid: 8|app: 0|req: 902/1769] 10.0.0.241 () {34 vars in 753 bytes} [Tue Jul 21 14:33:39 2026] PUT /v2.0/networks/b455f277-fe27-45df-bda3-bd0c5d0e72ee/tags => generated 25 bytes in 85 msecs (HTTP/1.1 200) 4 headers in 156 bytes (1 switches on core 0) [pid: 7|app: 0|req: 868/1770] 10.0.0.241 () {34 vars in 676 bytes} [Tue Jul 21 14:33:38 2026] POST /v2.0/floatingips => generated 552 bytes in 638 msecs (HTTP/1.1 201) 4 headers in 162 bytes (1 switches on core 0) [pid: 7|app: 0|req: 869/1771] 10.0.0.241 () {34 vars in 753 bytes} [Tue Jul 21 14:33:39 2026] PUT /v2.0/networks/5eedd586-9d65-47bf-8434-6ed6d0a99e8b/tags => generated 34 bytes in 61 msecs (HTTP/1.1 200) 4 headers in 156 bytes (1 switches on core 0)
2026-07-21 14:33:39.777 8 WARNING neutron.scheduler.dhcp_agent_scheduler [None req-1688471f-5efe-44c3-8ac7-bff28ea03cce fa420d162eb14791b146f3624d38cc62 e8d6d75ee70e476ead7ffe8ea7c36383 - - default default] No more DHCP agents
2026-07-21 14:33:39.779 8 WARNING neutron.api.rpc.agentnotifiers.dhcp_rpc_agent_api [None req-1688471f-5efe-44c3-8ac7-bff28ea03cce fa420d162eb14791b146f3624d38cc62 e8d6d75ee70e476ead7ffe8ea7c36383 - - default default] Unable to schedule network 92d9def3-c275-414d-bf36-df2b1d3ad570: no agents available; will retry on subsequent port and subnet creation events.
2026-07-21 14:33:39.928 7 INFO neutron.plugins.ml2.drivers.ovn.mech_driver.mech_driver [None req-5867372d-7d73-480b-ae00-cf23ac664e19 - - - - - -] OVN reports status down for port: 58806cc2-853c-4e9e-ad46-763cfc204043
2026-07-21 14:33:39.946 8 INFO neutron.db.ovn_revision_numbers_db [None req-1688471f-5efe-44c3-8ac7-bff28ea03cce fa420d162eb14791b146f3624d38cc62 e8d6d75ee70e476ead7ffe8ea7c36383 - - default default] Successfully bumped revision number for resource 58806cc2-853c-4e9e-ad46-763cfc204043 (type: ports) to 1
2026-07-21 14:33:39.989 7 WARNING neutron.scheduler.dhcp_agent_scheduler [None req-ac7fada7-fe42-46db-b1c8-0a8018d14810 50632df3834544ddbf3c7286c86003bf 701dbfeb95bc4cbdb37c375bd1a8ac3f - - default default] No more DHCP agents
2026-07-21 14:33:39.991 7 WARNING neutron.api.rpc.agentnotifiers.dhcp_rpc_agent_api [None req-ac7fada7-fe42-46db-b1c8-0a8018d14810 50632df3834544ddbf3c7286c86003bf 701dbfeb95bc4cbdb37c375bd1a8ac3f - - default default] Unable to schedule network 92d9def3-c275-414d-bf36-df2b1d3ad570: no agents available; will retry on subsequent port and subnet creation events. [pid: 7|app: 0|req: 870/1772] 10.0.0.241 () {34 vars in 676 bytes} [Tue Jul 21 14:33:39 2026] POST /v2.0/floatingips => generated 552 bytes in 692 msecs (HTTP/1.1 201) 4 headers in 162 bytes (1 switches on core 0) [pid: 7|app: 0|req: 871/1773] 10.0.0.241 () {34 vars in 753 bytes} [Tue Jul 21 14:33:40 2026] PUT /v2.0/networks/8f975ac5-c6ca-4b44-911e-8a85791152c6/tags => generated 19 bytes in 76 msecs (HTTP/1.1 200) 4 headers in 156 bytes (1 switches on core 0)
2026-07-21 14:33:40.653 7 INFO neutron.plugins.ml2.drivers.ovn.mech_driver.ovsdb.ovsdb_monitor [None req-f77288b4-b78a-4878-90e4-58c1902a2ee4 - - - - - -] Router 162a5585-e518-4283-b2ea-6cbf34ed717c is bound to host instance
2026-07-21 14:33:40.670 8 INFO neutron.db.ovn_revision_numbers_db [None req-1688471f-5efe-44c3-8ac7-bff28ea03cce fa420d162eb14791b146f3624d38cc62 e8d6d75ee70e476ead7ffe8ea7c36383 - - default default] Successfully bumped revision number for resource 58806cc2-853c-4e9e-ad46-763cfc204043 (type: router_ports) to 1
2026-07-21 14:33:40.756 8 INFO neutron.db.ovn_revision_numbers_db [None req-1688471f-5efe-44c3-8ac7-bff28ea03cce fa420d162eb14791b146f3624d38cc62 e8d6d75ee70e476ead7ffe8ea7c36383 - - default default] Successfully bumped revision number for resource 162a5585-e518-4283-b2ea-6cbf34ed717c (type: routers) to 2
2026-07-21 14:33:40.758 7 INFO neutron.plugins.ml2.drivers.ovn.mech_driver.mech_driver [None req-5867372d-7d73-480b-ae00-cf23ac664e19 - - - - - -] OVN reports status up for port: 58806cc2-853c-4e9e-ad46-763cfc204043 [pid: 8|app: 0|req: 903/1774] 10.0.0.241 () {34 vars in 669 bytes} [Tue Jul 21 14:33:39 2026] POST /v2.0/routers => generated 987 bytes in 1486 msecs (HTTP/1.1 201) 4 headers in 162 bytes (1 switches on core 0)
2026-07-21 14:33:40.810 7 INFO neutron.plugins.ml2.plugin [None req-5867372d-7d73-480b-ae00-cf23ac664e19 - - - - - -] Attempt 1 to provision port 58806cc2-853c-4e9e-ad46-763cfc204043 [pid: 8|app: 0|req: 904/1775] 10.0.0.241 () {32 vars in 666 bytes} [Tue Jul 21 14:33:40 2026] GET /v2.0/networks?tags=red => generated 1988 bytes in 64 msecs (HTTP/1.1 200) 4 headers in 158 bytes (1 switches on core 0)
2026-07-21 14:33:41.048 7 WARNING neutron.scheduler.dhcp_agent_scheduler [None req-6ed6ce57-f5ea-4d2f-a18f-b53ec3f19baf 50632df3834544ddbf3c7286c86003bf 701dbfeb95bc4cbdb37c375bd1a8ac3f - - default default] No more DHCP agents
2026-07-21 14:33:41.054 7 WARNING neutron.api.rpc.agentnotifiers.dhcp_rpc_agent_api [None req-6ed6ce57-f5ea-4d2f-a18f-b53ec3f19baf 50632df3834544ddbf3c7286c86003bf 701dbfeb95bc4cbdb37c375bd1a8ac3f - - default default] Unable to schedule network 92d9def3-c275-414d-bf36-df2b1d3ad570: no agents available; will retry on subsequent port and subnet creation events.
2026-07-21 14:33:41.435 8 WARNING neutron.scheduler.dhcp_agent_scheduler [None req-f3400a35-5fff-4601-91f8-f5a355762203 fa420d162eb14791b146f3624d38cc62 e8d6d75ee70e476ead7ffe8ea7c36383 - - default default] No more DHCP agents
2026-07-21 14:33:41.436 8 WARNING neutron.api.rpc.agentnotifiers.dhcp_rpc_agent_api [None req-f3400a35-5fff-4601-91f8-f5a355762203 fa420d162eb14791b146f3624d38cc62 e8d6d75ee70e476ead7ffe8ea7c36383 - - default default] Unable to schedule network d332bdc8-d414-4f82-bb32-44b67cbe8f5c: no agents available; will retry on subsequent port and subnet creation events.
2026-07-21 14:33:41.629 8 INFO neutron.db.ovn_revision_numbers_db [None req-f3400a35-5fff-4601-91f8-f5a355762203 fa420d162eb14791b146f3624d38cc62 e8d6d75ee70e476ead7ffe8ea7c36383 - - default default] Successfully bumped revision number for resource 7b30b544-a4a6-481f-9770-c94794109f4e (type: ports) to 1 [pid: 7|app: 0|req: 872/1776] 10.0.0.241 () {34 vars in 676 bytes} [Tue Jul 21 14:33:40 2026] POST /v2.0/floatingips => generated 552 bytes in 1346 msecs (HTTP/1.1 201) 4 headers in 162 bytes (1 switches on core 0) [pid: 7|app: 0|req: 873/1777] 10.0.0.241 () {32 vars in 680 bytes} [Tue Jul 21 14:33:41 2026] GET /v2.0/networks?tags=red%2Cblue => generated 1337 bytes in 108 msecs (HTTP/1.1 200) 4 headers in 158 bytes (1 switches on core 0)
2026-07-21 14:33:42.590 8 WARNING neutron.scheduler.dhcp_agent_scheduler [None req-f3400a35-5fff-4601-91f8-f5a355762203 fa420d162eb14791b146f3624d38cc62 e8d6d75ee70e476ead7ffe8ea7c36383 - - default default] No more DHCP agents
2026-07-21 14:33:42.592 8 WARNING neutron.api.rpc.agentnotifiers.dhcp_rpc_agent_api [None req-f3400a35-5fff-4601-91f8-f5a355762203 fa420d162eb14791b146f3624d38cc62 e8d6d75ee70e476ead7ffe8ea7c36383 - - default default] Unable to schedule network d332bdc8-d414-4f82-bb32-44b67cbe8f5c: no agents available; will retry on subsequent port and subnet creation events.
2026-07-21 14:33:43.047 7 WARNING neutron.scheduler.dhcp_agent_scheduler [None req-c65d503f-c4ef-499d-9756-77ee5ff38dc9 50632df3834544ddbf3c7286c86003bf 701dbfeb95bc4cbdb37c375bd1a8ac3f - - default default] No more DHCP agents
2026-07-21 14:33:43.050 8 INFO neutron.db.ovn_revision_numbers_db [None req-f3400a35-5fff-4601-91f8-f5a355762203 fa420d162eb14791b146f3624d38cc62 e8d6d75ee70e476ead7ffe8ea7c36383 - - default default] Successfully bumped revision number for resource 7b30b544-a4a6-481f-9770-c94794109f4e (type: router_ports) to 1 [pid: 8|app: 0|req: 905/1778] 10.0.0.241 () {34 vars in 783 bytes} [Tue Jul 21 14:33:40 2026] PUT /v2.0/routers/162a5585-e518-4283-b2ea-6cbf34ed717c/add_router_interface => generated 310 bytes in 2192 msecs (HTTP/1.1 200) 4 headers in 157 bytes (1 switches on core 0)
2026-07-21 14:33:43.055 7 WARNING neutron.api.rpc.agentnotifiers.dhcp_rpc_agent_api [None req-c65d503f-c4ef-499d-9756-77ee5ff38dc9 50632df3834544ddbf3c7286c86003bf 701dbfeb95bc4cbdb37c375bd1a8ac3f - - default default] Unable to schedule network 92d9def3-c275-414d-bf36-df2b1d3ad570: no agents available; will retry on subsequent port and subnet creation events.
2026-07-21 14:33:43.186 8 WARNING neutron.db.securitygroups_db [None req-84ac6530-921d-4d23-8d90-608b43c0e403 fa420d162eb14791b146f3624d38cc62 e8d6d75ee70e476ead7ffe8ea7c36383 - - default default] project_id key not found in filters, using tenant_id instead. This support has been deprecated and will be removed in a future release.
2026-07-21 14:33:43.386 8 INFO neutron.db.ovn_revision_numbers_db [None req-84ac6530-921d-4d23-8d90-608b43c0e403 fa420d162eb14791b146f3624d38cc62 e8d6d75ee70e476ead7ffe8ea7c36383 - - default default] Successfully bumped revision number for resource 1d33c978-d863-4e53-90b1-0da46fab99a8 (type: security_groups) to 1
