2026-07-21 14:30:38.587 8 INFO neutron.db.ovn_revision_numbers_db [None req-34047b9d-cae9-453a-bfdf-e7705f7ac1ac 0f390e74fe054755a4a33aaf3c3b7027 880ac9f487cc4307969846ef2af575b3 - - default default] Successfully bumped revision number for resource 78cff8b2-6491-4e0c-9ad1-ac0cf5a5dc55 (type: security_group_rules) to 0 [pid: 8|app: 0|req: 336/660] 10.0.0.241 () {34 vars in 685 bytes} [Tue Jul 21 14:30:38 2026] POST /v2.0/security-groups => generated 1659 bytes in 201 msecs (HTTP/1.1 201) 4 headers in 163 bytes (1 switches on core 0)
2026-07-21 14:30:38.654 7 INFO neutron.db.ovn_revision_numbers_db [None req-991b51bb-da49-4a15-8287-014d9b02fc5b - - - - - -] Successfully bumped revision number for resource f4c6a1c3-7897-4c70-82fb-e1f64e0633b1 (type: ports) to 2
2026-07-21 14:30:38.745 8 INFO neutron.db.ovn_revision_numbers_db [None req-318c9380-0888-4934-a8f6-f8a436146f4e 52fe91b4e60c45a59deff6c8c067c1c9 5ab47f59f1dd4fda99b6e1fe7c36c94a - - default default] Successfully bumped revision number for resource b25a2172-0768-4edc-8e78-53232519d63a (type: security_groups) to 1
2026-07-21 14:30:38.757 8 INFO neutron.db.ovn_revision_numbers_db [None req-318c9380-0888-4934-a8f6-f8a436146f4e 52fe91b4e60c45a59deff6c8c067c1c9 5ab47f59f1dd4fda99b6e1fe7c36c94a - - default default] Successfully bumped revision number for resource df53f9c5-2506-4eee-88f9-b522d176912e (type: security_group_rules) to 0
2026-07-21 14:30:38.767 8 INFO neutron.db.ovn_revision_numbers_db [None req-318c9380-0888-4934-a8f6-f8a436146f4e 52fe91b4e60c45a59deff6c8c067c1c9 5ab47f59f1dd4fda99b6e1fe7c36c94a - - default default] Successfully bumped revision number for resource f959e1fd-27e8-49e9-9718-b0c098c4d009 (type: security_group_rules) to 0 [pid: 8|app: 0|req: 337/661] 10.0.0.241 () {34 vars in 685 bytes} [Tue Jul 21 14:30:38 2026] POST /v2.0/security-groups => generated 1661 bytes in 175 msecs (HTTP/1.1 201) 4 headers in 163 bytes (1 switches on core 0)
2026-07-21 14:30:39.256 7 WARNING neutron.scheduler.dhcp_agent_scheduler [None req-583696ad-0822-44b2-9793-fba158e41f83 fa420d162eb14791b146f3624d38cc62 e8d6d75ee70e476ead7ffe8ea7c36383 - - default default] No more DHCP agents
2026-07-21 14:30:39.258 7 WARNING neutron.api.rpc.agentnotifiers.dhcp_rpc_agent_api [None req-583696ad-0822-44b2-9793-fba158e41f83 fa420d162eb14791b146f3624d38cc62 e8d6d75ee70e476ead7ffe8ea7c36383 - - default default] Unable to schedule network dd7341eb-34ac-405d-8a2e-638e2aa6ea27: no agents available; will retry on subsequent port and subnet creation events.
2026-07-21 14:30:39.317 8 WARNING neutron.scheduler.dhcp_agent_scheduler [None req-260e3894-28a5-4f0d-bd4e-4f7ef970f7ee fa420d162eb14791b146f3624d38cc62 e8d6d75ee70e476ead7ffe8ea7c36383 - - default default] No more DHCP agents
2026-07-21 14:30:39.318 8 WARNING neutron.api.rpc.agentnotifiers.dhcp_rpc_agent_api [None req-260e3894-28a5-4f0d-bd4e-4f7ef970f7ee fa420d162eb14791b146f3624d38cc62 e8d6d75ee70e476ead7ffe8ea7c36383 - - default default] Unable to schedule network 92d9def3-c275-414d-bf36-df2b1d3ad570: no agents available; will retry on subsequent port and subnet creation events.
2026-07-21 14:30:39.482 8 INFO neutron.db.ovn_revision_numbers_db [None req-260e3894-28a5-4f0d-bd4e-4f7ef970f7ee fa420d162eb14791b146f3624d38cc62 e8d6d75ee70e476ead7ffe8ea7c36383 - - default default] Successfully bumped revision number for resource cc89b64c-4a02-40c1-9081-2be219025bc4 (type: ports) to 1
2026-07-21 14:30:39.735 7 INFO neutron.db.ovn_revision_numbers_db [None req-583696ad-0822-44b2-9793-fba158e41f83 fa420d162eb14791b146f3624d38cc62 e8d6d75ee70e476ead7ffe8ea7c36383 - - default default] Successfully bumped revision number for resource e84728e4-c2df-4cd8-a7e7-b8ac9e1af44f (type: router_ports) to 1 [pid: 7|app: 0|req: 325/662] 10.0.0.241 () {34 vars in 783 bytes} [Tue Jul 21 14:30:36 2026] PUT /v2.0/routers/e1c7d088-701e-4fec-9c1a-6be2b0430987/add_router_interface => generated 310 bytes in 3275 msecs (HTTP/1.1 200) 4 headers in 157 bytes (1 switches on core 0)
2026-07-21 14:30:39.879 7 INFO neutron.db.ovn_revision_numbers_db [None req-da1982ae-3d8d-4624-8c6e-51c4b9a7c0b1 0f390e74fe054755a4a33aaf3c3b7027 880ac9f487cc4307969846ef2af575b3 - - default default] Successfully bumped revision number for resource e0364aa7-30f1-4823-baa0-39da74e26df3 (type: security_group_rules) to 0 [pid: 7|app: 0|req: 326/663] 10.0.0.241 () {34 vars in 695 bytes} [Tue Jul 21 14:30:39 2026] POST /v2.0/security-group-rules => generated 597 bytes in 186 msecs (HTTP/1.1 201) 4 headers in 162 bytes (1 switches on core 0)
2026-07-21 14:30:40.059 7 INFO neutron.db.ovn_revision_numbers_db [None req-4d6e3cee-ae6d-4dc2-b5e4-93571076a67b 52fe91b4e60c45a59deff6c8c067c1c9 5ab47f59f1dd4fda99b6e1fe7c36c94a - - default default] Successfully bumped revision number for resource 57e5f916-7eb3-43e9-be0e-477bd282716f (type: security_group_rules) to 0 [pid: 7|app: 0|req: 327/664] 10.0.0.241 () {34 vars in 695 bytes} [Tue Jul 21 14:30:39 2026] POST /v2.0/security-group-rules => generated 597 bytes in 172 msecs (HTTP/1.1 201) 4 headers in 162 bytes (1 switches on core 0)
2026-07-21 14:30:40.209 8 INFO neutron.plugins.ml2.drivers.ovn.mech_driver.ovsdb.ovsdb_monitor [None req-d3dbed79-5d71-41a7-87a4-f8d9e612fe5c - - - - - -] Router 611ddea5-7019-47cc-8048-87de65f19d03 is bound to host instance
2026-07-21 14:30:40.335 8 INFO neutron.db.ovn_revision_numbers_db [None req-260e3894-28a5-4f0d-bd4e-4f7ef970f7ee fa420d162eb14791b146f3624d38cc62 e8d6d75ee70e476ead7ffe8ea7c36383 - - default default] Successfully bumped revision number for resource cc89b64c-4a02-40c1-9081-2be219025bc4 (type: router_ports) to 1
2026-07-21 14:30:40.506 8 INFO neutron.db.ovn_revision_numbers_db [None req-260e3894-28a5-4f0d-bd4e-4f7ef970f7ee fa420d162eb14791b146f3624d38cc62 e8d6d75ee70e476ead7ffe8ea7c36383 - - default default] Successfully bumped revision number for resource 611ddea5-7019-47cc-8048-87de65f19d03 (type: routers) to 2 [pid: 8|app: 0|req: 338/665] 10.0.0.241 () {34 vars in 669 bytes} [Tue Jul 21 14:30:38 2026] POST /v2.0/routers => generated 991 bytes in 1749 msecs (HTTP/1.1 201) 4 headers in 162 bytes (1 switches on core 0)
2026-07-21 14:30:40.635 7 INFO neutron.db.ovn_revision_numbers_db [None req-bcf80f35-d816-45ae-9f63-713ded6cae1e 0f390e74fe054755a4a33aaf3c3b7027 880ac9f487cc4307969846ef2af575b3 - - default default] Successfully bumped revision number for resource 6b59b3d9-b971-49fa-b44b-f08325da034f (type: security_group_rules) to 0 [pid: 7|app: 0|req: 328/666] 10.0.0.241 () {34 vars in 695 bytes} [Tue Jul 21 14:30:40 2026] POST /v2.0/security-group-rules => generated 602 bytes in 583 msecs (HTTP/1.1 201) 4 headers in 162 bytes (1 switches on core 0)
2026-07-21 14:30:40.830 8 INFO neutron.db.ovn_revision_numbers_db [None req-6c45172c-7b4f-469b-8813-6ca1b1ea6c4a 52fe91b4e60c45a59deff6c8c067c1c9 5ab47f59f1dd4fda99b6e1fe7c36c94a - - default default] Successfully bumped revision number for resource 87ab9463-0a88-46bc-93c8-113c1e79d42d (type: security_group_rules) to 0 [pid: 8|app: 0|req: 339/667] 10.0.0.241 () {34 vars in 695 bytes} [Tue Jul 21 14:30:40 2026] POST /v2.0/security-group-rules => generated 602 bytes in 354 msecs (HTTP/1.1 201) 4 headers in 162 bytes (1 switches on core 0)
2026-07-21 14:30:41.257 8 INFO neutron.db.ovn_revision_numbers_db [req-51f84ba7-8b97-4f80-9d13-ec706bbdfda7 req-17c8a4e8-3080-418b-947c-6bddab44e5a7 8b3ef72c53c449d0b2d6ea10dd429460 03797bfc72ac4ddaba27e88dfdfa8e60 - - default default] Successfully bumped revision number for resource 7268bdb5-6783-4a50-9c5a-b88a11e4bcc3 (type: security_groups) to 1
2026-07-21 14:30:41.302 8 INFO neutron.db.ovn_revision_numbers_db [req-51f84ba7-8b97-4f80-9d13-ec706bbdfda7 req-17c8a4e8-3080-418b-947c-6bddab44e5a7 8b3ef72c53c449d0b2d6ea10dd429460 03797bfc72ac4ddaba27e88dfdfa8e60 - - default default] Successfully bumped revision number for resource 65312edc-9b73-4ac8-9482-8e362f078bce (type: security_group_rules) to 0
2026-07-21 14:30:41.324 8 INFO neutron.db.ovn_revision_numbers_db [req-51f84ba7-8b97-4f80-9d13-ec706bbdfda7 req-17c8a4e8-3080-418b-947c-6bddab44e5a7 8b3ef72c53c449d0b2d6ea10dd429460 03797bfc72ac4ddaba27e88dfdfa8e60 - - default default] Successfully bumped revision number for resource 7862c0e9-19c2-4289-8663-da3dcf0abeda (type: security_group_rules) to 0
2026-07-21 14:30:41.348 7 WARNING neutron.scheduler.dhcp_agent_scheduler [None req-3334ed81-a31d-4aaa-bf5b-e2ba70213319 fa420d162eb14791b146f3624d38cc62 e8d6d75ee70e476ead7ffe8ea7c36383 - - default default] No more DHCP agents
2026-07-21 14:30:41.351 7 WARNING neutron.api.rpc.agentnotifiers.dhcp_rpc_agent_api [None req-3334ed81-a31d-4aaa-bf5b-e2ba70213319 fa420d162eb14791b146f3624d38cc62 e8d6d75ee70e476ead7ffe8ea7c36383 - - default default] Unable to schedule network 5af3724e-d2d9-42aa-b184-38129e1fd957: no agents available; will retry on subsequent port and subnet creation events. [pid: 8|app: 0|req: 340/668] 10.0.0.228 () {38 vars in 971 bytes} [Tue Jul 21 14:30:40 2026] POST /v2.0/security-groups => generated 1684 bytes in 481 msecs (HTTP/1.1 201) 4 headers in 163 bytes (1 switches on core 0)
2026-07-21 14:30:41.548 7 INFO neutron.db.ovn_revision_numbers_db [None req-3334ed81-a31d-4aaa-bf5b-e2ba70213319 fa420d162eb14791b146f3624d38cc62 e8d6d75ee70e476ead7ffe8ea7c36383 - - default default] Successfully bumped revision number for resource 1b89db75-b084-4b7e-ad77-ae3f32da512d (type: ports) to 1
2026-07-21 14:30:41.782 8 INFO neutron.db.ovn_revision_numbers_db [None req-429973a9-b907-40bd-ab40-1555542bd603 - - - - - -] Successfully bumped revision number for resource cc89b64c-4a02-40c1-9081-2be219025bc4 (type: ports) to 4
2026-07-21 14:30:41.957 8 WARNING neutron.scheduler.dhcp_agent_scheduler [None req-0e20a396-9935-41b8-b5bd-ee8d8406b768 0f390e74fe054755a4a33aaf3c3b7027 880ac9f487cc4307969846ef2af575b3 - - default default] No more DHCP agents
2026-07-21 14:30:41.963 8 WARNING neutron.api.rpc.agentnotifiers.dhcp_rpc_agent_api [None req-0e20a396-9935-41b8-b5bd-ee8d8406b768 0f390e74fe054755a4a33aaf3c3b7027 880ac9f487cc4307969846ef2af575b3 - - default default] Unable to schedule network 92d9def3-c275-414d-bf36-df2b1d3ad570: no agents available; will retry on subsequent port and subnet creation events.
2026-07-21 14:30:42.443 7 WARNING neutron.scheduler.dhcp_agent_scheduler [None req-3334ed81-a31d-4aaa-bf5b-e2ba70213319 fa420d162eb14791b146f3624d38cc62 e8d6d75ee70e476ead7ffe8ea7c36383 - - default default] No more DHCP agents
2026-07-21 14:30:42.445 7 WARNING neutron.api.rpc.agentnotifiers.dhcp_rpc_agent_api [None req-3334ed81-a31d-4aaa-bf5b-e2ba70213319 fa420d162eb14791b146f3624d38cc62 e8d6d75ee70e476ead7ffe8ea7c36383 - - default default] Unable to schedule network 5af3724e-d2d9-42aa-b184-38129e1fd957: no agents available; will retry on subsequent port and subnet creation events.
2026-07-21 14:30:42.799 8 INFO neutron.db.ovn_revision_numbers_db [None req-429973a9-b907-40bd-ab40-1555542bd603 - - - - - -] Successfully bumped revision number for resource cc89b64c-4a02-40c1-9081-2be219025bc4 (type: ports) to 5 [pid: 8|app: 0|req: 341/669] 10.0.0.241 () {34 vars in 676 bytes} [Tue Jul 21 14:30:41 2026] POST /v2.0/floatingips => generated 552 bytes in 1475 msecs (HTTP/1.1 201) 4 headers in 162 bytes (1 switches on core 0)
2026-07-21 14:30:43.048 7 INFO neutron.db.ovn_revision_numbers_db [None req-3334ed81-a31d-4aaa-bf5b-e2ba70213319 fa420d162eb14791b146f3624d38cc62 e8d6d75ee70e476ead7ffe8ea7c36383 - - default default] Successfully bumped revision number for resource 1b89db75-b084-4b7e-ad77-ae3f32da512d (type: router_ports) to 1 [pid: 7|app: 0|req: 329/670] 10.0.0.241 () {34 vars in 783 bytes} [Tue Jul 21 14:30:40 2026] PUT /v2.0/routers/611ddea5-7019-47cc-8048-87de65f19d03/add_router_interface => generated 310 bytes in 2371 msecs (HTTP/1.1 200) 4 headers in 157 bytes (1 switches on core 0) [pid: 7|app: 0|req: 330/671] 10.0.0.228 () {34 vars in 991 bytes} [Tue Jul 21 14:30:43 2026] GET /v2.0/security-groups/7268bdb5-6783-4a50-9c5a-b88a11e4bcc3 => generated 1684 bytes in 80 msecs (HTTP/1.1 200) 4 headers in 158 bytes (1 switches on core 0)
2026-07-21 14:30:43.230 8 WARNING neutron.scheduler.dhcp_agent_scheduler [None req-8d10b600-31dc-4078-9565-73fa1f2c26b4 52fe91b4e60c45a59deff6c8c067c1c9 5ab47f59f1dd4fda99b6e1fe7c36c94a - - default default] No more DHCP agents
2026-07-21 14:30:43.238 8 WARNING neutron.api.rpc.agentnotifiers.dhcp_rpc_agent_api [None req-8d10b600-31dc-4078-9565-73fa1f2c26b4 52fe91b4e60c45a59deff6c8c067c1c9 5ab47f59f1dd4fda99b6e1fe7c36c94a - - default default] Unable to schedule network 92d9def3-c275-414d-bf36-df2b1d3ad570: no agents available; will retry on subsequent port and subnet creation events.
2026-07-21 14:30:43.272 8 WARNING neutron.plugins.ml2.drivers.ovn.mech_driver.ovsdb.ovn_client [None req-b0e2b9c7-a6a3-4eff-82d6-415a39fb60a3 - - - - - -] No hosting information found for port 859a02b6-8b64-43fb-bd1b-5e59de7a2197: RuntimeError: No hosting information found for port 859a02b6-8b64-43fb-bd1b-5e59de7a2197
2026-07-21 14:30:43.349 7 INFO neutron.db.ovn_revision_numbers_db [req-91f477ee-790f-42a9-a2a0-557c5de410ac req-2dcd498a-b7b4-4305-9b07-1a2b634b98a1 8b3ef72c53c449d0b2d6ea10dd429460 03797bfc72ac4ddaba27e88dfdfa8e60 - - default default] Successfully bumped revision number for resource 4167729b-fec7-415b-b379-63abc602e5a3 (type: security_group_rules) to 0 [pid: 7|app: 0|req: 331/672] 10.0.0.228 () {38 vars in 981 bytes} [Tue Jul 21 14:30:43 2026] POST /v2.0/security-group-rules => generated 614 bytes in 262 msecs (HTTP/1.1 201) 4 headers in 162 bytes (1 switches on core 0)
2026-07-21 14:30:43.505 8 INFO neutron.db.ovn_revision_numbers_db [None req-b0e2b9c7-a6a3-4eff-82d6-415a39fb60a3 - - - - - -] Successfully bumped revision number for resource 859a02b6-8b64-43fb-bd1b-5e59de7a2197 (type: router_ports) to 2
2026-07-21 14:30:43.506 8 INFO neutron.plugins.ml2.drivers.ovn.mech_driver.mech_driver [None req-b0e2b9c7-a6a3-4eff-82d6-415a39fb60a3 - - - - - -] OVN reports status down for port: e84728e4-c2df-4cd8-a7e7-b8ac9e1af44f
2026-07-21 14:30:43.636 7 INFO neutron.db.ovn_revision_numbers_db [req-90a77983-1188-404b-a1f3-55b28cfd49a4 req-ff0cf50f-96b5-46d9-9611-7b09c81086cd 8b3ef72c53c449d0b2d6ea10dd429460 03797bfc72ac4ddaba27e88dfdfa8e60 - - default default] Successfully bumped revision number for resource fddce741-0fe5-4a48-9975-54643262dd1e (type: security_groups) to 1
2026-07-21 14:30:43.649 7 INFO neutron.db.ovn_revision_numbers_db [req-90a77983-1188-404b-a1f3-55b28cfd49a4 req-ff0cf50f-96b5-46d9-9611-7b09c81086cd 8b3ef72c53c449d0b2d6ea10dd429460 03797bfc72ac4ddaba27e88dfdfa8e60 - - default default] Successfully bumped revision number for resource 709f9074-59d5-47ae-b2d2-815001c83561 (type: security_group_rules) to 0
2026-07-21 14:30:43.679 8 WARNING neutron.plugins.ml2.drivers.ovn.mech_driver.ovsdb.ovn_client [None req-b0e2b9c7-a6a3-4eff-82d6-415a39fb60a3 - - - - - -] Logical_Switch_Port e84728e4-c2df-4cd8-a7e7-b8ac9e1af44f host information not removed, the port state is up
2026-07-21 14:30:43.680 8 INFO neutron.plugins.ml2.drivers.ovn.mech_driver.mech_driver [None req-b0e2b9c7-a6a3-4eff-82d6-415a39fb60a3 - - - - - -] OVN reports status up for port: e84728e4-c2df-4cd8-a7e7-b8ac9e1af44f
2026-07-21 14:30:43.696 7 INFO neutron.db.ovn_revision_numbers_db [req-90a77983-1188-404b-a1f3-55b28cfd49a4 req-ff0cf50f-96b5-46d9-9611-7b09c81086cd 8b3ef72c53c449d0b2d6ea10dd429460 03797bfc72ac4ddaba27e88dfdfa8e60 - - default default] Successfully bumped revision number for resource ca06651a-5e73-4063-b1d8-76ee36480adc (type: security_group_rules) to 0
2026-07-21 14:30:43.704 8 INFO neutron.plugins.ml2.plugin [None req-b0e2b9c7-a6a3-4eff-82d6-415a39fb60a3 - - - - - -] Attempt 1 to provision port e84728e4-c2df-4cd8-a7e7-b8ac9e1af44f [pid: 7|app: 0|req: 332/673] 10.0.0.228 () {38 vars in 971 bytes} [Tue Jul 21 14:30:43 2026] POST /v2.0/security-groups => generated 1685 bytes in 274 msecs (HTTP/1.1 201) 4 headers in 163 bytes (1 switches on core 0) [pid: 8|app: 0|req: 342/674] 10.0.0.241 () {34 vars in 676 bytes} [Tue Jul 21 14:30:42 2026] POST /v2.0/floatingips => generated 552 bytes in 992 msecs (HTTP/1.1 201) 4 headers in 162 bytes (1 switches on core 0)
2026-07-21 14:30:43.882 7 INFO neutron.db.ovn_revision_numbers_db [req-78e84bfd-c54a-49f9-b406-3d7359b76915 req-b41e74d9-ccea-4b35-822f-83958c1d9b6d 31520e3c29a44ce0a2926467454dca08 e684dd1b3bca4726a3010e142a2d7813 - - default default] Successfully bumped revision number for resource 104b117f-4a9d-424f-94cc-253772e83b22 (type: security_groups) to 1
2026-07-21 14:30:43.898 7 INFO neutron.db.ovn_revision_numbers_db [req-78e84bfd-c54a-49f9-b406-3d7359b76915 req-b41e74d9-ccea-4b35-822f-83958c1d9b6d 31520e3c29a44ce0a2926467454dca08 e684dd1b3bca4726a3010e142a2d7813 - - default default] Successfully bumped revision number for resource bb094926-a75a-4a94-b6f4-cf598f8a3fc1 (type: security_group_rules) to 0
2026-07-21 14:30:43.907 7 INFO neutron.db.ovn_revision_numbers_db [req-78e84bfd-c54a-49f9-b406-3d7359b76915 req-b41e74d9-ccea-4b35-822f-83958c1d9b6d 31520e3c29a44ce0a2926467454dca08 e684dd1b3bca4726a3010e142a2d7813 - - default default] Successfully bumped revision number for resource f5f15eb1-4a49-4d77-814a-c7ba22c42124 (type: security_group_rules) to 0 [pid: 8|app: 0|req: 343/675] 10.0.0.228 () {34 vars in 991 bytes} [Tue Jul 21 14:30:43 2026] GET /v2.0/security-groups/fddce741-0fe5-4a48-9975-54643262dd1e => generated 1685 bytes in 96 msecs (HTTP/1.1 200) 4 headers in 158 bytes (1 switches on core 0) [pid: 7|app: 0|req: 333/676] 10.0.0.228 () {38 vars in 971 bytes} [Tue Jul 21 14:30:43 2026] POST /v2.0/security-groups => generated 1682 bytes in 221 msecs (HTTP/1.1 201) 4 headers in 163 bytes (1 switches on core 0)
2026-07-21 14:30:44.151 7 INFO neutron.db.ovn_revision_numbers_db [req-1c0caf0f-157b-496b-9161-9ee6b436010b req-9e0f178c-4840-433b-af2f-8d7a5ce31198 31520e3c29a44ce0a2926467454dca08 e684dd1b3bca4726a3010e142a2d7813 - - default default] Successfully bumped revision number for resource 564eb010-99b5-4843-80f2-7da8aa90224d (type: security_groups) to 1
2026-07-21 14:30:44.166 7 INFO neutron.db.ovn_revision_numbers_db [req-1c0caf0f-157b-496b-9161-9ee6b436010b req-9e0f178c-4840-433b-af2f-8d7a5ce31198 31520e3c29a44ce0a2926467454dca08 e684dd1b3bca4726a3010e142a2d7813 - - default default] Successfully bumped revision number for resource 28169cab-9efe-4fe1-a3c0-62f8e45c6243 (type: security_group_rules) to 0
2026-07-21 14:30:44.187 7 INFO neutron.db.ovn_revision_numbers_db [req-1c0caf0f-157b-496b-9161-9ee6b436010b req-9e0f178c-4840-433b-af2f-8d7a5ce31198 31520e3c29a44ce0a2926467454dca08 e684dd1b3bca4726a3010e142a2d7813 - - default default] Successfully bumped revision number for resource e3b93cb5-3ce2-44dd-acd7-ad09730ef6dc (type: security_group_rules) to 0
2026-07-21 14:30:44.235 8 INFO neutron.db.ovn_revision_numbers_db [req-a9ff06e9-8445-4704-90d3-1d4e850573c5 req-d4a19910-7389-4e9e-9860-28bff11f393b 8b3ef72c53c449d0b2d6ea10dd429460 03797bfc72ac4ddaba27e88dfdfa8e60 - - default default] Successfully bumped revision number for resource 439291d3-7a7b-407e-ad1d-181b4a58f6d9 (type: security_group_rules) to 0 [pid: 7|app: 0|req: 334/677] 10.0.0.228 () {38 vars in 971 bytes} [Tue Jul 21 14:30:43 2026] POST /v2.0/security-groups => generated 1679 bytes in 254 msecs (HTTP/1.1 201) 4 headers in 163 bytes (1 switches on core 0) [pid: 8|app: 0|req: 344/678] 10.0.0.228 () {38 vars in 981 bytes} [Tue Jul 21 14:30:43 2026] POST /v2.0/security-group-rules => generated 614 bytes in 350 msecs (HTTP/1.1 201) 4 headers in 162 bytes (1 switches on core 0)
2026-07-21 14:30:44.365 8 WARNING neutron.db.securitygroups_db [req-43cfc796-a691-427d-b370-bee6d15760fa req-8f5c7ff5-16dd-4b77-9b0b-24ce62475ab2 52fe91b4e60c45a59deff6c8c067c1c9 5ab47f59f1dd4fda99b6e1fe7c36c94a - - default default] project_id key not found in filters, using tenant_id instead. This support has been deprecated and will be removed in a future release. [pid: 8|app: 0|req: 345/679] 10.0.0.228 () {34 vars in 1100 bytes} [Tue Jul 21 14:30:44 2026] GET /v2.0/security-groups?name=tempest-securitygroup--1385178600&fields=id&tenant_id=5ab47f59f1dd4fda99b6e1fe7c36c94a => generated 69 bytes in 83 msecs (HTTP/1.1 200) 4 headers in 156 bytes (1 switches on core 0)
2026-07-21 14:30:44.516 7 INFO neutron.db.ovn_revision_numbers_db [req-ae691df4-b478-4c28-ba34-4249a1d17400 req-878b75fc-bdbb-49d8-8b67-17dac81f59d3 31520e3c29a44ce0a2926467454dca08 e684dd1b3bca4726a3010e142a2d7813 - - default default] Successfully bumped revision number for resource 13eaba65-a02c-434c-95bf-e8dd27a74802 (type: security_groups) to 1
2026-07-21 14:30:44.531 7 INFO neutron.db.ovn_revision_numbers_db [req-ae691df4-b478-4c28-ba34-4249a1d17400 req-878b75fc-bdbb-49d8-8b67-17dac81f59d3 31520e3c29a44ce0a2926467454dca08 e684dd1b3bca4726a3010e142a2d7813 - - default default] Successfully bumped revision number for resource 3e24cc0f-a7ec-4124-b529-7a82b91bc5c3 (type: security_group_rules) to 0
2026-07-21 14:30:44.544 7 INFO neutron.db.ovn_revision_numbers_db [req-ae691df4-b478-4c28-ba34-4249a1d17400 req-878b75fc-bdbb-49d8-8b67-17dac81f59d3 31520e3c29a44ce0a2926467454dca08 e684dd1b3bca4726a3010e142a2d7813 - - default default] Successfully bumped revision number for resource b3fa2a26-7e07-4eee-b79e-6a63c4cf515f (type: security_group_rules) to 0 [pid: 7|app: 0|req: 335/680] 10.0.0.228 () {38 vars in 971 bytes} [Tue Jul 21 14:30:44 2026] POST /v2.0/security-groups => generated 1681 bytes in 253 msecs (HTTP/1.1 201) 4 headers in 163 bytes (1 switches on core 0) [pid: 8|app: 0|req: 346/681] 10.0.0.228 () {34 vars in 982 bytes} [Tue Jul 21 14:30:44 2026] GET /v2.0/networks?id=23ec4916-d398-4b4a-a304-4ced620a3887 => generated 714 bytes in 168 msecs (HTTP/1.1 200) 4 headers in 157 bytes (1 switches on core 0)
2026-07-21 14:30:44.623 8 INFO neutron.db.ovn_revision_numbers_db [None req-b0e2b9c7-a6a3-4eff-82d6-415a39fb60a3 - - - - - -] Successfully bumped revision number for resource e84728e4-c2df-4cd8-a7e7-b8ac9e1af44f (type: ports) to 2 [pid: 8|app: 0|req: 347/682] 10.0.0.228 () {34 vars in 965 bytes} [Tue Jul 21 14:30:44 2026] GET /v2.0/quotas/5ab47f59f1dd4fda99b6e1fe7c36c94a => generated 312 bytes in 12 msecs (HTTP/1.1 200) 4 headers in 157 bytes (1 switches on core 0) [pid: 7|app: 0|req: 336/683] 10.0.0.228 () {34 vars in 991 bytes} [Tue Jul 21 14:30:44 2026] GET /v2.0/security-groups/fddce741-0fe5-4a48-9975-54643262dd1e => generated 2310 bytes in 39 msecs (HTTP/1.1 200) 4 headers in 158 bytes (1 switches on core 0)
2026-07-21 14:30:44.735 7 WARNING neutron.plugins.ml2.drivers.ovn.mech_driver.ovsdb.ovn_client [None req-127cfbef-24d0-4c33-a839-4d1f2686f2d8 - - - - - -] No hosting information found for port f4c6a1c3-7897-4c70-82fb-e1f64e0633b1: RuntimeError: No hosting information found for port f4c6a1c3-7897-4c70-82fb-e1f64e0633b1
2026-07-21 14:30:44.801 7 INFO neutron.common.ovn.utils [None req-127cfbef-24d0-4c33-a839-4d1f2686f2d8 - - - - - -] HA Chassis Group neutron-d5a13016-ef3c-4e83-beb5-fa416cef5ce7 synchronized; highest priority chassis aa5544fa-03d7-4d66-989c-97d642d4a9c5 [pid: 8|app: 0|req: 348/684] 10.0.0.228 () {34 vars in 1002 bytes} [Tue Jul 21 14:30:44 2026] GET /v2.0/ports?tenant_id=5ab47f59f1dd4fda99b6e1fe7c36c94a&fields=id => generated 103 bytes in 191 msecs (HTTP/1.1 200) 4 headers in 157 bytes (1 switches on core 0)
2026-07-21 14:30:44.904 7 INFO neutron.db.ovn_revision_numbers_db [req-da333c6e-fc6c-44c8-84d4-33a8e5fd9155 req-6e088e1e-29a1-479b-8d94-04146e64655f 8b3ef72c53c449d0b2d6ea10dd429460 03797bfc72ac4ddaba27e88dfdfa8e60 - - default default] Successfully bumped revision number for resource caaffbb8-edf7-472d-af7f-01f7bf44b9b4 (type: security_group_rules) to 0 [pid: 7|app: 0|req: 337/685] 10.0.0.228 () {38 vars in 981 bytes} [Tue Jul 21 14:30:44 2026] POST /v2.0/security-group-rules => generated 619 bytes in 319 msecs (HTTP/1.1 201) 4 headers in 162 bytes (1 switches on core 0)
2026-07-21 14:30:44.989 8 WARNING neutron.db.securitygroups_db [req-dcce5f7d-e5b4-4afd-a5a1-394c921cb3da req-b47d323a-8d8b-4346-a5de-ced33b289905 31520e3c29a44ce0a2926467454dca08 e684dd1b3bca4726a3010e142a2d7813 - - default default] project_id key not found in filters, using tenant_id instead. This support has been deprecated and will be removed in a future release.
2026-07-21 14:30:44.995 7 INFO neutron.db.ovn_revision_numbers_db [None req-127cfbef-24d0-4c33-a839-4d1f2686f2d8 - - - - - -] Successfully bumped revision number for resource f4c6a1c3-7897-4c70-82fb-e1f64e0633b1 (type: router_ports) to 2 [pid: 8|app: 0|req: 349/686] 10.0.0.228 () {34 vars in 1002 bytes} [Tue Jul 21 14:30:44 2026] GET /v2.0/security-groups?tenant_id=e684dd1b3bca4726a3010e142a2d7813 => generated 7903 bytes in 62 msecs (HTTP/1.1 200) 4 headers in 158 bytes (1 switches on core 0)
2026-07-21 14:30:45.056 7 INFO neutron.common.ovn.utils [None req-127cfbef-24d0-4c33-a839-4d1f2686f2d8 - - - - - -] HA Chassis Group neutron-23ec4916-d398-4b4a-a304-4ced620a3887 synchronized; highest priority chassis aa5544fa-03d7-4d66-989c-97d642d4a9c5 [pid: 8|app: 0|req: 351/689] 10.0.0.228 () {34 vars in 991 bytes} [Tue Jul 21 14:30:45 2026] GET /v2.0/security-groups/aaac88a8-0be6-4909-8512-28c93f311c80 => generated 2918 bytes in 40 msecs (HTTP/1.1 200) 4 headers in 158 bytes (1 switches on core 0)
2026-07-21 14:30:45.154 7 INFO neutron.plugins.ml2.drivers.ovn.mech_driver.mech_driver [None req-127cfbef-24d0-4c33-a839-4d1f2686f2d8 - - - - - -] OVN reports status down for port: cc89b64c-4a02-40c1-9081-2be219025bc4 [pid: 7|app: 0|req: 339/690] 10.0.0.228 () {34 vars in 991 bytes} [Tue Jul 21 14:30:45 2026] GET /v2.0/security-groups/aaac88a8-0be6-4909-8512-28c93f311c80 => generated 2918 bytes in 79 msecs (HTTP/1.1 200) 4 headers in 158 bytes (1 switches on core 0) [pid: 8|app: 0|req: 352/691] 10.0.0.228 () {34 vars in 907 bytes} [Tue Jul 21 14:30:45 2026] GET /v2.0/extensions => generated 22668 bytes in 47 msecs (HTTP/1.1 200) 4 headers in 159 bytes (1 switches on core 0) [pid: 7|app: 0|req: 340/692] 10.0.0.228 () {34 vars in 991 bytes} [Tue Jul 21 14:30:45 2026] GET /v2.0/security-groups/fddce741-0fe5-4a48-9975-54643262dd1e => generated 2940 bytes in 65 msecs (HTTP/1.1 200) 4 headers in 158 bytes (1 switches on core 0) [pid: 8|app: 0|req: 353/693] 10.0.0.228 () {34 vars in 1008 bytes} [Tue Jul 21 14:30:45 2026] GET /v2.0/networks/23ec4916-d398-4b4a-a304-4ced620a3887?fields=segments => generated 14 bytes in 61 msecs (HTTP/1.1 200) 4 headers in 156 bytes (1 switches on core 0) [pid: 7|app: 0|req: 341/694] 10.0.0.228 () {34 vars in 991 bytes} [Tue Jul 21 14:30:45 2026] GET /v2.0/security-groups/104b117f-4a9d-424f-94cc-253772e83b22 => generated 1682 bytes in 72 msecs (HTTP/1.1 200) 4 headers in 158 bytes (1 switches on core 0) [pid: 8|app: 0|req: 354/695] 10.0.0.228 () {34 vars in 1108 bytes} [Tue Jul 21 14:30:45 2026] GET /v2.0/networks/23ec4916-d398-4b4a-a304-4ced620a3887?fields=provider%3Aphysical_network&fields=provider%3Anetwork_type => generated 79 bytes in 43 msecs (HTTP/1.1 200) 4 headers in 156 bytes (1 switches on core 0) [pid: 8|app: 0|req: 355/696] 10.0.0.228 () {34 vars in 1001 bytes} [Tue Jul 21 14:30:45 2026] GET /v2.0/security-group-rules/caaffbb8-edf7-472d-af7f-01f7bf44b9b4 => generated 616 bytes in 27 msecs (HTTP/1.1 200) 4 headers in 157 bytes (1 switches on core 0) [pid: 8|app: 0|req: 356/697] 10.0.0.228 () {34 vars in 991 bytes} [Tue Jul 21 14:30:45 2026] GET /v2.0/security-groups/fddce741-0fe5-4a48-9975-54643262dd1e => generated 2940 bytes in 59 msecs (HTTP/1.1 200) 4 headers in 158 bytes (1 switches on core 0) [pid: 7|app: 0|req: 342/698] 10.0.0.228 () {36 vars in 1013 bytes} [Tue Jul 21 14:30:45 2026] DELETE /v2.0/security-groups/104b117f-4a9d-424f-94cc-253772e83b22 => generated 0 bytes in 323 msecs (HTTP/1.1 204) 2 headers in 112 bytes (1 switches on core 0) [pid: 8|app: 0|req: 357/699] 10.0.0.228 () {36 vars in 1023 bytes} [Tue Jul 21 14:30:45 2026] DELETE /v2.0/security-group-rules/caaffbb8-edf7-472d-af7f-01f7bf44b9b4 => generated 0 bytes in 146 msecs (HTTP/1.1 204) 2 headers in 112 bytes (1 switches on core 0) [pid: 7|app: 0|req: 343/700] 10.0.0.228 () {34 vars in 1070 bytes} [Tue Jul 21 14:30:45 2026] GET /v2.0/ports?fields=security_groups&fields=device_id&device_id=847ad0b0-0244-42e6-8bd6-927e57569023 => generated 12 bytes in 65 msecs (HTTP/1.1 200) 4 headers in 156 bytes (1 switches on core 0)
2026-07-21 14:30:45.805 7 INFO neutron.db.ovn_revision_numbers_db [None req-127cfbef-24d0-4c33-a839-4d1f2686f2d8 - - - - - -] Successfully bumped revision number for resource cc89b64c-4a02-40c1-9081-2be219025bc4 (type: ports) to 6
2026-07-21 14:30:45.809 8 INFO neutron.api.v2.resource [req-4b3b079e-1df7-4dda-a5ba-ec73e72a5bc3 req-d9cfc20a-daca-4a1a-99ec-a985a0f3347b 31520e3c29a44ce0a2926467454dca08 e684dd1b3bca4726a3010e142a2d7813 - - default default] show failed (client error): The resource could not be found. [pid: 8|app: 0|req: 358/701] 10.0.0.228 () {34 vars in 991 bytes} [Tue Jul 21 14:30:45 2026] GET /v2.0/security-groups/104b117f-4a9d-424f-94cc-253772e83b22 => generated 146 bytes in 16 msecs (HTTP/1.1 404) 4 headers in 164 bytes (1 switches on core 0) [pid: 8|app: 0|req: 359/702] 10.0.0.228 () {34 vars in 991 bytes} [Tue Jul 21 14:30:45 2026] GET /v2.0/security-groups/564eb010-99b5-4843-80f2-7da8aa90224d => generated 1679 bytes in 28 msecs (HTTP/1.1 200) 4 headers in 158 bytes (1 switches on core 0) [pid: 7|app: 0|req: 344/703] 10.0.0.228 () {34 vars in 991 bytes} [Tue Jul 21 14:30:45 2026] GET /v2.0/security-groups/fddce741-0fe5-4a48-9975-54643262dd1e => generated 2310 bytes in 65 msecs (HTTP/1.1 200) 4 headers in 158 bytes (1 switches on core 0)
2026-07-21 14:30:45.916 7 WARNING neutron.plugins.ml2.drivers.ovn.mech_driver.ovsdb.ovn_client [None req-a98bfea1-15b3-4e44-b816-d13907e5b8aa - - - - - -] Logical_Switch_Port cc89b64c-4a02-40c1-9081-2be219025bc4 host information not removed, the port state is up
2026-07-21 14:30:46.004 7 INFO neutron.common.ovn.utils [None req-a98bfea1-15b3-4e44-b816-d13907e5b8aa - - - - - -] HA Chassis Group neutron-dd7341eb-34ac-405d-8a2e-638e2aa6ea27 synchronized; highest priority chassis aa5544fa-03d7-4d66-989c-97d642d4a9c5 [pid: 8|app: 0|req: 360/704] 10.0.0.228 () {36 vars in 1013 bytes} [Tue Jul 21 14:30:45 2026] DELETE /v2.0/security-groups/564eb010-99b5-4843-80f2-7da8aa90224d => generated 0 bytes in 142 msecs (HTTP/1.1 204) 2 headers in 112 bytes (1 switches on core 0)
2026-07-21 14:30:46.054 8 INFO neutron.api.v2.resource [req-99422438-08b4-4394-898f-bace35230af5 req-ed72e3ad-dd29-4123-8a8e-34338a1d1186 31520e3c29a44ce0a2926467454dca08 e684dd1b3bca4726a3010e142a2d7813 - - default default] show failed (client error): The resource could not be found. [pid: 8|app: 0|req: 361/705] 10.0.0.228 () {34 vars in 991 bytes} [Tue Jul 21 14:30:46 2026] GET /v2.0/security-groups/564eb010-99b5-4843-80f2-7da8aa90224d => generated 146 bytes in 15 msecs (HTTP/1.1 404) 4 headers in 164 bytes (1 switches on core 0)
2026-07-21 14:30:46.086 7 INFO neutron.common.ovn.utils [None req-a98bfea1-15b3-4e44-b816-d13907e5b8aa - - - - - -] HA Chassis Group neutron-5af3724e-d2d9-42aa-b184-38129e1fd957 synchronized; highest priority chassis aa5544fa-03d7-4d66-989c-97d642d4a9c5
2026-07-21 14:30:46.099 7 INFO neutron.plugins.ml2.drivers.ovn.mech_driver.mech_driver [None req-a98bfea1-15b3-4e44-b816-d13907e5b8aa - - - - - -] OVN reports status up for port: cc89b64c-4a02-40c1-9081-2be219025bc4 [pid: 8|app: 0|req: 362/706] 10.0.0.228 () {34 vars in 991 bytes} [Tue Jul 21 14:30:46 2026] GET /v2.0/security-groups/13eaba65-a02c-434c-95bf-e8dd27a74802 => generated 1681 bytes in 38 msecs (HTTP/1.1 200) 4 headers in 158 bytes (1 switches on core 0)
2026-07-21 14:30:46.118 7 INFO neutron.plugins.ml2.plugin [None req-a98bfea1-15b3-4e44-b816-d13907e5b8aa - - - - - -] Attempt 1 to provision port cc89b64c-4a02-40c1-9081-2be219025bc4 [pid: 7|app: 0|req: 345/707] 10.0.0.228 () {36 vars in 1013 bytes} [Tue Jul 21 14:30:45 2026] DELETE /v2.0/security-groups/fddce741-0fe5-4a48-9975-54643262dd1e => generated 0 bytes in 248 msecs (HTTP/1.1 204) 2 headers in 112 bytes (1 switches on core 0) [pid: 7|app: 0|req: 346/708] 10.0.0.228 () {34 vars in 991 bytes} [Tue Jul 21 14:30:46 2026] GET /v2.0/security-groups/7268bdb5-6783-4a50-9c5a-b88a11e4bcc3 => generated 2309 bytes in 50 msecs (HTTP/1.1 200) 4 headers in 158 bytes (1 switches on core 0) [pid: 8|app: 0|req: 363/709] 10.0.0.228 () {36 vars in 1013 bytes} [Tue Jul 21 14:30:46 2026] DELETE /v2.0/security-groups/13eaba65-a02c-434c-95bf-e8dd27a74802 => generated 0 bytes in 167 msecs (HTTP/1.1 204) 2 headers in 112 bytes (1 switches on core 0)
2026-07-21 14:30:46.315 8 INFO neutron.api.v2.resource [req-c011fce4-5d4b-4527-8f60-f960ea4fa170 req-bc828aaa-178b-4663-a25e-7485a7c332ee 31520e3c29a44ce0a2926467454dca08 e684dd1b3bca4726a3010e142a2d7813 - - default default] show failed (client error): The resource could not be found. [pid: 8|app: 0|req: 364/710] 10.0.0.228 () {34 vars in 991 bytes} [Tue Jul 21 14:30:46 2026] GET /v2.0/security-groups/13eaba65-a02c-434c-95bf-e8dd27a74802 => generated 146 bytes in 13 msecs (HTTP/1.1 404) 4 headers in 164 bytes (1 switches on core 0)
2026-07-21 14:30:46.344 8 WARNING neutron.db.securitygroups_db [req-16106e65-40b7-4941-b7ca-62cb2113f6e8 req-adc7cc11-8997-4d4c-a658-43807e36ca9d 31520e3c29a44ce0a2926467454dca08 e684dd1b3bca4726a3010e142a2d7813 - - default default] project_id key not found in filters, using tenant_id instead. This support has been deprecated and will be removed in a future release. [pid: 8|app: 0|req: 365/711] 10.0.0.228 () {34 vars in 1002 bytes} [Tue Jul 21 14:30:46 2026] GET /v2.0/security-groups?tenant_id=e684dd1b3bca4726a3010e142a2d7813 => generated 2921 bytes in 39 msecs (HTTP/1.1 200) 4 headers in 158 bytes (1 switches on core 0) [pid: 8|app: 0|req: 366/712] 10.0.0.228 () {34 vars in 991 bytes} [Tue Jul 21 14:30:46 2026] GET /v2.0/security-groups/aaac88a8-0be6-4909-8512-28c93f311c80 => generated 2918 bytes in 36 msecs (HTTP/1.1 200) 4 headers in 158 bytes (1 switches on core 0) [pid: 8|app: 0|req: 367/713] 10.0.0.228 () {34 vars in 991 bytes} [Tue Jul 21 14:30:46 2026] GET /v2.0/security-groups/aaac88a8-0be6-4909-8512-28c93f311c80 => generated 2918 bytes in 48 msecs (HTTP/1.1 200) 4 headers in 158 bytes (1 switches on core 0)
2026-07-21 14:30:46.519 8 INFO neutron.api.v2.resource [req-de47bb58-5133-4e46-bfe0-161508e624f6 req-aad8d0be-5476-4e29-8f49-79b7c981a507 31520e3c29a44ce0a2926467454dca08 e684dd1b3bca4726a3010e142a2d7813 - - default default] show failed (client error): The resource could not be found. [pid: 8|app: 0|req: 368/714] 10.0.0.228 () {34 vars in 991 bytes} [Tue Jul 21 14:30:46 2026] GET /v2.0/security-groups/13eaba65-a02c-434c-95bf-e8dd27a74802 => generated 146 bytes in 15 msecs (HTTP/1.1 404) 4 headers in 164 bytes (1 switches on core 0) [pid: 7|app: 0|req: 347/715] 10.0.0.228 () {36 vars in 1013 bytes} [Tue Jul 21 14:30:46 2026] DELETE /v2.0/security-groups/7268bdb5-6783-4a50-9c5a-b88a11e4bcc3 => generated 0 bytes in 312 msecs (HTTP/1.1 204) 2 headers in 112 bytes (1 switches on core 0)
2026-07-21 14:30:46.566 7 INFO neutron.api.v2.resource [req-5cc2a55c-9a82-4793-8be7-9b1211eb8b44 req-979ddae4-e24a-4c05-adb7-fb04d6049533 31520e3c29a44ce0a2926467454dca08 e684dd1b3bca4726a3010e142a2d7813 - - default default] show failed (client error): The resource could not be found. [pid: 7|app: 0|req: 348/716] 10.0.0.228 () {34 vars in 991 bytes} [Tue Jul 21 14:30:46 2026] GET /v2.0/security-groups/564eb010-99b5-4843-80f2-7da8aa90224d => generated 146 bytes in 30 msecs (HTTP/1.1 404) 4 headers in 164 bytes (1 switches on core 0)
2026-07-21 14:30:46.613 7 INFO neutron.api.v2.resource [req-228e979e-20ae-4916-9a11-e26a0b12419a req-90b3110e-b2fd-41fc-bf23-2299f09d5182 31520e3c29a44ce0a2926467454dca08 e684dd1b3bca4726a3010e142a2d7813 - - default default] show failed (client error): The resource could not be found. [pid: 7|app: 0|req: 349/717] 10.0.0.228 () {34 vars in 991 bytes} [Tue Jul 21 14:30:46 2026] GET /v2.0/security-groups/104b117f-4a9d-424f-94cc-253772e83b22 => generated 146 bytes in 26 msecs (HTTP/1.1 404) 4 headers in 164 bytes (1 switches on core 0)
2026-07-21 14:30:46.712 7 INFO neutron.db.ovn_revision_numbers_db [None req-a98bfea1-15b3-4e44-b816-d13907e5b8aa - - - - - -] Successfully bumped revision number for resource cc89b64c-4a02-40c1-9081-2be219025bc4 (type: ports) to 7
2026-07-21 14:30:46.907 7 INFO neutron.plugins.ml2.drivers.ovn.mech_driver.mech_driver [None req-691a660c-73ae-4239-809b-db013da5b0e0 - - - - - -] OVN reports status down for port: 1b89db75-b084-4b7e-ad77-ae3f32da512d
2026-07-21 14:30:46.959 8 INFO neutron_taas.services.taas.taas_plugin [None req-2e3eec8c-27fa-401c-9a74-7311d8b23262 fa420d162eb14791b146f3624d38cc62 e8d6d75ee70e476ead7ffe8ea7c36383 - - default default] TaaS: Handle Delete Port: e84728e4-c2df-4cd8-a7e7-b8ac9e1af44f
2026-07-21 14:30:46.966 8 INFO neutron_taas.services.taas.tap_mirror_plugin [None req-2e3eec8c-27fa-401c-9a74-7311d8b23262 fa420d162eb14791b146f3624d38cc62 e8d6d75ee70e476ead7ffe8ea7c36383 - - default default] Tap Mirror: Handle Delete Port: e84728e4-c2df-4cd8-a7e7-b8ac9e1af44f
2026-07-21 14:30:47.062 7 WARNING neutron.plugins.ml2.drivers.ovn.mech_driver.ovsdb.ovn_client [None req-691a660c-73ae-4239-809b-db013da5b0e0 - - - - - -] Logical_Switch_Port 1b89db75-b084-4b7e-ad77-ae3f32da512d host information not removed, the port state is up
2026-07-21 14:30:47.062 7 INFO neutron.plugins.ml2.drivers.ovn.mech_driver.mech_driver [None req-691a660c-73ae-4239-809b-db013da5b0e0 - - - - - -] OVN reports status up for port: 1b89db75-b084-4b7e-ad77-ae3f32da512d
2026-07-21 14:30:47.092 7 INFO neutron.plugins.ml2.plugin [None req-691a660c-73ae-4239-809b-db013da5b0e0 - - - - - -] Attempt 1 to provision port 1b89db75-b084-4b7e-ad77-ae3f32da512d
2026-07-21 14:30:47.319 7 INFO neutron_taas.services.taas.taas_plugin [None req-080d9c8e-1870-48f3-8021-5eed20411c2f fa420d162eb14791b146f3624d38cc62 e8d6d75ee70e476ead7ffe8ea7c36383 - - default default] TaaS: Handle Delete Port: 1b89db75-b084-4b7e-ad77-ae3f32da512d
2026-07-21 14:30:47.332 7 INFO neutron_taas.services.taas.tap_mirror_plugin [None req-080d9c8e-1870-48f3-8021-5eed20411c2f fa420d162eb14791b146f3624d38cc62 e8d6d75ee70e476ead7ffe8ea7c36383 - - default default] Tap Mirror: Handle Delete Port: 1b89db75-b084-4b7e-ad77-ae3f32da512d [pid: 8|app: 0|req: 369/718] 10.0.0.241 () {34 vars in 789 bytes} [Tue Jul 21 14:30:46 2026] PUT /v2.0/routers/e1c7d088-701e-4fec-9c1a-6be2b0430987/remove_router_interface => generated 310 bytes in 1182 msecs (HTTP/1.1 200) 4 headers in 157 bytes (1 switches on core 0) /var/lib/openstack/lib/python3.12/site-packages/pycadf/identifier.py:70: UserWarning: Invalid uuid: neutron. To ensure interoperability, identifiers should be a valid uuid. warnings.warn(('Invalid uuid: %s. To ensure interoperability, ' [pid: 8|app: 0|req: 370/719] 10.0.0.228 () {34 vars in 1070 bytes} [Tue Jul 21 14:30:47 2026] GET /v2.0/ports?fields=security_groups&fields=device_id&device_id=847ad0b0-0244-42e6-8bd6-927e57569023 => generated 12 bytes in 61 msecs (HTTP/1.1 200) 4 headers in 156 bytes (1 switches on core 0)
2026-07-21 14:30:47.824 7 ERROR ovsdbapp.backend.ovs_idl.transaction [None req-691a660c-73ae-4239-809b-db013da5b0e0 - - - - - -]
Traceback (most recent call last): File "/var/lib/openstack/lib/python3.12/site-packages/neutron/plugins/ml2/drivers/ovn/mech_driver/ovsdb/commands.py", line 289, in run_idl port = idlutils.row_by_value(self.api.idl, 'Logical_Switch_Port', ^^^^^^^^^^^^^^^^^^^^^^^^^^^^^^^^^^^^^^^^^^^^^^^^^^^^^^^^^^
File "/var/lib/openstack/lib/python3.12/site-packages/ovsdbapp/backend/ovs_idl/idlutils.py", line 116, in row_by_value raise RowNotFound(table=table, col=column, match=match) ovsdbapp.backend.ovs_idl.idlutils.RowNotFound: Cannot find Logical_Switch_Port with name=1b89db75-b084-4b7e-ad77-ae3f32da512d During handling of the above exception, another exception occurred: Traceback (most recent call last): File "/var/lib/openstack/lib/python3.12/site-packages/ovsdbapp/backend/ovs_idl/connection.py", line 127, in run txn.results.put(txn.do_commit()) ^^^^^^^^^^^^^^^
File "/var/lib/openstack/lib/python3.12/site-packages/ovsdbapp/backend/ovs_idl/transaction.py", line 92, in do_commit command.run_idl(txn)
File "/var/lib/openstack/lib/python3.12/site-packages/neutron/plugins/ml2/drivers/ovn/mech_driver/ovsdb/commands.py", line 295, in run_idl raise RuntimeError(msg) RuntimeError: Logical Switch Port 1b89db75-b084-4b7e-ad77-ae3f32da512d does not exist
2026-07-21 14:30:47.825 7 ERROR neutron.plugins.ml2.managers [None req-691a660c-73ae-4239-809b-db013da5b0e0 - - - - - -] Mechanism driver 'ovn' failed in update_port_postcommit: RuntimeError: Logical Switch Port 1b89db75-b084-4b7e-ad77-ae3f32da512d does not exist
2026-07-21 14:30:47.825 7 ERROR neutron.plugins.ml2.managers
Traceback (most recent call last):
2026-07-21 14:30:47.825 7 ERROR neutron.plugins.ml2.managers
File "/var/lib/openstack/lib/python3.12/site-packages/neutron/plugins/ml2/drivers/ovn/mech_driver/ovsdb/commands.py", line 289, in run_idl
2026-07-21 14:30:47.825 7 ERROR neutron.plugins.ml2.managers port = idlutils.row_by_value(self.api.idl, 'Logical_Switch_Port',
2026-07-21 14:30:47.825 7 ERROR neutron.plugins.ml2.managers ^^^^^^^^^^^^^^^^^^^^^^^^^^^^^^^^^^^^^^^^^^^^^^^^^^^^^^^^^^
2026-07-21 14:30:47.825 7 ERROR neutron.plugins.ml2.managers
File "/var/lib/openstack/lib/python3.12/site-packages/ovsdbapp/backend/ovs_idl/idlutils.py", line 116, in row_by_value
2026-07-21 14:30:47.825 7 ERROR neutron.plugins.ml2.managers raise RowNotFound(table=table, col=column, match=match)
2026-07-21 14:30:47.825 7 ERROR neutron.plugins.ml2.managers ovsdbapp.backend.ovs_idl.idlutils.RowNotFound: Cannot find Logical_Switch_Port with name=1b89db75-b084-4b7e-ad77-ae3f32da512d
2026-07-21 14:30:47.825 7 ERROR neutron.plugins.ml2.managers
2026-07-21 14:30:47.825 7 ERROR neutron.plugins.ml2.managers During handling of the above exception, another exception occurred:
2026-07-21 14:30:47.825 7 ERROR neutron.plugins.ml2.managers
2026-07-21 14:30:47.825 7 ERROR neutron.plugins.ml2.managers
Traceback (most recent call last):
2026-07-21 14:30:47.825 7 ERROR neutron.plugins.ml2.managers
File "/var/lib/openstack/lib/python3.12/site-packages/neutron/plugins/ml2/managers.py", line 545, in _call_on_drivers
2026-07-21 14:30:47.825 7 ERROR neutron.plugins.ml2.managers getattr(driver.obj, method_name)(context)
2026-07-21 14:30:47.825 7 ERROR neutron.plugins.ml2.managers
File "/var/lib/openstack/lib/python3.12/site-packages/neutron/plugins/ml2/drivers/ovn/mech_driver/mech_driver.py", line 1092, in update_port_postcommit
2026-07-21 14:30:47.825 7 ERROR neutron.plugins.ml2.managers self._ovn_update_port(context.plugin_context, port, original_port,
2026-07-21 14:30:47.825 7 ERROR neutron.plugins.ml2.managers
File "/var/lib/openstack/lib/python3.12/site-packages/neutron/plugins/ml2/drivers/ovn/mech_driver/mech_driver.py", line 954, in _ovn_update_port
2026-07-21 14:30:47.825 7 ERROR neutron.plugins.ml2.managers self._ovn_client.update_port(plugin_context, port,
2026-07-21 14:30:47.825 7 ERROR neutron.plugins.ml2.managers
File "/var/lib/openstack/lib/python3.12/site-packages/neutron/plugins/ml2/drivers/ovn/mech_driver/ovsdb/ovn_client.py", line 717, in update_port
2026-07-21 14:30:47.825 7 ERROR neutron.plugins.ml2.managers with self._nb_idl.transaction(check_error=True,
2026-07-21 14:30:47.825 7 ERROR neutron.plugins.ml2.managers
File "/usr/lib/python3.12/contextlib.py", line 144, in __exit__
2026-07-21 14:30:47.825 7 ERROR neutron.plugins.ml2.managers next(self.gen)
2026-07-21 14:30:47.825 7 ERROR neutron.plugins.ml2.managers
File "/var/lib/openstack/lib/python3.12/site-packages/neutron/plugins/ml2/drivers/ovn/mech_driver/ovsdb/impl_idl_ovn.py", line 277, in transaction
2026-07-21 14:30:47.825 7 ERROR neutron.plugins.ml2.managers with super().transaction(*args, **kwargs) as t:
2026-07-21 14:30:47.825 7 ERROR neutron.plugins.ml2.managers
File "/usr/lib/python3.12/contextlib.py", line 144, in __exit__
2026-07-21 14:30:47.825 7 ERROR neutron.plugins.ml2.managers next(self.gen)
2026-07-21 14:30:47.825 7 ERROR neutron.plugins.ml2.managers
File "/var/lib/openstack/lib/python3.12/site-packages/ovsdbapp/api.py", line 114, in transaction
2026-07-21 14:30:47.825 7 ERROR neutron.plugins.ml2.managers with self.create_transaction(
2026-07-21 14:30:47.825 7 ERROR neutron.plugins.ml2.managers
File "/var/lib/openstack/lib/python3.12/site-packages/ovsdbapp/api.py", line 71, in __exit__
2026-07-21 14:30:47.825 7 ERROR neutron.plugins.ml2.managers self.result = self.commit()
2026-07-21 14:30:47.825 7 ERROR neutron.plugins.ml2.managers ^^^^^^^^^^^^^
2026-07-21 14:30:47.825 7 ERROR neutron.plugins.ml2.managers
File "/var/lib/openstack/lib/python3.12/site-packages/ovsdbapp/backend/ovs_idl/transaction.py", line 64, in commit
2026-07-21 14:30:47.825 7 ERROR neutron.plugins.ml2.managers raise result.ex
2026-07-21 14:30:47.825 7 ERROR neutron.plugins.ml2.managers
File "/var/lib/openstack/lib/python3.12/site-packages/ovsdbapp/backend/ovs_idl/connection.py", line 127, in run
2026-07-21 14:30:47.825 7 ERROR neutron.plugins.ml2.managers txn.results.put(txn.do_commit())
2026-07-21 14:30:47.825 7 ERROR neutron.plugins.ml2.managers ^^^^^^^^^^^^^^^
2026-07-21 14:30:47.825 7 ERROR neutron.plugins.ml2.managers
File "/var/lib/openstack/lib/python3.12/site-packages/ovsdbapp/backend/ovs_idl/transaction.py", line 92, in do_commit
2026-07-21 14:30:47.825 7 ERROR neutron.plugins.ml2.managers command.run_idl(txn)
2026-07-21 14:30:47.825 7 ERROR neutron.plugins.ml2.managers
File "/var/lib/openstack/lib/python3.12/site-packages/neutron/plugins/ml2/drivers/ovn/mech_driver/ovsdb/commands.py", line 295, in run_idl
2026-07-21 14:30:47.825 7 ERROR neutron.plugins.ml2.managers raise RuntimeError(msg)
2026-07-21 14:30:47.825 7 ERROR neutron.plugins.ml2.managers RuntimeError: Logical Switch Port 1b89db75-b084-4b7e-ad77-ae3f32da512d does not exist
2026-07-21 14:30:47.825 7 ERROR neutron.plugins.ml2.managers
2026-07-21 14:30:47.921 7 INFO neutron.common.ovn.utils [None req-691a660c-73ae-4239-809b-db013da5b0e0 - - - - - -] HA Chassis Group neutron-5af3724e-d2d9-42aa-b184-38129e1fd957 synchronized; highest priority chassis aa5544fa-03d7-4d66-989c-97d642d4a9c5
2026-07-21 14:30:48.130 8 INFO neutron_taas.services.taas.taas_plugin [None req-e44c5364-ebc1-4155-8abe-804d375c4ba3 fa420d162eb14791b146f3624d38cc62 e8d6d75ee70e476ead7ffe8ea7c36383 - - default default] TaaS: Handle Delete Port: ea8c6037-2d9b-4658-8ca2-bfb878f62dff
2026-07-21 14:30:48.134 8 INFO neutron_taas.services.taas.tap_mirror_plugin [None req-e44c5364-ebc1-4155-8abe-804d375c4ba3 fa420d162eb14791b146f3624d38cc62 e8d6d75ee70e476ead7ffe8ea7c36383 - - default default] Tap Mirror: Handle Delete Port: ea8c6037-2d9b-4658-8ca2-bfb878f62dff [pid: 7|app: 0|req: 350/720] 10.0.0.241 () {34 vars in 789 bytes} [Tue Jul 21 14:30:46 2026] PUT /v2.0/routers/611ddea5-7019-47cc-8048-87de65f19d03/remove_router_interface => generated 310 bytes in 1646 msecs (HTTP/1.1 200) 4 headers in 157 bytes (1 switches on core 0) /var/lib/openstack/lib/python3.12/site-packages/pycadf/identifier.py:70: UserWarning: Invalid uuid: neutron. To ensure interoperability, identifiers should be a valid uuid. warnings.warn(('Invalid uuid: %s. To ensure interoperability, '
2026-07-21 14:30:48.284 7 WARNING neutron.db.securitygroups_db [req-cf9add62-4a0f-4cf1-b705-50401ff1adf8 req-3926a1dc-277f-4bc3-9e0d-835044e342c4 0f390e74fe054755a4a33aaf3c3b7027 880ac9f487cc4307969846ef2af575b3 - - default default] project_id key not found in filters, using tenant_id instead. This support has been deprecated and will be removed in a future release. [pid: 7|app: 0|req: 351/721] 10.0.0.228 () {34 vars in 1098 bytes} [Tue Jul 21 14:30:48 2026] GET /v2.0/security-groups?name=tempest-securitygroup--776742269&fields=id&tenant_id=880ac9f487cc4307969846ef2af575b3 => generated 69 bytes in 53 msecs (HTTP/1.1 200) 4 headers in 156 bytes (1 switches on core 0) [pid: 8|app: 0|req: 371/722] 10.0.0.241 () {32 vars in 724 bytes} [Tue Jul 21 14:30:47 2026] DELETE /v2.0/routers/e1c7d088-701e-4fec-9c1a-6be2b0430987 => generated 0 bytes in 832 msecs (HTTP/1.1 204) 2 headers in 112 bytes (1 switches on core 0) [pid: 8|app: 0|req: 372/723] 10.0.0.228 () {34 vars in 982 bytes} [Tue Jul 21 14:30:48 2026] GET /v2.0/networks?id=d5a13016-ef3c-4e83-beb5-fa416cef5ce7 => generated 718 bytes in 43 msecs (HTTP/1.1 200) 4 headers in 157 bytes (1 switches on core 0)
2026-07-21 14:30:48.707 7 INFO neutron_taas.services.taas.taas_plugin [None req-96fa701d-90d4-4fbe-8590-834320293004 fa420d162eb14791b146f3624d38cc62 e8d6d75ee70e476ead7ffe8ea7c36383 - - default default] TaaS: Handle Delete Port: cc89b64c-4a02-40c1-9081-2be219025bc4
2026-07-21 14:30:48.711 7 INFO neutron_taas.services.taas.tap_mirror_plugin [None req-96fa701d-90d4-4fbe-8590-834320293004 fa420d162eb14791b146f3624d38cc62 e8d6d75ee70e476ead7ffe8ea7c36383 - - default default] Tap Mirror: Handle Delete Port: cc89b64c-4a02-40c1-9081-2be219025bc4 [pid: 8|app: 0|req: 373/724] 10.0.0.241 () {32 vars in 724 bytes} [Tue Jul 21 14:30:48 2026] DELETE /v2.0/subnets/03c8d9c3-e51e-4d11-858d-6a687463c450 => generated 0 bytes in 204 msecs (HTTP/1.1 204) 3 headers in 131 bytes (1 switches on core 0) [pid: 8|app: 0|req: 374/725] 10.0.0.228 () {34 vars in 965 bytes} [Tue Jul 21 14:30:48 2026] GET /v2.0/quotas/880ac9f487cc4307969846ef2af575b3 => generated 312 bytes in 14 msecs (HTTP/1.1 200) 4 headers in 157 bytes (1 switches on core 0)
2026-07-21 14:30:49.011 8 INFO neutron_taas.services.taas.taas_plugin [None req-b45024e6-0dea-4849-a744-9aeb0fc0db66 fa420d162eb14791b146f3624d38cc62 e8d6d75ee70e476ead7ffe8ea7c36383 - - default default] TaaS: Handle Delete Port: e1860b65-0854-412c-a351-b808552cfb54
