Aug 31 07:38:52.533058 np0000191560 devstack@o-api.service[122673]: [pid: 122673|app: 0|req: 2/8] 172.18.0.2 () {54 vars in 1278 bytes} [Mon Aug 31 07:38:52 2026] GET /load-balancer/v2.0/lbaas/listeners?name=k8s-clusterapi-cluster-magnum-system-kube-0a4j2-kubeapi-6443 => generated 40 bytes in 40 msecs (HTTP/1.1 200) 4 headers in 156 bytes (1 switches on core 0)
Aug 31 07:38:52.606916 np0000191560 devstack@o-api.service[122674]: DEBUG ovsdbapp.backend.ovs_idl [None req-f3fc6b33-8526-4add-8a56-c34a63089083 demo demo] Connection already started, not creating indices {{(pid=122674) __init__ /opt/stack/data/venv/lib/python3.12/site-packages/ovsdbapp/backend/ovs_idl/__init__.py:36}}
Aug 31 07:38:52.608347 np0000191560 devstack@o-api.service[122674]: DEBUG octavia.db.repositories [None req-f3fc6b33-8526-4add-8a56-c34a63089083 demo demo] Checking quota for project: a8ffebb5d0554c06b670026f6c2845af object: {{(pid=122674) check_quota_met /opt/stack/octavia/octavia/db/repositories.py:451}}
Aug 31 07:38:52.682147 np0000191560 devstack@o-api.service[122674]: INFO octavia.api.v2.controllers.listener [None req-f3fc6b33-8526-4add-8a56-c34a63089083 demo demo] Sending create Listener 4e6d76e9-e434-4f75-a412-b9616dd071b7 to provider ovn
Aug 31 07:38:52.683500 np0000191560 devstack@o-api.service[122674]: DEBUG ovn_octavia_provider.helper [-] Handling request listener_create with info {'id': '4e6d76e9-e434-4f75-a412-b9616dd071b7', 'protocol': 'TCP', 'loadbalancer_id': '291c829d-237d-4036-b7f5-1c4e6de66a4b', 'protocol_port': 6443, 'default_pool_id': None, 'admin_state_up': True} {{(pid=122674) request_handler /opt/stack/ovn-octavia-provider/ovn_octavia_provider/helper.py:423}}
Aug 31 07:38:52.685340 np0000191560 devstack@o-api.service[122674]: DEBUG ovsdbapp.backend.ovs_idl.transaction [-] Running txn 828c8e8f n=1 command(idx=0): DbSetCommand(_result=None, table=Load_Balancer, record=83d350a3-d86c-42b1-b5c7-96d484a09d2f, col_values=(('protocol', 'tcp'),), if_exists=True) {{(pid=122674) do_commit /opt/stack/data/venv/lib/python3.12/site-packages/ovsdbapp/backend/ovs_idl/transaction.py:91}}
Aug 31 07:38:52.688022 np0000191560 devstack@o-api.service[122674]: DEBUG ovsdbapp.backend.ovs_idl.transaction [-] txn 828c8e8f succeeded {{(pid=122674) do_commit /opt/stack/data/venv/lib/python3.12/site-packages/ovsdbapp/backend/ovs_idl/transaction.py:137}}
Aug 31 07:38:52.689858 np0000191560 devstack@o-api.service[122674]: DEBUG ovsdbapp.backend.ovs_idl.transaction [-] Running txn c7e4572e n=1 command(idx=0): DbSetCommand(_result=None, table=Load_Balancer, record=83d350a3-d86c-42b1-b5c7-96d484a09d2f, col_values=(('external_ids', {'listener_4e6d76e9-e434-4f75-a412-b9616dd071b7': '6443:'}),), if_exists=True) {{(pid=122674) do_commit /opt/stack/data/venv/lib/python3.12/site-packages/ovsdbapp/backend/ovs_idl/transaction.py:91}}
Aug 31 07:38:52.691033 np0000191560 devstack@o-api.service[122674]: DEBUG ovsdbapp.backend.ovs_idl.transaction [-] Running txn c7e4572e n=1 command(idx=1): DbSetCommand(_result=None, table=Load_Balancer, record=83d350a3-d86c-42b1-b5c7-96d484a09d2f, col_values=(('protocol', 'tcp'),), if_exists=True) {{(pid=122674) do_commit /opt/stack/data/venv/lib/python3.12/site-packages/ovsdbapp/backend/ovs_idl/transaction.py:91}}
Aug 31 07:38:52.691033 np0000191560 devstack@o-api.service[122674]: DEBUG ovsdbapp.backend.ovs_idl.transaction [-] Running txn c7e4572e n=1 command(idx=2): DbClearCommand(_result=None, table=Load_Balancer, record=83d350a3-d86c-42b1-b5c7-96d484a09d2f, column=vips) {{(pid=122674) do_commit /opt/stack/data/venv/lib/python3.12/site-packages/ovsdbapp/backend/ovs_idl/transaction.py:91}}
Aug 31 07:38:52.691033 np0000191560 devstack@o-api.service[122674]: DEBUG ovsdbapp.backend.ovs_idl.transaction [-] Running txn c7e4572e n=1 command(idx=3): DbSetCommand(_result=None, table=Load_Balancer, record=83d350a3-d86c-42b1-b5c7-96d484a09d2f, col_values=(('vips', {}),), if_exists=True) {{(pid=122674) do_commit /opt/stack/data/venv/lib/python3.12/site-packages/ovsdbapp/backend/ovs_idl/transaction.py:91}}
Aug 31 07:38:52.692652 np0000191560 devstack@o-api.service[122674]: DEBUG ovsdbapp.backend.ovs_idl.transaction [-] txn c7e4572e succeeded {{(pid=122674) do_commit /opt/stack/data/venv/lib/python3.12/site-packages/ovsdbapp/backend/ovs_idl/transaction.py:137}}
Aug 31 07:38:52.693983 np0000191560 devstack@o-api.service[122674]: DEBUG ovn_octavia_provider.helper [-] Updating status to octavia: {'listeners': [{'id': '4e6d76e9-e434-4f75-a412-b9616dd071b7', 'provisioning_status': 'ACTIVE', 'operating_status': 'ONLINE'}], 'loadbalancers': [{'id': '291c829d-237d-4036-b7f5-1c4e6de66a4b', 'provisioning_status': 'ACTIVE'}]} {{(pid=122674) _update_status_to_octavia /opt/stack/ovn-octavia-provider/ovn_octavia_provider/helper.py:450}}
Aug 31 07:38:52.748744 np0000191560 devstack@o-api.service[122674]: [pid: 122674|app: 0|req: 3/9] 172.18.0.2 () {58 vars in 1201 bytes} [Mon Aug 31 07:38:52 2026] POST /load-balancer/v2.0/lbaas/listeners => generated 1065 bytes in 220 msecs (HTTP/1.1 201) 4 headers in 163 bytes (1 switches on core 0)
Aug 31 07:38:52.774181 np0000191560 devstack@o-api.service[122675]: [pid: 122675|app: 0|req: 3/10] 172.18.0.2 () {54 vars in 1270 bytes} [Mon Aug 31 07:38:52 2026] GET /load-balancer/v2.0/lbaas/loadbalancers/291c829d-237d-4036-b7f5-1c4e6de66a4b => generated 943 bytes in 23 msecs (HTTP/1.1 200) 4 headers in 157 bytes (1 switches on core 0)
Aug 31 07:38:53.932567 np0000191560 devstack@o-api.service[122672]: DEBUG oslo_db.sqlalchemy.engines [None req-746e0f11-1a7b-4b70-b578-d94e07164c5a demo demo] MySQL server mode set to STRICT_TRANS_TABLES,STRICT_ALL_TABLES,NO_ZERO_IN_DATE,NO_ZERO_DATE,ERROR_FOR_DIVISION_BY_ZERO,TRADITIONAL,NO_ENGINE_SUBSTITUTION {{(pid=122672) _check_effective_sql_mode /opt/stack/data/venv/lib/python3.12/site-packages/oslo_db/sqlalchemy/engines.py:325}}
Aug 31 07:38:54.044179 np0000191560 devstack@o-api.service[122672]: [pid: 122672|app: 0|req: 3/11] 172.18.0.2 () {54 vars in 1270 bytes} [Mon Aug 31 07:38:53 2026] GET /load-balancer/v2.0/lbaas/loadbalancers/291c829d-237d-4036-b7f5-1c4e6de66a4b => generated 935 bytes in 187 msecs (HTTP/1.1 200) 4 headers in 157 bytes (1 switches on core 0)
Aug 31 07:38:54.085664 np0000191560 devstack@o-api.service[122673]: [pid: 122673|app: 0|req: 3/12] 172.18.0.2 () {54 vars in 1258 bytes} [Mon Aug 31 07:38:54 2026] GET /load-balancer/v2.0/lbaas/listeners/4e6d76e9-e434-4f75-a412-b9616dd071b7 => generated 1073 bytes in 39 msecs (HTTP/1.1 200) 4 headers in 158 bytes (1 switches on core 0)
Aug 31 07:38:54.112648 np0000191560 devstack@o-api.service[122674]: [pid: 122674|app: 0|req: 4/13] 172.18.0.2 () {54 vars in 1266 bytes} [Mon Aug 31 07:38:54 2026] GET /load-balancer/v2.0/lbaas/pools?name=k8s-clusterapi-cluster-magnum-system-kube-0a4j2-kubeapi-6443 => generated 32 bytes in 25 msecs (HTTP/1.1 200) 4 headers in 156 bytes (1 switches on core 0)
Aug 31 07:38:54.176577 np0000191560 devstack@o-api.service[122675]: DEBUG ovsdbapp.backend.ovs_idl [None req-76561a30-ee74-449f-ad2f-00cd9c66785f demo demo] Connection already started, not creating indices {{(pid=122675) __init__ /opt/stack/data/venv/lib/python3.12/site-packages/ovsdbapp/backend/ovs_idl/__init__.py:36}}
Aug 31 07:38:54.177394 np0000191560 devstack@o-api.service[122675]: DEBUG octavia.db.repositories [None req-76561a30-ee74-449f-ad2f-00cd9c66785f demo demo] Checking quota for project: a8ffebb5d0554c06b670026f6c2845af object: {{(pid=122675) check_quota_met /opt/stack/octavia/octavia/db/repositories.py:451}}
Aug 31 07:38:54.296720 np0000191560 devstack@o-api.service[122675]: /opt/stack/octavia/octavia/db/repositories.py:1089: SAWarning: Coercing Subquery object into a select() for use in IN(); please pass a select() construct explicitly
Aug 31 07:38:54.296720 np0000191560 devstack@o-api.service[122675]: filter(models.LoadBalancer.id.in_(lb_subquery)).first())
Aug 31 07:38:54.299199 np0000191560 devstack@o-api.service[122675]: /opt/stack/octavia/octavia/db/repositories.py:1089: SAWarning: SELECT statement has a cartesian product between FROM element(s) "load_balancer" and FROM element "pool". Apply join condition(s) between each element to resolve.
Aug 31 07:38:54.299199 np0000191560 devstack@o-api.service[122675]: filter(models.LoadBalancer.id.in_(lb_subquery)).first())
Aug 31 07:38:54.350350 np0000191560 devstack@o-api.service[122675]: INFO octavia.api.v2.controllers.pool [None req-76561a30-ee74-449f-ad2f-00cd9c66785f demo demo] Sending create Pool 98182750-2c5d-44b3-a298-5e2daf6104b2 to provider ovn
Aug 31 07:38:54.351428 np0000191560 devstack@o-api.service[122675]: DEBUG ovn_octavia_provider.helper [-] Handling request pool_create with info {'id': '98182750-2c5d-44b3-a298-5e2daf6104b2', 'loadbalancer_id': '291c829d-237d-4036-b7f5-1c4e6de66a4b', 'protocol': 'TCP', 'lb_algorithm': 'SOURCE_IP_PORT', 'listener_id': '4e6d76e9-e434-4f75-a412-b9616dd071b7', 'admin_state_up': True, 'session_persistence': None} {{(pid=122675) request_handler /opt/stack/ovn-octavia-provider/ovn_octavia_provider/helper.py:423}}
Aug 31 07:38:54.353152 np0000191560 devstack@o-api.service[122675]: DEBUG ovsdbapp.backend.ovs_idl.transaction [-] Running txn 0b2322da n=1 command(idx=0): DbSetCommand(_result=None, table=Load_Balancer, record=83d350a3-d86c-42b1-b5c7-96d484a09d2f, col_values=(('external_ids', {'enabled': 'True', 'neutron:vip': '192.168.24.198', 'neutron:vip_port_id': 'aa5b9fd1-6cf9-48fd-973f-3c981422ae05', 'lr_ref': 'neutron-abf3cb32-a68b-45f4-844e-1ff466a138a0', 'ls_refs': '{"neutron-3a365c9f-207e-4281-8c8b-671d683db6c1": 1}', 'neutron:vip_fip': '172.24.5.31', 'listener_4e6d76e9-e434-4f75-a412-b9616dd071b7': '6443:pool_98182750-2c5d-44b3-a298-5e2daf6104b2', 'pool_98182750-2c5d-44b3-a298-5e2daf6104b2': ''}),), if_exists=True) {{(pid=122675) do_commit /opt/stack/data/venv/lib/python3.12/site-packages/ovsdbapp/backend/ovs_idl/transaction.py:91}}
Aug 31 07:38:54.355408 np0000191560 devstack@o-api.service[122675]: DEBUG ovsdbapp.backend.ovs_idl.transaction [-] Running txn 0b2322da n=1 command(idx=1): DbSetCommand(_result=None, table=Load_Balancer, record=83d350a3-d86c-42b1-b5c7-96d484a09d2f, col_values=(('selection_fields', ['ip_dst', 'ip_src', 'tp_dst', 'tp_src']),), if_exists=True) {{(pid=122675) do_commit /opt/stack/data/venv/lib/python3.12/site-packages/ovsdbapp/backend/ovs_idl/transaction.py:91}}
Aug 31 07:38:54.358823 np0000191560 devstack@o-api.service[122675]: DEBUG ovsdbapp.backend.ovs_idl.transaction [-] txn 0b2322da succeeded {{(pid=122675) do_commit /opt/stack/data/venv/lib/python3.12/site-packages/ovsdbapp/backend/ovs_idl/transaction.py:137}}
Aug 31 07:38:54.359468 np0000191560 devstack@o-api.service[122675]: DEBUG ovn_octavia_provider.helper [-] Updating status to octavia: {'pools': [{'id': '98182750-2c5d-44b3-a298-5e2daf6104b2', 'provisioning_status': 'ACTIVE', 'operating_status': 'ONLINE'}], 'loadbalancers': [{'id': '291c829d-237d-4036-b7f5-1c4e6de66a4b', 'provisioning_status': 'ACTIVE'}], 'listeners': [{'id': '4e6d76e9-e434-4f75-a412-b9616dd071b7', 'provisioning_status': 'ACTIVE'}]} {{(pid=122675) _update_status_to_octavia /opt/stack/ovn-octavia-provider/ovn_octavia_provider/helper.py:450}}
Aug 31 07:38:54.505799 np0000191560 devstack@o-api.service[122675]: [pid: 122675|app: 0|req: 4/14] 172.18.0.2 () {58 vars in 1189 bytes} [Mon Aug 31 07:38:54 2026] POST /load-balancer/v2.0/lbaas/pools => generated 811 bytes in 390 msecs (HTTP/1.1 201) 4 headers in 162 bytes (1 switches on core 0)
Aug 31 07:38:54.533394 np0000191560 devstack@o-api.service[122672]: [pid: 122672|app: 0|req: 4/15] 172.18.0.2 () {54 vars in 1270 bytes} [Mon Aug 31 07:38:54 2026] GET /load-balancer/v2.0/lbaas/loadbalancers/291c829d-237d-4036-b7f5-1c4e6de66a4b => generated 989 bytes in 25 msecs (HTTP/1.1 200) 4 headers in 157 bytes (1 switches on core 0)
Aug 31 07:38:55.633595 np0000191560 devstack@o-api.service[122673]: [pid: 122673|app: 0|req: 4/16] 172.18.0.2 () {54 vars in 1270 bytes} [Mon Aug 31 07:38:55 2026] GET /load-balancer/v2.0/lbaas/loadbalancers/291c829d-237d-4036-b7f5-1c4e6de66a4b => generated 981 bytes in 46 msecs (HTTP/1.1 200) 4 headers in 157 bytes (1 switches on core 0)
Aug 31 07:38:55.651347 np0000191560 devstack@o-api.service[122674]: [pid: 122674|app: 0|req: 5/17] 172.18.0.2 () {54 vars in 1293 bytes} [Mon Aug 31 07:38:55 2026] GET /load-balancer/v2.0/lbaas/healthmonitors?name=k8s-clusterapi-cluster-magnum-system-kube-0a4j2-kubeapi-6443 => generated 50 bytes in 15 msecs (HTTP/1.1 200) 4 headers in 156 bytes (1 switches on core 0)
Aug 31 07:38:55.705478 np0000191560 devstack@o-api.service[122675]: DEBUG ovsdbapp.backend.ovs_idl [None req-54660619-196e-48de-944a-896cf9d9c630 demo demo] Connection already started, not creating indices {{(pid=122675) __init__ /opt/stack/data/venv/lib/python3.12/site-packages/ovsdbapp/backend/ovs_idl/__init__.py:36}}
Aug 31 07:38:55.706159 np0000191560 devstack@o-api.service[122675]: DEBUG octavia.db.repositories [None req-54660619-196e-48de-944a-896cf9d9c630 demo demo] Checking quota for project: a8ffebb5d0554c06b670026f6c2845af object: {{(pid=122675) check_quota_met /opt/stack/octavia/octavia/db/repositories.py:451}}
Aug 31 07:38:55.747801 np0000191560 devstack@o-api.service[122675]: INFO octavia.api.v2.controllers.health_monitor [None req-54660619-196e-48de-944a-896cf9d9c630 demo demo] Sending create Health Monitor 0a41ef7f-40bf-41e7-a652-cc1b4e8af7ed to provider ovn
Aug 31 07:38:55.748511 np0000191560 devstack@o-api.service[122675]: DEBUG ovn_octavia_provider.helper [-] Handling request hm_create with info {'id': '0a41ef7f-40bf-41e7-a652-cc1b4e8af7ed', 'pool_id': '98182750-2c5d-44b3-a298-5e2daf6104b2', 'type': 'TCP', 'interval': 10, 'timeout': 5, 'failure_count': 3, 'success_count': 5, 'admin_state_up': True} {{(pid=122675) request_handler /opt/stack/ovn-octavia-provider/ovn_octavia_provider/helper.py:423}}
Aug 31 07:38:55.750728 np0000191560 devstack@o-api.service[122675]: DEBUG ovsdbapp.backend.ovs_idl.transaction [-] Running txn cdfd7940 n=1 command(idx=0): DbCreateCommand(_result=None, table=Load_Balancer_Health_Check, columns={'vip': '192.168.24.198:6443', 'options': {'interval': '10', 'timeout': '5', 'success_count': '5', 'failure_count': '3'}, 'external_ids': {'octavia:healthmonitor': '0a41ef7f-40bf-41e7-a652-cc1b4e8af7ed', 'octavia:pool_id': '98182750-2c5d-44b3-a298-5e2daf6104b2', 'octavia:vip': '192.168.24.198'}}, row=False) {{(pid=122675) do_commit /opt/stack/data/venv/lib/python3.12/site-packages/ovsdbapp/backend/ovs_idl/transaction.py:91}}
Aug 31 07:38:55.751177 np0000191560 devstack@o-api.service[122675]: DEBUG ovsdbapp.backend.ovs_idl.transaction [-] Running txn cdfd7940 n=1 command(idx=1): DbAddCommand(_result=None, table=Load_Balancer, record=83d350a3-d86c-42b1-b5c7-96d484a09d2f, column=health_check, values=(DbCreateCommand(_result=Load_Balancer_Health_Check(uuid=ded8c8d2-88bd-47f0-91c1-5500905331f5, external_ids={'octavia:healthmonitor': '0a41ef7f-40bf-41e7-a652-cc1b4e8af7ed', 'octavia:pool_id': '98182750-2c5d-44b3-a298-5e2daf6104b2', 'octavia:vip': '192.168.24.198'}, options={'interval': '10', 'timeout': '5', 'success_count': '5', 'failure_count': '3'}, vip=192.168.24.198:6443), table=Load_Balancer_Health_Check, columns={'vip': '192.168.24.198:6443', 'options': {'interval': '10', 'timeout': '5', 'success_count': '5', 'failure_count': '3'}, 'external_ids': {'octavia:healthmonitor': '0a41ef7f-40bf-41e7-a652-cc1b4e8af7ed', 'octavia:pool_id': '98182750-2c5d-44b3-a298-5e2daf6104b2', 'octavia:vip': '192.168.24.198'}}, row=False),)) {{(pid=122675) do_commit /opt/stack/data/venv/lib/python3.12/site-packages/ovsdbapp/backend/ovs_idl/transaction.py:91}}
Aug 31 07:38:55.751746 np0000191560 devstack@o-api.service[122675]: DEBUG ovsdbapp.backend.ovs_idl.transaction [-] Running txn cdfd7940 n=1 command(idx=2): DbSetCommand(_result=None, table=Load_Balancer, record=83d350a3-d86c-42b1-b5c7-96d484a09d2f, col_values=(('external_ids', {'octavia:healthmonitors': '["0a41ef7f-40bf-41e7-a652-cc1b4e8af7ed"]'}),), if_exists=True) {{(pid=122675) do_commit /opt/stack/data/venv/lib/python3.12/site-packages/ovsdbapp/backend/ovs_idl/transaction.py:91}}
Aug 31 07:38:55.752032 np0000191560 devstack@o-api.service[122675]: DEBUG ovsdbapp.backend.ovs_idl.transaction [-] Running txn cdfd7940 n=1 command(idx=3): DbCreateCommand(_result=None, table=Load_Balancer_Health_Check, columns={'vip': '172.24.5.31:6443', 'options': {'interval': '10', 'timeout': '5', 'success_count': '5', 'failure_count': '3'}, 'external_ids': {'octavia:healthmonitor': '0a41ef7f-40bf-41e7-a652-cc1b4e8af7ed', 'octavia:pool_id': '98182750-2c5d-44b3-a298-5e2daf6104b2', 'octavia:vip': '172.24.5.31'}}, row=False) {{(pid=122675) do_commit /opt/stack/data/venv/lib/python3.12/site-packages/ovsdbapp/backend/ovs_idl/transaction.py:91}}
Aug 31 07:38:55.752336 np0000191560 devstack@o-api.service[122675]: DEBUG ovsdbapp.backend.ovs_idl.transaction [-] Running txn cdfd7940 n=1 command(idx=4): DbAddCommand(_result=None, table=Load_Balancer, record=83d350a3-d86c-42b1-b5c7-96d484a09d2f, column=health_check, values=(DbCreateCommand(_result=Load_Balancer_Health_Check(uuid=26706c60-b999-4d67-948b-f1b520a33bb8, external_ids={'octavia:healthmonitor': '0a41ef7f-40bf-41e7-a652-cc1b4e8af7ed', 'octavia:pool_id': '98182750-2c5d-44b3-a298-5e2daf6104b2', 'octavia:vip': '172.24.5.31'}, options={'interval': '10', 'timeout': '5', 'success_count': '5', 'failure_count': '3'}, vip=172.24.5.31:6443), table=Load_Balancer_Health_Check, columns={'vip': '172.24.5.31:6443', 'options': {'interval': '10', 'timeout': '5', 'success_count': '5', 'failure_count': '3'}, 'external_ids': {'octavia:healthmonitor': '0a41ef7f-40bf-41e7-a652-cc1b4e8af7ed', 'octavia:pool_id': '98182750-2c5d-44b3-a298-5e2daf6104b2', 'octavia:vip': '172.24.5.31'}}, row=False),)) {{(pid=122675) do_commit /opt/stack/data/venv/lib/python3.12/site-packages/ovsdbapp/backend/ovs_idl/transaction.py:91}}
Aug 31 07:38:55.757582 np0000191560 devstack@o-api.service[122675]: DEBUG ovsdbapp.backend.ovs_idl.transaction [-] txn cdfd7940 succeeded {{(pid=122675) do_commit /opt/stack/data/venv/lib/python3.12/site-packages/ovsdbapp/backend/ovs_idl/transaction.py:137}}
Aug 31 07:38:55.760064 np0000191560 devstack@o-api.service[122675]: DEBUG ovn_octavia_provider.helper [-] no member status on external_ids: None {{(pid=122675) _get_current_operating_statuses /opt/stack/ovn-octavia-provider/ovn_octavia_provider/helper.py:4284}}
Aug 31 07:38:55.773412 np0000191560 devstack@o-api.service[122675]: [pid: 122675|app: 0|req: 5/18] 172.18.0.2 () {58 vars in 1216 bytes} [Mon Aug 31 07:38:55 2026] POST /load-balancer/v2.0/lbaas/healthmonitors => generated 649 bytes in 119 msecs (HTTP/1.1 201) 4 headers in 162 bytes (1 switches on core 0)
Aug 31 07:38:55.812541 np0000191560 devstack@o-api.service[122672]: [pid: 122672|app: 0|req: 5/19] 172.18.0.2 () {54 vars in 1270 bytes} [Mon Aug 31 07:38:55 2026] GET /load-balancer/v2.0/lbaas/loadbalancers/291c829d-237d-4036-b7f5-1c4e6de66a4b => generated 989 bytes in 36 msecs (HTTP/1.1 200) 4 headers in 157 bytes (1 switches on core 0)
Aug 31 07:38:56.038215 np0000191560 devstack@o-api.service[122675]: DEBUG ovn_octavia_provider.helper [-] Updating status to octavia: {'loadbalancers': [{'id': '291c829d-237d-4036-b7f5-1c4e6de66a4b', 'provisioning_status': 'ACTIVE', 'operating_status': 'ONLINE'}], 'listeners': [{'id': '4e6d76e9-e434-4f75-a412-b9616dd071b7', 'provisioning_status': 'ACTIVE', 'operating_status': 'ONLINE'}], 'pools': [{'id': '98182750-2c5d-44b3-a298-5e2daf6104b2', 'provisioning_status': 'ACTIVE', 'operating_status': 'OFFLINE'}], 'members': [], 'healthmonitors': [{'id': '0a41ef7f-40bf-41e7-a652-cc1b4e8af7ed', 'provisioning_status': 'ACTIVE', 'operating_status': 'ONLINE'}]} {{(pid=122675) _update_status_to_octavia /opt/stack/ovn-octavia-provider/ovn_octavia_provider/helper.py:450}}
Aug 31 07:38:56.944660 np0000191560 devstack@o-api.service[122673]: [pid: 122673|app: 0|req: 5/20] 172.18.0.2 () {54 vars in 1270 bytes} [Mon Aug 31 07:38:56 2026] GET /load-balancer/v2.0/lbaas/loadbalancers/291c829d-237d-4036-b7f5-1c4e6de66a4b => generated 981 bytes in 36 msecs (HTTP/1.1 200) 4 headers in 157 bytes (1 switches on core 0)
Aug 31 07:38:57.700352 np0000191560 devstack@o-api.service[122674]: [pid: 122674|app: 0|req: 6/21] 172.18.0.2 () {54 vars in 1088 bytes} [Mon Aug 31 07:38:57 2026] GET /load-balancer/ => generated 4776 bytes in 3 msecs (HTTP/1.1 200) 4 headers in 158 bytes (1 switches on core 0)
Aug 31 07:38:57.776861 np0000191560 devstack@o-api.service[122675]: [pid: 122675|app: 0|req: 6/22] 172.18.0.2 () {54 vars in 1280 bytes} [Mon Aug 31 07:38:57 2026] GET /load-balancer/v2.0/lbaas/loadbalancers?name=k8s-clusterapi-cluster-magnum-system-kube-0a4j2-kubeapi => generated 1011 bytes in 64 msecs (HTTP/1.1 200) 4 headers in 158 bytes (1 switches on core 0)
Aug 31 07:38:57.854482 np0000191560 devstack@o-api.service[122672]: [pid: 122672|app: 0|req: 6/23] 172.18.0.2 () {54 vars in 1088 bytes} [Mon Aug 31 07:38:57 2026] GET /load-balancer/ => generated 4776 bytes in 2 msecs (HTTP/1.1 200) 4 headers in 158 bytes (1 switches on core 0)
Aug 31 07:38:57.892133 np0000191560 devstack@o-api.service[122673]: [pid: 122673|app: 0|req: 6/24] 172.18.0.2 () {54 vars in 1278 bytes} [Mon Aug 31 07:38:57 2026] GET /load-balancer/v2.0/lbaas/listeners?name=k8s-clusterapi-cluster-magnum-system-kube-0a4j2-kubeapi-6443 => generated 1133 bytes in 35 msecs (HTTP/1.1 200) 4 headers in 158 bytes (1 switches on core 0)
Aug 31 07:38:57.951747 np0000191560 devstack@o-api.service[122674]: [pid: 122674|app: 0|req: 7/25] 172.18.0.2 () {54 vars in 1266 bytes} [Mon Aug 31 07:38:57 2026] GET /load-balancer/v2.0/lbaas/pools?name=k8s-clusterapi-cluster-magnum-system-kube-0a4j2-kubeapi-6443 => generated 902 bytes in 57 msecs (HTTP/1.1 200) 4 headers in 157 bytes (1 switches on core 0)
Aug 31 07:38:57.984522 np0000191560 devstack@o-api.service[122675]: [pid: 122675|app: 0|req: 7/26] 172.18.0.2 () {54 vars in 1293 bytes} [Mon Aug 31 07:38:57 2026] GET /load-balancer/v2.0/lbaas/healthmonitors?name=k8s-clusterapi-cluster-magnum-system-kube-0a4j2-kubeapi-6443 => generated 688 bytes in 30 msecs (HTTP/1.1 200) 4 headers in 157 bytes (1 switches on core 0)
Aug 31 07:39:49.683654 np0000191560 devstack@o-api.service[122672]: [pid: 122672|app: 0|req: 7/27] 172.18.0.2 () {54 vars in 1088 bytes} [Mon Aug 31 07:39:49 2026] GET /load-balancer/ => generated 4776 bytes in 7 msecs (HTTP/1.1 200) 4 headers in 158 bytes (1 switches on core 0)
Aug 31 07:39:49.901637 np0000191560 devstack@o-api.service[122673]: [pid: 122673|app: 0|req: 7/28] 172.18.0.2 () {54 vars in 1266 bytes} [Mon Aug 31 07:39:49 2026] GET /load-balancer/v2.0/lbaas/pools?name=k8s-clusterapi-cluster-magnum-system-kube-0a4j2-kubeapi-6443 => generated 902 bytes in 203 msecs (HTTP/1.1 200) 4 headers in 157 bytes (1 switches on core 0)
Aug 31 07:39:49.942520 np0000191560 devstack@o-api.service[122674]: [pid: 122674|app: 0|req: 8/29] 172.18.0.2 () {54 vars in 1447 bytes} [Mon Aug 31 07:39:49 2026] GET /load-balancer/v2.0/lbaas/pools/98182750-2c5d-44b3-a298-5e2daf6104b2/members?name=k8s-clusterapi-cluster-magnum-system-kube-0a4j2-kubeapi-6443-kube-0a4j2-psl4t-j5rsb => generated 36 bytes in 38 msecs (HTTP/1.1 200) 4 headers in 156 bytes (1 switches on core 0)
Aug 31 07:39:49.976794 np0000191560 devstack@o-api.service[122675]: [pid: 122675|app: 0|req: 8/30] 172.18.0.2 () {54 vars in 1270 bytes} [Mon Aug 31 07:39:49 2026] GET /load-balancer/v2.0/lbaas/loadbalancers/291c829d-237d-4036-b7f5-1c4e6de66a4b => generated 981 bytes in 32 msecs (HTTP/1.1 200) 4 headers in 157 bytes (1 switches on core 0)
Aug 31 07:39:50.070790 np0000191560 devstack@o-api.service[122672]: DEBUG ovsdbapp.backend.ovs_idl [None req-ede6bb14-6e2a-415b-ba41-c8f8ab6772ec demo demo] Connection already started, not creating indices {{(pid=122672) __init__ /opt/stack/data/venv/lib/python3.12/site-packages/ovsdbapp/backend/ovs_idl/__init__.py:36}}
Aug 31 07:39:50.071677 np0000191560 devstack@o-api.service[122672]: DEBUG octavia.db.repositories [None req-ede6bb14-6e2a-415b-ba41-c8f8ab6772ec demo demo] Checking quota for project: a8ffebb5d0554c06b670026f6c2845af object: {{(pid=122672) check_quota_met /opt/stack/octavia/octavia/db/repositories.py:451}}
Aug 31 07:39:50.168474 np0000191560 devstack@o-api.service[122672]: INFO octavia.api.v2.controllers.member [None req-ede6bb14-6e2a-415b-ba41-c8f8ab6772ec demo demo] Sending create Member b96c2c94-ae81-4760-a7c3-e2b551234703 to provider ovn
Aug 31 07:39:50.830217 np0000191560 devstack@o-api.service[122672]: DEBUG ovn_octavia_provider.helper [-] Handling request member_create with info [{'id': 'b96c2c94-ae81-4760-a7c3-e2b551234703', 'address': '192.168.24.13', 'protocol_port': 6443, 'pool_id': '98182750-2c5d-44b3-a298-5e2daf6104b2', 'subnet_id': '16d48738-f3d9-4a7a-aa12-909315dd2e88', 'admin_state_up': True}] {{(pid=122672) request_handler /opt/stack/ovn-octavia-provider/ovn_octavia_provider/helper.py:423}}
Aug 31 07:39:50.831104 np0000191560 devstack@o-api.service[122672]: DEBUG ovn_octavia_provider.helper [-] no member status on external_ids: None {{(pid=122672) _find_member_status /opt/stack/ovn-octavia-provider/ovn_octavia_provider/helper.py:2598}}
Aug 31 07:39:50.832000 np0000191560 devstack@o-api.service[122672]: DEBUG ovsdbapp.backend.ovs_idl.transaction [-] Running txn bb05c324 n=1 command(idx=0): DbSetCommand(_result=None, table=Load_Balancer, record=83d350a3-d86c-42b1-b5c7-96d484a09d2f, col_values=(('external_ids', {'pool_98182750-2c5d-44b3-a298-5e2daf6104b2': 'member_b96c2c94-ae81-4760-a7c3-e2b551234703_192.168.24.13:6443_16d48738-f3d9-4a7a-aa12-909315dd2e88'}),), if_exists=True) {{(pid=122672) do_commit /opt/stack/data/venv/lib/python3.12/site-packages/ovsdbapp/backend/ovs_idl/transaction.py:91}}
Aug 31 07:39:50.834735 np0000191560 devstack@o-api.service[122672]: DEBUG ovsdbapp.backend.ovs_idl.transaction [-] Running txn bb05c324 n=1 command(idx=1): DbClearCommand(_result=None, table=Load_Balancer, record=83d350a3-d86c-42b1-b5c7-96d484a09d2f, column=vips) {{(pid=122672) do_commit /opt/stack/data/venv/lib/python3.12/site-packages/ovsdbapp/backend/ovs_idl/transaction.py:91}}
Aug 31 07:39:50.835049 np0000191560 devstack@o-api.service[122672]: DEBUG ovsdbapp.backend.ovs_idl.transaction [-] Running txn bb05c324 n=1 command(idx=2): DbSetCommand(_result=None, table=Load_Balancer, record=83d350a3-d86c-42b1-b5c7-96d484a09d2f, col_values=(('vips', {'192.168.24.198:6443': '192.168.24.13:6443', '172.24.5.31:6443': '192.168.24.13:6443'}),), if_exists=True) {{(pid=122672) do_commit /opt/stack/data/venv/lib/python3.12/site-packages/ovsdbapp/backend/ovs_idl/transaction.py:91}}
Aug 31 07:39:50.843885 np0000191560 devstack@o-api.service[122672]: DEBUG ovsdbapp.backend.ovs_idl.transaction [-] txn bb05c324 succeeded {{(pid=122672) do_commit /opt/stack/data/venv/lib/python3.12/site-packages/ovsdbapp/backend/ovs_idl/transaction.py:137}}
Aug 31 07:39:50.858616 np0000191560 devstack@o-api.service[122672]: [pid: 122672|app: 0|req: 8/31] 172.18.0.2 () {58 vars in 1324 bytes} [Mon Aug 31 07:39:49 2026] POST /load-balancer/v2.0/lbaas/pools/98182750-2c5d-44b3-a298-5e2daf6104b2/members => generated 587 bytes in 879 msecs (HTTP/1.1 201) 4 headers in 162 bytes (1 switches on core 0)
Aug 31 07:39:50.894358 np0000191560 devstack@o-api.service[122672]: DEBUG ovsdbapp.backend.ovs_idl.transaction [-] Running txn b729bff0 n=1 command(idx=0): DbSetCommand(_result=None, table=Load_Balancer, record=83d350a3-d86c-42b1-b5c7-96d484a09d2f, col_values=(('external_ids', {'ls_refs': '{"neutron-3a365c9f-207e-4281-8c8b-671d683db6c1": 2}'}),), if_exists=True) {{(pid=122672) do_commit /opt/stack/data/venv/lib/python3.12/site-packages/ovsdbapp/backend/ovs_idl/transaction.py:91}}
Aug 31 07:39:50.894782 np0000191560 devstack@o-api.service[122673]: [pid: 122673|app: 0|req: 8/32] 172.18.0.2 () {54 vars in 1381 bytes} [Mon Aug 31 07:39:50 2026] GET /load-balancer/v2.0/lbaas/pools/98182750-2c5d-44b3-a298-5e2daf6104b2/members/b96c2c94-ae81-4760-a7c3-e2b551234703 => generated 587 bytes in 34 msecs (HTTP/1.1 200) 4 headers in 157 bytes (1 switches on core 0)
Aug 31 07:39:50.897169 np0000191560 devstack@o-api.service[122672]: DEBUG ovsdbapp.backend.ovs_idl.transaction [-] txn b729bff0 succeeded {{(pid=122672) do_commit /opt/stack/data/venv/lib/python3.12/site-packages/ovsdbapp/backend/ovs_idl/transaction.py:137}}
Aug 31 07:39:50.938119 np0000191560 devstack@o-api.service[122672]: DEBUG ovsdbapp.backend.ovs_idl.transaction [-] Running txn 733111aa n=1 command(idx=0): LrLbAddCommand(_result=None, router=e20c17bf-2fbb-444a-9bd6-b28073826b59, lb=83d350a3-d86c-42b1-b5c7-96d484a09d2f, may_exist=True) {{(pid=122672) do_commit /opt/stack/data/venv/lib/python3.12/site-packages/ovsdbapp/backend/ovs_idl/transaction.py:91}}
Aug 31 07:39:50.938347 np0000191560 devstack@o-api.service[122672]: DEBUG ovsdbapp.backend.ovs_idl.transaction [-] Running txn 733111aa n=1 command(idx=1): LsLbAddCommand(_result=None, switch=neutron-3a365c9f-207e-4281-8c8b-671d683db6c1, lb=83d350a3-d86c-42b1-b5c7-96d484a09d2f, may_exist=True) {{(pid=122672) do_commit /opt/stack/data/venv/lib/python3.12/site-packages/ovsdbapp/backend/ovs_idl/transaction.py:91}}
Aug 31 07:39:50.938534 np0000191560 devstack@o-api.service[122672]: DEBUG ovsdbapp.backend.ovs_idl.transaction [-] txn 733111aa caused no change {{(pid=122672) do_commit /opt/stack/data/venv/lib/python3.12/site-packages/ovsdbapp/backend/ovs_idl/transaction.py:135}}
Aug 31 07:39:51.426427 np0000191560 devstack@o-api.service[122672]: DEBUG ovsdbapp.backend.ovs_idl.transaction [-] Running txn 84b09fdc n=1 command(idx=0): AddBackendToIPPortMapping(_result=None, lb=83d350a3-d86c-42b1-b5c7-96d484a09d2f, backend_ip=192.168.24.13, port_name=c84d00b4-a26c-4cf2-8705-1c718524d8b0, src_ip=192.168.24.4) {{(pid=122672) do_commit /opt/stack/data/venv/lib/python3.12/site-packages/ovsdbapp/backend/ovs_idl/transaction.py:91}}
Aug 31 07:39:51.449439 np0000191560 devstack@o-api.service[122672]: DEBUG ovsdbapp.backend.ovs_idl.transaction [-] txn 84b09fdc succeeded {{(pid=122672) do_commit /opt/stack/data/venv/lib/python3.12/site-packages/ovsdbapp/backend/ovs_idl/transaction.py:137}}
Aug 31 07:39:51.450296 np0000191560 devstack@o-api.service[122672]: DEBUG ovn_octavia_provider.helper [-] no member status on external_ids: None {{(pid=122672) _update_external_ids_member_status /opt/stack/ovn-octavia-provider/ovn_octavia_provider/helper.py:2630}}
Aug 31 07:39:51.452043 np0000191560 devstack@o-api.service[122672]: DEBUG ovsdbapp.backend.ovs_idl.transaction [-] Running txn 1726c6bf n=1 command(idx=0): DbSetCommand(_result=None, table=Load_Balancer, record=83d350a3-d86c-42b1-b5c7-96d484a09d2f, col_values=(('external_ids', {'neutron:member_status': '{"b96c2c94-ae81-4760-a7c3-e2b551234703": "ONLINE"}'}),), if_exists=True) {{(pid=122672) do_commit /opt/stack/data/venv/lib/python3.12/site-packages/ovsdbapp/backend/ovs_idl/transaction.py:91}}
Aug 31 07:39:51.454846 np0000191560 devstack@o-api.service[122672]: DEBUG ovsdbapp.backend.ovs_idl.transaction [-] txn 1726c6bf succeeded {{(pid=122672) do_commit /opt/stack/data/venv/lib/python3.12/site-packages/ovsdbapp/backend/ovs_idl/transaction.py:137}}
Aug 31 07:39:51.761163 np0000191560 devstack@o-api.service[122672]: DEBUG ovn_octavia_provider.helper [-] Updating status to octavia: {'loadbalancers': [{'id': '291c829d-237d-4036-b7f5-1c4e6de66a4b', 'provisioning_status': 'ACTIVE', 'operating_status': 'ONLINE'}], 'listeners': [{'id': '4e6d76e9-e434-4f75-a412-b9616dd071b7', 'provisioning_status': 'ACTIVE', 'operating_status': 'ONLINE'}], 'pools': [{'id': '98182750-2c5d-44b3-a298-5e2daf6104b2', 'provisioning_status': 'ACTIVE', 'operating_status': 'ONLINE'}], 'members': [{'id': 'b96c2c94-ae81-4760-a7c3-e2b551234703', 'provisioning_status': 'ACTIVE', 'operating_status': 'ONLINE'}]} {{(pid=122672) _update_status_to_octavia /opt/stack/ovn-octavia-provider/ovn_octavia_provider/helper.py:450}}
Aug 31 07:39:52.010617 np0000191560 devstack@o-api.service[122672]: DEBUG ovn_octavia_provider.helper [-] Handling request handle_member_dvr with info [{'id': 'b96c2c94-ae81-4760-a7c3-e2b551234703', 'address': '192.168.24.13', 'pool_id': '98182750-2c5d-44b3-a298-5e2daf6104b2', 'subnet_id': '16d48738-f3d9-4a7a-aa12-909315dd2e88', 'action': 'member_added'}] {{(pid=122672) request_handler /opt/stack/ovn-octavia-provider/ovn_octavia_provider/helper.py:423}}
Aug 31 07:39:52.028418 np0000191560 devstack@o-api.service[122674]: [pid: 122674|app: 0|req: 9/33] 172.18.0.2 () {54 vars in 1381 bytes} [Mon Aug 31 07:39:51 2026] GET /load-balancer/v2.0/lbaas/pools/98182750-2c5d-44b3-a298-5e2daf6104b2/members/b96c2c94-ae81-4760-a7c3-e2b551234703 => generated 595 bytes in 39 msecs (HTTP/1.1 200) 4 headers in 157 bytes (1 switches on core 0)
Aug 31 07:39:52.055969 np0000191560 devstack@o-api.service[122675]: [pid: 122675|app: 0|req: 9/34] 172.18.0.2 () {54 vars in 1270 bytes} [Mon Aug 31 07:39:52 2026] GET /load-balancer/v2.0/lbaas/loadbalancers/291c829d-237d-4036-b7f5-1c4e6de66a4b => generated 981 bytes in 25 msecs (HTTP/1.1 200) 4 headers in 157 bytes (1 switches on core 0)
Aug 31 07:39:52.068745 np0000191560 devstack@o-api.service[122672]: DEBUG ovn_octavia_provider.helper [-] Member b96c2c94-ae81-4760-a7c3-e2b551234703 has no FIP assigned. There is no need to modify its NAT. {{(pid=122672) handle_member_dvr /opt/stack/ovn-octavia-provider/ovn_octavia_provider/helper.py:3349}}
Aug 31 07:39:52.414738 np0000191560 devstack@o-api.service[122672]: [pid: 122672|app: 0|req: 9/35] 172.18.0.2 () {54 vars in 1088 bytes} [Mon Aug 31 07:39:52 2026] GET /load-balancer/ => generated 4776 bytes in 4 msecs (HTTP/1.1 200) 4 headers in 158 bytes (1 switches on core 0)
Aug 31 07:39:52.482642 np0000191560 devstack@o-api.service[122673]: [pid: 122673|app: 0|req: 9/36] 172.18.0.2 () {54 vars in 1266 bytes} [Mon Aug 31 07:39:52 2026] GET /load-balancer/v2.0/lbaas/pools?name=k8s-clusterapi-cluster-magnum-system-kube-0a4j2-kubeapi-6443 => generated 947 bytes in 55 msecs (HTTP/1.1 200) 4 headers in 157 bytes (1 switches on core 0)
Aug 31 07:39:52.533394 np0000191560 devstack@o-api.service[122674]: [pid: 122674|app: 0|req: 10/37] 172.18.0.2 () {54 vars in 1447 bytes} [Mon Aug 31 07:39:52 2026] GET /load-balancer/v2.0/lbaas/pools/98182750-2c5d-44b3-a298-5e2daf6104b2/members?name=k8s-clusterapi-cluster-magnum-system-kube-0a4j2-kubeapi-6443-kube-0a4j2-psl4t-j5rsb => generated 619 bytes in 48 msecs (HTTP/1.1 200) 4 headers in 157 bytes (1 switches on core 0)
Aug 31 07:39:52.899605 np0000191560 devstack@o-api.service[122675]: [pid: 122675|app: 0|req: 10/38] 172.18.0.2 () {54 vars in 1088 bytes} [Mon Aug 31 07:39:52 2026] GET /load-balancer/ => generated 4776 bytes in 5 msecs (HTTP/1.1 200) 4 headers in 158 bytes (1 switches on core 0)
Aug 31 07:39:53.117225 np0000191560 devstack@o-api.service[122672]: [pid: 122672|app: 0|req: 10/39] 172.18.0.2 () {54 vars in 1266 bytes} [Mon Aug 31 07:39:52 2026] GET /load-balancer/v2.0/lbaas/pools?name=k8s-clusterapi-cluster-magnum-system-kube-0a4j2-kubeapi-6443 => generated 947 bytes in 204 msecs (HTTP/1.1 200) 4 headers in 157 bytes (1 switches on core 0)
Aug 31 07:39:53.183947 np0000191560 devstack@o-api.service[122673]: [pid: 122673|app: 0|req: 10/40] 172.18.0.2 () {54 vars in 1447 bytes} [Mon Aug 31 07:39:53 2026] GET /load-balancer/v2.0/lbaas/pools/98182750-2c5d-44b3-a298-5e2daf6104b2/members?name=k8s-clusterapi-cluster-magnum-system-kube-0a4j2-kubeapi-6443-kube-0a4j2-psl4t-j5rsb => generated 619 bytes in 64 msecs (HTTP/1.1 200) 4 headers in 157 bytes (1 switches on core 0)
Aug 31 07:39:53.534120 np0000191560 devstack@o-api.service[122674]: [pid: 122674|app: 0|req: 11/41] 172.18.0.2 () {54 vars in 1088 bytes} [Mon Aug 31 07:39:53 2026] GET /load-balancer/ => generated 4776 bytes in 6 msecs (HTTP/1.1 200) 4 headers in 158 bytes (1 switches on core 0)
Aug 31 07:39:53.635688 np0000191560 devstack@o-api.service[122675]: [pid: 122675|app: 0|req: 11/42] 172.18.0.2 () {54 vars in 1266 bytes} [Mon Aug 31 07:39:53 2026] GET /load-balancer/v2.0/lbaas/pools?name=k8s-clusterapi-cluster-magnum-system-kube-0a4j2-kubeapi-6443 => generated 947 bytes in 82 msecs (HTTP/1.1 200) 4 headers in 157 bytes (1 switches on core 0)
Aug 31 07:39:53.692540 np0000191560 devstack@o-api.service[122672]: [pid: 122672|app: 0|req: 11/43] 172.18.0.2 () {54 vars in 1447 bytes} [Mon Aug 31 07:39:53 2026] GET /load-balancer/v2.0/lbaas/pools/98182750-2c5d-44b3-a298-5e2daf6104b2/members?name=k8s-clusterapi-cluster-magnum-system-kube-0a4j2-kubeapi-6443-kube-0a4j2-psl4t-j5rsb => generated 619 bytes in 55 msecs (HTTP/1.1 200) 4 headers in 157 bytes (1 switches on core 0)
Aug 31 07:39:53.999825 np0000191560 devstack@o-api.service[122673]: [pid: 122673|app: 0|req: 11/44] 172.18.0.2 () {54 vars in 1088 bytes} [Mon Aug 31 07:39:53 2026] GET /load-balancer/ => generated 4776 bytes in 5 msecs (HTTP/1.1 200) 4 headers in 158 bytes (1 switches on core 0)
Aug 31 07:39:54.212359 np0000191560 devstack@o-api.service[122674]: [pid: 122674|app: 0|req: 12/45] 172.18.0.2 () {54 vars in 1266 bytes} [Mon Aug 31 07:39:54 2026] GET /load-balancer/v2.0/lbaas/pools?name=k8s-clusterapi-cluster-magnum-system-kube-0a4j2-kubeapi-6443 => generated 947 bytes in 198 msecs (HTTP/1.1 200) 4 headers in 157 bytes (1 switches on core 0)
Aug 31 07:39:54.274042 np0000191560 devstack@o-api.service[122675]: [pid: 122675|app: 0|req: 12/46] 172.18.0.2 () {54 vars in 1447 bytes} [Mon Aug 31 07:39:54 2026] GET /load-balancer/v2.0/lbaas/pools/98182750-2c5d-44b3-a298-5e2daf6104b2/members?name=k8s-clusterapi-cluster-magnum-system-kube-0a4j2-kubeapi-6443-kube-0a4j2-psl4t-j5rsb => generated 619 bytes in 59 msecs (HTTP/1.1 200) 4 headers in 157 bytes (1 switches on core 0)
Aug 31 07:39:54.673070 np0000191560 devstack@o-api.service[122672]: [pid: 122672|app: 0|req: 12/47] 172.18.0.2 () {54 vars in 1088 bytes} [Mon Aug 31 07:39:54 2026] GET /load-balancer/ => generated 4776 bytes in 5 msecs (HTTP/1.1 200) 4 headers in 158 bytes (1 switches on core 0)
Aug 31 07:39:54.770774 np0000191560 devstack@o-api.service[122673]: [pid: 122673|app: 0|req: 12/48] 172.18.0.2 () {54 vars in 1266 bytes} [Mon Aug 31 07:39:54 2026] GET /load-balancer/v2.0/lbaas/pools?name=k8s-clusterapi-cluster-magnum-system-kube-0a4j2-kubeapi-6443 => generated 947 bytes in 82 msecs (HTTP/1.1 200) 4 headers in 157 bytes (1 switches on core 0)
Aug 31 07:39:54.811750 np0000191560 devstack@o-api.service[122674]: [pid: 122674|app: 0|req: 13/49] 172.18.0.2 () {54 vars in 1447 bytes} [Mon Aug 31 07:39:54 2026] GET /load-balancer/v2.0/lbaas/pools/98182750-2c5d-44b3-a298-5e2daf6104b2/members?name=k8s-clusterapi-cluster-magnum-system-kube-0a4j2-kubeapi-6443-kube-0a4j2-psl4t-j5rsb => generated 619 bytes in 37 msecs (HTTP/1.1 200) 4 headers in 157 bytes (1 switches on core 0)
Aug 31 07:42:29.784842 np0000191560 devstack@o-api.service[122675]: [pid: 122675|app: 0|req: 13/50] 172.18.0.2 () {54 vars in 1088 bytes} [Mon Aug 31 07:42:29 2026] GET /load-balancer/ => generated 4776 bytes in 7 msecs (HTTP/1.1 200) 4 headers in 158 bytes (1 switches on core 0)
Aug 31 07:42:29.847567 np0000191560 devstack@o-api.service[122672]: [pid: 122672|app: 0|req: 13/51] 172.18.0.2 () {54 vars in 1266 bytes} [Mon Aug 31 07:42:29 2026] GET /load-balancer/v2.0/lbaas/pools?name=k8s-clusterapi-cluster-magnum-system-kube-0a4j2-kubeapi-6443 => generated 947 bytes in 46 msecs (HTTP/1.1 200) 4 headers in 157 bytes (1 switches on core 0)
Aug 31 07:42:29.894388 np0000191560 devstack@o-api.service[122673]: [pid: 122673|app: 0|req: 13/52] 172.18.0.2 () {54 vars in 1447 bytes} [Mon Aug 31 07:42:29 2026] GET /load-balancer/v2.0/lbaas/pools/98182750-2c5d-44b3-a298-5e2daf6104b2/members?name=k8s-clusterapi-cluster-magnum-system-kube-0a4j2-kubeapi-6443-kube-0a4j2-psl4t-j5rsb => generated 619 bytes in 44 msecs (HTTP/1.1 200) 4 headers in 157 bytes (1 switches on core 0)
Aug 31 07:42:30.254964 np0000191560 devstack@o-api.service[122674]: [pid: 122674|app: 0|req: 14/53] 172.18.0.2 () {54 vars in 1088 bytes} [Mon Aug 31 07:42:30 2026] GET /load-balancer/ => generated 4776 bytes in 7 msecs (HTTP/1.1 200) 4 headers in 158 bytes (1 switches on core 0)
Aug 31 07:42:30.306028 np0000191560 devstack@o-api.service[122675]: [pid: 122675|app: 0|req: 14/54] 172.18.0.2 () {54 vars in 1266 bytes} [Mon Aug 31 07:42:30 2026] GET /load-balancer/v2.0/lbaas/pools?name=k8s-clusterapi-cluster-magnum-system-kube-0a4j2-kubeapi-6443 => generated 947 bytes in 34 msecs (HTTP/1.1 200) 4 headers in 157 bytes (1 switches on core 0)
Aug 31 07:42:30.333527 np0000191560 devstack@o-api.service[122672]: [pid: 122672|app: 0|req: 14/55] 172.18.0.2 () {54 vars in 1447 bytes} [Mon Aug 31 07:42:30 2026] GET /load-balancer/v2.0/lbaas/pools/98182750-2c5d-44b3-a298-5e2daf6104b2/members?name=k8s-clusterapi-cluster-magnum-system-kube-0a4j2-kubeapi-6443-kube-0a4j2-psl4t-j5rsb => generated 619 bytes in 25 msecs (HTTP/1.1 200) 4 headers in 157 bytes (1 switches on core 0)
Aug 31 07:42:30.688542 np0000191560 devstack@o-api.service[122673]: [pid: 122673|app: 0|req: 14/56] 172.18.0.2 () {54 vars in 1088 bytes} [Mon Aug 31 07:42:30 2026] GET /load-balancer/ => generated 4776 bytes in 3 msecs (HTTP/1.1 200) 4 headers in 158 bytes (1 switches on core 0)
Aug 31 07:42:30.745953 np0000191560 devstack@o-api.service[122674]: [pid: 122674|app: 0|req: 15/57] 172.18.0.2 () {54 vars in 1266 bytes} [Mon Aug 31 07:42:30 2026] GET /load-balancer/v2.0/lbaas/pools?name=k8s-clusterapi-cluster-magnum-system-kube-0a4j2-kubeapi-6443 => generated 947 bytes in 45 msecs (HTTP/1.1 200) 4 headers in 157 bytes (1 switches on core 0)
Aug 31 07:42:30.790736 np0000191560 devstack@o-api.service[122675]: [pid: 122675|app: 0|req: 15/58] 172.18.0.2 () {54 vars in 1447 bytes} [Mon Aug 31 07:42:30 2026] GET /load-balancer/v2.0/lbaas/pools/98182750-2c5d-44b3-a298-5e2daf6104b2/members?name=k8s-clusterapi-cluster-magnum-system-kube-0a4j2-kubeapi-6443-kube-0a4j2-psl4t-j5rsb => generated 619 bytes in 42 msecs (HTTP/1.1 200) 4 headers in 157 bytes (1 switches on core 0)
Aug 31 07:42:31.055413 np0000191560 devstack@o-api.service[122672]: [pid: 122672|app: 0|req: 15/59] 172.18.0.2 () {54 vars in 1088 bytes} [Mon Aug 31 07:42:31 2026] GET /load-balancer/ => generated 4776 bytes in 7 msecs (HTTP/1.1 200) 4 headers in 158 bytes (1 switches on core 0)
Aug 31 07:42:31.106155 np0000191560 devstack@o-api.service[122673]: [pid: 122673|app: 0|req: 15/60] 172.18.0.2 () {54 vars in 1266 bytes} [Mon Aug 31 07:42:31 2026] GET /load-balancer/v2.0/lbaas/pools?name=k8s-clusterapi-cluster-magnum-system-kube-0a4j2-kubeapi-6443 => generated 947 bytes in 37 msecs (HTTP/1.1 200) 4 headers in 157 bytes (2 switches on core 0)
Aug 31 07:42:31.158188 np0000191560 devstack@o-api.service[122674]: [pid: 122674|app: 0|req: 16/61] 172.18.0.2 () {54 vars in 1447 bytes} [Mon Aug 31 07:42:31 2026] GET /load-balancer/v2.0/lbaas/pools/98182750-2c5d-44b3-a298-5e2daf6104b2/members?name=k8s-clusterapi-cluster-magnum-system-kube-0a4j2-kubeapi-6443-kube-0a4j2-psl4t-j5rsb => generated 619 bytes in 47 msecs (HTTP/1.1 200) 4 headers in 157 bytes (1 switches on core 0)
Aug 31 07:42:31.735394 np0000191560 devstack@o-api.service[122675]: [pid: 122675|app: 0|req: 16/62] 172.18.0.2 () {54 vars in 1088 bytes} [Mon Aug 31 07:42:31 2026] GET /load-balancer/ => generated 4776 bytes in 3 msecs (HTTP/1.1 200) 4 headers in 158 bytes (1 switches on core 0)
Aug 31 07:42:31.781075 np0000191560 devstack@o-api.service[122672]: [pid: 122672|app: 0|req: 16/63] 172.18.0.2 () {54 vars in 1266 bytes} [Mon Aug 31 07:42:31 2026] GET /load-balancer/v2.0/lbaas/pools?name=k8s-clusterapi-cluster-magnum-system-kube-0a4j2-kubeapi-6443 => generated 947 bytes in 32 msecs (HTTP/1.1 200) 4 headers in 157 bytes (1 switches on core 0)
Aug 31 07:42:31.819132 np0000191560 devstack@o-api.service[122673]: [pid: 122673|app: 0|req: 16/64] 172.18.0.2 () {54 vars in 1447 bytes} [Mon Aug 31 07:42:31 2026] GET /load-balancer/v2.0/lbaas/pools/98182750-2c5d-44b3-a298-5e2daf6104b2/members?name=k8s-clusterapi-cluster-magnum-system-kube-0a4j2-kubeapi-6443-kube-0a4j2-psl4t-j5rsb => generated 619 bytes in 35 msecs (HTTP/1.1 200) 4 headers in 157 bytes (1 switches on core 0)
Aug 31 07:43:09.047471 np0000191560 devstack@o-api.service[122674]: [pid: 122674|app: 0|req: 17/65] 172.24.5.204 () {54 vars in 1093 bytes} [Mon Aug 31 07:43:08 2026] GET /load-balancer/ => generated 4776 bytes in 159 msecs (HTTP/1.1 200) 4 headers in 158 bytes (1 switches on core 0)
Aug 31 07:43:10.092569 np0000191560 devstack@o-api.service[122675]: [pid: 122675|app: 0|req: 17/66] 172.18.0.2 () {54 vars in 1088 bytes} [Mon Aug 31 07:43:10 2026] GET /load-balancer/ => generated 4776 bytes in 4 msecs (HTTP/1.1 200) 4 headers in 158 bytes (1 switches on core 0)
Aug 31 07:43:10.140922 np0000191560 devstack@o-api.service[122672]: [pid: 122672|app: 0|req: 17/67] 172.18.0.2 () {54 vars in 1266 bytes} [Mon Aug 31 07:43:10 2026] GET /load-balancer/v2.0/lbaas/pools?name=k8s-clusterapi-cluster-magnum-system-kube-0a4j2-kubeapi-6443 => generated 947 bytes in 39 msecs (HTTP/1.1 200) 4 headers in 157 bytes (1 switches on core 0)
Aug 31 07:43:10.190012 np0000191560 devstack@o-api.service[122673]: [pid: 122673|app: 0|req: 17/68] 172.18.0.2 () {54 vars in 1447 bytes} [Mon Aug 31 07:43:10 2026] GET /load-balancer/v2.0/lbaas/pools/98182750-2c5d-44b3-a298-5e2daf6104b2/members?name=k8s-clusterapi-cluster-magnum-system-kube-0a4j2-kubeapi-6443-kube-0a4j2-psl4t-j5rsb => generated 619 bytes in 37 msecs (HTTP/1.1 200) 4 headers in 157 bytes (1 switches on core 0)
Aug 31 07:43:10.449927 np0000191560 devstack@o-api.service[122674]: [pid: 122674|app: 0|req: 18/69] 172.18.0.2 () {54 vars in 1088 bytes} [Mon Aug 31 07:43:10 2026] GET /load-balancer/ => generated 4776 bytes in 3 msecs (HTTP/1.1 200) 4 headers in 158 bytes (1 switches on core 0)
Aug 31 07:43:10.518533 np0000191560 devstack@o-api.service[122675]: [pid: 122675|app: 0|req: 18/70] 172.18.0.2 () {54 vars in 1266 bytes} [Mon Aug 31 07:43:10 2026] GET /load-balancer/v2.0/lbaas/pools?name=k8s-clusterapi-cluster-magnum-system-kube-0a4j2-kubeapi-6443 => generated 947 bytes in 56 msecs (HTTP/1.1 200) 4 headers in 157 bytes (1 switches on core 0)
Aug 31 07:43:10.562677 np0000191560 devstack@o-api.service[122672]: [pid: 122672|app: 0|req: 18/71] 172.18.0.2 () {54 vars in 1447 bytes} [Mon Aug 31 07:43:10 2026] GET /load-balancer/v2.0/lbaas/pools/98182750-2c5d-44b3-a298-5e2daf6104b2/members?name=k8s-clusterapi-cluster-magnum-system-kube-0a4j2-kubeapi-6443-kube-0a4j2-psl4t-j5rsb => generated 619 bytes in 42 msecs (HTTP/1.1 200) 4 headers in 157 bytes (1 switches on core 0)
Aug 31 07:43:10.996567 np0000191560 devstack@o-api.service[122673]: [pid: 122673|app: 0|req: 18/72] 172.18.0.2 () {54 vars in 1088 bytes} [Mon Aug 31 07:43:10 2026] GET /load-balancer/ => generated 4776 bytes in 3 msecs (HTTP/1.1 200) 4 headers in 158 bytes (1 switches on core 0)
Aug 31 07:43:11.037702 np0000191560 devstack@o-api.service[122674]: [pid: 122674|app: 0|req: 19/73] 172.18.0.2 () {54 vars in 1266 bytes} [Mon Aug 31 07:43:11 2026] GET /load-balancer/v2.0/lbaas/pools?name=k8s-clusterapi-cluster-magnum-system-kube-0a4j2-kubeapi-6443 => generated 947 bytes in 34 msecs (HTTP/1.1 200) 4 headers in 157 bytes (1 switches on core 0)
Aug 31 07:43:11.082366 np0000191560 devstack@o-api.service[122675]: [pid: 122675|app: 0|req: 19/74] 172.18.0.2 () {54 vars in 1447 bytes} [Mon Aug 31 07:43:11 2026] GET /load-balancer/v2.0/lbaas/pools/98182750-2c5d-44b3-a298-5e2daf6104b2/members?name=k8s-clusterapi-cluster-magnum-system-kube-0a4j2-kubeapi-6443-kube-0a4j2-psl4t-j5rsb => generated 619 bytes in 43 msecs (HTTP/1.1 200) 4 headers in 157 bytes (1 switches on core 0)
Aug 31 07:43:11.324327 np0000191560 devstack@o-api.service[122672]: [pid: 122672|app: 0|req: 19/75] 172.18.0.2 () {54 vars in 1088 bytes} [Mon Aug 31 07:43:11 2026] GET /load-balancer/ => generated 4776 bytes in 3 msecs (HTTP/1.1 200) 4 headers in 158 bytes (1 switches on core 0)
Aug 31 07:43:11.383344 np0000191560 devstack@o-api.service[122673]: [pid: 122673|app: 0|req: 19/76] 172.18.0.2 () {54 vars in 1266 bytes} [Mon Aug 31 07:43:11 2026] GET /load-balancer/v2.0/lbaas/pools?name=k8s-clusterapi-cluster-magnum-system-kube-0a4j2-kubeapi-6443 => generated 947 bytes in 43 msecs (HTTP/1.1 200) 4 headers in 157 bytes (1 switches on core 0)
Aug 31 07:43:11.424151 np0000191560 devstack@o-api.service[122674]: [pid: 122674|app: 0|req: 20/77] 172.18.0.2 () {54 vars in 1447 bytes} [Mon Aug 31 07:43:11 2026] GET /load-balancer/v2.0/lbaas/pools/98182750-2c5d-44b3-a298-5e2daf6104b2/members?name=k8s-clusterapi-cluster-magnum-system-kube-0a4j2-kubeapi-6443-kube-0a4j2-psl4t-j5rsb => generated 619 bytes in 38 msecs (HTTP/1.1 200) 4 headers in 157 bytes (1 switches on core 0)
Aug 31 07:43:11.615832 np0000191560 devstack@o-api.service[122675]: [pid: 122675|app: 0|req: 20/78] 172.18.0.2 () {54 vars in 1088 bytes} [Mon Aug 31 07:43:11 2026] GET /load-balancer/ => generated 4776 bytes in 4 msecs (HTTP/1.1 200) 4 headers in 158 bytes (1 switches on core 0)
Aug 31 07:43:11.690332 np0000191560 devstack@o-api.service[122672]: [pid: 122672|app: 0|req: 20/79] 172.18.0.2 () {54 vars in 1280 bytes} [Mon Aug 31 07:43:11 2026] GET /load-balancer/v2.0/lbaas/loadbalancers?name=k8s-clusterapi-cluster-magnum-system-kube-0a4j2-kubeapi => generated 1011 bytes in 64 msecs (HTTP/1.1 200) 4 headers in 158 bytes (1 switches on core 0)
Aug 31 07:43:12.163596 np0000191560 devstack@o-api.service[122673]: [pid: 122673|app: 0|req: 20/80] 172.18.0.2 () {54 vars in 1088 bytes} [Mon Aug 31 07:43:12 2026] GET /load-balancer/ => generated 4776 bytes in 3 msecs (HTTP/1.1 200) 4 headers in 158 bytes (1 switches on core 0)
