2026-07-15 06:07:43.914 7 INFO placement.requestlog [None req-de3aec4d-b043-4b7d-98ef-362f0f8cfdc7 bc17f44ad5a6476b9b6af18c2679e483 30cef241bb264851a2db5714959011d9 - - 9db3b741323c4d09b3787f5e358eb0bf 9db3b741323c4d09b3787f5e358eb0bf] 10.0.0.40 "DELETE /resource_providers/2cba54e9-56a5-4f3b-8267-ee5e8c9b1778" status: 404 len: 246 microversion: 1.1 [pid: 7|app: 0|req: 419/837] 10.0.0.40 () {34 vars in 823 bytes} [Wed Jul 15 06:07:43 2026] DELETE /resource_providers/2cba54e9-56a5-4f3b-8267-ee5e8c9b1778 => generated 246 bytes in 7 msecs (HTTP/1.1 404) 6 headers in 231 bytes (1 switches on core 0)
2026-07-15 06:07:44.966 8 INFO placement.requestlog [None req-5065e6b4-3217-4d9f-9784-8b000664edd6 bc17f44ad5a6476b9b6af18c2679e483 30cef241bb264851a2db5714959011d9 - - 9db3b741323c4d09b3787f5e358eb0bf 9db3b741323c4d09b3787f5e358eb0bf] 10.0.0.40 "GET /resource_providers/e720cb62-624d-482c-b96d-a1c239b3881b/aggregates" status: 404 len: 235 microversion: 1.1
2026-07-15 06:07:44.967 7 INFO placement.requestlog [None req-d05139c2-c142-4681-882d-858b96332eac bc17f44ad5a6476b9b6af18c2679e483 30cef241bb264851a2db5714959011d9 - - 9db3b741323c4d09b3787f5e358eb0bf 9db3b741323c4d09b3787f5e358eb0bf] 10.0.0.40 "GET /resource_providers/e720cb62-624d-482c-b96d-a1c239b3881b/aggregates" status: 404 len: 235 microversion: 1.1 [pid: 7|app: 0|req: 420/839] 10.0.0.40 () {32 vars in 823 bytes} [Wed Jul 15 06:07:44 2026] GET /resource_providers/e720cb62-624d-482c-b96d-a1c239b3881b/aggregates => generated 235 bytes in 13 msecs (HTTP/1.1 404) 5 headers in 202 bytes (1 switches on core 0) [pid: 8|app: 0|req: 419/839] 10.0.0.40 () {32 vars in 823 bytes} [Wed Jul 15 06:07:44 2026] GET /resource_providers/e720cb62-624d-482c-b96d-a1c239b3881b/aggregates => generated 235 bytes in 14 msecs (HTTP/1.1 404) 5 headers in 202 bytes (1 switches on core 0)
2026-07-15 06:07:44.987 7 INFO placement.requestlog [None req-ab2234a9-3bc0-4d0e-aed7-6517c0b9e4f8 bc17f44ad5a6476b9b6af18c2679e483 30cef241bb264851a2db5714959011d9 - - 9db3b741323c4d09b3787f5e358eb0bf 9db3b741323c4d09b3787f5e358eb0bf] 10.0.0.40 "DELETE /resource_providers/e720cb62-624d-482c-b96d-a1c239b3881b" status: 404 len: 246 microversion: 1.1 [pid: 7|app: 0|req: 421/840] 10.0.0.40 () {34 vars in 823 bytes} [Wed Jul 15 06:07:44 2026] DELETE /resource_providers/e720cb62-624d-482c-b96d-a1c239b3881b => generated 246 bytes in 13 msecs (HTTP/1.1 404) 6 headers in 231 bytes (1 switches on core 0)
2026-07-15 06:07:44.997 8 INFO placement.requestlog [None req-84ebdeb4-5766-4199-8e98-4a918bb21c5b bc17f44ad5a6476b9b6af18c2679e483 30cef241bb264851a2db5714959011d9 - - 9db3b741323c4d09b3787f5e358eb0bf 9db3b741323c4d09b3787f5e358eb0bf] 10.0.0.40 "DELETE /resource_providers/e720cb62-624d-482c-b96d-a1c239b3881b" status: 404 len: 246 microversion: 1.1 [pid: 8|app: 0|req: 420/841] 10.0.0.40 () {34 vars in 823 bytes} [Wed Jul 15 06:07:44 2026] DELETE /resource_providers/e720cb62-624d-482c-b96d-a1c239b3881b => generated 246 bytes in 20 msecs (HTTP/1.1 404) 6 headers in 231 bytes (1 switches on core 0)
2026-07-15 06:07:45.974 7 INFO placement.requestlog [None req-a27b6109-f911-4ba0-99a5-ea7e140de55e bc17f44ad5a6476b9b6af18c2679e483 30cef241bb264851a2db5714959011d9 - - 9db3b741323c4d09b3787f5e358eb0bf 9db3b741323c4d09b3787f5e358eb0bf] 10.0.0.40 "GET /resource_providers/b7a18f54-4006-427a-af35-a1eab2d270e9/aggregates" status: 404 len: 235 microversion: 1.1 [pid: 7|app: 0|req: 422/842] 10.0.0.40 () {32 vars in 823 bytes} [Wed Jul 15 06:07:45 2026] GET /resource_providers/b7a18f54-4006-427a-af35-a1eab2d270e9/aggregates => generated 235 bytes in 9 msecs (HTTP/1.1 404) 5 headers in 202 bytes (1 switches on core 0)
2026-07-15 06:07:45.986 8 INFO placement.requestlog [None req-d5e22504-f459-4334-b8c8-e5bb7785a2a5 bc17f44ad5a6476b9b6af18c2679e483 30cef241bb264851a2db5714959011d9 - - 9db3b741323c4d09b3787f5e358eb0bf 9db3b741323c4d09b3787f5e358eb0bf] 10.0.0.40 "GET /resource_providers/b7a18f54-4006-427a-af35-a1eab2d270e9/aggregates" status: 404 len: 235 microversion: 1.1 [pid: 8|app: 0|req: 421/843] 10.0.0.40 () {32 vars in 823 bytes} [Wed Jul 15 06:07:45 2026] GET /resource_providers/b7a18f54-4006-427a-af35-a1eab2d270e9/aggregates => generated 235 bytes in 19 msecs (HTTP/1.1 404) 5 headers in 202 bytes (1 switches on core 0)
2026-07-15 06:07:45.991 7 INFO placement.requestlog [None req-e106895e-5639-4d6d-88b3-0dab0b8b82bc bc17f44ad5a6476b9b6af18c2679e483 30cef241bb264851a2db5714959011d9 - - 9db3b741323c4d09b3787f5e358eb0bf 9db3b741323c4d09b3787f5e358eb0bf] 10.0.0.40 "DELETE /resource_providers/b7a18f54-4006-427a-af35-a1eab2d270e9" status: 404 len: 246 microversion: 1.1 [pid: 7|app: 0|req: 423/844] 10.0.0.40 () {34 vars in 823 bytes} [Wed Jul 15 06:07:45 2026] DELETE /resource_providers/b7a18f54-4006-427a-af35-a1eab2d270e9 => generated 246 bytes in 13 msecs (HTTP/1.1 404) 6 headers in 231 bytes (1 switches on core 0)
2026-07-15 06:07:46.002 8 INFO placement.requestlog [None req-ebac7846-bdd2-4f52-8f94-18a03c3fda77 bc17f44ad5a6476b9b6af18c2679e483 30cef241bb264851a2db5714959011d9 - - 9db3b741323c4d09b3787f5e358eb0bf 9db3b741323c4d09b3787f5e358eb0bf] 10.0.0.40 "DELETE /resource_providers/b7a18f54-4006-427a-af35-a1eab2d270e9" status: 404 len: 246 microversion: 1.1 [pid: 8|app: 0|req: 422/845] 10.0.0.40 () {34 vars in 823 bytes} [Wed Jul 15 06:07:45 2026] DELETE /resource_providers/b7a18f54-4006-427a-af35-a1eab2d270e9 => generated 246 bytes in 11 msecs (HTTP/1.1 404) 6 headers in 231 bytes (1 switches on core 0)
2026-07-15 06:07:46.724 7 INFO placement.requestlog [None req-48acf2af-a234-434c-8883-d518dc19f1a0 - - - - - -] 10.0.0.222 "GET /" status: 200 len: 136 microversion: 1.0
2026-07-15 06:07:46.724 8 INFO placement.requestlog [None req-d6b299d0-ac90-48ff-833f-fcae6f979721 - - - - - -] 10.0.0.222 "GET /" status: 200 len: 136 microversion: 1.0
2026-07-15 06:07:51.645 7 INFO placement.requestlog [req-1d73cb5b-4a82-4d85-a178-d036e5e0e8a2 req-aa0e5e6c-e784-4584-b1e2-f155f3e25d6d 33e2eb542a2140ffabc2066078b4f7e3 30cef241bb264851a2db5714959011d9 - - 9db3b741323c4d09b3787f5e358eb0bf 9db3b741323c4d09b3787f5e358eb0bf] 199.204.45.70 "GET /resource_providers/b17b22e2-d780-4a89-8171-2807680a0291/allocations" status: 200 len: 54 microversion: 1.0 [pid: 7|app: 0|req: 425/848] 199.204.45.70 () {32 vars in 855 bytes} [Wed Jul 15 06:07:51 2026] GET /resource_providers/b17b22e2-d780-4a89-8171-2807680a0291/allocations => generated 54 bytes in 10 msecs (HTTP/1.1 200) 6 headers in 223 bytes (1 switches on core 0)
2026-07-15 06:07:51.664 8 INFO placement.requestlog [req-1d73cb5b-4a82-4d85-a178-d036e5e0e8a2 req-c866345c-6894-4401-86e0-a800c338a7d9 33e2eb542a2140ffabc2066078b4f7e3 30cef241bb264851a2db5714959011d9 - - 9db3b741323c4d09b3787f5e358eb0bf 9db3b741323c4d09b3787f5e358eb0bf] 199.204.45.70 "GET /resource_providers/b17b22e2-d780-4a89-8171-2807680a0291/allocations" status: 200 len: 54 microversion: 1.0 [pid: 8|app: 0|req: 424/849] 199.204.45.70 () {32 vars in 855 bytes} [Wed Jul 15 06:07:51 2026] GET /resource_providers/b17b22e2-d780-4a89-8171-2807680a0291/allocations => generated 54 bytes in 14 msecs (HTTP/1.1 200) 6 headers in 223 bytes (1 switches on core 0)
2026-07-15 06:07:56.722 8 INFO placement.requestlog [None req-0f57f25c-3d2c-4a5f-9df3-8fbad89f1a44 - - - - - -] 10.0.0.222 "GET /" status: 200 len: 136 microversion: 1.0
2026-07-15 06:07:56.722 7 INFO placement.requestlog [None req-f6b199bb-2e82-4aad-a208-018260c6b800 - - - - - -] 10.0.0.222 "GET /" status: 200 len: 136 microversion: 1.0
2026-07-15 06:07:58.893 7 INFO placement.requestlog [None req-4ec0efad-81a1-4b4f-bae4-14779675dda6 bc17f44ad5a6476b9b6af18c2679e483 30cef241bb264851a2db5714959011d9 - - 9db3b741323c4d09b3787f5e358eb0bf 9db3b741323c4d09b3787f5e358eb0bf] 10.0.0.40 "GET /resource_providers/940b5dbf-b8f1-492c-9bbb-e5007d382867/aggregates" status: 404 len: 235 microversion: 1.1 [pid: 7|app: 0|req: 427/852] 10.0.0.40 () {32 vars in 823 bytes} [Wed Jul 15 06:07:58 2026] GET /resource_providers/940b5dbf-b8f1-492c-9bbb-e5007d382867/aggregates => generated 235 bytes in 11 msecs (HTTP/1.1 404) 5 headers in 202 bytes (1 switches on core 0)
2026-07-15 06:07:58.897 8 INFO placement.requestlog [None req-3f7b1cfa-19f2-4d84-b2b1-bef117c8c5bd bc17f44ad5a6476b9b6af18c2679e483 30cef241bb264851a2db5714959011d9 - - 9db3b741323c4d09b3787f5e358eb0bf 9db3b741323c4d09b3787f5e358eb0bf] 10.0.0.40 "GET /resource_providers/940b5dbf-b8f1-492c-9bbb-e5007d382867/aggregates" status: 404 len: 235 microversion: 1.1 [pid: 8|app: 0|req: 426/853] 10.0.0.40 () {32 vars in 823 bytes} [Wed Jul 15 06:07:58 2026] GET /resource_providers/940b5dbf-b8f1-492c-9bbb-e5007d382867/aggregates => generated 235 bytes in 11 msecs (HTTP/1.1 404) 5 headers in 202 bytes (1 switches on core 0)
2026-07-15 06:07:58.916 7 INFO placement.requestlog [None req-ed6440d7-58ac-42d1-a814-dfd3e2f845b1 bc17f44ad5a6476b9b6af18c2679e483 30cef241bb264851a2db5714959011d9 - - 9db3b741323c4d09b3787f5e358eb0bf 9db3b741323c4d09b3787f5e358eb0bf] 10.0.0.40 "DELETE /resource_providers/940b5dbf-b8f1-492c-9bbb-e5007d382867" status: 404 len: 246 microversion: 1.1 [pid: 7|app: 0|req: 428/854] 10.0.0.40 () {34 vars in 823 bytes} [Wed Jul 15 06:07:58 2026] DELETE /resource_providers/940b5dbf-b8f1-492c-9bbb-e5007d382867 => generated 246 bytes in 8 msecs (HTTP/1.1 404) 6 headers in 231 bytes (1 switches on core 0)
2026-07-15 06:07:58.928 8 INFO placement.requestlog [None req-8f352263-c2ab-4439-b76b-d58ed1657dd1 bc17f44ad5a6476b9b6af18c2679e483 30cef241bb264851a2db5714959011d9 - - 9db3b741323c4d09b3787f5e358eb0bf 9db3b741323c4d09b3787f5e358eb0bf] 10.0.0.40 "DELETE /resource_providers/940b5dbf-b8f1-492c-9bbb-e5007d382867" status: 404 len: 246 microversion: 1.1 [pid: 8|app: 0|req: 427/855] 10.0.0.40 () {34 vars in 823 bytes} [Wed Jul 15 06:07:58 2026] DELETE /resource_providers/940b5dbf-b8f1-492c-9bbb-e5007d382867 => generated 246 bytes in 14 msecs (HTTP/1.1 404) 6 headers in 231 bytes (1 switches on core 0)
2026-07-15 06:08:00.933 7 INFO placement.requestlog [None req-d60456b6-468f-4d6c-9cfd-f52d8013205a bc17f44ad5a6476b9b6af18c2679e483 30cef241bb264851a2db5714959011d9 - - 9db3b741323c4d09b3787f5e358eb0bf 9db3b741323c4d09b3787f5e358eb0bf] 10.0.0.40 "GET /resource_providers/8238733c-2b49-490a-9cb6-5e7b5bc6eae5/aggregates" status: 404 len: 235 microversion: 1.1 [pid: 7|app: 0|req: 429/856] 10.0.0.40 () {32 vars in 823 bytes} [Wed Jul 15 06:08:00 2026] GET /resource_providers/8238733c-2b49-490a-9cb6-5e7b5bc6eae5/aggregates => generated 235 bytes in 12 msecs (HTTP/1.1 404) 5 headers in 202 bytes (1 switches on core 0)
2026-07-15 06:08:00.945 7 INFO placement.requestlog [None req-f6c281dd-b3f1-4696-907a-de35bd19d014 bc17f44ad5a6476b9b6af18c2679e483 30cef241bb264851a2db5714959011d9 - - 9db3b741323c4d09b3787f5e358eb0bf 9db3b741323c4d09b3787f5e358eb0bf] 10.0.0.40 "DELETE /resource_providers/8238733c-2b49-490a-9cb6-5e7b5bc6eae5" status: 404 len: 246 microversion: 1.1 [pid: 7|app: 0|req: 430/857] 10.0.0.40 () {34 vars in 823 bytes} [Wed Jul 15 06:08:00 2026] DELETE /resource_providers/8238733c-2b49-490a-9cb6-5e7b5bc6eae5 => generated 246 bytes in 7 msecs (HTTP/1.1 404) 6 headers in 231 bytes (1 switches on core 0)
2026-07-15 06:08:00.946 8 INFO placement.requestlog [None req-79d399d6-189c-45cb-a25c-73e59c7561bc bc17f44ad5a6476b9b6af18c2679e483 30cef241bb264851a2db5714959011d9 - - 9db3b741323c4d09b3787f5e358eb0bf 9db3b741323c4d09b3787f5e358eb0bf] 10.0.0.40 "GET /resource_providers/8238733c-2b49-490a-9cb6-5e7b5bc6eae5/aggregates" status: 404 len: 235 microversion: 1.1 [pid: 8|app: 0|req: 428/858] 10.0.0.40 () {32 vars in 823 bytes} [Wed Jul 15 06:08:00 2026] GET /resource_providers/8238733c-2b49-490a-9cb6-5e7b5bc6eae5/aggregates => generated 235 bytes in 14 msecs (HTTP/1.1 404) 5 headers in 202 bytes (1 switches on core 0)
2026-07-15 06:08:00.960 7 INFO placement.requestlog [None req-28e95c82-f2ee-4523-97fc-45d910d4794d bc17f44ad5a6476b9b6af18c2679e483 30cef241bb264851a2db5714959011d9 - - 9db3b741323c4d09b3787f5e358eb0bf 9db3b741323c4d09b3787f5e358eb0bf] 10.0.0.40 "DELETE /resource_providers/8238733c-2b49-490a-9cb6-5e7b5bc6eae5" status: 404 len: 246 microversion: 1.1 [pid: 7|app: 0|req: 431/859] 10.0.0.40 () {34 vars in 823 bytes} [Wed Jul 15 06:08:00 2026] DELETE /resource_providers/8238733c-2b49-490a-9cb6-5e7b5bc6eae5 => generated 246 bytes in 9 msecs (HTTP/1.1 404) 6 headers in 231 bytes (1 switches on core 0)
2026-07-15 06:08:03.474 8 INFO placement.requestlog [None req-9a90c0d9-0d58-4019-8da7-f4170f5a57bc bc17f44ad5a6476b9b6af18c2679e483 30cef241bb264851a2db5714959011d9 - - 9db3b741323c4d09b3787f5e358eb0bf 9db3b741323c4d09b3787f5e358eb0bf] 10.0.0.40 "GET /resource_providers/8412bad7-c42a-48dc-83ef-b84c034e2d5a/aggregates" status: 404 len: 235 microversion: 1.1 [pid: 8|app: 0|req: 429/860] 10.0.0.40 () {32 vars in 823 bytes} [Wed Jul 15 06:08:03 2026] GET /resource_providers/8412bad7-c42a-48dc-83ef-b84c034e2d5a/aggregates => generated 235 bytes in 14 msecs (HTTP/1.1 404) 5 headers in 202 bytes (1 switches on core 0)
2026-07-15 06:08:03.475 7 INFO placement.requestlog [None req-d3a347f5-b5f6-4768-92b5-5bd9298ae4c3 bc17f44ad5a6476b9b6af18c2679e483 30cef241bb264851a2db5714959011d9 - - 9db3b741323c4d09b3787f5e358eb0bf 9db3b741323c4d09b3787f5e358eb0bf] 10.0.0.40 "GET /resource_providers/8412bad7-c42a-48dc-83ef-b84c034e2d5a/aggregates" status: 404 len: 235 microversion: 1.1 [pid: 7|app: 0|req: 432/861] 10.0.0.40 () {32 vars in 823 bytes} [Wed Jul 15 06:08:03 2026] GET /resource_providers/8412bad7-c42a-48dc-83ef-b84c034e2d5a/aggregates => generated 235 bytes in 13 msecs (HTTP/1.1 404) 5 headers in 202 bytes (1 switches on core 0)
2026-07-15 06:08:03.490 7 INFO placement.requestlog [None req-0956eb93-0d47-4128-9a24-cf71069a2fda bc17f44ad5a6476b9b6af18c2679e483 30cef241bb264851a2db5714959011d9 - - 9db3b741323c4d09b3787f5e358eb0bf 9db3b741323c4d09b3787f5e358eb0bf] 10.0.0.40 "DELETE /resource_providers/8412bad7-c42a-48dc-83ef-b84c034e2d5a" status: 404 len: 246 microversion: 1.1 [pid: 7|app: 0|req: 433/862] 10.0.0.40 () {34 vars in 823 bytes} [Wed Jul 15 06:08:03 2026] DELETE /resource_providers/8412bad7-c42a-48dc-83ef-b84c034e2d5a => generated 246 bytes in 8 msecs (HTTP/1.1 404) 6 headers in 231 bytes (1 switches on core 0)
2026-07-15 06:08:03.492 8 INFO placement.requestlog [None req-7481937e-6b83-4430-b371-9ae51fdc9877 bc17f44ad5a6476b9b6af18c2679e483 30cef241bb264851a2db5714959011d9 - - 9db3b741323c4d09b3787f5e358eb0bf 9db3b741323c4d09b3787f5e358eb0bf] 10.0.0.40 "DELETE /resource_providers/8412bad7-c42a-48dc-83ef-b84c034e2d5a" status: 404 len: 246 microversion: 1.1 [pid: 8|app: 0|req: 430/863] 10.0.0.40 () {34 vars in 823 bytes} [Wed Jul 15 06:08:03 2026] DELETE /resource_providers/8412bad7-c42a-48dc-83ef-b84c034e2d5a => generated 246 bytes in 10 msecs (HTTP/1.1 404) 6 headers in 231 bytes (1 switches on core 0)
2026-07-15 06:08:06.723 7 INFO placement.requestlog [None req-93f62b5f-740d-459c-917a-801fba978a7a - - - - - -] 10.0.0.222 "GET /" status: 200 len: 136 microversion: 1.0
2026-07-15 06:08:06.723 8 INFO placement.requestlog [None req-a73af0fd-20f4-4e6b-a059-a9a330879db4 - - - - - -] 10.0.0.222 "GET /" status: 200 len: 136 microversion: 1.0
2026-07-15 06:08:07.865 7 INFO placement.requestlog [req-7d4d7c3d-1e82-45bd-897b-9a3086a5d038 req-00c43194-a53b-47d9-bd12-4991d6dcccea 33e2eb542a2140ffabc2066078b4f7e3 30cef241bb264851a2db5714959011d9 - - 9db3b741323c4d09b3787f5e358eb0bf 9db3b741323c4d09b3787f5e358eb0bf] 10.0.0.147 "GET /allocation_candidates?limit=1000&resources=DISK_GB%3A1%2CMEMORY_MB%3A512%2CVCPU%3A1&root_required=%21COMPUTE_STATUS_DISABLED" status: 200 len: 2384 microversion: 1.36 [pid: 7|app: 0|req: 435/866] 10.0.0.147 () {34 vars in 1011 bytes} [Wed Jul 15 06:08:07 2026] GET /allocation_candidates?limit=1000&resources=DISK_GB%3A1%2CMEMORY_MB%3A512%2CVCPU%3A1&root_required=%21COMPUTE_STATUS_DISABLED => generated 2384 bytes in 53 msecs (HTTP/1.1 200) 8 headers in 297 bytes (1 switches on core 0)
2026-07-15 06:08:07.894 8 INFO placement.requestlog [req-7d4d7c3d-1e82-45bd-897b-9a3086a5d038 req-99124680-71b5-4cb6-892f-e9c676c954b6 33e2eb542a2140ffabc2066078b4f7e3 30cef241bb264851a2db5714959011d9 - - 9db3b741323c4d09b3787f5e358eb0bf 9db3b741323c4d09b3787f5e358eb0bf] 10.0.0.147 "GET /allocations/8be49bcf-fac4-4965-af6b-187c51458634" status: 200 len: 19 microversion: 1.28 [pid: 8|app: 0|req: 432/867] 10.0.0.147 () {34 vars in 860 bytes} [Wed Jul 15 06:08:07 2026] GET /allocations/8be49bcf-fac4-4965-af6b-187c51458634 => generated 19 bytes in 12 msecs (HTTP/1.1 200) 8 headers in 295 bytes (1 switches on core 0)
2026-07-15 06:08:07.981 7 INFO placement.requestlog [req-7d4d7c3d-1e82-45bd-897b-9a3086a5d038 req-7acfa5ab-cabe-434c-9872-d224263b0ce7 33e2eb542a2140ffabc2066078b4f7e3 30cef241bb264851a2db5714959011d9 - - 9db3b741323c4d09b3787f5e358eb0bf 9db3b741323c4d09b3787f5e358eb0bf] 10.0.0.147 "PUT /allocations/8be49bcf-fac4-4965-af6b-187c51458634" status: 204 len: 0 microversion: 1.36 [pid: 7|app: 0|req: 436/868] 10.0.0.147 () {38 vars in 913 bytes} [Wed Jul 15 06:08:07 2026] PUT /allocations/8be49bcf-fac4-4965-af6b-187c51458634 => generated 0 bytes in 82 msecs (HTTP/1.1 204) 5 headers in 199 bytes (1 switches on core 0)
2026-07-15 06:08:09.468 8 INFO placement.requestlog [req-7d4d7c3d-1e82-45bd-897b-9a3086a5d038 req-62a34bcb-3e74-40c3-960e-0b94b3ea379b 33e2eb542a2140ffabc2066078b4f7e3 30cef241bb264851a2db5714959011d9 - - 9db3b741323c4d09b3787f5e358eb0bf 9db3b741323c4d09b3787f5e358eb0bf] 199.204.45.70 "GET /allocations/8be49bcf-fac4-4965-af6b-187c51458634" status: 200 len: 257 microversion: 1.28 [pid: 8|app: 0|req: 433/869] 199.204.45.70 () {34 vars in 861 bytes} [Wed Jul 15 06:08:09 2026] GET /allocations/8be49bcf-fac4-4965-af6b-187c51458634 => generated 257 bytes in 10 msecs (HTTP/1.1 200) 8 headers in 296 bytes (1 switches on core 0)
2026-07-15 06:08:10.512 7 INFO placement.requestlog [req-7d4d7c3d-1e82-45bd-897b-9a3086a5d038 req-0d52c8fb-78eb-47eb-89bc-e45180e8c27a 33e2eb542a2140ffabc2066078b4f7e3 30cef241bb264851a2db5714959011d9 - - 9db3b741323c4d09b3787f5e358eb0bf 9db3b741323c4d09b3787f5e358eb0bf] 199.204.45.70 "GET /resource_providers/b17b22e2-d780-4a89-8171-2807680a0291/allocations" status: 200 len: 152 microversion: 1.0 [pid: 7|app: 0|req: 437/870] 199.204.45.70 () {32 vars in 855 bytes} [Wed Jul 15 06:08:10 2026] GET /resource_providers/b17b22e2-d780-4a89-8171-2807680a0291/allocations => generated 152 bytes in 20 msecs (HTTP/1.1 200) 6 headers in 224 bytes (1 switches on core 0)
2026-07-15 06:08:10.538 8 INFO placement.requestlog [req-7d4d7c3d-1e82-45bd-897b-9a3086a5d038 req-77714b87-f6df-4732-b570-565c92b28f8f 33e2eb542a2140ffabc2066078b4f7e3 30cef241bb264851a2db5714959011d9 - - 9db3b741323c4d09b3787f5e358eb0bf 9db3b741323c4d09b3787f5e358eb0bf] 199.204.45.70 "GET /allocations/8be49bcf-fac4-4965-af6b-187c51458634" status: 200 len: 257 microversion: 1.28 [pid: 8|app: 0|req: 434/871] 199.204.45.70 () {34 vars in 861 bytes} [Wed Jul 15 06:08:10 2026] GET /allocations/8be49bcf-fac4-4965-af6b-187c51458634 => generated 257 bytes in 14 msecs (HTTP/1.1 200) 8 headers in 296 bytes (1 switches on core 0)
2026-07-15 06:08:15.881 8 INFO placement.requestlog [None req-9bfbca0e-9b71-440d-bdab-08a38803b225 bc17f44ad5a6476b9b6af18c2679e483 30cef241bb264851a2db5714959011d9 - - 9db3b741323c4d09b3787f5e358eb0bf 9db3b741323c4d09b3787f5e358eb0bf] 10.0.0.40 "GET /resource_providers/4c60b256-d2cf-4a0c-94a4-39abbe62ff1d/aggregates" status: 404 len: 235 microversion: 1.1
2026-07-15 06:08:15.881 7 INFO placement.requestlog [None req-df7d847b-bfea-4554-b1f8-b93c3c29f84f bc17f44ad5a6476b9b6af18c2679e483 30cef241bb264851a2db5714959011d9 - - 9db3b741323c4d09b3787f5e358eb0bf 9db3b741323c4d09b3787f5e358eb0bf] 10.0.0.40 "GET /resource_providers/4c60b256-d2cf-4a0c-94a4-39abbe62ff1d/aggregates" status: 404 len: 235 microversion: 1.1 [pid: 7|app: 0|req: 438/873] 10.0.0.40 () {32 vars in 823 bytes} [Wed Jul 15 06:08:15 2026] GET /resource_providers/4c60b256-d2cf-4a0c-94a4-39abbe62ff1d/aggregates => generated 235 bytes in 10 msecs (HTTP/1.1 404) 5 headers in 202 bytes (1 switches on core 0) [pid: 8|app: 0|req: 435/873] 10.0.0.40 () {32 vars in 823 bytes} [Wed Jul 15 06:08:15 2026] GET /resource_providers/4c60b256-d2cf-4a0c-94a4-39abbe62ff1d/aggregates => generated 235 bytes in 9 msecs (HTTP/1.1 404) 5 headers in 202 bytes (1 switches on core 0)
2026-07-15 06:08:15.896 7 INFO placement.requestlog [None req-1683a10d-163b-47e6-adef-78f035a55b86 bc17f44ad5a6476b9b6af18c2679e483 30cef241bb264851a2db5714959011d9 - - 9db3b741323c4d09b3787f5e358eb0bf 9db3b741323c4d09b3787f5e358eb0bf] 10.0.0.40 "DELETE /resource_providers/4c60b256-d2cf-4a0c-94a4-39abbe62ff1d" status: 404 len: 246 microversion: 1.1
2026-07-15 06:08:15.896 8 INFO placement.requestlog [None req-4bba0da8-fc96-4bf4-9ca0-432518f50fdb bc17f44ad5a6476b9b6af18c2679e483 30cef241bb264851a2db5714959011d9 - - 9db3b741323c4d09b3787f5e358eb0bf 9db3b741323c4d09b3787f5e358eb0bf] 10.0.0.40 "DELETE /resource_providers/4c60b256-d2cf-4a0c-94a4-39abbe62ff1d" status: 404 len: 246 microversion: 1.1 [pid: 7|app: 0|req: 439/874] 10.0.0.40 () {34 vars in 823 bytes} [Wed Jul 15 06:08:15 2026] DELETE /resource_providers/4c60b256-d2cf-4a0c-94a4-39abbe62ff1d => generated 246 bytes in 8 msecs (HTTP/1.1 404) 6 headers in 231 bytes (1 switches on core 0) [pid: 8|app: 0|req: 436/875] 10.0.0.40 () {34 vars in 823 bytes} [Wed Jul 15 06:08:15 2026] DELETE /resource_providers/4c60b256-d2cf-4a0c-94a4-39abbe62ff1d => generated 246 bytes in 8 msecs (HTTP/1.1 404) 6 headers in 231 bytes (1 switches on core 0)
2026-07-15 06:08:16.723 7 INFO placement.requestlog [None req-5b0ff904-e6e9-49cb-b5c4-fe018d5be0bf - - - - - -] 10.0.0.222 "GET /" status: 200 len: 136 microversion: 1.0
2026-07-15 06:08:16.724 8 INFO placement.requestlog [None req-1778ea4e-c657-4ebf-a271-2c7df702f09c - - - - - -] 10.0.0.222 "GET /" status: 200 len: 136 microversion: 1.0
2026-07-15 06:08:17.915 8 INFO placement.requestlog [None req-d679cf0b-a641-4a81-85f1-d2dab089865d bc17f44ad5a6476b9b6af18c2679e483 30cef241bb264851a2db5714959011d9 - - 9db3b741323c4d09b3787f5e358eb0bf 9db3b741323c4d09b3787f5e358eb0bf] 10.0.0.40 "GET /resource_providers/7a761bcf-ffaf-4a10-802b-1f7e544d4225/aggregates" status: 404 len: 235 microversion: 1.1 [pid: 8|app: 0|req: 438/878] 10.0.0.40 () {32 vars in 823 bytes} [Wed Jul 15 06:08:17 2026] GET /resource_providers/7a761bcf-ffaf-4a10-802b-1f7e544d4225/aggregates => generated 235 bytes in 9 msecs (HTTP/1.1 404) 5 headers in 202 bytes (1 switches on core 0)
2026-07-15 06:08:17.919 7 INFO placement.requestlog [None req-3d50c0eb-8f0a-49c5-8a48-3dab4bef2c45 bc17f44ad5a6476b9b6af18c2679e483 30cef241bb264851a2db5714959011d9 - - 9db3b741323c4d09b3787f5e358eb0bf 9db3b741323c4d09b3787f5e358eb0bf] 10.0.0.40 "GET /resource_providers/7a761bcf-ffaf-4a10-802b-1f7e544d4225/aggregates" status: 404 len: 235 microversion: 1.1 [pid: 7|app: 0|req: 441/879] 10.0.0.40 () {32 vars in 823 bytes} [Wed Jul 15 06:08:17 2026] GET /resource_providers/7a761bcf-ffaf-4a10-802b-1f7e544d4225/aggregates => generated 235 bytes in 13 msecs (HTTP/1.1 404) 5 headers in 202 bytes (1 switches on core 0)
2026-07-15 06:08:17.928 8 INFO placement.requestlog [None req-04bf3f45-a1e0-405e-befc-35afce3a81e4 bc17f44ad5a6476b9b6af18c2679e483 30cef241bb264851a2db5714959011d9 - - 9db3b741323c4d09b3787f5e358eb0bf 9db3b741323c4d09b3787f5e358eb0bf] 10.0.0.40 "DELETE /resource_providers/7a761bcf-ffaf-4a10-802b-1f7e544d4225" status: 404 len: 246 microversion: 1.1 [pid: 8|app: 0|req: 439/880] 10.0.0.40 () {34 vars in 823 bytes} [Wed Jul 15 06:08:17 2026] DELETE /resource_providers/7a761bcf-ffaf-4a10-802b-1f7e544d4225 => generated 246 bytes in 7 msecs (HTTP/1.1 404) 6 headers in 231 bytes (1 switches on core 0)
2026-07-15 06:08:17.938 7 INFO placement.requestlog [None req-a3a3e701-4cbd-4745-a866-061b2aa05699 bc17f44ad5a6476b9b6af18c2679e483 30cef241bb264851a2db5714959011d9 - - 9db3b741323c4d09b3787f5e358eb0bf 9db3b741323c4d09b3787f5e358eb0bf] 10.0.0.40 "DELETE /resource_providers/7a761bcf-ffaf-4a10-802b-1f7e544d4225" status: 404 len: 246 microversion: 1.1 [pid: 7|app: 0|req: 442/881] 10.0.0.40 () {34 vars in 823 bytes} [Wed Jul 15 06:08:17 2026] DELETE /resource_providers/7a761bcf-ffaf-4a10-802b-1f7e544d4225 => generated 246 bytes in 15 msecs (HTTP/1.1 404) 6 headers in 231 bytes (1 switches on core 0)
2026-07-15 06:08:25.010 7 INFO placement.requestlog [None req-ed4a4b00-c67c-4a61-b1df-d40fdf77757c bc17f44ad5a6476b9b6af18c2679e483 30cef241bb264851a2db5714959011d9 - - 9db3b741323c4d09b3787f5e358eb0bf 9db3b741323c4d09b3787f5e358eb0bf] 10.0.0.40 "GET /resource_providers/4b6eea79-e619-431c-841f-44fc4d7310ea/aggregates" status: 404 len: 235 microversion: 1.1
2026-07-15 06:08:25.011 8 INFO placement.requestlog [None req-a29fd352-ec1b-403d-b369-0e0c951309dc bc17f44ad5a6476b9b6af18c2679e483 30cef241bb264851a2db5714959011d9 - - 9db3b741323c4d09b3787f5e358eb0bf 9db3b741323c4d09b3787f5e358eb0bf] 10.0.0.40 "GET /resource_providers/4b6eea79-e619-431c-841f-44fc4d7310ea/aggregates" status: 404 len: 235 microversion: 1.1 [pid: 7|app: 0|req: 443/882] 10.0.0.40 () {32 vars in 823 bytes} [Wed Jul 15 06:08:24 2026] GET /resource_providers/4b6eea79-e619-431c-841f-44fc4d7310ea/aggregates => generated 235 bytes in 13 msecs (HTTP/1.1 404) 5 headers in 202 bytes (1 switches on core 0) [pid: 8|app: 0|req: 440/883] 10.0.0.40 () {32 vars in 823 bytes} [Wed Jul 15 06:08:24 2026] GET /resource_providers/4b6eea79-e619-431c-841f-44fc4d7310ea/aggregates => generated 235 bytes in 14 msecs (HTTP/1.1 404) 5 headers in 202 bytes (1 switches on core 0)
2026-07-15 06:08:25.035 7 INFO placement.requestlog [None req-c11827ed-9604-4937-ae8a-902713aa5c45 bc17f44ad5a6476b9b6af18c2679e483 30cef241bb264851a2db5714959011d9 - - 9db3b741323c4d09b3787f5e358eb0bf 9db3b741323c4d09b3787f5e358eb0bf] 10.0.0.40 "DELETE /resource_providers/4b6eea79-e619-431c-841f-44fc4d7310ea" status: 404 len: 246 microversion: 1.1 [pid: 7|app: 0|req: 444/884] 10.0.0.40 () {34 vars in 823 bytes} [Wed Jul 15 06:08:25 2026] DELETE /resource_providers/4b6eea79-e619-431c-841f-44fc4d7310ea => generated 246 bytes in 9 msecs (HTTP/1.1 404) 6 headers in 231 bytes (1 switches on core 0)
2026-07-15 06:08:25.037 8 INFO placement.requestlog [None req-e208f1b2-2e85-4d10-9d4f-25f3003898f3 bc17f44ad5a6476b9b6af18c2679e483 30cef241bb264851a2db5714959011d9 - - 9db3b741323c4d09b3787f5e358eb0bf 9db3b741323c4d09b3787f5e358eb0bf] 10.0.0.40 "DELETE /resource_providers/4b6eea79-e619-431c-841f-44fc4d7310ea" status: 404 len: 246 microversion: 1.1 [pid: 8|app: 0|req: 441/885] 10.0.0.40 () {34 vars in 823 bytes} [Wed Jul 15 06:08:25 2026] DELETE /resource_providers/4b6eea79-e619-431c-841f-44fc4d7310ea => generated 246 bytes in 11 msecs (HTTP/1.1 404) 6 headers in 231 bytes (1 switches on core 0)
2026-07-15 06:08:25.417 7 INFO placement.requestlog [req-27554145-3370-4b7a-bbfc-f22e620cccc2 req-fab0cb4a-eb27-40ad-8522-265fe94911ec 33e2eb542a2140ffabc2066078b4f7e3 30cef241bb264851a2db5714959011d9 - - 9db3b741323c4d09b3787f5e358eb0bf 9db3b741323c4d09b3787f5e358eb0bf] 199.204.45.70 "GET /resource_providers/b17b22e2-d780-4a89-8171-2807680a0291/allocations" status: 200 len: 152 microversion: 1.0 [pid: 7|app: 0|req: 445/886] 199.204.45.70 () {32 vars in 855 bytes} [Wed Jul 15 06:08:25 2026] GET /resource_providers/b17b22e2-d780-4a89-8171-2807680a0291/allocations => generated 152 bytes in 20 msecs (HTTP/1.1 200) 6 headers in 224 bytes (1 switches on core 0)
2026-07-15 06:08:25.435 8 INFO placement.requestlog [req-27554145-3370-4b7a-bbfc-f22e620cccc2 req-d21e0284-a50d-48be-8188-3c17c6bd097c 33e2eb542a2140ffabc2066078b4f7e3 30cef241bb264851a2db5714959011d9 - - 9db3b741323c4d09b3787f5e358eb0bf 9db3b741323c4d09b3787f5e358eb0bf] 199.204.45.70 "GET /allocations/8be49bcf-fac4-4965-af6b-187c51458634" status: 200 len: 257 microversion: 1.28 [pid: 8|app: 0|req: 442/887] 199.204.45.70 () {34 vars in 861 bytes} [Wed Jul 15 06:08:25 2026] GET /allocations/8be49bcf-fac4-4965-af6b-187c51458634 => generated 257 bytes in 12 msecs (HTTP/1.1 200) 8 headers in 296 bytes (1 switches on core 0)
2026-07-15 06:08:26.496 7 INFO placement.requestlog [req-27554145-3370-4b7a-bbfc-f22e620cccc2 req-3e03385f-044d-4146-b0b9-186dbd7432f8 33e2eb542a2140ffabc2066078b4f7e3 30cef241bb264851a2db5714959011d9 - - 9db3b741323c4d09b3787f5e358eb0bf 9db3b741323c4d09b3787f5e358eb0bf] 199.204.45.70 "DELETE /allocations/8be49bcf-fac4-4965-af6b-187c51458634" status: 204 len: 0 microversion: 1.0 [pid: 7|app: 0|req: 446/888] 199.204.45.70 () {34 vars in 839 bytes} [Wed Jul 15 06:08:26 2026] DELETE /allocations/8be49bcf-fac4-4965-af6b-187c51458634 => generated 0 bytes in 30 msecs (HTTP/1.1 204) 5 headers in 198 bytes (1 switches on core 0)
2026-07-15 06:08:26.722 8 INFO placement.requestlog [None req-f615c01c-076d-4c60-bbff-8cdd89663112 - - - - - -] 10.0.0.222 "GET /" status: 200 len: 136 microversion: 1.0
2026-07-15 06:08:26.723 7 INFO placement.requestlog [None req-b30ea1dd-474d-432d-917b-0f053d3dc276 - - - - - -] 10.0.0.222 "GET /" status: 200 len: 136 microversion: 1.0
2026-07-15 06:08:30.926 8 INFO placement.requestlog [None req-7e126f56-3b11-41eb-82cd-eab415989b8c bc17f44ad5a6476b9b6af18c2679e483 30cef241bb264851a2db5714959011d9 - - 9db3b741323c4d09b3787f5e358eb0bf 9db3b741323c4d09b3787f5e358eb0bf] 10.0.0.40 "GET /resource_providers/3253c49b-7d58-4ae1-b629-6b1704ca79ad/aggregates" status: 404 len: 235 microversion: 1.1
2026-07-15 06:08:30.926 7 INFO placement.requestlog [None req-7b72031f-0a1a-477b-9f1a-79d8b9f26c5a bc17f44ad5a6476b9b6af18c2679e483 30cef241bb264851a2db5714959011d9 - - 9db3b741323c4d09b3787f5e358eb0bf 9db3b741323c4d09b3787f5e358eb0bf] 10.0.0.40 "GET /resource_providers/3253c49b-7d58-4ae1-b629-6b1704ca79ad/aggregates" status: 404 len: 235 microversion: 1.1 [pid: 7|app: 0|req: 448/891] 10.0.0.40 () {32 vars in 823 bytes} [Wed Jul 15 06:08:30 2026] GET /resource_providers/3253c49b-7d58-4ae1-b629-6b1704ca79ad/aggregates => generated 235 bytes in 8 msecs (HTTP/1.1 404) 5 headers in 202 bytes (1 switches on core 0) [pid: 8|app: 0|req: 444/892] 10.0.0.40 () {32 vars in 823 bytes} [Wed Jul 15 06:08:30 2026] GET /resource_providers/3253c49b-7d58-4ae1-b629-6b1704ca79ad/aggregates => generated 235 bytes in 10 msecs (HTTP/1.1 404) 5 headers in 202 bytes (1 switches on core 0)
2026-07-15 06:08:30.944 7 INFO placement.requestlog [None req-835d538e-13ec-4d0c-b4d9-1900ff8acf0d bc17f44ad5a6476b9b6af18c2679e483 30cef241bb264851a2db5714959011d9 - - 9db3b741323c4d09b3787f5e358eb0bf 9db3b741323c4d09b3787f5e358eb0bf] 10.0.0.40 "DELETE /resource_providers/3253c49b-7d58-4ae1-b629-6b1704ca79ad" status: 404 len: 246 microversion: 1.1 [pid: 7|app: 0|req: 449/893] 10.0.0.40 () {34 vars in 823 bytes} [Wed Jul 15 06:08:30 2026] DELETE /resource_providers/3253c49b-7d58-4ae1-b629-6b1704ca79ad => generated 246 bytes in 10 msecs (HTTP/1.1 404) 6 headers in 231 bytes (1 switches on core 0)
2026-07-15 06:08:30.947 8 INFO placement.requestlog [None req-87911b7d-54e6-478a-a045-730f547a2d32 bc17f44ad5a6476b9b6af18c2679e483 30cef241bb264851a2db5714959011d9 - - 9db3b741323c4d09b3787f5e358eb0bf 9db3b741323c4d09b3787f5e358eb0bf] 10.0.0.40 "DELETE /resource_providers/3253c49b-7d58-4ae1-b629-6b1704ca79ad" status: 404 len: 246 microversion: 1.1 [pid: 8|app: 0|req: 445/894] 10.0.0.40 () {34 vars in 823 bytes} [Wed Jul 15 06:08:30 2026] DELETE /resource_providers/3253c49b-7d58-4ae1-b629-6b1704ca79ad => generated 246 bytes in 13 msecs (HTTP/1.1 404) 6 headers in 231 bytes (1 switches on core 0)
2026-07-15 06:08:32.207 7 INFO placement.requestlog [req-bdb28c99-aa78-4d67-9f40-1db17ba11f87 req-d801f048-391e-4738-a44b-ccdb0bf30e4b 33e2eb542a2140ffabc2066078b4f7e3 30cef241bb264851a2db5714959011d9 - - 9db3b741323c4d09b3787f5e358eb0bf 9db3b741323c4d09b3787f5e358eb0bf] 10.0.0.147 "GET /allocation_candidates?limit=1000&resources=DISK_GB%3A1%2CMEMORY_MB%3A512%2CVCPU%3A1&root_required=%21COMPUTE_STATUS_DISABLED" status: 200 len: 2384 microversion: 1.36 [pid: 7|app: 0|req: 450/895] 10.0.0.147 () {34 vars in 1011 bytes} [Wed Jul 15 06:08:32 2026] GET /allocation_candidates?limit=1000&resources=DISK_GB%3A1%2CMEMORY_MB%3A512%2CVCPU%3A1&root_required=%21COMPUTE_STATUS_DISABLED => generated 2384 bytes in 62 msecs (HTTP/1.1 200) 8 headers in 297 bytes (1 switches on core 0)
2026-07-15 06:08:32.231 8 INFO placement.requestlog [req-bdb28c99-aa78-4d67-9f40-1db17ba11f87 req-285527a5-b8b7-40d8-9657-233600cfa8a0 33e2eb542a2140ffabc2066078b4f7e3 30cef241bb264851a2db5714959011d9 - - 9db3b741323c4d09b3787f5e358eb0bf 9db3b741323c4d09b3787f5e358eb0bf] 10.0.0.147 "GET /allocations/19c2b051-f83a-46e2-8eb2-7f925a4233fa" status: 200 len: 19 microversion: 1.28 [pid: 8|app: 0|req: 446/896] 10.0.0.147 () {34 vars in 860 bytes} [Wed Jul 15 06:08:32 2026] GET /allocations/19c2b051-f83a-46e2-8eb2-7f925a4233fa => generated 19 bytes in 12 msecs (HTTP/1.1 200) 8 headers in 295 bytes (1 switches on core 0)
2026-07-15 06:08:32.304 7 INFO placement.requestlog [req-bdb28c99-aa78-4d67-9f40-1db17ba11f87 req-5e8d4ab4-6d0c-4dff-a05a-c92d3de5fd7c 33e2eb542a2140ffabc2066078b4f7e3 30cef241bb264851a2db5714959011d9 - - 9db3b741323c4d09b3787f5e358eb0bf 9db3b741323c4d09b3787f5e358eb0bf] 10.0.0.147 "PUT /allocations/19c2b051-f83a-46e2-8eb2-7f925a4233fa" status: 204 len: 0 microversion: 1.36 [pid: 7|app: 0|req: 451/897] 10.0.0.147 () {38 vars in 913 bytes} [Wed Jul 15 06:08:32 2026] PUT /allocations/19c2b051-f83a-46e2-8eb2-7f925a4233fa => generated 0 bytes in 68 msecs (HTTP/1.1 204) 5 headers in 199 bytes (1 switches on core 0)
2026-07-15 06:08:33.826 8 INFO placement.requestlog [req-bdb28c99-aa78-4d67-9f40-1db17ba11f87 req-9127dcbd-1ca6-4c41-b2a2-42a30c4669f8 33e2eb542a2140ffabc2066078b4f7e3 30cef241bb264851a2db5714959011d9 - - 9db3b741323c4d09b3787f5e358eb0bf 9db3b741323c4d09b3787f5e358eb0bf] 199.204.45.70 "GET /allocations/19c2b051-f83a-46e2-8eb2-7f925a4233fa" status: 200 len: 258 microversion: 1.28 [pid: 8|app: 0|req: 447/898] 199.204.45.70 () {34 vars in 861 bytes} [Wed Jul 15 06:08:33 2026] GET /allocations/19c2b051-f83a-46e2-8eb2-7f925a4233fa => generated 258 bytes in 11 msecs (HTTP/1.1 200) 8 headers in 296 bytes (1 switches on core 0)
2026-07-15 06:08:34.882 7 INFO placement.requestlog [req-bdb28c99-aa78-4d67-9f40-1db17ba11f87 req-1e4ddf93-21b2-45a8-a036-0aabb2e6d4cd 33e2eb542a2140ffabc2066078b4f7e3 30cef241bb264851a2db5714959011d9 - - 9db3b741323c4d09b3787f5e358eb0bf 9db3b741323c4d09b3787f5e358eb0bf] 199.204.45.70 "GET /resource_providers/b17b22e2-d780-4a89-8171-2807680a0291/allocations" status: 200 len: 153 microversion: 1.0 [pid: 7|app: 0|req: 452/899] 199.204.45.70 () {32 vars in 855 bytes} [Wed Jul 15 06:08:34 2026] GET /resource_providers/b17b22e2-d780-4a89-8171-2807680a0291/allocations => generated 153 bytes in 25 msecs (HTTP/1.1 200) 6 headers in 224 bytes (1 switches on core 0)
2026-07-15 06:08:34.899 8 INFO placement.requestlog [req-bdb28c99-aa78-4d67-9f40-1db17ba11f87 req-39f5a5f5-45d4-44e6-8370-131c6d924abc 33e2eb542a2140ffabc2066078b4f7e3 30cef241bb264851a2db5714959011d9 - - 9db3b741323c4d09b3787f5e358eb0bf 9db3b741323c4d09b3787f5e358eb0bf] 199.204.45.70 "GET /allocations/19c2b051-f83a-46e2-8eb2-7f925a4233fa" status: 200 len: 258 microversion: 1.28 [pid: 8|app: 0|req: 448/900] 199.204.45.70 () {34 vars in 861 bytes} [Wed Jul 15 06:08:34 2026] GET /allocations/19c2b051-f83a-46e2-8eb2-7f925a4233fa => generated 258 bytes in 14 msecs (HTTP/1.1 200) 8 headers in 296 bytes (1 switches on core 0)
2026-07-15 06:08:36.722 7 INFO placement.requestlog [None req-1d6813c5-6695-45f1-bdb4-76b924854bbd - - - - - -] 10.0.0.222 "GET /" status: 200 len: 136 microversion: 1.0
2026-07-15 06:08:36.723 8 INFO placement.requestlog [None req-e6d0ccbb-6b8e-426b-bffc-6bf32e4fa3f0 - - - - - -] 10.0.0.222 "GET /" status: 200 len: 136 microversion: 1.0
2026-07-15 06:08:46.723 7 INFO placement.requestlog [None req-bbc8fcce-69b4-4285-a7fe-eec3ffb06162 - - - - - -] 10.0.0.222 "GET /" status: 200 len: 136 microversion: 1.0
2026-07-15 06:08:46.723 8 INFO placement.requestlog [None req-1107bdf7-bfe9-4867-9c4d-c34addb2d3a2 - - - - - -] 10.0.0.222 "GET /" status: 200 len: 136 microversion: 1.0
2026-07-15 06:08:52.989 8 INFO placement.requestlog [req-67b0d9d9-5911-4d98-b370-94635a448f98 req-727f99a7-9ae6-475c-8b26-3d4e92bf4406 33e2eb542a2140ffabc2066078b4f7e3 30cef241bb264851a2db5714959011d9 - - 9db3b741323c4d09b3787f5e358eb0bf 9db3b741323c4d09b3787f5e358eb0bf] 10.0.0.147 "GET /allocation_candidates?limit=1000&resources=DISK_GB%3A1%2CMEMORY_MB%3A512%2CVCPU%3A1&root_required=%21COMPUTE_STATUS_DISABLED" status: 200 len: 2386 microversion: 1.36 [pid: 8|app: 0|req: 451/905] 10.0.0.147 () {34 vars in 1011 bytes} [Wed Jul 15 06:08:52 2026] GET /allocation_candidates?limit=1000&resources=DISK_GB%3A1%2CMEMORY_MB%3A512%2CVCPU%3A1&root_required=%21COMPUTE_STATUS_DISABLED => generated 2386 bytes in 63 msecs (HTTP/1.1 200) 8 headers in 297 bytes (1 switches on core 0)
2026-07-15 06:08:53.025 7 INFO placement.requestlog [req-67b0d9d9-5911-4d98-b370-94635a448f98 req-55fdaa83-63ab-41b1-bee4-97db12e5ffc7 33e2eb542a2140ffabc2066078b4f7e3 30cef241bb264851a2db5714959011d9 - - 9db3b741323c4d09b3787f5e358eb0bf 9db3b741323c4d09b3787f5e358eb0bf] 10.0.0.147 "GET /allocations/9ae91758-ce14-4fe8-bc8a-79443590b9cc" status: 200 len: 19 microversion: 1.28 [pid: 7|app: 0|req: 455/906] 10.0.0.147 () {34 vars in 860 bytes} [Wed Jul 15 06:08:53 2026] GET /allocations/9ae91758-ce14-4fe8-bc8a-79443590b9cc => generated 19 bytes in 11 msecs (HTTP/1.1 200) 8 headers in 295 bytes (1 switches on core 0)
2026-07-15 06:08:53.124 8 INFO placement.requestlog [req-67b0d9d9-5911-4d98-b370-94635a448f98 req-fd434a5e-82e5-4742-bf5d-8cf7b5a5f3b7 33e2eb542a2140ffabc2066078b4f7e3 30cef241bb264851a2db5714959011d9 - - 9db3b741323c4d09b3787f5e358eb0bf 9db3b741323c4d09b3787f5e358eb0bf] 10.0.0.147 "PUT /allocations/9ae91758-ce14-4fe8-bc8a-79443590b9cc" status: 204 len: 0 microversion: 1.36 [pid: 8|app: 0|req: 452/907] 10.0.0.147 () {38 vars in 913 bytes} [Wed Jul 15 06:08:53 2026] PUT /allocations/9ae91758-ce14-4fe8-bc8a-79443590b9cc => generated 0 bytes in 90 msecs (HTTP/1.1 204) 5 headers in 199 bytes (1 switches on core 0)
2026-07-15 06:08:54.078 7 INFO placement.requestlog [req-ead33a32-a567-488f-9c27-873490d23767 req-62efdb66-e5d7-44d4-9c98-2bf592b30e54 33e2eb542a2140ffabc2066078b4f7e3 30cef241bb264851a2db5714959011d9 - - 9db3b741323c4d09b3787f5e358eb0bf 9db3b741323c4d09b3787f5e358eb0bf] 199.204.45.70 "GET /resource_providers/b17b22e2-d780-4a89-8171-2807680a0291/allocations" status: 200 len: 253 microversion: 1.0 [pid: 7|app: 0|req: 456/908] 199.204.45.70 () {32 vars in 855 bytes} [Wed Jul 15 06:08:54 2026] GET /resource_providers/b17b22e2-d780-4a89-8171-2807680a0291/allocations => generated 253 bytes in 17 msecs (HTTP/1.1 200) 6 headers in 224 bytes (1 switches on core 0)
2026-07-15 06:08:54.593 8 INFO placement.requestlog [req-67b0d9d9-5911-4d98-b370-94635a448f98 req-a67a3760-f4f5-4e57-a25a-ac33f957fb17 33e2eb542a2140ffabc2066078b4f7e3 30cef241bb264851a2db5714959011d9 - - 9db3b741323c4d09b3787f5e358eb0bf 9db3b741323c4d09b3787f5e358eb0bf] 199.204.45.70 "GET /allocations/9ae91758-ce14-4fe8-bc8a-79443590b9cc" status: 200 len: 258 microversion: 1.28 [pid: 8|app: 0|req: 453/909] 199.204.45.70 () {34 vars in 861 bytes} [Wed Jul 15 06:08:54 2026] GET /allocations/9ae91758-ce14-4fe8-bc8a-79443590b9cc => generated 258 bytes in 26 msecs (HTTP/1.1 200) 8 headers in 296 bytes (1 switches on core 0)
2026-07-15 06:08:54.609 7 INFO placement.requestlog [req-ead33a32-a567-488f-9c27-873490d23767 req-f8a56672-f825-4191-b6c3-9d4479667221 33e2eb542a2140ffabc2066078b4f7e3 30cef241bb264851a2db5714959011d9 - - 9db3b741323c4d09b3787f5e358eb0bf 9db3b741323c4d09b3787f5e358eb0bf] 199.204.45.70 "GET /resource_providers/b17b22e2-d780-4a89-8171-2807680a0291/allocations" status: 200 len: 253 microversion: 1.0 [pid: 7|app: 0|req: 457/910] 199.204.45.70 () {32 vars in 855 bytes} [Wed Jul 15 06:08:54 2026] GET /resource_providers/b17b22e2-d780-4a89-8171-2807680a0291/allocations => generated 253 bytes in 22 msecs (HTTP/1.1 200) 6 headers in 224 bytes (1 switches on core 0)
2026-07-15 06:08:54.631 8 INFO placement.requestlog [req-ead33a32-a567-488f-9c27-873490d23767 req-88bfce44-4e5e-4103-9aaa-79ee215dbe87 33e2eb542a2140ffabc2066078b4f7e3 30cef241bb264851a2db5714959011d9 - - 9db3b741323c4d09b3787f5e358eb0bf 9db3b741323c4d09b3787f5e358eb0bf] 199.204.45.70 "GET /allocations/19c2b051-f83a-46e2-8eb2-7f925a4233fa" status: 200 len: 258 microversion: 1.28 [pid: 8|app: 0|req: 454/911] 199.204.45.70 () {34 vars in 861 bytes} [Wed Jul 15 06:08:54 2026] GET /allocations/19c2b051-f83a-46e2-8eb2-7f925a4233fa => generated 258 bytes in 15 msecs (HTTP/1.1 200) 8 headers in 296 bytes (1 switches on core 0)
2026-07-15 06:08:54.654 7 INFO placement.requestlog [req-ead33a32-a567-488f-9c27-873490d23767 req-70285838-f61c-4e54-9e8d-24d3d7db2007 33e2eb542a2140ffabc2066078b4f7e3 30cef241bb264851a2db5714959011d9 - - 9db3b741323c4d09b3787f5e358eb0bf 9db3b741323c4d09b3787f5e358eb0bf] 199.204.45.70 "GET /allocations/9ae91758-ce14-4fe8-bc8a-79443590b9cc" status: 200 len: 258 microversion: 1.28 [pid: 7|app: 0|req: 458/912] 199.204.45.70 () {34 vars in 861 bytes} [Wed Jul 15 06:08:54 2026] GET /allocations/9ae91758-ce14-4fe8-bc8a-79443590b9cc => generated 258 bytes in 16 msecs (HTTP/1.1 200) 8 headers in 296 bytes (1 switches on core 0)
2026-07-15 06:08:55.335 8 INFO placement.requestlog [None req-b9d7f857-23c8-476a-8fb1-0503e895c5f4 bc17f44ad5a6476b9b6af18c2679e483 30cef241bb264851a2db5714959011d9 - - 9db3b741323c4d09b3787f5e358eb0bf 9db3b741323c4d09b3787f5e358eb0bf] 10.0.0.40 "GET /resource_providers/7626e30b-feb6-4210-818b-3e1cf0742325/aggregates" status: 404 len: 235 microversion: 1.1 [pid: 8|app: 0|req: 455/913] 10.0.0.40 () {32 vars in 823 bytes} [Wed Jul 15 06:08:55 2026] GET /resource_providers/7626e30b-feb6-4210-818b-3e1cf0742325/aggregates => generated 235 bytes in 11 msecs (HTTP/1.1 404) 5 headers in 202 bytes (1 switches on core 0)
2026-07-15 06:08:55.336 7 INFO placement.requestlog [None req-19c07a82-ff97-4336-a737-5dea38c02f16 bc17f44ad5a6476b9b6af18c2679e483 30cef241bb264851a2db5714959011d9 - - 9db3b741323c4d09b3787f5e358eb0bf 9db3b741323c4d09b3787f5e358eb0bf] 10.0.0.40 "GET /resource_providers/7626e30b-feb6-4210-818b-3e1cf0742325/aggregates" status: 404 len: 235 microversion: 1.1 [pid: 7|app: 0|req: 459/914] 10.0.0.40 () {32 vars in 823 bytes} [Wed Jul 15 06:08:55 2026] GET /resource_providers/7626e30b-feb6-4210-818b-3e1cf0742325/aggregates => generated 235 bytes in 11 msecs (HTTP/1.1 404) 5 headers in 202 bytes (1 switches on core 0)
2026-07-15 06:08:55.352 8 INFO placement.requestlog [None req-22b177b7-a77c-4344-a537-e8855ee14b04 bc17f44ad5a6476b9b6af18c2679e483 30cef241bb264851a2db5714959011d9 - - 9db3b741323c4d09b3787f5e358eb0bf 9db3b741323c4d09b3787f5e358eb0bf] 10.0.0.40 "DELETE /resource_providers/7626e30b-feb6-4210-818b-3e1cf0742325" status: 404 len: 246 microversion: 1.1 [pid: 8|app: 0|req: 456/915] 10.0.0.40 () {34 vars in 823 bytes} [Wed Jul 15 06:08:55 2026] DELETE /resource_providers/7626e30b-feb6-4210-818b-3e1cf0742325 => generated 246 bytes in 9 msecs (HTTP/1.1 404) 6 headers in 231 bytes (1 switches on core 0)
2026-07-15 06:08:55.354 7 INFO placement.requestlog [None req-abf8360e-0fc4-49d4-b66a-f2e5c7a62207 bc17f44ad5a6476b9b6af18c2679e483 30cef241bb264851a2db5714959011d9 - - 9db3b741323c4d09b3787f5e358eb0bf 9db3b741323c4d09b3787f5e358eb0bf] 10.0.0.40 "DELETE /resource_providers/7626e30b-feb6-4210-818b-3e1cf0742325" status: 404 len: 246 microversion: 1.1 [pid: 7|app: 0|req: 460/916] 10.0.0.40 () {34 vars in 823 bytes} [Wed Jul 15 06:08:55 2026] DELETE /resource_providers/7626e30b-feb6-4210-818b-3e1cf0742325 => generated 246 bytes in 11 msecs (HTTP/1.1 404) 6 headers in 231 bytes (1 switches on core 0)
2026-07-15 06:08:56.718 8 INFO placement.requestlog [req-67b0d9d9-5911-4d98-b370-94635a448f98 req-e04681d0-be13-457f-90b4-21319873802e 33e2eb542a2140ffabc2066078b4f7e3 30cef241bb264851a2db5714959011d9 - - 9db3b741323c4d09b3787f5e358eb0bf 9db3b741323c4d09b3787f5e358eb0bf] 199.204.45.70 "GET /resource_providers/b17b22e2-d780-4a89-8171-2807680a0291/allocations" status: 200 len: 253 microversion: 1.0 [pid: 8|app: 0|req: 457/917] 199.204.45.70 () {32 vars in 855 bytes} [Wed Jul 15 06:08:56 2026] GET /resource_providers/b17b22e2-d780-4a89-8171-2807680a0291/allocations => generated 253 bytes in 19 msecs (HTTP/1.1 200) 6 headers in 224 bytes (1 switches on core 0)
2026-07-15 06:08:56.723 8 INFO placement.requestlog [None req-4973e912-1b56-4538-9d6c-8486fbd2963e - - - - - -] 10.0.0.222 "GET /" status: 200 len: 136 microversion: 1.0
2026-07-15 06:08:56.723 7 INFO placement.requestlog [None req-4b36128f-e82e-41ac-94b9-8328a1e5d151 - - - - - -] 10.0.0.222 "GET /" status: 200 len: 136 microversion: 1.0
2026-07-15 06:08:56.736 8 INFO placement.requestlog [req-67b0d9d9-5911-4d98-b370-94635a448f98 req-2bf3b066-75d4-438a-bb04-aca0a25cd41b 33e2eb542a2140ffabc2066078b4f7e3 30cef241bb264851a2db5714959011d9 - - 9db3b741323c4d09b3787f5e358eb0bf 9db3b741323c4d09b3787f5e358eb0bf] 199.204.45.70 "GET /allocations/19c2b051-f83a-46e2-8eb2-7f925a4233fa" status: 200 len: 258 microversion: 1.28 [pid: 8|app: 0|req: 459/920] 199.204.45.70 () {34 vars in 861 bytes} [Wed Jul 15 06:08:56 2026] GET /allocations/19c2b051-f83a-46e2-8eb2-7f925a4233fa => generated 258 bytes in 12 msecs (HTTP/1.1 200) 8 headers in 296 bytes (1 switches on core 0)
2026-07-15 06:08:56.757 7 INFO placement.requestlog [req-67b0d9d9-5911-4d98-b370-94635a448f98 req-84fa882b-7b3a-4ba4-a6c6-8acb5f1b8964 33e2eb542a2140ffabc2066078b4f7e3 30cef241bb264851a2db5714959011d9 - - 9db3b741323c4d09b3787f5e358eb0bf 9db3b741323c4d09b3787f5e358eb0bf] 199.204.45.70 "GET /allocations/9ae91758-ce14-4fe8-bc8a-79443590b9cc" status: 200 len: 258 microversion: 1.28 [pid: 7|app: 0|req: 462/921] 199.204.45.70 () {34 vars in 861 bytes} [Wed Jul 15 06:08:56 2026] GET /allocations/9ae91758-ce14-4fe8-bc8a-79443590b9cc => generated 258 bytes in 13 msecs (HTTP/1.1 200) 8 headers in 296 bytes (1 switches on core 0)
2026-07-15 06:09:02.988 7 INFO placement.requestlog [None req-3f915d16-6e46-41bf-8e2d-24e58287ec6e bc17f44ad5a6476b9b6af18c2679e483 30cef241bb264851a2db5714959011d9 - - 9db3b741323c4d09b3787f5e358eb0bf 9db3b741323c4d09b3787f5e358eb0bf] 10.0.0.40 "GET /resource_providers/9ce56bcd-404c-4bd0-91dc-6d62842a5ea9/aggregates" status: 404 len: 235 microversion: 1.1 [pid: 7|app: 0|req: 463/922] 10.0.0.40 () {32 vars in 823 bytes} [Wed Jul 15 06:09:02 2026] GET /resource_providers/9ce56bcd-404c-4bd0-91dc-6d62842a5ea9/aggregates => generated 235 bytes in 22 msecs (HTTP/1.1 404) 5 headers in 202 bytes (1 switches on core 0)
2026-07-15 06:09:02.990 8 INFO placement.requestlog [None req-56e6a95e-6090-4669-ae9d-b0b3da9e9701 bc17f44ad5a6476b9b6af18c2679e483 30cef241bb264851a2db5714959011d9 - - 9db3b741323c4d09b3787f5e358eb0bf 9db3b741323c4d09b3787f5e358eb0bf] 10.0.0.40 "GET /resource_providers/9ce56bcd-404c-4bd0-91dc-6d62842a5ea9/aggregates" status: 404 len: 235 microversion: 1.1 [pid: 8|app: 0|req: 460/923] 10.0.0.40 () {32 vars in 823 bytes} [Wed Jul 15 06:09:02 2026] GET /resource_providers/9ce56bcd-404c-4bd0-91dc-6d62842a5ea9/aggregates => generated 235 bytes in 25 msecs (HTTP/1.1 404) 5 headers in 202 bytes (1 switches on core 0)
2026-07-15 06:09:03.008 7 INFO placement.requestlog [None req-bf870175-c36a-4d7b-938f-051f2bf130a1 bc17f44ad5a6476b9b6af18c2679e483 30cef241bb264851a2db5714959011d9 - - 9db3b741323c4d09b3787f5e358eb0bf 9db3b741323c4d09b3787f5e358eb0bf] 10.0.0.40 "DELETE /resource_providers/9ce56bcd-404c-4bd0-91dc-6d62842a5ea9" status: 404 len: 246 microversion: 1.1 [pid: 7|app: 0|req: 464/924] 10.0.0.40 () {34 vars in 823 bytes} [Wed Jul 15 06:09:02 2026] DELETE /resource_providers/9ce56bcd-404c-4bd0-91dc-6d62842a5ea9 => generated 246 bytes in 12 msecs (HTTP/1.1 404) 6 headers in 231 bytes (1 switches on core 0)
2026-07-15 06:09:03.014 8 INFO placement.requestlog [None req-89c0723a-756f-4a1e-b8ea-8fcc05f4ed53 bc17f44ad5a6476b9b6af18c2679e483 30cef241bb264851a2db5714959011d9 - - 9db3b741323c4d09b3787f5e358eb0bf 9db3b741323c4d09b3787f5e358eb0bf] 10.0.0.40 "DELETE /resource_providers/9ce56bcd-404c-4bd0-91dc-6d62842a5ea9" status: 404 len: 246 microversion: 1.1 [pid: 8|app: 0|req: 461/925] 10.0.0.40 () {34 vars in 823 bytes} [Wed Jul 15 06:09:03 2026] DELETE /resource_providers/9ce56bcd-404c-4bd0-91dc-6d62842a5ea9 => generated 246 bytes in 11 msecs (HTTP/1.1 404) 6 headers in 231 bytes (1 switches on core 0)
2026-07-15 06:09:03.849 7 INFO placement.requestlog [None req-8d1965f1-131c-4e67-bc03-fafb3796d7da bc17f44ad5a6476b9b6af18c2679e483 30cef241bb264851a2db5714959011d9 - - 9db3b741323c4d09b3787f5e358eb0bf 9db3b741323c4d09b3787f5e358eb0bf] 10.0.0.40 "GET /resource_providers/1aafddb4-1261-43d6-94e4-0832feb37bdd/aggregates" status: 404 len: 235 microversion: 1.1 [pid: 7|app: 0|req: 465/926] 10.0.0.40 () {32 vars in 823 bytes} [Wed Jul 15 06:09:03 2026] GET /resource_providers/1aafddb4-1261-43d6-94e4-0832feb37bdd/aggregates => generated 235 bytes in 10 msecs (HTTP/1.1 404) 5 headers in 202 bytes (1 switches on core 0)
2026-07-15 06:09:03.850 8 INFO placement.requestlog [None req-9d366b0f-27f1-44c1-98c1-efdd34245f43 bc17f44ad5a6476b9b6af18c2679e483 30cef241bb264851a2db5714959011d9 - - 9db3b741323c4d09b3787f5e358eb0bf 9db3b741323c4d09b3787f5e358eb0bf] 10.0.0.40 "GET /resource_providers/1aafddb4-1261-43d6-94e4-0832feb37bdd/aggregates" status: 404 len: 235 microversion: 1.1 [pid: 8|app: 0|req: 462/927] 10.0.0.40 () {32 vars in 823 bytes} [Wed Jul 15 06:09:03 2026] GET /resource_providers/1aafddb4-1261-43d6-94e4-0832feb37bdd/aggregates => generated 235 bytes in 11 msecs (HTTP/1.1 404) 5 headers in 202 bytes (1 switches on core 0)
