2026-07-15 06:05:44.759 8 INFO placement.requestlog [req-2ebbac5b-9478-4836-ae12-3072e29035a8 req-597dd7cb-111e-41de-9b39-ab67f2476e44 33e2eb542a2140ffabc2066078b4f7e3 30cef241bb264851a2db5714959011d9 - - 9db3b741323c4d09b3787f5e358eb0bf 9db3b741323c4d09b3787f5e358eb0bf] 199.204.45.70 "GET /allocations/cdda2b0e-d25b-4c7e-b6fb-d3163e5b76a1" status: 200 len: 257 microversion: 1.28 [pid: 8|app: 0|req: 290/581] 199.204.45.70 () {34 vars in 861 bytes} [Wed Jul 15 06:05:44 2026] GET /allocations/cdda2b0e-d25b-4c7e-b6fb-d3163e5b76a1 => generated 257 bytes in 60 msecs (HTTP/1.1 200) 8 headers in 296 bytes (1 switches on core 0)
2026-07-15 06:05:45.130 7 INFO placement.requestlog [req-28f5e35f-0316-44be-843a-d745dc3fc38a req-c0a997bf-cb97-4417-9de7-577ea2111a47 33e2eb542a2140ffabc2066078b4f7e3 30cef241bb264851a2db5714959011d9 - - 9db3b741323c4d09b3787f5e358eb0bf 9db3b741323c4d09b3787f5e358eb0bf] 10.0.0.147 "GET /allocation_candidates?limit=1000&resources=DISK_GB%3A1%2CMEMORY_MB%3A512%2CVCPU%3A1&root_required=%21COMPUTE_STATUS_DISABLED" status: 200 len: 2386 microversion: 1.36 [pid: 7|app: 0|req: 292/582] 10.0.0.147 () {34 vars in 1011 bytes} [Wed Jul 15 06:05:45 2026] GET /allocation_candidates?limit=1000&resources=DISK_GB%3A1%2CMEMORY_MB%3A512%2CVCPU%3A1&root_required=%21COMPUTE_STATUS_DISABLED => generated 2386 bytes in 39 msecs (HTTP/1.1 200) 8 headers in 297 bytes (1 switches on core 0)
2026-07-15 06:05:45.169 8 INFO placement.requestlog [req-28f5e35f-0316-44be-843a-d745dc3fc38a req-3b83c91e-9d94-40a8-b318-7415720ce26c 33e2eb542a2140ffabc2066078b4f7e3 30cef241bb264851a2db5714959011d9 - - 9db3b741323c4d09b3787f5e358eb0bf 9db3b741323c4d09b3787f5e358eb0bf] 10.0.0.147 "GET /allocations/1e325f05-2758-4e2c-b911-365c828aa673" status: 200 len: 19 microversion: 1.28 [pid: 8|app: 0|req: 291/583] 10.0.0.147 () {34 vars in 860 bytes} [Wed Jul 15 06:05:45 2026] GET /allocations/1e325f05-2758-4e2c-b911-365c828aa673 => generated 19 bytes in 12 msecs (HTTP/1.1 200) 8 headers in 295 bytes (1 switches on core 0)
2026-07-15 06:05:45.365 7 INFO placement.requestlog [req-28f5e35f-0316-44be-843a-d745dc3fc38a req-78757db4-1daf-4866-9eae-2aeab2cd8cd4 33e2eb542a2140ffabc2066078b4f7e3 30cef241bb264851a2db5714959011d9 - - 9db3b741323c4d09b3787f5e358eb0bf 9db3b741323c4d09b3787f5e358eb0bf] 10.0.0.147 "PUT /allocations/1e325f05-2758-4e2c-b911-365c828aa673" status: 204 len: 0 microversion: 1.36 [pid: 7|app: 0|req: 293/584] 10.0.0.147 () {38 vars in 913 bytes} [Wed Jul 15 06:05:45 2026] PUT /allocations/1e325f05-2758-4e2c-b911-365c828aa673 => generated 0 bytes in 190 msecs (HTTP/1.1 204) 5 headers in 199 bytes (1 switches on core 0)
2026-07-15 06:05:45.794 8 INFO placement.requestlog [req-2ebbac5b-9478-4836-ae12-3072e29035a8 req-a62751a2-94dd-48f8-9b10-c126aa183cbe 33e2eb542a2140ffabc2066078b4f7e3 30cef241bb264851a2db5714959011d9 - - 9db3b741323c4d09b3787f5e358eb0bf 9db3b741323c4d09b3787f5e358eb0bf] 199.204.45.70 "GET /resource_providers?in_tree=b17b22e2-d780-4a89-8171-2807680a0291" status: 200 len: 797 microversion: 1.14 [pid: 8|app: 0|req: 292/585] 199.204.45.70 () {34 vars in 890 bytes} [Wed Jul 15 06:05:45 2026] GET /resource_providers?in_tree=b17b22e2-d780-4a89-8171-2807680a0291 => generated 797 bytes in 14 msecs (HTTP/1.1 200) 6 headers in 225 bytes (1 switches on core 0)
2026-07-15 06:05:45.814 7 INFO placement.requestlog [req-2ebbac5b-9478-4836-ae12-3072e29035a8 req-0e73d6f2-3e05-43a4-b7a0-574eddd9e158 33e2eb542a2140ffabc2066078b4f7e3 30cef241bb264851a2db5714959011d9 - - 9db3b741323c4d09b3787f5e358eb0bf 9db3b741323c4d09b3787f5e358eb0bf] 199.204.45.70 "GET /resource_providers/b17b22e2-d780-4a89-8171-2807680a0291/inventories" status: 200 len: 400 microversion: 1.0 [pid: 7|app: 0|req: 294/586] 199.204.45.70 () {32 vars in 855 bytes} [Wed Jul 15 06:05:45 2026] GET /resource_providers/b17b22e2-d780-4a89-8171-2807680a0291/inventories => generated 400 bytes in 15 msecs (HTTP/1.1 200) 6 headers in 224 bytes (1 switches on core 0)
2026-07-15 06:05:45.830 8 INFO placement.requestlog [req-2ebbac5b-9478-4836-ae12-3072e29035a8 req-e98cae89-6b59-487b-9a85-82f1601388ff 33e2eb542a2140ffabc2066078b4f7e3 30cef241bb264851a2db5714959011d9 - - 9db3b741323c4d09b3787f5e358eb0bf 9db3b741323c4d09b3787f5e358eb0bf] 199.204.45.70 "GET /resource_providers/b17b22e2-d780-4a89-8171-2807680a0291/aggregates" status: 200 len: 53 microversion: 1.19 [pid: 8|app: 0|req: 293/587] 199.204.45.70 () {34 vars in 897 bytes} [Wed Jul 15 06:05:45 2026] GET /resource_providers/b17b22e2-d780-4a89-8171-2807680a0291/aggregates => generated 53 bytes in 11 msecs (HTTP/1.1 200) 8 headers in 295 bytes (1 switches on core 0)
2026-07-15 06:05:45.857 7 INFO placement.requestlog [req-2ebbac5b-9478-4836-ae12-3072e29035a8 req-21fdf1f8-c7bf-4d4f-8bb5-b3ca6818af37 33e2eb542a2140ffabc2066078b4f7e3 30cef241bb264851a2db5714959011d9 - - 9db3b741323c4d09b3787f5e358eb0bf 9db3b741323c4d09b3787f5e358eb0bf] 199.204.45.70 "GET /resource_providers/b17b22e2-d780-4a89-8171-2807680a0291/traits" status: 200 len: 1919 microversion: 1.6 [pid: 7|app: 0|req: 295/588] 199.204.45.70 () {34 vars in 888 bytes} [Wed Jul 15 06:05:45 2026] GET /resource_providers/b17b22e2-d780-4a89-8171-2807680a0291/traits => generated 1919 bytes in 23 msecs (HTTP/1.1 200) 6 headers in 225 bytes (1 switches on core 0)
2026-07-15 06:05:45.877 8 INFO placement.requestlog [req-2ebbac5b-9478-4836-ae12-3072e29035a8 req-a2503803-e6c5-4182-9dc6-8bfe04b2364a 33e2eb542a2140ffabc2066078b4f7e3 30cef241bb264851a2db5714959011d9 - - 9db3b741323c4d09b3787f5e358eb0bf 9db3b741323c4d09b3787f5e358eb0bf] 199.204.45.70 "GET /resource_providers/b17b22e2-d780-4a89-8171-2807680a0291/allocations" status: 200 len: 252 microversion: 1.0 [pid: 8|app: 0|req: 294/589] 199.204.45.70 () {32 vars in 855 bytes} [Wed Jul 15 06:05:45 2026] GET /resource_providers/b17b22e2-d780-4a89-8171-2807680a0291/allocations => generated 252 bytes in 15 msecs (HTTP/1.1 200) 6 headers in 224 bytes (1 switches on core 0)
2026-07-15 06:05:45.897 7 INFO placement.requestlog [req-2ebbac5b-9478-4836-ae12-3072e29035a8 req-1f778d87-46fe-4c17-8bb5-90e602735b61 33e2eb542a2140ffabc2066078b4f7e3 30cef241bb264851a2db5714959011d9 - - 9db3b741323c4d09b3787f5e358eb0bf 9db3b741323c4d09b3787f5e358eb0bf] 199.204.45.70 "GET /allocations/1e325f05-2758-4e2c-b911-365c828aa673" status: 200 len: 257 microversion: 1.28 [pid: 7|app: 0|req: 296/590] 199.204.45.70 () {34 vars in 861 bytes} [Wed Jul 15 06:05:45 2026] GET /allocations/1e325f05-2758-4e2c-b911-365c828aa673 => generated 257 bytes in 16 msecs (HTTP/1.1 200) 8 headers in 296 bytes (1 switches on core 0)
2026-07-15 06:05:45.915 8 INFO placement.requestlog [req-2ebbac5b-9478-4836-ae12-3072e29035a8 req-26fb8ea6-f328-4b72-ba3d-46aea6e6a623 33e2eb542a2140ffabc2066078b4f7e3 30cef241bb264851a2db5714959011d9 - - 9db3b741323c4d09b3787f5e358eb0bf 9db3b741323c4d09b3787f5e358eb0bf] 199.204.45.70 "GET /allocations/cdda2b0e-d25b-4c7e-b6fb-d3163e5b76a1" status: 200 len: 257 microversion: 1.28 [pid: 8|app: 0|req: 295/591] 199.204.45.70 () {34 vars in 861 bytes} [Wed Jul 15 06:05:45 2026] GET /allocations/cdda2b0e-d25b-4c7e-b6fb-d3163e5b76a1 => generated 257 bytes in 12 msecs (HTTP/1.1 200) 8 headers in 296 bytes (1 switches on core 0)
2026-07-15 06:05:46.723 8 INFO placement.requestlog [None req-e8bae5f5-944a-41c0-8fd3-3b120b71bc99 - - - - - -] 10.0.0.222 "GET /" status: 200 len: 136 microversion: 1.0
2026-07-15 06:05:46.726 8 INFO placement.requestlog [None req-e53ba2c5-06ed-4b63-9583-a37032def874 - - - - - -] 10.0.0.222 "GET /" status: 200 len: 136 microversion: 1.0
2026-07-15 06:05:46.735 7 INFO placement.requestlog [req-28f5e35f-0316-44be-843a-d745dc3fc38a req-1d82a718-f142-4dee-9b89-9fed341b7a52 33e2eb542a2140ffabc2066078b4f7e3 30cef241bb264851a2db5714959011d9 - - 9db3b741323c4d09b3787f5e358eb0bf 9db3b741323c4d09b3787f5e358eb0bf] 199.204.45.70 "GET /allocations/1e325f05-2758-4e2c-b911-365c828aa673" status: 200 len: 257 microversion: 1.28 [pid: 7|app: 0|req: 297/594] 199.204.45.70 () {34 vars in 861 bytes} [Wed Jul 15 06:05:46 2026] GET /allocations/1e325f05-2758-4e2c-b911-365c828aa673 => generated 257 bytes in 25 msecs (HTTP/1.1 200) 8 headers in 296 bytes (1 switches on core 0)
2026-07-15 06:05:47.011 8 INFO placement.requestlog [req-6fd3fa64-febb-4991-910b-8cc16f5289ad req-66360a32-3e93-48df-b0b4-ee3606494f55 33e2eb542a2140ffabc2066078b4f7e3 30cef241bb264851a2db5714959011d9 - - 9db3b741323c4d09b3787f5e358eb0bf 9db3b741323c4d09b3787f5e358eb0bf] 10.0.0.147 "GET /allocation_candidates?limit=1000&resources=MEMORY_MB%3A512%2CVCPU%3A1&root_required=%21COMPUTE_STATUS_DISABLED" status: 200 len: 2373 microversion: 1.36 [pid: 8|app: 0|req: 298/595] 10.0.0.147 () {34 vars in 983 bytes} [Wed Jul 15 06:05:46 2026] GET /allocation_candidates?limit=1000&resources=MEMORY_MB%3A512%2CVCPU%3A1&root_required=%21COMPUTE_STATUS_DISABLED => generated 2373 bytes in 58 msecs (HTTP/1.1 200) 8 headers in 297 bytes (1 switches on core 0)
2026-07-15 06:05:47.044 7 INFO placement.requestlog [req-6fd3fa64-febb-4991-910b-8cc16f5289ad req-20f2040a-9a68-49e9-a57d-2345a2f3ce8f 33e2eb542a2140ffabc2066078b4f7e3 30cef241bb264851a2db5714959011d9 - - 9db3b741323c4d09b3787f5e358eb0bf 9db3b741323c4d09b3787f5e358eb0bf] 10.0.0.147 "GET /allocations/5fba20cd-2d6a-4c2b-a534-9985d0e4a2ca" status: 200 len: 19 microversion: 1.28 [pid: 7|app: 0|req: 298/596] 10.0.0.147 () {34 vars in 860 bytes} [Wed Jul 15 06:05:47 2026] GET /allocations/5fba20cd-2d6a-4c2b-a534-9985d0e4a2ca => generated 19 bytes in 15 msecs (HTTP/1.1 200) 8 headers in 295 bytes (1 switches on core 0)
2026-07-15 06:05:47.114 8 INFO placement.requestlog [req-6fd3fa64-febb-4991-910b-8cc16f5289ad req-94ef2d2f-eb46-4aee-b341-9515edc8f83a 33e2eb542a2140ffabc2066078b4f7e3 30cef241bb264851a2db5714959011d9 - - 9db3b741323c4d09b3787f5e358eb0bf 9db3b741323c4d09b3787f5e358eb0bf] 10.0.0.147 "PUT /allocations/5fba20cd-2d6a-4c2b-a534-9985d0e4a2ca" status: 204 len: 0 microversion: 1.36 [pid: 8|app: 0|req: 299/597] 10.0.0.147 () {38 vars in 913 bytes} [Wed Jul 15 06:05:47 2026] PUT /allocations/5fba20cd-2d6a-4c2b-a534-9985d0e4a2ca => generated 0 bytes in 66 msecs (HTTP/1.1 204) 5 headers in 199 bytes (1 switches on core 0)
2026-07-15 06:05:47.250 7 INFO placement.requestlog [None req-7c8690ef-bc1f-4a6e-a2c2-749ed7e7b8bf bc17f44ad5a6476b9b6af18c2679e483 30cef241bb264851a2db5714959011d9 - - 9db3b741323c4d09b3787f5e358eb0bf 9db3b741323c4d09b3787f5e358eb0bf] 10.0.0.40 "GET /resource_providers/0f31232e-1be4-42e2-a817-7df5fe543551/aggregates" status: 404 len: 235 microversion: 1.1 [pid: 7|app: 0|req: 299/598] 10.0.0.40 () {32 vars in 823 bytes} [Wed Jul 15 06:05:47 2026] GET /resource_providers/0f31232e-1be4-42e2-a817-7df5fe543551/aggregates => generated 235 bytes in 98 msecs (HTTP/1.1 404) 5 headers in 202 bytes (1 switches on core 0)
2026-07-15 06:05:47.255 8 INFO placement.requestlog [None req-0a9f7120-daa7-4900-a584-f1003621be70 bc17f44ad5a6476b9b6af18c2679e483 30cef241bb264851a2db5714959011d9 - - 9db3b741323c4d09b3787f5e358eb0bf 9db3b741323c4d09b3787f5e358eb0bf] 10.0.0.40 "GET /resource_providers/0f31232e-1be4-42e2-a817-7df5fe543551/aggregates" status: 404 len: 235 microversion: 1.1 [pid: 8|app: 0|req: 300/599] 10.0.0.40 () {32 vars in 823 bytes} [Wed Jul 15 06:05:47 2026] GET /resource_providers/0f31232e-1be4-42e2-a817-7df5fe543551/aggregates => generated 235 bytes in 99 msecs (HTTP/1.1 404) 5 headers in 202 bytes (1 switches on core 0)
2026-07-15 06:05:47.263 7 INFO placement.requestlog [None req-464c72a0-7d83-4e91-a225-70e5f3906147 bc17f44ad5a6476b9b6af18c2679e483 30cef241bb264851a2db5714959011d9 - - 9db3b741323c4d09b3787f5e358eb0bf 9db3b741323c4d09b3787f5e358eb0bf] 10.0.0.40 "DELETE /resource_providers/0f31232e-1be4-42e2-a817-7df5fe543551" status: 404 len: 246 microversion: 1.1 [pid: 7|app: 0|req: 300/600] 10.0.0.40 () {34 vars in 823 bytes} [Wed Jul 15 06:05:47 2026] DELETE /resource_providers/0f31232e-1be4-42e2-a817-7df5fe543551 => generated 246 bytes in 8 msecs (HTTP/1.1 404) 6 headers in 231 bytes (1 switches on core 0)
2026-07-15 06:05:47.265 8 INFO placement.requestlog [None req-501f09b2-56d4-4f87-83b4-06c18f78fca1 bc17f44ad5a6476b9b6af18c2679e483 30cef241bb264851a2db5714959011d9 - - 9db3b741323c4d09b3787f5e358eb0bf 9db3b741323c4d09b3787f5e358eb0bf] 10.0.0.40 "DELETE /resource_providers/0f31232e-1be4-42e2-a817-7df5fe543551" status: 404 len: 246 microversion: 1.1 [pid: 8|app: 0|req: 301/601] 10.0.0.40 () {34 vars in 823 bytes} [Wed Jul 15 06:05:47 2026] DELETE /resource_providers/0f31232e-1be4-42e2-a817-7df5fe543551 => generated 246 bytes in 6 msecs (HTTP/1.1 404) 6 headers in 231 bytes (1 switches on core 0)
2026-07-15 06:05:47.985 7 INFO placement.requestlog [req-28f5e35f-0316-44be-843a-d745dc3fc38a req-04ef8339-468e-44a8-bc4a-44c1971163a6 33e2eb542a2140ffabc2066078b4f7e3 30cef241bb264851a2db5714959011d9 - - 9db3b741323c4d09b3787f5e358eb0bf 9db3b741323c4d09b3787f5e358eb0bf] 199.204.45.70 "GET /resource_providers/b17b22e2-d780-4a89-8171-2807680a0291/allocations" status: 200 len: 338 microversion: 1.0 [pid: 7|app: 0|req: 301/602] 199.204.45.70 () {32 vars in 855 bytes} [Wed Jul 15 06:05:47 2026] GET /resource_providers/b17b22e2-d780-4a89-8171-2807680a0291/allocations => generated 338 bytes in 20 msecs (HTTP/1.1 200) 6 headers in 224 bytes (1 switches on core 0)
2026-07-15 06:05:48.020 8 INFO placement.requestlog [req-28f5e35f-0316-44be-843a-d745dc3fc38a req-180190fc-e581-4856-82f3-24bb45273590 33e2eb542a2140ffabc2066078b4f7e3 30cef241bb264851a2db5714959011d9 - - 9db3b741323c4d09b3787f5e358eb0bf 9db3b741323c4d09b3787f5e358eb0bf] 199.204.45.70 "GET /allocations/5fba20cd-2d6a-4c2b-a534-9985d0e4a2ca" status: 200 len: 243 microversion: 1.28 [pid: 8|app: 0|req: 302/603] 199.204.45.70 () {34 vars in 861 bytes} [Wed Jul 15 06:05:48 2026] GET /allocations/5fba20cd-2d6a-4c2b-a534-9985d0e4a2ca => generated 243 bytes in 11 msecs (HTTP/1.1 200) 8 headers in 296 bytes (1 switches on core 0)
2026-07-15 06:05:48.039 7 INFO placement.requestlog [req-28f5e35f-0316-44be-843a-d745dc3fc38a req-a788c786-d26c-4fa9-b539-09fe71b24c1c 33e2eb542a2140ffabc2066078b4f7e3 30cef241bb264851a2db5714959011d9 - - 9db3b741323c4d09b3787f5e358eb0bf 9db3b741323c4d09b3787f5e358eb0bf] 199.204.45.70 "GET /allocations/1e325f05-2758-4e2c-b911-365c828aa673" status: 200 len: 257 microversion: 1.28 [pid: 7|app: 0|req: 302/604] 199.204.45.70 () {34 vars in 861 bytes} [Wed Jul 15 06:05:48 2026] GET /allocations/1e325f05-2758-4e2c-b911-365c828aa673 => generated 257 bytes in 13 msecs (HTTP/1.1 200) 8 headers in 296 bytes (1 switches on core 0)
2026-07-15 06:05:48.057 8 INFO placement.requestlog [req-28f5e35f-0316-44be-843a-d745dc3fc38a req-bdce6966-89ad-4572-b7f3-7ebbeebe5b03 33e2eb542a2140ffabc2066078b4f7e3 30cef241bb264851a2db5714959011d9 - - 9db3b741323c4d09b3787f5e358eb0bf 9db3b741323c4d09b3787f5e358eb0bf] 199.204.45.70 "GET /allocations/cdda2b0e-d25b-4c7e-b6fb-d3163e5b76a1" status: 200 len: 257 microversion: 1.28 [pid: 8|app: 0|req: 303/605] 199.204.45.70 () {34 vars in 861 bytes} [Wed Jul 15 06:05:48 2026] GET /allocations/cdda2b0e-d25b-4c7e-b6fb-d3163e5b76a1 => generated 257 bytes in 9 msecs (HTTP/1.1 200) 8 headers in 296 bytes (1 switches on core 0)
2026-07-15 06:05:48.716 7 INFO placement.requestlog [req-6fd3fa64-febb-4991-910b-8cc16f5289ad req-a6671a67-b9ba-452c-a1d1-abb6aee12ea9 33e2eb542a2140ffabc2066078b4f7e3 30cef241bb264851a2db5714959011d9 - - 9db3b741323c4d09b3787f5e358eb0bf 9db3b741323c4d09b3787f5e358eb0bf] 199.204.45.70 "GET /allocations/5fba20cd-2d6a-4c2b-a534-9985d0e4a2ca" status: 200 len: 243 microversion: 1.28 [pid: 7|app: 0|req: 303/606] 199.204.45.70 () {34 vars in 861 bytes} [Wed Jul 15 06:05:48 2026] GET /allocations/5fba20cd-2d6a-4c2b-a534-9985d0e4a2ca => generated 243 bytes in 11 msecs (HTTP/1.1 200) 8 headers in 296 bytes (1 switches on core 0)
2026-07-15 06:05:50.122 8 INFO placement.requestlog [req-6fd3fa64-febb-4991-910b-8cc16f5289ad req-796f9df1-93c8-4e2d-9135-4f2315c19be4 33e2eb542a2140ffabc2066078b4f7e3 30cef241bb264851a2db5714959011d9 - - 9db3b741323c4d09b3787f5e358eb0bf 9db3b741323c4d09b3787f5e358eb0bf] 199.204.45.70 "GET /resource_providers/b17b22e2-d780-4a89-8171-2807680a0291/allocations" status: 200 len: 338 microversion: 1.0 [pid: 8|app: 0|req: 304/607] 199.204.45.70 () {32 vars in 855 bytes} [Wed Jul 15 06:05:50 2026] GET /resource_providers/b17b22e2-d780-4a89-8171-2807680a0291/allocations => generated 338 bytes in 14 msecs (HTTP/1.1 200) 6 headers in 224 bytes (1 switches on core 0)
2026-07-15 06:05:50.142 7 INFO placement.requestlog [req-6fd3fa64-febb-4991-910b-8cc16f5289ad req-8ef3d155-fe0c-42e1-8c9b-4e1421d5571e 33e2eb542a2140ffabc2066078b4f7e3 30cef241bb264851a2db5714959011d9 - - 9db3b741323c4d09b3787f5e358eb0bf 9db3b741323c4d09b3787f5e358eb0bf] 199.204.45.70 "GET /allocations/5fba20cd-2d6a-4c2b-a534-9985d0e4a2ca" status: 200 len: 243 microversion: 1.28 [pid: 7|app: 0|req: 304/608] 199.204.45.70 () {34 vars in 861 bytes} [Wed Jul 15 06:05:50 2026] GET /allocations/5fba20cd-2d6a-4c2b-a534-9985d0e4a2ca => generated 243 bytes in 12 msecs (HTTP/1.1 200) 8 headers in 296 bytes (1 switches on core 0)
2026-07-15 06:05:50.159 8 INFO placement.requestlog [req-6fd3fa64-febb-4991-910b-8cc16f5289ad req-802ca8a4-8d0f-42db-89d0-06f62cfddda0 33e2eb542a2140ffabc2066078b4f7e3 30cef241bb264851a2db5714959011d9 - - 9db3b741323c4d09b3787f5e358eb0bf 9db3b741323c4d09b3787f5e358eb0bf] 199.204.45.70 "GET /allocations/1e325f05-2758-4e2c-b911-365c828aa673" status: 200 len: 257 microversion: 1.28 [pid: 8|app: 0|req: 305/609] 199.204.45.70 () {34 vars in 861 bytes} [Wed Jul 15 06:05:50 2026] GET /allocations/1e325f05-2758-4e2c-b911-365c828aa673 => generated 257 bytes in 12 msecs (HTTP/1.1 200) 8 headers in 296 bytes (1 switches on core 0)
2026-07-15 06:05:50.181 7 INFO placement.requestlog [req-6fd3fa64-febb-4991-910b-8cc16f5289ad req-0617b53f-bb10-4859-98e2-9d850a4b5031 33e2eb542a2140ffabc2066078b4f7e3 30cef241bb264851a2db5714959011d9 - - 9db3b741323c4d09b3787f5e358eb0bf 9db3b741323c4d09b3787f5e358eb0bf] 199.204.45.70 "GET /allocations/cdda2b0e-d25b-4c7e-b6fb-d3163e5b76a1" status: 200 len: 257 microversion: 1.28 [pid: 7|app: 0|req: 305/610] 199.204.45.70 () {34 vars in 861 bytes} [Wed Jul 15 06:05:50 2026] GET /allocations/cdda2b0e-d25b-4c7e-b6fb-d3163e5b76a1 => generated 257 bytes in 13 msecs (HTTP/1.1 200) 8 headers in 296 bytes (1 switches on core 0)
2026-07-15 06:05:52.248 8 INFO placement.requestlog [req-f3ba5d66-2321-471a-ad80-acd6aa429653 req-7c295820-86b7-4e93-8ac2-44b616881d0b 33e2eb542a2140ffabc2066078b4f7e3 30cef241bb264851a2db5714959011d9 - - 9db3b741323c4d09b3787f5e358eb0bf 9db3b741323c4d09b3787f5e358eb0bf] 199.204.45.70 "GET /resource_providers/b17b22e2-d780-4a89-8171-2807680a0291/allocations" status: 200 len: 338 microversion: 1.0 [pid: 8|app: 0|req: 306/611] 199.204.45.70 () {32 vars in 855 bytes} [Wed Jul 15 06:05:52 2026] GET /resource_providers/b17b22e2-d780-4a89-8171-2807680a0291/allocations => generated 338 bytes in 18 msecs (HTTP/1.1 200) 6 headers in 224 bytes (1 switches on core 0)
2026-07-15 06:05:52.272 7 INFO placement.requestlog [req-f3ba5d66-2321-471a-ad80-acd6aa429653 req-23ec61da-4373-45df-aded-292d6de57170 33e2eb542a2140ffabc2066078b4f7e3 30cef241bb264851a2db5714959011d9 - - 9db3b741323c4d09b3787f5e358eb0bf 9db3b741323c4d09b3787f5e358eb0bf] 199.204.45.70 "GET /resource_providers/b17b22e2-d780-4a89-8171-2807680a0291/allocations" status: 200 len: 338 microversion: 1.0 [pid: 7|app: 0|req: 306/612] 199.204.45.70 () {32 vars in 855 bytes} [Wed Jul 15 06:05:52 2026] GET /resource_providers/b17b22e2-d780-4a89-8171-2807680a0291/allocations => generated 338 bytes in 16 msecs (HTTP/1.1 200) 6 headers in 224 bytes (1 switches on core 0)
2026-07-15 06:05:52.300 8 INFO placement.requestlog [req-f3ba5d66-2321-471a-ad80-acd6aa429653 req-6845fbcd-5b4b-4fd2-9176-f8fa7d70f718 33e2eb542a2140ffabc2066078b4f7e3 30cef241bb264851a2db5714959011d9 - - 9db3b741323c4d09b3787f5e358eb0bf 9db3b741323c4d09b3787f5e358eb0bf] 199.204.45.70 "GET /allocations/5fba20cd-2d6a-4c2b-a534-9985d0e4a2ca" status: 200 len: 243 microversion: 1.28 [pid: 8|app: 0|req: 307/613] 199.204.45.70 () {34 vars in 861 bytes} [Wed Jul 15 06:05:52 2026] GET /allocations/5fba20cd-2d6a-4c2b-a534-9985d0e4a2ca => generated 243 bytes in 13 msecs (HTTP/1.1 200) 8 headers in 296 bytes (1 switches on core 0)
2026-07-15 06:05:52.323 7 INFO placement.requestlog [req-f3ba5d66-2321-471a-ad80-acd6aa429653 req-d40454af-c649-41d8-a7de-501ee9900dad 33e2eb542a2140ffabc2066078b4f7e3 30cef241bb264851a2db5714959011d9 - - 9db3b741323c4d09b3787f5e358eb0bf 9db3b741323c4d09b3787f5e358eb0bf] 199.204.45.70 "GET /allocations/1e325f05-2758-4e2c-b911-365c828aa673" status: 200 len: 257 microversion: 1.28 [pid: 7|app: 0|req: 307/614] 199.204.45.70 () {34 vars in 861 bytes} [Wed Jul 15 06:05:52 2026] GET /allocations/1e325f05-2758-4e2c-b911-365c828aa673 => generated 257 bytes in 16 msecs (HTTP/1.1 200) 8 headers in 296 bytes (1 switches on core 0)
2026-07-15 06:05:52.343 8 INFO placement.requestlog [req-f3ba5d66-2321-471a-ad80-acd6aa429653 req-318322dc-ea33-4d38-9681-a77033846308 33e2eb542a2140ffabc2066078b4f7e3 30cef241bb264851a2db5714959011d9 - - 9db3b741323c4d09b3787f5e358eb0bf 9db3b741323c4d09b3787f5e358eb0bf] 199.204.45.70 "GET /allocations/cdda2b0e-d25b-4c7e-b6fb-d3163e5b76a1" status: 200 len: 257 microversion: 1.28 [pid: 8|app: 0|req: 308/615] 199.204.45.70 () {34 vars in 861 bytes} [Wed Jul 15 06:05:52 2026] GET /allocations/cdda2b0e-d25b-4c7e-b6fb-d3163e5b76a1 => generated 257 bytes in 13 msecs (HTTP/1.1 200) 8 headers in 296 bytes (1 switches on core 0)
2026-07-15 06:05:56.723 7 INFO placement.requestlog [None req-fdafc23b-6cba-45e1-acea-351af87da0f0 - - - - - -] 10.0.0.222 "GET /" status: 200 len: 136 microversion: 1.0
2026-07-15 06:05:56.723 8 INFO placement.requestlog [None req-941d02b7-0df4-49d0-85a9-54ed84274103 - - - - - -] 10.0.0.222 "GET /" status: 200 len: 136 microversion: 1.0
2026-07-15 06:05:58.923 7 INFO placement.requestlog [None req-83bd6c60-edeb-4a99-ac0b-16d5bd66b901 bc17f44ad5a6476b9b6af18c2679e483 30cef241bb264851a2db5714959011d9 - - 9db3b741323c4d09b3787f5e358eb0bf 9db3b741323c4d09b3787f5e358eb0bf] 10.0.0.40 "GET /resource_providers/e0d7e710-a6a5-4f3d-b251-3067bffb080f/aggregates" status: 404 len: 235 microversion: 1.1 [pid: 7|app: 0|req: 309/618] 10.0.0.40 () {32 vars in 823 bytes} [Wed Jul 15 06:05:58 2026] GET /resource_providers/e0d7e710-a6a5-4f3d-b251-3067bffb080f/aggregates => generated 235 bytes in 10 msecs (HTTP/1.1 404) 5 headers in 202 bytes (1 switches on core 0)
2026-07-15 06:05:58.923 8 INFO placement.requestlog [None req-f7d437a2-4a15-4ed0-99d0-166f90439445 bc17f44ad5a6476b9b6af18c2679e483 30cef241bb264851a2db5714959011d9 - - 9db3b741323c4d09b3787f5e358eb0bf 9db3b741323c4d09b3787f5e358eb0bf] 10.0.0.40 "GET /resource_providers/e0d7e710-a6a5-4f3d-b251-3067bffb080f/aggregates" status: 404 len: 235 microversion: 1.1 [pid: 8|app: 0|req: 310/619] 10.0.0.40 () {32 vars in 823 bytes} [Wed Jul 15 06:05:58 2026] GET /resource_providers/e0d7e710-a6a5-4f3d-b251-3067bffb080f/aggregates => generated 235 bytes in 10 msecs (HTTP/1.1 404) 5 headers in 202 bytes (1 switches on core 0)
2026-07-15 06:05:58.942 8 INFO placement.requestlog [None req-a8858504-e88b-4af8-99f2-737778b422cf bc17f44ad5a6476b9b6af18c2679e483 30cef241bb264851a2db5714959011d9 - - 9db3b741323c4d09b3787f5e358eb0bf 9db3b741323c4d09b3787f5e358eb0bf] 10.0.0.40 "DELETE /resource_providers/e0d7e710-a6a5-4f3d-b251-3067bffb080f" status: 404 len: 246 microversion: 1.1 [pid: 8|app: 0|req: 311/620] 10.0.0.40 () {34 vars in 823 bytes} [Wed Jul 15 06:05:58 2026] DELETE /resource_providers/e0d7e710-a6a5-4f3d-b251-3067bffb080f => generated 246 bytes in 10 msecs (HTTP/1.1 404) 6 headers in 231 bytes (1 switches on core 0)
2026-07-15 06:05:58.943 7 INFO placement.requestlog [None req-ec49b506-bf66-41fb-a615-2c47b5961e3f bc17f44ad5a6476b9b6af18c2679e483 30cef241bb264851a2db5714959011d9 - - 9db3b741323c4d09b3787f5e358eb0bf 9db3b741323c4d09b3787f5e358eb0bf] 10.0.0.40 "DELETE /resource_providers/e0d7e710-a6a5-4f3d-b251-3067bffb080f" status: 404 len: 246 microversion: 1.1 [pid: 7|app: 0|req: 310/621] 10.0.0.40 () {34 vars in 823 bytes} [Wed Jul 15 06:05:58 2026] DELETE /resource_providers/e0d7e710-a6a5-4f3d-b251-3067bffb080f => generated 246 bytes in 12 msecs (HTTP/1.1 404) 6 headers in 231 bytes (1 switches on core 0)
2026-07-15 06:06:06.723 8 INFO placement.requestlog [None req-c1311c46-10a9-4d10-8eb3-ad08a5b68dde - - - - - -] 10.0.0.222 "GET /" status: 200 len: 136 microversion: 1.0
2026-07-15 06:06:06.723 7 INFO placement.requestlog [None req-2d5f564a-a81a-4323-b11e-3a29c248e120 - - - - - -] 10.0.0.222 "GET /" status: 200 len: 136 microversion: 1.0
2026-07-15 06:06:09.221 8 INFO placement.requestlog [req-d38d25b7-6c5c-454a-82bd-bedcbe94b06b req-d07baf54-446d-4cf5-86f0-8ad3d36324b5 33e2eb542a2140ffabc2066078b4f7e3 30cef241bb264851a2db5714959011d9 - - 9db3b741323c4d09b3787f5e358eb0bf 9db3b741323c4d09b3787f5e358eb0bf] 10.0.0.147 "GET /allocation_candidates?limit=1000&resources=DISK_GB%3A1%2CMEMORY_MB%3A512%2CVCPU%3A1&root_required=%21COMPUTE_STATUS_DISABLED" status: 200 len: 2387 microversion: 1.36 [pid: 8|app: 0|req: 313/624] 10.0.0.147 () {34 vars in 1011 bytes} [Wed Jul 15 06:06:09 2026] GET /allocation_candidates?limit=1000&resources=DISK_GB%3A1%2CMEMORY_MB%3A512%2CVCPU%3A1&root_required=%21COMPUTE_STATUS_DISABLED => generated 2387 bytes in 56 msecs (HTTP/1.1 200) 8 headers in 297 bytes (1 switches on core 0)
2026-07-15 06:06:09.238 7 INFO placement.requestlog [req-3f9867aa-02b7-4aa7-85f1-b73f075d7496 req-6b024302-d7b7-450f-98df-c4aa6af79450 33e2eb542a2140ffabc2066078b4f7e3 30cef241bb264851a2db5714959011d9 - - 9db3b741323c4d09b3787f5e358eb0bf 9db3b741323c4d09b3787f5e358eb0bf] 199.204.45.70 "GET /resource_providers/b17b22e2-d780-4a89-8171-2807680a0291/allocations" status: 200 len: 338 microversion: 1.0 [pid: 7|app: 0|req: 312/625] 199.204.45.70 () {32 vars in 855 bytes} [Wed Jul 15 06:06:09 2026] GET /resource_providers/b17b22e2-d780-4a89-8171-2807680a0291/allocations => generated 338 bytes in 19 msecs (HTTP/1.1 200) 6 headers in 224 bytes (1 switches on core 0)
2026-07-15 06:06:09.252 8 INFO placement.requestlog [req-d38d25b7-6c5c-454a-82bd-bedcbe94b06b req-98a9bf2c-08f3-4b0e-9483-626380bb6c40 33e2eb542a2140ffabc2066078b4f7e3 30cef241bb264851a2db5714959011d9 - - 9db3b741323c4d09b3787f5e358eb0bf 9db3b741323c4d09b3787f5e358eb0bf] 10.0.0.147 "GET /allocations/a0782f02-f423-48b1-ae23-e974a14c66df" status: 200 len: 19 microversion: 1.28 [pid: 8|app: 0|req: 314/626] 10.0.0.147 () {34 vars in 860 bytes} [Wed Jul 15 06:06:09 2026] GET /allocations/a0782f02-f423-48b1-ae23-e974a14c66df => generated 19 bytes in 11 msecs (HTTP/1.1 200) 8 headers in 295 bytes (1 switches on core 0)
2026-07-15 06:06:09.253 7 INFO placement.requestlog [req-3f9867aa-02b7-4aa7-85f1-b73f075d7496 req-b6919b36-85b3-44a2-b4a8-4cce72279a30 33e2eb542a2140ffabc2066078b4f7e3 30cef241bb264851a2db5714959011d9 - - 9db3b741323c4d09b3787f5e358eb0bf 9db3b741323c4d09b3787f5e358eb0bf] 199.204.45.70 "GET /allocations/5fba20cd-2d6a-4c2b-a534-9985d0e4a2ca" status: 200 len: 243 microversion: 1.28 [pid: 7|app: 0|req: 313/627] 199.204.45.70 () {34 vars in 861 bytes} [Wed Jul 15 06:06:09 2026] GET /allocations/5fba20cd-2d6a-4c2b-a534-9985d0e4a2ca => generated 243 bytes in 10 msecs (HTTP/1.1 200) 8 headers in 296 bytes (1 switches on core 0)
2026-07-15 06:06:09.269 7 INFO placement.requestlog [req-3f9867aa-02b7-4aa7-85f1-b73f075d7496 req-d8f8d9fc-c2c0-4d78-a280-5e47058b0465 33e2eb542a2140ffabc2066078b4f7e3 30cef241bb264851a2db5714959011d9 - - 9db3b741323c4d09b3787f5e358eb0bf 9db3b741323c4d09b3787f5e358eb0bf] 199.204.45.70 "GET /allocations/1e325f05-2758-4e2c-b911-365c828aa673" status: 200 len: 257 microversion: 1.28 [pid: 7|app: 0|req: 314/628] 199.204.45.70 () {34 vars in 861 bytes} [Wed Jul 15 06:06:09 2026] GET /allocations/1e325f05-2758-4e2c-b911-365c828aa673 => generated 257 bytes in 12 msecs (HTTP/1.1 200) 8 headers in 296 bytes (1 switches on core 0)
2026-07-15 06:06:09.287 7 INFO placement.requestlog [req-3f9867aa-02b7-4aa7-85f1-b73f075d7496 req-0ac9d7d6-2fff-4601-befc-98547a9e1c36 33e2eb542a2140ffabc2066078b4f7e3 30cef241bb264851a2db5714959011d9 - - 9db3b741323c4d09b3787f5e358eb0bf 9db3b741323c4d09b3787f5e358eb0bf] 199.204.45.70 "GET /allocations/cdda2b0e-d25b-4c7e-b6fb-d3163e5b76a1" status: 200 len: 257 microversion: 1.28 [pid: 7|app: 0|req: 315/629] 199.204.45.70 () {34 vars in 861 bytes} [Wed Jul 15 06:06:09 2026] GET /allocations/cdda2b0e-d25b-4c7e-b6fb-d3163e5b76a1 => generated 257 bytes in 10 msecs (HTTP/1.1 200) 8 headers in 296 bytes (1 switches on core 0)
2026-07-15 06:06:09.317 8 INFO placement.requestlog [req-d38d25b7-6c5c-454a-82bd-bedcbe94b06b req-2b284bfe-ca5b-4e3f-a3de-1b60743dd880 33e2eb542a2140ffabc2066078b4f7e3 30cef241bb264851a2db5714959011d9 - - 9db3b741323c4d09b3787f5e358eb0bf 9db3b741323c4d09b3787f5e358eb0bf] 10.0.0.147 "PUT /allocations/a0782f02-f423-48b1-ae23-e974a14c66df" status: 204 len: 0 microversion: 1.36 [pid: 8|app: 0|req: 315/630] 10.0.0.147 () {38 vars in 913 bytes} [Wed Jul 15 06:06:09 2026] PUT /allocations/a0782f02-f423-48b1-ae23-e974a14c66df => generated 0 bytes in 61 msecs (HTTP/1.1 204) 5 headers in 199 bytes (1 switches on core 0)
2026-07-15 06:06:10.337 7 INFO placement.requestlog [req-3f9867aa-02b7-4aa7-85f1-b73f075d7496 req-e718af00-24e2-463a-a8bd-f4cc0d1a2e86 33e2eb542a2140ffabc2066078b4f7e3 30cef241bb264851a2db5714959011d9 - - 9db3b741323c4d09b3787f5e358eb0bf 9db3b741323c4d09b3787f5e358eb0bf] 199.204.45.70 "DELETE /allocations/5fba20cd-2d6a-4c2b-a534-9985d0e4a2ca" status: 204 len: 0 microversion: 1.0 [pid: 7|app: 0|req: 316/631] 199.204.45.70 () {34 vars in 839 bytes} [Wed Jul 15 06:06:10 2026] DELETE /allocations/5fba20cd-2d6a-4c2b-a534-9985d0e4a2ca => generated 0 bytes in 25 msecs (HTTP/1.1 204) 5 headers in 198 bytes (1 switches on core 0)
2026-07-15 06:06:10.731 8 INFO placement.requestlog [req-9e30978f-8caf-4d99-8251-f99158cb2caa req-d3aa3b90-3c63-46ba-bc83-5e20537e1601 33e2eb542a2140ffabc2066078b4f7e3 30cef241bb264851a2db5714959011d9 - - 9db3b741323c4d09b3787f5e358eb0bf 9db3b741323c4d09b3787f5e358eb0bf] 199.204.45.70 "GET /resource_providers/b17b22e2-d780-4a89-8171-2807680a0291/allocations" status: 200 len: 352 microversion: 1.0 [pid: 8|app: 0|req: 316/632] 199.204.45.70 () {32 vars in 855 bytes} [Wed Jul 15 06:06:10 2026] GET /resource_providers/b17b22e2-d780-4a89-8171-2807680a0291/allocations => generated 352 bytes in 17 msecs (HTTP/1.1 200) 6 headers in 224 bytes (1 switches on core 0)
2026-07-15 06:06:10.749 7 INFO placement.requestlog [req-9e30978f-8caf-4d99-8251-f99158cb2caa req-3ef3f6d6-58d6-41ea-85a7-094ce741e037 33e2eb542a2140ffabc2066078b4f7e3 30cef241bb264851a2db5714959011d9 - - 9db3b741323c4d09b3787f5e358eb0bf 9db3b741323c4d09b3787f5e358eb0bf] 199.204.45.70 "GET /allocations/a0782f02-f423-48b1-ae23-e974a14c66df" status: 200 len: 257 microversion: 1.28 [pid: 7|app: 0|req: 317/633] 199.204.45.70 () {34 vars in 861 bytes} [Wed Jul 15 06:06:10 2026] GET /allocations/a0782f02-f423-48b1-ae23-e974a14c66df => generated 257 bytes in 13 msecs (HTTP/1.1 200) 8 headers in 296 bytes (1 switches on core 0)
2026-07-15 06:06:10.773 8 INFO placement.requestlog [req-9e30978f-8caf-4d99-8251-f99158cb2caa req-525ba693-a7d6-4a4c-8808-0f8d3c892e43 33e2eb542a2140ffabc2066078b4f7e3 30cef241bb264851a2db5714959011d9 - - 9db3b741323c4d09b3787f5e358eb0bf 9db3b741323c4d09b3787f5e358eb0bf] 199.204.45.70 "GET /allocations/1e325f05-2758-4e2c-b911-365c828aa673" status: 200 len: 257 microversion: 1.28 [pid: 8|app: 0|req: 317/634] 199.204.45.70 () {34 vars in 861 bytes} [Wed Jul 15 06:06:10 2026] GET /allocations/1e325f05-2758-4e2c-b911-365c828aa673 => generated 257 bytes in 17 msecs (HTTP/1.1 200) 8 headers in 296 bytes (1 switches on core 0)
2026-07-15 06:06:10.791 7 INFO placement.requestlog [req-9e30978f-8caf-4d99-8251-f99158cb2caa req-3725b4e1-5c34-496e-9ed1-fce74de207a8 33e2eb542a2140ffabc2066078b4f7e3 30cef241bb264851a2db5714959011d9 - - 9db3b741323c4d09b3787f5e358eb0bf 9db3b741323c4d09b3787f5e358eb0bf] 199.204.45.70 "GET /allocations/cdda2b0e-d25b-4c7e-b6fb-d3163e5b76a1" status: 200 len: 257 microversion: 1.28 [pid: 7|app: 0|req: 318/635] 199.204.45.70 () {34 vars in 861 bytes} [Wed Jul 15 06:06:10 2026] GET /allocations/cdda2b0e-d25b-4c7e-b6fb-d3163e5b76a1 => generated 257 bytes in 12 msecs (HTTP/1.1 200) 8 headers in 296 bytes (1 switches on core 0)
2026-07-15 06:06:10.815 8 INFO placement.requestlog [req-d38d25b7-6c5c-454a-82bd-bedcbe94b06b req-a5e189e1-6d11-49f9-b693-323ee4b81123 33e2eb542a2140ffabc2066078b4f7e3 30cef241bb264851a2db5714959011d9 - - 9db3b741323c4d09b3787f5e358eb0bf 9db3b741323c4d09b3787f5e358eb0bf] 199.204.45.70 "GET /allocations/a0782f02-f423-48b1-ae23-e974a14c66df" status: 200 len: 257 microversion: 1.28 [pid: 8|app: 0|req: 318/636] 199.204.45.70 () {34 vars in 861 bytes} [Wed Jul 15 06:06:10 2026] GET /allocations/a0782f02-f423-48b1-ae23-e974a14c66df => generated 257 bytes in 13 msecs (HTTP/1.1 200) 8 headers in 296 bytes (1 switches on core 0)
2026-07-15 06:06:11.844 7 INFO placement.requestlog [req-9e30978f-8caf-4d99-8251-f99158cb2caa req-1202e118-0fee-4242-8782-ae37589a57a7 33e2eb542a2140ffabc2066078b4f7e3 30cef241bb264851a2db5714959011d9 - - 9db3b741323c4d09b3787f5e358eb0bf 9db3b741323c4d09b3787f5e358eb0bf] 199.204.45.70 "DELETE /allocations/cdda2b0e-d25b-4c7e-b6fb-d3163e5b76a1" status: 204 len: 0 microversion: 1.0 [pid: 7|app: 0|req: 319/637] 199.204.45.70 () {34 vars in 839 bytes} [Wed Jul 15 06:06:11 2026] DELETE /allocations/cdda2b0e-d25b-4c7e-b6fb-d3163e5b76a1 => generated 0 bytes in 23 msecs (HTTP/1.1 204) 5 headers in 198 bytes (1 switches on core 0)
2026-07-15 06:06:12.869 8 INFO placement.requestlog [req-d38d25b7-6c5c-454a-82bd-bedcbe94b06b req-d907d413-aae8-4a4b-a7b7-ba8fcb2fb93c 33e2eb542a2140ffabc2066078b4f7e3 30cef241bb264851a2db5714959011d9 - - 9db3b741323c4d09b3787f5e358eb0bf 9db3b741323c4d09b3787f5e358eb0bf] 199.204.45.70 "GET /resource_providers/b17b22e2-d780-4a89-8171-2807680a0291/allocations" status: 200 len: 252 microversion: 1.0 [pid: 8|app: 0|req: 319/638] 199.204.45.70 () {32 vars in 855 bytes} [Wed Jul 15 06:06:12 2026] GET /resource_providers/b17b22e2-d780-4a89-8171-2807680a0291/allocations => generated 252 bytes in 27 msecs (HTTP/1.1 200) 6 headers in 224 bytes (1 switches on core 0)
2026-07-15 06:06:12.887 7 INFO placement.requestlog [req-d38d25b7-6c5c-454a-82bd-bedcbe94b06b req-7d79afc7-1163-4d66-ba84-c793d94345ba 33e2eb542a2140ffabc2066078b4f7e3 30cef241bb264851a2db5714959011d9 - - 9db3b741323c4d09b3787f5e358eb0bf 9db3b741323c4d09b3787f5e358eb0bf] 199.204.45.70 "GET /allocations/a0782f02-f423-48b1-ae23-e974a14c66df" status: 200 len: 257 microversion: 1.28 [pid: 7|app: 0|req: 320/639] 199.204.45.70 () {34 vars in 861 bytes} [Wed Jul 15 06:06:12 2026] GET /allocations/a0782f02-f423-48b1-ae23-e974a14c66df => generated 257 bytes in 11 msecs (HTTP/1.1 200) 8 headers in 296 bytes (1 switches on core 0)
2026-07-15 06:06:12.907 8 INFO placement.requestlog [req-d38d25b7-6c5c-454a-82bd-bedcbe94b06b req-e4434c2b-ed10-4a7f-8d2b-580e630170e1 33e2eb542a2140ffabc2066078b4f7e3 30cef241bb264851a2db5714959011d9 - - 9db3b741323c4d09b3787f5e358eb0bf 9db3b741323c4d09b3787f5e358eb0bf] 199.204.45.70 "GET /allocations/1e325f05-2758-4e2c-b911-365c828aa673" status: 200 len: 257 microversion: 1.28 [pid: 8|app: 0|req: 320/640] 199.204.45.70 () {34 vars in 861 bytes} [Wed Jul 15 06:06:12 2026] GET /allocations/1e325f05-2758-4e2c-b911-365c828aa673 => generated 257 bytes in 15 msecs (HTTP/1.1 200) 8 headers in 296 bytes (1 switches on core 0)
2026-07-15 06:06:15.184 8 INFO placement.requestlog [None req-6f293313-2322-472e-88b0-84e2da172742 bc17f44ad5a6476b9b6af18c2679e483 30cef241bb264851a2db5714959011d9 - - 9db3b741323c4d09b3787f5e358eb0bf 9db3b741323c4d09b3787f5e358eb0bf] 10.0.0.40 "GET /resource_providers/1c4bfa4e-a7e8-4362-994b-ad5b9a03cfb3/aggregates" status: 404 len: 235 microversion: 1.1 [pid: 8|app: 0|req: 321/641] 10.0.0.40 () {32 vars in 823 bytes} [Wed Jul 15 06:06:15 2026] GET /resource_providers/1c4bfa4e-a7e8-4362-994b-ad5b9a03cfb3/aggregates => generated 235 bytes in 97 msecs (HTTP/1.1 404) 5 headers in 202 bytes (1 switches on core 0)
2026-07-15 06:06:15.185 7 INFO placement.requestlog [None req-089b9f95-6431-4dce-9679-e0d0458b7bd8 bc17f44ad5a6476b9b6af18c2679e483 30cef241bb264851a2db5714959011d9 - - 9db3b741323c4d09b3787f5e358eb0bf 9db3b741323c4d09b3787f5e358eb0bf] 10.0.0.40 "GET /resource_providers/1c4bfa4e-a7e8-4362-994b-ad5b9a03cfb3/aggregates" status: 404 len: 235 microversion: 1.1 [pid: 7|app: 0|req: 321/642] 10.0.0.40 () {32 vars in 823 bytes} [Wed Jul 15 06:06:15 2026] GET /resource_providers/1c4bfa4e-a7e8-4362-994b-ad5b9a03cfb3/aggregates => generated 235 bytes in 98 msecs (HTTP/1.1 404) 5 headers in 202 bytes (1 switches on core 0)
2026-07-15 06:06:15.194 8 INFO placement.requestlog [None req-c8130785-a61c-41ed-8154-8ead4015ad6b bc17f44ad5a6476b9b6af18c2679e483 30cef241bb264851a2db5714959011d9 - - 9db3b741323c4d09b3787f5e358eb0bf 9db3b741323c4d09b3787f5e358eb0bf] 10.0.0.40 "DELETE /resource_providers/1c4bfa4e-a7e8-4362-994b-ad5b9a03cfb3" status: 404 len: 246 microversion: 1.1 [pid: 8|app: 0|req: 322/643] 10.0.0.40 () {34 vars in 823 bytes} [Wed Jul 15 06:06:15 2026] DELETE /resource_providers/1c4bfa4e-a7e8-4362-994b-ad5b9a03cfb3 => generated 246 bytes in 6 msecs (HTTP/1.1 404) 6 headers in 231 bytes (1 switches on core 0)
2026-07-15 06:06:15.208 7 INFO placement.requestlog [None req-1250627a-baae-443b-9e64-a6bbb27e2bbd bc17f44ad5a6476b9b6af18c2679e483 30cef241bb264851a2db5714959011d9 - - 9db3b741323c4d09b3787f5e358eb0bf 9db3b741323c4d09b3787f5e358eb0bf] 10.0.0.40 "DELETE /resource_providers/1c4bfa4e-a7e8-4362-994b-ad5b9a03cfb3" status: 404 len: 246 microversion: 1.1 [pid: 7|app: 0|req: 322/644] 10.0.0.40 () {34 vars in 823 bytes} [Wed Jul 15 06:06:15 2026] DELETE /resource_providers/1c4bfa4e-a7e8-4362-994b-ad5b9a03cfb3 => generated 246 bytes in 10 msecs (HTTP/1.1 404) 6 headers in 231 bytes (1 switches on core 0)
2026-07-15 06:06:15.658 7 INFO placement.requestlog [None req-b265fba9-c5a5-475a-a544-99d2f4e6b979 bc17f44ad5a6476b9b6af18c2679e483 30cef241bb264851a2db5714959011d9 - - 9db3b741323c4d09b3787f5e358eb0bf 9db3b741323c4d09b3787f5e358eb0bf] 10.0.0.40 "GET /resource_providers/a3beb5bd-a1d9-4b8f-92d0-994892cee026/aggregates" status: 404 len: 235 microversion: 1.1 [pid: 7|app: 0|req: 323/645] 10.0.0.40 () {32 vars in 823 bytes} [Wed Jul 15 06:06:15 2026] GET /resource_providers/a3beb5bd-a1d9-4b8f-92d0-994892cee026/aggregates => generated 235 bytes in 6 msecs (HTTP/1.1 404) 5 headers in 202 bytes (1 switches on core 0)
2026-07-15 06:06:15.660 8 INFO placement.requestlog [None req-81f0b426-0315-4350-8983-8e250c9d3d1b bc17f44ad5a6476b9b6af18c2679e483 30cef241bb264851a2db5714959011d9 - - 9db3b741323c4d09b3787f5e358eb0bf 9db3b741323c4d09b3787f5e358eb0bf] 10.0.0.40 "GET /resource_providers/a3beb5bd-a1d9-4b8f-92d0-994892cee026/aggregates" status: 404 len: 235 microversion: 1.1 [pid: 8|app: 0|req: 323/646] 10.0.0.40 () {32 vars in 823 bytes} [Wed Jul 15 06:06:15 2026] GET /resource_providers/a3beb5bd-a1d9-4b8f-92d0-994892cee026/aggregates => generated 235 bytes in 10 msecs (HTTP/1.1 404) 5 headers in 202 bytes (1 switches on core 0)
2026-07-15 06:06:15.673 8 INFO placement.requestlog [None req-f6ad25cd-42f0-4625-b27d-af46decdf7c6 bc17f44ad5a6476b9b6af18c2679e483 30cef241bb264851a2db5714959011d9 - - 9db3b741323c4d09b3787f5e358eb0bf 9db3b741323c4d09b3787f5e358eb0bf] 10.0.0.40 "DELETE /resource_providers/a3beb5bd-a1d9-4b8f-92d0-994892cee026" status: 404 len: 246 microversion: 1.1 [pid: 8|app: 0|req: 324/647] 10.0.0.40 () {34 vars in 823 bytes} [Wed Jul 15 06:06:15 2026] DELETE /resource_providers/a3beb5bd-a1d9-4b8f-92d0-994892cee026 => generated 246 bytes in 6 msecs (HTTP/1.1 404) 6 headers in 231 bytes (1 switches on core 0)
2026-07-15 06:06:15.676 7 INFO placement.requestlog [None req-6332519b-663f-41d4-b14d-63bf331b297a bc17f44ad5a6476b9b6af18c2679e483 30cef241bb264851a2db5714959011d9 - - 9db3b741323c4d09b3787f5e358eb0bf 9db3b741323c4d09b3787f5e358eb0bf] 10.0.0.40 "DELETE /resource_providers/a3beb5bd-a1d9-4b8f-92d0-994892cee026" status: 404 len: 246 microversion: 1.1 [pid: 7|app: 0|req: 324/648] 10.0.0.40 () {34 vars in 823 bytes} [Wed Jul 15 06:06:15 2026] DELETE /resource_providers/a3beb5bd-a1d9-4b8f-92d0-994892cee026 => generated 246 bytes in 9 msecs (HTTP/1.1 404) 6 headers in 231 bytes (1 switches on core 0)
2026-07-15 06:06:16.723 8 INFO placement.requestlog [None req-95287e2a-5183-475a-abe0-6bbf32d3f0fe - - - - - -] 10.0.0.222 "GET /" status: 200 len: 136 microversion: 1.0
2026-07-15 06:06:16.723 7 INFO placement.requestlog [None req-1b2cbb1e-7803-4016-990b-85281467aee4 - - - - - -] 10.0.0.222 "GET /" status: 200 len: 136 microversion: 1.0
2026-07-15 06:06:25.584 8 INFO placement.requestlog [req-cd4849c5-c551-44b5-ae8a-e6882140b9a4 req-aaa595c1-9df2-4bf3-b106-90a4c2fbc2ad 33e2eb542a2140ffabc2066078b4f7e3 30cef241bb264851a2db5714959011d9 - - 9db3b741323c4d09b3787f5e358eb0bf 9db3b741323c4d09b3787f5e358eb0bf] 10.0.0.147 "GET /allocation_candidates?limit=1000&resources=DISK_GB%3A1%2CMEMORY_MB%3A512%2CVCPU%3A1&root_required=%21COMPUTE_STATUS_DISABLED" status: 200 len: 2387 microversion: 1.36 [pid: 8|app: 0|req: 326/651] 10.0.0.147 () {34 vars in 1011 bytes} [Wed Jul 15 06:06:25 2026] GET /allocation_candidates?limit=1000&resources=DISK_GB%3A1%2CMEMORY_MB%3A512%2CVCPU%3A1&root_required=%21COMPUTE_STATUS_DISABLED => generated 2387 bytes in 72 msecs (HTTP/1.1 200) 8 headers in 297 bytes (1 switches on core 0)
2026-07-15 06:06:25.613 7 INFO placement.requestlog [req-cd4849c5-c551-44b5-ae8a-e6882140b9a4 req-66e9506f-8201-49c0-8438-68f2559502ff 33e2eb542a2140ffabc2066078b4f7e3 30cef241bb264851a2db5714959011d9 - - 9db3b741323c4d09b3787f5e358eb0bf 9db3b741323c4d09b3787f5e358eb0bf] 10.0.0.147 "GET /allocations/234366be-a4ed-43e7-af1e-97dd1ed27bb0" status: 200 len: 19 microversion: 1.28 [pid: 7|app: 0|req: 326/652] 10.0.0.147 () {34 vars in 860 bytes} [Wed Jul 15 06:06:25 2026] GET /allocations/234366be-a4ed-43e7-af1e-97dd1ed27bb0 => generated 19 bytes in 11 msecs (HTTP/1.1 200) 8 headers in 295 bytes (1 switches on core 0)
2026-07-15 06:06:25.680 8 INFO placement.requestlog [req-cd4849c5-c551-44b5-ae8a-e6882140b9a4 req-6b866718-0db0-44b4-a3af-ea717574362d 33e2eb542a2140ffabc2066078b4f7e3 30cef241bb264851a2db5714959011d9 - - 9db3b741323c4d09b3787f5e358eb0bf 9db3b741323c4d09b3787f5e358eb0bf] 10.0.0.147 "PUT /allocations/234366be-a4ed-43e7-af1e-97dd1ed27bb0" status: 204 len: 0 microversion: 1.36 [pid: 8|app: 0|req: 327/653] 10.0.0.147 () {38 vars in 913 bytes} [Wed Jul 15 06:06:25 2026] PUT /allocations/234366be-a4ed-43e7-af1e-97dd1ed27bb0 => generated 0 bytes in 61 msecs (HTTP/1.1 204) 5 headers in 199 bytes (1 switches on core 0)
2026-07-15 06:06:26.723 7 INFO placement.requestlog [None req-a1f6039e-6c7e-4fc5-86b9-c3a76e8ee3a1 - - - - - -] 10.0.0.222 "GET /" status: 200 len: 136 microversion: 1.0
2026-07-15 06:06:26.723 8 INFO placement.requestlog [None req-c664d5f0-4e4a-49ef-b193-46d60208156b - - - - - -] 10.0.0.222 "GET /" status: 200 len: 136 microversion: 1.0
2026-07-15 06:06:27.198 7 INFO placement.requestlog [req-cd4849c5-c551-44b5-ae8a-e6882140b9a4 req-367988ed-e9c1-47e9-98ca-300a89a69b92 33e2eb542a2140ffabc2066078b4f7e3 30cef241bb264851a2db5714959011d9 - - 9db3b741323c4d09b3787f5e358eb0bf 9db3b741323c4d09b3787f5e358eb0bf] 199.204.45.70 "GET /allocations/234366be-a4ed-43e7-af1e-97dd1ed27bb0" status: 200 len: 257 microversion: 1.28 [pid: 7|app: 0|req: 328/656] 199.204.45.70 () {34 vars in 861 bytes} [Wed Jul 15 06:06:27 2026] GET /allocations/234366be-a4ed-43e7-af1e-97dd1ed27bb0 => generated 257 bytes in 31 msecs (HTTP/1.1 200) 8 headers in 296 bytes (1 switches on core 0)
2026-07-15 06:06:28.249 8 INFO placement.requestlog [req-cd4849c5-c551-44b5-ae8a-e6882140b9a4 req-714d77f5-acee-438c-8679-1184c90a72e0 33e2eb542a2140ffabc2066078b4f7e3 30cef241bb264851a2db5714959011d9 - - 9db3b741323c4d09b3787f5e358eb0bf 9db3b741323c4d09b3787f5e358eb0bf] 199.204.45.70 "GET /resource_providers/b17b22e2-d780-4a89-8171-2807680a0291/allocations" status: 200 len: 352 microversion: 1.0 [pid: 8|app: 0|req: 329/657] 199.204.45.70 () {32 vars in 855 bytes} [Wed Jul 15 06:06:28 2026] GET /resource_providers/b17b22e2-d780-4a89-8171-2807680a0291/allocations => generated 352 bytes in 18 msecs (HTTP/1.1 200) 6 headers in 224 bytes (1 switches on core 0)
2026-07-15 06:06:28.268 7 INFO placement.requestlog [req-cd4849c5-c551-44b5-ae8a-e6882140b9a4 req-e2e105e0-79da-418f-b420-a43a554f04c9 33e2eb542a2140ffabc2066078b4f7e3 30cef241bb264851a2db5714959011d9 - - 9db3b741323c4d09b3787f5e358eb0bf 9db3b741323c4d09b3787f5e358eb0bf] 199.204.45.70 "GET /allocations/a0782f02-f423-48b1-ae23-e974a14c66df" status: 200 len: 257 microversion: 1.28 [pid: 7|app: 0|req: 329/658] 199.204.45.70 () {34 vars in 861 bytes} [Wed Jul 15 06:06:28 2026] GET /allocations/a0782f02-f423-48b1-ae23-e974a14c66df => generated 257 bytes in 14 msecs (HTTP/1.1 200) 8 headers in 296 bytes (1 switches on core 0)
2026-07-15 06:06:28.286 8 INFO placement.requestlog [req-cd4849c5-c551-44b5-ae8a-e6882140b9a4 req-32c58ac1-3aa2-4380-b917-7807cb26dd89 33e2eb542a2140ffabc2066078b4f7e3 30cef241bb264851a2db5714959011d9 - - 9db3b741323c4d09b3787f5e358eb0bf 9db3b741323c4d09b3787f5e358eb0bf] 199.204.45.70 "GET /allocations/234366be-a4ed-43e7-af1e-97dd1ed27bb0" status: 200 len: 257 microversion: 1.28 [pid: 8|app: 0|req: 330/659] 199.204.45.70 () {34 vars in 861 bytes} [Wed Jul 15 06:06:28 2026] GET /allocations/234366be-a4ed-43e7-af1e-97dd1ed27bb0 => generated 257 bytes in 10 msecs (HTTP/1.1 200) 8 headers in 296 bytes (1 switches on core 0)
2026-07-15 06:06:28.302 7 INFO placement.requestlog [req-cd4849c5-c551-44b5-ae8a-e6882140b9a4 req-5ae5c5f4-7999-4b36-9683-4a4c9b6d5e40 33e2eb542a2140ffabc2066078b4f7e3 30cef241bb264851a2db5714959011d9 - - 9db3b741323c4d09b3787f5e358eb0bf 9db3b741323c4d09b3787f5e358eb0bf] 199.204.45.70 "GET /allocations/1e325f05-2758-4e2c-b911-365c828aa673" status: 200 len: 257 microversion: 1.28 [pid: 7|app: 0|req: 330/660] 199.204.45.70 () {34 vars in 861 bytes} [Wed Jul 15 06:06:28 2026] GET /allocations/1e325f05-2758-4e2c-b911-365c828aa673 => generated 257 bytes in 13 msecs (HTTP/1.1 200) 8 headers in 296 bytes (1 switches on core 0)
2026-07-15 06:06:30.421 8 INFO placement.requestlog [req-c875c337-958b-46ce-afc1-1bbabd9c9139 req-302cbfe9-3e4f-4331-a752-0c240c90720d 33e2eb542a2140ffabc2066078b4f7e3 30cef241bb264851a2db5714959011d9 - - 9db3b741323c4d09b3787f5e358eb0bf 9db3b741323c4d09b3787f5e358eb0bf] 199.204.45.70 "GET /resource_providers/b17b22e2-d780-4a89-8171-2807680a0291/allocations" status: 200 len: 352 microversion: 1.0 [pid: 8|app: 0|req: 331/661] 199.204.45.70 () {32 vars in 855 bytes} [Wed Jul 15 06:06:30 2026] GET /resource_providers/b17b22e2-d780-4a89-8171-2807680a0291/allocations => generated 352 bytes in 17 msecs (HTTP/1.1 200) 6 headers in 224 bytes (1 switches on core 0)
2026-07-15 06:06:30.443 7 INFO placement.requestlog [req-c875c337-958b-46ce-afc1-1bbabd9c9139 req-a1653d8e-faed-47ea-b99a-403912a61435 33e2eb542a2140ffabc2066078b4f7e3 30cef241bb264851a2db5714959011d9 - - 9db3b741323c4d09b3787f5e358eb0bf 9db3b741323c4d09b3787f5e358eb0bf] 199.204.45.70 "GET /allocations/a0782f02-f423-48b1-ae23-e974a14c66df" status: 200 len: 257 microversion: 1.28 [pid: 7|app: 0|req: 331/662] 199.204.45.70 () {34 vars in 861 bytes} [Wed Jul 15 06:06:30 2026] GET /allocations/a0782f02-f423-48b1-ae23-e974a14c66df => generated 257 bytes in 15 msecs (HTTP/1.1 200) 8 headers in 296 bytes (1 switches on core 0)
2026-07-15 06:06:30.461 8 INFO placement.requestlog [req-c875c337-958b-46ce-afc1-1bbabd9c9139 req-b60c691f-fd6a-4993-8997-501d613b9609 33e2eb542a2140ffabc2066078b4f7e3 30cef241bb264851a2db5714959011d9 - - 9db3b741323c4d09b3787f5e358eb0bf 9db3b741323c4d09b3787f5e358eb0bf] 199.204.45.70 "GET /allocations/234366be-a4ed-43e7-af1e-97dd1ed27bb0" status: 200 len: 257 microversion: 1.28 [pid: 8|app: 0|req: 332/663] 199.204.45.70 () {34 vars in 861 bytes} [Wed Jul 15 06:06:30 2026] GET /allocations/234366be-a4ed-43e7-af1e-97dd1ed27bb0 => generated 257 bytes in 10 msecs (HTTP/1.1 200) 8 headers in 296 bytes (1 switches on core 0)
2026-07-15 06:06:30.480 7 INFO placement.requestlog [req-c875c337-958b-46ce-afc1-1bbabd9c9139 req-d797f31e-2a37-421a-a1a0-acb6a80543b7 33e2eb542a2140ffabc2066078b4f7e3 30cef241bb264851a2db5714959011d9 - - 9db3b741323c4d09b3787f5e358eb0bf 9db3b741323c4d09b3787f5e358eb0bf] 199.204.45.70 "GET /allocations/1e325f05-2758-4e2c-b911-365c828aa673" status: 200 len: 257 microversion: 1.28 [pid: 7|app: 0|req: 332/664] 199.204.45.70 () {34 vars in 861 bytes} [Wed Jul 15 06:06:30 2026] GET /allocations/1e325f05-2758-4e2c-b911-365c828aa673 => generated 257 bytes in 15 msecs (HTTP/1.1 200) 8 headers in 296 bytes (1 switches on core 0)
2026-07-15 06:06:31.525 8 INFO placement.requestlog [req-c875c337-958b-46ce-afc1-1bbabd9c9139 req-4a0813eb-f2b1-48ae-977a-9349260ae679 33e2eb542a2140ffabc2066078b4f7e3 30cef241bb264851a2db5714959011d9 - - 9db3b741323c4d09b3787f5e358eb0bf 9db3b741323c4d09b3787f5e358eb0bf] 199.204.45.70 "DELETE /allocations/1e325f05-2758-4e2c-b911-365c828aa673" status: 204 len: 0 microversion: 1.0 [pid: 8|app: 0|req: 333/665] 199.204.45.70 () {34 vars in 839 bytes} [Wed Jul 15 06:06:31 2026] DELETE /allocations/1e325f05-2758-4e2c-b911-365c828aa673 => generated 0 bytes in 22 msecs (HTTP/1.1 204) 5 headers in 198 bytes (1 switches on core 0)
