2026-07-15 06:06:35.202 7 INFO placement.requestlog [None req-e71fc9c8-63f8-43cc-b6a8-4ce0621e2abc bc17f44ad5a6476b9b6af18c2679e483 30cef241bb264851a2db5714959011d9 - - 9db3b741323c4d09b3787f5e358eb0bf 9db3b741323c4d09b3787f5e358eb0bf] 10.0.0.40 "GET /resource_providers/57b96026-3f35-41de-8424-46c9ee57c59d/aggregates" status: 404 len: 235 microversion: 1.1 [pid: 7|app: 0|req: 333/666] 10.0.0.40 () {32 vars in 823 bytes} [Wed Jul 15 06:06:35 2026] GET /resource_providers/57b96026-3f35-41de-8424-46c9ee57c59d/aggregates => generated 235 bytes in 9 msecs (HTTP/1.1 404) 5 headers in 202 bytes (1 switches on core 0)
2026-07-15 06:06:35.209 8 INFO placement.requestlog [None req-ea15cbab-8aec-46de-ad94-3d7c41ab18ba bc17f44ad5a6476b9b6af18c2679e483 30cef241bb264851a2db5714959011d9 - - 9db3b741323c4d09b3787f5e358eb0bf 9db3b741323c4d09b3787f5e358eb0bf] 10.0.0.40 "GET /resource_providers/57b96026-3f35-41de-8424-46c9ee57c59d/aggregates" status: 404 len: 235 microversion: 1.1 [pid: 8|app: 0|req: 334/667] 10.0.0.40 () {32 vars in 823 bytes} [Wed Jul 15 06:06:35 2026] GET /resource_providers/57b96026-3f35-41de-8424-46c9ee57c59d/aggregates => generated 235 bytes in 14 msecs (HTTP/1.1 404) 5 headers in 202 bytes (1 switches on core 0)
2026-07-15 06:06:35.222 7 INFO placement.requestlog [None req-0c71ee94-b4e1-4ff5-a4bc-93fd5ab8b93f bc17f44ad5a6476b9b6af18c2679e483 30cef241bb264851a2db5714959011d9 - - 9db3b741323c4d09b3787f5e358eb0bf 9db3b741323c4d09b3787f5e358eb0bf] 10.0.0.40 "DELETE /resource_providers/57b96026-3f35-41de-8424-46c9ee57c59d" status: 404 len: 246 microversion: 1.1 [pid: 7|app: 0|req: 334/668] 10.0.0.40 () {34 vars in 823 bytes} [Wed Jul 15 06:06:35 2026] DELETE /resource_providers/57b96026-3f35-41de-8424-46c9ee57c59d => generated 246 bytes in 13 msecs (HTTP/1.1 404) 6 headers in 231 bytes (1 switches on core 0)
2026-07-15 06:06:35.225 8 INFO placement.requestlog [None req-e55cc659-135c-47b6-8e95-e8142034985a bc17f44ad5a6476b9b6af18c2679e483 30cef241bb264851a2db5714959011d9 - - 9db3b741323c4d09b3787f5e358eb0bf 9db3b741323c4d09b3787f5e358eb0bf] 10.0.0.40 "DELETE /resource_providers/57b96026-3f35-41de-8424-46c9ee57c59d" status: 404 len: 246 microversion: 1.1 [pid: 8|app: 0|req: 335/669] 10.0.0.40 () {34 vars in 823 bytes} [Wed Jul 15 06:06:35 2026] DELETE /resource_providers/57b96026-3f35-41de-8424-46c9ee57c59d => generated 246 bytes in 10 msecs (HTTP/1.1 404) 6 headers in 231 bytes (1 switches on core 0)
2026-07-15 06:06:36.722 7 INFO placement.requestlog [None req-61eb12b0-e6cf-4925-bfec-a7fd0662ba8b - - - - - -] 10.0.0.222 "GET /" status: 200 len: 136 microversion: 1.0
2026-07-15 06:06:36.722 8 INFO placement.requestlog [None req-2bd543dd-8202-4e53-be6a-5a4a40f1dc55 - - - - - -] 10.0.0.222 "GET /" status: 200 len: 136 microversion: 1.0
2026-07-15 06:06:42.115 8 INFO placement.requestlog [req-739ef5d1-b83d-4088-babb-6b1891255990 req-aab360aa-e296-411b-8511-278bd215b61b 33e2eb542a2140ffabc2066078b4f7e3 30cef241bb264851a2db5714959011d9 - - 9db3b741323c4d09b3787f5e358eb0bf 9db3b741323c4d09b3787f5e358eb0bf] 199.204.45.70 "GET /resource_providers/b17b22e2-d780-4a89-8171-2807680a0291/allocations" status: 200 len: 252 microversion: 1.0 [pid: 8|app: 0|req: 337/672] 199.204.45.70 () {32 vars in 855 bytes} [Wed Jul 15 06:06:42 2026] GET /resource_providers/b17b22e2-d780-4a89-8171-2807680a0291/allocations => generated 252 bytes in 14 msecs (HTTP/1.1 200) 6 headers in 224 bytes (1 switches on core 0)
2026-07-15 06:06:42.134 7 INFO placement.requestlog [req-739ef5d1-b83d-4088-babb-6b1891255990 req-8d65b39f-3218-4d52-addd-717fd05f00ae 33e2eb542a2140ffabc2066078b4f7e3 30cef241bb264851a2db5714959011d9 - - 9db3b741323c4d09b3787f5e358eb0bf 9db3b741323c4d09b3787f5e358eb0bf] 199.204.45.70 "GET /allocations/a0782f02-f423-48b1-ae23-e974a14c66df" status: 200 len: 257 microversion: 1.28 [pid: 7|app: 0|req: 336/673] 199.204.45.70 () {34 vars in 861 bytes} [Wed Jul 15 06:06:42 2026] GET /allocations/a0782f02-f423-48b1-ae23-e974a14c66df => generated 257 bytes in 14 msecs (HTTP/1.1 200) 8 headers in 296 bytes (1 switches on core 0)
2026-07-15 06:06:42.154 8 INFO placement.requestlog [req-739ef5d1-b83d-4088-babb-6b1891255990 req-ab0132b6-aa66-4d2c-9b44-2bc824c6053f 33e2eb542a2140ffabc2066078b4f7e3 30cef241bb264851a2db5714959011d9 - - 9db3b741323c4d09b3787f5e358eb0bf 9db3b741323c4d09b3787f5e358eb0bf] 199.204.45.70 "GET /allocations/234366be-a4ed-43e7-af1e-97dd1ed27bb0" status: 200 len: 257 microversion: 1.28 [pid: 8|app: 0|req: 338/674] 199.204.45.70 () {34 vars in 861 bytes} [Wed Jul 15 06:06:42 2026] GET /allocations/234366be-a4ed-43e7-af1e-97dd1ed27bb0 => generated 257 bytes in 16 msecs (HTTP/1.1 200) 8 headers in 296 bytes (1 switches on core 0)
2026-07-15 06:06:43.206 7 INFO placement.requestlog [req-739ef5d1-b83d-4088-babb-6b1891255990 req-d29bee63-ece6-4be9-8f71-6326d39a40ca 33e2eb542a2140ffabc2066078b4f7e3 30cef241bb264851a2db5714959011d9 - - 9db3b741323c4d09b3787f5e358eb0bf 9db3b741323c4d09b3787f5e358eb0bf] 199.204.45.70 "DELETE /allocations/234366be-a4ed-43e7-af1e-97dd1ed27bb0" status: 204 len: 0 microversion: 1.0 [pid: 7|app: 0|req: 337/675] 199.204.45.70 () {34 vars in 839 bytes} [Wed Jul 15 06:06:43 2026] DELETE /allocations/234366be-a4ed-43e7-af1e-97dd1ed27bb0 => generated 0 bytes in 26 msecs (HTTP/1.1 204) 5 headers in 198 bytes (1 switches on core 0)
2026-07-15 06:06:43.701 8 INFO placement.requestlog [req-5694afed-ed4c-447a-9a52-1003da59ade7 req-d0947a7a-118d-4937-86f5-b58b73889880 33e2eb542a2140ffabc2066078b4f7e3 30cef241bb264851a2db5714959011d9 - - 9db3b741323c4d09b3787f5e358eb0bf 9db3b741323c4d09b3787f5e358eb0bf] 10.0.0.147 "GET /allocation_candidates?limit=1000&resources=DISK_GB%3A1%2CMEMORY_MB%3A512%2CVCPU%3A1&root_required=%21COMPUTE_STATUS_DISABLED" status: 200 len: 2386 microversion: 1.36 [pid: 8|app: 0|req: 339/676] 10.0.0.147 () {34 vars in 1011 bytes} [Wed Jul 15 06:06:43 2026] GET /allocation_candidates?limit=1000&resources=DISK_GB%3A1%2CMEMORY_MB%3A512%2CVCPU%3A1&root_required=%21COMPUTE_STATUS_DISABLED => generated 2386 bytes in 56 msecs (HTTP/1.1 200) 8 headers in 297 bytes (1 switches on core 0)
2026-07-15 06:06:43.731 7 INFO placement.requestlog [req-5694afed-ed4c-447a-9a52-1003da59ade7 req-79ece7d9-1aca-4bdd-9246-43200f029cdc 33e2eb542a2140ffabc2066078b4f7e3 30cef241bb264851a2db5714959011d9 - - 9db3b741323c4d09b3787f5e358eb0bf 9db3b741323c4d09b3787f5e358eb0bf] 10.0.0.147 "GET /allocations/f73c840b-b9b4-4b57-9861-460f9dd033ad" status: 200 len: 19 microversion: 1.28 [pid: 7|app: 0|req: 338/677] 10.0.0.147 () {34 vars in 860 bytes} [Wed Jul 15 06:06:43 2026] GET /allocations/f73c840b-b9b4-4b57-9861-460f9dd033ad => generated 19 bytes in 12 msecs (HTTP/1.1 200) 8 headers in 295 bytes (1 switches on core 0)
2026-07-15 06:06:43.802 8 INFO placement.requestlog [req-5694afed-ed4c-447a-9a52-1003da59ade7 req-4232eb27-a3ee-4391-9957-ef5ad8ce8486 33e2eb542a2140ffabc2066078b4f7e3 30cef241bb264851a2db5714959011d9 - - 9db3b741323c4d09b3787f5e358eb0bf 9db3b741323c4d09b3787f5e358eb0bf] 10.0.0.147 "PUT /allocations/f73c840b-b9b4-4b57-9861-460f9dd033ad" status: 204 len: 0 microversion: 1.36 [pid: 8|app: 0|req: 340/678] 10.0.0.147 () {38 vars in 913 bytes} [Wed Jul 15 06:06:43 2026] PUT /allocations/f73c840b-b9b4-4b57-9861-460f9dd033ad => generated 0 bytes in 64 msecs (HTTP/1.1 204) 5 headers in 199 bytes (1 switches on core 0)
2026-07-15 06:06:45.307 7 INFO placement.requestlog [req-5694afed-ed4c-447a-9a52-1003da59ade7 req-f35f1ae2-b6f5-40a7-bfe3-ee3cce82d883 33e2eb542a2140ffabc2066078b4f7e3 30cef241bb264851a2db5714959011d9 - - 9db3b741323c4d09b3787f5e358eb0bf 9db3b741323c4d09b3787f5e358eb0bf] 199.204.45.70 "GET /allocations/f73c840b-b9b4-4b57-9861-460f9dd033ad" status: 200 len: 257 microversion: 1.28 [pid: 7|app: 0|req: 339/679] 199.204.45.70 () {34 vars in 861 bytes} [Wed Jul 15 06:06:45 2026] GET /allocations/f73c840b-b9b4-4b57-9861-460f9dd033ad => generated 257 bytes in 12 msecs (HTTP/1.1 200) 8 headers in 296 bytes (1 switches on core 0)
2026-07-15 06:06:46.351 8 INFO placement.requestlog [req-5694afed-ed4c-447a-9a52-1003da59ade7 req-e4e78c4e-871f-4dbe-a75d-029a52c75f0d 33e2eb542a2140ffabc2066078b4f7e3 30cef241bb264851a2db5714959011d9 - - 9db3b741323c4d09b3787f5e358eb0bf 9db3b741323c4d09b3787f5e358eb0bf] 199.204.45.70 "GET /resource_providers/b17b22e2-d780-4a89-8171-2807680a0291/allocations" status: 200 len: 252 microversion: 1.0 [pid: 8|app: 0|req: 341/680] 199.204.45.70 () {32 vars in 855 bytes} [Wed Jul 15 06:06:46 2026] GET /resource_providers/b17b22e2-d780-4a89-8171-2807680a0291/allocations => generated 252 bytes in 17 msecs (HTTP/1.1 200) 6 headers in 224 bytes (1 switches on core 0)
2026-07-15 06:06:46.374 7 INFO placement.requestlog [req-5694afed-ed4c-447a-9a52-1003da59ade7 req-0b038c26-79cc-4e47-9633-48dc5393389b 33e2eb542a2140ffabc2066078b4f7e3 30cef241bb264851a2db5714959011d9 - - 9db3b741323c4d09b3787f5e358eb0bf 9db3b741323c4d09b3787f5e358eb0bf] 199.204.45.70 "GET /allocations/f73c840b-b9b4-4b57-9861-460f9dd033ad" status: 200 len: 257 microversion: 1.28 [pid: 7|app: 0|req: 340/681] 199.204.45.70 () {34 vars in 861 bytes} [Wed Jul 15 06:06:46 2026] GET /allocations/f73c840b-b9b4-4b57-9861-460f9dd033ad => generated 257 bytes in 14 msecs (HTTP/1.1 200) 8 headers in 296 bytes (1 switches on core 0)
2026-07-15 06:06:46.399 8 INFO placement.requestlog [req-5694afed-ed4c-447a-9a52-1003da59ade7 req-e59f44d9-5c03-4c3b-8cf5-ca8c6735249b 33e2eb542a2140ffabc2066078b4f7e3 30cef241bb264851a2db5714959011d9 - - 9db3b741323c4d09b3787f5e358eb0bf 9db3b741323c4d09b3787f5e358eb0bf] 199.204.45.70 "GET /allocations/a0782f02-f423-48b1-ae23-e974a14c66df" status: 200 len: 257 microversion: 1.28 [pid: 8|app: 0|req: 342/682] 199.204.45.70 () {34 vars in 861 bytes} [Wed Jul 15 06:06:46 2026] GET /allocations/a0782f02-f423-48b1-ae23-e974a14c66df => generated 257 bytes in 20 msecs (HTTP/1.1 200) 8 headers in 296 bytes (1 switches on core 0)
2026-07-15 06:06:46.722 7 INFO placement.requestlog [None req-463b9a41-b808-4f3f-8f53-91acb941b7e8 - - - - - -] 10.0.0.222 "GET /" status: 200 len: 136 microversion: 1.0
2026-07-15 06:06:46.724 8 INFO placement.requestlog [None req-9f5bfd7a-ecb7-43a9-927d-fee61a739ecb - - - - - -] 10.0.0.222 "GET /" status: 200 len: 136 microversion: 1.0
2026-07-15 06:06:47.418 7 INFO placement.requestlog [None req-a8892b34-77c1-49ba-9813-5653a1fcedb7 bc17f44ad5a6476b9b6af18c2679e483 30cef241bb264851a2db5714959011d9 - - 9db3b741323c4d09b3787f5e358eb0bf 9db3b741323c4d09b3787f5e358eb0bf] 10.0.0.40 "GET /resource_providers/67fe9cc0-0d3d-4f16-b2d4-1ece2cf7a2d5/aggregates" status: 404 len: 235 microversion: 1.1 [pid: 7|app: 0|req: 342/685] 10.0.0.40 () {32 vars in 823 bytes} [Wed Jul 15 06:06:47 2026] GET /resource_providers/67fe9cc0-0d3d-4f16-b2d4-1ece2cf7a2d5/aggregates => generated 235 bytes in 9 msecs (HTTP/1.1 404) 5 headers in 202 bytes (1 switches on core 0)
2026-07-15 06:06:47.424 8 INFO placement.requestlog [None req-a131ef93-9e5e-4ec4-87ad-13513afc643b bc17f44ad5a6476b9b6af18c2679e483 30cef241bb264851a2db5714959011d9 - - 9db3b741323c4d09b3787f5e358eb0bf 9db3b741323c4d09b3787f5e358eb0bf] 10.0.0.40 "GET /resource_providers/67fe9cc0-0d3d-4f16-b2d4-1ece2cf7a2d5/aggregates" status: 404 len: 235 microversion: 1.1 [pid: 8|app: 0|req: 344/686] 10.0.0.40 () {32 vars in 823 bytes} [Wed Jul 15 06:06:47 2026] GET /resource_providers/67fe9cc0-0d3d-4f16-b2d4-1ece2cf7a2d5/aggregates => generated 235 bytes in 14 msecs (HTTP/1.1 404) 5 headers in 202 bytes (1 switches on core 0)
2026-07-15 06:06:47.441 7 INFO placement.requestlog [None req-8ec454cd-6609-4a63-ace2-bb657c2e14af bc17f44ad5a6476b9b6af18c2679e483 30cef241bb264851a2db5714959011d9 - - 9db3b741323c4d09b3787f5e358eb0bf 9db3b741323c4d09b3787f5e358eb0bf] 10.0.0.40 "DELETE /resource_providers/67fe9cc0-0d3d-4f16-b2d4-1ece2cf7a2d5" status: 404 len: 246 microversion: 1.1 [pid: 7|app: 0|req: 343/687] 10.0.0.40 () {34 vars in 823 bytes} [Wed Jul 15 06:06:47 2026] DELETE /resource_providers/67fe9cc0-0d3d-4f16-b2d4-1ece2cf7a2d5 => generated 246 bytes in 19 msecs (HTTP/1.1 404) 6 headers in 231 bytes (1 switches on core 0)
2026-07-15 06:06:47.443 8 INFO placement.requestlog [None req-fb578ba6-6fcd-44c6-ae28-7813b3aad06f bc17f44ad5a6476b9b6af18c2679e483 30cef241bb264851a2db5714959011d9 - - 9db3b741323c4d09b3787f5e358eb0bf 9db3b741323c4d09b3787f5e358eb0bf] 10.0.0.40 "DELETE /resource_providers/67fe9cc0-0d3d-4f16-b2d4-1ece2cf7a2d5" status: 404 len: 246 microversion: 1.1 [pid: 8|app: 0|req: 345/688] 10.0.0.40 () {34 vars in 823 bytes} [Wed Jul 15 06:06:47 2026] DELETE /resource_providers/67fe9cc0-0d3d-4f16-b2d4-1ece2cf7a2d5 => generated 246 bytes in 14 msecs (HTTP/1.1 404) 6 headers in 231 bytes (1 switches on core 0)
2026-07-15 06:06:50.864 7 INFO placement.requestlog [req-eb87bea4-0df4-4c2d-b3b5-7d8c5305ab74 req-11664f69-692c-4803-a961-7b30f990bec1 33e2eb542a2140ffabc2066078b4f7e3 30cef241bb264851a2db5714959011d9 - - 9db3b741323c4d09b3787f5e358eb0bf 9db3b741323c4d09b3787f5e358eb0bf] 199.204.45.70 "GET /resource_providers/b17b22e2-d780-4a89-8171-2807680a0291/allocations" status: 200 len: 252 microversion: 1.0 [pid: 7|app: 0|req: 344/689] 199.204.45.70 () {32 vars in 855 bytes} [Wed Jul 15 06:06:50 2026] GET /resource_providers/b17b22e2-d780-4a89-8171-2807680a0291/allocations => generated 252 bytes in 31 msecs (HTTP/1.1 200) 6 headers in 224 bytes (1 switches on core 0)
2026-07-15 06:06:50.886 8 INFO placement.requestlog [req-eb87bea4-0df4-4c2d-b3b5-7d8c5305ab74 req-96370b34-a6ca-48c3-b8fe-1b3cb1b94605 33e2eb542a2140ffabc2066078b4f7e3 30cef241bb264851a2db5714959011d9 - - 9db3b741323c4d09b3787f5e358eb0bf 9db3b741323c4d09b3787f5e358eb0bf] 199.204.45.70 "GET /resource_providers/b17b22e2-d780-4a89-8171-2807680a0291/allocations" status: 200 len: 252 microversion: 1.0 [pid: 8|app: 0|req: 346/690] 199.204.45.70 () {32 vars in 855 bytes} [Wed Jul 15 06:06:50 2026] GET /resource_providers/b17b22e2-d780-4a89-8171-2807680a0291/allocations => generated 252 bytes in 13 msecs (HTTP/1.1 200) 6 headers in 224 bytes (1 switches on core 0)
2026-07-15 06:06:50.914 7 INFO placement.requestlog [req-eb87bea4-0df4-4c2d-b3b5-7d8c5305ab74 req-c5f41ac5-9bb5-4f55-99e8-72c331221054 33e2eb542a2140ffabc2066078b4f7e3 30cef241bb264851a2db5714959011d9 - - 9db3b741323c4d09b3787f5e358eb0bf 9db3b741323c4d09b3787f5e358eb0bf] 199.204.45.70 "GET /allocations/f73c840b-b9b4-4b57-9861-460f9dd033ad" status: 200 len: 257 microversion: 1.28 [pid: 7|app: 0|req: 345/691] 199.204.45.70 () {34 vars in 861 bytes} [Wed Jul 15 06:06:50 2026] GET /allocations/f73c840b-b9b4-4b57-9861-460f9dd033ad => generated 257 bytes in 21 msecs (HTTP/1.1 200) 8 headers in 296 bytes (1 switches on core 0)
2026-07-15 06:06:50.937 8 INFO placement.requestlog [req-eb87bea4-0df4-4c2d-b3b5-7d8c5305ab74 req-94917a21-9015-4662-acf1-e5cd2872cdc4 33e2eb542a2140ffabc2066078b4f7e3 30cef241bb264851a2db5714959011d9 - - 9db3b741323c4d09b3787f5e358eb0bf 9db3b741323c4d09b3787f5e358eb0bf] 199.204.45.70 "GET /allocations/a0782f02-f423-48b1-ae23-e974a14c66df" status: 200 len: 257 microversion: 1.28 [pid: 8|app: 0|req: 347/692] 199.204.45.70 () {34 vars in 861 bytes} [Wed Jul 15 06:06:50 2026] GET /allocations/a0782f02-f423-48b1-ae23-e974a14c66df => generated 257 bytes in 16 msecs (HTTP/1.1 200) 8 headers in 296 bytes (1 switches on core 0)
2026-07-15 06:06:53.502 8 INFO placement.requestlog [None req-6328730e-1608-4a2c-abb9-71dfe44b516c bc17f44ad5a6476b9b6af18c2679e483 30cef241bb264851a2db5714959011d9 - - 9db3b741323c4d09b3787f5e358eb0bf 9db3b741323c4d09b3787f5e358eb0bf] 10.0.0.40 "GET /resource_providers/20aa9ef8-fe05-4c6c-8cfe-25b54041cc23/aggregates" status: 404 len: 235 microversion: 1.1 [pid: 8|app: 0|req: 348/693] 10.0.0.40 () {32 vars in 823 bytes} [Wed Jul 15 06:06:53 2026] GET /resource_providers/20aa9ef8-fe05-4c6c-8cfe-25b54041cc23/aggregates => generated 235 bytes in 10 msecs (HTTP/1.1 404) 5 headers in 202 bytes (1 switches on core 0)
2026-07-15 06:06:53.504 7 INFO placement.requestlog [None req-eded9e2a-e867-474c-b411-a7b081b80c0e bc17f44ad5a6476b9b6af18c2679e483 30cef241bb264851a2db5714959011d9 - - 9db3b741323c4d09b3787f5e358eb0bf 9db3b741323c4d09b3787f5e358eb0bf] 10.0.0.40 "GET /resource_providers/20aa9ef8-fe05-4c6c-8cfe-25b54041cc23/aggregates" status: 404 len: 235 microversion: 1.1 [pid: 7|app: 0|req: 346/694] 10.0.0.40 () {32 vars in 823 bytes} [Wed Jul 15 06:06:53 2026] GET /resource_providers/20aa9ef8-fe05-4c6c-8cfe-25b54041cc23/aggregates => generated 235 bytes in 12 msecs (HTTP/1.1 404) 5 headers in 202 bytes (1 switches on core 0)
2026-07-15 06:06:53.524 7 INFO placement.requestlog [None req-f5532cc3-d0b5-4df0-a7ff-d730191c1fc1 bc17f44ad5a6476b9b6af18c2679e483 30cef241bb264851a2db5714959011d9 - - 9db3b741323c4d09b3787f5e358eb0bf 9db3b741323c4d09b3787f5e358eb0bf] 10.0.0.40 "DELETE /resource_providers/20aa9ef8-fe05-4c6c-8cfe-25b54041cc23" status: 404 len: 246 microversion: 1.1 [pid: 7|app: 0|req: 347/695] 10.0.0.40 () {34 vars in 823 bytes} [Wed Jul 15 06:06:53 2026] DELETE /resource_providers/20aa9ef8-fe05-4c6c-8cfe-25b54041cc23 => generated 246 bytes in 13 msecs (HTTP/1.1 404) 6 headers in 231 bytes (1 switches on core 0)
2026-07-15 06:06:53.527 8 INFO placement.requestlog [None req-d731fd11-dabe-4355-906b-ea39a5ddda8f bc17f44ad5a6476b9b6af18c2679e483 30cef241bb264851a2db5714959011d9 - - 9db3b741323c4d09b3787f5e358eb0bf 9db3b741323c4d09b3787f5e358eb0bf] 10.0.0.40 "DELETE /resource_providers/20aa9ef8-fe05-4c6c-8cfe-25b54041cc23" status: 404 len: 246 microversion: 1.1 [pid: 8|app: 0|req: 349/696] 10.0.0.40 () {34 vars in 823 bytes} [Wed Jul 15 06:06:53 2026] DELETE /resource_providers/20aa9ef8-fe05-4c6c-8cfe-25b54041cc23 => generated 246 bytes in 15 msecs (HTTP/1.1 404) 6 headers in 231 bytes (1 switches on core 0)
2026-07-15 06:06:56.723 7 INFO placement.requestlog [None req-17664116-dfc2-4ac2-b15d-72631fae1840 - - - - - -] 10.0.0.222 "GET /" status: 200 len: 136 microversion: 1.0
2026-07-15 06:06:56.734 8 INFO placement.requestlog [None req-94148a27-e899-4c1c-bf86-f130cf0d8299 - - - - - -] 10.0.0.222 "GET /" status: 200 len: 136 microversion: 1.0
2026-07-15 06:07:00.002 7 INFO placement.requestlog [None req-efbe8105-1436-4244-be4b-1bc2298dfd1e bc17f44ad5a6476b9b6af18c2679e483 30cef241bb264851a2db5714959011d9 - - 9db3b741323c4d09b3787f5e358eb0bf 9db3b741323c4d09b3787f5e358eb0bf] 10.0.0.40 "GET /resource_providers/8e6637b9-e6ab-4b27-b8da-0390b99d8251/aggregates" status: 404 len: 235 microversion: 1.1 [pid: 7|app: 0|req: 349/699] 10.0.0.40 () {32 vars in 823 bytes} [Wed Jul 15 06:06:59 2026] GET /resource_providers/8e6637b9-e6ab-4b27-b8da-0390b99d8251/aggregates => generated 235 bytes in 9 msecs (HTTP/1.1 404) 5 headers in 202 bytes (1 switches on core 0)
2026-07-15 06:07:00.005 8 INFO placement.requestlog [None req-311acea2-0f4c-48e7-b215-8f5e33855491 bc17f44ad5a6476b9b6af18c2679e483 30cef241bb264851a2db5714959011d9 - - 9db3b741323c4d09b3787f5e358eb0bf 9db3b741323c4d09b3787f5e358eb0bf] 10.0.0.40 "GET /resource_providers/8e6637b9-e6ab-4b27-b8da-0390b99d8251/aggregates" status: 404 len: 235 microversion: 1.1 [pid: 8|app: 0|req: 351/700] 10.0.0.40 () {32 vars in 823 bytes} [Wed Jul 15 06:06:59 2026] GET /resource_providers/8e6637b9-e6ab-4b27-b8da-0390b99d8251/aggregates => generated 235 bytes in 10 msecs (HTTP/1.1 404) 5 headers in 202 bytes (1 switches on core 0)
2026-07-15 06:07:00.023 7 INFO placement.requestlog [None req-3b5f9413-2820-4ed5-9702-feba0702d0fa bc17f44ad5a6476b9b6af18c2679e483 30cef241bb264851a2db5714959011d9 - - 9db3b741323c4d09b3787f5e358eb0bf 9db3b741323c4d09b3787f5e358eb0bf] 10.0.0.40 "DELETE /resource_providers/8e6637b9-e6ab-4b27-b8da-0390b99d8251" status: 404 len: 246 microversion: 1.1 [pid: 7|app: 0|req: 350/701] 10.0.0.40 () {34 vars in 823 bytes} [Wed Jul 15 06:07:00 2026] DELETE /resource_providers/8e6637b9-e6ab-4b27-b8da-0390b99d8251 => generated 246 bytes in 9 msecs (HTTP/1.1 404) 6 headers in 231 bytes (1 switches on core 0)
2026-07-15 06:07:00.026 8 INFO placement.requestlog [None req-883ac353-a833-44bb-99d2-116eb2df5e4e bc17f44ad5a6476b9b6af18c2679e483 30cef241bb264851a2db5714959011d9 - - 9db3b741323c4d09b3787f5e358eb0bf 9db3b741323c4d09b3787f5e358eb0bf] 10.0.0.40 "DELETE /resource_providers/8e6637b9-e6ab-4b27-b8da-0390b99d8251" status: 404 len: 246 microversion: 1.1 [pid: 8|app: 0|req: 352/702] 10.0.0.40 () {34 vars in 823 bytes} [Wed Jul 15 06:07:00 2026] DELETE /resource_providers/8e6637b9-e6ab-4b27-b8da-0390b99d8251 => generated 246 bytes in 12 msecs (HTTP/1.1 404) 6 headers in 231 bytes (1 switches on core 0)
2026-07-15 06:07:00.885 7 INFO placement.requestlog [None req-e42fc4ee-acea-42cd-bde5-9d1020fc759a bc17f44ad5a6476b9b6af18c2679e483 30cef241bb264851a2db5714959011d9 - - 9db3b741323c4d09b3787f5e358eb0bf 9db3b741323c4d09b3787f5e358eb0bf] 10.0.0.40 "GET /resource_providers/5d255d6f-ffa1-4f43-b56f-239da6d08bde/aggregates" status: 404 len: 235 microversion: 1.1 [pid: 7|app: 0|req: 351/703] 10.0.0.40 () {32 vars in 823 bytes} [Wed Jul 15 06:07:00 2026] GET /resource_providers/5d255d6f-ffa1-4f43-b56f-239da6d08bde/aggregates => generated 235 bytes in 12 msecs (HTTP/1.1 404) 5 headers in 202 bytes (1 switches on core 0)
2026-07-15 06:07:00.887 8 INFO placement.requestlog [None req-770b0323-7267-4551-afd6-4c13edc695b7 bc17f44ad5a6476b9b6af18c2679e483 30cef241bb264851a2db5714959011d9 - - 9db3b741323c4d09b3787f5e358eb0bf 9db3b741323c4d09b3787f5e358eb0bf] 10.0.0.40 "GET /resource_providers/5d255d6f-ffa1-4f43-b56f-239da6d08bde/aggregates" status: 404 len: 235 microversion: 1.1 [pid: 8|app: 0|req: 353/704] 10.0.0.40 () {32 vars in 823 bytes} [Wed Jul 15 06:07:00 2026] GET /resource_providers/5d255d6f-ffa1-4f43-b56f-239da6d08bde/aggregates => generated 235 bytes in 13 msecs (HTTP/1.1 404) 5 headers in 202 bytes (1 switches on core 0)
2026-07-15 06:07:00.903 7 INFO placement.requestlog [None req-1feae5f3-75d2-484c-92ee-1b2ba86c8081 bc17f44ad5a6476b9b6af18c2679e483 30cef241bb264851a2db5714959011d9 - - 9db3b741323c4d09b3787f5e358eb0bf 9db3b741323c4d09b3787f5e358eb0bf] 10.0.0.40 "DELETE /resource_providers/5d255d6f-ffa1-4f43-b56f-239da6d08bde" status: 404 len: 246 microversion: 1.1 [pid: 7|app: 0|req: 352/705] 10.0.0.40 () {34 vars in 823 bytes} [Wed Jul 15 06:07:00 2026] DELETE /resource_providers/5d255d6f-ffa1-4f43-b56f-239da6d08bde => generated 246 bytes in 13 msecs (HTTP/1.1 404) 6 headers in 231 bytes (1 switches on core 0)
2026-07-15 06:07:00.906 8 INFO placement.requestlog [None req-bcfb85c8-a00e-4f95-89fb-03964ad58052 bc17f44ad5a6476b9b6af18c2679e483 30cef241bb264851a2db5714959011d9 - - 9db3b741323c4d09b3787f5e358eb0bf 9db3b741323c4d09b3787f5e358eb0bf] 10.0.0.40 "DELETE /resource_providers/5d255d6f-ffa1-4f43-b56f-239da6d08bde" status: 404 len: 246 microversion: 1.1 [pid: 8|app: 0|req: 354/706] 10.0.0.40 () {34 vars in 823 bytes} [Wed Jul 15 06:07:00 2026] DELETE /resource_providers/5d255d6f-ffa1-4f43-b56f-239da6d08bde => generated 246 bytes in 11 msecs (HTTP/1.1 404) 6 headers in 231 bytes (1 switches on core 0)
2026-07-15 06:07:02.448 7 INFO placement.requestlog [req-8b002aa8-6d67-4146-aa10-230bce892f9e req-3a033c59-4e60-445f-85a9-dfec392cae31 33e2eb542a2140ffabc2066078b4f7e3 30cef241bb264851a2db5714959011d9 - - 9db3b741323c4d09b3787f5e358eb0bf 9db3b741323c4d09b3787f5e358eb0bf] 199.204.45.70 "GET /resource_providers/b17b22e2-d780-4a89-8171-2807680a0291/allocations" status: 200 len: 252 microversion: 1.0 [pid: 7|app: 0|req: 353/707] 199.204.45.70 () {32 vars in 855 bytes} [Wed Jul 15 06:07:02 2026] GET /resource_providers/b17b22e2-d780-4a89-8171-2807680a0291/allocations => generated 252 bytes in 15 msecs (HTTP/1.1 200) 6 headers in 224 bytes (1 switches on core 0)
2026-07-15 06:07:02.466 8 INFO placement.requestlog [req-8b002aa8-6d67-4146-aa10-230bce892f9e req-ab31236a-38a4-43d8-ac17-07cf40e5844a 33e2eb542a2140ffabc2066078b4f7e3 30cef241bb264851a2db5714959011d9 - - 9db3b741323c4d09b3787f5e358eb0bf 9db3b741323c4d09b3787f5e358eb0bf] 199.204.45.70 "GET /allocations/f73c840b-b9b4-4b57-9861-460f9dd033ad" status: 200 len: 257 microversion: 1.28 [pid: 8|app: 0|req: 355/708] 199.204.45.70 () {34 vars in 861 bytes} [Wed Jul 15 06:07:02 2026] GET /allocations/f73c840b-b9b4-4b57-9861-460f9dd033ad => generated 257 bytes in 14 msecs (HTTP/1.1 200) 8 headers in 296 bytes (1 switches on core 0)
2026-07-15 06:07:02.486 7 INFO placement.requestlog [req-8b002aa8-6d67-4146-aa10-230bce892f9e req-161a48b0-c2ec-4e96-881c-082637e8cc0d 33e2eb542a2140ffabc2066078b4f7e3 30cef241bb264851a2db5714959011d9 - - 9db3b741323c4d09b3787f5e358eb0bf 9db3b741323c4d09b3787f5e358eb0bf] 199.204.45.70 "GET /allocations/a0782f02-f423-48b1-ae23-e974a14c66df" status: 200 len: 257 microversion: 1.28 [pid: 7|app: 0|req: 354/709] 199.204.45.70 () {34 vars in 861 bytes} [Wed Jul 15 06:07:02 2026] GET /allocations/a0782f02-f423-48b1-ae23-e974a14c66df => generated 257 bytes in 12 msecs (HTTP/1.1 200) 8 headers in 296 bytes (1 switches on core 0)
2026-07-15 06:07:03.541 8 INFO placement.requestlog [req-8b002aa8-6d67-4146-aa10-230bce892f9e req-d2ee9d00-9099-4bdd-8e3c-2f24024819d6 33e2eb542a2140ffabc2066078b4f7e3 30cef241bb264851a2db5714959011d9 - - 9db3b741323c4d09b3787f5e358eb0bf 9db3b741323c4d09b3787f5e358eb0bf] 199.204.45.70 "DELETE /allocations/f73c840b-b9b4-4b57-9861-460f9dd033ad" status: 204 len: 0 microversion: 1.0 [pid: 8|app: 0|req: 356/710] 199.204.45.70 () {34 vars in 839 bytes} [Wed Jul 15 06:07:03 2026] DELETE /allocations/f73c840b-b9b4-4b57-9861-460f9dd033ad => generated 0 bytes in 24 msecs (HTTP/1.1 204) 5 headers in 198 bytes (1 switches on core 0)
2026-07-15 06:07:06.723 7 INFO placement.requestlog [None req-96580706-db76-4042-9a00-ced68b277f31 - - - - - -] 10.0.0.222 "GET /" status: 200 len: 136 microversion: 1.0
2026-07-15 06:07:06.727 8 INFO placement.requestlog [None req-810844e8-a01e-4bbf-abcd-1416276a6851 - - - - - -] 10.0.0.222 "GET /" status: 200 len: 136 microversion: 1.0
2026-07-15 06:07:07.236 7 INFO placement.requestlog [None req-1b694141-482e-41ce-9a89-1c5ccfb9a661 bc17f44ad5a6476b9b6af18c2679e483 30cef241bb264851a2db5714959011d9 - - 9db3b741323c4d09b3787f5e358eb0bf 9db3b741323c4d09b3787f5e358eb0bf] 10.0.0.40 "GET /resource_providers/cc4058d1-86a2-4077-a051-27c934efa0ce/aggregates" status: 404 len: 235 microversion: 1.1
2026-07-15 06:07:07.237 8 INFO placement.requestlog [None req-aa6131a3-36c3-4f67-b077-b75ea02ae4a1 bc17f44ad5a6476b9b6af18c2679e483 30cef241bb264851a2db5714959011d9 - - 9db3b741323c4d09b3787f5e358eb0bf 9db3b741323c4d09b3787f5e358eb0bf] 10.0.0.40 "GET /resource_providers/cc4058d1-86a2-4077-a051-27c934efa0ce/aggregates" status: 404 len: 235 microversion: 1.1 [pid: 7|app: 0|req: 356/713] 10.0.0.40 () {32 vars in 823 bytes} [Wed Jul 15 06:07:07 2026] GET /resource_providers/cc4058d1-86a2-4077-a051-27c934efa0ce/aggregates => generated 235 bytes in 11 msecs (HTTP/1.1 404) 5 headers in 202 bytes (1 switches on core 0) [pid: 8|app: 0|req: 358/714] 10.0.0.40 () {32 vars in 823 bytes} [Wed Jul 15 06:07:07 2026] GET /resource_providers/cc4058d1-86a2-4077-a051-27c934efa0ce/aggregates => generated 235 bytes in 10 msecs (HTTP/1.1 404) 5 headers in 202 bytes (1 switches on core 0)
2026-07-15 06:07:07.250 7 INFO placement.requestlog [None req-471534c2-8709-44e7-bf46-1116e8d4a04b bc17f44ad5a6476b9b6af18c2679e483 30cef241bb264851a2db5714959011d9 - - 9db3b741323c4d09b3787f5e358eb0bf 9db3b741323c4d09b3787f5e358eb0bf] 10.0.0.40 "DELETE /resource_providers/cc4058d1-86a2-4077-a051-27c934efa0ce" status: 404 len: 246 microversion: 1.1 [pid: 7|app: 0|req: 357/715] 10.0.0.40 () {34 vars in 823 bytes} [Wed Jul 15 06:07:07 2026] DELETE /resource_providers/cc4058d1-86a2-4077-a051-27c934efa0ce => generated 246 bytes in 6 msecs (HTTP/1.1 404) 6 headers in 231 bytes (1 switches on core 0)
2026-07-15 06:07:07.252 8 INFO placement.requestlog [None req-56aef32f-6595-4f1d-9e42-5dcbc1a8b345 bc17f44ad5a6476b9b6af18c2679e483 30cef241bb264851a2db5714959011d9 - - 9db3b741323c4d09b3787f5e358eb0bf 9db3b741323c4d09b3787f5e358eb0bf] 10.0.0.40 "DELETE /resource_providers/cc4058d1-86a2-4077-a051-27c934efa0ce" status: 404 len: 246 microversion: 1.1 [pid: 8|app: 0|req: 359/716] 10.0.0.40 () {34 vars in 823 bytes} [Wed Jul 15 06:07:07 2026] DELETE /resource_providers/cc4058d1-86a2-4077-a051-27c934efa0ce => generated 246 bytes in 9 msecs (HTTP/1.1 404) 6 headers in 231 bytes (1 switches on core 0)
2026-07-15 06:07:09.272 7 INFO placement.requestlog [None req-72516df1-06e4-4b8f-b48b-94a34e1896c0 bc17f44ad5a6476b9b6af18c2679e483 30cef241bb264851a2db5714959011d9 - - 9db3b741323c4d09b3787f5e358eb0bf 9db3b741323c4d09b3787f5e358eb0bf] 10.0.0.40 "GET /resource_providers/bdad9610-0df3-4f5f-ae96-94ca4c52d183/aggregates" status: 404 len: 235 microversion: 1.1 [pid: 7|app: 0|req: 358/717] 10.0.0.40 () {32 vars in 823 bytes} [Wed Jul 15 06:07:09 2026] GET /resource_providers/bdad9610-0df3-4f5f-ae96-94ca4c52d183/aggregates => generated 235 bytes in 10 msecs (HTTP/1.1 404) 5 headers in 202 bytes (1 switches on core 0)
2026-07-15 06:07:09.276 8 INFO placement.requestlog [None req-5580db5c-b91d-430a-884b-5e73886650c2 bc17f44ad5a6476b9b6af18c2679e483 30cef241bb264851a2db5714959011d9 - - 9db3b741323c4d09b3787f5e358eb0bf 9db3b741323c4d09b3787f5e358eb0bf] 10.0.0.40 "GET /resource_providers/bdad9610-0df3-4f5f-ae96-94ca4c52d183/aggregates" status: 404 len: 235 microversion: 1.1 [pid: 8|app: 0|req: 360/718] 10.0.0.40 () {32 vars in 823 bytes} [Wed Jul 15 06:07:09 2026] GET /resource_providers/bdad9610-0df3-4f5f-ae96-94ca4c52d183/aggregates => generated 235 bytes in 9 msecs (HTTP/1.1 404) 5 headers in 202 bytes (1 switches on core 0)
2026-07-15 06:07:09.281 7 INFO placement.requestlog [None req-70c66c50-f818-468a-bb14-a964a8057c47 bc17f44ad5a6476b9b6af18c2679e483 30cef241bb264851a2db5714959011d9 - - 9db3b741323c4d09b3787f5e358eb0bf 9db3b741323c4d09b3787f5e358eb0bf] 10.0.0.40 "DELETE /resource_providers/bdad9610-0df3-4f5f-ae96-94ca4c52d183" status: 404 len: 246 microversion: 1.1 [pid: 7|app: 0|req: 359/719] 10.0.0.40 () {34 vars in 823 bytes} [Wed Jul 15 06:07:09 2026] DELETE /resource_providers/bdad9610-0df3-4f5f-ae96-94ca4c52d183 => generated 246 bytes in 6 msecs (HTTP/1.1 404) 6 headers in 231 bytes (1 switches on core 0)
2026-07-15 06:07:09.287 8 INFO placement.requestlog [None req-2ecfa42c-8e05-4418-a2b0-47cf316402d6 bc17f44ad5a6476b9b6af18c2679e483 30cef241bb264851a2db5714959011d9 - - 9db3b741323c4d09b3787f5e358eb0bf 9db3b741323c4d09b3787f5e358eb0bf] 10.0.0.40 "DELETE /resource_providers/bdad9610-0df3-4f5f-ae96-94ca4c52d183" status: 404 len: 246 microversion: 1.1 [pid: 8|app: 0|req: 361/720] 10.0.0.40 () {34 vars in 823 bytes} [Wed Jul 15 06:07:09 2026] DELETE /resource_providers/bdad9610-0df3-4f5f-ae96-94ca4c52d183 => generated 246 bytes in 7 msecs (HTTP/1.1 404) 6 headers in 231 bytes (1 switches on core 0)
2026-07-15 06:07:09.527 7 INFO placement.requestlog [None req-e0c1102c-b830-4991-8e08-8c99a584a375 bc17f44ad5a6476b9b6af18c2679e483 30cef241bb264851a2db5714959011d9 - - 9db3b741323c4d09b3787f5e358eb0bf 9db3b741323c4d09b3787f5e358eb0bf] 10.0.0.40 "GET /resource_providers/6eb45d7f-17a2-4df3-b80e-721f93acba3a/aggregates" status: 404 len: 235 microversion: 1.1 [pid: 7|app: 0|req: 360/721] 10.0.0.40 () {32 vars in 823 bytes} [Wed Jul 15 06:07:09 2026] GET /resource_providers/6eb45d7f-17a2-4df3-b80e-721f93acba3a/aggregates => generated 235 bytes in 8 msecs (HTTP/1.1 404) 5 headers in 202 bytes (1 switches on core 0)
2026-07-15 06:07:09.531 8 INFO placement.requestlog [None req-cd81ec5c-69ce-41be-abe9-215b2f110908 bc17f44ad5a6476b9b6af18c2679e483 30cef241bb264851a2db5714959011d9 - - 9db3b741323c4d09b3787f5e358eb0bf 9db3b741323c4d09b3787f5e358eb0bf] 10.0.0.40 "GET /resource_providers/6eb45d7f-17a2-4df3-b80e-721f93acba3a/aggregates" status: 404 len: 235 microversion: 1.1 [pid: 8|app: 0|req: 362/722] 10.0.0.40 () {32 vars in 823 bytes} [Wed Jul 15 06:07:09 2026] GET /resource_providers/6eb45d7f-17a2-4df3-b80e-721f93acba3a/aggregates => generated 235 bytes in 10 msecs (HTTP/1.1 404) 5 headers in 202 bytes (1 switches on core 0)
2026-07-15 06:07:09.541 7 INFO placement.requestlog [None req-e6d346b3-3927-49d5-ad12-accae71378eb bc17f44ad5a6476b9b6af18c2679e483 30cef241bb264851a2db5714959011d9 - - 9db3b741323c4d09b3787f5e358eb0bf 9db3b741323c4d09b3787f5e358eb0bf] 10.0.0.40 "DELETE /resource_providers/6eb45d7f-17a2-4df3-b80e-721f93acba3a" status: 404 len: 246 microversion: 1.1 [pid: 7|app: 0|req: 361/723] 10.0.0.40 () {34 vars in 823 bytes} [Wed Jul 15 06:07:09 2026] DELETE /resource_providers/6eb45d7f-17a2-4df3-b80e-721f93acba3a => generated 246 bytes in 9 msecs (HTTP/1.1 404) 6 headers in 231 bytes (1 switches on core 0)
2026-07-15 06:07:09.544 8 INFO placement.requestlog [None req-7cb491f0-cebf-4873-8109-0a0025a15ca5 bc17f44ad5a6476b9b6af18c2679e483 30cef241bb264851a2db5714959011d9 - - 9db3b741323c4d09b3787f5e358eb0bf 9db3b741323c4d09b3787f5e358eb0bf] 10.0.0.40 "DELETE /resource_providers/6eb45d7f-17a2-4df3-b80e-721f93acba3a" status: 404 len: 246 microversion: 1.1 [pid: 8|app: 0|req: 363/724] 10.0.0.40 () {34 vars in 823 bytes} [Wed Jul 15 06:07:09 2026] DELETE /resource_providers/6eb45d7f-17a2-4df3-b80e-721f93acba3a => generated 246 bytes in 10 msecs (HTTP/1.1 404) 6 headers in 231 bytes (1 switches on core 0)
2026-07-15 06:07:09.941 7 INFO placement.requestlog [req-3cfb37cc-49d6-430f-a8ae-94390b576ff5 req-b6c63581-2f44-445d-8dbe-56b92128383c 33e2eb542a2140ffabc2066078b4f7e3 30cef241bb264851a2db5714959011d9 - - 9db3b741323c4d09b3787f5e358eb0bf 9db3b741323c4d09b3787f5e358eb0bf] 199.204.45.70 "GET /resource_providers/b17b22e2-d780-4a89-8171-2807680a0291/allocations" status: 200 len: 152 microversion: 1.0 [pid: 7|app: 0|req: 362/725] 199.204.45.70 () {32 vars in 855 bytes} [Wed Jul 15 06:07:09 2026] GET /resource_providers/b17b22e2-d780-4a89-8171-2807680a0291/allocations => generated 152 bytes in 14 msecs (HTTP/1.1 200) 6 headers in 224 bytes (1 switches on core 0)
2026-07-15 06:07:09.969 8 INFO placement.requestlog [req-3cfb37cc-49d6-430f-a8ae-94390b576ff5 req-d71ef807-122b-4bb9-aca3-99eb89f73913 33e2eb542a2140ffabc2066078b4f7e3 30cef241bb264851a2db5714959011d9 - - 9db3b741323c4d09b3787f5e358eb0bf 9db3b741323c4d09b3787f5e358eb0bf] 199.204.45.70 "GET /allocations/a0782f02-f423-48b1-ae23-e974a14c66df" status: 200 len: 257 microversion: 1.28 [pid: 8|app: 0|req: 364/726] 199.204.45.70 () {34 vars in 861 bytes} [Wed Jul 15 06:07:09 2026] GET /allocations/a0782f02-f423-48b1-ae23-e974a14c66df => generated 257 bytes in 22 msecs (HTTP/1.1 200) 8 headers in 296 bytes (1 switches on core 0)
2026-07-15 06:07:11.026 7 INFO placement.requestlog [req-3cfb37cc-49d6-430f-a8ae-94390b576ff5 req-8cf5ff5e-9bd5-4fe1-9bdd-f51bab627246 33e2eb542a2140ffabc2066078b4f7e3 30cef241bb264851a2db5714959011d9 - - 9db3b741323c4d09b3787f5e358eb0bf 9db3b741323c4d09b3787f5e358eb0bf] 199.204.45.70 "DELETE /allocations/a0782f02-f423-48b1-ae23-e974a14c66df" status: 204 len: 0 microversion: 1.0 [pid: 7|app: 0|req: 363/727] 199.204.45.70 () {34 vars in 839 bytes} [Wed Jul 15 06:07:11 2026] DELETE /allocations/a0782f02-f423-48b1-ae23-e974a14c66df => generated 0 bytes in 26 msecs (HTTP/1.1 204) 5 headers in 198 bytes (1 switches on core 0)
2026-07-15 06:07:11.298 8 INFO placement.requestlog [None req-289432b4-4778-4e4b-a7a3-6052ec520c32 bc17f44ad5a6476b9b6af18c2679e483 30cef241bb264851a2db5714959011d9 - - 9db3b741323c4d09b3787f5e358eb0bf 9db3b741323c4d09b3787f5e358eb0bf] 10.0.0.40 "GET /resource_providers/aed85811-60e1-4f40-88a3-2b3db0aef7fc/aggregates" status: 404 len: 235 microversion: 1.1 [pid: 8|app: 0|req: 365/728] 10.0.0.40 () {32 vars in 823 bytes} [Wed Jul 15 06:07:11 2026] GET /resource_providers/aed85811-60e1-4f40-88a3-2b3db0aef7fc/aggregates => generated 235 bytes in 10 msecs (HTTP/1.1 404) 5 headers in 202 bytes (1 switches on core 0)
2026-07-15 06:07:11.303 7 INFO placement.requestlog [None req-d6e18994-ef07-4c6b-a81a-f3dded4fd48a bc17f44ad5a6476b9b6af18c2679e483 30cef241bb264851a2db5714959011d9 - - 9db3b741323c4d09b3787f5e358eb0bf 9db3b741323c4d09b3787f5e358eb0bf] 10.0.0.40 "GET /resource_providers/aed85811-60e1-4f40-88a3-2b3db0aef7fc/aggregates" status: 404 len: 235 microversion: 1.1 [pid: 7|app: 0|req: 364/729] 10.0.0.40 () {32 vars in 823 bytes} [Wed Jul 15 06:07:11 2026] GET /resource_providers/aed85811-60e1-4f40-88a3-2b3db0aef7fc/aggregates => generated 235 bytes in 10 msecs (HTTP/1.1 404) 5 headers in 202 bytes (1 switches on core 0)
2026-07-15 06:07:11.308 8 INFO placement.requestlog [None req-f273eafe-bbcd-478b-a4f8-3e732b47e5e4 bc17f44ad5a6476b9b6af18c2679e483 30cef241bb264851a2db5714959011d9 - - 9db3b741323c4d09b3787f5e358eb0bf 9db3b741323c4d09b3787f5e358eb0bf] 10.0.0.40 "DELETE /resource_providers/aed85811-60e1-4f40-88a3-2b3db0aef7fc" status: 404 len: 246 microversion: 1.1 [pid: 8|app: 0|req: 366/730] 10.0.0.40 () {34 vars in 823 bytes} [Wed Jul 15 06:07:11 2026] DELETE /resource_providers/aed85811-60e1-4f40-88a3-2b3db0aef7fc => generated 246 bytes in 7 msecs (HTTP/1.1 404) 6 headers in 231 bytes (1 switches on core 0)
2026-07-15 06:07:11.314 7 INFO placement.requestlog [None req-6680acc9-31b3-4cc1-b557-a03d802ef1c6 bc17f44ad5a6476b9b6af18c2679e483 30cef241bb264851a2db5714959011d9 - - 9db3b741323c4d09b3787f5e358eb0bf 9db3b741323c4d09b3787f5e358eb0bf] 10.0.0.40 "DELETE /resource_providers/aed85811-60e1-4f40-88a3-2b3db0aef7fc" status: 404 len: 246 microversion: 1.1 [pid: 7|app: 0|req: 365/731] 10.0.0.40 () {34 vars in 823 bytes} [Wed Jul 15 06:07:11 2026] DELETE /resource_providers/aed85811-60e1-4f40-88a3-2b3db0aef7fc => generated 246 bytes in 6 msecs (HTTP/1.1 404) 6 headers in 231 bytes (1 switches on core 0)
2026-07-15 06:07:11.555 8 INFO placement.requestlog [None req-9972fd34-72ba-4636-ab1f-106407d18798 bc17f44ad5a6476b9b6af18c2679e483 30cef241bb264851a2db5714959011d9 - - 9db3b741323c4d09b3787f5e358eb0bf 9db3b741323c4d09b3787f5e358eb0bf] 10.0.0.40 "GET /resource_providers/eca9392c-4915-42ff-952e-fe7c27817cc4/aggregates" status: 404 len: 235 microversion: 1.1 [pid: 8|app: 0|req: 367/732] 10.0.0.40 () {32 vars in 823 bytes} [Wed Jul 15 06:07:11 2026] GET /resource_providers/eca9392c-4915-42ff-952e-fe7c27817cc4/aggregates => generated 235 bytes in 8 msecs (HTTP/1.1 404) 5 headers in 202 bytes (1 switches on core 0)
2026-07-15 06:07:11.561 7 INFO placement.requestlog [None req-f864dfd6-ff3a-470a-8ddf-15ad6e8fc85b bc17f44ad5a6476b9b6af18c2679e483 30cef241bb264851a2db5714959011d9 - - 9db3b741323c4d09b3787f5e358eb0bf 9db3b741323c4d09b3787f5e358eb0bf] 10.0.0.40 "GET /resource_providers/eca9392c-4915-42ff-952e-fe7c27817cc4/aggregates" status: 404 len: 235 microversion: 1.1 [pid: 7|app: 0|req: 366/733] 10.0.0.40 () {32 vars in 823 bytes} [Wed Jul 15 06:07:11 2026] GET /resource_providers/eca9392c-4915-42ff-952e-fe7c27817cc4/aggregates => generated 235 bytes in 10 msecs (HTTP/1.1 404) 5 headers in 202 bytes (1 switches on core 0)
2026-07-15 06:07:11.570 8 INFO placement.requestlog [None req-7234cdb9-49e0-40da-9831-d0edb9840747 bc17f44ad5a6476b9b6af18c2679e483 30cef241bb264851a2db5714959011d9 - - 9db3b741323c4d09b3787f5e358eb0bf 9db3b741323c4d09b3787f5e358eb0bf] 10.0.0.40 "DELETE /resource_providers/eca9392c-4915-42ff-952e-fe7c27817cc4" status: 404 len: 246 microversion: 1.1 [pid: 8|app: 0|req: 368/734] 10.0.0.40 () {34 vars in 823 bytes} [Wed Jul 15 06:07:11 2026] DELETE /resource_providers/eca9392c-4915-42ff-952e-fe7c27817cc4 => generated 246 bytes in 9 msecs (HTTP/1.1 404) 6 headers in 231 bytes (1 switches on core 0)
2026-07-15 06:07:11.571 7 INFO placement.requestlog [None req-6376d082-095d-4f21-b08d-1126615029c8 bc17f44ad5a6476b9b6af18c2679e483 30cef241bb264851a2db5714959011d9 - - 9db3b741323c4d09b3787f5e358eb0bf 9db3b741323c4d09b3787f5e358eb0bf] 10.0.0.40 "DELETE /resource_providers/eca9392c-4915-42ff-952e-fe7c27817cc4" status: 404 len: 246 microversion: 1.1 [pid: 7|app: 0|req: 367/735] 10.0.0.40 () {34 vars in 823 bytes} [Wed Jul 15 06:07:11 2026] DELETE /resource_providers/eca9392c-4915-42ff-952e-fe7c27817cc4 => generated 246 bytes in 5 msecs (HTTP/1.1 404) 6 headers in 231 bytes (1 switches on core 0)
2026-07-15 06:07:11.582 8 INFO placement.requestlog [None req-efb21d5c-823c-44a5-bcd4-2b5a1fee3698 bc17f44ad5a6476b9b6af18c2679e483 30cef241bb264851a2db5714959011d9 - - 9db3b741323c4d09b3787f5e358eb0bf 9db3b741323c4d09b3787f5e358eb0bf] 10.0.0.40 "GET /resource_providers/7fd38f55-cd77-4b3a-8230-2760a4c3dfa3/aggregates" status: 404 len: 235 microversion: 1.1 [pid: 8|app: 0|req: 369/736] 10.0.0.40 () {32 vars in 823 bytes} [Wed Jul 15 06:07:11 2026] GET /resource_providers/7fd38f55-cd77-4b3a-8230-2760a4c3dfa3/aggregates => generated 235 bytes in 8 msecs (HTTP/1.1 404) 5 headers in 202 bytes (1 switches on core 0)
2026-07-15 06:07:11.587 7 INFO placement.requestlog [None req-ad2b5fd9-d4ef-4c1e-9300-90e7177a4692 bc17f44ad5a6476b9b6af18c2679e483 30cef241bb264851a2db5714959011d9 - - 9db3b741323c4d09b3787f5e358eb0bf 9db3b741323c4d09b3787f5e358eb0bf] 10.0.0.40 "GET /resource_providers/7fd38f55-cd77-4b3a-8230-2760a4c3dfa3/aggregates" status: 404 len: 235 microversion: 1.1 [pid: 7|app: 0|req: 368/737] 10.0.0.40 () {32 vars in 823 bytes} [Wed Jul 15 06:07:11 2026] GET /resource_providers/7fd38f55-cd77-4b3a-8230-2760a4c3dfa3/aggregates => generated 235 bytes in 9 msecs (HTTP/1.1 404) 5 headers in 202 bytes (1 switches on core 0)
2026-07-15 06:07:11.599 7 INFO placement.requestlog [None req-a443339e-6334-49d9-b33e-447df3f51241 bc17f44ad5a6476b9b6af18c2679e483 30cef241bb264851a2db5714959011d9 - - 9db3b741323c4d09b3787f5e358eb0bf 9db3b741323c4d09b3787f5e358eb0bf] 10.0.0.40 "DELETE /resource_providers/7fd38f55-cd77-4b3a-8230-2760a4c3dfa3" status: 404 len: 246 microversion: 1.1 [pid: 7|app: 0|req: 369/738] 10.0.0.40 () {34 vars in 823 bytes} [Wed Jul 15 06:07:11 2026] DELETE /resource_providers/7fd38f55-cd77-4b3a-8230-2760a4c3dfa3 => generated 246 bytes in 7 msecs (HTTP/1.1 404) 6 headers in 231 bytes (1 switches on core 0)
2026-07-15 06:07:11.607 8 INFO placement.requestlog [None req-163eda90-d62a-42d1-9989-ddd3b63ccf0d bc17f44ad5a6476b9b6af18c2679e483 30cef241bb264851a2db5714959011d9 - - 9db3b741323c4d09b3787f5e358eb0bf 9db3b741323c4d09b3787f5e358eb0bf] 10.0.0.40 "DELETE /resource_providers/7fd38f55-cd77-4b3a-8230-2760a4c3dfa3" status: 404 len: 246 microversion: 1.1 [pid: 8|app: 0|req: 370/739] 10.0.0.40 () {34 vars in 823 bytes} [Wed Jul 15 06:07:11 2026] DELETE /resource_providers/7fd38f55-cd77-4b3a-8230-2760a4c3dfa3 => generated 246 bytes in 18 msecs (HTTP/1.1 404) 6 headers in 231 bytes (1 switches on core 0)
2026-07-15 06:07:14.433 8 INFO placement.requestlog [None req-015d3185-28ff-4161-a912-1cc881cdcd63 bc17f44ad5a6476b9b6af18c2679e483 30cef241bb264851a2db5714959011d9 - - 9db3b741323c4d09b3787f5e358eb0bf 9db3b741323c4d09b3787f5e358eb0bf] 10.0.0.40 "GET /resource_providers/8b0126ee-4446-4c14-9e00-ed88ae759c82/aggregates" status: 404 len: 235 microversion: 1.1 [pid: 8|app: 0|req: 371/740] 10.0.0.40 () {32 vars in 823 bytes} [Wed Jul 15 06:07:14 2026] GET /resource_providers/8b0126ee-4446-4c14-9e00-ed88ae759c82/aggregates => generated 235 bytes in 9 msecs (HTTP/1.1 404) 5 headers in 202 bytes (1 switches on core 0)
2026-07-15 06:07:14.434 7 INFO placement.requestlog [None req-ea948767-9209-4703-8b1c-af9dd087ba1e bc17f44ad5a6476b9b6af18c2679e483 30cef241bb264851a2db5714959011d9 - - 9db3b741323c4d09b3787f5e358eb0bf 9db3b741323c4d09b3787f5e358eb0bf] 10.0.0.40 "GET /resource_providers/8b0126ee-4446-4c14-9e00-ed88ae759c82/aggregates" status: 404 len: 235 microversion: 1.1 [pid: 7|app: 0|req: 370/741] 10.0.0.40 () {32 vars in 823 bytes} [Wed Jul 15 06:07:14 2026] GET /resource_providers/8b0126ee-4446-4c14-9e00-ed88ae759c82/aggregates => generated 235 bytes in 11 msecs (HTTP/1.1 404) 5 headers in 202 bytes (1 switches on core 0)
2026-07-15 06:07:14.448 8 INFO placement.requestlog [None req-eb2a568e-d400-4846-a3b2-c6573357f226 bc17f44ad5a6476b9b6af18c2679e483 30cef241bb264851a2db5714959011d9 - - 9db3b741323c4d09b3787f5e358eb0bf 9db3b741323c4d09b3787f5e358eb0bf] 10.0.0.40 "DELETE /resource_providers/8b0126ee-4446-4c14-9e00-ed88ae759c82" status: 404 len: 246 microversion: 1.1 [pid: 8|app: 0|req: 372/742] 10.0.0.40 () {34 vars in 823 bytes} [Wed Jul 15 06:07:14 2026] DELETE /resource_providers/8b0126ee-4446-4c14-9e00-ed88ae759c82 => generated 246 bytes in 10 msecs (HTTP/1.1 404) 6 headers in 231 bytes (1 switches on core 0)
2026-07-15 06:07:14.454 7 INFO placement.requestlog [None req-af6404f5-7d63-4c4e-9a9e-f24cd0510e10 bc17f44ad5a6476b9b6af18c2679e483 30cef241bb264851a2db5714959011d9 - - 9db3b741323c4d09b3787f5e358eb0bf 9db3b741323c4d09b3787f5e358eb0bf] 10.0.0.40 "DELETE /resource_providers/8b0126ee-4446-4c14-9e00-ed88ae759c82" status: 404 len: 246 microversion: 1.1 [pid: 7|app: 0|req: 371/743] 10.0.0.40 () {34 vars in 823 bytes} [Wed Jul 15 06:07:14 2026] DELETE /resource_providers/8b0126ee-4446-4c14-9e00-ed88ae759c82 => generated 246 bytes in 11 msecs (HTTP/1.1 404) 6 headers in 231 bytes (1 switches on core 0)
2026-07-15 06:07:16.723 8 INFO placement.requestlog [None req-526a0d75-4c9d-4e36-acf3-2ba22df3ea13 - - - - - -] 10.0.0.222 "GET /" status: 200 len: 136 microversion: 1.0
2026-07-15 06:07:16.723 7 INFO placement.requestlog [None req-83573d1b-aab1-4508-b0ad-79c15e0abcc9 - - - - - -] 10.0.0.222 "GET /" status: 200 len: 136 microversion: 1.0
2026-07-15 06:07:16.817 8 INFO placement.requestlog [None req-33ddb690-0b38-4874-89e8-810a11e9bb21 bc17f44ad5a6476b9b6af18c2679e483 30cef241bb264851a2db5714959011d9 - - 9db3b741323c4d09b3787f5e358eb0bf 9db3b741323c4d09b3787f5e358eb0bf] 10.0.0.40 "GET /resource_providers/a6b21754-36f7-4f66-a9eb-03782bae6eae/aggregates" status: 404 len: 235 microversion: 1.1 [pid: 8|app: 0|req: 374/746] 10.0.0.40 () {32 vars in 823 bytes} [Wed Jul 15 06:07:16 2026] GET /resource_providers/a6b21754-36f7-4f66-a9eb-03782bae6eae/aggregates => generated 235 bytes in 10 msecs (HTTP/1.1 404) 5 headers in 202 bytes (1 switches on core 0)
2026-07-15 06:07:16.817 7 INFO placement.requestlog [None req-1c37d5d8-3c54-4e47-9e6f-40495cc01e2a bc17f44ad5a6476b9b6af18c2679e483 30cef241bb264851a2db5714959011d9 - - 9db3b741323c4d09b3787f5e358eb0bf 9db3b741323c4d09b3787f5e358eb0bf] 10.0.0.40 "GET /resource_providers/a6b21754-36f7-4f66-a9eb-03782bae6eae/aggregates" status: 404 len: 235 microversion: 1.1 [pid: 7|app: 0|req: 373/747] 10.0.0.40 () {32 vars in 823 bytes} [Wed Jul 15 06:07:16 2026] GET /resource_providers/a6b21754-36f7-4f66-a9eb-03782bae6eae/aggregates => generated 235 bytes in 11 msecs (HTTP/1.1 404) 5 headers in 202 bytes (1 switches on core 0)
2026-07-15 06:07:16.840 8 INFO placement.requestlog [None req-a9ce5948-d937-4144-8390-9f001fd9745c bc17f44ad5a6476b9b6af18c2679e483 30cef241bb264851a2db5714959011d9 - - 9db3b741323c4d09b3787f5e358eb0bf 9db3b741323c4d09b3787f5e358eb0bf] 10.0.0.40 "DELETE /resource_providers/a6b21754-36f7-4f66-a9eb-03782bae6eae" status: 404 len: 246 microversion: 1.1
2026-07-15 06:07:16.840 7 INFO placement.requestlog [None req-8205962d-eb2a-4bca-b3d3-6a5ca398ec02 bc17f44ad5a6476b9b6af18c2679e483 30cef241bb264851a2db5714959011d9 - - 9db3b741323c4d09b3787f5e358eb0bf 9db3b741323c4d09b3787f5e358eb0bf] 10.0.0.40 "DELETE /resource_providers/a6b21754-36f7-4f66-a9eb-03782bae6eae" status: 404 len: 246 microversion: 1.1 [pid: 8|app: 0|req: 375/748] 10.0.0.40 () {34 vars in 823 bytes} [Wed Jul 15 06:07:16 2026] DELETE /resource_providers/a6b21754-36f7-4f66-a9eb-03782bae6eae => generated 246 bytes in 10 msecs (HTTP/1.1 404) 6 headers in 231 bytes (1 switches on core 0) [pid: 7|app: 0|req: 374/749] 10.0.0.40 () {34 vars in 823 bytes} [Wed Jul 15 06:07:16 2026] DELETE /resource_providers/a6b21754-36f7-4f66-a9eb-03782bae6eae => generated 246 bytes in 10 msecs (HTTP/1.1 404) 6 headers in 231 bytes (1 switches on core 0)
2026-07-15 06:07:17.230 7 INFO placement.requestlog [None req-7a3d3d66-8285-4521-9d10-3a75d3345fef bc17f44ad5a6476b9b6af18c2679e483 30cef241bb264851a2db5714959011d9 - - 9db3b741323c4d09b3787f5e358eb0bf 9db3b741323c4d09b3787f5e358eb0bf] 10.0.0.40 "GET /resource_providers/024b8065-a033-4d1a-bd2f-08dcbefd55db/aggregates" status: 404 len: 235 microversion: 1.1 [pid: 7|app: 0|req: 375/750] 10.0.0.40 () {32 vars in 823 bytes} [Wed Jul 15 06:07:17 2026] GET /resource_providers/024b8065-a033-4d1a-bd2f-08dcbefd55db/aggregates => generated 235 bytes in 11 msecs (HTTP/1.1 404) 5 headers in 202 bytes (1 switches on core 0)
2026-07-15 06:07:17.235 8 INFO placement.requestlog [None req-d169ccc3-85f3-451f-ae64-77ac93649e69 bc17f44ad5a6476b9b6af18c2679e483 30cef241bb264851a2db5714959011d9 - - 9db3b741323c4d09b3787f5e358eb0bf 9db3b741323c4d09b3787f5e358eb0bf] 10.0.0.40 "GET /resource_providers/024b8065-a033-4d1a-bd2f-08dcbefd55db/aggregates" status: 404 len: 235 microversion: 1.1 [pid: 8|app: 0|req: 376/751] 10.0.0.40 () {32 vars in 823 bytes} [Wed Jul 15 06:07:17 2026] GET /resource_providers/024b8065-a033-4d1a-bd2f-08dcbefd55db/aggregates => generated 235 bytes in 16 msecs (HTTP/1.1 404) 5 headers in 202 bytes (1 switches on core 0)
2026-07-15 06:07:17.250 7 INFO placement.requestlog [None req-afc24ae5-151e-4895-9218-87145a7ab09d bc17f44ad5a6476b9b6af18c2679e483 30cef241bb264851a2db5714959011d9 - - 9db3b741323c4d09b3787f5e358eb0bf 9db3b741323c4d09b3787f5e358eb0bf] 10.0.0.40 "DELETE /resource_providers/024b8065-a033-4d1a-bd2f-08dcbefd55db" status: 404 len: 246 microversion: 1.1
