Sep 20 17:48:03.768728 np0000193575 systemd[1]: Starting devstack@n-api-meta.service - Devstack devstack@n-api-meta.service...
Sep 20 17:48:03.779514 np0000193575 devstack@n-api-meta.service[107271]: [uWSGI] getting INI configuration from /etc/nova/nova-metadata-uwsgi.ini
Sep 20 17:48:03.784119 np0000193575 devstack@n-api-meta.service[107271]: *** Starting uWSGI 2.0.24-debian (64bit) on [Sun Sep 20 17:48:03 2026] ***
Sep 20 17:48:03.784119 np0000193575 devstack@n-api-meta.service[107271]: compiled with version: 13.2.0 on 17 April 2024 16:23:48
Sep 20 17:48:03.784119 np0000193575 devstack@n-api-meta.service[107271]: os: Linux-6.8.0-139-generic #139-Ubuntu SMP PREEMPT_DYNAMIC Sat Aug 1 03:52:05 UTC 2026
Sep 20 17:48:03.784119 np0000193575 devstack@n-api-meta.service[107271]: nodename: np0000193575
Sep 20 17:48:03.784119 np0000193575 devstack@n-api-meta.service[107271]: machine: x86_64
Sep 20 17:48:03.784119 np0000193575 devstack@n-api-meta.service[107271]: clock source: unix
Sep 20 17:48:03.784119 np0000193575 devstack@n-api-meta.service[107271]: pcre jit disabled
Sep 20 17:48:03.784119 np0000193575 devstack@n-api-meta.service[107271]: detected number of CPU cores: 16
Sep 20 17:48:03.784119 np0000193575 devstack@n-api-meta.service[107271]: current working directory: /
Sep 20 17:48:03.784119 np0000193575 devstack@n-api-meta.service[107271]: detected binary path: /usr/bin/uwsgi-core
Sep 20 17:48:03.784119 np0000193575 devstack@n-api-meta.service[107271]: your processes number limit is 256916
Sep 20 17:48:03.784119 np0000193575 devstack@n-api-meta.service[107271]: your memory page size is 4096 bytes
Sep 20 17:48:03.784119 np0000193575 devstack@n-api-meta.service[107271]: detected max file descriptor number: 2048
Sep 20 17:48:03.784119 np0000193575 devstack@n-api-meta.service[107271]: lock engine: pthread robust mutexes
Sep 20 17:48:03.785132 np0000193575 devstack@n-api-meta.service[107271]: thunder lock: enabled
Sep 20 17:48:03.785132 np0000193575 devstack@n-api-meta.service[107271]: uWSGI http bound on 0.0.0.0:8775 fd 5
Sep 20 17:48:03.785132 np0000193575 devstack@n-api-meta.service[107271]: uwsgi socket 0 bound to TCP address 127.0.0.1:33031 (port auto-assigned) fd 4
Sep 20 17:48:03.785132 np0000193575 devstack@n-api-meta.service[107271]: Python version: 3.12.3 (main, Aug 31 2026, 10:18:26) [GCC 13.3.0]
Sep 20 17:48:03.785132 np0000193575 devstack@n-api-meta.service[107271]: PEP 405 virtualenv detected: /opt/stack/data/venv
Sep 20 17:48:03.785132 np0000193575 devstack@n-api-meta.service[107271]: Set PythonHome to /opt/stack/data/venv
Sep 20 17:48:03.836481 np0000193575 devstack@n-api-meta.service[107271]: Python main interpreter initialized at 0x7e72d80a4668
Sep 20 17:48:03.836481 np0000193575 devstack@n-api-meta.service[107271]: python threads support enabled
Sep 20 17:48:03.836481 np0000193575 devstack@n-api-meta.service[107271]: your server socket listen backlog is limited to 100 connections
Sep 20 17:48:03.836481 np0000193575 devstack@n-api-meta.service[107271]: your mercy for graceful operations on workers is 80 seconds
Sep 20 17:48:03.837005 np0000193575 devstack@n-api-meta.service[107271]: mapped 671795 bytes (656 KB) for 4 cores
Sep 20 17:48:03.837161 np0000193575 devstack@n-api-meta.service[107271]: *** Operational MODE: preforking ***
Sep 20 17:48:03.837298 np0000193575 devstack@n-api-meta.service[107271]: *** uWSGI is running in multiple interpreter mode ***
Sep 20 17:48:03.837298 np0000193575 devstack@n-api-meta.service[107271]: spawned uWSGI master process (pid: 107271)
Sep 20 17:48:03.837472 np0000193575 systemd[1]: Started devstack@n-api-meta.service - Devstack devstack@n-api-meta.service.
Sep 20 17:48:03.838164 np0000193575 devstack@n-api-meta.service[107271]: spawned uWSGI worker 1 (pid: 107272, cores: 1)
Sep 20 17:48:03.838918 np0000193575 devstack@n-api-meta.service[107271]: spawned uWSGI worker 2 (pid: 107273, cores: 1)
Sep 20 17:48:03.839393 np0000193575 devstack@n-api-meta.service[107271]: spawned uWSGI worker 3 (pid: 107274, cores: 1)
Sep 20 17:48:03.840014 np0000193575 devstack@n-api-meta.service[107271]: spawned uWSGI worker 4 (pid: 107275, cores: 1)
Sep 20 17:48:03.840625 np0000193575 devstack@n-api-meta.service[107271]: spawned uWSGI http 1 (pid: 107276)
Sep 20 17:48:03.840625 np0000193575 devstack@n-api-meta.service[107271]: running "unix_signal:15 gracefully_kill_them_all" (master-start)...
Sep 20 17:48:05.459176 np0000193575 devstack@n-api-meta.service[107272]: INFO dbcounter [None req-96962b8f-db72-47c8-b687-d12a17bbcc3b None None] Registered counter for database nova_api
Sep 20 17:48:05.489173 np0000193575 devstack@n-api-meta.service[107275]: INFO dbcounter [None req-3e158c61-f46c-477a-8820-8d0875cc19b0 None None] Registered counter for database nova_api
Sep 20 17:48:05.506284 np0000193575 devstack@n-api-meta.service[107272]: DEBUG oslo_db.sqlalchemy.engines [None req-96962b8f-db72-47c8-b687-d12a17bbcc3b None None] MySQL server mode set to STRICT_TRANS_TABLES,STRICT_ALL_TABLES,NO_ZERO_IN_DATE,NO_ZERO_DATE,ERROR_FOR_DIVISION_BY_ZERO,TRADITIONAL,NO_ENGINE_SUBSTITUTION {{(pid=107272) _check_effective_sql_mode /opt/stack/data/venv/lib/python3.12/site-packages/oslo_db/sqlalchemy/engines.py:325}}
Sep 20 17:48:05.518316 np0000193575 devstack@n-api-meta.service[107273]: INFO dbcounter [None req-0056e1ca-53ab-4d24-970d-cf6b2505cadb None None] Registered counter for database nova_api
Sep 20 17:48:05.536843 np0000193575 devstack@n-api-meta.service[107272]: DEBUG dbcounter [-] [107272] Writer thread running {{(pid=107272) stat_writer /opt/stack/data/venv/lib/python3.12/site-packages/dbcounter.py:102}}
Sep 20 17:48:05.539218 np0000193575 devstack@n-api-meta.service[107272]: DEBUG nova.context [None req-96962b8f-db72-47c8-b687-d12a17bbcc3b None None] Found 2 cells: 00000000-0000-0000-0000-000000000000(cell0),f75ebd41-ff5d-46d0-867c-3b2f9655be31(cell1) {{(pid=107272) load_cells /opt/stack/nova/nova/context.py:532}}
Sep 20 17:48:05.540050 np0000193575 devstack@n-api-meta.service[107275]: DEBUG oslo_db.sqlalchemy.engines [None req-3e158c61-f46c-477a-8820-8d0875cc19b0 None None] MySQL server mode set to STRICT_TRANS_TABLES,STRICT_ALL_TABLES,NO_ZERO_IN_DATE,NO_ZERO_DATE,ERROR_FOR_DIVISION_BY_ZERO,TRADITIONAL,NO_ENGINE_SUBSTITUTION {{(pid=107275) _check_effective_sql_mode /opt/stack/data/venv/lib/python3.12/site-packages/oslo_db/sqlalchemy/engines.py:325}}
Sep 20 17:48:05.540917 np0000193575 devstack@n-api-meta.service[107272]: DEBUG oslo_concurrency.lockutils [None req-96962b8f-db72-47c8-b687-d12a17bbcc3b None None] Acquiring lock "00000000-0000-0000-0000-000000000000" by "nova.context.set_target_cell..get_or_set_cached_cell_and_set_connections" {{(pid=107272) inner /opt/stack/data/venv/lib/python3.12/site-packages/oslo_concurrency/lockutils.py:512}}
Sep 20 17:48:05.541080 np0000193575 devstack@n-api-meta.service[107272]: DEBUG oslo_concurrency.lockutils [None req-96962b8f-db72-47c8-b687-d12a17bbcc3b None None] Lock "00000000-0000-0000-0000-000000000000" acquired by "nova.context.set_target_cell..get_or_set_cached_cell_and_set_connections" :: waited 0.000s {{(pid=107272) inner /opt/stack/data/venv/lib/python3.12/site-packages/oslo_concurrency/lockutils.py:525}}
Sep 20 17:48:05.541436 np0000193575 devstack@n-api-meta.service[107272]: DEBUG oslo_concurrency.lockutils [None req-96962b8f-db72-47c8-b687-d12a17bbcc3b None None] Lock "00000000-0000-0000-0000-000000000000" "released" by "nova.context.set_target_cell..get_or_set_cached_cell_and_set_connections" :: held 0.000s {{(pid=107272) inner /opt/stack/data/venv/lib/python3.12/site-packages/oslo_concurrency/lockutils.py:544}}
Sep 20 17:48:05.541656 np0000193575 devstack@n-api-meta.service[107272]: INFO nova.thread_pool_factory [None req-96962b8f-db72-47c8-b687-d12a17bbcc3b None None] The cell_worker thread pool MainProcess.cell_worker is initialized
Sep 20 17:48:05.542178 np0000193575 devstack@n-api-meta.service[107274]: INFO dbcounter [None req-5d5598f3-1787-4e25-9d5f-625f8a791bbc None None] Registered counter for database nova_api
Sep 20 17:48:05.542698 np0000193575 devstack@n-api-meta.service[107272]: DEBUG oslo_concurrency.lockutils [None req-96962b8f-db72-47c8-b687-d12a17bbcc3b None None] Acquiring lock "f75ebd41-ff5d-46d0-867c-3b2f9655be31" by "nova.context.set_target_cell..get_or_set_cached_cell_and_set_connections" {{(pid=107272) inner /opt/stack/data/venv/lib/python3.12/site-packages/oslo_concurrency/lockutils.py:512}}
Sep 20 17:48:05.542698 np0000193575 devstack@n-api-meta.service[107272]: DEBUG oslo_concurrency.lockutils [None req-96962b8f-db72-47c8-b687-d12a17bbcc3b None None] Lock "f75ebd41-ff5d-46d0-867c-3b2f9655be31" acquired by "nova.context.set_target_cell..get_or_set_cached_cell_and_set_connections" :: waited 0.000s {{(pid=107272) inner /opt/stack/data/venv/lib/python3.12/site-packages/oslo_concurrency/lockutils.py:525}}
Sep 20 17:48:05.543318 np0000193575 devstack@n-api-meta.service[107272]: DEBUG oslo_concurrency.lockutils [None req-96962b8f-db72-47c8-b687-d12a17bbcc3b None None] Lock "f75ebd41-ff5d-46d0-867c-3b2f9655be31" "released" by "nova.context.set_target_cell..get_or_set_cached_cell_and_set_connections" :: held 0.001s {{(pid=107272) inner /opt/stack/data/venv/lib/python3.12/site-packages/oslo_concurrency/lockutils.py:544}}
Sep 20 17:48:05.546385 np0000193575 devstack@n-api-meta.service[107272]: INFO dbcounter [None req-96962b8f-db72-47c8-b687-d12a17bbcc3b None None] Registered counter for database nova_cell0
Sep 20 17:48:05.552191 np0000193575 devstack@n-api-meta.service[107272]: INFO dbcounter [None req-96962b8f-db72-47c8-b687-d12a17bbcc3b None None] Registered counter for database nova_cell1
Sep 20 17:48:05.569043 np0000193575 devstack@n-api-meta.service[107273]: DEBUG oslo_db.sqlalchemy.engines [None req-0056e1ca-53ab-4d24-970d-cf6b2505cadb None None] MySQL server mode set to STRICT_TRANS_TABLES,STRICT_ALL_TABLES,NO_ZERO_IN_DATE,NO_ZERO_DATE,ERROR_FOR_DIVISION_BY_ZERO,TRADITIONAL,NO_ENGINE_SUBSTITUTION {{(pid=107273) _check_effective_sql_mode /opt/stack/data/venv/lib/python3.12/site-packages/oslo_db/sqlalchemy/engines.py:325}}
Sep 20 17:48:05.577664 np0000193575 devstack@n-api-meta.service[107275]: DEBUG dbcounter [-] [107275] Writer thread running {{(pid=107275) stat_writer /opt/stack/data/venv/lib/python3.12/site-packages/dbcounter.py:102}}
Sep 20 17:48:05.581541 np0000193575 devstack@n-api-meta.service[107275]: DEBUG nova.context [None req-3e158c61-f46c-477a-8820-8d0875cc19b0 None None] Found 2 cells: 00000000-0000-0000-0000-000000000000(cell0),f75ebd41-ff5d-46d0-867c-3b2f9655be31(cell1) {{(pid=107275) load_cells /opt/stack/nova/nova/context.py:532}}
Sep 20 17:48:05.584283 np0000193575 devstack@n-api-meta.service[107275]: DEBUG oslo_concurrency.lockutils [None req-3e158c61-f46c-477a-8820-8d0875cc19b0 None None] Acquiring lock "00000000-0000-0000-0000-000000000000" by "nova.context.set_target_cell..get_or_set_cached_cell_and_set_connections" {{(pid=107275) inner /opt/stack/data/venv/lib/python3.12/site-packages/oslo_concurrency/lockutils.py:512}}
Sep 20 17:48:05.584283 np0000193575 devstack@n-api-meta.service[107275]: DEBUG oslo_concurrency.lockutils [None req-3e158c61-f46c-477a-8820-8d0875cc19b0 None None] Lock "00000000-0000-0000-0000-000000000000" acquired by "nova.context.set_target_cell..get_or_set_cached_cell_and_set_connections" :: waited 0.000s {{(pid=107275) inner /opt/stack/data/venv/lib/python3.12/site-packages/oslo_concurrency/lockutils.py:525}}
Sep 20 17:48:05.584540 np0000193575 devstack@n-api-meta.service[107275]: DEBUG oslo_concurrency.lockutils [None req-3e158c61-f46c-477a-8820-8d0875cc19b0 None None] Lock "00000000-0000-0000-0000-000000000000" "released" by "nova.context.set_target_cell..get_or_set_cached_cell_and_set_connections" :: held 0.000s {{(pid=107275) inner /opt/stack/data/venv/lib/python3.12/site-packages/oslo_concurrency/lockutils.py:544}}
Sep 20 17:48:05.584829 np0000193575 devstack@n-api-meta.service[107275]: INFO nova.thread_pool_factory [None req-3e158c61-f46c-477a-8820-8d0875cc19b0 None None] The cell_worker thread pool MainProcess.cell_worker is initialized
Sep 20 17:48:05.585749 np0000193575 devstack@n-api-meta.service[107275]: DEBUG oslo_concurrency.lockutils [None req-3e158c61-f46c-477a-8820-8d0875cc19b0 None None] Acquiring lock "f75ebd41-ff5d-46d0-867c-3b2f9655be31" by "nova.context.set_target_cell..get_or_set_cached_cell_and_set_connections" {{(pid=107275) inner /opt/stack/data/venv/lib/python3.12/site-packages/oslo_concurrency/lockutils.py:512}}
Sep 20 17:48:05.585932 np0000193575 devstack@n-api-meta.service[107275]: DEBUG oslo_concurrency.lockutils [None req-3e158c61-f46c-477a-8820-8d0875cc19b0 None None] Lock "f75ebd41-ff5d-46d0-867c-3b2f9655be31" acquired by "nova.context.set_target_cell..get_or_set_cached_cell_and_set_connections" :: waited 0.000s {{(pid=107275) inner /opt/stack/data/venv/lib/python3.12/site-packages/oslo_concurrency/lockutils.py:525}}
Sep 20 17:48:05.587118 np0000193575 devstack@n-api-meta.service[107275]: DEBUG oslo_concurrency.lockutils [None req-3e158c61-f46c-477a-8820-8d0875cc19b0 None None] Lock "f75ebd41-ff5d-46d0-867c-3b2f9655be31" "released" by "nova.context.set_target_cell..get_or_set_cached_cell_and_set_connections" :: held 0.001s {{(pid=107275) inner /opt/stack/data/venv/lib/python3.12/site-packages/oslo_concurrency/lockutils.py:544}}
Sep 20 17:48:05.591053 np0000193575 devstack@n-api-meta.service[107275]: INFO dbcounter [None req-3e158c61-f46c-477a-8820-8d0875cc19b0 None None] Registered counter for database nova_cell0
Sep 20 17:48:05.591586 np0000193575 devstack@n-api-meta.service[107274]: DEBUG oslo_db.sqlalchemy.engines [None req-5d5598f3-1787-4e25-9d5f-625f8a791bbc None None] MySQL server mode set to STRICT_TRANS_TABLES,STRICT_ALL_TABLES,NO_ZERO_IN_DATE,NO_ZERO_DATE,ERROR_FOR_DIVISION_BY_ZERO,TRADITIONAL,NO_ENGINE_SUBSTITUTION {{(pid=107274) _check_effective_sql_mode /opt/stack/data/venv/lib/python3.12/site-packages/oslo_db/sqlalchemy/engines.py:325}}
Sep 20 17:48:05.596107 np0000193575 devstack@n-api-meta.service[107273]: DEBUG dbcounter [-] [107273] Writer thread running {{(pid=107273) stat_writer /opt/stack/data/venv/lib/python3.12/site-packages/dbcounter.py:102}}
Sep 20 17:48:05.596603 np0000193575 devstack@n-api-meta.service[107275]: INFO dbcounter [None req-3e158c61-f46c-477a-8820-8d0875cc19b0 None None] Registered counter for database nova_cell1
Sep 20 17:48:05.598546 np0000193575 devstack@n-api-meta.service[107273]: DEBUG nova.context [None req-0056e1ca-53ab-4d24-970d-cf6b2505cadb None None] Found 2 cells: 00000000-0000-0000-0000-000000000000(cell0),f75ebd41-ff5d-46d0-867c-3b2f9655be31(cell1) {{(pid=107273) load_cells /opt/stack/nova/nova/context.py:532}}
Sep 20 17:48:05.600404 np0000193575 devstack@n-api-meta.service[107273]: DEBUG oslo_concurrency.lockutils [None req-0056e1ca-53ab-4d24-970d-cf6b2505cadb None None] Acquiring lock "00000000-0000-0000-0000-000000000000" by "nova.context.set_target_cell..get_or_set_cached_cell_and_set_connections" {{(pid=107273) inner /opt/stack/data/venv/lib/python3.12/site-packages/oslo_concurrency/lockutils.py:512}}
Sep 20 17:48:05.600571 np0000193575 devstack@n-api-meta.service[107273]: DEBUG oslo_concurrency.lockutils [None req-0056e1ca-53ab-4d24-970d-cf6b2505cadb None None] Lock "00000000-0000-0000-0000-000000000000" acquired by "nova.context.set_target_cell..get_or_set_cached_cell_and_set_connections" :: waited 0.000s {{(pid=107273) inner /opt/stack/data/venv/lib/python3.12/site-packages/oslo_concurrency/lockutils.py:525}}
Sep 20 17:48:05.600972 np0000193575 devstack@n-api-meta.service[107273]: DEBUG oslo_concurrency.lockutils [None req-0056e1ca-53ab-4d24-970d-cf6b2505cadb None None] Lock "00000000-0000-0000-0000-000000000000" "released" by "nova.context.set_target_cell..get_or_set_cached_cell_and_set_connections" :: held 0.000s {{(pid=107273) inner /opt/stack/data/venv/lib/python3.12/site-packages/oslo_concurrency/lockutils.py:544}}
Sep 20 17:48:05.601227 np0000193575 devstack@n-api-meta.service[107273]: INFO nova.thread_pool_factory [None req-0056e1ca-53ab-4d24-970d-cf6b2505cadb None None] The cell_worker thread pool MainProcess.cell_worker is initialized
Sep 20 17:48:05.602029 np0000193575 devstack@n-api-meta.service[107273]: DEBUG oslo_concurrency.lockutils [None req-0056e1ca-53ab-4d24-970d-cf6b2505cadb None None] Acquiring lock "f75ebd41-ff5d-46d0-867c-3b2f9655be31" by "nova.context.set_target_cell..get_or_set_cached_cell_and_set_connections" {{(pid=107273) inner /opt/stack/data/venv/lib/python3.12/site-packages/oslo_concurrency/lockutils.py:512}}
Sep 20 17:48:05.602186 np0000193575 devstack@n-api-meta.service[107273]: DEBUG oslo_concurrency.lockutils [None req-0056e1ca-53ab-4d24-970d-cf6b2505cadb None None] Lock "f75ebd41-ff5d-46d0-867c-3b2f9655be31" acquired by "nova.context.set_target_cell..get_or_set_cached_cell_and_set_connections" :: waited 0.000s {{(pid=107273) inner /opt/stack/data/venv/lib/python3.12/site-packages/oslo_concurrency/lockutils.py:525}}
Sep 20 17:48:05.603207 np0000193575 devstack@n-api-meta.service[107273]: DEBUG oslo_concurrency.lockutils [None req-0056e1ca-53ab-4d24-970d-cf6b2505cadb None None] Lock "f75ebd41-ff5d-46d0-867c-3b2f9655be31" "released" by "nova.context.set_target_cell..get_or_set_cached_cell_and_set_connections" :: held 0.001s {{(pid=107273) inner /opt/stack/data/venv/lib/python3.12/site-packages/oslo_concurrency/lockutils.py:544}}
Sep 20 17:48:05.606414 np0000193575 devstack@n-api-meta.service[107273]: INFO dbcounter [None req-0056e1ca-53ab-4d24-970d-cf6b2505cadb None None] Registered counter for database nova_cell0
Sep 20 17:48:05.612885 np0000193575 devstack@n-api-meta.service[107273]: INFO dbcounter [None req-0056e1ca-53ab-4d24-970d-cf6b2505cadb None None] Registered counter for database nova_cell1
Sep 20 17:48:05.624304 np0000193575 devstack@n-api-meta.service[107274]: DEBUG dbcounter [-] [107274] Writer thread running {{(pid=107274) stat_writer /opt/stack/data/venv/lib/python3.12/site-packages/dbcounter.py:102}}
Sep 20 17:48:05.626725 np0000193575 devstack@n-api-meta.service[107274]: DEBUG nova.context [None req-5d5598f3-1787-4e25-9d5f-625f8a791bbc None None] Found 2 cells: 00000000-0000-0000-0000-000000000000(cell0),f75ebd41-ff5d-46d0-867c-3b2f9655be31(cell1) {{(pid=107274) load_cells /opt/stack/nova/nova/context.py:532}}
Sep 20 17:48:05.628604 np0000193575 devstack@n-api-meta.service[107274]: DEBUG oslo_concurrency.lockutils [None req-5d5598f3-1787-4e25-9d5f-625f8a791bbc None None] Acquiring lock "00000000-0000-0000-0000-000000000000" by "nova.context.set_target_cell..get_or_set_cached_cell_and_set_connections" {{(pid=107274) inner /opt/stack/data/venv/lib/python3.12/site-packages/oslo_concurrency/lockutils.py:512}}
Sep 20 17:48:05.628759 np0000193575 devstack@n-api-meta.service[107274]: DEBUG oslo_concurrency.lockutils [None req-5d5598f3-1787-4e25-9d5f-625f8a791bbc None None] Lock "00000000-0000-0000-0000-000000000000" acquired by "nova.context.set_target_cell..get_or_set_cached_cell_and_set_connections" :: waited 0.000s {{(pid=107274) inner /opt/stack/data/venv/lib/python3.12/site-packages/oslo_concurrency/lockutils.py:525}}
Sep 20 17:48:05.629477 np0000193575 devstack@n-api-meta.service[107274]: DEBUG oslo_concurrency.lockutils [None req-5d5598f3-1787-4e25-9d5f-625f8a791bbc None None] Lock "00000000-0000-0000-0000-000000000000" "released" by "nova.context.set_target_cell..get_or_set_cached_cell_and_set_connections" :: held 0.000s {{(pid=107274) inner /opt/stack/data/venv/lib/python3.12/site-packages/oslo_concurrency/lockutils.py:544}}
Sep 20 17:48:05.629477 np0000193575 devstack@n-api-meta.service[107274]: INFO nova.thread_pool_factory [None req-5d5598f3-1787-4e25-9d5f-625f8a791bbc None None] The cell_worker thread pool MainProcess.cell_worker is initialized
Sep 20 17:48:05.630236 np0000193575 devstack@n-api-meta.service[107274]: DEBUG oslo_concurrency.lockutils [None req-5d5598f3-1787-4e25-9d5f-625f8a791bbc None None] Acquiring lock "f75ebd41-ff5d-46d0-867c-3b2f9655be31" by "nova.context.set_target_cell..get_or_set_cached_cell_and_set_connections" {{(pid=107274) inner /opt/stack/data/venv/lib/python3.12/site-packages/oslo_concurrency/lockutils.py:512}}
Sep 20 17:48:05.630391 np0000193575 devstack@n-api-meta.service[107274]: DEBUG oslo_concurrency.lockutils [None req-5d5598f3-1787-4e25-9d5f-625f8a791bbc None None] Lock "f75ebd41-ff5d-46d0-867c-3b2f9655be31" acquired by "nova.context.set_target_cell..get_or_set_cached_cell_and_set_connections" :: waited 0.000s {{(pid=107274) inner /opt/stack/data/venv/lib/python3.12/site-packages/oslo_concurrency/lockutils.py:525}}
Sep 20 17:48:05.631247 np0000193575 devstack@n-api-meta.service[107274]: DEBUG oslo_concurrency.lockutils [None req-5d5598f3-1787-4e25-9d5f-625f8a791bbc None None] Lock "f75ebd41-ff5d-46d0-867c-3b2f9655be31" "released" by "nova.context.set_target_cell..get_or_set_cached_cell_and_set_connections" :: held 0.001s {{(pid=107274) inner /opt/stack/data/venv/lib/python3.12/site-packages/oslo_concurrency/lockutils.py:544}}
Sep 20 17:48:05.634765 np0000193575 devstack@n-api-meta.service[107274]: INFO dbcounter [None req-5d5598f3-1787-4e25-9d5f-625f8a791bbc None None] Registered counter for database nova_cell0
Sep 20 17:48:05.636776 np0000193575 devstack@n-api-meta.service[107272]: DEBUG oslo_db.sqlalchemy.engines [None req-96962b8f-db72-47c8-b687-d12a17bbcc3b None None] MySQL server mode set to STRICT_TRANS_TABLES,STRICT_ALL_TABLES,NO_ZERO_IN_DATE,NO_ZERO_DATE,ERROR_FOR_DIVISION_BY_ZERO,TRADITIONAL,NO_ENGINE_SUBSTITUTION {{(pid=107272) _check_effective_sql_mode /opt/stack/data/venv/lib/python3.12/site-packages/oslo_db/sqlalchemy/engines.py:325}}
Sep 20 17:48:05.641387 np0000193575 devstack@n-api-meta.service[107274]: INFO dbcounter [None req-5d5598f3-1787-4e25-9d5f-625f8a791bbc None None] Registered counter for database nova_cell1
Sep 20 17:48:05.643790 np0000193575 devstack@n-api-meta.service[107272]: DEBUG oslo_db.sqlalchemy.engines [None req-96962b8f-db72-47c8-b687-d12a17bbcc3b None None] MySQL server mode set to STRICT_TRANS_TABLES,STRICT_ALL_TABLES,NO_ZERO_IN_DATE,NO_ZERO_DATE,ERROR_FOR_DIVISION_BY_ZERO,TRADITIONAL,NO_ENGINE_SUBSTITUTION {{(pid=107272) _check_effective_sql_mode /opt/stack/data/venv/lib/python3.12/site-packages/oslo_db/sqlalchemy/engines.py:325}}
Sep 20 17:48:05.669336 np0000193575 devstack@n-api-meta.service[107275]: DEBUG oslo_db.sqlalchemy.engines [None req-3e158c61-f46c-477a-8820-8d0875cc19b0 None None] MySQL server mode set to STRICT_TRANS_TABLES,STRICT_ALL_TABLES,NO_ZERO_IN_DATE,NO_ZERO_DATE,ERROR_FOR_DIVISION_BY_ZERO,TRADITIONAL,NO_ENGINE_SUBSTITUTION {{(pid=107275) _check_effective_sql_mode /opt/stack/data/venv/lib/python3.12/site-packages/oslo_db/sqlalchemy/engines.py:325}}
Sep 20 17:48:05.674196 np0000193575 devstack@n-api-meta.service[107275]: DEBUG oslo_db.sqlalchemy.engines [None req-3e158c61-f46c-477a-8820-8d0875cc19b0 None None] MySQL server mode set to STRICT_TRANS_TABLES,STRICT_ALL_TABLES,NO_ZERO_IN_DATE,NO_ZERO_DATE,ERROR_FOR_DIVISION_BY_ZERO,TRADITIONAL,NO_ENGINE_SUBSTITUTION {{(pid=107275) _check_effective_sql_mode /opt/stack/data/venv/lib/python3.12/site-packages/oslo_db/sqlalchemy/engines.py:325}}
Sep 20 17:48:05.696342 np0000193575 devstack@n-api-meta.service[107273]: DEBUG oslo_db.sqlalchemy.engines [None req-0056e1ca-53ab-4d24-970d-cf6b2505cadb None None] MySQL server mode set to STRICT_TRANS_TABLES,STRICT_ALL_TABLES,NO_ZERO_IN_DATE,NO_ZERO_DATE,ERROR_FOR_DIVISION_BY_ZERO,TRADITIONAL,NO_ENGINE_SUBSTITUTION {{(pid=107273) _check_effective_sql_mode /opt/stack/data/venv/lib/python3.12/site-packages/oslo_db/sqlalchemy/engines.py:325}}
Sep 20 17:48:05.705542 np0000193575 devstack@n-api-meta.service[107274]: DEBUG oslo_db.sqlalchemy.engines [None req-5d5598f3-1787-4e25-9d5f-625f8a791bbc None None] MySQL server mode set to STRICT_TRANS_TABLES,STRICT_ALL_TABLES,NO_ZERO_IN_DATE,NO_ZERO_DATE,ERROR_FOR_DIVISION_BY_ZERO,TRADITIONAL,NO_ENGINE_SUBSTITUTION {{(pid=107274) _check_effective_sql_mode /opt/stack/data/venv/lib/python3.12/site-packages/oslo_db/sqlalchemy/engines.py:325}}
Sep 20 17:48:05.717439 np0000193575 devstack@n-api-meta.service[107274]: DEBUG oslo_db.sqlalchemy.engines [None req-5d5598f3-1787-4e25-9d5f-625f8a791bbc None None] MySQL server mode set to STRICT_TRANS_TABLES,STRICT_ALL_TABLES,NO_ZERO_IN_DATE,NO_ZERO_DATE,ERROR_FOR_DIVISION_BY_ZERO,TRADITIONAL,NO_ENGINE_SUBSTITUTION {{(pid=107274) _check_effective_sql_mode /opt/stack/data/venv/lib/python3.12/site-packages/oslo_db/sqlalchemy/engines.py:325}}
Sep 20 17:48:05.740671 np0000193575 devstack@n-api-meta.service[107272]: DEBUG dbcounter [-] [107272] Writer thread running {{(pid=107272) stat_writer /opt/stack/data/venv/lib/python3.12/site-packages/dbcounter.py:102}}
Sep 20 17:48:05.748143 np0000193575 devstack@n-api-meta.service[107272]: DEBUG dbcounter [-] [107272] Writer thread running {{(pid=107272) stat_writer /opt/stack/data/venv/lib/python3.12/site-packages/dbcounter.py:102}}
Sep 20 17:48:05.754333 np0000193575 devstack@n-api-meta.service[107272]: INFO dbcounter [None req-96962b8f-db72-47c8-b687-d12a17bbcc3b None None] Registered counter for database nova_cell0
Sep 20 17:48:05.762715 np0000193575 devstack@n-api-meta.service[107275]: DEBUG dbcounter [-] [107275] Writer thread running {{(pid=107275) stat_writer /opt/stack/data/venv/lib/python3.12/site-packages/dbcounter.py:102}}
Sep 20 17:48:05.772798 np0000193575 devstack@n-api-meta.service[107273]: DEBUG oslo_db.sqlalchemy.engines [None req-0056e1ca-53ab-4d24-970d-cf6b2505cadb None None] MySQL server mode set to STRICT_TRANS_TABLES,STRICT_ALL_TABLES,NO_ZERO_IN_DATE,NO_ZERO_DATE,ERROR_FOR_DIVISION_BY_ZERO,TRADITIONAL,NO_ENGINE_SUBSTITUTION {{(pid=107273) _check_effective_sql_mode /opt/stack/data/venv/lib/python3.12/site-packages/oslo_db/sqlalchemy/engines.py:325}}
Sep 20 17:48:05.774676 np0000193575 devstack@n-api-meta.service[107275]: DEBUG dbcounter [-] [107275] Writer thread running {{(pid=107275) stat_writer /opt/stack/data/venv/lib/python3.12/site-packages/dbcounter.py:102}}
Sep 20 17:48:05.782974 np0000193575 devstack@n-api-meta.service[107275]: INFO dbcounter [None req-3e158c61-f46c-477a-8820-8d0875cc19b0 None None] Registered counter for database nova_cell0
Sep 20 17:48:05.785837 np0000193575 devstack@n-api-meta.service[107273]: DEBUG dbcounter [-] [107273] Writer thread running {{(pid=107273) stat_writer /opt/stack/data/venv/lib/python3.12/site-packages/dbcounter.py:102}}
Sep 20 17:48:05.789475 np0000193575 devstack@n-api-meta.service[107274]: DEBUG dbcounter [-] [107274] Writer thread running {{(pid=107274) stat_writer /opt/stack/data/venv/lib/python3.12/site-packages/dbcounter.py:102}}
Sep 20 17:48:05.798625 np0000193575 devstack@n-api-meta.service[107274]: DEBUG dbcounter [-] [107274] Writer thread running {{(pid=107274) stat_writer /opt/stack/data/venv/lib/python3.12/site-packages/dbcounter.py:102}}
Sep 20 17:48:05.799657 np0000193575 devstack@n-api-meta.service[107273]: DEBUG dbcounter [-] [107273] Writer thread running {{(pid=107273) stat_writer /opt/stack/data/venv/lib/python3.12/site-packages/dbcounter.py:102}}
Sep 20 17:48:05.805039 np0000193575 devstack@n-api-meta.service[107274]: INFO dbcounter [None req-5d5598f3-1787-4e25-9d5f-625f8a791bbc None None] Registered counter for database nova_cell0
Sep 20 17:48:05.808588 np0000193575 devstack@n-api-meta.service[107273]: INFO dbcounter [None req-0056e1ca-53ab-4d24-970d-cf6b2505cadb None None] Registered counter for database nova_cell0
Sep 20 17:48:05.817593 np0000193575 devstack@n-api-meta.service[107272]: DEBUG oslo_db.sqlalchemy.engines [None req-96962b8f-db72-47c8-b687-d12a17bbcc3b None None] MySQL server mode set to STRICT_TRANS_TABLES,STRICT_ALL_TABLES,NO_ZERO_IN_DATE,NO_ZERO_DATE,ERROR_FOR_DIVISION_BY_ZERO,TRADITIONAL,NO_ENGINE_SUBSTITUTION {{(pid=107272) _check_effective_sql_mode /opt/stack/data/venv/lib/python3.12/site-packages/oslo_db/sqlalchemy/engines.py:325}}
Sep 20 17:48:05.828949 np0000193575 devstack@n-api-meta.service[107275]: DEBUG oslo_db.sqlalchemy.engines [None req-3e158c61-f46c-477a-8820-8d0875cc19b0 None None] MySQL server mode set to STRICT_TRANS_TABLES,STRICT_ALL_TABLES,NO_ZERO_IN_DATE,NO_ZERO_DATE,ERROR_FOR_DIVISION_BY_ZERO,TRADITIONAL,NO_ENGINE_SUBSTITUTION {{(pid=107275) _check_effective_sql_mode /opt/stack/data/venv/lib/python3.12/site-packages/oslo_db/sqlalchemy/engines.py:325}}
Sep 20 17:48:05.830382 np0000193575 devstack@n-api-meta.service[107272]: DEBUG dbcounter [-] [107272] Writer thread running {{(pid=107272) stat_writer /opt/stack/data/venv/lib/python3.12/site-packages/dbcounter.py:102}}
Sep 20 17:48:05.834865 np0000193575 devstack@n-api-meta.service[107275]: DEBUG dbcounter [-] [107275] Writer thread running {{(pid=107275) stat_writer /opt/stack/data/venv/lib/python3.12/site-packages/dbcounter.py:102}}
Sep 20 17:48:05.869629 np0000193575 devstack@n-api-meta.service[107274]: DEBUG oslo_db.sqlalchemy.engines [None req-5d5598f3-1787-4e25-9d5f-625f8a791bbc None None] MySQL server mode set to STRICT_TRANS_TABLES,STRICT_ALL_TABLES,NO_ZERO_IN_DATE,NO_ZERO_DATE,ERROR_FOR_DIVISION_BY_ZERO,TRADITIONAL,NO_ENGINE_SUBSTITUTION {{(pid=107274) _check_effective_sql_mode /opt/stack/data/venv/lib/python3.12/site-packages/oslo_db/sqlalchemy/engines.py:325}}
Sep 20 17:48:05.873266 np0000193575 devstack@n-api-meta.service[107273]: DEBUG oslo_db.sqlalchemy.engines [None req-0056e1ca-53ab-4d24-970d-cf6b2505cadb None None] MySQL server mode set to STRICT_TRANS_TABLES,STRICT_ALL_TABLES,NO_ZERO_IN_DATE,NO_ZERO_DATE,ERROR_FOR_DIVISION_BY_ZERO,TRADITIONAL,NO_ENGINE_SUBSTITUTION {{(pid=107273) _check_effective_sql_mode /opt/stack/data/venv/lib/python3.12/site-packages/oslo_db/sqlalchemy/engines.py:325}}
Sep 20 17:48:05.875818 np0000193575 devstack@n-api-meta.service[107275]: WARNING nova.api.metadata.handler [None req-3e158c61-f46c-477a-8820-8d0875cc19b0 None None] metadata_proxy_shared_secret is not configured, the metadata information returned by the proxy cannot be trusted
Sep 20 17:48:05.878144 np0000193575 devstack@n-api-meta.service[107275]: DEBUG nova.api.openstack.wsgi_app [None req-3e158c61-f46c-477a-8820-8d0875cc19b0 None None] ******************************************************************************** {{(pid=107275) log_opt_values /opt/stack/data/venv/lib/python3.12/site-packages/oslo_config/cfg.py:3533}}
Sep 20 17:48:05.878144 np0000193575 devstack@n-api-meta.service[107275]: DEBUG nova.api.openstack.wsgi_app [None req-3e158c61-f46c-477a-8820-8d0875cc19b0 None None] Configuration options gathered from: {{(pid=107275) log_opt_values /opt/stack/data/venv/lib/python3.12/site-packages/oslo_config/cfg.py:3534}}
Sep 20 17:48:05.878416 np0000193575 devstack@n-api-meta.service[107275]: DEBUG nova.api.openstack.wsgi_app [None req-3e158c61-f46c-477a-8820-8d0875cc19b0 None None] command line args: [] {{(pid=107275) log_opt_values /opt/stack/data/venv/lib/python3.12/site-packages/oslo_config/cfg.py:3535}}
Sep 20 17:48:05.878416 np0000193575 devstack@n-api-meta.service[107275]: DEBUG nova.api.openstack.wsgi_app [None req-3e158c61-f46c-477a-8820-8d0875cc19b0 None None] config files: ['/etc/nova/api-paste.ini', '/etc/nova/nova.conf'] {{(pid=107275) log_opt_values /opt/stack/data/venv/lib/python3.12/site-packages/oslo_config/cfg.py:3536}}
Sep 20 17:48:05.878598 np0000193575 devstack@n-api-meta.service[107275]: DEBUG nova.api.openstack.wsgi_app [None req-3e158c61-f46c-477a-8820-8d0875cc19b0 None None] ================================================================================ {{(pid=107275) log_opt_values /opt/stack/data/venv/lib/python3.12/site-packages/oslo_config/cfg.py:3541}}
Sep 20 17:48:05.878709 np0000193575 devstack@n-api-meta.service[107275]: DEBUG nova.api.openstack.wsgi_app [None req-3e158c61-f46c-477a-8820-8d0875cc19b0 None None] allow_resize_to_same_host = True {{(pid=107275) log_opt_values /opt/stack/data/venv/lib/python3.12/site-packages/oslo_config/cfg.py:3549}}
Sep 20 17:48:05.878832 np0000193575 devstack@n-api-meta.service[107275]: DEBUG nova.api.openstack.wsgi_app [None req-3e158c61-f46c-477a-8820-8d0875cc19b0 None None] arq_binding_timeout = 300 {{(pid=107275) log_opt_values /opt/stack/data/venv/lib/python3.12/site-packages/oslo_config/cfg.py:3549}}
Sep 20 17:48:05.878949 np0000193575 devstack@n-api-meta.service[107275]: DEBUG nova.api.openstack.wsgi_app [None req-3e158c61-f46c-477a-8820-8d0875cc19b0 None None] block_device_allocate_retries = 60 {{(pid=107275) log_opt_values /opt/stack/data/venv/lib/python3.12/site-packages/oslo_config/cfg.py:3549}}
Sep 20 17:48:05.879107 np0000193575 devstack@n-api-meta.service[107275]: DEBUG nova.api.openstack.wsgi_app [None req-3e158c61-f46c-477a-8820-8d0875cc19b0 None None] block_device_allocate_retries_interval = 3 {{(pid=107275) log_opt_values /opt/stack/data/venv/lib/python3.12/site-packages/oslo_config/cfg.py:3549}}
Sep 20 17:48:05.879212 np0000193575 devstack@n-api-meta.service[107275]: DEBUG nova.api.openstack.wsgi_app [None req-3e158c61-f46c-477a-8820-8d0875cc19b0 None None] cell_worker_thread_pool_size = 5 {{(pid=107275) log_opt_values /opt/stack/data/venv/lib/python3.12/site-packages/oslo_config/cfg.py:3549}}
Sep 20 17:48:05.879342 np0000193575 devstack@n-api-meta.service[107275]: DEBUG nova.api.openstack.wsgi_app [None req-3e158c61-f46c-477a-8820-8d0875cc19b0 None None] cert = self.pem {{(pid=107275) log_opt_values /opt/stack/data/venv/lib/python3.12/site-packages/oslo_config/cfg.py:3549}}
Sep 20 17:48:05.879623 np0000193575 devstack@n-api-meta.service[107275]: DEBUG nova.api.openstack.wsgi_app [None req-3e158c61-f46c-477a-8820-8d0875cc19b0 None None] compute_driver = libvirt.LibvirtDriver {{(pid=107275) log_opt_values /opt/stack/data/venv/lib/python3.12/site-packages/oslo_config/cfg.py:3549}}
Sep 20 17:48:05.879745 np0000193575 devstack@n-api-meta.service[107275]: DEBUG nova.api.openstack.wsgi_app [None req-3e158c61-f46c-477a-8820-8d0875cc19b0 None None] compute_monitors = [] {{(pid=107275) log_opt_values /opt/stack/data/venv/lib/python3.12/site-packages/oslo_config/cfg.py:3549}}
Sep 20 17:48:05.879939 np0000193575 devstack@n-api-meta.service[107275]: DEBUG nova.api.openstack.wsgi_app [None req-3e158c61-f46c-477a-8820-8d0875cc19b0 None None] concurrency_backend = auto {{(pid=107275) log_opt_values /opt/stack/data/venv/lib/python3.12/site-packages/oslo_config/cfg.py:3549}}
Sep 20 17:48:05.879939 np0000193575 devstack@n-api-meta.service[107275]: DEBUG nova.api.openstack.wsgi_app [None req-3e158c61-f46c-477a-8820-8d0875cc19b0 None None] config_dir = [] {{(pid=107275) log_opt_values /opt/stack/data/venv/lib/python3.12/site-packages/oslo_config/cfg.py:3549}}
Sep 20 17:48:05.880172 np0000193575 devstack@n-api-meta.service[107275]: DEBUG nova.api.openstack.wsgi_app [None req-3e158c61-f46c-477a-8820-8d0875cc19b0 None None] config_drive_format = iso9660 {{(pid=107275) log_opt_values /opt/stack/data/venv/lib/python3.12/site-packages/oslo_config/cfg.py:3549}}
Sep 20 17:48:05.880172 np0000193575 devstack@n-api-meta.service[107275]: DEBUG nova.api.openstack.wsgi_app [None req-3e158c61-f46c-477a-8820-8d0875cc19b0 None None] config_file = ['/etc/nova/api-paste.ini', '/etc/nova/nova.conf'] {{(pid=107275) log_opt_values /opt/stack/data/venv/lib/python3.12/site-packages/oslo_config/cfg.py:3549}}
Sep 20 17:48:05.880347 np0000193575 devstack@n-api-meta.service[107275]: DEBUG nova.api.openstack.wsgi_app [None req-3e158c61-f46c-477a-8820-8d0875cc19b0 None None] config_source = [] {{(pid=107275) log_opt_values /opt/stack/data/venv/lib/python3.12/site-packages/oslo_config/cfg.py:3549}}
Sep 20 17:48:05.880470 np0000193575 devstack@n-api-meta.service[107275]: DEBUG nova.api.openstack.wsgi_app [None req-3e158c61-f46c-477a-8820-8d0875cc19b0 None None] console_host = np0000193575 {{(pid=107275) log_opt_values /opt/stack/data/venv/lib/python3.12/site-packages/oslo_config/cfg.py:3549}}
Sep 20 17:48:05.880581 np0000193575 devstack@n-api-meta.service[107275]: DEBUG nova.api.openstack.wsgi_app [None req-3e158c61-f46c-477a-8820-8d0875cc19b0 None None] control_exchange = nova {{(pid=107275) log_opt_values /opt/stack/data/venv/lib/python3.12/site-packages/oslo_config/cfg.py:3549}}
Sep 20 17:48:05.880682 np0000193575 devstack@n-api-meta.service[107275]: DEBUG nova.api.openstack.wsgi_app [None req-3e158c61-f46c-477a-8820-8d0875cc19b0 None None] cpu_allocation_ratio = None {{(pid=107275) log_opt_values /opt/stack/data/venv/lib/python3.12/site-packages/oslo_config/cfg.py:3549}}
Sep 20 17:48:05.880762 np0000193575 devstack@n-api-meta.service[107274]: DEBUG dbcounter [-] [107274] Writer thread running {{(pid=107274) stat_writer /opt/stack/data/venv/lib/python3.12/site-packages/dbcounter.py:102}}
Sep 20 17:48:05.880824 np0000193575 devstack@n-api-meta.service[107275]: DEBUG nova.api.openstack.wsgi_app [None req-3e158c61-f46c-477a-8820-8d0875cc19b0 None None] daemon = False {{(pid=107275) log_opt_values /opt/stack/data/venv/lib/python3.12/site-packages/oslo_config/cfg.py:3549}}
Sep 20 17:48:05.880918 np0000193575 devstack@n-api-meta.service[107275]: DEBUG nova.api.openstack.wsgi_app [None req-3e158c61-f46c-477a-8820-8d0875cc19b0 None None] debug = True {{(pid=107275) log_opt_values /opt/stack/data/venv/lib/python3.12/site-packages/oslo_config/cfg.py:3549}}
Sep 20 17:48:05.881049 np0000193575 devstack@n-api-meta.service[107275]: DEBUG nova.api.openstack.wsgi_app [None req-3e158c61-f46c-477a-8820-8d0875cc19b0 None None] default_access_ip_network_name = None {{(pid=107275) log_opt_values /opt/stack/data/venv/lib/python3.12/site-packages/oslo_config/cfg.py:3549}}
Sep 20 17:48:05.881171 np0000193575 devstack@n-api-meta.service[107275]: DEBUG nova.api.openstack.wsgi_app [None req-3e158c61-f46c-477a-8820-8d0875cc19b0 None None] default_availability_zone = nova {{(pid=107275) log_opt_values /opt/stack/data/venv/lib/python3.12/site-packages/oslo_config/cfg.py:3549}}
Sep 20 17:48:05.881287 np0000193575 devstack@n-api-meta.service[107275]: DEBUG nova.api.openstack.wsgi_app [None req-3e158c61-f46c-477a-8820-8d0875cc19b0 None None] default_ephemeral_format = ext4 {{(pid=107275) log_opt_values /opt/stack/data/venv/lib/python3.12/site-packages/oslo_config/cfg.py:3549}}
Sep 20 17:48:05.881425 np0000193575 devstack@n-api-meta.service[107275]: DEBUG nova.api.openstack.wsgi_app [None req-3e158c61-f46c-477a-8820-8d0875cc19b0 None None] default_green_pool_size = 1000 {{(pid=107275) log_opt_values /opt/stack/data/venv/lib/python3.12/site-packages/oslo_config/cfg.py:3549}}
Sep 20 17:48:05.881619 np0000193575 devstack@n-api-meta.service[107275]: DEBUG nova.api.openstack.wsgi_app [None req-3e158c61-f46c-477a-8820-8d0875cc19b0 None None] default_log_levels = ['amqp=WARN', 'boto=WARN', 'sqlalchemy=WARN', 'suds=INFO', 'oslo.messaging=INFO', 'oslo_messaging=INFO', 'iso8601=WARN', 'requests.packages.urllib3.connectionpool=WARN', 'urllib3.connectionpool=WARN', 'websocket=WARN', 'requests.packages.urllib3.util.retry=WARN', 'urllib3.util.retry=WARN', 'keystonemiddleware=WARN', 'routes.middleware=WARN', 'stevedore=WARN', 'taskflow=WARN', 'keystoneauth=WARN', 'oslo.cache=INFO', 'oslo_policy=INFO', 'dogpile.core.dogpile=INFO', 'glanceclient=WARN', 'oslo.privsep.daemon=INFO'] {{(pid=107275) log_opt_values /opt/stack/data/venv/lib/python3.12/site-packages/oslo_config/cfg.py:3549}}
Sep 20 17:48:05.881845 np0000193575 devstack@n-api-meta.service[107275]: DEBUG nova.api.openstack.wsgi_app [None req-3e158c61-f46c-477a-8820-8d0875cc19b0 None None] default_schedule_zone = None {{(pid=107275) log_opt_values /opt/stack/data/venv/lib/python3.12/site-packages/oslo_config/cfg.py:3549}}
Sep 20 17:48:05.881845 np0000193575 devstack@n-api-meta.service[107275]: DEBUG nova.api.openstack.wsgi_app [None req-3e158c61-f46c-477a-8820-8d0875cc19b0 None None] default_thread_pool_size = 10 {{(pid=107275) log_opt_values /opt/stack/data/venv/lib/python3.12/site-packages/oslo_config/cfg.py:3549}}
Sep 20 17:48:05.882068 np0000193575 devstack@n-api-meta.service[107275]: DEBUG nova.api.openstack.wsgi_app [None req-3e158c61-f46c-477a-8820-8d0875cc19b0 None None] disk_allocation_ratio = None {{(pid=107275) log_opt_values /opt/stack/data/venv/lib/python3.12/site-packages/oslo_config/cfg.py:3549}}
Sep 20 17:48:05.882068 np0000193575 devstack@n-api-meta.service[107275]: DEBUG nova.api.openstack.wsgi_app [None req-3e158c61-f46c-477a-8820-8d0875cc19b0 None None] enable_new_services = True {{(pid=107275) log_opt_values /opt/stack/data/venv/lib/python3.12/site-packages/oslo_config/cfg.py:3549}}
Sep 20 17:48:05.882217 np0000193575 devstack@n-api-meta.service[107275]: DEBUG nova.api.openstack.wsgi_app [None req-3e158c61-f46c-477a-8820-8d0875cc19b0 None None] flat_injected = False {{(pid=107275) log_opt_values /opt/stack/data/venv/lib/python3.12/site-packages/oslo_config/cfg.py:3549}}
Sep 20 17:48:05.882301 np0000193575 devstack@n-api-meta.service[107275]: DEBUG nova.api.openstack.wsgi_app [None req-3e158c61-f46c-477a-8820-8d0875cc19b0 None None] force_config_drive = False {{(pid=107275) log_opt_values /opt/stack/data/venv/lib/python3.12/site-packages/oslo_config/cfg.py:3549}}
Sep 20 17:48:05.882483 np0000193575 devstack@n-api-meta.service[107275]: DEBUG nova.api.openstack.wsgi_app [None req-3e158c61-f46c-477a-8820-8d0875cc19b0 None None] force_raw_images = True {{(pid=107275) log_opt_values /opt/stack/data/venv/lib/python3.12/site-packages/oslo_config/cfg.py:3549}}
Sep 20 17:48:05.882599 np0000193575 devstack@n-api-meta.service[107275]: DEBUG nova.api.openstack.wsgi_app [None req-3e158c61-f46c-477a-8820-8d0875cc19b0 None None] graceful_shutdown_timeout = 5 {{(pid=107275) log_opt_values /opt/stack/data/venv/lib/python3.12/site-packages/oslo_config/cfg.py:3549}}
Sep 20 17:48:05.882708 np0000193575 devstack@n-api-meta.service[107275]: DEBUG nova.api.openstack.wsgi_app [None req-3e158c61-f46c-477a-8820-8d0875cc19b0 None None] heal_instance_info_cache_interval = -1 {{(pid=107275) log_opt_values /opt/stack/data/venv/lib/python3.12/site-packages/oslo_config/cfg.py:3549}}
Sep 20 17:48:05.882839 np0000193575 devstack@n-api-meta.service[107275]: DEBUG nova.api.openstack.wsgi_app [None req-3e158c61-f46c-477a-8820-8d0875cc19b0 None None] host = np0000193575 {{(pid=107275) log_opt_values /opt/stack/data/venv/lib/python3.12/site-packages/oslo_config/cfg.py:3549}}
Sep 20 17:48:05.882975 np0000193575 devstack@n-api-meta.service[107275]: DEBUG nova.api.openstack.wsgi_app [None req-3e158c61-f46c-477a-8820-8d0875cc19b0 None None] initial_cpu_allocation_ratio = 4.0 {{(pid=107275) log_opt_values /opt/stack/data/venv/lib/python3.12/site-packages/oslo_config/cfg.py:3549}}
Sep 20 17:48:05.883163 np0000193575 devstack@n-api-meta.service[107275]: DEBUG nova.api.openstack.wsgi_app [None req-3e158c61-f46c-477a-8820-8d0875cc19b0 None None] initial_disk_allocation_ratio = 1.0 {{(pid=107275) log_opt_values /opt/stack/data/venv/lib/python3.12/site-packages/oslo_config/cfg.py:3549}}
Sep 20 17:48:05.883227 np0000193575 devstack@n-api-meta.service[107275]: DEBUG nova.api.openstack.wsgi_app [None req-3e158c61-f46c-477a-8820-8d0875cc19b0 None None] initial_ram_allocation_ratio = 1.0 {{(pid=107275) log_opt_values /opt/stack/data/venv/lib/python3.12/site-packages/oslo_config/cfg.py:3549}}
Sep 20 17:48:05.883440 np0000193575 devstack@n-api-meta.service[107275]: DEBUG nova.api.openstack.wsgi_app [None req-3e158c61-f46c-477a-8820-8d0875cc19b0 None None] injected_network_template = /opt/stack/nova/nova/virt/interfaces.template {{(pid=107275) log_opt_values /opt/stack/data/venv/lib/python3.12/site-packages/oslo_config/cfg.py:3549}}
Sep 20 17:48:05.883578 np0000193575 devstack@n-api-meta.service[107275]: DEBUG nova.api.openstack.wsgi_app [None req-3e158c61-f46c-477a-8820-8d0875cc19b0 None None] instance_build_timeout = 0 {{(pid=107275) log_opt_values /opt/stack/data/venv/lib/python3.12/site-packages/oslo_config/cfg.py:3549}}
Sep 20 17:48:05.883645 np0000193575 devstack@n-api-meta.service[107275]: DEBUG nova.api.openstack.wsgi_app [None req-3e158c61-f46c-477a-8820-8d0875cc19b0 None None] instance_delete_interval = 300 {{(pid=107275) log_opt_values /opt/stack/data/venv/lib/python3.12/site-packages/oslo_config/cfg.py:3549}}
Sep 20 17:48:05.883748 np0000193575 devstack@n-api-meta.service[107275]: DEBUG nova.api.openstack.wsgi_app [None req-3e158c61-f46c-477a-8820-8d0875cc19b0 None None] instance_format = [instance: %(uuid)s] {{(pid=107275) log_opt_values /opt/stack/data/venv/lib/python3.12/site-packages/oslo_config/cfg.py:3549}}
Sep 20 17:48:05.883865 np0000193575 devstack@n-api-meta.service[107275]: DEBUG nova.api.openstack.wsgi_app [None req-3e158c61-f46c-477a-8820-8d0875cc19b0 None None] instance_name_template = instance-%08x {{(pid=107275) log_opt_values /opt/stack/data/venv/lib/python3.12/site-packages/oslo_config/cfg.py:3549}}
Sep 20 17:48:05.884043 np0000193575 devstack@n-api-meta.service[107275]: DEBUG nova.api.openstack.wsgi_app [None req-3e158c61-f46c-477a-8820-8d0875cc19b0 None None] instance_usage_audit = False {{(pid=107275) log_opt_values /opt/stack/data/venv/lib/python3.12/site-packages/oslo_config/cfg.py:3549}}
Sep 20 17:48:05.884166 np0000193575 devstack@n-api-meta.service[107275]: DEBUG nova.api.openstack.wsgi_app [None req-3e158c61-f46c-477a-8820-8d0875cc19b0 None None] instance_usage_audit_period = month {{(pid=107275) log_opt_values /opt/stack/data/venv/lib/python3.12/site-packages/oslo_config/cfg.py:3549}}
Sep 20 17:48:05.884286 np0000193575 devstack@n-api-meta.service[107275]: DEBUG nova.api.openstack.wsgi_app [None req-3e158c61-f46c-477a-8820-8d0875cc19b0 None None] instance_uuid_format = [instance: %(uuid)s] {{(pid=107275) log_opt_values /opt/stack/data/venv/lib/python3.12/site-packages/oslo_config/cfg.py:3549}}
Sep 20 17:48:05.884437 np0000193575 devstack@n-api-meta.service[107275]: DEBUG nova.api.openstack.wsgi_app [None req-3e158c61-f46c-477a-8820-8d0875cc19b0 None None] instances_path = /opt/stack/data/nova/instances {{(pid=107275) log_opt_values /opt/stack/data/venv/lib/python3.12/site-packages/oslo_config/cfg.py:3549}}
Sep 20 17:48:05.884584 np0000193575 devstack@n-api-meta.service[107275]: DEBUG nova.api.openstack.wsgi_app [None req-3e158c61-f46c-477a-8820-8d0875cc19b0 None None] internal_service_availability_zone = internal {{(pid=107275) log_opt_values /opt/stack/data/venv/lib/python3.12/site-packages/oslo_config/cfg.py:3549}}
Sep 20 17:48:05.884708 np0000193575 devstack@n-api-meta.service[107275]: DEBUG nova.api.openstack.wsgi_app [None req-3e158c61-f46c-477a-8820-8d0875cc19b0 None None] key = None {{(pid=107275) log_opt_values /opt/stack/data/venv/lib/python3.12/site-packages/oslo_config/cfg.py:3549}}
Sep 20 17:48:05.884899 np0000193575 devstack@n-api-meta.service[107275]: DEBUG nova.api.openstack.wsgi_app [None req-3e158c61-f46c-477a-8820-8d0875cc19b0 None None] live_migration_retry_count = 30 {{(pid=107275) log_opt_values /opt/stack/data/venv/lib/python3.12/site-packages/oslo_config/cfg.py:3549}}
Sep 20 17:48:05.884966 np0000193575 devstack@n-api-meta.service[107273]: DEBUG dbcounter [-] [107273] Writer thread running {{(pid=107273) stat_writer /opt/stack/data/venv/lib/python3.12/site-packages/dbcounter.py:102}}
Sep 20 17:48:05.885045 np0000193575 devstack@n-api-meta.service[107275]: DEBUG nova.api.openstack.wsgi_app [None req-3e158c61-f46c-477a-8820-8d0875cc19b0 None None] log_color = False {{(pid=107275) log_opt_values /opt/stack/data/venv/lib/python3.12/site-packages/oslo_config/cfg.py:3549}}
Sep 20 17:48:05.885142 np0000193575 devstack@n-api-meta.service[107275]: DEBUG nova.api.openstack.wsgi_app [None req-3e158c61-f46c-477a-8820-8d0875cc19b0 None None] log_config_append = None {{(pid=107275) log_opt_values /opt/stack/data/venv/lib/python3.12/site-packages/oslo_config/cfg.py:3549}}
Sep 20 17:48:05.885265 np0000193575 devstack@n-api-meta.service[107275]: DEBUG nova.api.openstack.wsgi_app [None req-3e158c61-f46c-477a-8820-8d0875cc19b0 None None] log_date_format = %Y-%m-%d %H:%M:%S {{(pid=107275) log_opt_values /opt/stack/data/venv/lib/python3.12/site-packages/oslo_config/cfg.py:3549}}
Sep 20 17:48:05.885401 np0000193575 devstack@n-api-meta.service[107275]: DEBUG nova.api.openstack.wsgi_app [None req-3e158c61-f46c-477a-8820-8d0875cc19b0 None None] log_dir = None {{(pid=107275) log_opt_values /opt/stack/data/venv/lib/python3.12/site-packages/oslo_config/cfg.py:3549}}
Sep 20 17:48:05.885521 np0000193575 devstack@n-api-meta.service[107275]: DEBUG nova.api.openstack.wsgi_app [None req-3e158c61-f46c-477a-8820-8d0875cc19b0 None None] log_file = None {{(pid=107275) log_opt_values /opt/stack/data/venv/lib/python3.12/site-packages/oslo_config/cfg.py:3549}}
Sep 20 17:48:05.885664 np0000193575 devstack@n-api-meta.service[107275]: DEBUG nova.api.openstack.wsgi_app [None req-3e158c61-f46c-477a-8820-8d0875cc19b0 None None] log_options = True {{(pid=107275) log_opt_values /opt/stack/data/venv/lib/python3.12/site-packages/oslo_config/cfg.py:3549}}
Sep 20 17:48:05.885821 np0000193575 devstack@n-api-meta.service[107275]: DEBUG nova.api.openstack.wsgi_app [None req-3e158c61-f46c-477a-8820-8d0875cc19b0 None None] log_rotate_interval = 1 {{(pid=107275) log_opt_values /opt/stack/data/venv/lib/python3.12/site-packages/oslo_config/cfg.py:3549}}
Sep 20 17:48:05.885947 np0000193575 devstack@n-api-meta.service[107275]: DEBUG nova.api.openstack.wsgi_app [None req-3e158c61-f46c-477a-8820-8d0875cc19b0 None None] log_rotate_interval_type = days {{(pid=107275) log_opt_values /opt/stack/data/venv/lib/python3.12/site-packages/oslo_config/cfg.py:3549}}
Sep 20 17:48:05.886011 np0000193575 devstack@n-api-meta.service[107272]: WARNING nova.api.metadata.handler [None req-96962b8f-db72-47c8-b687-d12a17bbcc3b None None] metadata_proxy_shared_secret is not configured, the metadata information returned by the proxy cannot be trusted
