Sep 20 17:48:04.104984 np0000193575 nova-scheduler[107319]: DEBUG cotyledon.oslo_config_glue [-] workarounds.handle_virt_lifecycle_events = True {{(pid=107319) log_opt_values /opt/stack/data/venv/lib/python3.12/site-packages/oslo_config/cfg.py:3560}}
Sep 20 17:48:04.105040 np0000193575 nova-scheduler[107319]: DEBUG cotyledon.oslo_config_glue [-] workarounds.libvirt_disable_apic = False {{(pid=107319) log_opt_values /opt/stack/data/venv/lib/python3.12/site-packages/oslo_config/cfg.py:3560}}
Sep 20 17:48:04.105096 np0000193575 nova-scheduler[107319]: DEBUG cotyledon.oslo_config_glue [-] workarounds.never_download_image_if_on_rbd = False {{(pid=107319) log_opt_values /opt/stack/data/venv/lib/python3.12/site-packages/oslo_config/cfg.py:3560}}
Sep 20 17:48:04.105145 np0000193575 nova-scheduler[107319]: DEBUG cotyledon.oslo_config_glue [-] workarounds.qemu_monitor_announce_self_count = 3 {{(pid=107319) log_opt_values /opt/stack/data/venv/lib/python3.12/site-packages/oslo_config/cfg.py:3560}}
Sep 20 17:48:04.105192 np0000193575 nova-scheduler[107319]: DEBUG cotyledon.oslo_config_glue [-] workarounds.qemu_monitor_announce_self_interval = 1 {{(pid=107319) log_opt_values /opt/stack/data/venv/lib/python3.12/site-packages/oslo_config/cfg.py:3560}}
Sep 20 17:48:04.105239 np0000193575 nova-scheduler[107319]: DEBUG cotyledon.oslo_config_glue [-] workarounds.reserve_disk_resource_for_image_cache = False {{(pid=107319) log_opt_values /opt/stack/data/venv/lib/python3.12/site-packages/oslo_config/cfg.py:3560}}
Sep 20 17:48:04.105287 np0000193575 nova-scheduler[107319]: DEBUG cotyledon.oslo_config_glue [-] workarounds.skip_cpu_compare_at_startup = False {{(pid=107319) log_opt_values /opt/stack/data/venv/lib/python3.12/site-packages/oslo_config/cfg.py:3560}}
Sep 20 17:48:04.105335 np0000193575 nova-scheduler[107319]: DEBUG cotyledon.oslo_config_glue [-] workarounds.skip_cpu_compare_on_dest = False {{(pid=107319) log_opt_values /opt/stack/data/venv/lib/python3.12/site-packages/oslo_config/cfg.py:3560}}
Sep 20 17:48:04.105449 np0000193575 nova-scheduler[107319]: DEBUG cotyledon.oslo_config_glue [-] workarounds.skip_hypervisor_version_check_on_lm = False {{(pid=107319) log_opt_values /opt/stack/data/venv/lib/python3.12/site-packages/oslo_config/cfg.py:3560}}
Sep 20 17:48:04.105449 np0000193575 nova-scheduler[107319]: DEBUG cotyledon.oslo_config_glue [-] workarounds.skip_reserve_in_use_ironic_nodes = False {{(pid=107319) log_opt_values /opt/stack/data/venv/lib/python3.12/site-packages/oslo_config/cfg.py:3560}}
Sep 20 17:48:04.105501 np0000193575 nova-scheduler[107319]: DEBUG cotyledon.oslo_config_glue [-] workarounds.unified_limits_count_pcpu_as_vcpu = False {{(pid=107319) log_opt_values /opt/stack/data/venv/lib/python3.12/site-packages/oslo_config/cfg.py:3560}}
Sep 20 17:48:04.105533 np0000193575 nova-scheduler[107319]: DEBUG cotyledon.oslo_config_glue [-] workarounds.wait_for_vif_plugged_event_during_hard_reboot = [] {{(pid=107319) log_opt_values /opt/stack/data/venv/lib/python3.12/site-packages/oslo_config/cfg.py:3560}}
Sep 20 17:48:04.105587 np0000193575 nova-scheduler[107319]: DEBUG cotyledon.oslo_config_glue [-] wsgi.api_paste_config = /etc/nova/api-paste.ini {{(pid=107319) log_opt_values /opt/stack/data/venv/lib/python3.12/site-packages/oslo_config/cfg.py:3560}}
Sep 20 17:48:04.105635 np0000193575 nova-scheduler[107319]: DEBUG cotyledon.oslo_config_glue [-] wsgi.secure_proxy_ssl_header = None {{(pid=107319) log_opt_values /opt/stack/data/venv/lib/python3.12/site-packages/oslo_config/cfg.py:3560}}
Sep 20 17:48:04.105689 np0000193575 nova-scheduler[107319]: DEBUG cotyledon.oslo_config_glue [-] zvm.ca_file = None {{(pid=107319) log_opt_values /opt/stack/data/venv/lib/python3.12/site-packages/oslo_config/cfg.py:3560}}
Sep 20 17:48:04.105738 np0000193575 nova-scheduler[107319]: DEBUG cotyledon.oslo_config_glue [-] zvm.cloud_connector_url = None {{(pid=107319) log_opt_values /opt/stack/data/venv/lib/python3.12/site-packages/oslo_config/cfg.py:3560}}
Sep 20 17:48:04.105787 np0000193575 nova-scheduler[107319]: DEBUG cotyledon.oslo_config_glue [-] zvm.image_tmp_path = /opt/stack/data/nova/images {{(pid=107319) log_opt_values /opt/stack/data/venv/lib/python3.12/site-packages/oslo_config/cfg.py:3560}}
Sep 20 17:48:04.105837 np0000193575 nova-scheduler[107319]: DEBUG cotyledon.oslo_config_glue [-] zvm.reachable_timeout = 300 {{(pid=107319) log_opt_values /opt/stack/data/venv/lib/python3.12/site-packages/oslo_config/cfg.py:3560}}
Sep 20 17:48:04.105918 np0000193575 nova-scheduler[107319]: DEBUG cotyledon.oslo_config_glue [-] oslo_versionedobjects.fatal_exception_format_errors = False {{(pid=107319) log_opt_values /opt/stack/data/venv/lib/python3.12/site-packages/oslo_config/cfg.py:3560}}
Sep 20 17:48:04.105997 np0000193575 nova-scheduler[107319]: DEBUG cotyledon.oslo_config_glue [-] oslo_middleware.http_basic_auth_user_file = /etc/htpasswd {{(pid=107319) log_opt_values /opt/stack/data/venv/lib/python3.12/site-packages/oslo_config/cfg.py:3560}}
Sep 20 17:48:04.106114 np0000193575 nova-scheduler[107319]: DEBUG cotyledon.oslo_config_glue [-] oslo_messaging_metrics.metrics_buffer_size = 1000 {{(pid=107319) log_opt_values /opt/stack/data/venv/lib/python3.12/site-packages/oslo_config/cfg.py:3560}}
Sep 20 17:48:04.106176 np0000193575 nova-scheduler[107319]: DEBUG cotyledon.oslo_config_glue [-] oslo_messaging_metrics.metrics_enabled = False {{(pid=107319) log_opt_values /opt/stack/data/venv/lib/python3.12/site-packages/oslo_config/cfg.py:3560}}
Sep 20 17:48:04.106227 np0000193575 nova-scheduler[107319]: DEBUG cotyledon.oslo_config_glue [-] oslo_messaging_metrics.metrics_process_name = {{(pid=107319) log_opt_values /opt/stack/data/venv/lib/python3.12/site-packages/oslo_config/cfg.py:3560}}
Sep 20 17:48:04.106289 np0000193575 nova-scheduler[107319]: DEBUG cotyledon.oslo_config_glue [-] oslo_messaging_metrics.metrics_socket_file = /var/tmp/metrics_collector.sock {{(pid=107319) log_opt_values /opt/stack/data/venv/lib/python3.12/site-packages/oslo_config/cfg.py:3560}}
Sep 20 17:48:04.106337 np0000193575 nova-scheduler[107319]: DEBUG cotyledon.oslo_config_glue [-] oslo_messaging_metrics.metrics_thread_stop_timeout = 10 {{(pid=107319) log_opt_values /opt/stack/data/venv/lib/python3.12/site-packages/oslo_config/cfg.py:3560}}
Sep 20 17:48:04.106427 np0000193575 nova-scheduler[107319]: DEBUG cotyledon.oslo_config_glue [-] oslo_messaging_tracing.insecure = False {{(pid=107319) log_opt_values /opt/stack/data/venv/lib/python3.12/site-packages/oslo_config/cfg.py:3560}}
Sep 20 17:48:04.106478 np0000193575 nova-scheduler[107319]: DEBUG cotyledon.oslo_config_glue [-] oslo_messaging_tracing.otel_exporter_otlp_endpoint = http://localhost:4318 {{(pid=107319) log_opt_values /opt/stack/data/venv/lib/python3.12/site-packages/oslo_config/cfg.py:3560}}
Sep 20 17:48:04.106527 np0000193575 nova-scheduler[107319]: DEBUG cotyledon.oslo_config_glue [-] oslo_messaging_tracing.otlp_protocol = http/protobuf {{(pid=107319) log_opt_values /opt/stack/data/venv/lib/python3.12/site-packages/oslo_config/cfg.py:3560}}
Sep 20 17:48:04.106575 np0000193575 nova-scheduler[107319]: DEBUG cotyledon.oslo_config_glue [-] oslo_messaging_tracing.tracing_enabled = False {{(pid=107319) log_opt_values /opt/stack/data/venv/lib/python3.12/site-packages/oslo_config/cfg.py:3560}}
Sep 20 17:48:04.106624 np0000193575 nova-scheduler[107319]: DEBUG cotyledon.oslo_config_glue [-] oslo_messaging_tracing.tracing_service_name = openstack {{(pid=107319) log_opt_values /opt/stack/data/venv/lib/python3.12/site-packages/oslo_config/cfg.py:3560}}
Sep 20 17:48:04.106701 np0000193575 nova-scheduler[107319]: DEBUG cotyledon.oslo_config_glue [-] profiler.connection_string = messaging:// {{(pid=107319) log_opt_values /opt/stack/data/venv/lib/python3.12/site-packages/oslo_config/cfg.py:3560}}
Sep 20 17:48:04.106759 np0000193575 nova-scheduler[107319]: DEBUG cotyledon.oslo_config_glue [-] profiler.enabled = False {{(pid=107319) log_opt_values /opt/stack/data/venv/lib/python3.12/site-packages/oslo_config/cfg.py:3560}}
Sep 20 17:48:04.106808 np0000193575 nova-scheduler[107319]: DEBUG cotyledon.oslo_config_glue [-] profiler.es_doc_type = notification {{(pid=107319) log_opt_values /opt/stack/data/venv/lib/python3.12/site-packages/oslo_config/cfg.py:3560}}
Sep 20 17:48:04.106857 np0000193575 nova-scheduler[107319]: DEBUG cotyledon.oslo_config_glue [-] profiler.es_scroll_size = 10000 {{(pid=107319) log_opt_values /opt/stack/data/venv/lib/python3.12/site-packages/oslo_config/cfg.py:3560}}
Sep 20 17:48:04.106905 np0000193575 nova-scheduler[107319]: DEBUG cotyledon.oslo_config_glue [-] profiler.es_scroll_time = 2m {{(pid=107319) log_opt_values /opt/stack/data/venv/lib/python3.12/site-packages/oslo_config/cfg.py:3560}}
Sep 20 17:48:04.106970 np0000193575 nova-scheduler[107319]: DEBUG cotyledon.oslo_config_glue [-] profiler.filter_error_trace = False {{(pid=107319) log_opt_values /opt/stack/data/venv/lib/python3.12/site-packages/oslo_config/cfg.py:3560}}
Sep 20 17:48:04.107018 np0000193575 nova-scheduler[107319]: DEBUG cotyledon.oslo_config_glue [-] profiler.hmac_keys = **** {{(pid=107319) log_opt_values /opt/stack/data/venv/lib/python3.12/site-packages/oslo_config/cfg.py:3560}}
Sep 20 17:48:04.107096 np0000193575 nova-scheduler[107319]: DEBUG cotyledon.oslo_config_glue [-] profiler.sentinel_service_name = mymaster {{(pid=107319) log_opt_values /opt/stack/data/venv/lib/python3.12/site-packages/oslo_config/cfg.py:3560}}
Sep 20 17:48:04.107149 np0000193575 nova-scheduler[107319]: DEBUG cotyledon.oslo_config_glue [-] profiler.socket_timeout = 0.1 {{(pid=107319) log_opt_values /opt/stack/data/venv/lib/python3.12/site-packages/oslo_config/cfg.py:3560}}
Sep 20 17:48:04.107207 np0000193575 nova-scheduler[107319]: DEBUG cotyledon.oslo_config_glue [-] profiler.trace_requests = False {{(pid=107319) log_opt_values /opt/stack/data/venv/lib/python3.12/site-packages/oslo_config/cfg.py:3560}}
Sep 20 17:48:04.107257 np0000193575 nova-scheduler[107319]: DEBUG cotyledon.oslo_config_glue [-] profiler.trace_sqlalchemy = False {{(pid=107319) log_opt_values /opt/stack/data/venv/lib/python3.12/site-packages/oslo_config/cfg.py:3560}}
Sep 20 17:48:04.107323 np0000193575 nova-scheduler[107319]: DEBUG cotyledon.oslo_config_glue [-] profiler_jaeger.process_tags = {} {{(pid=107319) log_opt_values /opt/stack/data/venv/lib/python3.12/site-packages/oslo_config/cfg.py:3560}}
Sep 20 17:48:04.107404 np0000193575 nova-scheduler[107319]: DEBUG cotyledon.oslo_config_glue [-] profiler_jaeger.service_name_prefix = None {{(pid=107319) log_opt_values /opt/stack/data/venv/lib/python3.12/site-packages/oslo_config/cfg.py:3560}}
Sep 20 17:48:04.107458 np0000193575 nova-scheduler[107319]: DEBUG cotyledon.oslo_config_glue [-] profiler_otlp.service_name_prefix = None {{(pid=107319) log_opt_values /opt/stack/data/venv/lib/python3.12/site-packages/oslo_config/cfg.py:3560}}
Sep 20 17:48:04.107556 np0000193575 nova-scheduler[107319]: DEBUG cotyledon.oslo_config_glue [-] oslo_messaging_rabbit.amqp_auto_delete = False {{(pid=107319) log_opt_values /opt/stack/data/venv/lib/python3.12/site-packages/oslo_config/cfg.py:3560}}
Sep 20 17:48:04.107614 np0000193575 nova-scheduler[107319]: DEBUG cotyledon.oslo_config_glue [-] oslo_messaging_rabbit.amqp_durable_queues = False {{(pid=107319) log_opt_values /opt/stack/data/venv/lib/python3.12/site-packages/oslo_config/cfg.py:3560}}
Sep 20 17:48:04.107677 np0000193575 nova-scheduler[107319]: DEBUG cotyledon.oslo_config_glue [-] oslo_messaging_rabbit.conn_pool_min_size = 2 {{(pid=107319) log_opt_values /opt/stack/data/venv/lib/python3.12/site-packages/oslo_config/cfg.py:3560}}
Sep 20 17:48:04.107735 np0000193575 nova-scheduler[107319]: DEBUG cotyledon.oslo_config_glue [-] oslo_messaging_rabbit.conn_pool_ttl = 1200 {{(pid=107319) log_opt_values /opt/stack/data/venv/lib/python3.12/site-packages/oslo_config/cfg.py:3560}}
Sep 20 17:48:04.107798 np0000193575 nova-scheduler[107319]: DEBUG cotyledon.oslo_config_glue [-] oslo_messaging_rabbit.direct_mandatory_flag = True {{(pid=107319) log_opt_values /opt/stack/data/venv/lib/python3.12/site-packages/oslo_config/cfg.py:3560}}
Sep 20 17:48:04.107849 np0000193575 nova-scheduler[107319]: DEBUG cotyledon.oslo_config_glue [-] oslo_messaging_rabbit.enable_cancel_on_failover = False {{(pid=107319) log_opt_values /opt/stack/data/venv/lib/python3.12/site-packages/oslo_config/cfg.py:3560}}
Sep 20 17:48:04.107897 np0000193575 nova-scheduler[107319]: DEBUG cotyledon.oslo_config_glue [-] oslo_messaging_rabbit.heartbeat_rate = 3 {{(pid=107319) log_opt_values /opt/stack/data/venv/lib/python3.12/site-packages/oslo_config/cfg.py:3560}}
Sep 20 17:48:04.107956 np0000193575 nova-scheduler[107319]: DEBUG cotyledon.oslo_config_glue [-] oslo_messaging_rabbit.heartbeat_timeout_threshold = 60 {{(pid=107319) log_opt_values /opt/stack/data/venv/lib/python3.12/site-packages/oslo_config/cfg.py:3560}}
Sep 20 17:48:04.108012 np0000193575 nova-scheduler[107319]: DEBUG cotyledon.oslo_config_glue [-] oslo_messaging_rabbit.hostname = np0000193575 {{(pid=107319) log_opt_values /opt/stack/data/venv/lib/python3.12/site-packages/oslo_config/cfg.py:3560}}
Sep 20 17:48:04.108078 np0000193575 nova-scheduler[107319]: DEBUG cotyledon.oslo_config_glue [-] oslo_messaging_rabbit.kombu_compression = None {{(pid=107319) log_opt_values /opt/stack/data/venv/lib/python3.12/site-packages/oslo_config/cfg.py:3560}}
Sep 20 17:48:04.108137 np0000193575 nova-scheduler[107319]: DEBUG cotyledon.oslo_config_glue [-] oslo_messaging_rabbit.kombu_failover_strategy = round-robin {{(pid=107319) log_opt_values /opt/stack/data/venv/lib/python3.12/site-packages/oslo_config/cfg.py:3560}}
Sep 20 17:48:04.108187 np0000193575 nova-scheduler[107319]: DEBUG cotyledon.oslo_config_glue [-] oslo_messaging_rabbit.kombu_missing_consumer_retry_timeout = 60 {{(pid=107319) log_opt_values /opt/stack/data/venv/lib/python3.12/site-packages/oslo_config/cfg.py:3560}}
Sep 20 17:48:04.108248 np0000193575 nova-scheduler[107319]: DEBUG cotyledon.oslo_config_glue [-] oslo_messaging_rabbit.kombu_reconnect_delay = 1.0 {{(pid=107319) log_opt_values /opt/stack/data/venv/lib/python3.12/site-packages/oslo_config/cfg.py:3560}}
Sep 20 17:48:04.108299 np0000193575 nova-scheduler[107319]: DEBUG cotyledon.oslo_config_glue [-] oslo_messaging_rabbit.kombu_reconnect_splay = 0.0 {{(pid=107319) log_opt_values /opt/stack/data/venv/lib/python3.12/site-packages/oslo_config/cfg.py:3560}}
Sep 20 17:48:04.108369 np0000193575 nova-scheduler[107319]: DEBUG cotyledon.oslo_config_glue [-] oslo_messaging_rabbit.processname = nova-scheduler {{(pid=107319) log_opt_values /opt/stack/data/venv/lib/python3.12/site-packages/oslo_config/cfg.py:3560}}
Sep 20 17:48:04.108524 np0000193575 nova-scheduler[107319]: DEBUG cotyledon.oslo_config_glue [-] oslo_messaging_rabbit.rabbit_ha_queues = False {{(pid=107319) log_opt_values /opt/stack/data/venv/lib/python3.12/site-packages/oslo_config/cfg.py:3560}}
Sep 20 17:48:04.108575 np0000193575 nova-scheduler[107319]: DEBUG cotyledon.oslo_config_glue [-] oslo_messaging_rabbit.rabbit_interval_max = 30 {{(pid=107319) log_opt_values /opt/stack/data/venv/lib/python3.12/site-packages/oslo_config/cfg.py:3560}}
Sep 20 17:48:04.108625 np0000193575 nova-scheduler[107319]: DEBUG cotyledon.oslo_config_glue [-] oslo_messaging_rabbit.rabbit_login_method = AMQPLAIN {{(pid=107319) log_opt_values /opt/stack/data/venv/lib/python3.12/site-packages/oslo_config/cfg.py:3560}}
Sep 20 17:48:04.108673 np0000193575 nova-scheduler[107319]: DEBUG cotyledon.oslo_config_glue [-] oslo_messaging_rabbit.rabbit_qos_prefetch_count = 0 {{(pid=107319) log_opt_values /opt/stack/data/venv/lib/python3.12/site-packages/oslo_config/cfg.py:3560}}
Sep 20 17:48:04.108720 np0000193575 nova-scheduler[107319]: DEBUG cotyledon.oslo_config_glue [-] oslo_messaging_rabbit.rabbit_quorum_delivery_limit = 0 {{(pid=107319) log_opt_values /opt/stack/data/venv/lib/python3.12/site-packages/oslo_config/cfg.py:3560}}
Sep 20 17:48:04.108767 np0000193575 nova-scheduler[107319]: DEBUG cotyledon.oslo_config_glue [-] oslo_messaging_rabbit.rabbit_quorum_max_memory_bytes = 0 {{(pid=107319) log_opt_values /opt/stack/data/venv/lib/python3.12/site-packages/oslo_config/cfg.py:3560}}
Sep 20 17:48:04.108832 np0000193575 nova-scheduler[107319]: DEBUG cotyledon.oslo_config_glue [-] oslo_messaging_rabbit.rabbit_quorum_max_memory_length = 0 {{(pid=107319) log_opt_values /opt/stack/data/venv/lib/python3.12/site-packages/oslo_config/cfg.py:3560}}
Sep 20 17:48:04.108884 np0000193575 nova-scheduler[107319]: DEBUG cotyledon.oslo_config_glue [-] oslo_messaging_rabbit.rabbit_quorum_queue = False {{(pid=107319) log_opt_values /opt/stack/data/venv/lib/python3.12/site-packages/oslo_config/cfg.py:3560}}
Sep 20 17:48:04.108933 np0000193575 nova-scheduler[107319]: DEBUG cotyledon.oslo_config_glue [-] oslo_messaging_rabbit.rabbit_retry_backoff = 2 {{(pid=107319) log_opt_values /opt/stack/data/venv/lib/python3.12/site-packages/oslo_config/cfg.py:3560}}
Sep 20 17:48:04.108982 np0000193575 nova-scheduler[107319]: DEBUG cotyledon.oslo_config_glue [-] oslo_messaging_rabbit.rabbit_retry_interval = 1 {{(pid=107319) log_opt_values /opt/stack/data/venv/lib/python3.12/site-packages/oslo_config/cfg.py:3560}}
Sep 20 17:48:04.109043 np0000193575 nova-scheduler[107319]: DEBUG cotyledon.oslo_config_glue [-] oslo_messaging_rabbit.rabbit_stream_fanout = False {{(pid=107319) log_opt_values /opt/stack/data/venv/lib/python3.12/site-packages/oslo_config/cfg.py:3560}}
Sep 20 17:48:04.109100 np0000193575 nova-scheduler[107319]: DEBUG cotyledon.oslo_config_glue [-] oslo_messaging_rabbit.rabbit_transient_queues_ttl = 1800 {{(pid=107319) log_opt_values /opt/stack/data/venv/lib/python3.12/site-packages/oslo_config/cfg.py:3560}}
Sep 20 17:48:04.109150 np0000193575 nova-scheduler[107319]: DEBUG cotyledon.oslo_config_glue [-] oslo_messaging_rabbit.rabbit_transient_quorum_queue = False {{(pid=107319) log_opt_values /opt/stack/data/venv/lib/python3.12/site-packages/oslo_config/cfg.py:3560}}
Sep 20 17:48:04.109200 np0000193575 nova-scheduler[107319]: DEBUG cotyledon.oslo_config_glue [-] oslo_messaging_rabbit.rpc_conn_pool_size = 30 {{(pid=107319) log_opt_values /opt/stack/data/venv/lib/python3.12/site-packages/oslo_config/cfg.py:3560}}
Sep 20 17:48:04.109260 np0000193575 nova-scheduler[107319]: DEBUG cotyledon.oslo_config_glue [-] oslo_messaging_rabbit.ssl = False {{(pid=107319) log_opt_values /opt/stack/data/venv/lib/python3.12/site-packages/oslo_config/cfg.py:3560}}
Sep 20 17:48:04.109316 np0000193575 nova-scheduler[107319]: DEBUG cotyledon.oslo_config_glue [-] oslo_messaging_rabbit.ssl_ca_file = {{(pid=107319) log_opt_values /opt/stack/data/venv/lib/python3.12/site-packages/oslo_config/cfg.py:3560}}
Sep 20 17:48:04.109395 np0000193575 nova-scheduler[107319]: DEBUG cotyledon.oslo_config_glue [-] oslo_messaging_rabbit.ssl_cert_file = {{(pid=107319) log_opt_values /opt/stack/data/venv/lib/python3.12/site-packages/oslo_config/cfg.py:3560}}
Sep 20 17:48:04.109445 np0000193575 nova-scheduler[107319]: DEBUG cotyledon.oslo_config_glue [-] oslo_messaging_rabbit.ssl_enforce_fips_mode = False {{(pid=107319) log_opt_values /opt/stack/data/venv/lib/python3.12/site-packages/oslo_config/cfg.py:3560}}
Sep 20 17:48:04.109493 np0000193575 nova-scheduler[107319]: DEBUG cotyledon.oslo_config_glue [-] oslo_messaging_rabbit.ssl_enforce_hostname_verification = True {{(pid=107319) log_opt_values /opt/stack/data/venv/lib/python3.12/site-packages/oslo_config/cfg.py:3560}}
Sep 20 17:48:04.109543 np0000193575 nova-scheduler[107319]: DEBUG cotyledon.oslo_config_glue [-] oslo_messaging_rabbit.ssl_key_file = {{(pid=107319) log_opt_values /opt/stack/data/venv/lib/python3.12/site-packages/oslo_config/cfg.py:3560}}
Sep 20 17:48:04.109583 np0000193575 nova-scheduler[107319]: DEBUG cotyledon.oslo_config_glue [-] oslo_messaging_rabbit.ssl_version = {{(pid=107319) log_opt_values /opt/stack/data/venv/lib/python3.12/site-packages/oslo_config/cfg.py:3560}}
Sep 20 17:48:04.109637 np0000193575 nova-scheduler[107319]: DEBUG cotyledon.oslo_config_glue [-] oslo_messaging_rabbit.use_queue_manager = False {{(pid=107319) log_opt_values /opt/stack/data/venv/lib/python3.12/site-packages/oslo_config/cfg.py:3560}}
Sep 20 17:48:04.109709 np0000193575 nova-scheduler[107319]: DEBUG cotyledon.oslo_config_glue [-] oslo_messaging_notifications.driver = ['messagingv2'] {{(pid=107319) log_opt_values /opt/stack/data/venv/lib/python3.12/site-packages/oslo_config/cfg.py:3560}}
Sep 20 17:48:04.109759 np0000193575 nova-scheduler[107319]: DEBUG cotyledon.oslo_config_glue [-] oslo_messaging_notifications.retry = -1 {{(pid=107319) log_opt_values /opt/stack/data/venv/lib/python3.12/site-packages/oslo_config/cfg.py:3560}}
Sep 20 17:48:04.109818 np0000193575 nova-scheduler[107319]: DEBUG cotyledon.oslo_config_glue [-] oslo_messaging_notifications.topics = ['notifications'] {{(pid=107319) log_opt_values /opt/stack/data/venv/lib/python3.12/site-packages/oslo_config/cfg.py:3560}}
Sep 20 17:48:04.109880 np0000193575 nova-scheduler[107319]: DEBUG cotyledon.oslo_config_glue [-] oslo_messaging_notifications.transport_url = **** {{(pid=107319) log_opt_values /opt/stack/data/venv/lib/python3.12/site-packages/oslo_config/cfg.py:3560}}
Sep 20 17:48:04.109958 np0000193575 nova-scheduler[107319]: DEBUG cotyledon.oslo_config_glue [-] oslo_limit.auth_section = None {{(pid=107319) log_opt_values /opt/stack/data/venv/lib/python3.12/site-packages/oslo_config/cfg.py:3560}}
Sep 20 17:48:04.110016 np0000193575 nova-scheduler[107319]: DEBUG cotyledon.oslo_config_glue [-] oslo_limit.auth_type = None {{(pid=107319) log_opt_values /opt/stack/data/venv/lib/python3.12/site-packages/oslo_config/cfg.py:3560}}
Sep 20 17:48:04.110084 np0000193575 nova-scheduler[107319]: DEBUG cotyledon.oslo_config_glue [-] oslo_limit.cafile = None {{(pid=107319) log_opt_values /opt/stack/data/venv/lib/python3.12/site-packages/oslo_config/cfg.py:3560}}
Sep 20 17:48:04.110135 np0000193575 nova-scheduler[107319]: DEBUG cotyledon.oslo_config_glue [-] oslo_limit.certfile = None {{(pid=107319) log_opt_values /opt/stack/data/venv/lib/python3.12/site-packages/oslo_config/cfg.py:3560}}
Sep 20 17:48:04.110184 np0000193575 nova-scheduler[107319]: DEBUG cotyledon.oslo_config_glue [-] oslo_limit.collect_timing = False {{(pid=107319) log_opt_values /opt/stack/data/venv/lib/python3.12/site-packages/oslo_config/cfg.py:3560}}
Sep 20 17:48:04.110233 np0000193575 nova-scheduler[107319]: DEBUG cotyledon.oslo_config_glue [-] oslo_limit.connect_retries = None {{(pid=107319) log_opt_values /opt/stack/data/venv/lib/python3.12/site-packages/oslo_config/cfg.py:3560}}
Sep 20 17:48:04.110291 np0000193575 nova-scheduler[107319]: DEBUG cotyledon.oslo_config_glue [-] oslo_limit.connect_retry_delay = None {{(pid=107319) log_opt_values /opt/stack/data/venv/lib/python3.12/site-packages/oslo_config/cfg.py:3560}}
Sep 20 17:48:04.110340 np0000193575 nova-scheduler[107319]: DEBUG cotyledon.oslo_config_glue [-] oslo_limit.endpoint_id = None {{(pid=107319) log_opt_values /opt/stack/data/venv/lib/python3.12/site-packages/oslo_config/cfg.py:3560}}
Sep 20 17:48:04.110410 np0000193575 nova-scheduler[107319]: DEBUG cotyledon.oslo_config_glue [-] oslo_limit.endpoint_interface = public {{(pid=107319) log_opt_values /opt/stack/data/venv/lib/python3.12/site-packages/oslo_config/cfg.py:3560}}
Sep 20 17:48:04.110461 np0000193575 nova-scheduler[107319]: DEBUG cotyledon.oslo_config_glue [-] oslo_limit.endpoint_override = None {{(pid=107319) log_opt_values /opt/stack/data/venv/lib/python3.12/site-packages/oslo_config/cfg.py:3560}}
Sep 20 17:48:04.110510 np0000193575 nova-scheduler[107319]: DEBUG cotyledon.oslo_config_glue [-] oslo_limit.endpoint_region_name = None {{(pid=107319) log_opt_values /opt/stack/data/venv/lib/python3.12/site-packages/oslo_config/cfg.py:3560}}
Sep 20 17:48:04.110568 np0000193575 nova-scheduler[107319]: DEBUG cotyledon.oslo_config_glue [-] oslo_limit.endpoint_service_name = None {{(pid=107319) log_opt_values /opt/stack/data/venv/lib/python3.12/site-packages/oslo_config/cfg.py:3560}}
Sep 20 17:48:04.110617 np0000193575 nova-scheduler[107319]: DEBUG cotyledon.oslo_config_glue [-] oslo_limit.endpoint_service_type = None {{(pid=107319) log_opt_values /opt/stack/data/venv/lib/python3.12/site-packages/oslo_config/cfg.py:3560}}
Sep 20 17:48:04.110670 np0000193575 nova-scheduler[107319]: DEBUG cotyledon.oslo_config_glue [-] oslo_limit.insecure = False {{(pid=107319) log_opt_values /opt/stack/data/venv/lib/python3.12/site-packages/oslo_config/cfg.py:3560}}
Sep 20 17:48:04.110755 np0000193575 nova-scheduler[107319]: DEBUG cotyledon.oslo_config_glue [-] oslo_limit.keyfile = None {{(pid=107319) log_opt_values /opt/stack/data/venv/lib/python3.12/site-packages/oslo_config/cfg.py:3560}}
Sep 20 17:48:04.110755 np0000193575 nova-scheduler[107319]: DEBUG cotyledon.oslo_config_glue [-] oslo_limit.max_version = None {{(pid=107319) log_opt_values /opt/stack/data/venv/lib/python3.12/site-packages/oslo_config/cfg.py:3560}}
Sep 20 17:48:04.110820 np0000193575 nova-scheduler[107319]: DEBUG cotyledon.oslo_config_glue [-] oslo_limit.min_version = None {{(pid=107319) log_opt_values /opt/stack/data/venv/lib/python3.12/site-packages/oslo_config/cfg.py:3560}}
Sep 20 17:48:04.110848 np0000193575 nova-scheduler[107319]: DEBUG cotyledon.oslo_config_glue [-] oslo_limit.region_name = None {{(pid=107319) log_opt_values /opt/stack/data/venv/lib/python3.12/site-packages/oslo_config/cfg.py:3560}}
Sep 20 17:48:04.110894 np0000193575 nova-scheduler[107319]: DEBUG cotyledon.oslo_config_glue [-] oslo_limit.retriable_status_codes = None {{(pid=107319) log_opt_values /opt/stack/data/venv/lib/python3.12/site-packages/oslo_config/cfg.py:3560}}
Sep 20 17:48:04.110955 np0000193575 nova-scheduler[107319]: DEBUG cotyledon.oslo_config_glue [-] oslo_limit.service_name = None {{(pid=107319) log_opt_values /opt/stack/data/venv/lib/python3.12/site-packages/oslo_config/cfg.py:3560}}
Sep 20 17:48:04.110998 np0000193575 nova-scheduler[107319]: DEBUG cotyledon.oslo_config_glue [-] oslo_limit.service_type = None {{(pid=107319) log_opt_values /opt/stack/data/venv/lib/python3.12/site-packages/oslo_config/cfg.py:3560}}
Sep 20 17:48:04.111073 np0000193575 nova-scheduler[107319]: DEBUG cotyledon.oslo_config_glue [-] oslo_limit.split_loggers = False {{(pid=107319) log_opt_values /opt/stack/data/venv/lib/python3.12/site-packages/oslo_config/cfg.py:3560}}
Sep 20 17:48:04.111124 np0000193575 nova-scheduler[107319]: DEBUG cotyledon.oslo_config_glue [-] oslo_limit.status_code_retries = None {{(pid=107319) log_opt_values /opt/stack/data/venv/lib/python3.12/site-packages/oslo_config/cfg.py:3560}}
Sep 20 17:48:04.111173 np0000193575 nova-scheduler[107319]: DEBUG cotyledon.oslo_config_glue [-] oslo_limit.status_code_retry_delay = None {{(pid=107319) log_opt_values /opt/stack/data/venv/lib/python3.12/site-packages/oslo_config/cfg.py:3560}}
Sep 20 17:48:04.111222 np0000193575 nova-scheduler[107319]: DEBUG cotyledon.oslo_config_glue [-] oslo_limit.timeout = None {{(pid=107319) log_opt_values /opt/stack/data/venv/lib/python3.12/site-packages/oslo_config/cfg.py:3560}}
Sep 20 17:48:04.111271 np0000193575 nova-scheduler[107319]: DEBUG cotyledon.oslo_config_glue [-] oslo_limit.tls_ciphers = None {{(pid=107319) log_opt_values /opt/stack/data/venv/lib/python3.12/site-packages/oslo_config/cfg.py:3560}}
Sep 20 17:48:04.111321 np0000193575 nova-scheduler[107319]: DEBUG cotyledon.oslo_config_glue [-] oslo_limit.tls_min_version = None {{(pid=107319) log_opt_values /opt/stack/data/venv/lib/python3.12/site-packages/oslo_config/cfg.py:3560}}
Sep 20 17:48:04.111388 np0000193575 nova-scheduler[107319]: DEBUG cotyledon.oslo_config_glue [-] oslo_limit.valid_interfaces = None {{(pid=107319) log_opt_values /opt/stack/data/venv/lib/python3.12/site-packages/oslo_config/cfg.py:3560}}
Sep 20 17:48:04.111441 np0000193575 nova-scheduler[107319]: DEBUG cotyledon.oslo_config_glue [-] oslo_limit.version = None {{(pid=107319) log_opt_values /opt/stack/data/venv/lib/python3.12/site-packages/oslo_config/cfg.py:3560}}
Sep 20 17:48:04.111515 np0000193575 nova-scheduler[107319]: DEBUG cotyledon.oslo_config_glue [-] oslo_reports.file_event_handler = None {{(pid=107319) log_opt_values /opt/stack/data/venv/lib/python3.12/site-packages/oslo_config/cfg.py:3560}}
Sep 20 17:48:04.111566 np0000193575 nova-scheduler[107319]: DEBUG cotyledon.oslo_config_glue [-] oslo_reports.file_event_handler_interval = 1 {{(pid=107319) log_opt_values /opt/stack/data/venv/lib/python3.12/site-packages/oslo_config/cfg.py:3560}}
Sep 20 17:48:04.111615 np0000193575 nova-scheduler[107310]: DEBUG oslo_db.sqlalchemy.engines [None req-d511dd91-d5f2-4643-a64b-5250e51585e5 None None] MySQL server mode set to STRICT_TRANS_TABLES,STRICT_ALL_TABLES,NO_ZERO_IN_DATE,NO_ZERO_DATE,ERROR_FOR_DIVISION_BY_ZERO,TRADITIONAL,NO_ENGINE_SUBSTITUTION {{(pid=107310) _check_effective_sql_mode /opt/stack/data/venv/lib/python3.12/site-packages/oslo_db/sqlalchemy/engines.py:325}}
Sep 20 17:48:04.111646 np0000193575 nova-scheduler[107319]: DEBUG cotyledon.oslo_config_glue [-] oslo_reports.log_dir = None {{(pid=107319) log_opt_values /opt/stack/data/venv/lib/python3.12/site-packages/oslo_config/cfg.py:3560}}
Sep 20 17:48:04.111678 np0000193575 nova-scheduler[107319]: DEBUG cotyledon.oslo_config_glue [-] ******************************************************************************** {{(pid=107319) log_opt_values /opt/stack/data/venv/lib/python3.12/site-packages/oslo_config/cfg.py:3567}}
Sep 20 17:48:04.111840 np0000193575 nova-scheduler[107319]: DEBUG cotyledon._service_worker [-] Run service ServiceWrapper(2) [107319] {{(pid=107319) wait_forever /opt/stack/data/venv/lib/python3.12/site-packages/cotyledon/_service_worker.py:218}}
Sep 20 17:48:04.114217 np0000193575 nova-scheduler[107319]: INFO nova.service [-] Starting scheduler node (version 34.1.0)
Sep 20 17:48:04.120666 np0000193575 nova-scheduler[107302]: DEBUG nova.service [None req-6a070089-96b5-4841-8dd1-5d68e1d695cf None None] Creating RPC server for service: nova-scheduler on topic: scheduler {{(pid=107302) start /opt/stack/nova/nova/service.py:262}}
Sep 20 17:48:04.126289 np0000193575 nova-scheduler[107319]: INFO dbcounter [None req-ca1be171-1abc-4c95-b07b-87ee700dbddc None None] Registered counter for database nova_cell0
Sep 20 17:48:04.128814 np0000193575 nova-scheduler[107310]: DEBUG dbcounter [-] [107310] Writer thread running {{(pid=107310) stat_writer /opt/stack/data/venv/lib/python3.12/site-packages/dbcounter.py:102}}
Sep 20 17:48:04.132516 np0000193575 nova-scheduler[107310]: DEBUG nova.service [None req-d511dd91-d5f2-4643-a64b-5250e51585e5 None None] Creating RPC server for service: nova-scheduler on topic: scheduler {{(pid=107310) start /opt/stack/nova/nova/service.py:262}}
Sep 20 17:48:04.140256 np0000193575 nova-scheduler[107327]: DEBUG oslo_db.sqlalchemy.engines [None req-07f29b2c-0287-44c7-a51d-d1e2699815aa None None] MySQL server mode set to STRICT_TRANS_TABLES,STRICT_ALL_TABLES,NO_ZERO_IN_DATE,NO_ZERO_DATE,ERROR_FOR_DIVISION_BY_ZERO,TRADITIONAL,NO_ENGINE_SUBSTITUTION {{(pid=107327) _check_effective_sql_mode /opt/stack/data/venv/lib/python3.12/site-packages/oslo_db/sqlalchemy/engines.py:325}}
Sep 20 17:48:04.149141 np0000193575 nova-scheduler[107302]: DEBUG nova.service [None req-6a070089-96b5-4841-8dd1-5d68e1d695cf None None] Join ServiceGroup membership for this service scheduler {{(pid=107302) start /opt/stack/nova/nova/service.py:288}}
Sep 20 17:48:04.149374 np0000193575 nova-scheduler[107302]: DEBUG nova.servicegroup.drivers.db [None req-6a070089-96b5-4841-8dd1-5d68e1d695cf None None] DB_Driver: join new ServiceGroup member np0000193575 to the scheduler group, service = {{(pid=107302) join /opt/stack/nova/nova/servicegroup/drivers/db.py:44}}
Sep 20 17:48:04.150072 np0000193575 nova-scheduler[107327]: DEBUG dbcounter [-] [107327] Writer thread running {{(pid=107327) stat_writer /opt/stack/data/venv/lib/python3.12/site-packages/dbcounter.py:102}}
Sep 20 17:48:04.152712 np0000193575 nova-scheduler[107327]: DEBUG nova.service [None req-07f29b2c-0287-44c7-a51d-d1e2699815aa None None] Creating RPC server for service: nova-scheduler on topic: scheduler {{(pid=107327) start /opt/stack/nova/nova/service.py:262}}
Sep 20 17:48:04.154223 np0000193575 nova-scheduler[107310]: DEBUG nova.service [None req-d511dd91-d5f2-4643-a64b-5250e51585e5 None None] Join ServiceGroup membership for this service scheduler {{(pid=107310) start /opt/stack/nova/nova/service.py:288}}
Sep 20 17:48:04.154507 np0000193575 nova-scheduler[107310]: DEBUG nova.servicegroup.drivers.db [None req-d511dd91-d5f2-4643-a64b-5250e51585e5 None None] DB_Driver: join new ServiceGroup member np0000193575 to the scheduler group, service = {{(pid=107310) join /opt/stack/nova/nova/servicegroup/drivers/db.py:44}}
Sep 20 17:48:04.176776 np0000193575 nova-scheduler[107319]: DEBUG oslo_db.sqlalchemy.engines [None req-ca1be171-1abc-4c95-b07b-87ee700dbddc None None] MySQL server mode set to STRICT_TRANS_TABLES,STRICT_ALL_TABLES,NO_ZERO_IN_DATE,NO_ZERO_DATE,ERROR_FOR_DIVISION_BY_ZERO,TRADITIONAL,NO_ENGINE_SUBSTITUTION {{(pid=107319) _check_effective_sql_mode /opt/stack/data/venv/lib/python3.12/site-packages/oslo_db/sqlalchemy/engines.py:325}}
Sep 20 17:48:04.177332 np0000193575 nova-scheduler[107327]: DEBUG nova.service [None req-07f29b2c-0287-44c7-a51d-d1e2699815aa None None] Join ServiceGroup membership for this service scheduler {{(pid=107327) start /opt/stack/nova/nova/service.py:288}}
Sep 20 17:48:04.177543 np0000193575 nova-scheduler[107327]: DEBUG nova.servicegroup.drivers.db [None req-07f29b2c-0287-44c7-a51d-d1e2699815aa None None] DB_Driver: join new ServiceGroup member np0000193575 to the scheduler group, service = {{(pid=107327) join /opt/stack/nova/nova/servicegroup/drivers/db.py:44}}
Sep 20 17:48:04.186444 np0000193575 nova-scheduler[107319]: DEBUG dbcounter [-] [107319] Writer thread running {{(pid=107319) stat_writer /opt/stack/data/venv/lib/python3.12/site-packages/dbcounter.py:102}}
Sep 20 17:48:04.189794 np0000193575 nova-scheduler[107319]: DEBUG nova.service [None req-ca1be171-1abc-4c95-b07b-87ee700dbddc None None] Creating RPC server for service: nova-scheduler on topic: scheduler {{(pid=107319) start /opt/stack/nova/nova/service.py:262}}
Sep 20 17:48:04.207934 np0000193575 nova-scheduler[107319]: DEBUG nova.service [None req-ca1be171-1abc-4c95-b07b-87ee700dbddc None None] Join ServiceGroup membership for this service scheduler {{(pid=107319) start /opt/stack/nova/nova/service.py:288}}
Sep 20 17:48:04.208114 np0000193575 nova-scheduler[107319]: DEBUG nova.servicegroup.drivers.db [None req-ca1be171-1abc-4c95-b07b-87ee700dbddc None None] DB_Driver: join new ServiceGroup member np0000193575 to the scheduler group, service = {{(pid=107319) join /opt/stack/nova/nova/servicegroup/drivers/db.py:44}}
Sep 20 17:48:09.173513 np0000193575 nova-scheduler[107302]: DEBUG oslo.service.backend._threading.loopingcall [-] Fixed interval looping call 'nova.servicegroup.drivers.db.DbDriver._report_state' sleeping for 119.98 seconds {{(pid=107302) _run_loop /opt/stack/data/venv/lib/python3.12/site-packages/oslo_service/backend/_threading/loopingcall.py:125}}
Sep 20 17:48:09.176528 np0000193575 nova-scheduler[107310]: DEBUG oslo.service.backend._threading.loopingcall [-] Fixed interval looping call 'nova.servicegroup.drivers.db.DbDriver._report_state' sleeping for 119.98 seconds {{(pid=107310) _run_loop /opt/stack/data/venv/lib/python3.12/site-packages/oslo_service/backend/_threading/loopingcall.py:125}}
Sep 20 17:48:09.198816 np0000193575 nova-scheduler[107327]: DEBUG oslo.service.backend._threading.loopingcall [-] Fixed interval looping call 'nova.servicegroup.drivers.db.DbDriver._report_state' sleeping for 119.98 seconds {{(pid=107327) _run_loop /opt/stack/data/venv/lib/python3.12/site-packages/oslo_service/backend/_threading/loopingcall.py:125}}
Sep 20 17:48:09.220555 np0000193575 nova-scheduler[107319]: DEBUG oslo.service.backend._threading.loopingcall [-] Fixed interval looping call 'nova.servicegroup.drivers.db.DbDriver._report_state' sleeping for 119.99 seconds {{(pid=107319) _run_loop /opt/stack/data/venv/lib/python3.12/site-packages/oslo_service/backend/_threading/loopingcall.py:125}}
Sep 20 17:48:12.588392 np0000193575 nova-scheduler[106650]: DEBUG dbcounter [-] [106650] Writing DB stats nova_api:SELECT=3 {{(pid=106650) stat_writer /opt/stack/data/venv/lib/python3.12/site-packages/dbcounter.py:115}}
Sep 20 17:48:12.780765 np0000193575 nova-scheduler[106650]: DEBUG dbcounter [-] [106650] Writing DB stats nova_cell1:SELECT=1 {{(pid=106650) stat_writer /opt/stack/data/venv/lib/python3.12/site-packages/dbcounter.py:115}}
Sep 20 17:48:12.790812 np0000193575 nova-scheduler[106650]: DEBUG dbcounter [-] [106650] Writing DB stats nova_cell0:SELECT=1 {{(pid=106650) stat_writer /opt/stack/data/venv/lib/python3.12/site-packages/dbcounter.py:115}}
Sep 20 17:48:17.157877 np0000193575 nova-scheduler[107310]: DEBUG oslo.service.backend._threading.loopingcall [None req-c6e1b680-8a05-4225-87be-7bd24daff801 None None] Dynamic interval looping call 'nova.service.Service.periodic_tasks' sleeping for 60.00 seconds {{(pid=107310) _run_loop /opt/stack/data/venv/lib/python3.12/site-packages/oslo_service/backend/_threading/loopingcall.py:125}}
Sep 20 17:48:19.164916 np0000193575 nova-scheduler[107302]: DEBUG dbcounter [-] [107302] Writing DB stats nova_cell0:SELECT=4,nova_cell0:INSERT=1,nova_cell0:UPDATE=1 {{(pid=107302) stat_writer /opt/stack/data/venv/lib/python3.12/site-packages/dbcounter.py:115}}
Sep 20 17:48:19.174233 np0000193575 nova-scheduler[107310]: DEBUG dbcounter [-] [107310] Writing DB stats nova_cell0:SELECT=3,nova_cell0:UPDATE=1 {{(pid=107310) stat_writer /opt/stack/data/venv/lib/python3.12/site-packages/dbcounter.py:115}}
Sep 20 17:48:19.190723 np0000193575 nova-scheduler[107327]: DEBUG dbcounter [-] [107327] Writing DB stats nova_cell0:SELECT=3 {{(pid=107327) stat_writer /opt/stack/data/venv/lib/python3.12/site-packages/dbcounter.py:115}}
Sep 20 17:48:19.218775 np0000193575 nova-scheduler[107319]: DEBUG dbcounter [-] [107319] Writing DB stats nova_cell0:SELECT=3 {{(pid=107319) stat_writer /opt/stack/data/venv/lib/python3.12/site-packages/dbcounter.py:115}}
Sep 20 17:48:43.211014 np0000193575 nova-scheduler[107319]: DEBUG oslo.service.backend._threading.loopingcall [None req-7b5ded64-503e-4480-8a4a-3189df619c7a None None] Dynamic interval looping call 'nova.service.Service.periodic_tasks' sleeping for 60.00 seconds {{(pid=107319) _run_loop /opt/stack/data/venv/lib/python3.12/site-packages/oslo_service/backend/_threading/loopingcall.py:125}}
Sep 20 17:48:57.181646 np0000193575 nova-scheduler[107327]: DEBUG oslo.service.backend._threading.loopingcall [None req-89a58c71-d527-4284-be09-621739536d72 None None] Dynamic interval looping call 'nova.service.Service.periodic_tasks' sleeping for 60.00 seconds {{(pid=107327) _run_loop /opt/stack/data/venv/lib/python3.12/site-packages/oslo_service/backend/_threading/loopingcall.py:125}}
Sep 20 17:49:00.153942 np0000193575 nova-scheduler[107302]: DEBUG oslo.service.backend._threading.loopingcall [None req-8a50737a-5026-497d-8d88-c66a915ffd6a None None] Dynamic interval looping call 'nova.service.Service.periodic_tasks' sleeping for 60.00 seconds {{(pid=107302) _run_loop /opt/stack/data/venv/lib/python3.12/site-packages/oslo_service/backend/_threading/loopingcall.py:125}}
Sep 20 17:49:17.158931 np0000193575 nova-scheduler[107310]: DEBUG oslo.service.backend._threading.loopingcall [None req-c6e1b680-8a05-4225-87be-7bd24daff801 None None] Dynamic interval looping call 'nova.service.Service.periodic_tasks' sleeping for 60.00 seconds {{(pid=107310) _run_loop /opt/stack/data/venv/lib/python3.12/site-packages/oslo_service/backend/_threading/loopingcall.py:125}}
Sep 20 17:49:43.214268 np0000193575 nova-scheduler[107319]: DEBUG oslo.service.backend._threading.loopingcall [None req-7b5ded64-503e-4480-8a4a-3189df619c7a None None] Dynamic interval looping call 'nova.service.Service.periodic_tasks' sleeping for 60.00 seconds {{(pid=107319) _run_loop /opt/stack/data/venv/lib/python3.12/site-packages/oslo_service/backend/_threading/loopingcall.py:125}}
Sep 20 17:49:57.182573 np0000193575 nova-scheduler[107327]: DEBUG oslo.service.backend._threading.loopingcall [None req-89a58c71-d527-4284-be09-621739536d72 None None] Dynamic interval looping call 'nova.service.Service.periodic_tasks' sleeping for 60.00 seconds {{(pid=107327) _run_loop /opt/stack/data/venv/lib/python3.12/site-packages/oslo_service/backend/_threading/loopingcall.py:125}}
Sep 20 17:50:00.154840 np0000193575 nova-scheduler[107302]: DEBUG oslo.service.backend._threading.loopingcall [None req-8a50737a-5026-497d-8d88-c66a915ffd6a None None] Dynamic interval looping call 'nova.service.Service.periodic_tasks' sleeping for 60.00 seconds {{(pid=107302) _run_loop /opt/stack/data/venv/lib/python3.12/site-packages/oslo_service/backend/_threading/loopingcall.py:125}}
Sep 20 17:50:09.194911 np0000193575 nova-scheduler[107302]: DEBUG oslo.service.backend._threading.loopingcall [-] Fixed interval looping call 'nova.servicegroup.drivers.db.DbDriver._report_state' sleeping for 119.96 seconds {{(pid=107302) _run_loop /opt/stack/data/venv/lib/python3.12/site-packages/oslo_service/backend/_threading/loopingcall.py:125}}
Sep 20 17:50:09.195804 np0000193575 nova-scheduler[107310]: DEBUG oslo.service.backend._threading.loopingcall [-] Fixed interval looping call 'nova.servicegroup.drivers.db.DbDriver._report_state' sleeping for 119.96 seconds {{(pid=107310) _run_loop /opt/stack/data/venv/lib/python3.12/site-packages/oslo_service/backend/_threading/loopingcall.py:125}}
Sep 20 17:50:09.196262 np0000193575 nova-scheduler[107327]: DEBUG oslo.service.backend._threading.loopingcall [-] Fixed interval looping call 'nova.servicegroup.drivers.db.DbDriver._report_state' sleeping for 119.98 seconds {{(pid=107327) _run_loop /opt/stack/data/venv/lib/python3.12/site-packages/oslo_service/backend/_threading/loopingcall.py:125}}
Sep 20 17:50:09.217912 np0000193575 nova-scheduler[107319]: DEBUG oslo.service.backend._threading.loopingcall [-] Fixed interval looping call 'nova.servicegroup.drivers.db.DbDriver._report_state' sleeping for 119.99 seconds {{(pid=107319) _run_loop /opt/stack/data/venv/lib/python3.12/site-packages/oslo_service/backend/_threading/loopingcall.py:125}}
Sep 20 17:50:17.159857 np0000193575 nova-scheduler[107310]: DEBUG oslo.service.backend._threading.loopingcall [None req-c6e1b680-8a05-4225-87be-7bd24daff801 None None] Dynamic interval looping call 'nova.service.Service.periodic_tasks' sleeping for 60.00 seconds {{(pid=107310) _run_loop /opt/stack/data/venv/lib/python3.12/site-packages/oslo_service/backend/_threading/loopingcall.py:125}}
Sep 20 17:50:19.160700 np0000193575 nova-scheduler[107302]: DEBUG dbcounter [-] [107302] Writing DB stats nova_cell0:SELECT=1,nova_cell0:UPDATE=1 {{(pid=107302) stat_writer /opt/stack/data/venv/lib/python3.12/site-packages/dbcounter.py:115}}
Sep 20 17:50:19.164083 np0000193575 nova-scheduler[107310]: DEBUG dbcounter [-] [107310] Writing DB stats nova_cell0:SELECT=1,nova_cell0:UPDATE=1 {{(pid=107310) stat_writer /opt/stack/data/venv/lib/python3.12/site-packages/dbcounter.py:115}}
Sep 20 17:50:19.188038 np0000193575 nova-scheduler[107327]: DEBUG dbcounter [-] [107327] Writing DB stats nova_cell0:SELECT=1,nova_cell0:UPDATE=1 {{(pid=107327) stat_writer /opt/stack/data/venv/lib/python3.12/site-packages/dbcounter.py:115}}
Sep 20 17:50:19.214668 np0000193575 nova-scheduler[107319]: DEBUG dbcounter [-] [107319] Writing DB stats nova_cell0:SELECT=1 {{(pid=107319) stat_writer /opt/stack/data/venv/lib/python3.12/site-packages/dbcounter.py:115}}
Sep 20 17:50:43.215168 np0000193575 nova-scheduler[107319]: DEBUG oslo.service.backend._threading.loopingcall [None req-7b5ded64-503e-4480-8a4a-3189df619c7a None None] Dynamic interval looping call 'nova.service.Service.periodic_tasks' sleeping for 60.00 seconds {{(pid=107319) _run_loop /opt/stack/data/venv/lib/python3.12/site-packages/oslo_service/backend/_threading/loopingcall.py:125}}
Sep 20 17:50:57.183404 np0000193575 nova-scheduler[107327]: DEBUG oslo.service.backend._threading.loopingcall [None req-89a58c71-d527-4284-be09-621739536d72 None None] Dynamic interval looping call 'nova.service.Service.periodic_tasks' sleeping for 60.00 seconds {{(pid=107327) _run_loop /opt/stack/data/venv/lib/python3.12/site-packages/oslo_service/backend/_threading/loopingcall.py:125}}
Sep 20 17:51:00.156041 np0000193575 nova-scheduler[107302]: DEBUG oslo.service.backend._threading.loopingcall [None req-8a50737a-5026-497d-8d88-c66a915ffd6a None None] Dynamic interval looping call 'nova.service.Service.periodic_tasks' sleeping for 60.00 seconds {{(pid=107302) _run_loop /opt/stack/data/venv/lib/python3.12/site-packages/oslo_service/backend/_threading/loopingcall.py:125}}
Sep 20 17:51:17.160809 np0000193575 nova-scheduler[107310]: DEBUG oslo.service.backend._threading.loopingcall [None req-c6e1b680-8a05-4225-87be-7bd24daff801 None None] Dynamic interval looping call 'nova.service.Service.periodic_tasks' sleeping for 60.00 seconds {{(pid=107310) _run_loop /opt/stack/data/venv/lib/python3.12/site-packages/oslo_service/backend/_threading/loopingcall.py:125}}
Sep 20 17:51:43.216343 np0000193575 nova-scheduler[107319]: DEBUG oslo.service.backend._threading.loopingcall [None req-7b5ded64-503e-4480-8a4a-3189df619c7a None None] Dynamic interval looping call 'nova.service.Service.periodic_tasks' sleeping for 60.00 seconds {{(pid=107319) _run_loop /opt/stack/data/venv/lib/python3.12/site-packages/oslo_service/backend/_threading/loopingcall.py:125}}
Sep 20 17:51:57.184580 np0000193575 nova-scheduler[107327]: DEBUG oslo.service.backend._threading.loopingcall [None req-89a58c71-d527-4284-be09-621739536d72 None None] Dynamic interval looping call 'nova.service.Service.periodic_tasks' sleeping for 60.00 seconds {{(pid=107327) _run_loop /opt/stack/data/venv/lib/python3.12/site-packages/oslo_service/backend/_threading/loopingcall.py:125}}
Sep 20 17:52:00.156759 np0000193575 nova-scheduler[107302]: DEBUG oslo.service.backend._threading.loopingcall [None req-8a50737a-5026-497d-8d88-c66a915ffd6a None None] Dynamic interval looping call 'nova.service.Service.periodic_tasks' sleeping for 60.00 seconds {{(pid=107302) _run_loop /opt/stack/data/venv/lib/python3.12/site-packages/oslo_service/backend/_threading/loopingcall.py:125}}
Sep 20 17:52:09.168755 np0000193575 nova-scheduler[107302]: DEBUG oslo.service.backend._threading.loopingcall [-] Fixed interval looping call 'nova.servicegroup.drivers.db.DbDriver._report_state' sleeping for 119.99 seconds {{(pid=107302) _run_loop /opt/stack/data/venv/lib/python3.12/site-packages/oslo_service/backend/_threading/loopingcall.py:125}}
Sep 20 17:52:09.169349 np0000193575 nova-scheduler[107310]: DEBUG oslo.service.backend._threading.loopingcall [-] Fixed interval looping call 'nova.servicegroup.drivers.db.DbDriver._report_state' sleeping for 119.99 seconds {{(pid=107310) _run_loop /opt/stack/data/venv/lib/python3.12/site-packages/oslo_service/backend/_threading/loopingcall.py:125}}
Sep 20 17:52:09.182727 np0000193575 nova-scheduler[107327]: DEBUG oslo.service.backend._threading.loopingcall [-] Fixed interval looping call 'nova.servicegroup.drivers.db.DbDriver._report_state' sleeping for 119.99 seconds {{(pid=107327) _run_loop /opt/stack/data/venv/lib/python3.12/site-packages/oslo_service/backend/_threading/loopingcall.py:125}}
Sep 20 17:52:09.216174 np0000193575 nova-scheduler[107319]: DEBUG oslo.service.backend._threading.loopingcall [-] Fixed interval looping call 'nova.servicegroup.drivers.db.DbDriver._report_state' sleeping for 119.99 seconds {{(pid=107319) _run_loop /opt/stack/data/venv/lib/python3.12/site-packages/oslo_service/backend/_threading/loopingcall.py:125}}
Sep 20 17:52:17.162192 np0000193575 nova-scheduler[107310]: DEBUG oslo.service.backend._threading.loopingcall [None req-c6e1b680-8a05-4225-87be-7bd24daff801 None None] Dynamic interval looping call 'nova.service.Service.periodic_tasks' sleeping for 60.00 seconds {{(pid=107310) _run_loop /opt/stack/data/venv/lib/python3.12/site-packages/oslo_service/backend/_threading/loopingcall.py:125}}
Sep 20 17:52:19.160388 np0000193575 nova-scheduler[107302]: DEBUG dbcounter [-] [107302] Writing DB stats nova_cell0:SELECT=1,nova_cell0:UPDATE=1 {{(pid=107302) stat_writer /opt/stack/data/venv/lib/python3.12/site-packages/dbcounter.py:115}}
Sep 20 17:52:19.160935 np0000193575 nova-scheduler[107310]: DEBUG dbcounter [-] [107310] Writing DB stats nova_cell0:SELECT=1,nova_cell0:UPDATE=1 {{(pid=107310) stat_writer /opt/stack/data/venv/lib/python3.12/site-packages/dbcounter.py:115}}
Sep 20 17:52:19.182326 np0000193575 nova-scheduler[107327]: DEBUG dbcounter [-] [107327] Writing DB stats nova_cell0:SELECT=1 {{(pid=107327) stat_writer /opt/stack/data/venv/lib/python3.12/site-packages/dbcounter.py:115}}
Sep 20 17:52:19.210870 np0000193575 nova-scheduler[107319]: DEBUG dbcounter [-] [107319] Writing DB stats nova_cell0:SELECT=1 {{(pid=107319) stat_writer /opt/stack/data/venv/lib/python3.12/site-packages/dbcounter.py:115}}
Sep 20 17:52:43.217021 np0000193575 nova-scheduler[107319]: DEBUG oslo.service.backend._threading.loopingcall [None req-7b5ded64-503e-4480-8a4a-3189df619c7a None None] Dynamic interval looping call 'nova.service.Service.periodic_tasks' sleeping for 60.00 seconds {{(pid=107319) _run_loop /opt/stack/data/venv/lib/python3.12/site-packages/oslo_service/backend/_threading/loopingcall.py:125}}
Sep 20 17:52:52.568023 np0000193575 nova-scheduler[107302]: DEBUG nova.scheduler.manager [None req-baf863c4-fa98-48d7-bd76-046431e814c0 demo demo] Starting to schedule for instances: ['8db6f317-3235-4a54-a80d-169df32849b8'] {{(pid=107302) select_destinations /opt/stack/nova/nova/scheduler/manager.py:215}}
