+ COMMAND=start + start + for KEYSTONE_WSGI_SCRIPT in keystone-wsgi-public ++ type -p keystone-wsgi-public + cp -a /var/lib/openstack/bin/keystone-wsgi-public /var/www/cgi-bin/keystone/ + '[' -f /etc/apache2/envvars ']' + source /etc/apache2/envvars ++ unset HOME ++ '[' '' '!=' '' ']' ++ SUFFIX= ++ export APACHE_RUN_USER=www-data ++ APACHE_RUN_USER=www-data ++ export APACHE_RUN_GROUP=www-data ++ APACHE_RUN_GROUP=www-data ++ export APACHE_PID_FILE=/var/run/apache2/apache2.pid ++ APACHE_PID_FILE=/var/run/apache2/apache2.pid ++ export APACHE_RUN_DIR=/var/run/apache2 ++ APACHE_RUN_DIR=/var/run/apache2 ++ export APACHE_LOCK_DIR=/var/lock/apache2 ++ APACHE_LOCK_DIR=/var/lock/apache2 ++ export APACHE_LOG_DIR=/var/log/apache2 ++ APACHE_LOG_DIR=/var/log/apache2 ++ export LANG=C ++ LANG=C ++ export LANG + '[' -f /var/run/apache2/apache2.pid ']' + exec apache2 -DFOREGROUND AH00558: apache2: Could not reliably determine the server's fully qualified domain name, using 10.0.0.20. Set the 'ServerName' directive globally to suppress this message AH00558: apache2: Could not reliably determine the server's fully qualified domain name, using 10.0.0.20. Set the 'ServerName' directive globally to suppress this message
[Fri Jul 17 11:07:00.047793 2026] [mpm_event:notice] [pid 1:tid 139636215801728] AH00489: Apache/2.4.58 (Ubuntu) mod_wsgi/5.0.0 Python/3.12 configured -- resuming normal operations
[Fri Jul 17 11:07:00.047949 2026] [core:notice] [pid 1:tid 139636215801728] AH00094: Command line: 'apache2 -D FOREGROUND'
[Fri Jul 17 11:07:56.672234 2026] [wsgi:error] [pid 9:tid 139635577980608] /var/lib/openstack/lib/python3.12/site-packages/oslo_utils/importutils.py:77: EventletDeprecationWarning:
[Fri Jul 17 11:07:56.672276 2026] [wsgi:error] [pid 9:tid 139635577980608] Eventlet is deprecated. It is currently being maintained in bugfix mode, and
[Fri Jul 17 11:07:56.672278 2026] [wsgi:error] [pid 9:tid 139635577980608] we strongly recommend against using it for new projects.
[Fri Jul 17 11:07:56.672279 2026] [wsgi:error] [pid 9:tid 139635577980608]
[Fri Jul 17 11:07:56.672280 2026] [wsgi:error] [pid 9:tid 139635577980608] If you are already using Eventlet, we recommend migrating to a different
[Fri Jul 17 11:07:56.672281 2026] [wsgi:error] [pid 9:tid 139635577980608] framework. For more detail see
[Fri Jul 17 11:07:56.672283 2026] [wsgi:error] [pid 9:tid 139635577980608] https://eventlet.readthedocs.io/en/latest/asyncio/migration.html
[Fri Jul 17 11:07:56.672284 2026] [wsgi:error] [pid 9:tid 139635577980608]
[Fri Jul 17 11:07:56.672285 2026] [wsgi:error] [pid 9:tid 139635577980608] __import__(import_str)
[Fri Jul 17 11:07:56.702070 2026] [wsgi:error] [pid 11:tid 139635577980608] /var/lib/openstack/lib/python3.12/site-packages/oslo_utils/importutils.py:77: EventletDeprecationWarning:
[Fri Jul 17 11:07:56.702121 2026] [wsgi:error] [pid 11:tid 139635577980608] Eventlet is deprecated. It is currently being maintained in bugfix mode, and
[Fri Jul 17 11:07:56.702123 2026] [wsgi:error] [pid 11:tid 139635577980608] we strongly recommend against using it for new projects.
[Fri Jul 17 11:07:56.702124 2026] [wsgi:error] [pid 11:tid 139635577980608]
[Fri Jul 17 11:07:56.702126 2026] [wsgi:error] [pid 11:tid 139635577980608] If you are already using Eventlet, we recommend migrating to a different
[Fri Jul 17 11:07:56.702127 2026] [wsgi:error] [pid 11:tid 139635577980608] framework. For more detail see
[Fri Jul 17 11:07:56.702128 2026] [wsgi:error] [pid 11:tid 139635577980608] https://eventlet.readthedocs.io/en/latest/asyncio/migration.html
[Fri Jul 17 11:07:56.702129 2026] [wsgi:error] [pid 11:tid 139635577980608]
[Fri Jul 17 11:07:56.702130 2026] [wsgi:error] [pid 11:tid 139635577980608] __import__(import_str) 10.0.0.108 - - [17/Jul/2026:11:07:55 +0000] "GET /v3/ HTTP/1.1" 200 249 10.0.0.108 - - [17/Jul/2026:11:07:55 +0000] "GET /v3/ HTTP/1.1" 200 249
[Fri Jul 17 11:08:10.327920 2026] [wsgi:error] [pid 10:tid 139635577980608] /var/lib/openstack/lib/python3.12/site-packages/oslo_utils/importutils.py:77: EventletDeprecationWarning:
[Fri Jul 17 11:08:10.328019 2026] [wsgi:error] [pid 10:tid 139635577980608] Eventlet is deprecated. It is currently being maintained in bugfix mode, and
[Fri Jul 17 11:08:10.328032 2026] [wsgi:error] [pid 10:tid 139635577980608] we strongly recommend against using it for new projects.
[Fri Jul 17 11:08:10.328042 2026] [wsgi:error] [pid 10:tid 139635577980608]
[Fri Jul 17 11:08:10.328052 2026] [wsgi:error] [pid 10:tid 139635577980608] If you are already using Eventlet, we recommend migrating to a different
[Fri Jul 17 11:08:10.328062 2026] [wsgi:error] [pid 10:tid 139635577980608] framework. For more detail see
[Fri Jul 17 11:08:10.328074 2026] [wsgi:error] [pid 10:tid 139635577980608] https://eventlet.readthedocs.io/en/latest/asyncio/migration.html
[Fri Jul 17 11:08:10.328084 2026] [wsgi:error] [pid 10:tid 139635577980608]
[Fri Jul 17 11:08:10.328096 2026] [wsgi:error] [pid 10:tid 139635577980608] __import__(import_str) 10.0.0.242 - - [17/Jul/2026:11:08:09 +0000] "GET / HTTP/1.1" 300 295
[Fri Jul 17 11:08:16.035671 2026] [wsgi:error] [pid 12:tid 139635577980608] /var/lib/openstack/lib/python3.12/site-packages/oslo_utils/importutils.py:77: EventletDeprecationWarning:
[Fri Jul 17 11:08:16.035716 2026] [wsgi:error] [pid 12:tid 139635577980608] Eventlet is deprecated. It is currently being maintained in bugfix mode, and
[Fri Jul 17 11:08:16.035718 2026] [wsgi:error] [pid 12:tid 139635577980608] we strongly recommend against using it for new projects.
[Fri Jul 17 11:08:16.035719 2026] [wsgi:error] [pid 12:tid 139635577980608]
[Fri Jul 17 11:08:16.035720 2026] [wsgi:error] [pid 12:tid 139635577980608] If you are already using Eventlet, we recommend migrating to a different
[Fri Jul 17 11:08:16.035721 2026] [wsgi:error] [pid 12:tid 139635577980608] framework. For more detail see
[Fri Jul 17 11:08:16.035722 2026] [wsgi:error] [pid 12:tid 139635577980608] https://eventlet.readthedocs.io/en/latest/asyncio/migration.html
[Fri Jul 17 11:08:16.035724 2026] [wsgi:error] [pid 12:tid 139635577980608]
[Fri Jul 17 11:08:16.035725 2026] [wsgi:error] [pid 12:tid 139635577980608] __import__(import_str)
[Fri Jul 17 11:08:21.032864 2026] [wsgi:error] [pid 12:tid 139635577980608] [remote 10.0.0.242:35796] 2026-07-17 11:08:21.029 12 WARNING keystone.identity.core [None req-8d2401bb-429c-44e2-a717-abe7fcf6d2e2 - - - - - -] Invalid domain name (atmosphere) found in config file name: keystone.exception.DomainNotFound: Could not find domain: atmosphere.
[Fri Jul 17 11:08:21.098158 2026] [wsgi:error] [pid 12:tid 139635577980608] [remote 10.0.0.242:35796] 2026-07-17 11:08:21.097 12 WARNING keystone.common.password_hashing [None req-8d2401bb-429c-44e2-a717-abe7fcf6d2e2 - - - - - -] Truncating password to algorithm specific maximum length 72 characters.
[Fri Jul 17 11:08:21.385519 2026] [wsgi:error] [pid 12:tid 139635577980608] [remote 10.0.0.242:35796] 2026-07-17 11:08:21.385 12 WARNING keystone.common.fernet_utils [None req-8d2401bb-429c-44e2-a717-abe7fcf6d2e2 - - - - - -] key_repository is world readable: /etc/keystone/fernet-keys/ 10.0.0.242 - - [17/Jul/2026:11:08:15 +0000] "POST /v3/auth/tokens HTTP/1.1" 201 1360
[Fri Jul 17 11:08:23.213054 2026] [wsgi:error] [pid 9:tid 139635577980608] [remote 10.0.0.242:35796] 2026-07-17 11:08:23.210 9 WARNING keystone.identity.core [None req-dd3b2d24-d639-48bb-8852-8c6a0ae09ca1 - - - - - -] Invalid domain name (atmosphere) found in config file name: keystone.exception.DomainNotFound: Could not find domain: atmosphere. 10.0.0.242 - - [17/Jul/2026:11:08:21 +0000] "POST /v3/domains HTTP/1.1" 201 261 10.0.0.175 - - [17/Jul/2026:11:08:38 +0000] "GET / HTTP/1.1" 300 295
[Fri Jul 17 11:08:39.302500 2026] [wsgi:error] [pid 10:tid 139635577980608] [remote 10.0.0.175:44654] 2026-07-17 11:08:39.302 10 WARNING keystone.common.password_hashing [None req-ffa87601-c2cf-4962-b52c-b1e6fcfea513 - - - - - -] Truncating password to algorithm specific maximum length 72 characters.
[Fri Jul 17 11:08:39.583966 2026] [wsgi:error] [pid 10:tid 139635577980608] [remote 10.0.0.175:44654] 2026-07-17 11:08:39.583 10 WARNING keystone.common.fernet_utils [None req-ffa87601-c2cf-4962-b52c-b1e6fcfea513 - - - - - -] key_repository is world readable: /etc/keystone/fernet-keys/ 10.0.0.175 - - [17/Jul/2026:11:08:38 +0000] "POST /v3/auth/tokens HTTP/1.1" 201 1360 10.0.0.175 - - [17/Jul/2026:11:08:39 +0000] "GET /v3/roles/admin HTTP/1.1" 404 83
[Fri Jul 17 11:08:39.881575 2026] [wsgi:error] [pid 9:tid 139635577980608] [remote 10.0.0.175:44654] 2026-07-17 11:08:39.881 9 WARNING keystone.common.rbac_enforcer.enforcer [None req-b73aae4a-f420-498c-b08b-dbcd90964b7f f275de27bc94460b89d5822b517415f1 7092dfd01d9e4750b870aff1cd85deb7 - - default default] Deprecated policy rules found. Use oslopolicy-policy-generator and oslopolicy-policy-upgrade to detect and resolve deprecated policies in your configuration. 10.0.0.175 - - [17/Jul/2026:11:08:39 +0000] "GET /v3/roles?name=admin HTTP/1.1" 200 389
[Fri Jul 17 11:08:40.442212 2026] [wsgi:error] [pid 11:tid 139635577980608] [remote 10.0.0.175:44654] 2026-07-17 11:08:40.441 11 WARNING keystone.common.rbac_enforcer.enforcer [None req-fad7249d-b053-4c8c-af51-f80caadcb85c f275de27bc94460b89d5822b517415f1 7092dfd01d9e4750b870aff1cd85deb7 - - default default] Deprecated policy rules found. Use oslopolicy-policy-generator and oslopolicy-policy-upgrade to detect and resolve deprecated policies in your configuration. 10.0.0.175 - - [17/Jul/2026:11:08:40 +0000] "GET /v3/users/admin-RegionOne HTTP/1.1" 404 93
[Fri Jul 17 11:08:40.610790 2026] [wsgi:error] [pid 10:tid 139635577980608] [remote 10.0.0.175:44654] 2026-07-17 11:08:40.610 10 WARNING keystone.common.rbac_enforcer.enforcer [None req-d953f51a-515a-4f9e-b16c-61f84c630e8e f275de27bc94460b89d5822b517415f1 7092dfd01d9e4750b870aff1cd85deb7 - - default default] Deprecated policy rules found. Use oslopolicy-policy-generator and oslopolicy-policy-upgrade to detect and resolve deprecated policies in your configuration. 10.0.0.175 - - [17/Jul/2026:11:08:40 +0000] "GET /v3/users?name=admin-RegionOne HTTP/1.1" 200 422
[Fri Jul 17 11:08:40.820206 2026] [wsgi:error] [pid 12:tid 139635577980608] [remote 10.0.0.175:44654] 2026-07-17 11:08:40.819 12 WARNING keystone.common.rbac_enforcer.enforcer [None req-b7e688ef-34c6-48ee-92d1-e18e8a7f140a f275de27bc94460b89d5822b517415f1 7092dfd01d9e4750b870aff1cd85deb7 - - default default] Deprecated policy rules found. Use oslopolicy-policy-generator and oslopolicy-policy-upgrade to detect and resolve deprecated policies in your configuration. 10.0.0.175 - - [17/Jul/2026:11:08:40 +0000] "GET /v3/domains/default HTTP/1.1" 200 224 10.0.0.175 - - [17/Jul/2026:11:08:40 +0000] "PUT /v3/domains/default/users/f275de27bc94460b89d5822b517415f1/roles/6fb6ae874027412a90ea146665c2c0b5 HTTP/1.1" 204 - 10.0.0.108 - - [17/Jul/2026:11:08:50 +0000] "GET / HTTP/1.1" 300 281 10.0.0.108 - - [17/Jul/2026:11:08:52 +0000] "GET /v3 HTTP/1.1" 200 266
[Fri Jul 17 11:08:52.172130 2026] [wsgi:error] [pid 12:tid 139635577980608] [remote 10.0.0.108:49396] 2026-07-17 11:08:52.171 12 WARNING keystone.common.password_hashing [None req-df552068-bc8e-453b-95cc-c0ad38808d4e - - - - - -] Truncating password to algorithm specific maximum length 72 characters.
[Fri Jul 17 11:08:52.479959 2026] [wsgi:error] [pid 12:tid 139635577980608] [remote 10.0.0.108:49396] 2026-07-17 11:08:52.479 12 WARNING keystone.common.fernet_utils [None req-df552068-bc8e-453b-95cc-c0ad38808d4e - - - - - -] key_repository is world readable: /etc/keystone/fernet-keys/ 10.0.0.108 - - [17/Jul/2026:11:08:52 +0000] "POST /v3/auth/tokens HTTP/1.1" 201 1360 10.0.0.108 - - [17/Jul/2026:11:08:52 +0000] "GET / HTTP/1.1" 300 281 10.0.0.108 - - [17/Jul/2026:11:08:52 +0000] "GET /v3/domains/atmosphere HTTP/1.1" 404 90 10.0.0.108 - - [17/Jul/2026:11:08:52 +0000] "GET /v3/domains?name=atmosphere HTTP/1.1" 200 370 10.0.0.108 - - [17/Jul/2026:11:08:52 +0000] "GET /v3/domains/a24ac0e3c9264a9895f62f4ac8c8ca05 HTTP/1.1" 200 247 10.0.0.108 - - [17/Jul/2026:11:08:53 +0000] "GET /v3 HTTP/1.1" 200 266
[Fri Jul 17 11:08:53.676994 2026] [wsgi:error] [pid 11:tid 139635577980608] [remote 10.0.0.108:49396] 2026-07-17 11:08:53.676 11 WARNING keystone.common.password_hashing [None req-e253a9e8-3844-4108-a855-5f76c46689f9 - - - - - -] Truncating password to algorithm specific maximum length 72 characters.
[Fri Jul 17 11:08:53.959137 2026] [wsgi:error] [pid 11:tid 139635577980608] [remote 10.0.0.108:49396] 2026-07-17 11:08:53.958 11 WARNING keystone.common.fernet_utils [None req-e253a9e8-3844-4108-a855-5f76c46689f9 - - - - - -] key_repository is world readable: /etc/keystone/fernet-keys/ 10.0.0.108 - - [17/Jul/2026:11:08:53 +0000] "POST /v3/auth/tokens HTTP/1.1" 201 1360 10.0.0.108 - - [17/Jul/2026:11:08:53 +0000] "GET / HTTP/1.1" 300 281 10.0.0.108 - - [17/Jul/2026:11:08:53 +0000] "GET /v3/OS-FEDERATION/identity_providers/atmosphere HTTP/1.1" 404 101 10.0.0.108 - - [17/Jul/2026:11:08:54 +0000] "GET /v3/OS-FEDERATION/identity_providers HTTP/1.1" 200 156 10.0.0.108 - - [17/Jul/2026:11:08:54 +0000] "PUT /v3/OS-FEDERATION/identity_providers/atmosphere HTTP/1.1" 201 342 10.0.0.108 - - [17/Jul/2026:11:08:54 +0000] "GET /v3 HTTP/1.1" 200 266
[Fri Jul 17 11:08:54.822182 2026] [wsgi:error] [pid 12:tid 139635577980608] [remote 10.0.0.108:42772] 2026-07-17 11:08:54.821 12 WARNING keystone.common.password_hashing [None req-d0d57457-2031-4687-bfd0-691be6a94a4d - - - - - -] Truncating password to algorithm specific maximum length 72 characters.
[Fri Jul 17 11:08:55.122591 2026] [wsgi:error] [pid 12:tid 139635577980608] [remote 10.0.0.108:42772] 2026-07-17 11:08:55.122 12 WARNING keystone.common.fernet_utils [None req-d0d57457-2031-4687-bfd0-691be6a94a4d - - - - - -] key_repository is world readable: /etc/keystone/fernet-keys/ 10.0.0.108 - - [17/Jul/2026:11:08:54 +0000] "POST /v3/auth/tokens HTTP/1.1" 201 1360 10.0.0.108 - - [17/Jul/2026:11:08:55 +0000] "GET / HTTP/1.1" 300 281 10.0.0.108 - - [17/Jul/2026:11:08:55 +0000] "GET /v3/OS-FEDERATION/mappings/atmosphere-openid HTTP/1.1" 404 98 10.0.0.108 - - [17/Jul/2026:11:08:55 +0000] "GET /v3/OS-FEDERATION/mappings HTTP/1.1" 200 136 10.0.0.108 - - [17/Jul/2026:11:08:55 +0000] "PUT /v3/OS-FEDERATION/mappings/atmosphere-openid HTTP/1.1" 201 357 10.0.0.108 - - [17/Jul/2026:11:08:55 +0000] "GET /v3/ HTTP/1.1" 200 249 10.0.0.108 - - [17/Jul/2026:11:08:55 +0000] "GET /v3/ HTTP/1.1" 200 249 10.0.0.108 - - [17/Jul/2026:11:08:55 +0000] "GET /v3 HTTP/1.1" 200 266
[Fri Jul 17 11:08:56.009322 2026] [wsgi:error] [pid 12:tid 139635577980608] [remote 10.0.0.108:49396] 2026-07-17 11:08:56.009 12 WARNING keystone.common.password_hashing [None req-3c431b44-f715-43b5-aaaf-3b7c06077180 - - - - - -] Truncating password to algorithm specific maximum length 72 characters.
[Fri Jul 17 11:08:56.321435 2026] [wsgi:error] [pid 12:tid 139635577980608] [remote 10.0.0.108:49396] 2026-07-17 11:08:56.321 12 WARNING keystone.common.fernet_utils [None req-3c431b44-f715-43b5-aaaf-3b7c06077180 - - - - - -] key_repository is world readable: /etc/keystone/fernet-keys/ 10.0.0.108 - - [17/Jul/2026:11:08:55 +0000] "POST /v3/auth/tokens HTTP/1.1" 201 1360 10.0.0.108 - - [17/Jul/2026:11:08:56 +0000] "GET / HTTP/1.1" 300 281 10.0.0.108 - - [17/Jul/2026:11:08:56 +0000] "GET /v3/OS-FEDERATION/identity_providers/atmosphere/protocols/openid?idp_id=atmosphere HTTP/1.1" 404 131 10.0.0.108 - - [17/Jul/2026:11:08:56 +0000] "GET /v3/OS-FEDERATION/identity_providers/atmosphere/protocols HTTP/1.1" 200 168 10.0.0.108 - - [17/Jul/2026:11:08:56 +0000] "PUT /v3/OS-FEDERATION/identity_providers/atmosphere/protocols/openid HTTP/1.1" 201 224 10.0.0.108 - - [17/Jul/2026:11:09:55 +0000] "GET /v3/ HTTP/1.1" 200 249 10.0.0.108 - - [17/Jul/2026:11:09:55 +0000] "GET /v3/ HTTP/1.1" 200 249 10.0.0.91 - - [17/Jul/2026:11:10:22 +0000] "GET / HTTP/1.1" 300 295
[Fri Jul 17 11:10:22.925610 2026] [wsgi:error] [pid 12:tid 139635577980608] [remote 10.0.0.91:44316] 2026-07-17 11:10:22.925 12 WARNING keystone.common.password_hashing [None req-e643d64d-2219-4440-9ca2-ce25b1efdf50 - - - - - -] Truncating password to algorithm specific maximum length 72 characters.
[Fri Jul 17 11:10:23.230957 2026] [wsgi:error] [pid 12:tid 139635577980608] [remote 10.0.0.91:44316] 2026-07-17 11:10:23.230 12 WARNING keystone.common.fernet_utils [None req-e643d64d-2219-4440-9ca2-ce25b1efdf50 - - - - - -] key_repository is world readable: /etc/keystone/fernet-keys/ 10.0.0.91 - - [17/Jul/2026:11:10:22 +0000] "POST /v3/auth/tokens HTTP/1.1" 201 1360 10.0.0.91 - - [17/Jul/2026:11:10:23 +0000] "GET /v3/services HTTP/1.1" 200 355 10.0.0.91 - - [17/Jul/2026:11:10:27 +0000] "GET / HTTP/1.1" 300 295
[Fri Jul 17 11:10:27.112323 2026] [wsgi:error] [pid 10:tid 139635577980608] [remote 10.0.0.91:56240] 2026-07-17 11:10:27.112 10 WARNING keystone.common.password_hashing [None req-6747c5fc-52d3-48d0-abf3-acb57f2eea4b - - - - - -] Truncating password to algorithm specific maximum length 72 characters.
[Fri Jul 17 11:10:27.418743 2026] [wsgi:error] [pid 10:tid 139635577980608] [remote 10.0.0.91:56240] 2026-07-17 11:10:27.418 10 WARNING keystone.common.fernet_utils [None req-6747c5fc-52d3-48d0-abf3-acb57f2eea4b - - - - - -] key_repository is world readable: /etc/keystone/fernet-keys/ 10.0.0.91 - - [17/Jul/2026:11:10:27 +0000] "POST /v3/auth/tokens HTTP/1.1" 201 1360 10.0.0.91 - - [17/Jul/2026:11:10:27 +0000] "GET /v3/services HTTP/1.1" 200 355 10.0.0.91 - - [17/Jul/2026:11:10:31 +0000] "GET / HTTP/1.1" 300 295
[Fri Jul 17 11:10:31.203920 2026] [wsgi:error] [pid 11:tid 139635577980608] [remote 10.0.0.91:56256] 2026-07-17 11:10:31.203 11 WARNING keystone.common.password_hashing [None req-091d2157-538d-499c-abcd-6a9e88c428ed - - - - - -] Truncating password to algorithm specific maximum length 72 characters.
[Fri Jul 17 11:10:31.503225 2026] [wsgi:error] [pid 11:tid 139635577980608] [remote 10.0.0.91:56256] 2026-07-17 11:10:31.503 11 WARNING keystone.common.fernet_utils [None req-091d2157-538d-499c-abcd-6a9e88c428ed - - - - - -] key_repository is world readable: /etc/keystone/fernet-keys/ 10.0.0.91 - - [17/Jul/2026:11:10:31 +0000] "POST /v3/auth/tokens HTTP/1.1" 201 1360 10.0.0.91 - - [17/Jul/2026:11:10:31 +0000] "GET /v3/services HTTP/1.1" 200 355 10.0.0.91 - - [17/Jul/2026:11:10:35 +0000] "GET / HTTP/1.1" 300 295
[Fri Jul 17 11:10:35.232923 2026] [wsgi:error] [pid 9:tid 139635577980608] [remote 10.0.0.91:53172] 2026-07-17 11:10:35.232 9 WARNING keystone.common.password_hashing [None req-16bb476d-1f84-4df5-89f7-d8413ac466f3 - - - - - -] Truncating password to algorithm specific maximum length 72 characters.
[Fri Jul 17 11:10:35.514406 2026] [wsgi:error] [pid 9:tid 139635577980608] [remote 10.0.0.91:53172] 2026-07-17 11:10:35.514 9 WARNING keystone.common.fernet_utils [None req-16bb476d-1f84-4df5-89f7-d8413ac466f3 - - - - - -] key_repository is world readable: /etc/keystone/fernet-keys/ 10.0.0.91 - - [17/Jul/2026:11:10:35 +0000] "POST /v3/auth/tokens HTTP/1.1" 201 1360 10.0.0.91 - - [17/Jul/2026:11:10:35 +0000] "POST /v3/services HTTP/1.1" 201 296 10.0.0.227 - - [17/Jul/2026:11:10:47 +0000] "GET / HTTP/1.1" 300 295
[Fri Jul 17 11:10:47.077381 2026] [wsgi:error] [pid 12:tid 139635577980608] [remote 10.0.0.227:43600] 2026-07-17 11:10:47.077 12 WARNING keystone.common.password_hashing [None req-36f07397-72e0-40b5-b28f-2babd492967f - - - - - -] Truncating password to algorithm specific maximum length 72 characters. 10.0.0.227 - - [17/Jul/2026:11:10:47 +0000] "GET / HTTP/1.1" 300 295
[Fri Jul 17 11:10:47.248212 2026] [wsgi:error] [pid 11:tid 139635577980608] [remote 10.0.0.227:43608] 2026-07-17 11:10:47.247 11 WARNING keystone.common.password_hashing [None req-edd000c4-2fb9-4034-a7a9-7dfa3b3a51fc - - - - - -] Truncating password to algorithm specific maximum length 72 characters. 10.0.0.227 - - [17/Jul/2026:11:10:47 +0000] "GET / HTTP/1.1" 300 295
[Fri Jul 17 11:10:47.378233 2026] [wsgi:error] [pid 12:tid 139635577980608] [remote 10.0.0.227:43600] 2026-07-17 11:10:47.377 12 WARNING keystone.common.fernet_utils [None req-36f07397-72e0-40b5-b28f-2babd492967f - - - - - -] key_repository is world readable: /etc/keystone/fernet-keys/ 10.0.0.227 - - [17/Jul/2026:11:10:47 +0000] "POST /v3/auth/tokens HTTP/1.1" 201 1464
[Fri Jul 17 11:10:47.400714 2026] [wsgi:error] [pid 9:tid 139635577980608] [remote 10.0.0.227:43614] 2026-07-17 11:10:47.400 9 WARNING keystone.common.password_hashing [None req-ba54d00d-d094-49d4-8422-0f1dd623da26 - - - - - -] Truncating password to algorithm specific maximum length 72 characters. 10.0.0.227 - - [17/Jul/2026:11:10:47 +0000] "GET /v3/services HTTP/1.1" 200 639
[Fri Jul 17 11:10:47.536276 2026] [wsgi:error] [pid 11:tid 139635577980608] [remote 10.0.0.227:43608] 2026-07-17 11:10:47.536 11 WARNING keystone.common.fernet_utils [None req-edd000c4-2fb9-4034-a7a9-7dfa3b3a51fc - - - - - -] key_repository is world readable: /etc/keystone/fernet-keys/ 10.0.0.227 - - [17/Jul/2026:11:10:47 +0000] "POST /v3/auth/tokens HTTP/1.1" 201 1464
[Fri Jul 17 11:10:47.684362 2026] [wsgi:error] [pid 9:tid 139635577980608] [remote 10.0.0.227:43614] 2026-07-17 11:10:47.684 9 WARNING keystone.common.fernet_utils [None req-ba54d00d-d094-49d4-8422-0f1dd623da26 - - - - - -] key_repository is world readable: /etc/keystone/fernet-keys/ 10.0.0.227 - - [17/Jul/2026:11:10:47 +0000] "GET /v3/services HTTP/1.1" 200 639 10.0.0.227 - - [17/Jul/2026:11:10:47 +0000] "POST /v3/auth/tokens HTTP/1.1" 201 1464 10.0.0.227 - - [17/Jul/2026:11:10:47 +0000] "GET /v3/services HTTP/1.1" 200 639 10.0.0.227 - - [17/Jul/2026:11:10:49 +0000] "GET / HTTP/1.1" 300 295
[Fri Jul 17 11:10:49.189167 2026] [wsgi:error] [pid 12:tid 139635577980608] [remote 10.0.0.227:43626] 2026-07-17 11:10:49.188 12 WARNING keystone.common.password_hashing [None req-996dacd2-f701-485b-abd4-d07d4264f4cb - - - - - -] Truncating password to algorithm specific maximum length 72 characters. 10.0.0.227 - - [17/Jul/2026:11:10:49 +0000] "GET / HTTP/1.1" 300 295
[Fri Jul 17 11:10:49.404487 2026] [wsgi:error] [pid 10:tid 139635577980608] [remote 10.0.0.227:43642] 2026-07-17 11:10:49.404 10 WARNING keystone.common.password_hashing [None req-40e6369d-4fe2-4ced-8058-4810b0fcbe6c - - - - - -] Truncating password to algorithm specific maximum length 72 characters.
[Fri Jul 17 11:10:49.488578 2026] [wsgi:error] [pid 12:tid 139635577980608] [remote 10.0.0.227:43626] 2026-07-17 11:10:49.488 12 WARNING keystone.common.fernet_utils [None req-996dacd2-f701-485b-abd4-d07d4264f4cb - - - - - -] key_repository is world readable: /etc/keystone/fernet-keys/ 10.0.0.227 - - [17/Jul/2026:11:10:49 +0000] "POST /v3/auth/tokens HTTP/1.1" 201 1464 10.0.0.227 - - [17/Jul/2026:11:10:49 +0000] "GET / HTTP/1.1" 300 295
[Fri Jul 17 11:10:49.526917 2026] [wsgi:error] [pid 9:tid 139635577980608] [remote 10.0.0.227:43656] 2026-07-17 11:10:49.526 9 WARNING keystone.common.password_hashing [None req-110a482d-5f4c-4df3-b441-5ea6df7513a4 - - - - - -] Truncating password to algorithm specific maximum length 72 characters. 10.0.0.227 - - [17/Jul/2026:11:10:49 +0000] "GET /v3/endpoints HTTP/1.1" 200 1227 10.0.0.227 - - [17/Jul/2026:11:10:49 +0000] "GET /v3/services/4012f1ca49f64c92814a6a10c02373c7 HTTP/1.1" 200 233 10.0.0.227 - - [17/Jul/2026:11:10:49 +0000] "GET /v3/services/4012f1ca49f64c92814a6a10c02373c7 HTTP/1.1" 200 233
[Fri Jul 17 11:10:49.693912 2026] [wsgi:error] [pid 10:tid 139635577980608] [remote 10.0.0.227:43642] 2026-07-17 11:10:49.693 10 WARNING keystone.common.fernet_utils [None req-40e6369d-4fe2-4ced-8058-4810b0fcbe6c - - - - - -] key_repository is world readable: /etc/keystone/fernet-keys/ 10.0.0.227 - - [17/Jul/2026:11:10:49 +0000] "GET /v3/services/4012f1ca49f64c92814a6a10c02373c7 HTTP/1.1" 200 233 10.0.0.227 - - [17/Jul/2026:11:10:49 +0000] "POST /v3/auth/tokens HTTP/1.1" 201 1464
[Fri Jul 17 11:10:49.801715 2026] [wsgi:error] [pid 9:tid 139635577980608] [remote 10.0.0.227:43656] 2026-07-17 11:10:49.801 9 WARNING keystone.common.fernet_utils [None req-110a482d-5f4c-4df3-b441-5ea6df7513a4 - - - - - -] key_repository is world readable: /etc/keystone/fernet-keys/ 10.0.0.227 - - [17/Jul/2026:11:10:49 +0000] "POST /v3/auth/tokens HTTP/1.1" 201 1464 10.0.0.227 - - [17/Jul/2026:11:10:49 +0000] "GET /v3/endpoints HTTP/1.1" 200 1227 10.0.0.227 - - [17/Jul/2026:11:10:49 +0000] "GET /v3/services/4012f1ca49f64c92814a6a10c02373c7 HTTP/1.1" 200 233 10.0.0.227 - - [17/Jul/2026:11:10:49 +0000] "GET /v3/services/4012f1ca49f64c92814a6a10c02373c7 HTTP/1.1" 200 233 10.0.0.227 - - [17/Jul/2026:11:10:49 +0000] "GET /v3/services/4012f1ca49f64c92814a6a10c02373c7 HTTP/1.1" 200 233 10.0.0.227 - - [17/Jul/2026:11:10:49 +0000] "GET /v3/endpoints HTTP/1.1" 200 1227 10.0.0.227 - - [17/Jul/2026:11:10:49 +0000] "GET /v3/services/4012f1ca49f64c92814a6a10c02373c7 HTTP/1.1" 200 233 10.0.0.227 - - [17/Jul/2026:11:10:49 +0000] "GET /v3/services/4012f1ca49f64c92814a6a10c02373c7 HTTP/1.1" 200 233 10.0.0.227 - - [17/Jul/2026:11:10:49 +0000] "GET /v3/services/4012f1ca49f64c92814a6a10c02373c7 HTTP/1.1" 200 233 10.0.0.227 - - [17/Jul/2026:11:10:51 +0000] "GET / HTTP/1.1" 300 295
[Fri Jul 17 11:10:51.453057 2026] [wsgi:error] [pid 11:tid 139635577980608] [remote 10.0.0.227:43664] 2026-07-17 11:10:51.452 11 WARNING keystone.common.password_hashing [None req-cd12d740-491a-41a1-ba59-f6535695c1d7 - - - - - -] Truncating password to algorithm specific maximum length 72 characters. 10.0.0.227 - - [17/Jul/2026:11:10:51 +0000] "GET / HTTP/1.1" 300 295
[Fri Jul 17 11:10:51.537229 2026] [wsgi:error] [pid 9:tid 139635577980608] [remote 10.0.0.227:43672] 2026-07-17 11:10:51.537 9 WARNING keystone.common.password_hashing [None req-a5b84c2f-bfef-484c-af30-960afd70bd61 - - - - - -] Truncating password to algorithm specific maximum length 72 characters. 10.0.0.227 - - [17/Jul/2026:11:10:51 +0000] "GET / HTTP/1.1" 300 295
[Fri Jul 17 11:10:51.665614 2026] [wsgi:error] [pid 10:tid 139635577980608] [remote 10.0.0.227:43674] 2026-07-17 11:10:51.665 10 WARNING keystone.common.password_hashing [None req-6261eafe-cff1-4c85-bd2f-68a8ecdb0265 - - - - - -] Truncating password to algorithm specific maximum length 72 characters.
[Fri Jul 17 11:10:51.735977 2026] [wsgi:error] [pid 11:tid 139635577980608] [remote 10.0.0.227:43664] 2026-07-17 11:10:51.735 11 WARNING keystone.common.fernet_utils [None req-cd12d740-491a-41a1-ba59-f6535695c1d7 - - - - - -] key_repository is world readable: /etc/keystone/fernet-keys/ 10.0.0.227 - - [17/Jul/2026:11:10:51 +0000] "POST /v3/auth/tokens HTTP/1.1" 201 1464
[Fri Jul 17 11:10:51.826061 2026] [wsgi:error] [pid 9:tid 139635577980608] [remote 10.0.0.227:43672] 2026-07-17 11:10:51.825 9 WARNING keystone.common.fernet_utils [None req-a5b84c2f-bfef-484c-af30-960afd70bd61 - - - - - -] key_repository is world readable: /etc/keystone/fernet-keys/ 10.0.0.227 - - [17/Jul/2026:11:10:51 +0000] "POST /v3/auth/tokens HTTP/1.1" 201 1464 10.0.0.227 - - [17/Jul/2026:11:10:51 +0000] "GET /v3/services/db52c7b4bed84dceb1ba3e83952c4469 HTTP/1.1" 200 296 10.0.0.227 - - [17/Jul/2026:11:10:51 +0000] "GET /v3/regions/RegionOne HTTP/1.1" 200 173 10.0.0.227 - - [17/Jul/2026:11:10:51 +0000] "POST /v3/endpoints HTTP/1.1" 201 380
[Fri Jul 17 11:10:51.953493 2026] [wsgi:error] [pid 10:tid 139635577980608] [remote 10.0.0.227:43674] 2026-07-17 11:10:51.953 10 WARNING keystone.common.fernet_utils [None req-6261eafe-cff1-4c85-bd2f-68a8ecdb0265 - - - - - -] key_repository is world readable: /etc/keystone/fernet-keys/ 10.0.0.227 - - [17/Jul/2026:11:10:51 +0000] "POST /v3/auth/tokens HTTP/1.1" 201 1641 10.0.0.227 - - [17/Jul/2026:11:10:51 +0000] "GET /v3/services/db52c7b4bed84dceb1ba3e83952c4469 HTTP/1.1" 200 296 10.0.0.227 - - [17/Jul/2026:11:10:51 +0000] "GET /v3/regions/RegionOne HTTP/1.1" 200 173 10.0.0.227 - - [17/Jul/2026:11:10:52 +0000] "POST /v3/endpoints HTTP/1.1" 201 383 10.0.0.227 - - [17/Jul/2026:11:10:52 +0000] "GET /v3/services/db52c7b4bed84dceb1ba3e83952c4469 HTTP/1.1" 200 296 10.0.0.227 - - [17/Jul/2026:11:10:52 +0000] "GET /v3/regions/RegionOne HTTP/1.1" 200 173 10.0.0.227 - - [17/Jul/2026:11:10:52 +0000] "POST /v3/endpoints HTTP/1.1" 201 370 10.0.0.227 - - [17/Jul/2026:11:10:53 +0000] "GET / HTTP/1.1" 300 295
[Fri Jul 17 11:10:53.631280 2026] [wsgi:error] [pid 10:tid 139635577980608] [remote 10.0.0.227:43686] 2026-07-17 11:10:53.630 10 WARNING keystone.common.password_hashing [None req-b5d5c25b-d68d-4bd2-bd73-eb4dac0dcc04 - - - - - -] Truncating password to algorithm specific maximum length 72 characters. 10.0.0.227 - - [17/Jul/2026:11:10:53 +0000] "GET / HTTP/1.1" 300 295
[Fri Jul 17 11:10:53.733707 2026] [wsgi:error] [pid 12:tid 139635577980608] [remote 10.0.0.227:43696] 2026-07-17 11:10:53.733 12 WARNING keystone.common.password_hashing [None req-7fc3c39b-0b65-4eae-b485-373b34d4d9c5 - - - - - -] Truncating password to algorithm specific maximum length 72 characters. 10.0.0.227 - - [17/Jul/2026:11:10:53 +0000] "GET / HTTP/1.1" 300 295
[Fri Jul 17 11:10:53.815808 2026] [wsgi:error] [pid 9:tid 139635577980608] [remote 10.0.0.227:43698] 2026-07-17 11:10:53.815 9 WARNING keystone.common.password_hashing [None req-1eff541b-5d13-406f-ab05-c374abd0eb32 - - - - - -] Truncating password to algorithm specific maximum length 72 characters.
[Fri Jul 17 11:10:53.917374 2026] [wsgi:error] [pid 10:tid 139635577980608] [remote 10.0.0.227:43686] 2026-07-17 11:10:53.917 10 WARNING keystone.common.fernet_utils [None req-b5d5c25b-d68d-4bd2-bd73-eb4dac0dcc04 - - - - - -] key_repository is world readable: /etc/keystone/fernet-keys/ 10.0.0.227 - - [17/Jul/2026:11:10:53 +0000] "POST /v3/auth/tokens HTTP/1.1" 201 1992
[Fri Jul 17 11:10:54.018135 2026] [wsgi:error] [pid 12:tid 139635577980608] [remote 10.0.0.227:43696] 2026-07-17 11:10:54.017 12 WARNING keystone.common.fernet_utils [None req-7fc3c39b-0b65-4eae-b485-373b34d4d9c5 - - - - - -] key_repository is world readable: /etc/keystone/fernet-keys/ 10.0.0.227 - - [17/Jul/2026:11:10:53 +0000] "POST /v3/auth/tokens HTTP/1.1" 201 1992 10.0.0.227 - - [17/Jul/2026:11:10:54 +0000] "GET /v3/endpoints/6d4604fe0c09483185e79ca1b4d6f85c HTTP/1.1" 200 380 10.0.0.227 - - [17/Jul/2026:11:10:54 +0000] "GET /v3/services/db52c7b4bed84dceb1ba3e83952c4469 HTTP/1.1" 200 296
[Fri Jul 17 11:10:54.097635 2026] [wsgi:error] [pid 9:tid 139635577980608] [remote 10.0.0.227:43698] 2026-07-17 11:10:54.097 9 WARNING keystone.common.fernet_utils [None req-1eff541b-5d13-406f-ab05-c374abd0eb32 - - - - - -] key_repository is world readable: /etc/keystone/fernet-keys/ 10.0.0.227 - - [17/Jul/2026:11:10:53 +0000] "POST /v3/auth/tokens HTTP/1.1" 201 1992 10.0.0.227 - - [17/Jul/2026:11:10:54 +0000] "GET /v3/endpoints/cccf5485d673410a943409c8bdeb6278 HTTP/1.1" 200 383 10.0.0.227 - - [17/Jul/2026:11:10:54 +0000] "GET /v3/services/db52c7b4bed84dceb1ba3e83952c4469 HTTP/1.1" 200 296 10.0.0.227 - - [17/Jul/2026:11:10:54 +0000] "GET /v3/endpoints/e604e4767e3f44fb9c0bb2df4616dbd4 HTTP/1.1" 200 370 10.0.0.227 - - [17/Jul/2026:11:10:54 +0000] "GET /v3/services/db52c7b4bed84dceb1ba3e83952c4469 HTTP/1.1" 200 296 10.0.0.108 - - [17/Jul/2026:11:10:55 +0000] "GET /v3/ HTTP/1.1" 200 249 10.0.0.108 - - [17/Jul/2026:11:10:55 +0000] "GET /v3/ HTTP/1.1" 200 249 10.0.0.77 - - [17/Jul/2026:11:11:06 +0000] "GET / HTTP/1.1" 300 295
[Fri Jul 17 11:11:06.166314 2026] [wsgi:error] [pid 9:tid 139635577980608] [remote 10.0.0.77:44056] 2026-07-17 11:11:06.166 9 WARNING keystone.common.password_hashing [None req-182b8cbd-49d0-4d51-96d1-961a88efa9bb - - - - - -] Truncating password to algorithm specific maximum length 72 characters.
[Fri Jul 17 11:11:06.452300 2026] [wsgi:error] [pid 9:tid 139635577980608] [remote 10.0.0.77:44056] 2026-07-17 11:11:06.452 9 WARNING keystone.common.fernet_utils [None req-182b8cbd-49d0-4d51-96d1-961a88efa9bb - - - - - -] key_repository is world readable: /etc/keystone/fernet-keys/ 10.0.0.77 - - [17/Jul/2026:11:11:06 +0000] "POST /v3/auth/tokens HTTP/1.1" 201 1992 10.0.0.77 - - [17/Jul/2026:11:11:06 +0000] "POST /v3/domains HTTP/1.1" 201 284 10.0.0.77 - - [17/Jul/2026:11:11:08 +0000] "GET / HTTP/1.1" 300 295
[Fri Jul 17 11:11:08.331127 2026] [wsgi:error] [pid 10:tid 139635577980608] [remote 10.0.0.77:44062] 2026-07-17 11:11:08.330 10 WARNING keystone.common.password_hashing [None req-721eb7fe-b3d6-4cb1-817c-f9dbf0fc40fe - - - - - -] Truncating password to algorithm specific maximum length 72 characters.
[Fri Jul 17 11:11:08.624543 2026] [wsgi:error] [pid 10:tid 139635577980608] [remote 10.0.0.77:44062] 2026-07-17 11:11:08.624 10 WARNING keystone.common.fernet_utils [None req-721eb7fe-b3d6-4cb1-817c-f9dbf0fc40fe - - - - - -] key_repository is world readable: /etc/keystone/fernet-keys/ 10.0.0.77 - - [17/Jul/2026:11:11:08 +0000] "POST /v3/auth/tokens HTTP/1.1" 201 1992
[Fri Jul 17 11:11:08.805723 2026] [wsgi:error] [pid 9:tid 139635577980608] [remote 10.0.0.77:44062] 2026-07-17 11:11:08.791 9 ERROR keystone.server.flask.application [None req-51330310-c701-41e6-adae-a4a63f0b1464 f275de27bc94460b89d5822b517415f1 7092dfd01d9e4750b870aff1cd85deb7 - - default default] Conflict occurred attempting to store project - it is not permitted to have two projects acting as domains with the same name: service.: keystone.exception.Conflict: Conflict occurred attempting to store project - it is not permitted to have two projects acting as domains with the same name: service.
[Fri Jul 17 11:11:08.805746 2026] [wsgi:error] [pid 9:tid 139635577980608] [remote 10.0.0.77:44062] 2026-07-17 11:11:08.791 9 ERROR keystone.server.flask.application
Traceback (most recent call last):
[Fri Jul 17 11:11:08.805752 2026] [wsgi:error] [pid 9:tid 139635577980608] [remote 10.0.0.77:44062] 2026-07-17 11:11:08.791 9 ERROR keystone.server.flask.application
File "/var/lib/openstack/lib/python3.12/site-packages/sqlalchemy/engine/base.py", line 1969, in _exec_single_context
[Fri Jul 17 11:11:08.805755 2026] [wsgi:error] [pid 9:tid 139635577980608] [remote 10.0.0.77:44062] 2026-07-17 11:11:08.791 9 ERROR keystone.server.flask.application self.dialect.do_execute(
[Fri Jul 17 11:11:08.805757 2026] [wsgi:error] [pid 9:tid 139635577980608] [remote 10.0.0.77:44062] 2026-07-17 11:11:08.791 9 ERROR keystone.server.flask.application
File "/var/lib/openstack/lib/python3.12/site-packages/sqlalchemy/engine/default.py", line 952, in do_execute
[Fri Jul 17 11:11:08.805759 2026] [wsgi:error] [pid 9:tid 139635577980608] [remote 10.0.0.77:44062] 2026-07-17 11:11:08.791 9 ERROR keystone.server.flask.application cursor.execute(statement, parameters)
[Fri Jul 17 11:11:08.805761 2026] [wsgi:error] [pid 9:tid 139635577980608] [remote 10.0.0.77:44062] 2026-07-17 11:11:08.791 9 ERROR keystone.server.flask.application
File "/var/lib/openstack/lib/python3.12/site-packages/pymysql/cursors.py", line 159, in execute
[Fri Jul 17 11:11:08.805763 2026] [wsgi:error] [pid 9:tid 139635577980608] [remote 10.0.0.77:44062] 2026-07-17 11:11:08.791 9 ERROR keystone.server.flask.application result = self._query(query)
[Fri Jul 17 11:11:08.805765 2026] [wsgi:error] [pid 9:tid 139635577980608] [remote 10.0.0.77:44062] 2026-07-17 11:11:08.791 9 ERROR keystone.server.flask.application ^^^^^^^^^^^^^^^^^^
[Fri Jul 17 11:11:08.805767 2026] [wsgi:error] [pid 9:tid 139635577980608] [remote 10.0.0.77:44062] 2026-07-17 11:11:08.791 9 ERROR keystone.server.flask.application
File "/var/lib/openstack/lib/python3.12/site-packages/pymysql/cursors.py", line 330, in _query
[Fri Jul 17 11:11:08.805769 2026] [wsgi:error] [pid 9:tid 139635577980608] [remote 10.0.0.77:44062] 2026-07-17 11:11:08.791 9 ERROR keystone.server.flask.application conn.query(q)
[Fri Jul 17 11:11:08.805770 2026] [wsgi:error] [pid 9:tid 139635577980608] [remote 10.0.0.77:44062] 2026-07-17 11:11:08.791 9 ERROR keystone.server.flask.application
File "/var/lib/openstack/lib/python3.12/site-packages/pymysql/connections.py", line 582, in query
[Fri Jul 17 11:11:08.805772 2026] [wsgi:error] [pid 9:tid 139635577980608] [remote 10.0.0.77:44062] 2026-07-17 11:11:08.791 9 ERROR keystone.server.flask.application self._affected_rows = self._read_query_result(unbuffered=unbuffered)
[Fri Jul 17 11:11:08.805774 2026] [wsgi:error] [pid 9:tid 139635577980608] [remote 10.0.0.77:44062] 2026-07-17 11:11:08.791 9 ERROR keystone.server.flask.application ^^^^^^^^^^^^^^^^^^^^^^^^^^^^^^^^^^^^^^^^^^^^^^
[Fri Jul 17 11:11:08.805776 2026] [wsgi:error] [pid 9:tid 139635577980608] [remote 10.0.0.77:44062] 2026-07-17 11:11:08.791 9 ERROR keystone.server.flask.application
File "/var/lib/openstack/lib/python3.12/site-packages/pymysql/connections.py", line 847, in _read_query_result
[Fri Jul 17 11:11:08.805778 2026] [wsgi:error] [pid 9:tid 139635577980608] [remote 10.0.0.77:44062] 2026-07-17 11:11:08.791 9 ERROR keystone.server.flask.application result.read()
[Fri Jul 17 11:11:08.805780 2026] [wsgi:error] [pid 9:tid 139635577980608] [remote 10.0.0.77:44062] 2026-07-17 11:11:08.791 9 ERROR keystone.server.flask.application
File "/var/lib/openstack/lib/python3.12/site-packages/pymysql/connections.py", line 1245, in read
[Fri Jul 17 11:11:08.805784 2026] [wsgi:error] [pid 9:tid 139635577980608] [remote 10.0.0.77:44062] 2026-07-17 11:11:08.791 9 ERROR keystone.server.flask.application first_packet = self.connection._read_packet()
[Fri Jul 17 11:11:08.805786 2026] [wsgi:error] [pid 9:tid 139635577980608] [remote 10.0.0.77:44062] 2026-07-17 11:11:08.791 9 ERROR keystone.server.flask.application ^^^^^^^^^^^^^^^^^^^^^^^^^^^^^^
[Fri Jul 17 11:11:08.805802 2026] [wsgi:error] [pid 9:tid 139635577980608] [remote 10.0.0.77:44062] 2026-07-17 11:11:08.791 9 ERROR keystone.server.flask.application
File "/var/lib/openstack/lib/python3.12/site-packages/pymysql/connections.py", line 803, in _read_packet
[Fri Jul 17 11:11:08.805804 2026] [wsgi:error] [pid 9:tid 139635577980608] [remote 10.0.0.77:44062] 2026-07-17 11:11:08.791 9 ERROR keystone.server.flask.application packet.raise_for_error()
[Fri Jul 17 11:11:08.805805 2026] [wsgi:error] [pid 9:tid 139635577980608] [remote 10.0.0.77:44062] 2026-07-17 11:11:08.791 9 ERROR keystone.server.flask.application
File "/var/lib/openstack/lib/python3.12/site-packages/pymysql/protocol.py", line 219, in raise_for_error
[Fri Jul 17 11:11:08.805807 2026] [wsgi:error] [pid 9:tid 139635577980608] [remote 10.0.0.77:44062] 2026-07-17 11:11:08.791 9 ERROR keystone.server.flask.application err.raise_mysql_exception(self._data)
[Fri Jul 17 11:11:08.805809 2026] [wsgi:error] [pid 9:tid 139635577980608] [remote 10.0.0.77:44062] 2026-07-17 11:11:08.791 9 ERROR keystone.server.flask.application
File "/var/lib/openstack/lib/python3.12/site-packages/pymysql/err.py", line 154, in raise_mysql_exception
[Fri Jul 17 11:11:08.805811 2026] [wsgi:error] [pid 9:tid 139635577980608] [remote 10.0.0.77:44062] 2026-07-17 11:11:08.791 9 ERROR keystone.server.flask.application raise errorclass(errno, errval, sqlstate=sqlstate)
[Fri Jul 17 11:11:08.805813 2026] [wsgi:error] [pid 9:tid 139635577980608] [remote 10.0.0.77:44062] 2026-07-17 11:11:08.791 9 ERROR keystone.server.flask.application pymysql.err.IntegrityError: (1062, "Duplicate entry '<>-service' for key 'project.ixu_project_name_domain_id'")
[Fri Jul 17 11:11:08.805815 2026] [wsgi:error] [pid 9:tid 139635577980608] [remote 10.0.0.77:44062] 2026-07-17 11:11:08.791 9 ERROR keystone.server.flask.application
[Fri Jul 17 11:11:08.805817 2026] [wsgi:error] [pid 9:tid 139635577980608] [remote 10.0.0.77:44062] 2026-07-17 11:11:08.791 9 ERROR keystone.server.flask.application The above exception was the direct cause of the following exception:
[Fri Jul 17 11:11:08.805819 2026] [wsgi:error] [pid 9:tid 139635577980608] [remote 10.0.0.77:44062] 2026-07-17 11:11:08.791 9 ERROR keystone.server.flask.application
[Fri Jul 17 11:11:08.805821 2026] [wsgi:error] [pid 9:tid 139635577980608] [remote 10.0.0.77:44062] 2026-07-17 11:11:08.791 9 ERROR keystone.server.flask.application
Traceback (most recent call last):
[Fri Jul 17 11:11:08.805823 2026] [wsgi:error] [pid 9:tid 139635577980608] [remote 10.0.0.77:44062] 2026-07-17 11:11:08.791 9 ERROR keystone.server.flask.application
File "/var/lib/openstack/lib/python3.12/site-packages/keystone/common/sql/core.py", line 575, in wrapper
[Fri Jul 17 11:11:08.805825 2026] [wsgi:error] [pid 9:tid 139635577980608] [remote 10.0.0.77:44062] 2026-07-17 11:11:08.791 9 ERROR keystone.server.flask.application return method(*args, **kwargs)
[Fri Jul 17 11:11:08.805827 2026] [wsgi:error] [pid 9:tid 139635577980608] [remote 10.0.0.77:44062] 2026-07-17 11:11:08.791 9 ERROR keystone.server.flask.application ^^^^^^^^^^^^^^^^^^^^^^^
[Fri Jul 17 11:11:08.805829 2026] [wsgi:error] [pid 9:tid 139635577980608] [remote 10.0.0.77:44062] 2026-07-17 11:11:08.791 9 ERROR keystone.server.flask.application
File "/var/lib/openstack/lib/python3.12/site-packages/keystone/resource/backends/sql.py", line 278, in create_project
[Fri Jul 17 11:11:08.805831 2026] [wsgi:error] [pid 9:tid 139635577980608] [remote 10.0.0.77:44062] 2026-07-17 11:11:08.791 9 ERROR keystone.server.flask.application with sql.session_for_write() as session:
[Fri Jul 17 11:11:08.805833 2026] [wsgi:error] [pid 9:tid 139635577980608] [remote 10.0.0.77:44062] 2026-07-17 11:11:08.791 9 ERROR keystone.server.flask.application
File "/usr/lib/python3.12/contextlib.py", line 144, in __exit__
[Fri Jul 17 11:11:08.805835 2026] [wsgi:error] [pid 9:tid 139635577980608] [remote 10.0.0.77:44062] 2026-07-17 11:11:08.791 9 ERROR keystone.server.flask.application next(self.gen)
[Fri Jul 17 11:11:08.805837 2026] [wsgi:error] [pid 9:tid 139635577980608] [remote 10.0.0.77:44062] 2026-07-17 11:11:08.791 9 ERROR keystone.server.flask.application
File "/var/lib/openstack/lib/python3.12/site-packages/oslo_db/sqlalchemy/enginefacade.py", line 1175, in _transaction_scope
[Fri Jul 17 11:11:08.805840 2026] [wsgi:error] [pid 9:tid 139635577980608] [remote 10.0.0.77:44062] 2026-07-17 11:11:08.791 9 ERROR keystone.server.flask.application with current._produce_block(
[Fri Jul 17 11:11:08.805842 2026] [wsgi:error] [pid 9:tid 139635577980608] [remote 10.0.0.77:44062] 2026-07-17 11:11:08.791 9 ERROR keystone.server.flask.application
File "/usr/lib/python3.12/contextlib.py", line 144, in __exit__
[Fri Jul 17 11:11:08.805844 2026] [wsgi:error] [pid 9:tid 139635577980608] [remote 10.0.0.77:44062] 2026-07-17 11:11:08.791 9 ERROR keystone.server.flask.application next(self.gen)
[Fri Jul 17 11:11:08.805846 2026] [wsgi:error] [pid 9:tid 139635577980608] [remote 10.0.0.77:44062] 2026-07-17 11:11:08.791 9 ERROR keystone.server.flask.application
File "/var/lib/openstack/lib/python3.12/site-packages/oslo_db/sqlalchemy/enginefacade.py", line 837, in _session
[Fri Jul 17 11:11:08.805848 2026] [wsgi:error] [pid 9:tid 139635577980608] [remote 10.0.0.77:44062] 2026-07-17 11:11:08.791 9 ERROR keystone.server.flask.application with excutils.save_and_reraise_exception():
[Fri Jul 17 11:11:08.805850 2026] [wsgi:error] [pid 9:tid 139635577980608] [remote 10.0.0.77:44062] 2026-07-17 11:11:08.791 9 ERROR keystone.server.flask.application
File "/var/lib/openstack/lib/python3.12/site-packages/oslo_utils/excutils.py", line 266, in __exit__
[Fri Jul 17 11:11:08.805853 2026] [wsgi:error] [pid 9:tid 139635577980608] [remote 10.0.0.77:44062] 2026-07-17 11:11:08.791 9 ERROR keystone.server.flask.application self.force_reraise()
[Fri Jul 17 11:11:08.805855 2026] [wsgi:error] [pid 9:tid 139635577980608] [remote 10.0.0.77:44062] 2026-07-17 11:11:08.791 9 ERROR keystone.server.flask.application
File "/var/lib/openstack/lib/python3.12/site-packages/oslo_utils/excutils.py", line 232, in force_reraise
[Fri Jul 17 11:11:08.805857 2026] [wsgi:error] [pid 9:tid 139635577980608] [remote 10.0.0.77:44062] 2026-07-17 11:11:08.791 9 ERROR keystone.server.flask.application raise self.value
[Fri Jul 17 11:11:08.805859 2026] [wsgi:error] [pid 9:tid 139635577980608] [remote 10.0.0.77:44062] 2026-07-17 11:11:08.791 9 ERROR keystone.server.flask.application
File "/var/lib/openstack/lib/python3.12/site-packages/oslo_db/sqlalchemy/enginefacade.py", line 835, in _session
[Fri Jul 17 11:11:08.805862 2026] [wsgi:error] [pid 9:tid 139635577980608] [remote 10.0.0.77:44062] 2026-07-17 11:11:08.791 9 ERROR keystone.server.flask.application self._end_session_transaction(self.session)
[Fri Jul 17 11:11:08.805864 2026] [wsgi:error] [pid 9:tid 139635577980608] [remote 10.0.0.77:44062] 2026-07-17 11:11:08.791 9 ERROR keystone.server.flask.application
File "/var/lib/openstack/lib/python3.12/site-packages/oslo_db/sqlalchemy/enginefacade.py", line 748, in _end_session_transaction
[Fri Jul 17 11:11:08.805866 2026] [wsgi:error] [pid 9:tid 139635577980608] [remote 10.0.0.77:44062] 2026-07-17 11:11:08.791 9 ERROR keystone.server.flask.application session.commit()
[Fri Jul 17 11:11:08.805868 2026] [wsgi:error] [pid 9:tid 139635577980608] [remote 10.0.0.77:44062] 2026-07-17 11:11:08.791 9 ERROR keystone.server.flask.application
File "/var/lib/openstack/lib/python3.12/site-packages/sqlalchemy/orm/session.py", line 2034, in commit
[Fri Jul 17 11:11:08.805871 2026] [wsgi:error] [pid 9:tid 139635577980608] [remote 10.0.0.77:44062] 2026-07-17 11:11:08.791 9 ERROR keystone.server.flask.application trans.commit(_to_root=True)
[Fri Jul 17 11:11:08.805873 2026] [wsgi:error] [pid 9:tid 139635577980608] [remote 10.0.0.77:44062] 2026-07-17 11:11:08.791 9 ERROR keystone.server.flask.application File "", line 2, in commit
[Fri Jul 17 11:11:08.805875 2026] [wsgi:error] [pid 9:tid 139635577980608] [remote 10.0.0.77:44062] 2026-07-17 11:11:08.791 9 ERROR keystone.server.flask.application
File "/var/lib/openstack/lib/python3.12/site-packages/sqlalchemy/orm/state_changes.py", line 137, in _go
[Fri Jul 17 11:11:08.805877 2026] [wsgi:error] [pid 9:tid 139635577980608] [remote 10.0.0.77:44062] 2026-07-17 11:11:08.791 9 ERROR keystone.server.flask.application ret_value = fn(self, *arg, **kw)
[Fri Jul 17 11:11:08.805879 2026] [wsgi:error] [pid 9:tid 139635577980608] [remote 10.0.0.77:44062] 2026-07-17 11:11:08.791 9 ERROR keystone.server.flask.application ^^^^^^^^^^^^^^^^^^^^
[Fri Jul 17 11:11:08.805881 2026] [wsgi:error] [pid 9:tid 139635577980608] [remote 10.0.0.77:44062] 2026-07-17 11:11:08.791 9 ERROR keystone.server.flask.application
File "/var/lib/openstack/lib/python3.12/site-packages/sqlalchemy/orm/session.py", line 1315, in commit
[Fri Jul 17 11:11:08.805884 2026] [wsgi:error] [pid 9:tid 139635577980608] [remote 10.0.0.77:44062] 2026-07-17 11:11:08.791 9 ERROR keystone.server.flask.application self._prepare_impl()
[Fri Jul 17 11:11:08.805886 2026] [wsgi:error] [pid 9:tid 139635577980608] [remote 10.0.0.77:44062] 2026-07-17 11:11:08.791 9 ERROR keystone.server.flask.application File "", line 2, in _prepare_impl
[Fri Jul 17 11:11:08.805888 2026] [wsgi:error] [pid 9:tid 139635577980608] [remote 10.0.0.77:44062] 2026-07-17 11:11:08.791 9 ERROR keystone.server.flask.application
File "/var/lib/openstack/lib/python3.12/site-packages/sqlalchemy/orm/state_changes.py", line 137, in _go
[Fri Jul 17 11:11:08.805890 2026] [wsgi:error] [pid 9:tid 139635577980608] [remote 10.0.0.77:44062] 2026-07-17 11:11:08.791 9 ERROR keystone.server.flask.application ret_value = fn(self, *arg, **kw)
[Fri Jul 17 11:11:08.805892 2026] [wsgi:error] [pid 9:tid 139635577980608] [remote 10.0.0.77:44062] 2026-07-17 11:11:08.791 9 ERROR keystone.server.flask.application ^^^^^^^^^^^^^^^^^^^^
[Fri Jul 17 11:11:08.805894 2026] [wsgi:error] [pid 9:tid 139635577980608] [remote 10.0.0.77:44062] 2026-07-17 11:11:08.791 9 ERROR keystone.server.flask.application
File "/var/lib/openstack/lib/python3.12/site-packages/sqlalchemy/orm/session.py", line 1290, in _prepare_impl
[Fri Jul 17 11:11:08.805897 2026] [wsgi:error] [pid 9:tid 139635577980608] [remote 10.0.0.77:44062] 2026-07-17 11:11:08.791 9 ERROR keystone.server.flask.application self.session.flush()
[Fri Jul 17 11:11:08.805899 2026] [wsgi:error] [pid 9:tid 139635577980608] [remote 10.0.0.77:44062] 2026-07-17 11:11:08.791 9 ERROR keystone.server.flask.application
File "/var/lib/openstack/lib/python3.12/site-packages/sqlalchemy/orm/session.py", line 4352, in flush
[Fri Jul 17 11:11:08.805901 2026] [wsgi:error] [pid 9:tid 139635577980608] [remote 10.0.0.77:44062] 2026-07-17 11:11:08.791 9 ERROR keystone.server.flask.application self._flush(objects)
[Fri Jul 17 11:11:08.805903 2026] [wsgi:error] [pid 9:tid 139635577980608] [remote 10.0.0.77:44062] 2026-07-17 11:11:08.791 9 ERROR keystone.server.flask.application
File "/var/lib/openstack/lib/python3.12/site-packages/sqlalchemy/orm/session.py", line 4487, in _flush
[Fri Jul 17 11:11:08.805905 2026] [wsgi:error] [pid 9:tid 139635577980608] [remote 10.0.0.77:44062] 2026-07-17 11:11:08.791 9 ERROR keystone.server.flask.application with util.safe_reraise():
[Fri Jul 17 11:11:08.805907 2026] [wsgi:error] [pid 9:tid 139635577980608] [remote 10.0.0.77:44062] 2026-07-17 11:11:08.791 9 ERROR keystone.server.flask.application
File "/var/lib/openstack/lib/python3.12/site-packages/sqlalchemy/util/langhelpers.py", line 122, in __exit__
[Fri Jul 17 11:11:08.805909 2026] [wsgi:error] [pid 9:tid 139635577980608] [remote 10.0.0.77:44062] 2026-07-17 11:11:08.791 9 ERROR keystone.server.flask.application raise exc_value.with_traceback(exc_tb)
[Fri Jul 17 11:11:08.805911 2026] [wsgi:error] [pid 9:tid 139635577980608] [remote 10.0.0.77:44062] 2026-07-17 11:11:08.791 9 ERROR keystone.server.flask.application
File "/var/lib/openstack/lib/python3.12/site-packages/sqlalchemy/orm/session.py", line 4448, in _flush
[Fri Jul 17 11:11:08.805912 2026] [wsgi:error] [pid 9:tid 139635577980608] [remote 10.0.0.77:44062] 2026-07-17 11:11:08.791 9 ERROR keystone.server.flask.application flush_context.execute()
[Fri Jul 17 11:11:08.805914 2026] [wsgi:error] [pid 9:tid 139635577980608] [remote 10.0.0.77:44062] 2026-07-17 11:11:08.791 9 ERROR keystone.server.flask.application
File "/var/lib/openstack/lib/python3.12/site-packages/sqlalchemy/orm/unitofwork.py", line 465, in execute
