2026-07-21 22:06:15.804 7 INFO cinder.api.openstack.wsgi [None req-39bb4fca-f371-4ca0-b6d1-f9be5d45b990 75722e0a5efc4463a0e44663b0891bdf b5ff944fbd3949b198777daaed6bcd0d - - default default] GET http://cinder-api.openstack.svc.cluster.local:8776/v3/b5ff944fbd3949b198777daaed6bcd0d/os-quota-sets/002036c26ab74ebea32b98bd3125bf57?usage=true
2026-07-21 22:06:15.838 7 INFO cinder.api.openstack.wsgi [None req-39bb4fca-f371-4ca0-b6d1-f9be5d45b990 75722e0a5efc4463a0e44663b0891bdf b5ff944fbd3949b198777daaed6bcd0d - - default default] http://cinder-api.openstack.svc.cluster.local:8776/v3/b5ff944fbd3949b198777daaed6bcd0d/os-quota-sets/002036c26ab74ebea32b98bd3125bf57?usage=true returned with HTTP 200 [pid: 7|app: 0|req: 417/834] 10.0.0.93 () {28 vars in 735 bytes} [Tue Jul 21 22:06:15 2026] GET /v3/b5ff944fbd3949b198777daaed6bcd0d/os-quota-sets/002036c26ab74ebea32b98bd3125bf57?usage=true => generated 847 bytes in 43 msecs (HTTP/1.1 200) 7 headers in 285 bytes (1 switches on core 0)
2026-07-21 22:06:15.856 8 INFO cinder.api.openstack.wsgi [None req-b67aaed3-2043-439c-a6d8-865a826a8cd2 75722e0a5efc4463a0e44663b0891bdf b5ff944fbd3949b198777daaed6bcd0d - - default default] GET http://cinder-api.openstack.svc.cluster.local:8776/v3/b5ff944fbd3949b198777daaed6bcd0d/os-quota-sets/0a34d15c366643d99c21d0f94cd23453?usage=true
2026-07-21 22:06:15.893 8 INFO cinder.api.openstack.wsgi [None req-b67aaed3-2043-439c-a6d8-865a826a8cd2 75722e0a5efc4463a0e44663b0891bdf b5ff944fbd3949b198777daaed6bcd0d - - default default] http://cinder-api.openstack.svc.cluster.local:8776/v3/b5ff944fbd3949b198777daaed6bcd0d/os-quota-sets/0a34d15c366643d99c21d0f94cd23453?usage=true returned with HTTP 200 [pid: 8|app: 0|req: 418/835] 10.0.0.93 () {28 vars in 735 bytes} [Tue Jul 21 22:06:15 2026] GET /v3/b5ff944fbd3949b198777daaed6bcd0d/os-quota-sets/0a34d15c366643d99c21d0f94cd23453?usage=true => generated 847 bytes in 49 msecs (HTTP/1.1 200) 7 headers in 285 bytes (1 switches on core 0)
2026-07-21 22:06:15.911 7 INFO cinder.api.openstack.wsgi [None req-803ee721-2218-46cf-9efd-6391217b16c7 75722e0a5efc4463a0e44663b0891bdf b5ff944fbd3949b198777daaed6bcd0d - - default default] GET http://cinder-api.openstack.svc.cluster.local:8776/v3/b5ff944fbd3949b198777daaed6bcd0d/os-quota-sets/2972c0bd89494cfcb6b21fa51f4a2523?usage=true
2026-07-21 22:06:15.933 7 INFO cinder.api.openstack.wsgi [None req-803ee721-2218-46cf-9efd-6391217b16c7 75722e0a5efc4463a0e44663b0891bdf b5ff944fbd3949b198777daaed6bcd0d - - default default] http://cinder-api.openstack.svc.cluster.local:8776/v3/b5ff944fbd3949b198777daaed6bcd0d/os-quota-sets/2972c0bd89494cfcb6b21fa51f4a2523?usage=true returned with HTTP 200 [pid: 7|app: 0|req: 418/836] 10.0.0.93 () {28 vars in 735 bytes} [Tue Jul 21 22:06:15 2026] GET /v3/b5ff944fbd3949b198777daaed6bcd0d/os-quota-sets/2972c0bd89494cfcb6b21fa51f4a2523?usage=true => generated 847 bytes in 36 msecs (HTTP/1.1 200) 7 headers in 285 bytes (1 switches on core 0)
2026-07-21 22:06:15.947 8 INFO cinder.api.openstack.wsgi [None req-63ea051b-5582-4e39-a58c-852db1edfeec 75722e0a5efc4463a0e44663b0891bdf b5ff944fbd3949b198777daaed6bcd0d - - default default] GET http://cinder-api.openstack.svc.cluster.local:8776/v3/b5ff944fbd3949b198777daaed6bcd0d/os-quota-sets/29f3187b85744a5396aab3d88a94f5ce?usage=true
2026-07-21 22:06:15.978 8 INFO cinder.api.openstack.wsgi [None req-63ea051b-5582-4e39-a58c-852db1edfeec 75722e0a5efc4463a0e44663b0891bdf b5ff944fbd3949b198777daaed6bcd0d - - default default] http://cinder-api.openstack.svc.cluster.local:8776/v3/b5ff944fbd3949b198777daaed6bcd0d/os-quota-sets/29f3187b85744a5396aab3d88a94f5ce?usage=true returned with HTTP 200 [pid: 8|app: 0|req: 419/837] 10.0.0.93 () {28 vars in 735 bytes} [Tue Jul 21 22:06:15 2026] GET /v3/b5ff944fbd3949b198777daaed6bcd0d/os-quota-sets/29f3187b85744a5396aab3d88a94f5ce?usage=true => generated 847 bytes in 43 msecs (HTTP/1.1 200) 7 headers in 285 bytes (1 switches on core 0)
2026-07-21 22:06:15.989 7 INFO cinder.api.openstack.wsgi [None req-fcf72cd9-f7c7-4497-a880-11d242ccf762 75722e0a5efc4463a0e44663b0891bdf b5ff944fbd3949b198777daaed6bcd0d - - default default] GET http://cinder-api.openstack.svc.cluster.local:8776/v3/b5ff944fbd3949b198777daaed6bcd0d/os-quota-sets/395e1038db3f4d1e9b8c6a3ea927a3c7?usage=true
2026-07-21 22:06:16.009 7 INFO cinder.api.openstack.wsgi [None req-fcf72cd9-f7c7-4497-a880-11d242ccf762 75722e0a5efc4463a0e44663b0891bdf b5ff944fbd3949b198777daaed6bcd0d - - default default] http://cinder-api.openstack.svc.cluster.local:8776/v3/b5ff944fbd3949b198777daaed6bcd0d/os-quota-sets/395e1038db3f4d1e9b8c6a3ea927a3c7?usage=true returned with HTTP 200 [pid: 7|app: 0|req: 419/838] 10.0.0.93 () {28 vars in 735 bytes} [Tue Jul 21 22:06:15 2026] GET /v3/b5ff944fbd3949b198777daaed6bcd0d/os-quota-sets/395e1038db3f4d1e9b8c6a3ea927a3c7?usage=true => generated 847 bytes in 27 msecs (HTTP/1.1 200) 7 headers in 285 bytes (1 switches on core 0)
2026-07-21 22:06:16.021 8 INFO cinder.api.openstack.wsgi [None req-5eeeba36-9787-4512-93dc-1df6e96922b4 75722e0a5efc4463a0e44663b0891bdf b5ff944fbd3949b198777daaed6bcd0d - - default default] GET http://cinder-api.openstack.svc.cluster.local:8776/v3/b5ff944fbd3949b198777daaed6bcd0d/os-quota-sets/41cf6e89e3114f8d8cd5db35116da027?usage=true
2026-07-21 22:06:16.045 8 INFO cinder.api.openstack.wsgi [None req-5eeeba36-9787-4512-93dc-1df6e96922b4 75722e0a5efc4463a0e44663b0891bdf b5ff944fbd3949b198777daaed6bcd0d - - default default] http://cinder-api.openstack.svc.cluster.local:8776/v3/b5ff944fbd3949b198777daaed6bcd0d/os-quota-sets/41cf6e89e3114f8d8cd5db35116da027?usage=true returned with HTTP 200 [pid: 8|app: 0|req: 420/839] 10.0.0.93 () {28 vars in 735 bytes} [Tue Jul 21 22:06:16 2026] GET /v3/b5ff944fbd3949b198777daaed6bcd0d/os-quota-sets/41cf6e89e3114f8d8cd5db35116da027?usage=true => generated 847 bytes in 33 msecs (HTTP/1.1 200) 7 headers in 285 bytes (1 switches on core 0)
2026-07-21 22:06:16.059 7 INFO cinder.api.openstack.wsgi [None req-3c1ad4f3-e41f-451b-8b83-4eefe7ff2a0d 75722e0a5efc4463a0e44663b0891bdf b5ff944fbd3949b198777daaed6bcd0d - - default default] GET http://cinder-api.openstack.svc.cluster.local:8776/v3/b5ff944fbd3949b198777daaed6bcd0d/os-quota-sets/43306e93ccd749479683294ca78ecf65?usage=true
2026-07-21 22:06:16.079 7 INFO cinder.api.openstack.wsgi [None req-3c1ad4f3-e41f-451b-8b83-4eefe7ff2a0d 75722e0a5efc4463a0e44663b0891bdf b5ff944fbd3949b198777daaed6bcd0d - - default default] http://cinder-api.openstack.svc.cluster.local:8776/v3/b5ff944fbd3949b198777daaed6bcd0d/os-quota-sets/43306e93ccd749479683294ca78ecf65?usage=true returned with HTTP 200 [pid: 7|app: 0|req: 420/840] 10.0.0.93 () {28 vars in 735 bytes} [Tue Jul 21 22:06:16 2026] GET /v3/b5ff944fbd3949b198777daaed6bcd0d/os-quota-sets/43306e93ccd749479683294ca78ecf65?usage=true => generated 847 bytes in 30 msecs (HTTP/1.1 200) 7 headers in 285 bytes (1 switches on core 0)
2026-07-21 22:06:16.091 8 INFO cinder.api.openstack.wsgi [None req-982dbe04-b2c3-4170-9c80-3a2553981850 75722e0a5efc4463a0e44663b0891bdf b5ff944fbd3949b198777daaed6bcd0d - - default default] GET http://cinder-api.openstack.svc.cluster.local:8776/v3/b5ff944fbd3949b198777daaed6bcd0d/os-quota-sets/4a680577a15c40bfa4033a93eca9e272?usage=true
2026-07-21 22:06:16.135 8 INFO cinder.api.openstack.wsgi [None req-982dbe04-b2c3-4170-9c80-3a2553981850 75722e0a5efc4463a0e44663b0891bdf b5ff944fbd3949b198777daaed6bcd0d - - default default] http://cinder-api.openstack.svc.cluster.local:8776/v3/b5ff944fbd3949b198777daaed6bcd0d/os-quota-sets/4a680577a15c40bfa4033a93eca9e272?usage=true returned with HTTP 200 [pid: 8|app: 0|req: 421/841] 10.0.0.93 () {28 vars in 735 bytes} [Tue Jul 21 22:06:16 2026] GET /v3/b5ff944fbd3949b198777daaed6bcd0d/os-quota-sets/4a680577a15c40bfa4033a93eca9e272?usage=true => generated 847 bytes in 52 msecs (HTTP/1.1 200) 7 headers in 285 bytes (1 switches on core 0)
2026-07-21 22:06:16.146 7 INFO cinder.api.openstack.wsgi [None req-f6bf8523-0ff8-4943-9f87-b577ef00e601 75722e0a5efc4463a0e44663b0891bdf b5ff944fbd3949b198777daaed6bcd0d - - default default] GET http://cinder-api.openstack.svc.cluster.local:8776/v3/b5ff944fbd3949b198777daaed6bcd0d/os-quota-sets/5361dc515f3e4fce9ef9c496c5b3bd05?usage=true
2026-07-21 22:06:16.174 7 INFO cinder.api.openstack.wsgi [None req-f6bf8523-0ff8-4943-9f87-b577ef00e601 75722e0a5efc4463a0e44663b0891bdf b5ff944fbd3949b198777daaed6bcd0d - - default default] http://cinder-api.openstack.svc.cluster.local:8776/v3/b5ff944fbd3949b198777daaed6bcd0d/os-quota-sets/5361dc515f3e4fce9ef9c496c5b3bd05?usage=true returned with HTTP 200 [pid: 7|app: 0|req: 421/842] 10.0.0.93 () {28 vars in 735 bytes} [Tue Jul 21 22:06:16 2026] GET /v3/b5ff944fbd3949b198777daaed6bcd0d/os-quota-sets/5361dc515f3e4fce9ef9c496c5b3bd05?usage=true => generated 847 bytes in 38 msecs (HTTP/1.1 200) 7 headers in 285 bytes (1 switches on core 0)
2026-07-21 22:06:16.188 8 INFO cinder.api.openstack.wsgi [None req-75713440-6ae9-4dfd-8ae3-d378fad10cd1 75722e0a5efc4463a0e44663b0891bdf b5ff944fbd3949b198777daaed6bcd0d - - default default] GET http://cinder-api.openstack.svc.cluster.local:8776/v3/b5ff944fbd3949b198777daaed6bcd0d/os-quota-sets/56511ee048ed4a3abe7a137f4cf367aa?usage=true
2026-07-21 22:06:16.213 8 INFO cinder.api.openstack.wsgi [None req-75713440-6ae9-4dfd-8ae3-d378fad10cd1 75722e0a5efc4463a0e44663b0891bdf b5ff944fbd3949b198777daaed6bcd0d - - default default] http://cinder-api.openstack.svc.cluster.local:8776/v3/b5ff944fbd3949b198777daaed6bcd0d/os-quota-sets/56511ee048ed4a3abe7a137f4cf367aa?usage=true returned with HTTP 200 [pid: 8|app: 0|req: 422/843] 10.0.0.93 () {28 vars in 735 bytes} [Tue Jul 21 22:06:16 2026] GET /v3/b5ff944fbd3949b198777daaed6bcd0d/os-quota-sets/56511ee048ed4a3abe7a137f4cf367aa?usage=true => generated 847 bytes in 34 msecs (HTTP/1.1 200) 7 headers in 285 bytes (1 switches on core 0)
2026-07-21 22:06:16.227 7 INFO cinder.api.openstack.wsgi [None req-f4ec5091-1fc6-4a65-b6cd-e0e919a670e4 75722e0a5efc4463a0e44663b0891bdf b5ff944fbd3949b198777daaed6bcd0d - - default default] GET http://cinder-api.openstack.svc.cluster.local:8776/v3/b5ff944fbd3949b198777daaed6bcd0d/os-quota-sets/927113fcc29e468f8f34000229a3c6d2?usage=true
2026-07-21 22:06:16.251 7 INFO cinder.api.openstack.wsgi [None req-f4ec5091-1fc6-4a65-b6cd-e0e919a670e4 75722e0a5efc4463a0e44663b0891bdf b5ff944fbd3949b198777daaed6bcd0d - - default default] http://cinder-api.openstack.svc.cluster.local:8776/v3/b5ff944fbd3949b198777daaed6bcd0d/os-quota-sets/927113fcc29e468f8f34000229a3c6d2?usage=true returned with HTTP 200 [pid: 7|app: 0|req: 422/844] 10.0.0.93 () {28 vars in 735 bytes} [Tue Jul 21 22:06:16 2026] GET /v3/b5ff944fbd3949b198777daaed6bcd0d/os-quota-sets/927113fcc29e468f8f34000229a3c6d2?usage=true => generated 847 bytes in 33 msecs (HTTP/1.1 200) 7 headers in 285 bytes (1 switches on core 0)
2026-07-21 22:06:16.264 8 INFO cinder.api.openstack.wsgi [None req-5501fc73-850e-48ea-a6a4-373e93b888ac 75722e0a5efc4463a0e44663b0891bdf b5ff944fbd3949b198777daaed6bcd0d - - default default] GET http://cinder-api.openstack.svc.cluster.local:8776/v3/b5ff944fbd3949b198777daaed6bcd0d/os-quota-sets/9ba4354f34d34e8988d932f56fe82d3a?usage=true
2026-07-21 22:06:16.286 8 INFO cinder.api.openstack.wsgi [None req-5501fc73-850e-48ea-a6a4-373e93b888ac 75722e0a5efc4463a0e44663b0891bdf b5ff944fbd3949b198777daaed6bcd0d - - default default] http://cinder-api.openstack.svc.cluster.local:8776/v3/b5ff944fbd3949b198777daaed6bcd0d/os-quota-sets/9ba4354f34d34e8988d932f56fe82d3a?usage=true returned with HTTP 200 [pid: 8|app: 0|req: 423/845] 10.0.0.93 () {28 vars in 735 bytes} [Tue Jul 21 22:06:16 2026] GET /v3/b5ff944fbd3949b198777daaed6bcd0d/os-quota-sets/9ba4354f34d34e8988d932f56fe82d3a?usage=true => generated 847 bytes in 32 msecs (HTTP/1.1 200) 7 headers in 285 bytes (1 switches on core 0)
2026-07-21 22:06:16.299 7 INFO cinder.api.openstack.wsgi [None req-e74deee0-5e93-482b-91b0-099ba3518d31 75722e0a5efc4463a0e44663b0891bdf b5ff944fbd3949b198777daaed6bcd0d - - default default] GET http://cinder-api.openstack.svc.cluster.local:8776/v3/b5ff944fbd3949b198777daaed6bcd0d/os-quota-sets/b5ff944fbd3949b198777daaed6bcd0d?usage=true
2026-07-21 22:06:16.325 7 INFO cinder.api.openstack.wsgi [None req-e74deee0-5e93-482b-91b0-099ba3518d31 75722e0a5efc4463a0e44663b0891bdf b5ff944fbd3949b198777daaed6bcd0d - - default default] http://cinder-api.openstack.svc.cluster.local:8776/v3/b5ff944fbd3949b198777daaed6bcd0d/os-quota-sets/b5ff944fbd3949b198777daaed6bcd0d?usage=true returned with HTTP 200 [pid: 7|app: 0|req: 423/846] 10.0.0.93 () {28 vars in 735 bytes} [Tue Jul 21 22:06:16 2026] GET /v3/b5ff944fbd3949b198777daaed6bcd0d/os-quota-sets/b5ff944fbd3949b198777daaed6bcd0d?usage=true => generated 845 bytes in 36 msecs (HTTP/1.1 200) 7 headers in 285 bytes (1 switches on core 0)
2026-07-21 22:06:16.338 8 INFO cinder.api.openstack.wsgi [None req-046141f1-5750-4811-8002-cf936a82a6ac 75722e0a5efc4463a0e44663b0891bdf b5ff944fbd3949b198777daaed6bcd0d - - default default] GET http://cinder-api.openstack.svc.cluster.local:8776/v3/b5ff944fbd3949b198777daaed6bcd0d/os-quota-sets/da22683674ba42c99f4307025cb291bd?usage=true
2026-07-21 22:06:16.385 8 INFO cinder.api.openstack.wsgi [None req-046141f1-5750-4811-8002-cf936a82a6ac 75722e0a5efc4463a0e44663b0891bdf b5ff944fbd3949b198777daaed6bcd0d - - default default] http://cinder-api.openstack.svc.cluster.local:8776/v3/b5ff944fbd3949b198777daaed6bcd0d/os-quota-sets/da22683674ba42c99f4307025cb291bd?usage=true returned with HTTP 200 [pid: 8|app: 0|req: 424/847] 10.0.0.93 () {28 vars in 735 bytes} [Tue Jul 21 22:06:16 2026] GET /v3/b5ff944fbd3949b198777daaed6bcd0d/os-quota-sets/da22683674ba42c99f4307025cb291bd?usage=true => generated 847 bytes in 57 msecs (HTTP/1.1 200) 7 headers in 285 bytes (1 switches on core 0)
2026-07-21 22:06:16.399 7 INFO cinder.api.openstack.wsgi [None req-84bd01fd-8465-413e-87ca-e7a87292c80b 75722e0a5efc4463a0e44663b0891bdf b5ff944fbd3949b198777daaed6bcd0d - - default default] GET http://cinder-api.openstack.svc.cluster.local:8776/v3/b5ff944fbd3949b198777daaed6bcd0d/os-quota-sets/e079360cf7014478bce742eacb4073ce?usage=true
2026-07-21 22:06:16.425 7 INFO cinder.api.openstack.wsgi [None req-84bd01fd-8465-413e-87ca-e7a87292c80b 75722e0a5efc4463a0e44663b0891bdf b5ff944fbd3949b198777daaed6bcd0d - - default default] http://cinder-api.openstack.svc.cluster.local:8776/v3/b5ff944fbd3949b198777daaed6bcd0d/os-quota-sets/e079360cf7014478bce742eacb4073ce?usage=true returned with HTTP 200 [pid: 7|app: 0|req: 424/848] 10.0.0.93 () {28 vars in 735 bytes} [Tue Jul 21 22:06:16 2026] GET /v3/b5ff944fbd3949b198777daaed6bcd0d/os-quota-sets/e079360cf7014478bce742eacb4073ce?usage=true => generated 847 bytes in 36 msecs (HTTP/1.1 200) 7 headers in 285 bytes (1 switches on core 0)
2026-07-21 22:06:16.440 8 INFO cinder.api.openstack.wsgi [None req-a2322dd3-c347-4e66-87db-a14fa942a9ba 75722e0a5efc4463a0e44663b0891bdf b5ff944fbd3949b198777daaed6bcd0d - - default default] GET http://cinder-api.openstack.svc.cluster.local:8776/v3/b5ff944fbd3949b198777daaed6bcd0d/os-quota-sets/ec952147e17145ea9f6762dc641e2f55?usage=true
2026-07-21 22:06:16.465 8 INFO cinder.api.openstack.wsgi [None req-a2322dd3-c347-4e66-87db-a14fa942a9ba 75722e0a5efc4463a0e44663b0891bdf b5ff944fbd3949b198777daaed6bcd0d - - default default] http://cinder-api.openstack.svc.cluster.local:8776/v3/b5ff944fbd3949b198777daaed6bcd0d/os-quota-sets/ec952147e17145ea9f6762dc641e2f55?usage=true returned with HTTP 200 [pid: 8|app: 0|req: 425/849] 10.0.0.93 () {28 vars in 735 bytes} [Tue Jul 21 22:06:16 2026] GET /v3/b5ff944fbd3949b198777daaed6bcd0d/os-quota-sets/ec952147e17145ea9f6762dc641e2f55?usage=true => generated 847 bytes in 35 msecs (HTTP/1.1 200) 7 headers in 285 bytes (1 switches on core 0)
2026-07-21 22:06:16.477 7 INFO cinder.api.openstack.wsgi [None req-5eef9dae-45c3-4007-a453-1ae198a22c2e 75722e0a5efc4463a0e44663b0891bdf b5ff944fbd3949b198777daaed6bcd0d - - default default] GET http://cinder-api.openstack.svc.cluster.local:8776/v3/b5ff944fbd3949b198777daaed6bcd0d/os-quota-sets/f1729fb4cd354d75a6440ee8970cd35a?usage=true
2026-07-21 22:06:16.502 7 INFO cinder.api.openstack.wsgi [None req-5eef9dae-45c3-4007-a453-1ae198a22c2e 75722e0a5efc4463a0e44663b0891bdf b5ff944fbd3949b198777daaed6bcd0d - - default default] http://cinder-api.openstack.svc.cluster.local:8776/v3/b5ff944fbd3949b198777daaed6bcd0d/os-quota-sets/f1729fb4cd354d75a6440ee8970cd35a?usage=true returned with HTTP 200 [pid: 7|app: 0|req: 425/850] 10.0.0.93 () {28 vars in 735 bytes} [Tue Jul 21 22:06:16 2026] GET /v3/b5ff944fbd3949b198777daaed6bcd0d/os-quota-sets/f1729fb4cd354d75a6440ee8970cd35a?usage=true => generated 845 bytes in 34 msecs (HTTP/1.1 200) 7 headers in 285 bytes (1 switches on core 0)
2026-07-21 22:06:20.184 8 INFO cinder.api.openstack.wsgi [None req-a2322dd3-c347-4e66-87db-a14fa942a9ba 75722e0a5efc4463a0e44663b0891bdf b5ff944fbd3949b198777daaed6bcd0d - - default default] GET http://10.0.0.74:8776/
2026-07-21 22:06:20.185 7 INFO cinder.api.openstack.wsgi [None req-5eef9dae-45c3-4007-a453-1ae198a22c2e 75722e0a5efc4463a0e44663b0891bdf b5ff944fbd3949b198777daaed6bcd0d - - default default] GET http://10.0.0.74:8776/
2026-07-21 22:06:20.185 8 INFO cinder.api.openstack.wsgi [None req-a2322dd3-c347-4e66-87db-a14fa942a9ba 75722e0a5efc4463a0e44663b0891bdf b5ff944fbd3949b198777daaed6bcd0d - - default default] http://10.0.0.74:8776/ returned with HTTP 300
2026-07-21 22:06:20.186 7 INFO cinder.api.openstack.wsgi [None req-5eef9dae-45c3-4007-a453-1ae198a22c2e 75722e0a5efc4463a0e44663b0891bdf b5ff944fbd3949b198777daaed6bcd0d - - default default] http://10.0.0.74:8776/ returned with HTTP 300
2026-07-21 22:06:30.185 7 INFO cinder.api.openstack.wsgi [None req-5eef9dae-45c3-4007-a453-1ae198a22c2e 75722e0a5efc4463a0e44663b0891bdf b5ff944fbd3949b198777daaed6bcd0d - - default default] GET http://10.0.0.74:8776/
2026-07-21 22:06:30.185 8 INFO cinder.api.openstack.wsgi [None req-a2322dd3-c347-4e66-87db-a14fa942a9ba 75722e0a5efc4463a0e44663b0891bdf b5ff944fbd3949b198777daaed6bcd0d - - default default] GET http://10.0.0.74:8776/
2026-07-21 22:06:30.186 7 INFO cinder.api.openstack.wsgi [None req-5eef9dae-45c3-4007-a453-1ae198a22c2e 75722e0a5efc4463a0e44663b0891bdf b5ff944fbd3949b198777daaed6bcd0d - - default default] http://10.0.0.74:8776/ returned with HTTP 300
2026-07-21 22:06:30.186 8 INFO cinder.api.openstack.wsgi [None req-a2322dd3-c347-4e66-87db-a14fa942a9ba 75722e0a5efc4463a0e44663b0891bdf b5ff944fbd3949b198777daaed6bcd0d - - default default] http://10.0.0.74:8776/ returned with HTTP 300
2026-07-21 22:06:40.184 7 INFO cinder.api.openstack.wsgi [None req-5eef9dae-45c3-4007-a453-1ae198a22c2e 75722e0a5efc4463a0e44663b0891bdf b5ff944fbd3949b198777daaed6bcd0d - - default default] GET http://10.0.0.74:8776/
2026-07-21 22:06:40.184 8 INFO cinder.api.openstack.wsgi [None req-a2322dd3-c347-4e66-87db-a14fa942a9ba 75722e0a5efc4463a0e44663b0891bdf b5ff944fbd3949b198777daaed6bcd0d - - default default] GET http://10.0.0.74:8776/
2026-07-21 22:06:40.185 7 INFO cinder.api.openstack.wsgi [None req-5eef9dae-45c3-4007-a453-1ae198a22c2e 75722e0a5efc4463a0e44663b0891bdf b5ff944fbd3949b198777daaed6bcd0d - - default default] http://10.0.0.74:8776/ returned with HTTP 300
2026-07-21 22:06:40.185 8 INFO cinder.api.openstack.wsgi [None req-a2322dd3-c347-4e66-87db-a14fa942a9ba 75722e0a5efc4463a0e44663b0891bdf b5ff944fbd3949b198777daaed6bcd0d - - default default] http://10.0.0.74:8776/ returned with HTTP 300
2026-07-21 22:06:50.185 7 INFO cinder.api.openstack.wsgi [None req-5eef9dae-45c3-4007-a453-1ae198a22c2e 75722e0a5efc4463a0e44663b0891bdf b5ff944fbd3949b198777daaed6bcd0d - - default default] GET http://10.0.0.74:8776/
2026-07-21 22:06:50.185 8 INFO cinder.api.openstack.wsgi [None req-a2322dd3-c347-4e66-87db-a14fa942a9ba 75722e0a5efc4463a0e44663b0891bdf b5ff944fbd3949b198777daaed6bcd0d - - default default] GET http://10.0.0.74:8776/
2026-07-21 22:06:50.186 7 INFO cinder.api.openstack.wsgi [None req-5eef9dae-45c3-4007-a453-1ae198a22c2e 75722e0a5efc4463a0e44663b0891bdf b5ff944fbd3949b198777daaed6bcd0d - - default default] http://10.0.0.74:8776/ returned with HTTP 300
2026-07-21 22:06:50.187 8 INFO cinder.api.openstack.wsgi [None req-a2322dd3-c347-4e66-87db-a14fa942a9ba 75722e0a5efc4463a0e44663b0891bdf b5ff944fbd3949b198777daaed6bcd0d - - default default] http://10.0.0.74:8776/ returned with HTTP 300
2026-07-21 22:07:00.184 8 INFO cinder.api.openstack.wsgi [None req-a2322dd3-c347-4e66-87db-a14fa942a9ba 75722e0a5efc4463a0e44663b0891bdf b5ff944fbd3949b198777daaed6bcd0d - - default default] GET http://10.0.0.74:8776/
2026-07-21 22:07:00.185 7 INFO cinder.api.openstack.wsgi [None req-5eef9dae-45c3-4007-a453-1ae198a22c2e 75722e0a5efc4463a0e44663b0891bdf b5ff944fbd3949b198777daaed6bcd0d - - default default] GET http://10.0.0.74:8776/
2026-07-21 22:07:00.185 8 INFO cinder.api.openstack.wsgi [None req-a2322dd3-c347-4e66-87db-a14fa942a9ba 75722e0a5efc4463a0e44663b0891bdf b5ff944fbd3949b198777daaed6bcd0d - - default default] http://10.0.0.74:8776/ returned with HTTP 300
2026-07-21 22:07:00.186 7 INFO cinder.api.openstack.wsgi [None req-5eef9dae-45c3-4007-a453-1ae198a22c2e 75722e0a5efc4463a0e44663b0891bdf b5ff944fbd3949b198777daaed6bcd0d - - default default] http://10.0.0.74:8776/ returned with HTTP 300
2026-07-21 22:07:10.184 8 INFO cinder.api.openstack.wsgi [None req-a2322dd3-c347-4e66-87db-a14fa942a9ba 75722e0a5efc4463a0e44663b0891bdf b5ff944fbd3949b198777daaed6bcd0d - - default default] GET http://10.0.0.74:8776/
2026-07-21 22:07:10.186 8 INFO cinder.api.openstack.wsgi [None req-a2322dd3-c347-4e66-87db-a14fa942a9ba 75722e0a5efc4463a0e44663b0891bdf b5ff944fbd3949b198777daaed6bcd0d - - default default] http://10.0.0.74:8776/ returned with HTTP 300
2026-07-21 22:07:10.186 7 INFO cinder.api.openstack.wsgi [None req-5eef9dae-45c3-4007-a453-1ae198a22c2e 75722e0a5efc4463a0e44663b0891bdf b5ff944fbd3949b198777daaed6bcd0d - - default default] GET http://10.0.0.74:8776/
2026-07-21 22:07:10.188 7 INFO cinder.api.openstack.wsgi [None req-5eef9dae-45c3-4007-a453-1ae198a22c2e 75722e0a5efc4463a0e44663b0891bdf b5ff944fbd3949b198777daaed6bcd0d - - default default] http://10.0.0.74:8776/ returned with HTTP 300
2026-07-21 22:07:15.384 8 INFO cinder.api.openstack.wsgi [None req-58578f4b-1a41-4c15-b1ba-20a7a4a8277f 75722e0a5efc4463a0e44663b0891bdf b5ff944fbd3949b198777daaed6bcd0d - - default default] GET http://cinder-api.openstack.svc.cluster.local:8776/v3/b5ff944fbd3949b198777daaed6bcd0d/volumes/detail?all_tenants=true
2026-07-21 22:07:15.392 8 INFO cinder.volume.api [None req-58578f4b-1a41-4c15-b1ba-20a7a4a8277f 75722e0a5efc4463a0e44663b0891bdf b5ff944fbd3949b198777daaed6bcd0d - - default default] Get all volumes completed successfully.
2026-07-21 22:07:15.394 8 INFO cinder.api.openstack.wsgi [None req-58578f4b-1a41-4c15-b1ba-20a7a4a8277f 75722e0a5efc4463a0e44663b0891bdf b5ff944fbd3949b198777daaed6bcd0d - - default default] http://cinder-api.openstack.svc.cluster.local:8776/v3/b5ff944fbd3949b198777daaed6bcd0d/volumes/detail?all_tenants=true returned with HTTP 200 [pid: 8|app: 0|req: 432/863] 10.0.0.93 () {28 vars in 683 bytes} [Tue Jul 21 22:07:15 2026] GET /v3/b5ff944fbd3949b198777daaed6bcd0d/volumes/detail?all_tenants=true => generated 15 bytes in 108 msecs (HTTP/1.1 200) 7 headers in 284 bytes (1 switches on core 0)
2026-07-21 22:07:15.407 7 INFO cinder.api.openstack.wsgi [None req-e8b5d6e7-ae30-4ab8-ae66-ea04c6987bc6 75722e0a5efc4463a0e44663b0891bdf b5ff944fbd3949b198777daaed6bcd0d - - default default] GET http://cinder-api.openstack.svc.cluster.local:8776/v3/b5ff944fbd3949b198777daaed6bcd0d/snapshots?all_tenants=true
2026-07-21 22:07:15.413 7 INFO cinder.volume.api [None req-e8b5d6e7-ae30-4ab8-ae66-ea04c6987bc6 75722e0a5efc4463a0e44663b0891bdf b5ff944fbd3949b198777daaed6bcd0d - - default default] Get all snapshots completed successfully.
2026-07-21 22:07:15.413 7 INFO cinder.api.openstack.wsgi [None req-e8b5d6e7-ae30-4ab8-ae66-ea04c6987bc6 75722e0a5efc4463a0e44663b0891bdf b5ff944fbd3949b198777daaed6bcd0d - - default default] http://cinder-api.openstack.svc.cluster.local:8776/v3/b5ff944fbd3949b198777daaed6bcd0d/snapshots?all_tenants=true returned with HTTP 200 [pid: 7|app: 0|req: 432/864] 10.0.0.93 () {28 vars in 673 bytes} [Tue Jul 21 22:07:15 2026] GET /v3/b5ff944fbd3949b198777daaed6bcd0d/snapshots?all_tenants=true => generated 17 bytes in 16 msecs (HTTP/1.1 200) 7 headers in 284 bytes (1 switches on core 0)
2026-07-21 22:07:15.450 8 INFO cinder.api.openstack.wsgi [None req-2e62e8ab-39cb-4ace-bd52-aa2e96056dcd 75722e0a5efc4463a0e44663b0891bdf b5ff944fbd3949b198777daaed6bcd0d - - default default] GET http://cinder-api.openstack.svc.cluster.local:8776/v3/b5ff944fbd3949b198777daaed6bcd0d/os-quota-sets/0a34d15c366643d99c21d0f94cd23453?usage=true
2026-07-21 22:07:15.469 8 INFO cinder.api.openstack.wsgi [None req-2e62e8ab-39cb-4ace-bd52-aa2e96056dcd 75722e0a5efc4463a0e44663b0891bdf b5ff944fbd3949b198777daaed6bcd0d - - default default] http://cinder-api.openstack.svc.cluster.local:8776/v3/b5ff944fbd3949b198777daaed6bcd0d/os-quota-sets/0a34d15c366643d99c21d0f94cd23453?usage=true returned with HTTP 200 [pid: 8|app: 0|req: 433/865] 10.0.0.93 () {28 vars in 735 bytes} [Tue Jul 21 22:07:15 2026] GET /v3/b5ff944fbd3949b198777daaed6bcd0d/os-quota-sets/0a34d15c366643d99c21d0f94cd23453?usage=true => generated 847 bytes in 25 msecs (HTTP/1.1 200) 7 headers in 285 bytes (1 switches on core 0)
2026-07-21 22:07:15.481 7 INFO cinder.api.openstack.wsgi [None req-6cf7bc88-5d2a-4351-bfbe-304aa6404c58 75722e0a5efc4463a0e44663b0891bdf b5ff944fbd3949b198777daaed6bcd0d - - default default] GET http://cinder-api.openstack.svc.cluster.local:8776/v3/b5ff944fbd3949b198777daaed6bcd0d/os-quota-sets/0aed04c7f83043cb8716383d459ca5d6?usage=true
2026-07-21 22:07:15.508 7 INFO cinder.api.openstack.wsgi [None req-6cf7bc88-5d2a-4351-bfbe-304aa6404c58 75722e0a5efc4463a0e44663b0891bdf b5ff944fbd3949b198777daaed6bcd0d - - default default] http://cinder-api.openstack.svc.cluster.local:8776/v3/b5ff944fbd3949b198777daaed6bcd0d/os-quota-sets/0aed04c7f83043cb8716383d459ca5d6?usage=true returned with HTTP 200 [pid: 7|app: 0|req: 433/866] 10.0.0.93 () {28 vars in 735 bytes} [Tue Jul 21 22:07:15 2026] GET /v3/b5ff944fbd3949b198777daaed6bcd0d/os-quota-sets/0aed04c7f83043cb8716383d459ca5d6?usage=true => generated 847 bytes in 36 msecs (HTTP/1.1 200) 7 headers in 285 bytes (1 switches on core 0)
2026-07-21 22:07:15.518 8 INFO cinder.api.openstack.wsgi [None req-4fc92b3c-4191-4a86-9687-8c003500543b 75722e0a5efc4463a0e44663b0891bdf b5ff944fbd3949b198777daaed6bcd0d - - default default] GET http://cinder-api.openstack.svc.cluster.local:8776/v3/b5ff944fbd3949b198777daaed6bcd0d/os-quota-sets/2972c0bd89494cfcb6b21fa51f4a2523?usage=true
2026-07-21 22:07:15.541 8 INFO cinder.api.openstack.wsgi [None req-4fc92b3c-4191-4a86-9687-8c003500543b 75722e0a5efc4463a0e44663b0891bdf b5ff944fbd3949b198777daaed6bcd0d - - default default] http://cinder-api.openstack.svc.cluster.local:8776/v3/b5ff944fbd3949b198777daaed6bcd0d/os-quota-sets/2972c0bd89494cfcb6b21fa51f4a2523?usage=true returned with HTTP 200 [pid: 8|app: 0|req: 434/867] 10.0.0.93 () {28 vars in 735 bytes} [Tue Jul 21 22:07:15 2026] GET /v3/b5ff944fbd3949b198777daaed6bcd0d/os-quota-sets/2972c0bd89494cfcb6b21fa51f4a2523?usage=true => generated 847 bytes in 29 msecs (HTTP/1.1 200) 7 headers in 285 bytes (1 switches on core 0)
2026-07-21 22:07:15.553 7 INFO cinder.api.openstack.wsgi [None req-65048916-cabd-4aa7-9f3b-f8a46f1c1bb2 75722e0a5efc4463a0e44663b0891bdf b5ff944fbd3949b198777daaed6bcd0d - - default default] GET http://cinder-api.openstack.svc.cluster.local:8776/v3/b5ff944fbd3949b198777daaed6bcd0d/os-quota-sets/356fe5ec9be14d988d2e0a9e30798e77?usage=true
2026-07-21 22:07:15.580 7 INFO cinder.api.openstack.wsgi [None req-65048916-cabd-4aa7-9f3b-f8a46f1c1bb2 75722e0a5efc4463a0e44663b0891bdf b5ff944fbd3949b198777daaed6bcd0d - - default default] http://cinder-api.openstack.svc.cluster.local:8776/v3/b5ff944fbd3949b198777daaed6bcd0d/os-quota-sets/356fe5ec9be14d988d2e0a9e30798e77?usage=true returned with HTTP 200 [pid: 7|app: 0|req: 434/868] 10.0.0.93 () {28 vars in 735 bytes} [Tue Jul 21 22:07:15 2026] GET /v3/b5ff944fbd3949b198777daaed6bcd0d/os-quota-sets/356fe5ec9be14d988d2e0a9e30798e77?usage=true => generated 847 bytes in 36 msecs (HTTP/1.1 200) 7 headers in 285 bytes (1 switches on core 0)
2026-07-21 22:07:15.590 8 INFO cinder.api.openstack.wsgi [None req-0a71e203-0934-4530-b5bc-19b4220774d5 75722e0a5efc4463a0e44663b0891bdf b5ff944fbd3949b198777daaed6bcd0d - - default default] GET http://cinder-api.openstack.svc.cluster.local:8776/v3/b5ff944fbd3949b198777daaed6bcd0d/os-quota-sets/43306e93ccd749479683294ca78ecf65?usage=true
2026-07-21 22:07:15.612 8 INFO cinder.api.openstack.wsgi [None req-0a71e203-0934-4530-b5bc-19b4220774d5 75722e0a5efc4463a0e44663b0891bdf b5ff944fbd3949b198777daaed6bcd0d - - default default] http://cinder-api.openstack.svc.cluster.local:8776/v3/b5ff944fbd3949b198777daaed6bcd0d/os-quota-sets/43306e93ccd749479683294ca78ecf65?usage=true returned with HTTP 200 [pid: 8|app: 0|req: 435/869] 10.0.0.93 () {28 vars in 735 bytes} [Tue Jul 21 22:07:15 2026] GET /v3/b5ff944fbd3949b198777daaed6bcd0d/os-quota-sets/43306e93ccd749479683294ca78ecf65?usage=true => generated 847 bytes in 28 msecs (HTTP/1.1 200) 7 headers in 285 bytes (1 switches on core 0)
2026-07-21 22:07:15.623 7 INFO cinder.api.openstack.wsgi [None req-ab3aa5e1-6268-46ec-9075-844ab231f43e 75722e0a5efc4463a0e44663b0891bdf b5ff944fbd3949b198777daaed6bcd0d - - default default] GET http://cinder-api.openstack.svc.cluster.local:8776/v3/b5ff944fbd3949b198777daaed6bcd0d/os-quota-sets/495f547d43a143c8ac9f502530d14ccb?usage=true
2026-07-21 22:07:15.655 7 INFO cinder.api.openstack.wsgi [None req-ab3aa5e1-6268-46ec-9075-844ab231f43e 75722e0a5efc4463a0e44663b0891bdf b5ff944fbd3949b198777daaed6bcd0d - - default default] http://cinder-api.openstack.svc.cluster.local:8776/v3/b5ff944fbd3949b198777daaed6bcd0d/os-quota-sets/495f547d43a143c8ac9f502530d14ccb?usage=true returned with HTTP 200 [pid: 7|app: 0|req: 435/870] 10.0.0.93 () {28 vars in 735 bytes} [Tue Jul 21 22:07:15 2026] GET /v3/b5ff944fbd3949b198777daaed6bcd0d/os-quota-sets/495f547d43a143c8ac9f502530d14ccb?usage=true => generated 847 bytes in 41 msecs (HTTP/1.1 200) 7 headers in 285 bytes (1 switches on core 0)
2026-07-21 22:07:15.671 8 INFO cinder.api.openstack.wsgi [None req-6699b0cd-37d5-4336-95cc-7b9df15a8f2c 75722e0a5efc4463a0e44663b0891bdf b5ff944fbd3949b198777daaed6bcd0d - - default default] GET http://cinder-api.openstack.svc.cluster.local:8776/v3/b5ff944fbd3949b198777daaed6bcd0d/os-quota-sets/5361dc515f3e4fce9ef9c496c5b3bd05?usage=true
2026-07-21 22:07:15.708 8 INFO cinder.api.openstack.wsgi [None req-6699b0cd-37d5-4336-95cc-7b9df15a8f2c 75722e0a5efc4463a0e44663b0891bdf b5ff944fbd3949b198777daaed6bcd0d - - default default] http://cinder-api.openstack.svc.cluster.local:8776/v3/b5ff944fbd3949b198777daaed6bcd0d/os-quota-sets/5361dc515f3e4fce9ef9c496c5b3bd05?usage=true returned with HTTP 200 [pid: 8|app: 0|req: 436/871] 10.0.0.93 () {28 vars in 735 bytes} [Tue Jul 21 22:07:15 2026] GET /v3/b5ff944fbd3949b198777daaed6bcd0d/os-quota-sets/5361dc515f3e4fce9ef9c496c5b3bd05?usage=true => generated 847 bytes in 49 msecs (HTTP/1.1 200) 7 headers in 285 bytes (1 switches on core 0)
2026-07-21 22:07:15.722 7 INFO cinder.api.openstack.wsgi [None req-6fd0f856-fcac-4f1d-a151-14fa02d25bb4 75722e0a5efc4463a0e44663b0891bdf b5ff944fbd3949b198777daaed6bcd0d - - default default] GET http://cinder-api.openstack.svc.cluster.local:8776/v3/b5ff944fbd3949b198777daaed6bcd0d/os-quota-sets/56511ee048ed4a3abe7a137f4cf367aa?usage=true
2026-07-21 22:07:15.765 7 INFO cinder.api.openstack.wsgi [None req-6fd0f856-fcac-4f1d-a151-14fa02d25bb4 75722e0a5efc4463a0e44663b0891bdf b5ff944fbd3949b198777daaed6bcd0d - - default default] http://cinder-api.openstack.svc.cluster.local:8776/v3/b5ff944fbd3949b198777daaed6bcd0d/os-quota-sets/56511ee048ed4a3abe7a137f4cf367aa?usage=true returned with HTTP 200 [pid: 7|app: 0|req: 436/872] 10.0.0.93 () {28 vars in 735 bytes} [Tue Jul 21 22:07:15 2026] GET /v3/b5ff944fbd3949b198777daaed6bcd0d/os-quota-sets/56511ee048ed4a3abe7a137f4cf367aa?usage=true => generated 847 bytes in 51 msecs (HTTP/1.1 200) 7 headers in 285 bytes (1 switches on core 0)
2026-07-21 22:07:15.775 8 INFO cinder.api.openstack.wsgi [None req-abe0a057-1cf7-4db1-a3c1-ea9cf6a477a7 75722e0a5efc4463a0e44663b0891bdf b5ff944fbd3949b198777daaed6bcd0d - - default default] GET http://cinder-api.openstack.svc.cluster.local:8776/v3/b5ff944fbd3949b198777daaed6bcd0d/os-quota-sets/59e6420d09a343bf8e04c203d9a07430?usage=true
2026-07-21 22:07:15.813 8 INFO cinder.api.openstack.wsgi [None req-abe0a057-1cf7-4db1-a3c1-ea9cf6a477a7 75722e0a5efc4463a0e44663b0891bdf b5ff944fbd3949b198777daaed6bcd0d - - default default] http://cinder-api.openstack.svc.cluster.local:8776/v3/b5ff944fbd3949b198777daaed6bcd0d/os-quota-sets/59e6420d09a343bf8e04c203d9a07430?usage=true returned with HTTP 200 [pid: 8|app: 0|req: 437/873] 10.0.0.93 () {28 vars in 735 bytes} [Tue Jul 21 22:07:15 2026] GET /v3/b5ff944fbd3949b198777daaed6bcd0d/os-quota-sets/59e6420d09a343bf8e04c203d9a07430?usage=true => generated 847 bytes in 45 msecs (HTTP/1.1 200) 7 headers in 285 bytes (1 switches on core 0)
2026-07-21 22:07:15.829 7 INFO cinder.api.openstack.wsgi [None req-b8931ed6-2d77-49b0-8995-0612253d3862 75722e0a5efc4463a0e44663b0891bdf b5ff944fbd3949b198777daaed6bcd0d - - default default] GET http://cinder-api.openstack.svc.cluster.local:8776/v3/b5ff944fbd3949b198777daaed6bcd0d/os-quota-sets/927113fcc29e468f8f34000229a3c6d2?usage=true
2026-07-21 22:07:15.872 7 INFO cinder.api.openstack.wsgi [None req-b8931ed6-2d77-49b0-8995-0612253d3862 75722e0a5efc4463a0e44663b0891bdf b5ff944fbd3949b198777daaed6bcd0d - - default default] http://cinder-api.openstack.svc.cluster.local:8776/v3/b5ff944fbd3949b198777daaed6bcd0d/os-quota-sets/927113fcc29e468f8f34000229a3c6d2?usage=true returned with HTTP 200 [pid: 7|app: 0|req: 437/874] 10.0.0.93 () {28 vars in 735 bytes} [Tue Jul 21 22:07:15 2026] GET /v3/b5ff944fbd3949b198777daaed6bcd0d/os-quota-sets/927113fcc29e468f8f34000229a3c6d2?usage=true => generated 847 bytes in 54 msecs (HTTP/1.1 200) 7 headers in 285 bytes (1 switches on core 0)
2026-07-21 22:07:15.888 8 INFO cinder.api.openstack.wsgi [None req-79494beb-ea4b-4b8e-909b-79d606d2f079 75722e0a5efc4463a0e44663b0891bdf b5ff944fbd3949b198777daaed6bcd0d - - default default] GET http://cinder-api.openstack.svc.cluster.local:8776/v3/b5ff944fbd3949b198777daaed6bcd0d/os-quota-sets/9ba4354f34d34e8988d932f56fe82d3a?usage=true
2026-07-21 22:07:15.927 8 INFO cinder.api.openstack.wsgi [None req-79494beb-ea4b-4b8e-909b-79d606d2f079 75722e0a5efc4463a0e44663b0891bdf b5ff944fbd3949b198777daaed6bcd0d - - default default] http://cinder-api.openstack.svc.cluster.local:8776/v3/b5ff944fbd3949b198777daaed6bcd0d/os-quota-sets/9ba4354f34d34e8988d932f56fe82d3a?usage=true returned with HTTP 200 [pid: 8|app: 0|req: 438/875] 10.0.0.93 () {28 vars in 735 bytes} [Tue Jul 21 22:07:15 2026] GET /v3/b5ff944fbd3949b198777daaed6bcd0d/os-quota-sets/9ba4354f34d34e8988d932f56fe82d3a?usage=true => generated 847 bytes in 52 msecs (HTTP/1.1 200) 7 headers in 285 bytes (1 switches on core 0)
2026-07-21 22:07:15.942 7 INFO cinder.api.openstack.wsgi [None req-e1f040cb-ec1d-45a9-bd27-233e620d10aa 75722e0a5efc4463a0e44663b0891bdf b5ff944fbd3949b198777daaed6bcd0d - - default default] GET http://cinder-api.openstack.svc.cluster.local:8776/v3/b5ff944fbd3949b198777daaed6bcd0d/os-quota-sets/b5ff944fbd3949b198777daaed6bcd0d?usage=true
2026-07-21 22:07:15.985 7 INFO cinder.api.openstack.wsgi [None req-e1f040cb-ec1d-45a9-bd27-233e620d10aa 75722e0a5efc4463a0e44663b0891bdf b5ff944fbd3949b198777daaed6bcd0d - - default default] http://cinder-api.openstack.svc.cluster.local:8776/v3/b5ff944fbd3949b198777daaed6bcd0d/os-quota-sets/b5ff944fbd3949b198777daaed6bcd0d?usage=true returned with HTTP 200 [pid: 7|app: 0|req: 438/876] 10.0.0.93 () {28 vars in 735 bytes} [Tue Jul 21 22:07:15 2026] GET /v3/b5ff944fbd3949b198777daaed6bcd0d/os-quota-sets/b5ff944fbd3949b198777daaed6bcd0d?usage=true => generated 845 bytes in 53 msecs (HTTP/1.1 200) 7 headers in 285 bytes (1 switches on core 0)
2026-07-21 22:07:15.999 8 INFO cinder.api.openstack.wsgi [None req-3714dea9-626b-4e77-96a6-1c0f8b9d681d 75722e0a5efc4463a0e44663b0891bdf b5ff944fbd3949b198777daaed6bcd0d - - default default] GET http://cinder-api.openstack.svc.cluster.local:8776/v3/b5ff944fbd3949b198777daaed6bcd0d/os-quota-sets/e079360cf7014478bce742eacb4073ce?usage=true
2026-07-21 22:07:16.038 8 INFO cinder.api.openstack.wsgi [None req-3714dea9-626b-4e77-96a6-1c0f8b9d681d 75722e0a5efc4463a0e44663b0891bdf b5ff944fbd3949b198777daaed6bcd0d - - default default] http://cinder-api.openstack.svc.cluster.local:8776/v3/b5ff944fbd3949b198777daaed6bcd0d/os-quota-sets/e079360cf7014478bce742eacb4073ce?usage=true returned with HTTP 200 [pid: 8|app: 0|req: 439/877] 10.0.0.93 () {28 vars in 735 bytes} [Tue Jul 21 22:07:15 2026] GET /v3/b5ff944fbd3949b198777daaed6bcd0d/os-quota-sets/e079360cf7014478bce742eacb4073ce?usage=true => generated 847 bytes in 50 msecs (HTTP/1.1 200) 7 headers in 285 bytes (1 switches on core 0)
2026-07-21 22:07:16.051 7 INFO cinder.api.openstack.wsgi [None req-6d489ed4-e11c-42cb-84ed-9181ca3823fa 75722e0a5efc4463a0e44663b0891bdf b5ff944fbd3949b198777daaed6bcd0d - - default default] GET http://cinder-api.openstack.svc.cluster.local:8776/v3/b5ff944fbd3949b198777daaed6bcd0d/os-quota-sets/ec952147e17145ea9f6762dc641e2f55?usage=true
2026-07-21 22:07:16.073 7 INFO cinder.api.openstack.wsgi [None req-6d489ed4-e11c-42cb-84ed-9181ca3823fa 75722e0a5efc4463a0e44663b0891bdf b5ff944fbd3949b198777daaed6bcd0d - - default default] http://cinder-api.openstack.svc.cluster.local:8776/v3/b5ff944fbd3949b198777daaed6bcd0d/os-quota-sets/ec952147e17145ea9f6762dc641e2f55?usage=true returned with HTTP 200 [pid: 7|app: 0|req: 439/878] 10.0.0.93 () {28 vars in 735 bytes} [Tue Jul 21 22:07:16 2026] GET /v3/b5ff944fbd3949b198777daaed6bcd0d/os-quota-sets/ec952147e17145ea9f6762dc641e2f55?usage=true => generated 847 bytes in 31 msecs (HTTP/1.1 200) 7 headers in 285 bytes (1 switches on core 0)
2026-07-21 22:07:16.085 8 INFO cinder.api.openstack.wsgi [None req-212a0be4-9abe-4a03-9518-788b2bccee04 75722e0a5efc4463a0e44663b0891bdf b5ff944fbd3949b198777daaed6bcd0d - - default default] GET http://cinder-api.openstack.svc.cluster.local:8776/v3/b5ff944fbd3949b198777daaed6bcd0d/os-quota-sets/f1729fb4cd354d75a6440ee8970cd35a?usage=true
2026-07-21 22:07:16.136 8 INFO cinder.api.openstack.wsgi [None req-212a0be4-9abe-4a03-9518-788b2bccee04 75722e0a5efc4463a0e44663b0891bdf b5ff944fbd3949b198777daaed6bcd0d - - default default] http://cinder-api.openstack.svc.cluster.local:8776/v3/b5ff944fbd3949b198777daaed6bcd0d/os-quota-sets/f1729fb4cd354d75a6440ee8970cd35a?usage=true returned with HTTP 200 [pid: 8|app: 0|req: 440/879] 10.0.0.93 () {28 vars in 735 bytes} [Tue Jul 21 22:07:16 2026] GET /v3/b5ff944fbd3949b198777daaed6bcd0d/os-quota-sets/f1729fb4cd354d75a6440ee8970cd35a?usage=true => generated 845 bytes in 59 msecs (HTTP/1.1 200) 7 headers in 285 bytes (1 switches on core 0)
2026-07-21 22:07:16.149 7 INFO cinder.api.openstack.wsgi [None req-0a8d8056-51eb-4c59-abbe-fba9603d917d 75722e0a5efc4463a0e44663b0891bdf b5ff944fbd3949b198777daaed6bcd0d - - default default] GET http://cinder-api.openstack.svc.cluster.local:8776/v3/b5ff944fbd3949b198777daaed6bcd0d/os-quota-sets/f3a2d29df3b149b9a3a743dee22aeb78?usage=true
2026-07-21 22:07:16.173 7 INFO cinder.api.openstack.wsgi [None req-0a8d8056-51eb-4c59-abbe-fba9603d917d 75722e0a5efc4463a0e44663b0891bdf b5ff944fbd3949b198777daaed6bcd0d - - default default] http://cinder-api.openstack.svc.cluster.local:8776/v3/b5ff944fbd3949b198777daaed6bcd0d/os-quota-sets/f3a2d29df3b149b9a3a743dee22aeb78?usage=true returned with HTTP 200 [pid: 7|app: 0|req: 440/880] 10.0.0.93 () {28 vars in 735 bytes} [Tue Jul 21 22:07:16 2026] GET /v3/b5ff944fbd3949b198777daaed6bcd0d/os-quota-sets/f3a2d29df3b149b9a3a743dee22aeb78?usage=true => generated 847 bytes in 32 msecs (HTTP/1.1 200) 7 headers in 285 bytes (1 switches on core 0)
2026-07-21 22:07:16.186 8 INFO cinder.api.openstack.wsgi [None req-f5f8e1de-48cf-454a-9946-5c012d69c19d 75722e0a5efc4463a0e44663b0891bdf b5ff944fbd3949b198777daaed6bcd0d - - default default] GET http://cinder-api.openstack.svc.cluster.local:8776/v3/b5ff944fbd3949b198777daaed6bcd0d/os-quota-sets/facaace027f646289b73302df05ac553?usage=true
2026-07-21 22:07:16.209 8 INFO cinder.api.openstack.wsgi [None req-f5f8e1de-48cf-454a-9946-5c012d69c19d 75722e0a5efc4463a0e44663b0891bdf b5ff944fbd3949b198777daaed6bcd0d - - default default] http://cinder-api.openstack.svc.cluster.local:8776/v3/b5ff944fbd3949b198777daaed6bcd0d/os-quota-sets/facaace027f646289b73302df05ac553?usage=true returned with HTTP 200 [pid: 8|app: 0|req: 441/881] 10.0.0.93 () {28 vars in 735 bytes} [Tue Jul 21 22:07:16 2026] GET /v3/b5ff944fbd3949b198777daaed6bcd0d/os-quota-sets/facaace027f646289b73302df05ac553?usage=true => generated 847 bytes in 31 msecs (HTTP/1.1 200) 7 headers in 285 bytes (1 switches on core 0)
2026-07-21 22:07:16.219 7 INFO cinder.api.openstack.wsgi [None req-140f56c2-79cf-47f3-8b6c-b7a1442573cb 75722e0a5efc4463a0e44663b0891bdf b5ff944fbd3949b198777daaed6bcd0d - - default default] GET http://cinder-api.openstack.svc.cluster.local:8776/v3/b5ff944fbd3949b198777daaed6bcd0d/os-services
2026-07-21 22:07:16.226 7 INFO cinder.api.openstack.wsgi [None req-140f56c2-79cf-47f3-8b6c-b7a1442573cb 75722e0a5efc4463a0e44663b0891bdf b5ff944fbd3949b198777daaed6bcd0d - - default default] http://cinder-api.openstack.svc.cluster.local:8776/v3/b5ff944fbd3949b198777daaed6bcd0d/os-services returned with HTTP 200 [pid: 7|app: 0|req: 441/882] 10.0.0.93 () {28 vars in 644 bytes} [Tue Jul 21 22:07:16 2026] GET /v3/b5ff944fbd3949b198777daaed6bcd0d/os-services => generated 646 bytes in 14 msecs (HTTP/1.1 200) 7 headers in 285 bytes (1 switches on core 0)
2026-07-21 22:07:16.237 8 INFO cinder.api.openstack.wsgi [None req-83f74e1e-f100-4ce2-ba4a-01449829d275 75722e0a5efc4463a0e44663b0891bdf b5ff944fbd3949b198777daaed6bcd0d - - default default] GET http://cinder-api.openstack.svc.cluster.local:8776/v3/b5ff944fbd3949b198777daaed6bcd0d/volumes/detail?all_tenants=true
2026-07-21 22:07:16.247 8 INFO cinder.volume.api [None req-83f74e1e-f100-4ce2-ba4a-01449829d275 75722e0a5efc4463a0e44663b0891bdf b5ff944fbd3949b198777daaed6bcd0d - - default default] Get all volumes completed successfully.
2026-07-21 22:07:16.250 8 INFO cinder.api.openstack.wsgi [None req-83f74e1e-f100-4ce2-ba4a-01449829d275 75722e0a5efc4463a0e44663b0891bdf b5ff944fbd3949b198777daaed6bcd0d - - default default] http://cinder-api.openstack.svc.cluster.local:8776/v3/b5ff944fbd3949b198777daaed6bcd0d/volumes/detail?all_tenants=true returned with HTTP 200 [pid: 8|app: 0|req: 442/883] 10.0.0.93 () {28 vars in 683 bytes} [Tue Jul 21 22:07:16 2026] GET /v3/b5ff944fbd3949b198777daaed6bcd0d/volumes/detail?all_tenants=true => generated 15 bytes in 19 msecs (HTTP/1.1 200) 7 headers in 284 bytes (1 switches on core 0)
2026-07-21 22:07:16.259 7 INFO cinder.api.openstack.wsgi [None req-760cdaa0-92fd-43c9-adbd-a8fec9d8c0dc 75722e0a5efc4463a0e44663b0891bdf b5ff944fbd3949b198777daaed6bcd0d - - default default] GET http://cinder-api.openstack.svc.cluster.local:8776/v3/b5ff944fbd3949b198777daaed6bcd0d/scheduler-stats/get_pools?detail=true
2026-07-21 22:07:16.273 7 INFO cinder.api.openstack.wsgi [None req-760cdaa0-92fd-43c9-adbd-a8fec9d8c0dc 75722e0a5efc4463a0e44663b0891bdf b5ff944fbd3949b198777daaed6bcd0d - - default default] http://cinder-api.openstack.svc.cluster.local:8776/v3/b5ff944fbd3949b198777daaed6bcd0d/scheduler-stats/get_pools?detail=true returned with HTTP 200 [pid: 7|app: 0|req: 442/884] 10.0.0.93 () {28 vars in 695 bytes} [Tue Jul 21 22:07:16 2026] GET /v3/b5ff944fbd3949b198777daaed6bcd0d/scheduler-stats/get_pools?detail=true => generated 670 bytes in 21 msecs (HTTP/1.1 200) 7 headers in 285 bytes (1 switches on core 0)
2026-07-21 22:07:20.184 8 INFO cinder.api.openstack.wsgi [None req-83f74e1e-f100-4ce2-ba4a-01449829d275 75722e0a5efc4463a0e44663b0891bdf b5ff944fbd3949b198777daaed6bcd0d - - default default] GET http://10.0.0.74:8776/
2026-07-21 22:07:20.185 8 INFO cinder.api.openstack.wsgi [None req-83f74e1e-f100-4ce2-ba4a-01449829d275 75722e0a5efc4463a0e44663b0891bdf b5ff944fbd3949b198777daaed6bcd0d - - default default] http://10.0.0.74:8776/ returned with HTTP 300
2026-07-21 22:07:20.191 7 INFO cinder.api.openstack.wsgi [None req-760cdaa0-92fd-43c9-adbd-a8fec9d8c0dc 75722e0a5efc4463a0e44663b0891bdf b5ff944fbd3949b198777daaed6bcd0d - - default default] GET http://10.0.0.74:8776/
2026-07-21 22:07:20.191 7 INFO cinder.api.openstack.wsgi [None req-760cdaa0-92fd-43c9-adbd-a8fec9d8c0dc 75722e0a5efc4463a0e44663b0891bdf b5ff944fbd3949b198777daaed6bcd0d - - default default] http://10.0.0.74:8776/ returned with HTTP 300
2026-07-21 22:07:30.184 8 INFO cinder.api.openstack.wsgi [None req-83f74e1e-f100-4ce2-ba4a-01449829d275 75722e0a5efc4463a0e44663b0891bdf b5ff944fbd3949b198777daaed6bcd0d - - default default] GET http://10.0.0.74:8776/
2026-07-21 22:07:30.185 7 INFO cinder.api.openstack.wsgi [None req-760cdaa0-92fd-43c9-adbd-a8fec9d8c0dc 75722e0a5efc4463a0e44663b0891bdf b5ff944fbd3949b198777daaed6bcd0d - - default default] GET http://10.0.0.74:8776/
2026-07-21 22:07:30.186 7 INFO cinder.api.openstack.wsgi [None req-760cdaa0-92fd-43c9-adbd-a8fec9d8c0dc 75722e0a5efc4463a0e44663b0891bdf b5ff944fbd3949b198777daaed6bcd0d - - default default] http://10.0.0.74:8776/ returned with HTTP 300
2026-07-21 22:07:30.186 8 INFO cinder.api.openstack.wsgi [None req-83f74e1e-f100-4ce2-ba4a-01449829d275 75722e0a5efc4463a0e44663b0891bdf b5ff944fbd3949b198777daaed6bcd0d - - default default] http://10.0.0.74:8776/ returned with HTTP 300
2026-07-21 22:07:40.184 8 INFO cinder.api.openstack.wsgi [None req-83f74e1e-f100-4ce2-ba4a-01449829d275 75722e0a5efc4463a0e44663b0891bdf b5ff944fbd3949b198777daaed6bcd0d - - default default] GET http://10.0.0.74:8776/
2026-07-21 22:07:40.185 7 INFO cinder.api.openstack.wsgi [None req-760cdaa0-92fd-43c9-adbd-a8fec9d8c0dc 75722e0a5efc4463a0e44663b0891bdf b5ff944fbd3949b198777daaed6bcd0d - - default default] GET http://10.0.0.74:8776/
2026-07-21 22:07:40.185 8 INFO cinder.api.openstack.wsgi [None req-83f74e1e-f100-4ce2-ba4a-01449829d275 75722e0a5efc4463a0e44663b0891bdf b5ff944fbd3949b198777daaed6bcd0d - - default default] http://10.0.0.74:8776/ returned with HTTP 300
2026-07-21 22:07:40.187 7 INFO cinder.api.openstack.wsgi [None req-760cdaa0-92fd-43c9-adbd-a8fec9d8c0dc 75722e0a5efc4463a0e44663b0891bdf b5ff944fbd3949b198777daaed6bcd0d - - default default] http://10.0.0.74:8776/ returned with HTTP 300
2026-07-21 22:07:44.544 8 INFO cinder.api.openstack.wsgi [None req-59bdd07a-658e-462a-9751-ef7375b5a018 75722e0a5efc4463a0e44663b0891bdf b5ff944fbd3949b198777daaed6bcd0d - - default default] POST http://cinder-api.openstack.svc.cluster.local:8776/v3/b5ff944fbd3949b198777daaed6bcd0d/volumes
2026-07-21 22:07:44.700 8 INFO cinder.api.v3.volumes [None req-59bdd07a-658e-462a-9751-ef7375b5a018 75722e0a5efc4463a0e44663b0891bdf b5ff944fbd3949b198777daaed6bcd0d - - default default] Create volume of 16 GB
2026-07-21 22:07:44.715 8 INFO cinder.volume.api [None req-59bdd07a-658e-462a-9751-ef7375b5a018 75722e0a5efc4463a0e44663b0891bdf b5ff944fbd3949b198777daaed6bcd0d - - default default] Availability Zones retrieved successfully.
2026-07-21 22:07:44.995 8 INFO cinder.volume.api [None req-59bdd07a-658e-462a-9751-ef7375b5a018 75722e0a5efc4463a0e44663b0891bdf b5ff944fbd3949b198777daaed6bcd0d - - default default] Create volume request issued successfully.
2026-07-21 22:07:44.997 8 INFO cinder.api.openstack.wsgi [None req-59bdd07a-658e-462a-9751-ef7375b5a018 75722e0a5efc4463a0e44663b0891bdf b5ff944fbd3949b198777daaed6bcd0d - - default default] http://cinder-api.openstack.svc.cluster.local:8776/v3/b5ff944fbd3949b198777daaed6bcd0d/volumes returned with HTTP 202 [pid: 8|app: 0|req: 446/891] 199.204.45.57 () {34 vars in 733 bytes} [Tue Jul 21 22:07:44 2026] POST /v3/b5ff944fbd3949b198777daaed6bcd0d/volumes => generated 846 bytes in 581 msecs (HTTP/1.1 202) 7 headers in 291 bytes (1 switches on core 0)
2026-07-21 22:07:45.014 7 INFO cinder.api.openstack.wsgi [req-59bdd07a-658e-462a-9751-ef7375b5a018 req-11b9d2ee-8a0b-4b46-8a0c-1b3df2f82e6e 75722e0a5efc4463a0e44663b0891bdf b5ff944fbd3949b198777daaed6bcd0d - - default default] GET http://cinder-api.openstack.svc.cluster.local:8776/v3/b5ff944fbd3949b198777daaed6bcd0d/volumes/75832e6b-b137-4469-a1dc-f203245d8897 /var/lib/openstack/lib/python3.10/site-packages/oslo_context/context.py:100: DeprecationWarning: Policy enforcement is depending on the value of is_admin. This key is deprecated. Please update your policy file to use the standard policy values. warnings.warn('Policy enforcement is depending on the value of '
2026-07-21 22:07:45.061 7 INFO cinder.volume.api [req-59bdd07a-658e-462a-9751-ef7375b5a018 req-11b9d2ee-8a0b-4b46-8a0c-1b3df2f82e6e 75722e0a5efc4463a0e44663b0891bdf b5ff944fbd3949b198777daaed6bcd0d - - default default] Volume info retrieved successfully.
