2026-07-21 07:52:38.991 7 INFO placement.requestlog [None req-14a2198e-5e99-44f1-859e-fd6099c6987a b46da8511aff429ea8f86f87f8368ddb 71d9fe7f191849ef980f49599a05dfe7 - - 22be479791c94fc49c4ebafcdba114dd 22be479791c94fc49c4ebafcdba114dd] 10.0.0.93 "DELETE /resource_providers/b35ed672-4c60-44f5-bf1d-bae12bb2896d" status: 404 len: 246 microversion: 1.1 [pid: 7|app: 0|req: 522/1040] 10.0.0.93 () {34 vars in 815 bytes} [Tue Jul 21 07:52:38 2026] DELETE /resource_providers/b35ed672-4c60-44f5-bf1d-bae12bb2896d => generated 246 bytes in 9 msecs (HTTP/1.1 404) 6 headers in 231 bytes (1 switches on core 0)
2026-07-21 07:52:39.007 8 INFO placement.requestlog [None req-8a2aa256-92d0-4133-856c-7a47d7b4e396 b46da8511aff429ea8f86f87f8368ddb 71d9fe7f191849ef980f49599a05dfe7 - - 22be479791c94fc49c4ebafcdba114dd 22be479791c94fc49c4ebafcdba114dd] 10.0.0.93 "DELETE /resource_providers/b35ed672-4c60-44f5-bf1d-bae12bb2896d" status: 404 len: 246 microversion: 1.1 [pid: 8|app: 0|req: 519/1041] 10.0.0.93 () {34 vars in 815 bytes} [Tue Jul 21 07:52:38 2026] DELETE /resource_providers/b35ed672-4c60-44f5-bf1d-bae12bb2896d => generated 246 bytes in 12 msecs (HTTP/1.1 404) 6 headers in 231 bytes (1 switches on core 0)
2026-07-21 07:52:40.116 8 INFO placement.requestlog [None req-e460d3f0-063c-4b82-bcbc-a9cc7deac6e2 - - - - - -] 10.0.0.163 "GET /" status: 200 len: 136 microversion: 1.0
2026-07-21 07:52:40.116 7 INFO placement.requestlog [None req-a6db94e1-ae8b-4b19-959e-182cecb04035 - - - - - -] 10.0.0.163 "GET /" status: 200 len: 136 microversion: 1.0
2026-07-21 07:52:43.462 8 INFO placement.requestlog [None req-5c9cb55e-b9e2-451c-bced-90267703ff36 b46da8511aff429ea8f86f87f8368ddb 71d9fe7f191849ef980f49599a05dfe7 - - 22be479791c94fc49c4ebafcdba114dd 22be479791c94fc49c4ebafcdba114dd] 10.0.0.93 "GET /resource_providers/6b4b3a48-85d5-44a0-8395-59e0102b696e/aggregates" status: 404 len: 235 microversion: 1.1 [pid: 8|app: 0|req: 521/1044] 10.0.0.93 () {32 vars in 815 bytes} [Tue Jul 21 07:52:43 2026] GET /resource_providers/6b4b3a48-85d5-44a0-8395-59e0102b696e/aggregates => generated 235 bytes in 18 msecs (HTTP/1.1 404) 5 headers in 202 bytes (1 switches on core 0)
2026-07-21 07:52:43.468 7 INFO placement.requestlog [None req-2d37ae74-9378-4d1a-81fb-31278804a54b b46da8511aff429ea8f86f87f8368ddb 71d9fe7f191849ef980f49599a05dfe7 - - 22be479791c94fc49c4ebafcdba114dd 22be479791c94fc49c4ebafcdba114dd] 10.0.0.93 "GET /resource_providers/6b4b3a48-85d5-44a0-8395-59e0102b696e/aggregates" status: 404 len: 235 microversion: 1.1 [pid: 7|app: 0|req: 524/1045] 10.0.0.93 () {32 vars in 815 bytes} [Tue Jul 21 07:52:43 2026] GET /resource_providers/6b4b3a48-85d5-44a0-8395-59e0102b696e/aggregates => generated 235 bytes in 24 msecs (HTTP/1.1 404) 5 headers in 202 bytes (1 switches on core 0)
2026-07-21 07:52:43.486 8 INFO placement.requestlog [None req-9326696d-5cdb-40a4-a318-ad1f3d934cd3 b46da8511aff429ea8f86f87f8368ddb 71d9fe7f191849ef980f49599a05dfe7 - - 22be479791c94fc49c4ebafcdba114dd 22be479791c94fc49c4ebafcdba114dd] 10.0.0.93 "DELETE /resource_providers/6b4b3a48-85d5-44a0-8395-59e0102b696e" status: 404 len: 246 microversion: 1.1 [pid: 8|app: 0|req: 522/1046] 10.0.0.93 () {34 vars in 815 bytes} [Tue Jul 21 07:52:43 2026] DELETE /resource_providers/6b4b3a48-85d5-44a0-8395-59e0102b696e => generated 246 bytes in 9 msecs (HTTP/1.1 404) 6 headers in 231 bytes (1 switches on core 0)
2026-07-21 07:52:43.499 7 INFO placement.requestlog [None req-fd9f7b3d-1164-41c0-bdc8-a9ff03d4d747 b46da8511aff429ea8f86f87f8368ddb 71d9fe7f191849ef980f49599a05dfe7 - - 22be479791c94fc49c4ebafcdba114dd 22be479791c94fc49c4ebafcdba114dd] 10.0.0.93 "DELETE /resource_providers/6b4b3a48-85d5-44a0-8395-59e0102b696e" status: 404 len: 246 microversion: 1.1 [pid: 7|app: 0|req: 525/1047] 10.0.0.93 () {34 vars in 815 bytes} [Tue Jul 21 07:52:43 2026] DELETE /resource_providers/6b4b3a48-85d5-44a0-8395-59e0102b696e => generated 246 bytes in 10 msecs (HTTP/1.1 404) 6 headers in 231 bytes (1 switches on core 0)
2026-07-21 07:52:45.519 8 INFO placement.requestlog [None req-c00d63b1-79a2-485e-9adc-475ebf17320a b46da8511aff429ea8f86f87f8368ddb 71d9fe7f191849ef980f49599a05dfe7 - - 22be479791c94fc49c4ebafcdba114dd 22be479791c94fc49c4ebafcdba114dd] 10.0.0.93 "GET /resource_providers/0a9542ab-21ce-455a-9acc-a0343a5e1f3b/aggregates" status: 404 len: 235 microversion: 1.1 [pid: 8|app: 0|req: 523/1048] 10.0.0.93 () {32 vars in 815 bytes} [Tue Jul 21 07:52:45 2026] GET /resource_providers/0a9542ab-21ce-455a-9acc-a0343a5e1f3b/aggregates => generated 235 bytes in 14 msecs (HTTP/1.1 404) 5 headers in 202 bytes (1 switches on core 0)
2026-07-21 07:52:45.520 7 INFO placement.requestlog [None req-5c780489-21f9-4f2f-83b2-26628c25a66d b46da8511aff429ea8f86f87f8368ddb 71d9fe7f191849ef980f49599a05dfe7 - - 22be479791c94fc49c4ebafcdba114dd 22be479791c94fc49c4ebafcdba114dd] 10.0.0.93 "GET /resource_providers/0a9542ab-21ce-455a-9acc-a0343a5e1f3b/aggregates" status: 404 len: 235 microversion: 1.1 [pid: 7|app: 0|req: 526/1049] 10.0.0.93 () {32 vars in 815 bytes} [Tue Jul 21 07:52:45 2026] GET /resource_providers/0a9542ab-21ce-455a-9acc-a0343a5e1f3b/aggregates => generated 235 bytes in 11 msecs (HTTP/1.1 404) 5 headers in 202 bytes (1 switches on core 0)
2026-07-21 07:52:45.545 8 INFO placement.requestlog [None req-3de035cc-d95f-406c-a165-397857101a37 b46da8511aff429ea8f86f87f8368ddb 71d9fe7f191849ef980f49599a05dfe7 - - 22be479791c94fc49c4ebafcdba114dd 22be479791c94fc49c4ebafcdba114dd] 10.0.0.93 "DELETE /resource_providers/0a9542ab-21ce-455a-9acc-a0343a5e1f3b" status: 404 len: 246 microversion: 1.1 [pid: 8|app: 0|req: 524/1050] 10.0.0.93 () {34 vars in 815 bytes} [Tue Jul 21 07:52:45 2026] DELETE /resource_providers/0a9542ab-21ce-455a-9acc-a0343a5e1f3b => generated 246 bytes in 10 msecs (HTTP/1.1 404) 6 headers in 231 bytes (1 switches on core 0)
2026-07-21 07:52:45.546 7 INFO placement.requestlog [None req-1f24aa88-2622-4e2c-815b-c36ef28e6269 b46da8511aff429ea8f86f87f8368ddb 71d9fe7f191849ef980f49599a05dfe7 - - 22be479791c94fc49c4ebafcdba114dd 22be479791c94fc49c4ebafcdba114dd] 10.0.0.93 "DELETE /resource_providers/0a9542ab-21ce-455a-9acc-a0343a5e1f3b" status: 404 len: 246 microversion: 1.1 [pid: 7|app: 0|req: 527/1051] 10.0.0.93 () {34 vars in 815 bytes} [Tue Jul 21 07:52:45 2026] DELETE /resource_providers/0a9542ab-21ce-455a-9acc-a0343a5e1f3b => generated 246 bytes in 10 msecs (HTTP/1.1 404) 6 headers in 231 bytes (1 switches on core 0)
2026-07-21 07:52:45.785 8 INFO placement.requestlog [req-1763564b-0570-4bf1-95dc-a43154379ea8 req-2f60008c-cd3d-42c9-9fb7-c03dbf61216c a8c8ffd361b14009bb66c8761298da1a 71d9fe7f191849ef980f49599a05dfe7 - - 22be479791c94fc49c4ebafcdba114dd 22be479791c94fc49c4ebafcdba114dd] 10.0.0.72 "GET /allocation_candidates?limit=1000&resources=DISK_GB%3A1%2CMEMORY_MB%3A512%2CVCPU%3A1&root_required=%21COMPUTE_STATUS_DISABLED" status: 200 len: 2147 microversion: 1.36 [pid: 8|app: 0|req: 525/1052] 10.0.0.72 () {34 vars in 1011 bytes} [Tue Jul 21 07:52:45 2026] GET /allocation_candidates?limit=1000&resources=DISK_GB%3A1%2CMEMORY_MB%3A512%2CVCPU%3A1&root_required=%21COMPUTE_STATUS_DISABLED => generated 2147 bytes in 48 msecs (HTTP/1.1 200) 8 headers in 297 bytes (1 switches on core 0)
2026-07-21 07:52:45.835 7 INFO placement.requestlog [req-1763564b-0570-4bf1-95dc-a43154379ea8 req-fd245df5-432c-4f9c-83c3-1a2ab3566548 a8c8ffd361b14009bb66c8761298da1a 71d9fe7f191849ef980f49599a05dfe7 - - 22be479791c94fc49c4ebafcdba114dd 22be479791c94fc49c4ebafcdba114dd] 10.0.0.72 "GET /allocations/539b844e-87c3-45af-915c-95da06f1a7ef" status: 200 len: 19 microversion: 1.28 [pid: 7|app: 0|req: 528/1053] 10.0.0.72 () {34 vars in 860 bytes} [Tue Jul 21 07:52:45 2026] GET /allocations/539b844e-87c3-45af-915c-95da06f1a7ef => generated 19 bytes in 11 msecs (HTTP/1.1 200) 8 headers in 295 bytes (1 switches on core 0)
2026-07-21 07:52:45.907 8 INFO placement.requestlog [req-1763564b-0570-4bf1-95dc-a43154379ea8 req-aa5134c1-77a7-41e4-a09f-5a1f2fe3294f a8c8ffd361b14009bb66c8761298da1a 71d9fe7f191849ef980f49599a05dfe7 - - 22be479791c94fc49c4ebafcdba114dd 22be479791c94fc49c4ebafcdba114dd] 10.0.0.72 "PUT /allocations/539b844e-87c3-45af-915c-95da06f1a7ef" status: 204 len: 0 microversion: 1.36 [pid: 8|app: 0|req: 526/1054] 10.0.0.72 () {38 vars in 913 bytes} [Tue Jul 21 07:52:45 2026] PUT /allocations/539b844e-87c3-45af-915c-95da06f1a7ef => generated 0 bytes in 63 msecs (HTTP/1.1 204) 5 headers in 199 bytes (1 switches on core 0)
2026-07-21 07:52:46.203 7 INFO placement.requestlog [req-1763564b-0570-4bf1-95dc-a43154379ea8 req-8de27387-20a3-4fad-aa06-a5b7d141b828 a8c8ffd361b14009bb66c8761298da1a 71d9fe7f191849ef980f49599a05dfe7 - - 22be479791c94fc49c4ebafcdba114dd 22be479791c94fc49c4ebafcdba114dd] 199.204.45.205 "GET /allocations/539b844e-87c3-45af-915c-95da06f1a7ef" status: 200 len: 258 microversion: 1.28 [pid: 7|app: 0|req: 529/1055] 199.204.45.205 () {34 vars in 863 bytes} [Tue Jul 21 07:52:46 2026] GET /allocations/539b844e-87c3-45af-915c-95da06f1a7ef => generated 258 bytes in 16 msecs (HTTP/1.1 200) 8 headers in 296 bytes (1 switches on core 0)
2026-07-21 07:52:46.238 8 INFO placement.requestlog [None req-e15ce8e3-8167-41a4-a8e1-91e9e8e59ed1 b46da8511aff429ea8f86f87f8368ddb 71d9fe7f191849ef980f49599a05dfe7 - - 22be479791c94fc49c4ebafcdba114dd 22be479791c94fc49c4ebafcdba114dd] 10.0.0.93 "GET /resource_providers/78564f50-d54c-447d-ac26-04d5b84fbe18/aggregates" status: 404 len: 235 microversion: 1.1 [pid: 8|app: 0|req: 527/1056] 10.0.0.93 () {32 vars in 815 bytes} [Tue Jul 21 07:52:46 2026] GET /resource_providers/78564f50-d54c-447d-ac26-04d5b84fbe18/aggregates => generated 235 bytes in 13 msecs (HTTP/1.1 404) 5 headers in 202 bytes (1 switches on core 0)
2026-07-21 07:52:46.243 7 INFO placement.requestlog [None req-c13e255f-7bee-4eda-b6ff-d44023663e3b b46da8511aff429ea8f86f87f8368ddb 71d9fe7f191849ef980f49599a05dfe7 - - 22be479791c94fc49c4ebafcdba114dd 22be479791c94fc49c4ebafcdba114dd] 10.0.0.93 "GET /resource_providers/78564f50-d54c-447d-ac26-04d5b84fbe18/aggregates" status: 404 len: 235 microversion: 1.1 [pid: 7|app: 0|req: 530/1057] 10.0.0.93 () {32 vars in 815 bytes} [Tue Jul 21 07:52:46 2026] GET /resource_providers/78564f50-d54c-447d-ac26-04d5b84fbe18/aggregates => generated 235 bytes in 14 msecs (HTTP/1.1 404) 5 headers in 202 bytes (1 switches on core 0)
2026-07-21 07:52:46.267 8 INFO placement.requestlog [None req-19ee8ee6-cc41-47a3-bc74-6b4e1cfd3f64 b46da8511aff429ea8f86f87f8368ddb 71d9fe7f191849ef980f49599a05dfe7 - - 22be479791c94fc49c4ebafcdba114dd 22be479791c94fc49c4ebafcdba114dd] 10.0.0.93 "DELETE /resource_providers/78564f50-d54c-447d-ac26-04d5b84fbe18" status: 404 len: 246 microversion: 1.1 [pid: 8|app: 0|req: 528/1058] 10.0.0.93 () {34 vars in 815 bytes} [Tue Jul 21 07:52:46 2026] DELETE /resource_providers/78564f50-d54c-447d-ac26-04d5b84fbe18 => generated 246 bytes in 14 msecs (HTTP/1.1 404) 6 headers in 231 bytes (1 switches on core 0)
2026-07-21 07:52:46.267 7 INFO placement.requestlog [None req-3a10b6d8-6373-448e-a56c-ec81c1d2b42c b46da8511aff429ea8f86f87f8368ddb 71d9fe7f191849ef980f49599a05dfe7 - - 22be479791c94fc49c4ebafcdba114dd 22be479791c94fc49c4ebafcdba114dd] 10.0.0.93 "DELETE /resource_providers/78564f50-d54c-447d-ac26-04d5b84fbe18" status: 404 len: 246 microversion: 1.1 [pid: 7|app: 0|req: 531/1059] 10.0.0.93 () {34 vars in 815 bytes} [Tue Jul 21 07:52:46 2026] DELETE /resource_providers/78564f50-d54c-447d-ac26-04d5b84fbe18 => generated 246 bytes in 13 msecs (HTTP/1.1 404) 6 headers in 231 bytes (1 switches on core 0)
2026-07-21 07:52:46.310 8 INFO placement.requestlog [req-1763564b-0570-4bf1-95dc-a43154379ea8 req-dacc6f8f-999a-4fd3-8b1d-88e349c95822 a8c8ffd361b14009bb66c8761298da1a 71d9fe7f191849ef980f49599a05dfe7 - - 22be479791c94fc49c4ebafcdba114dd 22be479791c94fc49c4ebafcdba114dd] 199.204.45.205 "GET /resource_providers/3af08ab2-a265-4820-b020-fe94f5eda1e2/allocations" status: 200 len: 153 microversion: 1.0 [pid: 8|app: 0|req: 529/1060] 199.204.45.205 () {32 vars in 857 bytes} [Tue Jul 21 07:52:46 2026] GET /resource_providers/3af08ab2-a265-4820-b020-fe94f5eda1e2/allocations => generated 153 bytes in 19 msecs (HTTP/1.1 200) 6 headers in 224 bytes (1 switches on core 0)
2026-07-21 07:52:46.333 7 INFO placement.requestlog [req-1763564b-0570-4bf1-95dc-a43154379ea8 req-0309bb52-1cc2-40dd-b7f0-e82b4883a186 a8c8ffd361b14009bb66c8761298da1a 71d9fe7f191849ef980f49599a05dfe7 - - 22be479791c94fc49c4ebafcdba114dd 22be479791c94fc49c4ebafcdba114dd] 199.204.45.205 "GET /allocations/539b844e-87c3-45af-915c-95da06f1a7ef" status: 200 len: 258 microversion: 1.28 [pid: 7|app: 0|req: 532/1061] 199.204.45.205 () {34 vars in 863 bytes} [Tue Jul 21 07:52:46 2026] GET /allocations/539b844e-87c3-45af-915c-95da06f1a7ef => generated 258 bytes in 14 msecs (HTTP/1.1 200) 8 headers in 296 bytes (1 switches on core 0)
2026-07-21 07:52:50.115 8 INFO placement.requestlog [None req-dd72dfcc-9bb8-4cc3-a7c1-7a8474907aea - - - - - -] 10.0.0.163 "GET /" status: 200 len: 136 microversion: 1.0
2026-07-21 07:52:50.115 7 INFO placement.requestlog [None req-d08c35ee-a2cf-42bc-bbdc-b97ea099f628 - - - - - -] 10.0.0.163 "GET /" status: 200 len: 136 microversion: 1.0
2026-07-21 07:52:52.330 8 INFO placement.requestlog [None req-76a8526e-e339-427a-9acc-e6dd92ec3919 b46da8511aff429ea8f86f87f8368ddb 71d9fe7f191849ef980f49599a05dfe7 - - 22be479791c94fc49c4ebafcdba114dd 22be479791c94fc49c4ebafcdba114dd] 10.0.0.93 "GET /resource_providers/4100129b-c95e-49c8-8f1b-aecf45317428/aggregates" status: 404 len: 235 microversion: 1.1 [pid: 8|app: 0|req: 531/1064] 10.0.0.93 () {32 vars in 815 bytes} [Tue Jul 21 07:52:52 2026] GET /resource_providers/4100129b-c95e-49c8-8f1b-aecf45317428/aggregates => generated 235 bytes in 10 msecs (HTTP/1.1 404) 5 headers in 202 bytes (1 switches on core 0)
2026-07-21 07:52:52.338 7 INFO placement.requestlog [None req-a464a14a-c03c-4f47-ac1e-a627c789052e b46da8511aff429ea8f86f87f8368ddb 71d9fe7f191849ef980f49599a05dfe7 - - 22be479791c94fc49c4ebafcdba114dd 22be479791c94fc49c4ebafcdba114dd] 10.0.0.93 "GET /resource_providers/4100129b-c95e-49c8-8f1b-aecf45317428/aggregates" status: 404 len: 235 microversion: 1.1 [pid: 7|app: 0|req: 534/1065] 10.0.0.93 () {32 vars in 815 bytes} [Tue Jul 21 07:52:52 2026] GET /resource_providers/4100129b-c95e-49c8-8f1b-aecf45317428/aggregates => generated 235 bytes in 12 msecs (HTTP/1.1 404) 5 headers in 202 bytes (1 switches on core 0)
2026-07-21 07:52:52.363 7 INFO placement.requestlog [None req-a4aa65be-bdb4-43f9-a70f-c3de79d019f5 b46da8511aff429ea8f86f87f8368ddb 71d9fe7f191849ef980f49599a05dfe7 - - 22be479791c94fc49c4ebafcdba114dd 22be479791c94fc49c4ebafcdba114dd] 10.0.0.93 "DELETE /resource_providers/4100129b-c95e-49c8-8f1b-aecf45317428" status: 404 len: 246 microversion: 1.1 [pid: 7|app: 0|req: 535/1066] 10.0.0.93 () {34 vars in 815 bytes} [Tue Jul 21 07:52:52 2026] DELETE /resource_providers/4100129b-c95e-49c8-8f1b-aecf45317428 => generated 246 bytes in 11 msecs (HTTP/1.1 404) 6 headers in 231 bytes (1 switches on core 0)
2026-07-21 07:52:52.366 8 INFO placement.requestlog [None req-048f1c0d-dda8-44d0-bda1-64c64b25c805 b46da8511aff429ea8f86f87f8368ddb 71d9fe7f191849ef980f49599a05dfe7 - - 22be479791c94fc49c4ebafcdba114dd 22be479791c94fc49c4ebafcdba114dd] 10.0.0.93 "DELETE /resource_providers/4100129b-c95e-49c8-8f1b-aecf45317428" status: 404 len: 246 microversion: 1.1 [pid: 8|app: 0|req: 532/1067] 10.0.0.93 () {34 vars in 815 bytes} [Tue Jul 21 07:52:52 2026] DELETE /resource_providers/4100129b-c95e-49c8-8f1b-aecf45317428 => generated 246 bytes in 14 msecs (HTTP/1.1 404) 6 headers in 231 bytes (1 switches on core 0)
2026-07-21 07:52:53.051 7 INFO placement.requestlog [None req-6b9f7d94-e32d-4ad2-a9fa-1963b2245bfd b46da8511aff429ea8f86f87f8368ddb 71d9fe7f191849ef980f49599a05dfe7 - - 22be479791c94fc49c4ebafcdba114dd 22be479791c94fc49c4ebafcdba114dd] 10.0.0.93 "GET /resource_providers/e9ffd330-6f90-4ed1-a277-d78c79deb769/aggregates" status: 404 len: 235 microversion: 1.1 [pid: 7|app: 0|req: 536/1068] 10.0.0.93 () {32 vars in 815 bytes} [Tue Jul 21 07:52:53 2026] GET /resource_providers/e9ffd330-6f90-4ed1-a277-d78c79deb769/aggregates => generated 235 bytes in 14 msecs (HTTP/1.1 404) 5 headers in 202 bytes (1 switches on core 0)
2026-07-21 07:52:53.053 8 INFO placement.requestlog [None req-2aa9d894-208a-4778-9d53-3cf118dbfef6 b46da8511aff429ea8f86f87f8368ddb 71d9fe7f191849ef980f49599a05dfe7 - - 22be479791c94fc49c4ebafcdba114dd 22be479791c94fc49c4ebafcdba114dd] 10.0.0.93 "GET /resource_providers/e9ffd330-6f90-4ed1-a277-d78c79deb769/aggregates" status: 404 len: 235 microversion: 1.1 [pid: 8|app: 0|req: 533/1069] 10.0.0.93 () {32 vars in 815 bytes} [Tue Jul 21 07:52:53 2026] GET /resource_providers/e9ffd330-6f90-4ed1-a277-d78c79deb769/aggregates => generated 235 bytes in 15 msecs (HTTP/1.1 404) 5 headers in 202 bytes (1 switches on core 0)
2026-07-21 07:52:53.088 7 INFO placement.requestlog [None req-0ffe6a33-cd56-47ae-b9e1-536897f388f1 b46da8511aff429ea8f86f87f8368ddb 71d9fe7f191849ef980f49599a05dfe7 - - 22be479791c94fc49c4ebafcdba114dd 22be479791c94fc49c4ebafcdba114dd] 10.0.0.93 "DELETE /resource_providers/e9ffd330-6f90-4ed1-a277-d78c79deb769" status: 404 len: 246 microversion: 1.1 [pid: 7|app: 0|req: 537/1070] 10.0.0.93 () {34 vars in 815 bytes} [Tue Jul 21 07:52:53 2026] DELETE /resource_providers/e9ffd330-6f90-4ed1-a277-d78c79deb769 => generated 246 bytes in 12 msecs (HTTP/1.1 404) 6 headers in 231 bytes (1 switches on core 0)
2026-07-21 07:52:53.090 8 INFO placement.requestlog [None req-12cb850b-9163-48fe-ada7-c1506909a35c b46da8511aff429ea8f86f87f8368ddb 71d9fe7f191849ef980f49599a05dfe7 - - 22be479791c94fc49c4ebafcdba114dd 22be479791c94fc49c4ebafcdba114dd] 10.0.0.93 "DELETE /resource_providers/e9ffd330-6f90-4ed1-a277-d78c79deb769" status: 404 len: 246 microversion: 1.1 [pid: 8|app: 0|req: 534/1071] 10.0.0.93 () {34 vars in 815 bytes} [Tue Jul 21 07:52:53 2026] DELETE /resource_providers/e9ffd330-6f90-4ed1-a277-d78c79deb769 => generated 246 bytes in 10 msecs (HTTP/1.1 404) 6 headers in 231 bytes (1 switches on core 0)
2026-07-21 07:52:53.277 7 INFO placement.requestlog [req-a693c61e-d486-4900-aa63-0c8443cdb96c req-beab2bed-6c6e-4e35-a242-95f839cc0f88 a8c8ffd361b14009bb66c8761298da1a 71d9fe7f191849ef980f49599a05dfe7 - - 22be479791c94fc49c4ebafcdba114dd 22be479791c94fc49c4ebafcdba114dd] 199.204.45.205 "GET /resource_providers/3af08ab2-a265-4820-b020-fe94f5eda1e2/allocations" status: 200 len: 153 microversion: 1.0 [pid: 7|app: 0|req: 538/1072] 199.204.45.205 () {32 vars in 857 bytes} [Tue Jul 21 07:52:53 2026] GET /resource_providers/3af08ab2-a265-4820-b020-fe94f5eda1e2/allocations => generated 153 bytes in 27 msecs (HTTP/1.1 200) 6 headers in 224 bytes (1 switches on core 0)
2026-07-21 07:52:53.301 8 INFO placement.requestlog [req-a693c61e-d486-4900-aa63-0c8443cdb96c req-be3c9f5c-eb7a-4d57-9a0d-29a64ab584a1 a8c8ffd361b14009bb66c8761298da1a 71d9fe7f191849ef980f49599a05dfe7 - - 22be479791c94fc49c4ebafcdba114dd 22be479791c94fc49c4ebafcdba114dd] 199.204.45.205 "GET /allocations/539b844e-87c3-45af-915c-95da06f1a7ef" status: 200 len: 258 microversion: 1.28 [pid: 8|app: 0|req: 535/1073] 199.204.45.205 () {34 vars in 863 bytes} [Tue Jul 21 07:52:53 2026] GET /allocations/539b844e-87c3-45af-915c-95da06f1a7ef => generated 258 bytes in 14 msecs (HTTP/1.1 200) 8 headers in 296 bytes (1 switches on core 0)
2026-07-21 07:52:53.367 7 INFO placement.requestlog [req-a693c61e-d486-4900-aa63-0c8443cdb96c req-27c3b4a5-7163-4c91-ad3b-0690d083160b a8c8ffd361b14009bb66c8761298da1a 71d9fe7f191849ef980f49599a05dfe7 - - 22be479791c94fc49c4ebafcdba114dd 22be479791c94fc49c4ebafcdba114dd] 199.204.45.205 "DELETE /allocations/539b844e-87c3-45af-915c-95da06f1a7ef" status: 204 len: 0 microversion: 1.0 [pid: 7|app: 0|req: 539/1074] 199.204.45.205 () {34 vars in 841 bytes} [Tue Jul 21 07:52:53 2026] DELETE /allocations/539b844e-87c3-45af-915c-95da06f1a7ef => generated 0 bytes in 22 msecs (HTTP/1.1 204) 5 headers in 198 bytes (1 switches on core 0)
2026-07-21 07:52:56.998 7 INFO placement.requestlog [None req-66b4681b-5820-4c0e-8c9d-00b42190a94f b46da8511aff429ea8f86f87f8368ddb 71d9fe7f191849ef980f49599a05dfe7 - - 22be479791c94fc49c4ebafcdba114dd 22be479791c94fc49c4ebafcdba114dd] 10.0.0.93 "GET /resource_providers/4c9ad3b5-717b-4ccc-bdbc-6bdee0ef6932/aggregates" status: 404 len: 235 microversion: 1.1
2026-07-21 07:52:56.998 8 INFO placement.requestlog [None req-942824a2-fbc8-4022-843b-4970ecd033de b46da8511aff429ea8f86f87f8368ddb 71d9fe7f191849ef980f49599a05dfe7 - - 22be479791c94fc49c4ebafcdba114dd 22be479791c94fc49c4ebafcdba114dd] 10.0.0.93 "GET /resource_providers/4c9ad3b5-717b-4ccc-bdbc-6bdee0ef6932/aggregates" status: 404 len: 235 microversion: 1.1 [pid: 7|app: 0|req: 540/1075] 10.0.0.93 () {32 vars in 815 bytes} [Tue Jul 21 07:52:56 2026] GET /resource_providers/4c9ad3b5-717b-4ccc-bdbc-6bdee0ef6932/aggregates => generated 235 bytes in 11 msecs (HTTP/1.1 404) 5 headers in 202 bytes (1 switches on core 0) [pid: 8|app: 0|req: 536/1076] 10.0.0.93 () {32 vars in 815 bytes} [Tue Jul 21 07:52:56 2026] GET /resource_providers/4c9ad3b5-717b-4ccc-bdbc-6bdee0ef6932/aggregates => generated 235 bytes in 11 msecs (HTTP/1.1 404) 5 headers in 202 bytes (1 switches on core 0)
2026-07-21 07:52:57.017 7 INFO placement.requestlog [None req-bbeb4326-0345-42d8-b889-43c340a5e0f0 b46da8511aff429ea8f86f87f8368ddb 71d9fe7f191849ef980f49599a05dfe7 - - 22be479791c94fc49c4ebafcdba114dd 22be479791c94fc49c4ebafcdba114dd] 10.0.0.93 "DELETE /resource_providers/4c9ad3b5-717b-4ccc-bdbc-6bdee0ef6932" status: 404 len: 246 microversion: 1.1 [pid: 7|app: 0|req: 541/1077] 10.0.0.93 () {34 vars in 815 bytes} [Tue Jul 21 07:52:57 2026] DELETE /resource_providers/4c9ad3b5-717b-4ccc-bdbc-6bdee0ef6932 => generated 246 bytes in 6 msecs (HTTP/1.1 404) 6 headers in 231 bytes (1 switches on core 0)
2026-07-21 07:52:57.019 8 INFO placement.requestlog [None req-046e05d9-6c8f-4074-adc5-55d409d2961d b46da8511aff429ea8f86f87f8368ddb 71d9fe7f191849ef980f49599a05dfe7 - - 22be479791c94fc49c4ebafcdba114dd 22be479791c94fc49c4ebafcdba114dd] 10.0.0.93 "DELETE /resource_providers/4c9ad3b5-717b-4ccc-bdbc-6bdee0ef6932" status: 404 len: 246 microversion: 1.1 [pid: 8|app: 0|req: 537/1078] 10.0.0.93 () {34 vars in 815 bytes} [Tue Jul 21 07:52:57 2026] DELETE /resource_providers/4c9ad3b5-717b-4ccc-bdbc-6bdee0ef6932 => generated 246 bytes in 8 msecs (HTTP/1.1 404) 6 headers in 231 bytes (1 switches on core 0)
2026-07-21 07:52:57.665 7 INFO placement.requestlog [None req-f49ff5ae-c3a2-4f3f-97df-ae8aa6a55fb6 b46da8511aff429ea8f86f87f8368ddb 71d9fe7f191849ef980f49599a05dfe7 - - 22be479791c94fc49c4ebafcdba114dd 22be479791c94fc49c4ebafcdba114dd] 10.0.0.93 "GET /resource_providers/1f95ead4-81cc-4395-a90a-ca699707faca/aggregates" status: 404 len: 235 microversion: 1.1
2026-07-21 07:52:57.665 8 INFO placement.requestlog [None req-c8ef7876-19e0-4e3a-be63-899494933f77 b46da8511aff429ea8f86f87f8368ddb 71d9fe7f191849ef980f49599a05dfe7 - - 22be479791c94fc49c4ebafcdba114dd 22be479791c94fc49c4ebafcdba114dd] 10.0.0.93 "GET /resource_providers/1f95ead4-81cc-4395-a90a-ca699707faca/aggregates" status: 404 len: 235 microversion: 1.1 [pid: 7|app: 0|req: 542/1079] 10.0.0.93 () {32 vars in 815 bytes} [Tue Jul 21 07:52:57 2026] GET /resource_providers/1f95ead4-81cc-4395-a90a-ca699707faca/aggregates => generated 235 bytes in 12 msecs (HTTP/1.1 404) 5 headers in 202 bytes (1 switches on core 0) [pid: 8|app: 0|req: 538/1080] 10.0.0.93 () {32 vars in 815 bytes} [Tue Jul 21 07:52:57 2026] GET /resource_providers/1f95ead4-81cc-4395-a90a-ca699707faca/aggregates => generated 235 bytes in 12 msecs (HTTP/1.1 404) 5 headers in 202 bytes (1 switches on core 0)
2026-07-21 07:52:57.685 7 INFO placement.requestlog [None req-776e8f90-d667-495e-8214-faad0babb67d b46da8511aff429ea8f86f87f8368ddb 71d9fe7f191849ef980f49599a05dfe7 - - 22be479791c94fc49c4ebafcdba114dd 22be479791c94fc49c4ebafcdba114dd] 10.0.0.93 "DELETE /resource_providers/1f95ead4-81cc-4395-a90a-ca699707faca" status: 404 len: 246 microversion: 1.1 [pid: 7|app: 0|req: 543/1081] 10.0.0.93 () {34 vars in 815 bytes} [Tue Jul 21 07:52:57 2026] DELETE /resource_providers/1f95ead4-81cc-4395-a90a-ca699707faca => generated 246 bytes in 9 msecs (HTTP/1.1 404) 6 headers in 231 bytes (1 switches on core 0)
2026-07-21 07:52:57.688 8 INFO placement.requestlog [None req-f5e657d7-93df-4626-9867-fd2fab403102 b46da8511aff429ea8f86f87f8368ddb 71d9fe7f191849ef980f49599a05dfe7 - - 22be479791c94fc49c4ebafcdba114dd 22be479791c94fc49c4ebafcdba114dd] 10.0.0.93 "DELETE /resource_providers/1f95ead4-81cc-4395-a90a-ca699707faca" status: 404 len: 246 microversion: 1.1 [pid: 8|app: 0|req: 539/1082] 10.0.0.93 () {34 vars in 815 bytes} [Tue Jul 21 07:52:57 2026] DELETE /resource_providers/1f95ead4-81cc-4395-a90a-ca699707faca => generated 246 bytes in 12 msecs (HTTP/1.1 404) 6 headers in 231 bytes (1 switches on core 0)
2026-07-21 07:52:59.042 7 INFO placement.requestlog [None req-e089df56-fdaf-4a7b-a011-7e97c791c7cf b46da8511aff429ea8f86f87f8368ddb 71d9fe7f191849ef980f49599a05dfe7 - - 22be479791c94fc49c4ebafcdba114dd 22be479791c94fc49c4ebafcdba114dd] 10.0.0.93 "GET /resource_providers/fff28123-1dc0-4b86-8862-fb01c07f4320/aggregates" status: 404 len: 235 microversion: 1.1
2026-07-21 07:52:59.041 8 INFO placement.requestlog [None req-e8189103-bcaf-4a19-b04a-c5be818fc385 b46da8511aff429ea8f86f87f8368ddb 71d9fe7f191849ef980f49599a05dfe7 - - 22be479791c94fc49c4ebafcdba114dd 22be479791c94fc49c4ebafcdba114dd] 10.0.0.93 "GET /resource_providers/fff28123-1dc0-4b86-8862-fb01c07f4320/aggregates" status: 404 len: 235 microversion: 1.1 [pid: 7|app: 0|req: 544/1083] 10.0.0.93 () {32 vars in 815 bytes} [Tue Jul 21 07:52:59 2026] GET /resource_providers/fff28123-1dc0-4b86-8862-fb01c07f4320/aggregates => generated 235 bytes in 9 msecs (HTTP/1.1 404) 5 headers in 202 bytes (1 switches on core 0) [pid: 8|app: 0|req: 540/1084] 10.0.0.93 () {32 vars in 815 bytes} [Tue Jul 21 07:52:59 2026] GET /resource_providers/fff28123-1dc0-4b86-8862-fb01c07f4320/aggregates => generated 235 bytes in 10 msecs (HTTP/1.1 404) 5 headers in 202 bytes (1 switches on core 0)
2026-07-21 07:52:59.053 7 INFO placement.requestlog [None req-86c1b3f0-d036-4d57-b38a-c5d12c80d900 b46da8511aff429ea8f86f87f8368ddb 71d9fe7f191849ef980f49599a05dfe7 - - 22be479791c94fc49c4ebafcdba114dd 22be479791c94fc49c4ebafcdba114dd] 10.0.0.93 "DELETE /resource_providers/fff28123-1dc0-4b86-8862-fb01c07f4320" status: 404 len: 246 microversion: 1.1 [pid: 7|app: 0|req: 545/1085] 10.0.0.93 () {34 vars in 815 bytes} [Tue Jul 21 07:52:59 2026] DELETE /resource_providers/fff28123-1dc0-4b86-8862-fb01c07f4320 => generated 246 bytes in 6 msecs (HTTP/1.1 404) 6 headers in 231 bytes (1 switches on core 0)
2026-07-21 07:52:59.066 8 INFO placement.requestlog [None req-a1d362a7-bce4-499c-a751-30bc2db09196 b46da8511aff429ea8f86f87f8368ddb 71d9fe7f191849ef980f49599a05dfe7 - - 22be479791c94fc49c4ebafcdba114dd 22be479791c94fc49c4ebafcdba114dd] 10.0.0.93 "DELETE /resource_providers/fff28123-1dc0-4b86-8862-fb01c07f4320" status: 404 len: 246 microversion: 1.1 [pid: 8|app: 0|req: 541/1086] 10.0.0.93 () {34 vars in 815 bytes} [Tue Jul 21 07:52:59 2026] DELETE /resource_providers/fff28123-1dc0-4b86-8862-fb01c07f4320 => generated 246 bytes in 12 msecs (HTTP/1.1 404) 6 headers in 231 bytes (1 switches on core 0)
2026-07-21 07:53:00.115 7 INFO placement.requestlog [None req-77d3592f-470f-43e8-a553-ca44f2a54f03 - - - - - -] 10.0.0.163 "GET /" status: 200 len: 136 microversion: 1.0
2026-07-21 07:53:00.115 8 INFO placement.requestlog [None req-0ac492a5-d43d-4a5e-a638-93420d3b9f57 - - - - - -] 10.0.0.163 "GET /" status: 200 len: 136 microversion: 1.0
2026-07-21 07:53:00.701 8 INFO placement.requestlog [None req-6e9a71ac-8eab-4905-9d8c-630650fb7d66 b46da8511aff429ea8f86f87f8368ddb 71d9fe7f191849ef980f49599a05dfe7 - - 22be479791c94fc49c4ebafcdba114dd 22be479791c94fc49c4ebafcdba114dd] 10.0.0.93 "GET /resource_providers/fed64328-14a3-4ff9-b94e-e38a98e0d77b/aggregates" status: 404 len: 235 microversion: 1.1
2026-07-21 07:53:00.701 7 INFO placement.requestlog [None req-d6aac539-3ddb-4a1c-9951-44dec1cfeddd b46da8511aff429ea8f86f87f8368ddb 71d9fe7f191849ef980f49599a05dfe7 - - 22be479791c94fc49c4ebafcdba114dd 22be479791c94fc49c4ebafcdba114dd] 10.0.0.93 "GET /resource_providers/fed64328-14a3-4ff9-b94e-e38a98e0d77b/aggregates" status: 404 len: 235 microversion: 1.1 [pid: 8|app: 0|req: 543/1089] 10.0.0.93 () {32 vars in 815 bytes} [Tue Jul 21 07:53:00 2026] GET /resource_providers/fed64328-14a3-4ff9-b94e-e38a98e0d77b/aggregates => generated 235 bytes in 11 msecs (HTTP/1.1 404) 5 headers in 202 bytes (1 switches on core 0) [pid: 7|app: 0|req: 547/1090] 10.0.0.93 () {32 vars in 815 bytes} [Tue Jul 21 07:53:00 2026] GET /resource_providers/fed64328-14a3-4ff9-b94e-e38a98e0d77b/aggregates => generated 235 bytes in 12 msecs (HTTP/1.1 404) 5 headers in 202 bytes (1 switches on core 0)
2026-07-21 07:53:00.728 7 INFO placement.requestlog [None req-48b8e9fc-3c2d-4a9b-b0bd-bc6c9703da3f b46da8511aff429ea8f86f87f8368ddb 71d9fe7f191849ef980f49599a05dfe7 - - 22be479791c94fc49c4ebafcdba114dd 22be479791c94fc49c4ebafcdba114dd] 10.0.0.93 "DELETE /resource_providers/fed64328-14a3-4ff9-b94e-e38a98e0d77b" status: 404 len: 246 microversion: 1.1 [pid: 7|app: 0|req: 548/1091] 10.0.0.93 () {34 vars in 815 bytes} [Tue Jul 21 07:53:00 2026] DELETE /resource_providers/fed64328-14a3-4ff9-b94e-e38a98e0d77b => generated 246 bytes in 13 msecs (HTTP/1.1 404) 6 headers in 231 bytes (1 switches on core 0)
2026-07-21 07:53:00.729 8 INFO placement.requestlog [None req-2a6c17f8-c1dc-410f-b52b-eddc9cf17ac9 b46da8511aff429ea8f86f87f8368ddb 71d9fe7f191849ef980f49599a05dfe7 - - 22be479791c94fc49c4ebafcdba114dd 22be479791c94fc49c4ebafcdba114dd] 10.0.0.93 "DELETE /resource_providers/fed64328-14a3-4ff9-b94e-e38a98e0d77b" status: 404 len: 246 microversion: 1.1 [pid: 8|app: 0|req: 544/1092] 10.0.0.93 () {34 vars in 815 bytes} [Tue Jul 21 07:53:00 2026] DELETE /resource_providers/fed64328-14a3-4ff9-b94e-e38a98e0d77b => generated 246 bytes in 15 msecs (HTTP/1.1 404) 6 headers in 231 bytes (1 switches on core 0)
2026-07-21 07:53:01.237 8 INFO placement.requestlog [None req-e76b0764-b21f-499d-b153-7b9cdb00fc5e b46da8511aff429ea8f86f87f8368ddb 71d9fe7f191849ef980f49599a05dfe7 - - 22be479791c94fc49c4ebafcdba114dd 22be479791c94fc49c4ebafcdba114dd] 10.0.0.93 "GET /resource_providers/dc28e41b-8d26-46c9-8d12-898006d2c525/aggregates" status: 404 len: 235 microversion: 1.1 [pid: 8|app: 0|req: 545/1093] 10.0.0.93 () {32 vars in 815 bytes} [Tue Jul 21 07:53:01 2026] GET /resource_providers/dc28e41b-8d26-46c9-8d12-898006d2c525/aggregates => generated 235 bytes in 18 msecs (HTTP/1.1 404) 5 headers in 202 bytes (1 switches on core 0)
2026-07-21 07:53:01.236 7 INFO placement.requestlog [None req-ab08a1a0-c0b6-4221-af05-af5f0ba75b09 b46da8511aff429ea8f86f87f8368ddb 71d9fe7f191849ef980f49599a05dfe7 - - 22be479791c94fc49c4ebafcdba114dd 22be479791c94fc49c4ebafcdba114dd] 10.0.0.93 "GET /resource_providers/dc28e41b-8d26-46c9-8d12-898006d2c525/aggregates" status: 404 len: 235 microversion: 1.1 [pid: 7|app: 0|req: 549/1094] 10.0.0.93 () {32 vars in 815 bytes} [Tue Jul 21 07:53:01 2026] GET /resource_providers/dc28e41b-8d26-46c9-8d12-898006d2c525/aggregates => generated 235 bytes in 20 msecs (HTTP/1.1 404) 5 headers in 202 bytes (1 switches on core 0)
2026-07-21 07:53:01.271 8 INFO placement.requestlog [None req-228a8bbe-ad25-4dd7-98a2-3383bca8efd5 b46da8511aff429ea8f86f87f8368ddb 71d9fe7f191849ef980f49599a05dfe7 - - 22be479791c94fc49c4ebafcdba114dd 22be479791c94fc49c4ebafcdba114dd] 10.0.0.93 "DELETE /resource_providers/dc28e41b-8d26-46c9-8d12-898006d2c525" status: 404 len: 246 microversion: 1.1 [pid: 8|app: 0|req: 546/1095] 10.0.0.93 () {34 vars in 815 bytes} [Tue Jul 21 07:53:01 2026] DELETE /resource_providers/dc28e41b-8d26-46c9-8d12-898006d2c525 => generated 246 bytes in 24 msecs (HTTP/1.1 404) 6 headers in 231 bytes (1 switches on core 0)
2026-07-21 07:53:01.282 7 INFO placement.requestlog [None req-7aadf224-3f11-4bb3-97f3-9253033b4c62 b46da8511aff429ea8f86f87f8368ddb 71d9fe7f191849ef980f49599a05dfe7 - - 22be479791c94fc49c4ebafcdba114dd 22be479791c94fc49c4ebafcdba114dd] 10.0.0.93 "DELETE /resource_providers/dc28e41b-8d26-46c9-8d12-898006d2c525" status: 404 len: 246 microversion: 1.1 [pid: 7|app: 0|req: 550/1096] 10.0.0.93 () {34 vars in 815 bytes} [Tue Jul 21 07:53:01 2026] DELETE /resource_providers/dc28e41b-8d26-46c9-8d12-898006d2c525 => generated 246 bytes in 11 msecs (HTTP/1.1 404) 6 headers in 231 bytes (1 switches on core 0)
2026-07-21 07:53:01.297 8 INFO placement.requestlog [None req-db40cdb2-ddc9-4bf8-b123-737cc08e7b38 b46da8511aff429ea8f86f87f8368ddb 71d9fe7f191849ef980f49599a05dfe7 - - 22be479791c94fc49c4ebafcdba114dd 22be479791c94fc49c4ebafcdba114dd] 10.0.0.93 "GET /resource_providers/9338984b-49ea-43cf-af88-ba872e45b66d/aggregates" status: 404 len: 235 microversion: 1.1 [pid: 8|app: 0|req: 547/1097] 10.0.0.93 () {32 vars in 815 bytes} [Tue Jul 21 07:53:01 2026] GET /resource_providers/9338984b-49ea-43cf-af88-ba872e45b66d/aggregates => generated 235 bytes in 19 msecs (HTTP/1.1 404) 5 headers in 202 bytes (1 switches on core 0)
2026-07-21 07:53:01.311 7 INFO placement.requestlog [None req-74704c84-467a-4f40-a102-6757a2f55ad2 b46da8511aff429ea8f86f87f8368ddb 71d9fe7f191849ef980f49599a05dfe7 - - 22be479791c94fc49c4ebafcdba114dd 22be479791c94fc49c4ebafcdba114dd] 10.0.0.93 "GET /resource_providers/9338984b-49ea-43cf-af88-ba872e45b66d/aggregates" status: 404 len: 235 microversion: 1.1 [pid: 7|app: 0|req: 551/1098] 10.0.0.93 () {32 vars in 815 bytes} [Tue Jul 21 07:53:01 2026] GET /resource_providers/9338984b-49ea-43cf-af88-ba872e45b66d/aggregates => generated 235 bytes in 13 msecs (HTTP/1.1 404) 5 headers in 202 bytes (1 switches on core 0)
2026-07-21 07:53:01.314 8 INFO placement.requestlog [None req-e71384f0-4dab-4ddb-b277-c99b87ed7775 b46da8511aff429ea8f86f87f8368ddb 71d9fe7f191849ef980f49599a05dfe7 - - 22be479791c94fc49c4ebafcdba114dd 22be479791c94fc49c4ebafcdba114dd] 10.0.0.93 "DELETE /resource_providers/9338984b-49ea-43cf-af88-ba872e45b66d" status: 404 len: 246 microversion: 1.1 [pid: 8|app: 0|req: 548/1099] 10.0.0.93 () {34 vars in 815 bytes} [Tue Jul 21 07:53:01 2026] DELETE /resource_providers/9338984b-49ea-43cf-af88-ba872e45b66d => generated 246 bytes in 10 msecs (HTTP/1.1 404) 6 headers in 231 bytes (1 switches on core 0)
2026-07-21 07:53:01.329 7 INFO placement.requestlog [None req-938e17ab-c279-4074-b9b2-74a6402058b3 b46da8511aff429ea8f86f87f8368ddb 71d9fe7f191849ef980f49599a05dfe7 - - 22be479791c94fc49c4ebafcdba114dd 22be479791c94fc49c4ebafcdba114dd] 10.0.0.93 "DELETE /resource_providers/9338984b-49ea-43cf-af88-ba872e45b66d" status: 404 len: 246 microversion: 1.1 [pid: 7|app: 0|req: 552/1100] 10.0.0.93 () {34 vars in 815 bytes} [Tue Jul 21 07:53:01 2026] DELETE /resource_providers/9338984b-49ea-43cf-af88-ba872e45b66d => generated 246 bytes in 12 msecs (HTTP/1.1 404) 6 headers in 231 bytes (1 switches on core 0)
2026-07-21 07:53:02.796 7 INFO placement.requestlog [None req-d6fd38ca-d4c7-4380-899e-45edaaeefa5c b46da8511aff429ea8f86f87f8368ddb 71d9fe7f191849ef980f49599a05dfe7 - - 22be479791c94fc49c4ebafcdba114dd 22be479791c94fc49c4ebafcdba114dd] 10.0.0.93 "GET /resource_providers/292a1cc8-fcd6-48d4-8854-2ff10ff3046f/aggregates" status: 404 len: 235 microversion: 1.1 [pid: 7|app: 0|req: 553/1101] 10.0.0.93 () {32 vars in 815 bytes} [Tue Jul 21 07:53:02 2026] GET /resource_providers/292a1cc8-fcd6-48d4-8854-2ff10ff3046f/aggregates => generated 235 bytes in 12 msecs (HTTP/1.1 404) 5 headers in 202 bytes (1 switches on core 0)
2026-07-21 07:53:02.797 8 INFO placement.requestlog [None req-0d80c702-0b44-4f6a-86d9-33ca81533497 b46da8511aff429ea8f86f87f8368ddb 71d9fe7f191849ef980f49599a05dfe7 - - 22be479791c94fc49c4ebafcdba114dd 22be479791c94fc49c4ebafcdba114dd] 10.0.0.93 "GET /resource_providers/292a1cc8-fcd6-48d4-8854-2ff10ff3046f/aggregates" status: 404 len: 235 microversion: 1.1 [pid: 8|app: 0|req: 549/1102] 10.0.0.93 () {32 vars in 815 bytes} [Tue Jul 21 07:53:02 2026] GET /resource_providers/292a1cc8-fcd6-48d4-8854-2ff10ff3046f/aggregates => generated 235 bytes in 13 msecs (HTTP/1.1 404) 5 headers in 202 bytes (1 switches on core 0)
2026-07-21 07:53:02.811 7 INFO placement.requestlog [None req-8e9361f7-def1-4715-9663-cff8a5224ec6 b46da8511aff429ea8f86f87f8368ddb 71d9fe7f191849ef980f49599a05dfe7 - - 22be479791c94fc49c4ebafcdba114dd 22be479791c94fc49c4ebafcdba114dd] 10.0.0.93 "DELETE /resource_providers/292a1cc8-fcd6-48d4-8854-2ff10ff3046f" status: 404 len: 246 microversion: 1.1 [pid: 7|app: 0|req: 554/1103] 10.0.0.93 () {34 vars in 815 bytes} [Tue Jul 21 07:53:02 2026] DELETE /resource_providers/292a1cc8-fcd6-48d4-8854-2ff10ff3046f => generated 246 bytes in 9 msecs (HTTP/1.1 404) 6 headers in 231 bytes (1 switches on core 0)
2026-07-21 07:53:02.816 8 INFO placement.requestlog [None req-f4f786bf-feda-45db-a4e9-4676187a2e47 b46da8511aff429ea8f86f87f8368ddb 71d9fe7f191849ef980f49599a05dfe7 - - 22be479791c94fc49c4ebafcdba114dd 22be479791c94fc49c4ebafcdba114dd] 10.0.0.93 "DELETE /resource_providers/292a1cc8-fcd6-48d4-8854-2ff10ff3046f" status: 404 len: 246 microversion: 1.1 [pid: 8|app: 0|req: 550/1104] 10.0.0.93 () {34 vars in 815 bytes} [Tue Jul 21 07:53:02 2026] DELETE /resource_providers/292a1cc8-fcd6-48d4-8854-2ff10ff3046f => generated 246 bytes in 10 msecs (HTTP/1.1 404) 6 headers in 231 bytes (1 switches on core 0)
2026-07-21 07:53:05.465 7 INFO placement.requestlog [None req-b7f23140-a4d3-43e8-9c69-725f71008d4d b46da8511aff429ea8f86f87f8368ddb 71d9fe7f191849ef980f49599a05dfe7 - - 22be479791c94fc49c4ebafcdba114dd 22be479791c94fc49c4ebafcdba114dd] 10.0.0.93 "GET /resource_providers/a1a409ca-f57d-4c3d-a596-6421ca4f9d9d/aggregates" status: 404 len: 235 microversion: 1.1
2026-07-21 07:53:05.465 8 INFO placement.requestlog [None req-86ab6eed-90ee-4303-8405-7c0d8d98c986 b46da8511aff429ea8f86f87f8368ddb 71d9fe7f191849ef980f49599a05dfe7 - - 22be479791c94fc49c4ebafcdba114dd 22be479791c94fc49c4ebafcdba114dd] 10.0.0.93 "GET /resource_providers/a1a409ca-f57d-4c3d-a596-6421ca4f9d9d/aggregates" status: 404 len: 235 microversion: 1.1 [pid: 7|app: 0|req: 555/1105] 10.0.0.93 () {32 vars in 815 bytes} [Tue Jul 21 07:53:05 2026] GET /resource_providers/a1a409ca-f57d-4c3d-a596-6421ca4f9d9d/aggregates => generated 235 bytes in 14 msecs (HTTP/1.1 404) 5 headers in 202 bytes (1 switches on core 0) [pid: 8|app: 0|req: 551/1106] 10.0.0.93 () {32 vars in 815 bytes} [Tue Jul 21 07:53:05 2026] GET /resource_providers/a1a409ca-f57d-4c3d-a596-6421ca4f9d9d/aggregates => generated 235 bytes in 14 msecs (HTTP/1.1 404) 5 headers in 202 bytes (1 switches on core 0)
2026-07-21 07:53:05.482 7 INFO placement.requestlog [None req-48779d0d-e110-4b97-9a28-78d6c3d7b616 b46da8511aff429ea8f86f87f8368ddb 71d9fe7f191849ef980f49599a05dfe7 - - 22be479791c94fc49c4ebafcdba114dd 22be479791c94fc49c4ebafcdba114dd] 10.0.0.93 "DELETE /resource_providers/a1a409ca-f57d-4c3d-a596-6421ca4f9d9d" status: 404 len: 246 microversion: 1.1 [pid: 7|app: 0|req: 556/1107] 10.0.0.93 () {34 vars in 815 bytes} [Tue Jul 21 07:53:05 2026] DELETE /resource_providers/a1a409ca-f57d-4c3d-a596-6421ca4f9d9d => generated 246 bytes in 10 msecs (HTTP/1.1 404) 6 headers in 231 bytes (1 switches on core 0)
2026-07-21 07:53:05.487 8 INFO placement.requestlog [None req-bd152463-4357-41d7-8c1a-0f473401ea3e b46da8511aff429ea8f86f87f8368ddb 71d9fe7f191849ef980f49599a05dfe7 - - 22be479791c94fc49c4ebafcdba114dd 22be479791c94fc49c4ebafcdba114dd] 10.0.0.93 "DELETE /resource_providers/a1a409ca-f57d-4c3d-a596-6421ca4f9d9d" status: 404 len: 246 microversion: 1.1 [pid: 8|app: 0|req: 552/1108] 10.0.0.93 () {34 vars in 815 bytes} [Tue Jul 21 07:53:05 2026] DELETE /resource_providers/a1a409ca-f57d-4c3d-a596-6421ca4f9d9d => generated 246 bytes in 10 msecs (HTTP/1.1 404) 6 headers in 231 bytes (1 switches on core 0)
2026-07-21 07:53:10.116 7 INFO placement.requestlog [None req-f91d1044-bc9e-46f4-bddc-33711b91b2be - - - - - -] 10.0.0.163 "GET /" status: 200 len: 136 microversion: 1.0
2026-07-21 07:53:10.116 8 INFO placement.requestlog [None req-d6317578-977b-46cb-8a38-178e0fe50dde - - - - - -] 10.0.0.163 "GET /" status: 200 len: 136 microversion: 1.0
2026-07-21 07:53:11.678 7 INFO placement.requestlog [None req-3109a481-792e-49c4-a373-fa97033d1a0d b46da8511aff429ea8f86f87f8368ddb 71d9fe7f191849ef980f49599a05dfe7 - - 22be479791c94fc49c4ebafcdba114dd 22be479791c94fc49c4ebafcdba114dd] 10.0.0.93 "GET /resource_providers/12a0b0c0-4bca-4006-8373-939f81ab29ef/aggregates" status: 404 len: 235 microversion: 1.1 [pid: 7|app: 0|req: 558/1111] 10.0.0.93 () {32 vars in 815 bytes} [Tue Jul 21 07:53:11 2026] GET /resource_providers/12a0b0c0-4bca-4006-8373-939f81ab29ef/aggregates => generated 235 bytes in 16 msecs (HTTP/1.1 404) 5 headers in 202 bytes (1 switches on core 0)
2026-07-21 07:53:11.681 8 INFO placement.requestlog [None req-c0272c75-ff44-4e0c-b330-7d04e7e44faf b46da8511aff429ea8f86f87f8368ddb 71d9fe7f191849ef980f49599a05dfe7 - - 22be479791c94fc49c4ebafcdba114dd 22be479791c94fc49c4ebafcdba114dd] 10.0.0.93 "GET /resource_providers/12a0b0c0-4bca-4006-8373-939f81ab29ef/aggregates" status: 404 len: 235 microversion: 1.1 [pid: 8|app: 0|req: 554/1112] 10.0.0.93 () {32 vars in 815 bytes} [Tue Jul 21 07:53:11 2026] GET /resource_providers/12a0b0c0-4bca-4006-8373-939f81ab29ef/aggregates => generated 235 bytes in 21 msecs (HTTP/1.1 404) 5 headers in 202 bytes (1 switches on core 0)
2026-07-21 07:53:11.707 7 INFO placement.requestlog [None req-697fc25d-e3f1-4028-bbf4-7ad57d84e06a b46da8511aff429ea8f86f87f8368ddb 71d9fe7f191849ef980f49599a05dfe7 - - 22be479791c94fc49c4ebafcdba114dd 22be479791c94fc49c4ebafcdba114dd] 10.0.0.93 "DELETE /resource_providers/12a0b0c0-4bca-4006-8373-939f81ab29ef" status: 404 len: 246 microversion: 1.1
2026-07-21 07:53:11.708 8 INFO placement.requestlog [None req-20e99f15-d827-4c65-9a4f-f58707d02b3e b46da8511aff429ea8f86f87f8368ddb 71d9fe7f191849ef980f49599a05dfe7 - - 22be479791c94fc49c4ebafcdba114dd 22be479791c94fc49c4ebafcdba114dd] 10.0.0.93 "DELETE /resource_providers/12a0b0c0-4bca-4006-8373-939f81ab29ef" status: 404 len: 246 microversion: 1.1 [pid: 8|app: 0|req: 555/1113] 10.0.0.93 () {34 vars in 815 bytes} [Tue Jul 21 07:53:11 2026] DELETE /resource_providers/12a0b0c0-4bca-4006-8373-939f81ab29ef => generated 246 bytes in 14 msecs (HTTP/1.1 404) 6 headers in 231 bytes (1 switches on core 0) [pid: 7|app: 0|req: 559/1114] 10.0.0.93 () {34 vars in 815 bytes} [Tue Jul 21 07:53:11 2026] DELETE /resource_providers/12a0b0c0-4bca-4006-8373-939f81ab29ef => generated 246 bytes in 15 msecs (HTTP/1.1 404) 6 headers in 231 bytes (1 switches on core 0)
2026-07-21 07:53:14.076 8 INFO placement.requestlog [req-7a88366c-56aa-45a6-8d5d-bfb3219f4770 req-c6f9353d-0a99-48a8-bebe-c7629d00988d a8c8ffd361b14009bb66c8761298da1a 71d9fe7f191849ef980f49599a05dfe7 - - 22be479791c94fc49c4ebafcdba114dd 22be479791c94fc49c4ebafcdba114dd] 10.0.0.72 "GET /allocation_candidates?limit=1000&resources=DISK_GB%3A1%2CMEMORY_MB%3A512%2CVCPU%3A1&root_required=%21COMPUTE_STATUS_DISABLED" status: 200 len: 2147 microversion: 1.36 [pid: 8|app: 0|req: 556/1115] 10.0.0.72 () {34 vars in 1011 bytes} [Tue Jul 21 07:53:14 2026] GET /allocation_candidates?limit=1000&resources=DISK_GB%3A1%2CMEMORY_MB%3A512%2CVCPU%3A1&root_required=%21COMPUTE_STATUS_DISABLED => generated 2147 bytes in 54 msecs (HTTP/1.1 200) 8 headers in 297 bytes (1 switches on core 0)
2026-07-21 07:53:14.105 7 INFO placement.requestlog [req-7a88366c-56aa-45a6-8d5d-bfb3219f4770 req-435428a2-177f-4db1-817a-d4f09abf0941 a8c8ffd361b14009bb66c8761298da1a 71d9fe7f191849ef980f49599a05dfe7 - - 22be479791c94fc49c4ebafcdba114dd 22be479791c94fc49c4ebafcdba114dd] 10.0.0.72 "GET /allocations/2245d4f8-4474-4ac4-929d-cdaa754dfdf1" status: 200 len: 19 microversion: 1.28 [pid: 7|app: 0|req: 560/1116] 10.0.0.72 () {34 vars in 860 bytes} [Tue Jul 21 07:53:14 2026] GET /allocations/2245d4f8-4474-4ac4-929d-cdaa754dfdf1 => generated 19 bytes in 9 msecs (HTTP/1.1 200) 8 headers in 295 bytes (1 switches on core 0)
2026-07-21 07:53:14.221 8 INFO placement.requestlog [req-7a88366c-56aa-45a6-8d5d-bfb3219f4770 req-a372dbc2-cb4f-41d8-9db4-923914d356c9 a8c8ffd361b14009bb66c8761298da1a 71d9fe7f191849ef980f49599a05dfe7 - - 22be479791c94fc49c4ebafcdba114dd 22be479791c94fc49c4ebafcdba114dd] 10.0.0.72 "PUT /allocations/2245d4f8-4474-4ac4-929d-cdaa754dfdf1" status: 204 len: 0 microversion: 1.36 [pid: 8|app: 0|req: 557/1117] 10.0.0.72 () {38 vars in 913 bytes} [Tue Jul 21 07:53:14 2026] PUT /allocations/2245d4f8-4474-4ac4-929d-cdaa754dfdf1 => generated 0 bytes in 103 msecs (HTTP/1.1 204) 5 headers in 199 bytes (1 switches on core 0)
2026-07-21 07:53:14.483 7 INFO placement.requestlog [req-7a88366c-56aa-45a6-8d5d-bfb3219f4770 req-d6999717-f857-47cb-98c9-3b2d53f574be a8c8ffd361b14009bb66c8761298da1a 71d9fe7f191849ef980f49599a05dfe7 - - 22be479791c94fc49c4ebafcdba114dd 22be479791c94fc49c4ebafcdba114dd] 199.204.45.205 "GET /allocations/2245d4f8-4474-4ac4-929d-cdaa754dfdf1" status: 200 len: 258 microversion: 1.28 [pid: 7|app: 0|req: 561/1118] 199.204.45.205 () {34 vars in 863 bytes} [Tue Jul 21 07:53:14 2026] GET /allocations/2245d4f8-4474-4ac4-929d-cdaa754dfdf1 => generated 258 bytes in 18 msecs (HTTP/1.1 200) 8 headers in 296 bytes (1 switches on core 0)
2026-07-21 07:53:14.603 8 INFO placement.requestlog [req-7a88366c-56aa-45a6-8d5d-bfb3219f4770 req-e5fbf8b5-b6d9-4f80-8716-581306990044 a8c8ffd361b14009bb66c8761298da1a 71d9fe7f191849ef980f49599a05dfe7 - - 22be479791c94fc49c4ebafcdba114dd 22be479791c94fc49c4ebafcdba114dd] 199.204.45.205 "GET /resource_providers/3af08ab2-a265-4820-b020-fe94f5eda1e2/allocations" status: 200 len: 153 microversion: 1.0 [pid: 8|app: 0|req: 558/1119] 199.204.45.205 () {32 vars in 857 bytes} [Tue Jul 21 07:53:14 2026] GET /resource_providers/3af08ab2-a265-4820-b020-fe94f5eda1e2/allocations => generated 153 bytes in 17 msecs (HTTP/1.1 200) 6 headers in 224 bytes (1 switches on core 0)
2026-07-21 07:53:14.624 7 INFO placement.requestlog [req-7a88366c-56aa-45a6-8d5d-bfb3219f4770 req-2f4e9460-4663-4615-9c08-54136730b17c a8c8ffd361b14009bb66c8761298da1a 71d9fe7f191849ef980f49599a05dfe7 - - 22be479791c94fc49c4ebafcdba114dd 22be479791c94fc49c4ebafcdba114dd] 199.204.45.205 "GET /allocations/2245d4f8-4474-4ac4-929d-cdaa754dfdf1" status: 200 len: 258 microversion: 1.28 [pid: 7|app: 0|req: 562/1120] 199.204.45.205 () {34 vars in 863 bytes} [Tue Jul 21 07:53:14 2026] GET /allocations/2245d4f8-4474-4ac4-929d-cdaa754dfdf1 => generated 258 bytes in 13 msecs (HTTP/1.1 200) 8 headers in 296 bytes (1 switches on core 0)
2026-07-21 07:53:18.787 8 INFO placement.requestlog [None req-b4ce0a9d-518f-44ba-bb34-ef8fd3f62c0a b46da8511aff429ea8f86f87f8368ddb 71d9fe7f191849ef980f49599a05dfe7 - - 22be479791c94fc49c4ebafcdba114dd 22be479791c94fc49c4ebafcdba114dd] 10.0.0.93 "GET /resource_providers/f27af03a-9b1c-42e8-8f11-46909179bb67/aggregates" status: 404 len: 235 microversion: 1.1 [pid: 8|app: 0|req: 559/1121] 10.0.0.93 () {32 vars in 815 bytes} [Tue Jul 21 07:53:18 2026] GET /resource_providers/f27af03a-9b1c-42e8-8f11-46909179bb67/aggregates => generated 235 bytes in 12 msecs (HTTP/1.1 404) 5 headers in 202 bytes (1 switches on core 0)
2026-07-21 07:53:18.794 7 INFO placement.requestlog [None req-2999a80d-aec2-4950-a60c-b7d0f55b056b b46da8511aff429ea8f86f87f8368ddb 71d9fe7f191849ef980f49599a05dfe7 - - 22be479791c94fc49c4ebafcdba114dd 22be479791c94fc49c4ebafcdba114dd] 10.0.0.93 "GET /resource_providers/f27af03a-9b1c-42e8-8f11-46909179bb67/aggregates" status: 404 len: 235 microversion: 1.1 [pid: 7|app: 0|req: 563/1122] 10.0.0.93 () {32 vars in 815 bytes} [Tue Jul 21 07:53:18 2026] GET /resource_providers/f27af03a-9b1c-42e8-8f11-46909179bb67/aggregates => generated 235 bytes in 15 msecs (HTTP/1.1 404) 5 headers in 202 bytes (1 switches on core 0)
2026-07-21 07:53:18.819 8 INFO placement.requestlog [None req-5b0f3492-5f65-4efa-9bc2-ae702ff7f0dc b46da8511aff429ea8f86f87f8368ddb 71d9fe7f191849ef980f49599a05dfe7 - - 22be479791c94fc49c4ebafcdba114dd 22be479791c94fc49c4ebafcdba114dd] 10.0.0.93 "DELETE /resource_providers/f27af03a-9b1c-42e8-8f11-46909179bb67" status: 404 len: 246 microversion: 1.1 [pid: 8|app: 0|req: 560/1123] 10.0.0.93 () {34 vars in 815 bytes} [Tue Jul 21 07:53:18 2026] DELETE /resource_providers/f27af03a-9b1c-42e8-8f11-46909179bb67 => generated 246 bytes in 12 msecs (HTTP/1.1 404) 6 headers in 231 bytes (1 switches on core 0)
2026-07-21 07:53:18.822 7 INFO placement.requestlog [None req-f4303954-a098-440b-8b30-9cbdd314a414 b46da8511aff429ea8f86f87f8368ddb 71d9fe7f191849ef980f49599a05dfe7 - - 22be479791c94fc49c4ebafcdba114dd 22be479791c94fc49c4ebafcdba114dd] 10.0.0.93 "DELETE /resource_providers/f27af03a-9b1c-42e8-8f11-46909179bb67" status: 404 len: 246 microversion: 1.1 [pid: 7|app: 0|req: 564/1124] 10.0.0.93 () {34 vars in 815 bytes} [Tue Jul 21 07:53:18 2026] DELETE /resource_providers/f27af03a-9b1c-42e8-8f11-46909179bb67 => generated 246 bytes in 13 msecs (HTTP/1.1 404) 6 headers in 231 bytes (1 switches on core 0)
2026-07-21 07:53:20.117 8 INFO placement.requestlog [None req-170feeba-41ec-4c90-bfec-73d9e3888e63 - - - - - -] 10.0.0.163 "GET /" status: 200 len: 136 microversion: 1.0
2026-07-21 07:53:20.117 7 INFO placement.requestlog [None req-79620fe1-5144-4004-8cae-9ed680f0030a - - - - - -] 10.0.0.163 "GET /" status: 200 len: 136 microversion: 1.0
