2026-07-21 07:51:16.489 8 INFO placement.requestlog [None req-519112c8-4b0c-4c86-8d4e-308a2cccd637 b46da8511aff429ea8f86f87f8368ddb 71d9fe7f191849ef980f49599a05dfe7 - - 22be479791c94fc49c4ebafcdba114dd 22be479791c94fc49c4ebafcdba114dd] 10.0.0.93 "GET /resource_providers/aac11c48-7850-4854-baaf-c96588318fe3/aggregates" status: 404 len: 235 microversion: 1.1 [pid: 8|app: 0|req: 392/787] 10.0.0.93 () {32 vars in 815 bytes} [Tue Jul 21 07:51:16 2026] GET /resource_providers/aac11c48-7850-4854-baaf-c96588318fe3/aggregates => generated 235 bytes in 20 msecs (HTTP/1.1 404) 5 headers in 202 bytes (1 switches on core 0)
2026-07-21 07:51:16.503 7 INFO placement.requestlog [None req-1772e50d-76d2-4c33-8c3b-6551a25c8904 b46da8511aff429ea8f86f87f8368ddb 71d9fe7f191849ef980f49599a05dfe7 - - 22be479791c94fc49c4ebafcdba114dd 22be479791c94fc49c4ebafcdba114dd] 10.0.0.93 "DELETE /resource_providers/aac11c48-7850-4854-baaf-c96588318fe3" status: 404 len: 246 microversion: 1.1 [pid: 7|app: 0|req: 396/788] 10.0.0.93 () {34 vars in 815 bytes} [Tue Jul 21 07:51:16 2026] DELETE /resource_providers/aac11c48-7850-4854-baaf-c96588318fe3 => generated 246 bytes in 10 msecs (HTTP/1.1 404) 6 headers in 231 bytes (1 switches on core 0)
2026-07-21 07:51:16.507 8 INFO placement.requestlog [None req-3aa2d839-2dfd-4e70-9e49-9282c8c136f6 b46da8511aff429ea8f86f87f8368ddb 71d9fe7f191849ef980f49599a05dfe7 - - 22be479791c94fc49c4ebafcdba114dd 22be479791c94fc49c4ebafcdba114dd] 10.0.0.93 "DELETE /resource_providers/aac11c48-7850-4854-baaf-c96588318fe3" status: 404 len: 246 microversion: 1.1 [pid: 8|app: 0|req: 393/789] 10.0.0.93 () {34 vars in 815 bytes} [Tue Jul 21 07:51:16 2026] DELETE /resource_providers/aac11c48-7850-4854-baaf-c96588318fe3 => generated 246 bytes in 10 msecs (HTTP/1.1 404) 6 headers in 231 bytes (1 switches on core 0)
2026-07-21 07:51:18.234 7 INFO placement.requestlog [req-fb69f6ee-f52e-40d0-a955-c83adbc4cbb7 req-2fb6e182-8e5c-489f-9ce7-30469fe0832f a8c8ffd361b14009bb66c8761298da1a 71d9fe7f191849ef980f49599a05dfe7 - - 22be479791c94fc49c4ebafcdba114dd 22be479791c94fc49c4ebafcdba114dd] 199.204.45.205 "GET /resource_providers/3af08ab2-a265-4820-b020-fe94f5eda1e2/allocations" status: 200 len: 54 microversion: 1.0 [pid: 7|app: 0|req: 397/790] 199.204.45.205 () {32 vars in 857 bytes} [Tue Jul 21 07:51:18 2026] GET /resource_providers/3af08ab2-a265-4820-b020-fe94f5eda1e2/allocations => generated 54 bytes in 17 msecs (HTTP/1.1 200) 6 headers in 223 bytes (1 switches on core 0)
2026-07-21 07:51:18.272 8 INFO placement.requestlog [req-fb69f6ee-f52e-40d0-a955-c83adbc4cbb7 req-7932cd6d-782a-4311-bd16-b6369ea57eea a8c8ffd361b14009bb66c8761298da1a 71d9fe7f191849ef980f49599a05dfe7 - - 22be479791c94fc49c4ebafcdba114dd 22be479791c94fc49c4ebafcdba114dd] 199.204.45.205 "GET /resource_providers?in_tree=3af08ab2-a265-4820-b020-fe94f5eda1e2" status: 200 len: 797 microversion: 1.14 [pid: 8|app: 0|req: 394/791] 199.204.45.205 () {34 vars in 892 bytes} [Tue Jul 21 07:51:18 2026] GET /resource_providers?in_tree=3af08ab2-a265-4820-b020-fe94f5eda1e2 => generated 797 bytes in 35 msecs (HTTP/1.1 200) 6 headers in 225 bytes (1 switches on core 0)
2026-07-21 07:51:18.303 7 INFO placement.requestlog [req-fb69f6ee-f52e-40d0-a955-c83adbc4cbb7 req-add5d6ea-6892-42a9-896f-fd270502bf4c a8c8ffd361b14009bb66c8761298da1a 71d9fe7f191849ef980f49599a05dfe7 - - 22be479791c94fc49c4ebafcdba114dd 22be479791c94fc49c4ebafcdba114dd] 199.204.45.205 "GET /resource_providers/3af08ab2-a265-4820-b020-fe94f5eda1e2/inventories" status: 200 len: 400 microversion: 1.0 [pid: 7|app: 0|req: 398/792] 199.204.45.205 () {32 vars in 857 bytes} [Tue Jul 21 07:51:18 2026] GET /resource_providers/3af08ab2-a265-4820-b020-fe94f5eda1e2/inventories => generated 400 bytes in 19 msecs (HTTP/1.1 200) 6 headers in 224 bytes (1 switches on core 0)
2026-07-21 07:51:18.323 8 INFO placement.requestlog [req-fb69f6ee-f52e-40d0-a955-c83adbc4cbb7 req-d78133db-6165-46f0-b337-e52a37114ae1 a8c8ffd361b14009bb66c8761298da1a 71d9fe7f191849ef980f49599a05dfe7 - - 22be479791c94fc49c4ebafcdba114dd 22be479791c94fc49c4ebafcdba114dd] 199.204.45.205 "GET /resource_providers/3af08ab2-a265-4820-b020-fe94f5eda1e2/aggregates" status: 200 len: 53 microversion: 1.19 [pid: 8|app: 0|req: 395/793] 199.204.45.205 () {34 vars in 899 bytes} [Tue Jul 21 07:51:18 2026] GET /resource_providers/3af08ab2-a265-4820-b020-fe94f5eda1e2/aggregates => generated 53 bytes in 10 msecs (HTTP/1.1 200) 8 headers in 295 bytes (1 switches on core 0)
2026-07-21 07:51:18.361 7 INFO placement.requestlog [req-fb69f6ee-f52e-40d0-a955-c83adbc4cbb7 req-a9248d45-7e55-4a94-9dc9-840135ab0dcc a8c8ffd361b14009bb66c8761298da1a 71d9fe7f191849ef980f49599a05dfe7 - - 22be479791c94fc49c4ebafcdba114dd 22be479791c94fc49c4ebafcdba114dd] 199.204.45.205 "GET /resource_providers/3af08ab2-a265-4820-b020-fe94f5eda1e2/traits" status: 200 len: 1682 microversion: 1.6 [pid: 7|app: 0|req: 399/794] 199.204.45.205 () {34 vars in 890 bytes} [Tue Jul 21 07:51:18 2026] GET /resource_providers/3af08ab2-a265-4820-b020-fe94f5eda1e2/traits => generated 1682 bytes in 28 msecs (HTTP/1.1 200) 6 headers in 225 bytes (1 switches on core 0)
2026-07-21 07:51:18.381 8 INFO placement.requestlog [req-fb69f6ee-f52e-40d0-a955-c83adbc4cbb7 req-6aec7d17-03d8-49ac-82cd-265175434674 a8c8ffd361b14009bb66c8761298da1a 71d9fe7f191849ef980f49599a05dfe7 - - 22be479791c94fc49c4ebafcdba114dd 22be479791c94fc49c4ebafcdba114dd] 199.204.45.205 "GET /resource_providers/3af08ab2-a265-4820-b020-fe94f5eda1e2/allocations" status: 200 len: 54 microversion: 1.0 [pid: 8|app: 0|req: 396/795] 199.204.45.205 () {32 vars in 857 bytes} [Tue Jul 21 07:51:18 2026] GET /resource_providers/3af08ab2-a265-4820-b020-fe94f5eda1e2/allocations => generated 54 bytes in 12 msecs (HTTP/1.1 200) 6 headers in 223 bytes (1 switches on core 0)
2026-07-21 07:51:18.524 7 INFO placement.requestlog [None req-a0b270e9-f9fd-47fe-a38f-f83cb4b8f6f1 b46da8511aff429ea8f86f87f8368ddb 71d9fe7f191849ef980f49599a05dfe7 - - 22be479791c94fc49c4ebafcdba114dd 22be479791c94fc49c4ebafcdba114dd] 10.0.0.93 "GET /resource_providers/473dbefc-851f-4ba5-a8fd-79eb4d94574f/aggregates" status: 404 len: 235 microversion: 1.1 [pid: 7|app: 0|req: 400/796] 10.0.0.93 () {32 vars in 815 bytes} [Tue Jul 21 07:51:18 2026] GET /resource_providers/473dbefc-851f-4ba5-a8fd-79eb4d94574f/aggregates => generated 235 bytes in 13 msecs (HTTP/1.1 404) 5 headers in 202 bytes (1 switches on core 0)
2026-07-21 07:51:18.532 8 INFO placement.requestlog [None req-ba06ce1d-b114-4a28-a5e2-76a3747f08c0 b46da8511aff429ea8f86f87f8368ddb 71d9fe7f191849ef980f49599a05dfe7 - - 22be479791c94fc49c4ebafcdba114dd 22be479791c94fc49c4ebafcdba114dd] 10.0.0.93 "GET /resource_providers/473dbefc-851f-4ba5-a8fd-79eb4d94574f/aggregates" status: 404 len: 235 microversion: 1.1 [pid: 8|app: 0|req: 397/797] 10.0.0.93 () {32 vars in 815 bytes} [Tue Jul 21 07:51:18 2026] GET /resource_providers/473dbefc-851f-4ba5-a8fd-79eb4d94574f/aggregates => generated 235 bytes in 13 msecs (HTTP/1.1 404) 5 headers in 202 bytes (1 switches on core 0)
2026-07-21 07:51:18.547 7 INFO placement.requestlog [None req-1b63787c-29f8-4d03-b901-8bf3e7acbbca b46da8511aff429ea8f86f87f8368ddb 71d9fe7f191849ef980f49599a05dfe7 - - 22be479791c94fc49c4ebafcdba114dd 22be479791c94fc49c4ebafcdba114dd] 10.0.0.93 "DELETE /resource_providers/473dbefc-851f-4ba5-a8fd-79eb4d94574f" status: 404 len: 246 microversion: 1.1 [pid: 7|app: 0|req: 401/798] 10.0.0.93 () {34 vars in 815 bytes} [Tue Jul 21 07:51:18 2026] DELETE /resource_providers/473dbefc-851f-4ba5-a8fd-79eb4d94574f => generated 246 bytes in 16 msecs (HTTP/1.1 404) 6 headers in 231 bytes (1 switches on core 0)
2026-07-21 07:51:18.553 8 INFO placement.requestlog [None req-994fd5f8-1324-472a-8788-d3270e628697 b46da8511aff429ea8f86f87f8368ddb 71d9fe7f191849ef980f49599a05dfe7 - - 22be479791c94fc49c4ebafcdba114dd 22be479791c94fc49c4ebafcdba114dd] 10.0.0.93 "DELETE /resource_providers/473dbefc-851f-4ba5-a8fd-79eb4d94574f" status: 404 len: 246 microversion: 1.1 [pid: 8|app: 0|req: 398/799] 10.0.0.93 () {34 vars in 815 bytes} [Tue Jul 21 07:51:18 2026] DELETE /resource_providers/473dbefc-851f-4ba5-a8fd-79eb4d94574f => generated 246 bytes in 12 msecs (HTTP/1.1 404) 6 headers in 231 bytes (1 switches on core 0)
2026-07-21 07:51:20.115 7 INFO placement.requestlog [None req-b5ed4728-8ca3-46dd-a4f5-4a841e5c4ba9 - - - - - -] 10.0.0.163 "GET /" status: 200 len: 136 microversion: 1.0
2026-07-21 07:51:20.115 8 INFO placement.requestlog [None req-1928b241-a6cf-4bb2-9caa-c0360ae96cb6 - - - - - -] 10.0.0.163 "GET /" status: 200 len: 136 microversion: 1.0
2026-07-21 07:51:23.409 7 INFO placement.requestlog [req-4fcec1db-1c5a-4e5d-8a0d-a0b2163af223 req-d59ea26b-2725-44d5-934b-2c5dd10b9684 a8c8ffd361b14009bb66c8761298da1a 71d9fe7f191849ef980f49599a05dfe7 - - 22be479791c94fc49c4ebafcdba114dd 22be479791c94fc49c4ebafcdba114dd] 10.0.0.72 "GET /allocation_candidates?limit=1000&resources=DISK_GB%3A1%2CMEMORY_MB%3A512%2CVCPU%3A1&root_required=%21COMPUTE_STATUS_DISABLED" status: 200 len: 2147 microversion: 1.36 [pid: 7|app: 0|req: 403/802] 10.0.0.72 () {34 vars in 1011 bytes} [Tue Jul 21 07:51:23 2026] GET /allocation_candidates?limit=1000&resources=DISK_GB%3A1%2CMEMORY_MB%3A512%2CVCPU%3A1&root_required=%21COMPUTE_STATUS_DISABLED => generated 2147 bytes in 64 msecs (HTTP/1.1 200) 8 headers in 297 bytes (1 switches on core 0)
2026-07-21 07:51:23.450 8 INFO placement.requestlog [req-4fcec1db-1c5a-4e5d-8a0d-a0b2163af223 req-f107b60f-b5cd-426f-95f5-4d96658c6b0a a8c8ffd361b14009bb66c8761298da1a 71d9fe7f191849ef980f49599a05dfe7 - - 22be479791c94fc49c4ebafcdba114dd 22be479791c94fc49c4ebafcdba114dd] 10.0.0.72 "GET /allocations/5affbd84-0c13-472d-ae5f-472c47e1cf0f" status: 200 len: 19 microversion: 1.28 [pid: 8|app: 0|req: 400/803] 10.0.0.72 () {34 vars in 860 bytes} [Tue Jul 21 07:51:23 2026] GET /allocations/5affbd84-0c13-472d-ae5f-472c47e1cf0f => generated 19 bytes in 15 msecs (HTTP/1.1 200) 8 headers in 295 bytes (1 switches on core 0)
2026-07-21 07:51:23.508 7 INFO placement.requestlog [req-4fcec1db-1c5a-4e5d-8a0d-a0b2163af223 req-60ffe71b-25d8-4989-93c0-0ba1b901c846 a8c8ffd361b14009bb66c8761298da1a 71d9fe7f191849ef980f49599a05dfe7 - - 22be479791c94fc49c4ebafcdba114dd 22be479791c94fc49c4ebafcdba114dd] 10.0.0.72 "PUT /allocations/5affbd84-0c13-472d-ae5f-472c47e1cf0f" status: 204 len: 0 microversion: 1.36 [pid: 7|app: 0|req: 404/804] 10.0.0.72 () {38 vars in 913 bytes} [Tue Jul 21 07:51:23 2026] PUT /allocations/5affbd84-0c13-472d-ae5f-472c47e1cf0f => generated 0 bytes in 48 msecs (HTTP/1.1 204) 5 headers in 199 bytes (1 switches on core 0)
2026-07-21 07:51:23.881 8 INFO placement.requestlog [req-4fcec1db-1c5a-4e5d-8a0d-a0b2163af223 req-621f4b53-c383-4ddf-a0f0-923d0a242da7 a8c8ffd361b14009bb66c8761298da1a 71d9fe7f191849ef980f49599a05dfe7 - - 22be479791c94fc49c4ebafcdba114dd 22be479791c94fc49c4ebafcdba114dd] 199.204.45.205 "GET /allocations/5affbd84-0c13-472d-ae5f-472c47e1cf0f" status: 200 len: 257 microversion: 1.28 [pid: 8|app: 0|req: 401/805] 199.204.45.205 () {34 vars in 863 bytes} [Tue Jul 21 07:51:23 2026] GET /allocations/5affbd84-0c13-472d-ae5f-472c47e1cf0f => generated 257 bytes in 20 msecs (HTTP/1.1 200) 8 headers in 296 bytes (1 switches on core 0)
2026-07-21 07:51:23.986 7 INFO placement.requestlog [req-4fcec1db-1c5a-4e5d-8a0d-a0b2163af223 req-f2035604-6b9b-4715-8f9a-3ae67df69b79 a8c8ffd361b14009bb66c8761298da1a 71d9fe7f191849ef980f49599a05dfe7 - - 22be479791c94fc49c4ebafcdba114dd 22be479791c94fc49c4ebafcdba114dd] 199.204.45.205 "GET /resource_providers/3af08ab2-a265-4820-b020-fe94f5eda1e2/allocations" status: 200 len: 152 microversion: 1.0 [pid: 7|app: 0|req: 405/806] 199.204.45.205 () {32 vars in 857 bytes} [Tue Jul 21 07:51:23 2026] GET /resource_providers/3af08ab2-a265-4820-b020-fe94f5eda1e2/allocations => generated 152 bytes in 18 msecs (HTTP/1.1 200) 6 headers in 224 bytes (1 switches on core 0)
2026-07-21 07:51:24.005 8 INFO placement.requestlog [req-4fcec1db-1c5a-4e5d-8a0d-a0b2163af223 req-a508b4af-7cdc-4ffd-9464-d6ccfd8e2ced a8c8ffd361b14009bb66c8761298da1a 71d9fe7f191849ef980f49599a05dfe7 - - 22be479791c94fc49c4ebafcdba114dd 22be479791c94fc49c4ebafcdba114dd] 199.204.45.205 "GET /allocations/5affbd84-0c13-472d-ae5f-472c47e1cf0f" status: 200 len: 257 microversion: 1.28 [pid: 8|app: 0|req: 402/807] 199.204.45.205 () {34 vars in 863 bytes} [Tue Jul 21 07:51:23 2026] GET /allocations/5affbd84-0c13-472d-ae5f-472c47e1cf0f => generated 257 bytes in 13 msecs (HTTP/1.1 200) 8 headers in 296 bytes (1 switches on core 0)
2026-07-21 07:51:27.807 7 INFO placement.requestlog [None req-f443c7e9-e231-4eb2-b618-ac52804d2581 b46da8511aff429ea8f86f87f8368ddb 71d9fe7f191849ef980f49599a05dfe7 - - 22be479791c94fc49c4ebafcdba114dd 22be479791c94fc49c4ebafcdba114dd] 10.0.0.93 "GET /resource_providers/f5125b68-a47a-45f5-90dd-366b3e139758/aggregates" status: 404 len: 235 microversion: 1.1 [pid: 7|app: 0|req: 406/808] 10.0.0.93 () {32 vars in 815 bytes} [Tue Jul 21 07:51:27 2026] GET /resource_providers/f5125b68-a47a-45f5-90dd-366b3e139758/aggregates => generated 235 bytes in 11 msecs (HTTP/1.1 404) 5 headers in 202 bytes (1 switches on core 0)
2026-07-21 07:51:27.811 8 INFO placement.requestlog [None req-c8006338-4008-4063-a796-d028518461af b46da8511aff429ea8f86f87f8368ddb 71d9fe7f191849ef980f49599a05dfe7 - - 22be479791c94fc49c4ebafcdba114dd 22be479791c94fc49c4ebafcdba114dd] 10.0.0.93 "GET /resource_providers/f5125b68-a47a-45f5-90dd-366b3e139758/aggregates" status: 404 len: 235 microversion: 1.1 [pid: 8|app: 0|req: 403/809] 10.0.0.93 () {32 vars in 815 bytes} [Tue Jul 21 07:51:27 2026] GET /resource_providers/f5125b68-a47a-45f5-90dd-366b3e139758/aggregates => generated 235 bytes in 15 msecs (HTTP/1.1 404) 5 headers in 202 bytes (1 switches on core 0)
2026-07-21 07:51:27.835 7 INFO placement.requestlog [None req-f04ae991-a864-4aab-8383-d50e11412953 b46da8511aff429ea8f86f87f8368ddb 71d9fe7f191849ef980f49599a05dfe7 - - 22be479791c94fc49c4ebafcdba114dd 22be479791c94fc49c4ebafcdba114dd] 10.0.0.93 "DELETE /resource_providers/f5125b68-a47a-45f5-90dd-366b3e139758" status: 404 len: 246 microversion: 1.1 [pid: 7|app: 0|req: 407/810] 10.0.0.93 () {34 vars in 815 bytes} [Tue Jul 21 07:51:27 2026] DELETE /resource_providers/f5125b68-a47a-45f5-90dd-366b3e139758 => generated 246 bytes in 11 msecs (HTTP/1.1 404) 6 headers in 231 bytes (1 switches on core 0)
2026-07-21 07:51:27.839 8 INFO placement.requestlog [None req-1a47788c-0b19-48e0-b79b-eb1f3ca1a9b0 b46da8511aff429ea8f86f87f8368ddb 71d9fe7f191849ef980f49599a05dfe7 - - 22be479791c94fc49c4ebafcdba114dd 22be479791c94fc49c4ebafcdba114dd] 10.0.0.93 "DELETE /resource_providers/f5125b68-a47a-45f5-90dd-366b3e139758" status: 404 len: 246 microversion: 1.1 [pid: 8|app: 0|req: 404/811] 10.0.0.93 () {34 vars in 815 bytes} [Tue Jul 21 07:51:27 2026] DELETE /resource_providers/f5125b68-a47a-45f5-90dd-366b3e139758 => generated 246 bytes in 12 msecs (HTTP/1.1 404) 6 headers in 231 bytes (1 switches on core 0)
2026-07-21 07:51:28.345 7 INFO placement.requestlog [None req-bb3dd25c-e7f9-4736-8121-1151a34cb7a0 b46da8511aff429ea8f86f87f8368ddb 71d9fe7f191849ef980f49599a05dfe7 - - 22be479791c94fc49c4ebafcdba114dd 22be479791c94fc49c4ebafcdba114dd] 10.0.0.93 "GET /resource_providers/cae89cea-c43e-49ef-ab09-ad08c8935055/aggregates" status: 404 len: 235 microversion: 1.1 [pid: 7|app: 0|req: 408/812] 10.0.0.93 () {32 vars in 815 bytes} [Tue Jul 21 07:51:28 2026] GET /resource_providers/cae89cea-c43e-49ef-ab09-ad08c8935055/aggregates => generated 235 bytes in 11 msecs (HTTP/1.1 404) 5 headers in 202 bytes (1 switches on core 0)
2026-07-21 07:51:28.350 8 INFO placement.requestlog [None req-d2fb6c4f-e46d-4008-83ca-d8d42a4d2419 b46da8511aff429ea8f86f87f8368ddb 71d9fe7f191849ef980f49599a05dfe7 - - 22be479791c94fc49c4ebafcdba114dd 22be479791c94fc49c4ebafcdba114dd] 10.0.0.93 "GET /resource_providers/cae89cea-c43e-49ef-ab09-ad08c8935055/aggregates" status: 404 len: 235 microversion: 1.1 [pid: 8|app: 0|req: 405/813] 10.0.0.93 () {32 vars in 815 bytes} [Tue Jul 21 07:51:28 2026] GET /resource_providers/cae89cea-c43e-49ef-ab09-ad08c8935055/aggregates => generated 235 bytes in 16 msecs (HTTP/1.1 404) 5 headers in 202 bytes (1 switches on core 0)
2026-07-21 07:51:28.376 8 INFO placement.requestlog [None req-3c48b32d-7a19-41c0-bcd2-edc97b22c826 b46da8511aff429ea8f86f87f8368ddb 71d9fe7f191849ef980f49599a05dfe7 - - 22be479791c94fc49c4ebafcdba114dd 22be479791c94fc49c4ebafcdba114dd] 10.0.0.93 "DELETE /resource_providers/cae89cea-c43e-49ef-ab09-ad08c8935055" status: 404 len: 246 microversion: 1.1 [pid: 8|app: 0|req: 406/814] 10.0.0.93 () {34 vars in 815 bytes} [Tue Jul 21 07:51:28 2026] DELETE /resource_providers/cae89cea-c43e-49ef-ab09-ad08c8935055 => generated 246 bytes in 11 msecs (HTTP/1.1 404) 6 headers in 231 bytes (1 switches on core 0)
2026-07-21 07:51:28.379 7 INFO placement.requestlog [None req-47ed5424-8104-4ea0-81ee-c4cc865ce282 b46da8511aff429ea8f86f87f8368ddb 71d9fe7f191849ef980f49599a05dfe7 - - 22be479791c94fc49c4ebafcdba114dd 22be479791c94fc49c4ebafcdba114dd] 10.0.0.93 "DELETE /resource_providers/cae89cea-c43e-49ef-ab09-ad08c8935055" status: 404 len: 246 microversion: 1.1 [pid: 7|app: 0|req: 409/815] 10.0.0.93 () {34 vars in 815 bytes} [Tue Jul 21 07:51:28 2026] DELETE /resource_providers/cae89cea-c43e-49ef-ab09-ad08c8935055 => generated 246 bytes in 19 msecs (HTTP/1.1 404) 6 headers in 231 bytes (1 switches on core 0)
2026-07-21 07:51:28.436 8 INFO placement.requestlog [req-6a047f71-c421-4dc7-b826-dc43096c256a req-d7e3e42c-2896-455f-b873-00592c1ab158 a8c8ffd361b14009bb66c8761298da1a 71d9fe7f191849ef980f49599a05dfe7 - - 22be479791c94fc49c4ebafcdba114dd 22be479791c94fc49c4ebafcdba114dd] 10.0.0.72 "GET /allocation_candidates?limit=1000&resources=DISK_GB%3A1%2CMEMORY_MB%3A512%2CVCPU%3A1&root_required=%21COMPUTE_STATUS_DISABLED" status: 200 len: 2149 microversion: 1.36 [pid: 8|app: 0|req: 407/816] 10.0.0.72 () {34 vars in 1011 bytes} [Tue Jul 21 07:51:28 2026] GET /allocation_candidates?limit=1000&resources=DISK_GB%3A1%2CMEMORY_MB%3A512%2CVCPU%3A1&root_required=%21COMPUTE_STATUS_DISABLED => generated 2149 bytes in 44 msecs (HTTP/1.1 200) 8 headers in 297 bytes (1 switches on core 0)
2026-07-21 07:51:28.468 7 INFO placement.requestlog [req-6a047f71-c421-4dc7-b826-dc43096c256a req-0e26ed66-1840-4d03-8df7-ee56fc444da5 a8c8ffd361b14009bb66c8761298da1a 71d9fe7f191849ef980f49599a05dfe7 - - 22be479791c94fc49c4ebafcdba114dd 22be479791c94fc49c4ebafcdba114dd] 10.0.0.72 "GET /allocations/55b7bdcc-1991-43d7-bf46-8724a9652e7b" status: 200 len: 19 microversion: 1.28 [pid: 7|app: 0|req: 410/817] 10.0.0.72 () {34 vars in 860 bytes} [Tue Jul 21 07:51:28 2026] GET /allocations/55b7bdcc-1991-43d7-bf46-8724a9652e7b => generated 19 bytes in 12 msecs (HTTP/1.1 200) 8 headers in 295 bytes (1 switches on core 0)
2026-07-21 07:51:28.582 8 INFO placement.requestlog [req-6a047f71-c421-4dc7-b826-dc43096c256a req-0194483e-93f7-419e-8656-f48256cc06c1 a8c8ffd361b14009bb66c8761298da1a 71d9fe7f191849ef980f49599a05dfe7 - - 22be479791c94fc49c4ebafcdba114dd 22be479791c94fc49c4ebafcdba114dd] 10.0.0.72 "PUT /allocations/55b7bdcc-1991-43d7-bf46-8724a9652e7b" status: 204 len: 0 microversion: 1.36 [pid: 8|app: 0|req: 408/818] 10.0.0.72 () {38 vars in 913 bytes} [Tue Jul 21 07:51:28 2026] PUT /allocations/55b7bdcc-1991-43d7-bf46-8724a9652e7b => generated 0 bytes in 106 msecs (HTTP/1.1 204) 5 headers in 199 bytes (1 switches on core 0)
2026-07-21 07:51:28.884 7 INFO placement.requestlog [req-6a047f71-c421-4dc7-b826-dc43096c256a req-7b060f17-e7ed-435a-95dd-08d93e5c9410 a8c8ffd361b14009bb66c8761298da1a 71d9fe7f191849ef980f49599a05dfe7 - - 22be479791c94fc49c4ebafcdba114dd 22be479791c94fc49c4ebafcdba114dd] 199.204.45.205 "GET /allocations/55b7bdcc-1991-43d7-bf46-8724a9652e7b" status: 200 len: 257 microversion: 1.28 [pid: 7|app: 0|req: 411/819] 199.204.45.205 () {34 vars in 863 bytes} [Tue Jul 21 07:51:28 2026] GET /allocations/55b7bdcc-1991-43d7-bf46-8724a9652e7b => generated 257 bytes in 28 msecs (HTTP/1.1 200) 8 headers in 296 bytes (1 switches on core 0)
2026-07-21 07:51:28.993 8 INFO placement.requestlog [req-6a047f71-c421-4dc7-b826-dc43096c256a req-38063a57-abca-41f6-afaf-9046f3222820 a8c8ffd361b14009bb66c8761298da1a 71d9fe7f191849ef980f49599a05dfe7 - - 22be479791c94fc49c4ebafcdba114dd 22be479791c94fc49c4ebafcdba114dd] 199.204.45.205 "GET /resource_providers/3af08ab2-a265-4820-b020-fe94f5eda1e2/allocations" status: 200 len: 252 microversion: 1.0 [pid: 8|app: 0|req: 409/820] 199.204.45.205 () {32 vars in 857 bytes} [Tue Jul 21 07:51:28 2026] GET /resource_providers/3af08ab2-a265-4820-b020-fe94f5eda1e2/allocations => generated 252 bytes in 22 msecs (HTTP/1.1 200) 6 headers in 224 bytes (1 switches on core 0)
2026-07-21 07:51:29.016 7 INFO placement.requestlog [req-6a047f71-c421-4dc7-b826-dc43096c256a req-66d85cce-f3f0-4f34-89c1-12d30dfaa2ca a8c8ffd361b14009bb66c8761298da1a 71d9fe7f191849ef980f49599a05dfe7 - - 22be479791c94fc49c4ebafcdba114dd 22be479791c94fc49c4ebafcdba114dd] 199.204.45.205 "GET /allocations/5affbd84-0c13-472d-ae5f-472c47e1cf0f" status: 200 len: 257 microversion: 1.28 [pid: 7|app: 0|req: 412/821] 199.204.45.205 () {34 vars in 863 bytes} [Tue Jul 21 07:51:29 2026] GET /allocations/5affbd84-0c13-472d-ae5f-472c47e1cf0f => generated 257 bytes in 15 msecs (HTTP/1.1 200) 8 headers in 296 bytes (1 switches on core 0)
2026-07-21 07:51:29.052 8 INFO placement.requestlog [req-6a047f71-c421-4dc7-b826-dc43096c256a req-fa93b969-ba95-4a9a-99e8-67d9f0250bec a8c8ffd361b14009bb66c8761298da1a 71d9fe7f191849ef980f49599a05dfe7 - - 22be479791c94fc49c4ebafcdba114dd 22be479791c94fc49c4ebafcdba114dd] 199.204.45.205 "GET /allocations/55b7bdcc-1991-43d7-bf46-8724a9652e7b" status: 200 len: 257 microversion: 1.28 [pid: 8|app: 0|req: 410/822] 199.204.45.205 () {34 vars in 863 bytes} [Tue Jul 21 07:51:29 2026] GET /allocations/55b7bdcc-1991-43d7-bf46-8724a9652e7b => generated 257 bytes in 24 msecs (HTTP/1.1 200) 8 headers in 296 bytes (1 switches on core 0)
2026-07-21 07:51:29.882 8 INFO placement.requestlog [None req-001c65f9-0c2b-4eca-adc2-6c48514a72a9 b46da8511aff429ea8f86f87f8368ddb 71d9fe7f191849ef980f49599a05dfe7 - - 22be479791c94fc49c4ebafcdba114dd 22be479791c94fc49c4ebafcdba114dd] 10.0.0.93 "GET /resource_providers/4d20c383-1f4d-48f6-8695-7b1e9003d508/aggregates" status: 404 len: 235 microversion: 1.1 [pid: 8|app: 0|req: 411/823] 10.0.0.93 () {32 vars in 815 bytes} [Tue Jul 21 07:51:29 2026] GET /resource_providers/4d20c383-1f4d-48f6-8695-7b1e9003d508/aggregates => generated 235 bytes in 13 msecs (HTTP/1.1 404) 5 headers in 202 bytes (1 switches on core 0)
2026-07-21 07:51:29.882 7 INFO placement.requestlog [None req-69a58ccc-7257-4917-948b-5b4297d3aea4 b46da8511aff429ea8f86f87f8368ddb 71d9fe7f191849ef980f49599a05dfe7 - - 22be479791c94fc49c4ebafcdba114dd 22be479791c94fc49c4ebafcdba114dd] 10.0.0.93 "GET /resource_providers/4d20c383-1f4d-48f6-8695-7b1e9003d508/aggregates" status: 404 len: 235 microversion: 1.1 [pid: 7|app: 0|req: 413/824] 10.0.0.93 () {32 vars in 815 bytes} [Tue Jul 21 07:51:29 2026] GET /resource_providers/4d20c383-1f4d-48f6-8695-7b1e9003d508/aggregates => generated 235 bytes in 30 msecs (HTTP/1.1 404) 5 headers in 202 bytes (1 switches on core 0)
2026-07-21 07:51:29.925 8 INFO placement.requestlog [None req-426b5bab-6852-49ab-9fd9-c4cf3371e084 b46da8511aff429ea8f86f87f8368ddb 71d9fe7f191849ef980f49599a05dfe7 - - 22be479791c94fc49c4ebafcdba114dd 22be479791c94fc49c4ebafcdba114dd] 10.0.0.93 "DELETE /resource_providers/4d20c383-1f4d-48f6-8695-7b1e9003d508" status: 404 len: 246 microversion: 1.1 [pid: 8|app: 0|req: 412/825] 10.0.0.93 () {34 vars in 815 bytes} [Tue Jul 21 07:51:29 2026] DELETE /resource_providers/4d20c383-1f4d-48f6-8695-7b1e9003d508 => generated 246 bytes in 21 msecs (HTTP/1.1 404) 6 headers in 231 bytes (1 switches on core 0)
2026-07-21 07:51:29.941 7 INFO placement.requestlog [None req-6d8f74a6-d840-49b5-a261-511df8e6a346 b46da8511aff429ea8f86f87f8368ddb 71d9fe7f191849ef980f49599a05dfe7 - - 22be479791c94fc49c4ebafcdba114dd 22be479791c94fc49c4ebafcdba114dd] 10.0.0.93 "DELETE /resource_providers/4d20c383-1f4d-48f6-8695-7b1e9003d508" status: 404 len: 246 microversion: 1.1 [pid: 7|app: 0|req: 414/826] 10.0.0.93 () {34 vars in 815 bytes} [Tue Jul 21 07:51:29 2026] DELETE /resource_providers/4d20c383-1f4d-48f6-8695-7b1e9003d508 => generated 246 bytes in 28 msecs (HTTP/1.1 404) 6 headers in 231 bytes (1 switches on core 0)
2026-07-21 07:51:29.951 8 INFO placement.requestlog [None req-cf6b814b-3db3-4c76-8f5d-5c32fdacf52e b46da8511aff429ea8f86f87f8368ddb 71d9fe7f191849ef980f49599a05dfe7 - - 22be479791c94fc49c4ebafcdba114dd 22be479791c94fc49c4ebafcdba114dd] 10.0.0.93 "GET /resource_providers/6f344691-a629-4164-9fb9-4ccca0f34eb2/aggregates" status: 404 len: 235 microversion: 1.1 [pid: 8|app: 0|req: 413/827] 10.0.0.93 () {32 vars in 815 bytes} [Tue Jul 21 07:51:29 2026] GET /resource_providers/6f344691-a629-4164-9fb9-4ccca0f34eb2/aggregates => generated 235 bytes in 16 msecs (HTTP/1.1 404) 5 headers in 202 bytes (1 switches on core 0)
2026-07-21 07:51:29.977 8 INFO placement.requestlog [None req-c754d750-ac83-4c41-b23b-c505e45af2e3 b46da8511aff429ea8f86f87f8368ddb 71d9fe7f191849ef980f49599a05dfe7 - - 22be479791c94fc49c4ebafcdba114dd 22be479791c94fc49c4ebafcdba114dd] 10.0.0.93 "DELETE /resource_providers/6f344691-a629-4164-9fb9-4ccca0f34eb2" status: 404 len: 246 microversion: 1.1 [pid: 8|app: 0|req: 414/828] 10.0.0.93 () {34 vars in 815 bytes} [Tue Jul 21 07:51:29 2026] DELETE /resource_providers/6f344691-a629-4164-9fb9-4ccca0f34eb2 => generated 246 bytes in 12 msecs (HTTP/1.1 404) 6 headers in 231 bytes (1 switches on core 0)
2026-07-21 07:51:29.981 7 INFO placement.requestlog [None req-ac736727-0e76-4e34-9e67-3dd6dc9ed103 b46da8511aff429ea8f86f87f8368ddb 71d9fe7f191849ef980f49599a05dfe7 - - 22be479791c94fc49c4ebafcdba114dd 22be479791c94fc49c4ebafcdba114dd] 10.0.0.93 "GET /resource_providers/6f344691-a629-4164-9fb9-4ccca0f34eb2/aggregates" status: 404 len: 235 microversion: 1.1 [pid: 7|app: 0|req: 415/829] 10.0.0.93 () {32 vars in 815 bytes} [Tue Jul 21 07:51:29 2026] GET /resource_providers/6f344691-a629-4164-9fb9-4ccca0f34eb2/aggregates => generated 235 bytes in 18 msecs (HTTP/1.1 404) 5 headers in 202 bytes (1 switches on core 0)
2026-07-21 07:51:29.998 8 INFO placement.requestlog [None req-18cfc24e-b4e9-4666-8bf5-1bea9cceb65b b46da8511aff429ea8f86f87f8368ddb 71d9fe7f191849ef980f49599a05dfe7 - - 22be479791c94fc49c4ebafcdba114dd 22be479791c94fc49c4ebafcdba114dd] 10.0.0.93 "GET /resource_providers/43a9f3eb-9845-4daf-8aa2-bce199deed3e/aggregates" status: 404 len: 235 microversion: 1.1 [pid: 8|app: 0|req: 415/830] 10.0.0.93 () {32 vars in 815 bytes} [Tue Jul 21 07:51:29 2026] GET /resource_providers/43a9f3eb-9845-4daf-8aa2-bce199deed3e/aggregates => generated 235 bytes in 11 msecs (HTTP/1.1 404) 5 headers in 202 bytes (1 switches on core 0)
2026-07-21 07:51:30.009 7 INFO placement.requestlog [None req-3acb253d-215e-44c6-affb-1302b2f2aaf9 b46da8511aff429ea8f86f87f8368ddb 71d9fe7f191849ef980f49599a05dfe7 - - 22be479791c94fc49c4ebafcdba114dd 22be479791c94fc49c4ebafcdba114dd] 10.0.0.93 "DELETE /resource_providers/6f344691-a629-4164-9fb9-4ccca0f34eb2" status: 404 len: 246 microversion: 1.1 [pid: 7|app: 0|req: 416/831] 10.0.0.93 () {34 vars in 815 bytes} [Tue Jul 21 07:51:29 2026] DELETE /resource_providers/6f344691-a629-4164-9fb9-4ccca0f34eb2 => generated 246 bytes in 18 msecs (HTTP/1.1 404) 6 headers in 231 bytes (1 switches on core 0)
2026-07-21 07:51:30.024 8 INFO placement.requestlog [None req-cdb85acb-8332-4bd4-a195-9d7ac6510b10 b46da8511aff429ea8f86f87f8368ddb 71d9fe7f191849ef980f49599a05dfe7 - - 22be479791c94fc49c4ebafcdba114dd 22be479791c94fc49c4ebafcdba114dd] 10.0.0.93 "DELETE /resource_providers/43a9f3eb-9845-4daf-8aa2-bce199deed3e" status: 404 len: 246 microversion: 1.1 [pid: 8|app: 0|req: 416/832] 10.0.0.93 () {34 vars in 815 bytes} [Tue Jul 21 07:51:30 2026] DELETE /resource_providers/43a9f3eb-9845-4daf-8aa2-bce199deed3e => generated 246 bytes in 17 msecs (HTTP/1.1 404) 6 headers in 231 bytes (1 switches on core 0)
2026-07-21 07:51:30.037 7 INFO placement.requestlog [None req-dc65f073-0e65-40e9-adfa-a6d64f76e51e b46da8511aff429ea8f86f87f8368ddb 71d9fe7f191849ef980f49599a05dfe7 - - 22be479791c94fc49c4ebafcdba114dd 22be479791c94fc49c4ebafcdba114dd] 10.0.0.93 "GET /resource_providers/43a9f3eb-9845-4daf-8aa2-bce199deed3e/aggregates" status: 404 len: 235 microversion: 1.1 [pid: 7|app: 0|req: 417/833] 10.0.0.93 () {32 vars in 815 bytes} [Tue Jul 21 07:51:30 2026] GET /resource_providers/43a9f3eb-9845-4daf-8aa2-bce199deed3e/aggregates => generated 235 bytes in 20 msecs (HTTP/1.1 404) 5 headers in 202 bytes (1 switches on core 0)
2026-07-21 07:51:30.062 8 INFO placement.requestlog [None req-575c4459-ce9f-4a7a-a054-7f233de96d17 b46da8511aff429ea8f86f87f8368ddb 71d9fe7f191849ef980f49599a05dfe7 - - 22be479791c94fc49c4ebafcdba114dd 22be479791c94fc49c4ebafcdba114dd] 10.0.0.93 "DELETE /resource_providers/43a9f3eb-9845-4daf-8aa2-bce199deed3e" status: 404 len: 246 microversion: 1.1 [pid: 8|app: 0|req: 417/834] 10.0.0.93 () {34 vars in 815 bytes} [Tue Jul 21 07:51:30 2026] DELETE /resource_providers/43a9f3eb-9845-4daf-8aa2-bce199deed3e => generated 246 bytes in 17 msecs (HTTP/1.1 404) 6 headers in 231 bytes (1 switches on core 0)
2026-07-21 07:51:30.115 7 INFO placement.requestlog [None req-4115a325-dc1d-4f02-9fb9-c25de7c5e101 - - - - - -] 10.0.0.163 "GET /" status: 200 len: 136 microversion: 1.0
2026-07-21 07:51:30.116 8 INFO placement.requestlog [None req-6c413b13-26d7-4454-a8ed-38b6548d6e51 - - - - - -] 10.0.0.163 "GET /" status: 200 len: 136 microversion: 1.0
2026-07-21 07:51:37.110 7 INFO placement.requestlog [None req-0a1369ba-a373-4955-8050-2d0acb0e1ee3 b46da8511aff429ea8f86f87f8368ddb 71d9fe7f191849ef980f49599a05dfe7 - - 22be479791c94fc49c4ebafcdba114dd 22be479791c94fc49c4ebafcdba114dd] 10.0.0.93 "GET /resource_providers/4f23d8ad-8888-495a-adcb-c5b71f66f69d/aggregates" status: 404 len: 235 microversion: 1.1 [pid: 7|app: 0|req: 419/837] 10.0.0.93 () {32 vars in 815 bytes} [Tue Jul 21 07:51:37 2026] GET /resource_providers/4f23d8ad-8888-495a-adcb-c5b71f66f69d/aggregates => generated 235 bytes in 11 msecs (HTTP/1.1 404) 5 headers in 202 bytes (1 switches on core 0)
2026-07-21 07:51:37.117 8 INFO placement.requestlog [None req-ef2de49b-2a52-418f-a170-2042eefbcba2 b46da8511aff429ea8f86f87f8368ddb 71d9fe7f191849ef980f49599a05dfe7 - - 22be479791c94fc49c4ebafcdba114dd 22be479791c94fc49c4ebafcdba114dd] 10.0.0.93 "GET /resource_providers/4f23d8ad-8888-495a-adcb-c5b71f66f69d/aggregates" status: 404 len: 235 microversion: 1.1 [pid: 8|app: 0|req: 419/838] 10.0.0.93 () {32 vars in 815 bytes} [Tue Jul 21 07:51:37 2026] GET /resource_providers/4f23d8ad-8888-495a-adcb-c5b71f66f69d/aggregates => generated 235 bytes in 12 msecs (HTTP/1.1 404) 5 headers in 202 bytes (1 switches on core 0)
2026-07-21 07:51:37.138 8 INFO placement.requestlog [None req-d3cb00ec-ccfa-4a4d-ab87-44485335907c b46da8511aff429ea8f86f87f8368ddb 71d9fe7f191849ef980f49599a05dfe7 - - 22be479791c94fc49c4ebafcdba114dd 22be479791c94fc49c4ebafcdba114dd] 10.0.0.93 "DELETE /resource_providers/4f23d8ad-8888-495a-adcb-c5b71f66f69d" status: 404 len: 246 microversion: 1.1 [pid: 8|app: 0|req: 420/839] 10.0.0.93 () {34 vars in 815 bytes} [Tue Jul 21 07:51:37 2026] DELETE /resource_providers/4f23d8ad-8888-495a-adcb-c5b71f66f69d => generated 246 bytes in 10 msecs (HTTP/1.1 404) 6 headers in 231 bytes (1 switches on core 0)
2026-07-21 07:51:37.138 7 INFO placement.requestlog [None req-6aae23a9-9b8f-4276-bc73-efa6a5d4e6a1 b46da8511aff429ea8f86f87f8368ddb 71d9fe7f191849ef980f49599a05dfe7 - - 22be479791c94fc49c4ebafcdba114dd 22be479791c94fc49c4ebafcdba114dd] 10.0.0.93 "DELETE /resource_providers/4f23d8ad-8888-495a-adcb-c5b71f66f69d" status: 404 len: 246 microversion: 1.1 [pid: 7|app: 0|req: 420/840] 10.0.0.93 () {34 vars in 815 bytes} [Tue Jul 21 07:51:37 2026] DELETE /resource_providers/4f23d8ad-8888-495a-adcb-c5b71f66f69d => generated 246 bytes in 12 msecs (HTTP/1.1 404) 6 headers in 231 bytes (1 switches on core 0)
2026-07-21 07:51:39.699 8 INFO placement.requestlog [req-0ceba266-feef-4faf-9c6f-554c4ec52750 req-a905083d-c645-48fb-ac41-dc64194f85ea a8c8ffd361b14009bb66c8761298da1a 71d9fe7f191849ef980f49599a05dfe7 - - 22be479791c94fc49c4ebafcdba114dd 22be479791c94fc49c4ebafcdba114dd] 199.204.45.205 "GET /resource_providers/3af08ab2-a265-4820-b020-fe94f5eda1e2/allocations" status: 200 len: 252 microversion: 1.0 [pid: 8|app: 0|req: 421/841] 199.204.45.205 () {32 vars in 857 bytes} [Tue Jul 21 07:51:39 2026] GET /resource_providers/3af08ab2-a265-4820-b020-fe94f5eda1e2/allocations => generated 252 bytes in 24 msecs (HTTP/1.1 200) 6 headers in 224 bytes (1 switches on core 0)
2026-07-21 07:51:39.733 7 INFO placement.requestlog [req-0ceba266-feef-4faf-9c6f-554c4ec52750 req-92da13eb-0437-4bb6-b25d-698ea19fa270 a8c8ffd361b14009bb66c8761298da1a 71d9fe7f191849ef980f49599a05dfe7 - - 22be479791c94fc49c4ebafcdba114dd 22be479791c94fc49c4ebafcdba114dd] 199.204.45.205 "GET /allocations/5affbd84-0c13-472d-ae5f-472c47e1cf0f" status: 200 len: 257 microversion: 1.28 [pid: 7|app: 0|req: 421/842] 199.204.45.205 () {34 vars in 863 bytes} [Tue Jul 21 07:51:39 2026] GET /allocations/5affbd84-0c13-472d-ae5f-472c47e1cf0f => generated 257 bytes in 28 msecs (HTTP/1.1 200) 8 headers in 296 bytes (1 switches on core 0)
2026-07-21 07:51:39.757 8 INFO placement.requestlog [req-0ceba266-feef-4faf-9c6f-554c4ec52750 req-871005ed-111b-441b-b380-4eca98dd79f8 a8c8ffd361b14009bb66c8761298da1a 71d9fe7f191849ef980f49599a05dfe7 - - 22be479791c94fc49c4ebafcdba114dd 22be479791c94fc49c4ebafcdba114dd] 199.204.45.205 "GET /allocations/55b7bdcc-1991-43d7-bf46-8724a9652e7b" status: 200 len: 257 microversion: 1.28 [pid: 8|app: 0|req: 422/843] 199.204.45.205 () {34 vars in 863 bytes} [Tue Jul 21 07:51:39 2026] GET /allocations/55b7bdcc-1991-43d7-bf46-8724a9652e7b => generated 257 bytes in 16 msecs (HTTP/1.1 200) 8 headers in 296 bytes (1 switches on core 0)
2026-07-21 07:51:39.858 7 INFO placement.requestlog [req-0ceba266-feef-4faf-9c6f-554c4ec52750 req-68a99de6-cd2b-40c9-82df-e370ded14567 a8c8ffd361b14009bb66c8761298da1a 71d9fe7f191849ef980f49599a05dfe7 - - 22be479791c94fc49c4ebafcdba114dd 22be479791c94fc49c4ebafcdba114dd] 199.204.45.205 "DELETE /allocations/55b7bdcc-1991-43d7-bf46-8724a9652e7b" status: 204 len: 0 microversion: 1.0 [pid: 7|app: 0|req: 422/844] 199.204.45.205 () {34 vars in 841 bytes} [Tue Jul 21 07:51:39 2026] DELETE /allocations/55b7bdcc-1991-43d7-bf46-8724a9652e7b => generated 0 bytes in 44 msecs (HTTP/1.1 204) 5 headers in 198 bytes (1 switches on core 0)
2026-07-21 07:51:40.119 8 INFO placement.requestlog [None req-0b7e8f56-b680-469e-802a-25a92bbef0c1 - - - - - -] 10.0.0.163 "GET /" status: 200 len: 136 microversion: 1.0
2026-07-21 07:51:40.119 7 INFO placement.requestlog [None req-ceb8ab9e-0e30-4aa1-8840-11b2c401ff29 - - - - - -] 10.0.0.163 "GET /" status: 200 len: 136 microversion: 1.0
2026-07-21 07:51:40.422 8 INFO placement.requestlog [None req-9643bb4a-44ca-4751-8687-50a5371c8e40 b46da8511aff429ea8f86f87f8368ddb 71d9fe7f191849ef980f49599a05dfe7 - - 22be479791c94fc49c4ebafcdba114dd 22be479791c94fc49c4ebafcdba114dd] 10.0.0.93 "GET /resource_providers/e3445de5-2a29-4f4a-9489-d70f894a0847/aggregates" status: 404 len: 235 microversion: 1.1 [pid: 8|app: 0|req: 424/847] 10.0.0.93 () {32 vars in 815 bytes} [Tue Jul 21 07:51:40 2026] GET /resource_providers/e3445de5-2a29-4f4a-9489-d70f894a0847/aggregates => generated 235 bytes in 10 msecs (HTTP/1.1 404) 5 headers in 202 bytes (1 switches on core 0)
2026-07-21 07:51:40.427 7 INFO placement.requestlog [None req-3d688c89-c362-40c0-a9fc-6a757fd9b930 b46da8511aff429ea8f86f87f8368ddb 71d9fe7f191849ef980f49599a05dfe7 - - 22be479791c94fc49c4ebafcdba114dd 22be479791c94fc49c4ebafcdba114dd] 10.0.0.93 "GET /resource_providers/e3445de5-2a29-4f4a-9489-d70f894a0847/aggregates" status: 404 len: 235 microversion: 1.1 [pid: 7|app: 0|req: 424/848] 10.0.0.93 () {32 vars in 815 bytes} [Tue Jul 21 07:51:40 2026] GET /resource_providers/e3445de5-2a29-4f4a-9489-d70f894a0847/aggregates => generated 235 bytes in 9 msecs (HTTP/1.1 404) 5 headers in 202 bytes (1 switches on core 0)
2026-07-21 07:51:40.454 8 INFO placement.requestlog [None req-30d8d356-f590-4c64-8c37-25b87e9467d5 b46da8511aff429ea8f86f87f8368ddb 71d9fe7f191849ef980f49599a05dfe7 - - 22be479791c94fc49c4ebafcdba114dd 22be479791c94fc49c4ebafcdba114dd] 10.0.0.93 "DELETE /resource_providers/e3445de5-2a29-4f4a-9489-d70f894a0847" status: 404 len: 246 microversion: 1.1 [pid: 8|app: 0|req: 425/849] 10.0.0.93 () {34 vars in 815 bytes} [Tue Jul 21 07:51:40 2026] DELETE /resource_providers/e3445de5-2a29-4f4a-9489-d70f894a0847 => generated 246 bytes in 13 msecs (HTTP/1.1 404) 6 headers in 231 bytes (1 switches on core 0)
2026-07-21 07:51:40.455 7 INFO placement.requestlog [None req-f36dd555-79ca-45c8-8b08-7816c17b05b8 b46da8511aff429ea8f86f87f8368ddb 71d9fe7f191849ef980f49599a05dfe7 - - 22be479791c94fc49c4ebafcdba114dd 22be479791c94fc49c4ebafcdba114dd] 10.0.0.93 "DELETE /resource_providers/e3445de5-2a29-4f4a-9489-d70f894a0847" status: 404 len: 246 microversion: 1.1 [pid: 7|app: 0|req: 425/850] 10.0.0.93 () {34 vars in 815 bytes} [Tue Jul 21 07:51:40 2026] DELETE /resource_providers/e3445de5-2a29-4f4a-9489-d70f894a0847 => generated 246 bytes in 14 msecs (HTTP/1.1 404) 6 headers in 231 bytes (1 switches on core 0)
2026-07-21 07:51:43.061 8 INFO placement.requestlog [None req-ee500683-3fa3-4aa9-bacb-17658ebec38c b46da8511aff429ea8f86f87f8368ddb 71d9fe7f191849ef980f49599a05dfe7 - - 22be479791c94fc49c4ebafcdba114dd 22be479791c94fc49c4ebafcdba114dd] 10.0.0.93 "GET /resource_providers/06647bb9-feea-4e6d-b401-c6ed026570f0/aggregates" status: 404 len: 235 microversion: 1.1 [pid: 8|app: 0|req: 426/851] 10.0.0.93 () {32 vars in 815 bytes} [Tue Jul 21 07:51:43 2026] GET /resource_providers/06647bb9-feea-4e6d-b401-c6ed026570f0/aggregates => generated 235 bytes in 12 msecs (HTTP/1.1 404) 5 headers in 202 bytes (1 switches on core 0)
2026-07-21 07:51:43.070 7 INFO placement.requestlog [None req-a3b08459-f814-416a-9baa-898661157e73 b46da8511aff429ea8f86f87f8368ddb 71d9fe7f191849ef980f49599a05dfe7 - - 22be479791c94fc49c4ebafcdba114dd 22be479791c94fc49c4ebafcdba114dd] 10.0.0.93 "GET /resource_providers/06647bb9-feea-4e6d-b401-c6ed026570f0/aggregates" status: 404 len: 235 microversion: 1.1 [pid: 7|app: 0|req: 426/852] 10.0.0.93 () {32 vars in 815 bytes} [Tue Jul 21 07:51:43 2026] GET /resource_providers/06647bb9-feea-4e6d-b401-c6ed026570f0/aggregates => generated 235 bytes in 21 msecs (HTTP/1.1 404) 5 headers in 202 bytes (1 switches on core 0)
2026-07-21 07:51:43.101 8 INFO placement.requestlog [None req-76b8a24c-9b2c-4019-a91b-d6a7baadc38d b46da8511aff429ea8f86f87f8368ddb 71d9fe7f191849ef980f49599a05dfe7 - - 22be479791c94fc49c4ebafcdba114dd 22be479791c94fc49c4ebafcdba114dd] 10.0.0.93 "DELETE /resource_providers/06647bb9-feea-4e6d-b401-c6ed026570f0" status: 404 len: 246 microversion: 1.1
2026-07-21 07:51:43.101 7 INFO placement.requestlog [None req-65a4409a-0203-4d20-984b-deb6dcf5f169 b46da8511aff429ea8f86f87f8368ddb 71d9fe7f191849ef980f49599a05dfe7 - - 22be479791c94fc49c4ebafcdba114dd 22be479791c94fc49c4ebafcdba114dd] 10.0.0.93 "DELETE /resource_providers/06647bb9-feea-4e6d-b401-c6ed026570f0" status: 404 len: 246 microversion: 1.1 [pid: 7|app: 0|req: 427/854] 10.0.0.93 () {34 vars in 815 bytes} [Tue Jul 21 07:51:43 2026] DELETE /resource_providers/06647bb9-feea-4e6d-b401-c6ed026570f0 => generated 246 bytes in 13 msecs (HTTP/1.1 404) 6 headers in 231 bytes (1 switches on core 0) [pid: 8|app: 0|req: 427/854] 10.0.0.93 () {34 vars in 815 bytes} [Tue Jul 21 07:51:43 2026] DELETE /resource_providers/06647bb9-feea-4e6d-b401-c6ed026570f0 => generated 246 bytes in 14 msecs (HTTP/1.1 404) 6 headers in 231 bytes (1 switches on core 0)
2026-07-21 07:51:44.401 8 INFO placement.requestlog [None req-9c6e5deb-b85d-4446-a95b-799e0ada365e b46da8511aff429ea8f86f87f8368ddb 71d9fe7f191849ef980f49599a05dfe7 - - 22be479791c94fc49c4ebafcdba114dd 22be479791c94fc49c4ebafcdba114dd] 10.0.0.93 "GET /resource_providers/f5e6fadb-23a8-4174-80c8-b64db2c306ad/aggregates" status: 404 len: 235 microversion: 1.1 [pid: 8|app: 0|req: 428/855] 10.0.0.93 () {32 vars in 815 bytes} [Tue Jul 21 07:51:44 2026] GET /resource_providers/f5e6fadb-23a8-4174-80c8-b64db2c306ad/aggregates => generated 235 bytes in 13 msecs (HTTP/1.1 404) 5 headers in 202 bytes (1 switches on core 0)
2026-07-21 07:51:44.405 7 INFO placement.requestlog [None req-bf61b210-9af2-4d70-841a-d34ac614107b b46da8511aff429ea8f86f87f8368ddb 71d9fe7f191849ef980f49599a05dfe7 - - 22be479791c94fc49c4ebafcdba114dd 22be479791c94fc49c4ebafcdba114dd] 10.0.0.93 "GET /resource_providers/f5e6fadb-23a8-4174-80c8-b64db2c306ad/aggregates" status: 404 len: 235 microversion: 1.1 [pid: 7|app: 0|req: 428/856] 10.0.0.93 () {32 vars in 815 bytes} [Tue Jul 21 07:51:44 2026] GET /resource_providers/f5e6fadb-23a8-4174-80c8-b64db2c306ad/aggregates => generated 235 bytes in 17 msecs (HTTP/1.1 404) 5 headers in 202 bytes (1 switches on core 0)
2026-07-21 07:51:44.427 7 INFO placement.requestlog [None req-13ce2678-54a8-41a7-954c-3ab1053e0928 b46da8511aff429ea8f86f87f8368ddb 71d9fe7f191849ef980f49599a05dfe7 - - 22be479791c94fc49c4ebafcdba114dd 22be479791c94fc49c4ebafcdba114dd] 10.0.0.93 "DELETE /resource_providers/f5e6fadb-23a8-4174-80c8-b64db2c306ad" status: 404 len: 246 microversion: 1.1 [pid: 7|app: 0|req: 429/857] 10.0.0.93 () {34 vars in 815 bytes} [Tue Jul 21 07:51:44 2026] DELETE /resource_providers/f5e6fadb-23a8-4174-80c8-b64db2c306ad => generated 246 bytes in 10 msecs (HTTP/1.1 404) 6 headers in 231 bytes (1 switches on core 0)
2026-07-21 07:51:44.427 8 INFO placement.requestlog [None req-58bbbba2-293b-4541-b762-f5dfe82c0c78 b46da8511aff429ea8f86f87f8368ddb 71d9fe7f191849ef980f49599a05dfe7 - - 22be479791c94fc49c4ebafcdba114dd 22be479791c94fc49c4ebafcdba114dd] 10.0.0.93 "DELETE /resource_providers/f5e6fadb-23a8-4174-80c8-b64db2c306ad" status: 404 len: 246 microversion: 1.1 [pid: 8|app: 0|req: 429/858] 10.0.0.93 () {34 vars in 815 bytes} [Tue Jul 21 07:51:44 2026] DELETE /resource_providers/f5e6fadb-23a8-4174-80c8-b64db2c306ad => generated 246 bytes in 11 msecs (HTTP/1.1 404) 6 headers in 231 bytes (1 switches on core 0)
2026-07-21 07:51:45.130 8 INFO placement.requestlog [None req-8dc456f2-50d2-48aa-b4da-19d9ae410857 b46da8511aff429ea8f86f87f8368ddb 71d9fe7f191849ef980f49599a05dfe7 - - 22be479791c94fc49c4ebafcdba114dd 22be479791c94fc49c4ebafcdba114dd] 10.0.0.93 "GET /resource_providers/c24701c7-a3a3-42ce-a503-c10128f00486/aggregates" status: 404 len: 235 microversion: 1.1 [pid: 8|app: 0|req: 430/859] 10.0.0.93 () {32 vars in 815 bytes} [Tue Jul 21 07:51:45 2026] GET /resource_providers/c24701c7-a3a3-42ce-a503-c10128f00486/aggregates => generated 235 bytes in 12 msecs (HTTP/1.1 404) 5 headers in 202 bytes (1 switches on core 0)
2026-07-21 07:51:45.134 7 INFO placement.requestlog [None req-a95907be-6b33-4479-a539-4347098cc5d2 b46da8511aff429ea8f86f87f8368ddb 71d9fe7f191849ef980f49599a05dfe7 - - 22be479791c94fc49c4ebafcdba114dd 22be479791c94fc49c4ebafcdba114dd] 10.0.0.93 "GET /resource_providers/c24701c7-a3a3-42ce-a503-c10128f00486/aggregates" status: 404 len: 235 microversion: 1.1 [pid: 7|app: 0|req: 430/860] 10.0.0.93 () {32 vars in 815 bytes} [Tue Jul 21 07:51:45 2026] GET /resource_providers/c24701c7-a3a3-42ce-a503-c10128f00486/aggregates => generated 235 bytes in 18 msecs (HTTP/1.1 404) 5 headers in 202 bytes (1 switches on core 0)
2026-07-21 07:51:45.167 8 INFO placement.requestlog [None req-7075d970-63f7-482f-8dc3-ce14fb5d0068 b46da8511aff429ea8f86f87f8368ddb 71d9fe7f191849ef980f49599a05dfe7 - - 22be479791c94fc49c4ebafcdba114dd 22be479791c94fc49c4ebafcdba114dd] 10.0.0.93 "DELETE /resource_providers/c24701c7-a3a3-42ce-a503-c10128f00486" status: 404 len: 246 microversion: 1.1 [pid: 8|app: 0|req: 431/861] 10.0.0.93 () {34 vars in 815 bytes} [Tue Jul 21 07:51:45 2026] DELETE /resource_providers/c24701c7-a3a3-42ce-a503-c10128f00486 => generated 246 bytes in 25 msecs (HTTP/1.1 404) 6 headers in 231 bytes (1 switches on core 0)
2026-07-21 07:51:45.184 7 INFO placement.requestlog [None req-fadc663b-3c5d-4761-aec4-cd5c20c1b04c b46da8511aff429ea8f86f87f8368ddb 71d9fe7f191849ef980f49599a05dfe7 - - 22be479791c94fc49c4ebafcdba114dd 22be479791c94fc49c4ebafcdba114dd] 10.0.0.93 "DELETE /resource_providers/c24701c7-a3a3-42ce-a503-c10128f00486" status: 404 len: 246 microversion: 1.1 [pid: 7|app: 0|req: 431/862] 10.0.0.93 () {34 vars in 815 bytes} [Tue Jul 21 07:51:45 2026] DELETE /resource_providers/c24701c7-a3a3-42ce-a503-c10128f00486 => generated 246 bytes in 15 msecs (HTTP/1.1 404) 6 headers in 231 bytes (1 switches on core 0)
2026-07-21 07:51:45.186 8 INFO placement.requestlog [None req-13aa1725-4d94-4429-98e6-124d88ec1b34 b46da8511aff429ea8f86f87f8368ddb 71d9fe7f191849ef980f49599a05dfe7 - - 22be479791c94fc49c4ebafcdba114dd 22be479791c94fc49c4ebafcdba114dd] 10.0.0.93 "GET /resource_providers/4d45cbb2-90e3-418a-8739-f0ea9b85fbb3/aggregates" status: 404 len: 235 microversion: 1.1 [pid: 8|app: 0|req: 432/863] 10.0.0.93 () {32 vars in 815 bytes} [Tue Jul 21 07:51:45 2026] GET /resource_providers/4d45cbb2-90e3-418a-8739-f0ea9b85fbb3/aggregates => generated 235 bytes in 11 msecs (HTTP/1.1 404) 5 headers in 202 bytes (1 switches on core 0)
2026-07-21 07:51:45.210 7 INFO placement.requestlog [None req-d8e378a3-d043-41f0-9aca-f1acd966d23f b46da8511aff429ea8f86f87f8368ddb 71d9fe7f191849ef980f49599a05dfe7 - - 22be479791c94fc49c4ebafcdba114dd 22be479791c94fc49c4ebafcdba114dd] 10.0.0.93 "GET /resource_providers/4d45cbb2-90e3-418a-8739-f0ea9b85fbb3/aggregates" status: 404 len: 235 microversion: 1.1 [pid: 7|app: 0|req: 432/864] 10.0.0.93 () {32 vars in 815 bytes} [Tue Jul 21 07:51:45 2026] GET /resource_providers/4d45cbb2-90e3-418a-8739-f0ea9b85fbb3/aggregates => generated 235 bytes in 13 msecs (HTTP/1.1 404) 5 headers in 202 bytes (1 switches on core 0)
2026-07-21 07:51:45.229 8 INFO placement.requestlog [None req-14bdfc60-3e6f-4e72-b810-146a6df39494 b46da8511aff429ea8f86f87f8368ddb 71d9fe7f191849ef980f49599a05dfe7 - - 22be479791c94fc49c4ebafcdba114dd 22be479791c94fc49c4ebafcdba114dd] 10.0.0.93 "DELETE /resource_providers/4d45cbb2-90e3-418a-8739-f0ea9b85fbb3" status: 404 len: 246 microversion: 1.1 [pid: 8|app: 0|req: 433/865] 10.0.0.93 () {34 vars in 815 bytes} [Tue Jul 21 07:51:45 2026] DELETE /resource_providers/4d45cbb2-90e3-418a-8739-f0ea9b85fbb3 => generated 246 bytes in 22 msecs (HTTP/1.1 404) 6 headers in 231 bytes (1 switches on core 0)
2026-07-21 07:51:45.242 7 INFO placement.requestlog [None req-d2d04bbf-bce9-446f-99eb-a53ac629d8a1 b46da8511aff429ea8f86f87f8368ddb 71d9fe7f191849ef980f49599a05dfe7 - - 22be479791c94fc49c4ebafcdba114dd 22be479791c94fc49c4ebafcdba114dd] 10.0.0.93 "DELETE /resource_providers/4d45cbb2-90e3-418a-8739-f0ea9b85fbb3" status: 404 len: 246 microversion: 1.1 [pid: 7|app: 0|req: 433/866] 10.0.0.93 () {34 vars in 815 bytes} [Tue Jul 21 07:51:45 2026] DELETE /resource_providers/4d45cbb2-90e3-418a-8739-f0ea9b85fbb3 => generated 246 bytes in 17 msecs (HTTP/1.1 404) 6 headers in 231 bytes (1 switches on core 0)
2026-07-21 07:51:46.189 8 INFO placement.requestlog [req-1233a731-890a-470a-9da3-dd2ade16a5d3 req-6d4aa1d1-ed8a-4ab4-afb9-359a4f0245da a8c8ffd361b14009bb66c8761298da1a 71d9fe7f191849ef980f49599a05dfe7 - - 22be479791c94fc49c4ebafcdba114dd 22be479791c94fc49c4ebafcdba114dd] 199.204.45.205 "GET /resource_providers/3af08ab2-a265-4820-b020-fe94f5eda1e2/allocations" status: 200 len: 152 microversion: 1.0 [pid: 8|app: 0|req: 434/867] 199.204.45.205 () {32 vars in 857 bytes} [Tue Jul 21 07:51:46 2026] GET /resource_providers/3af08ab2-a265-4820-b020-fe94f5eda1e2/allocations => generated 152 bytes in 35 msecs (HTTP/1.1 200) 6 headers in 224 bytes (1 switches on core 0)
2026-07-21 07:51:46.214 7 INFO placement.requestlog [req-1233a731-890a-470a-9da3-dd2ade16a5d3 req-6aae3a42-4c95-4760-bfca-7d5b2b86074d a8c8ffd361b14009bb66c8761298da1a 71d9fe7f191849ef980f49599a05dfe7 - - 22be479791c94fc49c4ebafcdba114dd 22be479791c94fc49c4ebafcdba114dd] 199.204.45.205 "GET /allocations/5affbd84-0c13-472d-ae5f-472c47e1cf0f" status: 200 len: 257 microversion: 1.28 [pid: 7|app: 0|req: 434/868] 199.204.45.205 () {34 vars in 863 bytes} [Tue Jul 21 07:51:46 2026] GET /allocations/5affbd84-0c13-472d-ae5f-472c47e1cf0f => generated 257 bytes in 17 msecs (HTTP/1.1 200) 8 headers in 296 bytes (1 switches on core 0)
2026-07-21 07:51:46.298 8 INFO placement.requestlog [req-1233a731-890a-470a-9da3-dd2ade16a5d3 req-981fa513-f739-4011-8786-14f352833d16 a8c8ffd361b14009bb66c8761298da1a 71d9fe7f191849ef980f49599a05dfe7 - - 22be479791c94fc49c4ebafcdba114dd 22be479791c94fc49c4ebafcdba114dd] 199.204.45.205 "DELETE /allocations/5affbd84-0c13-472d-ae5f-472c47e1cf0f" status: 204 len: 0 microversion: 1.0 [pid: 8|app: 0|req: 435/869] 199.204.45.205 () {34 vars in 841 bytes} [Tue Jul 21 07:51:46 2026] DELETE /allocations/5affbd84-0c13-472d-ae5f-472c47e1cf0f => generated 0 bytes in 28 msecs (HTTP/1.1 204) 5 headers in 198 bytes (1 switches on core 0)
2026-07-21 07:51:46.457 7 INFO placement.requestlog [None req-bb731d8d-b5da-4b62-a301-4231654e98de b46da8511aff429ea8f86f87f8368ddb 71d9fe7f191849ef980f49599a05dfe7 - - 22be479791c94fc49c4ebafcdba114dd 22be479791c94fc49c4ebafcdba114dd] 10.0.0.93 "GET /resource_providers/93a71775-a958-4976-852e-84834800e6c2/aggregates" status: 404 len: 235 microversion: 1.1 [pid: 7|app: 0|req: 435/870] 10.0.0.93 () {32 vars in 815 bytes} [Tue Jul 21 07:51:46 2026] GET /resource_providers/93a71775-a958-4976-852e-84834800e6c2/aggregates => generated 235 bytes in 10 msecs (HTTP/1.1 404) 5 headers in 202 bytes (1 switches on core 0)
