+ exec neutron-metadata-agent --config-file /etc/neutron/neutron.conf --config-file /tmp/pod-shared/neutron-agent.ini --config-file /etc/neutron/metadata_agent.ini 3 RLock(s) were not greened, to fix this error make sure you run eventlet.monkey_patch() before importing any other modules. /var/lib/openstack/lib/python3.12/site-packages/pecan/core.py:320: SyntaxWarning: invalid escape sequence '\*' ''' /var/lib/openstack/lib/python3.12/site-packages/pecan/routing.py:48: SyntaxWarning: invalid escape sequence '\(' '^[0-9a-zA-Z-_$\(\)\.~!,;:*+@=]+$', route
2026-07-14 18:27:32.638 38 INFO neutron.common.config [-] Logging enabled!
2026-07-14 18:27:32.639 38 INFO neutron.common.config [-] /var/lib/openstack/bin/neutron-metadata-agent version 25.2.4.dev2
2026-07-14 18:27:32.659 38 INFO oslo_service.service [None req-a0c2def9-ad43-48e8-b71d-d0b5be1efaa9 - - - - - -] Starting 2 workers
2026-07-14 18:27:32.668 46 INFO eventlet.wsgi.server [-] (46) wsgi starting up on http:/var/lib/neutron/openstack-helm/metadata_proxy
2026-07-14 18:27:32.671 47 INFO eventlet.wsgi.server [-] (47) wsgi starting up on http:/var/lib/neutron/openstack-helm/metadata_proxy
2026-07-14 18:29:01.509 47 ERROR neutron.agent.metadata.agent [-] No port found in network None with IP address 169.254.169.254
2026-07-14 18:29:01.512 47 INFO eventlet.wsgi.server [-] 169.254.169.254, "GET / HTTP/1.1" status: 404 len: 176 time: 1.0600958
2026-07-14 18:30:44.956 47 ERROR neutron.agent.metadata.agent [-] No port found in network None with IP address 169.254.169.254
2026-07-14 18:30:44.957 47 INFO eventlet.wsgi.server [-] 169.254.169.254, "GET / HTTP/1.1" status: 404 len: 176 time: 0.0091655
2026-07-14 18:33:56.454 47 ERROR neutron.agent.metadata.agent [-] No port found in network None with IP address 169.254.169.254
2026-07-14 18:33:56.455 47 INFO eventlet.wsgi.server [-] 169.254.169.254, "GET / HTTP/1.1" status: 404 len: 176 time: 0.0254464
2026-07-14 18:34:24.964 47 ERROR neutron.agent.metadata.agent [-] No port found in network None with IP address 169.254.169.254
2026-07-14 18:34:24.967 47 INFO eventlet.wsgi.server [-] 169.254.169.254, "GET / HTTP/1.1" status: 404 len: 176 time: 0.0153382
2026-07-14 18:37:04.991 46 ERROR neutron.agent.metadata.agent [-] No port found in network None with IP address 169.254.169.254
2026-07-14 18:37:04.993 46 INFO eventlet.wsgi.server [-] 169.254.169.254, "GET / HTTP/1.1" status: 404 len: 176 time: 0.0269897
2026-07-14 18:40:16.052 46 ERROR neutron.agent.metadata.agent [-] No port found in network None with IP address 169.254.169.254
2026-07-14 18:40:16.053 46 INFO eventlet.wsgi.server [-] 169.254.169.254, "GET / HTTP/1.1" status: 404 len: 176 time: 1.0518017
2026-07-14 18:43:25.214 46 ERROR neutron.agent.metadata.agent [-] No port found in network None with IP address 169.254.169.254
2026-07-14 18:43:25.216 46 INFO eventlet.wsgi.server [-] 169.254.169.254, "GET / HTTP/1.1" status: 404 len: 176 time: 0.0172677
2026-07-14 18:44:24.893 47 ERROR neutron.agent.metadata.agent [-] No port found in network None with IP address 169.254.169.254
2026-07-14 18:44:24.894 47 INFO eventlet.wsgi.server [-] 169.254.169.254, "GET / HTTP/1.1" status: 404 len: 176 time: 0.0086305
2026-07-14 18:46:35.349 46 ERROR neutron.agent.metadata.agent [-] No port found in network None with IP address 169.254.169.254
2026-07-14 18:46:35.350 46 INFO eventlet.wsgi.server [-] 169.254.169.254, "GET / HTTP/1.1" status: 404 len: 176 time: 0.0104413
2026-07-14 18:49:45.075 46 ERROR neutron.agent.metadata.agent [-] No port found in network None with IP address 169.254.169.254
2026-07-14 18:49:45.076 46 INFO eventlet.wsgi.server [-] 169.254.169.254, "GET / HTTP/1.1" status: 404 len: 176 time: 0.0106139
2026-07-14 18:52:55.931 46 ERROR neutron.agent.metadata.agent [-] No port found in network None with IP address 169.254.169.254
2026-07-14 18:52:55.932 46 INFO eventlet.wsgi.server [-] 169.254.169.254, "GET / HTTP/1.1" status: 404 len: 176 time: 1.0237999
2026-07-14 18:54:24.985 47 ERROR neutron.agent.metadata.agent [-] No port found in network None with IP address 169.254.169.254
2026-07-14 18:54:24.985 47 INFO eventlet.wsgi.server [-] 169.254.169.254, "GET / HTTP/1.1" status: 404 len: 176 time: 0.0051920
2026-07-14 18:56:04.952 46 ERROR neutron.agent.metadata.agent [-] No port found in network None with IP address 169.254.169.254
2026-07-14 18:56:04.952 46 INFO eventlet.wsgi.server [-] 169.254.169.254, "GET / HTTP/1.1" status: 404 len: 176 time: 0.0052087
2026-07-14 18:59:14.881 47 ERROR neutron.agent.metadata.agent [-] No port found in network None with IP address 169.254.169.254
2026-07-14 18:59:14.882 47 INFO eventlet.wsgi.server [-] 169.254.169.254, "GET / HTTP/1.1" status: 404 len: 176 time: 0.0043228
2026-07-14 19:02:24.986 46 ERROR neutron.agent.metadata.agent [-] No port found in network None with IP address 169.254.169.254
2026-07-14 19:02:24.986 46 INFO eventlet.wsgi.server [-] 169.254.169.254, "GET / HTTP/1.1" status: 404 len: 176 time: 0.0071342
2026-07-14 19:04:26.043 46 ERROR neutron.agent.metadata.agent [-] No port found in network None with IP address 169.254.169.254
2026-07-14 19:04:26.043 46 INFO eventlet.wsgi.server [-] 169.254.169.254, "GET / HTTP/1.1" status: 404 len: 176 time: 1.0158427
2026-07-14 19:05:34.944 46 ERROR neutron.agent.metadata.agent [-] No port found in network None with IP address 169.254.169.254
2026-07-14 19:05:34.946 46 INFO eventlet.wsgi.server [-] 169.254.169.254, "GET / HTTP/1.1" status: 404 len: 176 time: 0.0084407
2026-07-14 19:08:44.904 46 ERROR neutron.agent.metadata.agent [-] No port found in network None with IP address 169.254.169.254
2026-07-14 19:08:44.907 46 INFO eventlet.wsgi.server [-] 169.254.169.254, "GET / HTTP/1.1" status: 404 len: 176 time: 0.0146332
2026-07-14 19:10:14.441 47 INFO eventlet.wsgi.server [-] 10.100.0.9, "GET /2009-04-04/meta-data/instance-id HTTP/1.1" status: 200 len: 146 time: 1.8451004
2026-07-14 19:10:14.468 47 INFO eventlet.wsgi.server [-] 10.100.0.3, "GET /2009-04-04/meta-data/instance-id HTTP/1.1" status: 200 len: 146 time: 1.7200255
2026-07-14 19:10:14.478 46 INFO eventlet.wsgi.server [-] 10.100.0.9, "GET /2009-04-04/meta-data/public-keys HTTP/1.1" status: 200 len: 163 time: 0.0294552
2026-07-14 19:10:14.493 46 INFO eventlet.wsgi.server [-] 10.100.0.3, "GET /2009-04-04/meta-data/public-keys HTTP/1.1" status: 200 len: 163 time: 0.0121541
2026-07-14 19:10:14.504 47 INFO eventlet.wsgi.server [-] 10.100.0.9, "GET /2009-04-04/meta-data/public-keys/0/openssh-key HTTP/1.1" status: 200 len: 341 time: 0.0192358
2026-07-14 19:10:14.512 47 INFO eventlet.wsgi.server [-] 10.100.0.3, "GET /2009-04-04/meta-data/public-keys/0/openssh-key HTTP/1.1" status: 200 len: 341 time: 0.0132251
2026-07-14 19:10:14.529 46 INFO eventlet.wsgi.server [-] 10.100.0.9, "GET /2009-04-04/meta-data/instance-id HTTP/1.1" status: 200 len: 146 time: 0.0167992
2026-07-14 19:10:14.538 46 INFO eventlet.wsgi.server [-] 10.100.0.3, "GET /2009-04-04/meta-data/instance-id HTTP/1.1" status: 200 len: 146 time: 0.0167170
2026-07-14 19:10:14.548 46 INFO eventlet.wsgi.server [-] 10.100.0.9, "GET /2009-04-04/meta-data/ami-launch-index HTTP/1.1" status: 200 len: 136 time: 0.0131495
2026-07-14 19:10:14.560 46 INFO eventlet.wsgi.server [-] 10.100.0.3, "GET /2009-04-04/meta-data/ami-launch-index HTTP/1.1" status: 200 len: 136 time: 0.0174608
2026-07-14 19:10:14.567 46 INFO eventlet.wsgi.server [-] 10.100.0.9, "GET /2009-04-04/meta-data/instance-type HTTP/1.1" status: 200 len: 142 time: 0.0135279
2026-07-14 19:10:14.588 47 INFO eventlet.wsgi.server [-] 10.100.0.3, "GET /2009-04-04/meta-data/instance-type HTTP/1.1" status: 200 len: 142 time: 0.0166657
2026-07-14 19:10:14.591 46 INFO eventlet.wsgi.server [-] 10.100.0.9, "GET /2009-04-04/meta-data/local-ipv4 HTTP/1.1" status: 200 len: 146 time: 0.0158515
2026-07-14 19:10:14.608 47 INFO eventlet.wsgi.server [-] 10.100.0.3, "GET /2009-04-04/meta-data/local-ipv4 HTTP/1.1" status: 200 len: 146 time: 0.0108082
2026-07-14 19:10:14.612 46 INFO eventlet.wsgi.server [-] 10.100.0.9, "GET /2009-04-04/meta-data/public-ipv4 HTTP/1.1" status: 200 len: 149 time: 0.0138285
2026-07-14 19:10:14.624 47 INFO eventlet.wsgi.server [-] 10.100.0.3, "GET /2009-04-04/meta-data/public-ipv4 HTTP/1.1" status: 200 len: 149 time: 0.0121617
2026-07-14 19:10:14.635 46 INFO eventlet.wsgi.server [-] 10.100.0.9, "GET /2009-04-04/meta-data/hostname HTTP/1.1" status: 200 len: 200 time: 0.0163627
2026-07-14 19:10:14.648 46 INFO eventlet.wsgi.server [-] 10.100.0.3, "GET /2009-04-04/meta-data/hostname HTTP/1.1" status: 200 len: 192 time: 0.0170627
2026-07-14 19:10:14.659 46 INFO eventlet.wsgi.server [-] 10.100.0.9, "GET /2009-04-04/meta-data/local-hostname HTTP/1.1" status: 200 len: 200 time: 0.0163708
2026-07-14 19:10:14.665 46 INFO eventlet.wsgi.server [-] 10.100.0.3, "GET /2009-04-04/meta-data/local-hostname HTTP/1.1" status: 200 len: 192 time: 0.0115469
2026-07-14 19:10:14.687 46 INFO eventlet.wsgi.server [-] 10.100.0.9, "GET /2009-04-04/user-data HTTP/1.1" status: 200 len: 231 time: 0.0169945
2026-07-14 19:10:14.700 46 INFO eventlet.wsgi.server [-] 10.100.0.3, "GET /2009-04-04/user-data HTTP/1.1" status: 200 len: 231 time: 0.0180330
2026-07-14 19:10:14.711 46 INFO eventlet.wsgi.server [-] 10.100.0.9, "GET /2009-04-04/meta-data/block-device-mapping HTTP/1.1" status: 200 len: 143 time: 0.0152504
2026-07-14 19:10:14.720 46 INFO eventlet.wsgi.server [-] 10.100.0.3, "GET /2009-04-04/meta-data/block-device-mapping HTTP/1.1" status: 200 len: 143 time: 0.0142467
2026-07-14 19:10:14.726 46 INFO eventlet.wsgi.server [-] 10.100.0.9, "GET /2009-04-04/meta-data/block-device-mapping/ami HTTP/1.1" status: 200 len: 138 time: 0.0105200
2026-07-14 19:10:14.746 47 INFO eventlet.wsgi.server [-] 10.100.0.9, "GET /2009-04-04/meta-data/block-device-mapping/root HTTP/1.1" status: 200 len: 143 time: 0.0132840
2026-07-14 19:10:14.749 46 INFO eventlet.wsgi.server [-] 10.100.0.3, "GET /2009-04-04/meta-data/block-device-mapping/ami HTTP/1.1" status: 200 len: 138 time: 0.0210004
2026-07-14 19:10:14.772 47 INFO eventlet.wsgi.server [-] 10.100.0.9, "GET /2009-04-04/meta-data/public-hostname HTTP/1.1" status: 200 len: 200 time: 0.0158203
2026-07-14 19:10:14.773 46 INFO eventlet.wsgi.server [-] 10.100.0.3, "GET /2009-04-04/meta-data/block-device-mapping/root HTTP/1.1" status: 200 len: 143 time: 0.0171719
2026-07-14 19:10:14.795 47 INFO eventlet.wsgi.server [-] 10.100.0.3, "GET /2009-04-04/meta-data/public-hostname HTTP/1.1" status: 200 len: 192 time: 0.0163984
2026-07-14 19:10:14.797 46 INFO eventlet.wsgi.server [-] 10.100.0.9, "GET /2009-04-04/meta-data/placement/availability-zone HTTP/1.1" status: 200 len: 139 time: 0.0181379
2026-07-14 19:10:14.820 47 INFO eventlet.wsgi.server [-] 10.100.0.3, "GET /2009-04-04/meta-data/placement/availability-zone HTTP/1.1" status: 200 len: 139 time: 0.0137246
2026-07-14 19:10:53.580 46 INFO eventlet.wsgi.server [-] 10.100.0.3, "GET /2009-04-04/meta-data/instance-id HTTP/1.1" status: 200 len: 146 time: 0.2474840
2026-07-14 19:10:53.607 46 INFO eventlet.wsgi.server [-] 10.100.0.3, "GET /2009-04-04/meta-data/public-keys HTTP/1.1" status: 200 len: 163 time: 0.0144620
2026-07-14 19:10:53.636 46 INFO eventlet.wsgi.server [-] 10.100.0.3, "GET /2009-04-04/meta-data/public-keys/0/openssh-key HTTP/1.1" status: 200 len: 341 time: 0.0217886
2026-07-14 19:10:53.659 46 INFO eventlet.wsgi.server [-] 10.100.0.3, "GET /2009-04-04/meta-data/instance-id HTTP/1.1" status: 200 len: 146 time: 0.0178545
2026-07-14 19:10:53.681 46 INFO eventlet.wsgi.server [-] 10.100.0.3, "GET /2009-04-04/meta-data/ami-launch-index HTTP/1.1" status: 200 len: 136 time: 0.0107560
2026-07-14 19:10:53.712 46 INFO eventlet.wsgi.server [-] 10.100.0.3, "GET /2009-04-04/meta-data/instance-type HTTP/1.1" status: 200 len: 142 time: 0.0231962
2026-07-14 19:10:53.731 46 INFO eventlet.wsgi.server [-] 10.100.0.3, "GET /2009-04-04/meta-data/local-ipv4 HTTP/1.1" status: 200 len: 146 time: 0.0106518
2026-07-14 19:10:53.763 46 INFO eventlet.wsgi.server [-] 10.100.0.3, "GET /2009-04-04/meta-data/public-ipv4 HTTP/1.1" status: 200 len: 149 time: 0.0220568
2026-07-14 19:10:53.788 46 INFO eventlet.wsgi.server [-] 10.100.0.3, "GET /2009-04-04/meta-data/hostname HTTP/1.1" status: 200 len: 192 time: 0.0154924
2026-07-14 19:10:53.818 47 INFO eventlet.wsgi.server [-] 10.100.0.3, "GET /2009-04-04/meta-data/local-hostname HTTP/1.1" status: 200 len: 192 time: 0.0244672
2026-07-14 19:10:53.841 47 INFO eventlet.wsgi.server [-] 10.100.0.3, "GET /2009-04-04/user-data HTTP/1.1" status: 200 len: 231 time: 0.0149915
2026-07-14 19:10:53.866 46 INFO eventlet.wsgi.server [-] 10.100.0.3, "GET /2009-04-04/meta-data/block-device-mapping HTTP/1.1" status: 200 len: 143 time: 0.0161994
2026-07-14 19:10:53.889 46 INFO eventlet.wsgi.server [-] 10.100.0.3, "GET /2009-04-04/meta-data/block-device-mapping/ami HTTP/1.1" status: 200 len: 138 time: 0.0157921
2026-07-14 19:10:53.907 46 INFO eventlet.wsgi.server [-] 10.100.0.3, "GET /2009-04-04/meta-data/block-device-mapping/root HTTP/1.1" status: 200 len: 143 time: 0.0130768
2026-07-14 19:10:53.936 47 INFO eventlet.wsgi.server [-] 10.100.0.3, "GET /2009-04-04/meta-data/public-hostname HTTP/1.1" status: 200 len: 192 time: 0.0219657
2026-07-14 19:10:53.957 46 INFO eventlet.wsgi.server [-] 10.100.0.3, "GET /2009-04-04/meta-data/placement/availability-zone HTTP/1.1" status: 200 len: 139 time: 0.0132928
2026-07-14 19:11:55.022 47 ERROR neutron.agent.metadata.agent [-] No port found in network None with IP address 169.254.169.254
2026-07-14 19:11:55.023 47 INFO eventlet.wsgi.server [-] 169.254.169.254, "GET / HTTP/1.1" status: 404 len: 176 time: 0.0061083
2026-07-14 19:13:06.937 46 INFO eventlet.wsgi.server [-] 10.100.0.12, "GET /latest/meta-data/public-ipv4 HTTP/1.1" status: 200 len: 149 time: 0.6861429
2026-07-14 19:13:07.343 47 INFO eventlet.wsgi.server [-] 10.100.0.12, "POST /openstack/2013-10-17/password HTTP/1.1" status: 200 len: 134 time: 0.3323674
2026-07-14 19:13:36.457 46 INFO eventlet.wsgi.server [-] 10.100.0.5, "GET /2009-04-04/meta-data/instance-id HTTP/1.1" status: 200 len: 146 time: 0.8257098
2026-07-14 19:13:36.483 47 INFO eventlet.wsgi.server [-] 10.100.0.5, "GET /2009-04-04/meta-data/public-keys HTTP/1.1" status: 200 len: 176 time: 0.0163035
2026-07-14 19:13:36.500 47 INFO eventlet.wsgi.server [-] 10.100.0.5, "GET /2009-04-04/meta-data/public-keys/0/openssh-key HTTP/1.1" status: 200 len: 341 time: 0.0105917
2026-07-14 19:13:36.521 47 INFO eventlet.wsgi.server [-] 10.100.0.5, "GET /2009-04-04/meta-data/instance-id HTTP/1.1" status: 200 len: 146 time: 0.0119760
2026-07-14 19:13:36.540 47 INFO eventlet.wsgi.server [-] 10.100.0.5, "GET /2009-04-04/meta-data/ami-launch-index HTTP/1.1" status: 200 len: 136 time: 0.0123937
2026-07-14 19:13:36.560 46 INFO eventlet.wsgi.server [-] 10.100.0.5, "GET /2009-04-04/meta-data/instance-type HTTP/1.1" status: 200 len: 142 time: 0.0132160
2026-07-14 19:13:36.576 47 INFO eventlet.wsgi.server [-] 10.100.0.5, "GET /2009-04-04/meta-data/local-ipv4 HTTP/1.1" status: 200 len: 146 time: 0.0108347
2026-07-14 19:13:36.596 47 INFO eventlet.wsgi.server [-] 10.100.0.5, "GET /2009-04-04/meta-data/public-ipv4 HTTP/1.1" status: 200 len: 149 time: 0.0131710
2026-07-14 19:13:36.616 47 INFO eventlet.wsgi.server [-] 10.100.0.5, "GET /2009-04-04/meta-data/hostname HTTP/1.1" status: 200 len: 190 time: 0.0112705
2026-07-14 19:13:36.637 47 INFO eventlet.wsgi.server [-] 10.100.0.5, "GET /2009-04-04/meta-data/local-hostname HTTP/1.1" status: 200 len: 190 time: 0.0126379
2026-07-14 19:13:36.673 46 INFO neutron.agent.metadata.proxy_base [-] The instance: 91aa711b-856c-40da-9671-9c8bdeea398d is not present anymore, skipping cache...
2026-07-14 19:13:37.195 46 INFO eventlet.wsgi.server [-] 10.100.0.5, "GET /2009-04-04/user-data HTTP/1.1" status: 404 len: 297 time: 0.5329063
2026-07-14 19:13:37.222 46 INFO eventlet.wsgi.server [-] 10.100.0.5, "GET /2009-04-04/meta-data/block-device-mapping HTTP/1.1" status: 200 len: 143 time: 0.0139277
2026-07-14 19:13:37.249 47 INFO eventlet.wsgi.server [-] 10.100.0.5, "GET /2009-04-04/meta-data/block-device-mapping/ami HTTP/1.1" status: 200 len: 138 time: 0.0221310
2026-07-14 19:13:37.268 47 INFO eventlet.wsgi.server [-] 10.100.0.5, "GET /2009-04-04/meta-data/block-device-mapping/root HTTP/1.1" status: 200 len: 143 time: 0.0120614
2026-07-14 19:13:37.285 47 INFO eventlet.wsgi.server [-] 10.100.0.5, "GET /2009-04-04/meta-data/public-hostname HTTP/1.1" status: 200 len: 190 time: 0.0112092
2026-07-14 19:13:37.305 47 INFO eventlet.wsgi.server [-] 10.100.0.5, "GET /2009-04-04/meta-data/placement/availability-zone HTTP/1.1" status: 200 len: 139 time: 0.0116293
2026-07-14 19:14:08.992 46 INFO eventlet.wsgi.server [-] 10.100.0.9, "GET /2009-04-04/meta-data/instance-id HTTP/1.1" status: 200 len: 146 time: 0.6849828
2026-07-14 19:14:09.021 47 INFO eventlet.wsgi.server [-] 10.100.0.9, "GET /2009-04-04/meta-data/public-keys HTTP/1.1" status: 200 len: 176 time: 0.0196991
2026-07-14 19:14:09.038 47 INFO eventlet.wsgi.server [-] 10.100.0.9, "GET /2009-04-04/meta-data/public-keys/0/openssh-key HTTP/1.1" status: 200 len: 341 time: 0.0112011
2026-07-14 19:14:09.056 47 INFO eventlet.wsgi.server [-] 10.100.0.9, "GET /2009-04-04/meta-data/instance-id HTTP/1.1" status: 200 len: 146 time: 0.0123031
2026-07-14 19:14:09.073 47 INFO eventlet.wsgi.server [-] 10.100.0.9, "GET /2009-04-04/meta-data/ami-launch-index HTTP/1.1" status: 200 len: 136 time: 0.0107698
2026-07-14 19:14:09.090 47 INFO eventlet.wsgi.server [-] 10.100.0.9, "GET /2009-04-04/meta-data/instance-type HTTP/1.1" status: 200 len: 142 time: 0.0112908
2026-07-14 19:14:09.106 47 INFO eventlet.wsgi.server [-] 10.100.0.9, "GET /2009-04-04/meta-data/local-ipv4 HTTP/1.1" status: 200 len: 146 time: 0.0115018
2026-07-14 19:14:09.123 47 INFO eventlet.wsgi.server [-] 10.100.0.9, "GET /2009-04-04/meta-data/public-ipv4 HTTP/1.1" status: 200 len: 149 time: 0.0112913
2026-07-14 19:14:09.141 47 INFO eventlet.wsgi.server [-] 10.100.0.9, "GET /2009-04-04/meta-data/hostname HTTP/1.1" status: 200 len: 190 time: 0.0117080
2026-07-14 19:14:09.157 46 INFO eventlet.wsgi.server [-] 10.100.0.9, "GET /2009-04-04/meta-data/local-hostname HTTP/1.1" status: 200 len: 190 time: 0.0100117
2026-07-14 19:14:09.176 47 INFO neutron.agent.metadata.proxy_base [-] The instance: 049d4aee-5d35-49bd-96e3-adf9252477b9 is not present anymore, skipping cache...
2026-07-14 19:14:09.691 47 INFO eventlet.wsgi.server [-] 10.100.0.9, "GET /2009-04-04/user-data HTTP/1.1" status: 404 len: 297 time: 0.5278971
2026-07-14 19:14:09.717 47 INFO eventlet.wsgi.server [-] 10.100.0.9, "GET /2009-04-04/meta-data/block-device-mapping HTTP/1.1" status: 200 len: 143 time: 0.0128055
2026-07-14 19:14:09.741 47 INFO eventlet.wsgi.server [-] 10.100.0.9, "GET /2009-04-04/meta-data/block-device-mapping/ami HTTP/1.1" status: 200 len: 138 time: 0.0176337
2026-07-14 19:14:09.770 47 INFO eventlet.wsgi.server [-] 10.100.0.9, "GET /2009-04-04/meta-data/block-device-mapping/root HTTP/1.1" status: 200 len: 143 time: 0.0219150
2026-07-14 19:14:09.795 47 INFO eventlet.wsgi.server [-] 10.100.0.9, "GET /2009-04-04/meta-data/public-hostname HTTP/1.1" status: 200 len: 190 time: 0.0177665
2026-07-14 19:14:09.817 47 INFO eventlet.wsgi.server [-] 10.100.0.9, "GET /2009-04-04/meta-data/placement/availability-zone HTTP/1.1" status: 200 len: 139 time: 0.0132270
2026-07-14 19:14:25.042 47 ERROR neutron.agent.metadata.agent [-] No port found in network None with IP address 169.254.169.254
2026-07-14 19:14:25.042 47 INFO eventlet.wsgi.server [-] 169.254.169.254, "GET / HTTP/1.1" status: 404 len: 176 time: 0.0067637
2026-07-14 19:14:53.259 47 INFO eventlet.wsgi.server [-] 10.2.1.165, "GET /2009-04-04/meta-data/instance-id HTTP/1.1" status: 200 len: 146 time: 0.7489283
2026-07-14 19:14:53.286 47 INFO eventlet.wsgi.server [-] 10.2.1.165, "GET /2009-04-04/meta-data/public-keys HTTP/1.1" status: 200 len: 173 time: 0.0148335
2026-07-14 19:14:53.304 47 INFO eventlet.wsgi.server [-] 10.2.1.165, "GET /2009-04-04/meta-data/public-keys/0/openssh-key HTTP/1.1" status: 200 len: 341 time: 0.0126181
2026-07-14 19:14:53.323 47 INFO eventlet.wsgi.server [-] 10.2.1.165, "GET /2009-04-04/meta-data/instance-id HTTP/1.1" status: 200 len: 146 time: 0.0131307
2026-07-14 19:14:53.345 47 INFO eventlet.wsgi.server [-] 10.2.1.165, "GET /2009-04-04/meta-data/ami-launch-index HTTP/1.1" status: 200 len: 136 time: 0.0154634
2026-07-14 19:14:53.371 46 INFO eventlet.wsgi.server [-] 10.2.1.165, "GET /2009-04-04/meta-data/instance-type HTTP/1.1" status: 200 len: 142 time: 0.0203414
2026-07-14 19:14:53.395 46 INFO eventlet.wsgi.server [-] 10.2.1.165, "GET /2009-04-04/meta-data/local-ipv4 HTTP/1.1" status: 200 len: 146 time: 0.0146134
2026-07-14 19:14:53.414 46 INFO eventlet.wsgi.server [-] 10.2.1.165, "GET /2009-04-04/meta-data/public-ipv4 HTTP/1.1" status: 200 len: 149 time: 0.0126870
2026-07-14 19:14:53.432 46 INFO eventlet.wsgi.server [-] 10.2.1.165, "GET /2009-04-04/meta-data/hostname HTTP/1.1" status: 200 len: 185 time: 0.0115693
2026-07-14 19:14:53.496 47 INFO eventlet.wsgi.server [-] 10.2.1.165, "GET /2009-04-04/meta-data/local-hostname HTTP/1.1" status: 200 len: 185 time: 0.0337932
2026-07-14 19:14:53.517 47 INFO neutron.agent.metadata.proxy_base [-] The instance: bdbfcbd7-eaf0-4db1-a5da-0d501647899e is not present anymore, skipping cache...
2026-07-14 19:14:54.028 47 INFO eventlet.wsgi.server [-] 10.2.1.165, "GET /2009-04-04/user-data HTTP/1.1" status: 404 len: 297 time: 0.5258996
2026-07-14 19:14:54.050 47 INFO eventlet.wsgi.server [-] 10.2.1.165, "GET /2009-04-04/meta-data/block-device-mapping HTTP/1.1" status: 200 len: 143 time: 0.0111878
2026-07-14 19:14:54.066 47 INFO eventlet.wsgi.server [-] 10.2.1.165, "GET /2009-04-04/meta-data/block-device-mapping/ami HTTP/1.1" status: 200 len: 138 time: 0.0104082
2026-07-14 19:14:54.083 47 INFO eventlet.wsgi.server [-] 10.2.1.165, "GET /2009-04-04/meta-data/block-device-mapping/root HTTP/1.1" status: 200 len: 143 time: 0.0117671
2026-07-14 19:14:54.099 47 INFO eventlet.wsgi.server [-] 10.2.1.165, "GET /2009-04-04/meta-data/public-hostname HTTP/1.1" status: 200 len: 185 time: 0.0107861
2026-07-14 19:14:54.116 47 INFO eventlet.wsgi.server [-] 10.2.1.165, "GET /2009-04-04/meta-data/placement/availability-zone HTTP/1.1" status: 200 len: 139 time: 0.0111852
2026-07-14 19:15:06.028 46 ERROR neutron.agent.metadata.agent [-] No port found in network None with IP address 169.254.169.254
2026-07-14 19:15:06.030 46 INFO eventlet.wsgi.server [-] 169.254.169.254, "GET / HTTP/1.1" status: 404 len: 176 time: 1.0146358
2026-07-14 19:15:09.204 47 INFO eventlet.wsgi.server [-] 10.2.2.29, "GET /2009-04-04/meta-data/instance-id HTTP/1.1" status: 200 len: 146 time: 0.6550376
2026-07-14 19:15:09.225 47 INFO eventlet.wsgi.server [-] 10.2.2.29, "GET /2009-04-04/meta-data/public-keys HTTP/1.1" status: 200 len: 173 time: 0.0101480
2026-07-14 19:15:09.242 47 INFO eventlet.wsgi.server [-] 10.2.2.29, "GET /2009-04-04/meta-data/public-keys/0/openssh-key HTTP/1.1" status: 200 len: 341 time: 0.0109496
2026-07-14 19:15:09.260 47 INFO eventlet.wsgi.server [-] 10.2.2.29, "GET /2009-04-04/meta-data/instance-id HTTP/1.1" status: 200 len: 146 time: 0.0106905
2026-07-14 19:15:09.277 47 INFO eventlet.wsgi.server [-] 10.2.2.29, "GET /2009-04-04/meta-data/ami-launch-index HTTP/1.1" status: 200 len: 136 time: 0.0113530
2026-07-14 19:15:09.295 46 INFO eventlet.wsgi.server [-] 10.2.2.29, "GET /2009-04-04/meta-data/instance-type HTTP/1.1" status: 200 len: 142 time: 0.0113809
2026-07-14 19:15:09.312 46 INFO eventlet.wsgi.server [-] 10.2.2.29, "GET /2009-04-04/meta-data/local-ipv4 HTTP/1.1" status: 200 len: 144 time: 0.0103953
2026-07-14 19:15:09.331 46 INFO eventlet.wsgi.server [-] 10.2.2.29, "GET /2009-04-04/meta-data/public-ipv4 HTTP/1.1" status: 200 len: 149 time: 0.0116045
2026-07-14 19:15:09.351 47 INFO eventlet.wsgi.server [-] 10.2.2.29, "GET /2009-04-04/meta-data/hostname HTTP/1.1" status: 200 len: 183 time: 0.0125110
2026-07-14 19:15:09.380 47 INFO eventlet.wsgi.server [-] 10.2.2.29, "GET /2009-04-04/meta-data/local-hostname HTTP/1.1" status: 200 len: 183 time: 0.0118299
2026-07-14 19:15:09.399 47 INFO neutron.agent.metadata.proxy_base [-] The instance: d397ade5-affd-4858-834f-6830e82ebf23 is not present anymore, skipping cache...
2026-07-14 19:15:09.911 47 INFO eventlet.wsgi.server [-] 10.2.2.29, "GET /2009-04-04/user-data HTTP/1.1" status: 404 len: 297 time: 0.5238204
2026-07-14 19:15:09.936 47 INFO eventlet.wsgi.server [-] 10.2.2.29, "GET /2009-04-04/meta-data/block-device-mapping HTTP/1.1" status: 200 len: 143 time: 0.0104523
2026-07-14 19:15:09.970 47 INFO eventlet.wsgi.server [-] 10.2.2.29, "GET /2009-04-04/meta-data/block-device-mapping/ami HTTP/1.1" status: 200 len: 138 time: 0.0280051
2026-07-14 19:15:09.987 47 INFO eventlet.wsgi.server [-] 10.2.2.29, "GET /2009-04-04/meta-data/block-device-mapping/root HTTP/1.1" status: 200 len: 143 time: 0.0110300
2026-07-14 19:15:10.005 47 INFO eventlet.wsgi.server [-] 10.2.2.29, "GET /2009-04-04/meta-data/public-hostname HTTP/1.1" status: 200 len: 183 time: 0.0122814
2026-07-14 19:15:10.028 47 INFO eventlet.wsgi.server [-] 10.2.2.29, "GET /2009-04-04/meta-data/placement/availability-zone HTTP/1.1" status: 200 len: 139 time: 0.0143347
2026-07-14 19:18:15.001 47 ERROR neutron.agent.metadata.agent [-] No port found in network None with IP address 169.254.169.254
2026-07-14 19:18:15.002 47 INFO eventlet.wsgi.server [-] 169.254.169.254, "GET / HTTP/1.1" status: 404 len: 176 time: 0.0101612
2026-07-14 19:21:25.137 46 ERROR neutron.agent.metadata.agent [-] No port found in network None with IP address 169.254.169.254
2026-07-14 19:21:25.137 46 INFO eventlet.wsgi.server [-] 169.254.169.254, "GET / HTTP/1.1" status: 404 len: 176 time: 0.0048349
2026-07-14 19:24:24.972 47 ERROR neutron.agent.metadata.agent [-] No port found in network None with IP address 169.254.169.254
2026-07-14 19:24:24.973 47 INFO eventlet.wsgi.server [-] 169.254.169.254, "GET / HTTP/1.1" status: 404 len: 176 time: 0.0057862