2026-07-14 19:12:43.327 8 INFO placement.requestlog [req-ade82e93-de9e-4e87-ae8b-82fc7d53bd3a req-a8c9029c-0eb2-41dd-bb0e-cc3d80eb7a0f 3b6f7259802e4b84a9609d36aa3ac445 4a715d3db94548e89aad8873774c47d7 - - 8d436ad36a8e4aa5a5b7753161e93d6c 8d436ad36a8e4aa5a5b7753161e93d6c] 10.0.0.186 "GET /allocations/14c3d7ea-460d-4ce2-8856-a0cff4c48936" status: 200 len: 19 microversion: 1.28 [pid: 8|app: 0|req: 548/1096] 10.0.0.186 () {34 vars in 860 bytes} [Tue Jul 14 19:12:43 2026] GET /allocations/14c3d7ea-460d-4ce2-8856-a0cff4c48936 => generated 19 bytes in 10 msecs (HTTP/1.1 200) 8 headers in 295 bytes (1 switches on core 0)
2026-07-14 19:12:43.397 7 INFO placement.requestlog [req-ade82e93-de9e-4e87-ae8b-82fc7d53bd3a req-dd028f94-6ee6-4f49-9b03-f55b06095180 3b6f7259802e4b84a9609d36aa3ac445 4a715d3db94548e89aad8873774c47d7 - - 8d436ad36a8e4aa5a5b7753161e93d6c 8d436ad36a8e4aa5a5b7753161e93d6c] 10.0.0.186 "PUT /allocations/14c3d7ea-460d-4ce2-8856-a0cff4c48936" status: 204 len: 0 microversion: 1.36 [pid: 7|app: 0|req: 549/1097] 10.0.0.186 () {38 vars in 913 bytes} [Tue Jul 14 19:12:43 2026] PUT /allocations/14c3d7ea-460d-4ce2-8856-a0cff4c48936 => generated 0 bytes in 64 msecs (HTTP/1.1 204) 5 headers in 199 bytes (1 switches on core 0)
2026-07-14 19:12:44.200 8 INFO placement.requestlog [req-48b7ec78-ef34-4292-aa34-eb4d65cf0489 req-106c9786-3d70-4830-af25-c99bbc487dab 3b6f7259802e4b84a9609d36aa3ac445 4a715d3db94548e89aad8873774c47d7 - - 8d436ad36a8e4aa5a5b7753161e93d6c 8d436ad36a8e4aa5a5b7753161e93d6c] 199.19.213.177 "GET /resource_providers/0654ba2f-ad24-464d-b20d-811a8d06c5ef/allocations" status: 200 len: 253 microversion: 1.0 [pid: 8|app: 0|req: 549/1098] 199.19.213.177 () {32 vars in 856 bytes} [Tue Jul 14 19:12:44 2026] GET /resource_providers/0654ba2f-ad24-464d-b20d-811a8d06c5ef/allocations => generated 253 bytes in 18 msecs (HTTP/1.1 200) 6 headers in 224 bytes (1 switches on core 0)
2026-07-14 19:12:44.221 7 INFO placement.requestlog [req-48b7ec78-ef34-4292-aa34-eb4d65cf0489 req-13498829-5dd0-411a-bd43-402cea834f65 3b6f7259802e4b84a9609d36aa3ac445 4a715d3db94548e89aad8873774c47d7 - - 8d436ad36a8e4aa5a5b7753161e93d6c 8d436ad36a8e4aa5a5b7753161e93d6c] 199.19.213.177 "GET /allocations/9d4e7cad-613a-4c68-8f22-2d94dcaf09cf" status: 200 len: 258 microversion: 1.28 [pid: 7|app: 0|req: 550/1099] 199.19.213.177 () {34 vars in 862 bytes} [Tue Jul 14 19:12:44 2026] GET /allocations/9d4e7cad-613a-4c68-8f22-2d94dcaf09cf => generated 258 bytes in 12 msecs (HTTP/1.1 200) 8 headers in 296 bytes (1 switches on core 0)
2026-07-14 19:12:44.241 8 INFO placement.requestlog [req-48b7ec78-ef34-4292-aa34-eb4d65cf0489 req-9f63c898-b688-4c47-b874-bb302a180c33 3b6f7259802e4b84a9609d36aa3ac445 4a715d3db94548e89aad8873774c47d7 - - 8d436ad36a8e4aa5a5b7753161e93d6c 8d436ad36a8e4aa5a5b7753161e93d6c] 199.19.213.177 "GET /allocations/14c3d7ea-460d-4ce2-8856-a0cff4c48936" status: 200 len: 258 microversion: 1.28 [pid: 8|app: 0|req: 550/1100] 199.19.213.177 () {34 vars in 862 bytes} [Tue Jul 14 19:12:44 2026] GET /allocations/14c3d7ea-460d-4ce2-8856-a0cff4c48936 => generated 258 bytes in 13 msecs (HTTP/1.1 200) 8 headers in 296 bytes (1 switches on core 0)
2026-07-14 19:12:44.946 7 INFO placement.requestlog [req-ade82e93-de9e-4e87-ae8b-82fc7d53bd3a req-e06542a4-8cc7-42bd-9c33-9c9ec717664d 3b6f7259802e4b84a9609d36aa3ac445 4a715d3db94548e89aad8873774c47d7 - - 8d436ad36a8e4aa5a5b7753161e93d6c 8d436ad36a8e4aa5a5b7753161e93d6c] 199.19.213.177 "GET /allocations/14c3d7ea-460d-4ce2-8856-a0cff4c48936" status: 200 len: 258 microversion: 1.28 [pid: 7|app: 0|req: 551/1101] 199.19.213.177 () {34 vars in 862 bytes} [Tue Jul 14 19:12:44 2026] GET /allocations/14c3d7ea-460d-4ce2-8856-a0cff4c48936 => generated 258 bytes in 17 msecs (HTTP/1.1 200) 8 headers in 296 bytes (1 switches on core 0)
2026-07-14 19:12:45.301 8 INFO placement.requestlog [req-48b7ec78-ef34-4292-aa34-eb4d65cf0489 req-327158cb-934f-4e5d-8b1c-0c0d4235f132 3b6f7259802e4b84a9609d36aa3ac445 4a715d3db94548e89aad8873774c47d7 - - 8d436ad36a8e4aa5a5b7753161e93d6c 8d436ad36a8e4aa5a5b7753161e93d6c] 199.19.213.177 "DELETE /allocations/9d4e7cad-613a-4c68-8f22-2d94dcaf09cf" status: 204 len: 0 microversion: 1.0 [pid: 8|app: 0|req: 551/1102] 199.19.213.177 () {34 vars in 840 bytes} [Tue Jul 14 19:12:45 2026] DELETE /allocations/9d4e7cad-613a-4c68-8f22-2d94dcaf09cf => generated 0 bytes in 37 msecs (HTTP/1.1 204) 5 headers in 198 bytes (1 switches on core 0)
2026-07-14 19:12:45.673 8 INFO placement.requestlog [None req-11580739-c1e3-4da1-b0a4-3c9c06a8c1fc 585f380bb259437c9eb22a12f9d28684 4a715d3db94548e89aad8873774c47d7 - - 8d436ad36a8e4aa5a5b7753161e93d6c 8d436ad36a8e4aa5a5b7753161e93d6c] 10.0.0.100 "GET /resource_providers/72672b27-e8d3-4059-b267-5e715b23211a/aggregates" status: 404 len: 235 microversion: 1.1 [pid: 8|app: 0|req: 552/1103] 10.0.0.100 () {32 vars in 815 bytes} [Tue Jul 14 19:12:45 2026] GET /resource_providers/72672b27-e8d3-4059-b267-5e715b23211a/aggregates => generated 235 bytes in 12 msecs (HTTP/1.1 404) 5 headers in 202 bytes (1 switches on core 0)
2026-07-14 19:12:45.676 7 INFO placement.requestlog [None req-bbe746c8-20ab-42bb-8c21-08186580807f 585f380bb259437c9eb22a12f9d28684 4a715d3db94548e89aad8873774c47d7 - - 8d436ad36a8e4aa5a5b7753161e93d6c 8d436ad36a8e4aa5a5b7753161e93d6c] 10.0.0.100 "GET /resource_providers/72672b27-e8d3-4059-b267-5e715b23211a/aggregates" status: 404 len: 235 microversion: 1.1 [pid: 7|app: 0|req: 552/1104] 10.0.0.100 () {32 vars in 815 bytes} [Tue Jul 14 19:12:45 2026] GET /resource_providers/72672b27-e8d3-4059-b267-5e715b23211a/aggregates => generated 235 bytes in 14 msecs (HTTP/1.1 404) 5 headers in 202 bytes (1 switches on core 0)
2026-07-14 19:12:45.695 8 INFO placement.requestlog [None req-1b667430-724b-4e79-b0d0-5ef48c7ce5fe 585f380bb259437c9eb22a12f9d28684 4a715d3db94548e89aad8873774c47d7 - - 8d436ad36a8e4aa5a5b7753161e93d6c 8d436ad36a8e4aa5a5b7753161e93d6c] 10.0.0.100 "DELETE /resource_providers/72672b27-e8d3-4059-b267-5e715b23211a" status: 404 len: 246 microversion: 1.1 [pid: 8|app: 0|req: 553/1105] 10.0.0.100 () {34 vars in 815 bytes} [Tue Jul 14 19:12:45 2026] DELETE /resource_providers/72672b27-e8d3-4059-b267-5e715b23211a => generated 246 bytes in 9 msecs (HTTP/1.1 404) 6 headers in 231 bytes (1 switches on core 0)
2026-07-14 19:12:45.695 7 INFO placement.requestlog [None req-41b4ccb6-06ce-494a-90e8-77e7fe53c2ff 585f380bb259437c9eb22a12f9d28684 4a715d3db94548e89aad8873774c47d7 - - 8d436ad36a8e4aa5a5b7753161e93d6c 8d436ad36a8e4aa5a5b7753161e93d6c] 10.0.0.100 "DELETE /resource_providers/72672b27-e8d3-4059-b267-5e715b23211a" status: 404 len: 246 microversion: 1.1 [pid: 7|app: 0|req: 553/1106] 10.0.0.100 () {34 vars in 815 bytes} [Tue Jul 14 19:12:45 2026] DELETE /resource_providers/72672b27-e8d3-4059-b267-5e715b23211a => generated 246 bytes in 9 msecs (HTTP/1.1 404) 6 headers in 231 bytes (1 switches on core 0)
2026-07-14 19:12:46.226 8 INFO placement.requestlog [None req-e5c7c74b-c389-4626-a993-99343d69c755 - - - - - -] 10.0.0.80 "GET /" status: 200 len: 136 microversion: 1.0
2026-07-14 19:12:46.226 7 INFO placement.requestlog [None req-48657784-4721-4f53-a8dc-3c0ee6d55a6b - - - - - -] 10.0.0.80 "GET /" status: 200 len: 136 microversion: 1.0
2026-07-14 19:12:46.313 8 INFO placement.requestlog [req-ade82e93-de9e-4e87-ae8b-82fc7d53bd3a req-09a2c0b4-82f3-4486-98e5-9a9bcde2ebfd 3b6f7259802e4b84a9609d36aa3ac445 4a715d3db94548e89aad8873774c47d7 - - 8d436ad36a8e4aa5a5b7753161e93d6c 8d436ad36a8e4aa5a5b7753161e93d6c] 199.19.213.177 "GET /resource_providers/0654ba2f-ad24-464d-b20d-811a8d06c5ef/allocations" status: 200 len: 153 microversion: 1.0 [pid: 8|app: 0|req: 555/1109] 199.19.213.177 () {32 vars in 856 bytes} [Tue Jul 14 19:12:46 2026] GET /resource_providers/0654ba2f-ad24-464d-b20d-811a8d06c5ef/allocations => generated 153 bytes in 27 msecs (HTTP/1.1 200) 6 headers in 224 bytes (1 switches on core 0)
2026-07-14 19:12:46.338 7 INFO placement.requestlog [req-ade82e93-de9e-4e87-ae8b-82fc7d53bd3a req-af923ef7-db4b-474b-8a59-234055454cc2 3b6f7259802e4b84a9609d36aa3ac445 4a715d3db94548e89aad8873774c47d7 - - 8d436ad36a8e4aa5a5b7753161e93d6c 8d436ad36a8e4aa5a5b7753161e93d6c] 199.19.213.177 "GET /allocations/14c3d7ea-460d-4ce2-8856-a0cff4c48936" status: 200 len: 258 microversion: 1.28 [pid: 7|app: 0|req: 555/1110] 199.19.213.177 () {34 vars in 862 bytes} [Tue Jul 14 19:12:46 2026] GET /allocations/14c3d7ea-460d-4ce2-8856-a0cff4c48936 => generated 258 bytes in 19 msecs (HTTP/1.1 200) 8 headers in 296 bytes (1 switches on core 0)
2026-07-14 19:12:50.490 8 INFO placement.requestlog [None req-e48e695c-5ee0-40cc-9307-786880a4900f 585f380bb259437c9eb22a12f9d28684 4a715d3db94548e89aad8873774c47d7 - - 8d436ad36a8e4aa5a5b7753161e93d6c 8d436ad36a8e4aa5a5b7753161e93d6c] 10.0.0.100 "GET /resource_providers/0baaa545-626e-41ba-88aa-5190cedac147/aggregates" status: 404 len: 235 microversion: 1.1 [pid: 8|app: 0|req: 556/1111] 10.0.0.100 () {32 vars in 815 bytes} [Tue Jul 14 19:12:50 2026] GET /resource_providers/0baaa545-626e-41ba-88aa-5190cedac147/aggregates => generated 235 bytes in 10 msecs (HTTP/1.1 404) 5 headers in 202 bytes (1 switches on core 0)
2026-07-14 19:12:50.494 7 INFO placement.requestlog [None req-cdf30d78-b30a-4e7b-9046-eabfa9a73233 585f380bb259437c9eb22a12f9d28684 4a715d3db94548e89aad8873774c47d7 - - 8d436ad36a8e4aa5a5b7753161e93d6c 8d436ad36a8e4aa5a5b7753161e93d6c] 10.0.0.100 "GET /resource_providers/0baaa545-626e-41ba-88aa-5190cedac147/aggregates" status: 404 len: 235 microversion: 1.1 [pid: 7|app: 0|req: 556/1112] 10.0.0.100 () {32 vars in 815 bytes} [Tue Jul 14 19:12:50 2026] GET /resource_providers/0baaa545-626e-41ba-88aa-5190cedac147/aggregates => generated 235 bytes in 14 msecs (HTTP/1.1 404) 5 headers in 202 bytes (1 switches on core 0)
2026-07-14 19:12:50.507 8 INFO placement.requestlog [None req-6121672c-26e9-4ef9-ae80-ae787a821215 585f380bb259437c9eb22a12f9d28684 4a715d3db94548e89aad8873774c47d7 - - 8d436ad36a8e4aa5a5b7753161e93d6c 8d436ad36a8e4aa5a5b7753161e93d6c] 10.0.0.100 "DELETE /resource_providers/0baaa545-626e-41ba-88aa-5190cedac147" status: 404 len: 246 microversion: 1.1 [pid: 8|app: 0|req: 557/1113] 10.0.0.100 () {34 vars in 815 bytes} [Tue Jul 14 19:12:50 2026] DELETE /resource_providers/0baaa545-626e-41ba-88aa-5190cedac147 => generated 246 bytes in 10 msecs (HTTP/1.1 404) 6 headers in 231 bytes (1 switches on core 0)
2026-07-14 19:12:50.518 7 INFO placement.requestlog [None req-772dce1b-cdbe-45d8-bb3c-715d5cc63d1d 585f380bb259437c9eb22a12f9d28684 4a715d3db94548e89aad8873774c47d7 - - 8d436ad36a8e4aa5a5b7753161e93d6c 8d436ad36a8e4aa5a5b7753161e93d6c] 10.0.0.100 "DELETE /resource_providers/0baaa545-626e-41ba-88aa-5190cedac147" status: 404 len: 246 microversion: 1.1 [pid: 7|app: 0|req: 557/1114] 10.0.0.100 () {34 vars in 815 bytes} [Tue Jul 14 19:12:50 2026] DELETE /resource_providers/0baaa545-626e-41ba-88aa-5190cedac147 => generated 246 bytes in 13 msecs (HTTP/1.1 404) 6 headers in 231 bytes (1 switches on core 0)
2026-07-14 19:12:51.096 7 INFO placement.requestlog [None req-964dbcaf-97c5-462e-9a35-edd510064c11 585f380bb259437c9eb22a12f9d28684 4a715d3db94548e89aad8873774c47d7 - - 8d436ad36a8e4aa5a5b7753161e93d6c 8d436ad36a8e4aa5a5b7753161e93d6c] 10.0.0.100 "GET /resource_providers/e5321069-6185-42bf-84e7-6f04ddcb31f7/aggregates" status: 404 len: 235 microversion: 1.1
2026-07-14 19:12:51.097 8 INFO placement.requestlog [None req-f2f5816d-5348-4d1d-9706-b581b2688654 585f380bb259437c9eb22a12f9d28684 4a715d3db94548e89aad8873774c47d7 - - 8d436ad36a8e4aa5a5b7753161e93d6c 8d436ad36a8e4aa5a5b7753161e93d6c] 10.0.0.100 "GET /resource_providers/e5321069-6185-42bf-84e7-6f04ddcb31f7/aggregates" status: 404 len: 235 microversion: 1.1 [pid: 7|app: 0|req: 558/1115] 10.0.0.100 () {32 vars in 815 bytes} [Tue Jul 14 19:12:51 2026] GET /resource_providers/e5321069-6185-42bf-84e7-6f04ddcb31f7/aggregates => generated 235 bytes in 11 msecs (HTTP/1.1 404) 5 headers in 202 bytes (1 switches on core 0) [pid: 8|app: 0|req: 558/1116] 10.0.0.100 () {32 vars in 815 bytes} [Tue Jul 14 19:12:51 2026] GET /resource_providers/e5321069-6185-42bf-84e7-6f04ddcb31f7/aggregates => generated 235 bytes in 12 msecs (HTTP/1.1 404) 5 headers in 202 bytes (1 switches on core 0)
2026-07-14 19:12:51.117 7 INFO placement.requestlog [None req-c59136f5-3612-47d2-be8f-7de99b1a4132 585f380bb259437c9eb22a12f9d28684 4a715d3db94548e89aad8873774c47d7 - - 8d436ad36a8e4aa5a5b7753161e93d6c 8d436ad36a8e4aa5a5b7753161e93d6c] 10.0.0.100 "DELETE /resource_providers/e5321069-6185-42bf-84e7-6f04ddcb31f7" status: 404 len: 246 microversion: 1.1 [pid: 7|app: 0|req: 559/1117] 10.0.0.100 () {34 vars in 815 bytes} [Tue Jul 14 19:12:51 2026] DELETE /resource_providers/e5321069-6185-42bf-84e7-6f04ddcb31f7 => generated 246 bytes in 10 msecs (HTTP/1.1 404) 6 headers in 231 bytes (1 switches on core 0)
2026-07-14 19:12:51.121 8 INFO placement.requestlog [None req-93374fa8-1d6e-4763-bf8d-dfeb2288714a 585f380bb259437c9eb22a12f9d28684 4a715d3db94548e89aad8873774c47d7 - - 8d436ad36a8e4aa5a5b7753161e93d6c 8d436ad36a8e4aa5a5b7753161e93d6c] 10.0.0.100 "DELETE /resource_providers/e5321069-6185-42bf-84e7-6f04ddcb31f7" status: 404 len: 246 microversion: 1.1 [pid: 8|app: 0|req: 559/1118] 10.0.0.100 () {34 vars in 815 bytes} [Tue Jul 14 19:12:51 2026] DELETE /resource_providers/e5321069-6185-42bf-84e7-6f04ddcb31f7 => generated 246 bytes in 13 msecs (HTTP/1.1 404) 6 headers in 231 bytes (1 switches on core 0)
2026-07-14 19:12:53.080 7 INFO placement.requestlog [req-e94c77fe-5ccc-40fc-b424-db0f0ca0c95b req-282086e7-cb2f-4bac-bf1b-1a7172c03a10 3b6f7259802e4b84a9609d36aa3ac445 4a715d3db94548e89aad8873774c47d7 - - 8d436ad36a8e4aa5a5b7753161e93d6c 8d436ad36a8e4aa5a5b7753161e93d6c] 199.19.213.177 "GET /resource_providers/0654ba2f-ad24-464d-b20d-811a8d06c5ef/allocations" status: 200 len: 153 microversion: 1.0 [pid: 7|app: 0|req: 560/1119] 199.19.213.177 () {32 vars in 856 bytes} [Tue Jul 14 19:12:53 2026] GET /resource_providers/0654ba2f-ad24-464d-b20d-811a8d06c5ef/allocations => generated 153 bytes in 20 msecs (HTTP/1.1 200) 6 headers in 224 bytes (1 switches on core 0)
2026-07-14 19:12:53.104 8 INFO placement.requestlog [req-e94c77fe-5ccc-40fc-b424-db0f0ca0c95b req-3a4f8a4e-9322-41bc-a2cd-bf9c8c08f790 3b6f7259802e4b84a9609d36aa3ac445 4a715d3db94548e89aad8873774c47d7 - - 8d436ad36a8e4aa5a5b7753161e93d6c 8d436ad36a8e4aa5a5b7753161e93d6c] 199.19.213.177 "GET /resource_providers/0654ba2f-ad24-464d-b20d-811a8d06c5ef/allocations" status: 200 len: 153 microversion: 1.0 [pid: 8|app: 0|req: 560/1120] 199.19.213.177 () {32 vars in 856 bytes} [Tue Jul 14 19:12:53 2026] GET /resource_providers/0654ba2f-ad24-464d-b20d-811a8d06c5ef/allocations => generated 153 bytes in 18 msecs (HTTP/1.1 200) 6 headers in 224 bytes (1 switches on core 0)
2026-07-14 19:12:53.125 7 INFO placement.requestlog [req-e94c77fe-5ccc-40fc-b424-db0f0ca0c95b req-32a64af8-3b9a-48c1-a996-e5d712446df5 3b6f7259802e4b84a9609d36aa3ac445 4a715d3db94548e89aad8873774c47d7 - - 8d436ad36a8e4aa5a5b7753161e93d6c 8d436ad36a8e4aa5a5b7753161e93d6c] 199.19.213.177 "GET /allocations/14c3d7ea-460d-4ce2-8856-a0cff4c48936" status: 200 len: 258 microversion: 1.28 [pid: 7|app: 0|req: 561/1121] 199.19.213.177 () {34 vars in 862 bytes} [Tue Jul 14 19:12:53 2026] GET /allocations/14c3d7ea-460d-4ce2-8856-a0cff4c48936 => generated 258 bytes in 15 msecs (HTTP/1.1 200) 8 headers in 296 bytes (1 switches on core 0)
2026-07-14 19:12:56.226 8 INFO placement.requestlog [None req-2627540d-26bd-41aa-85cd-8d3d522b8a03 - - - - - -] 10.0.0.80 "GET /" status: 200 len: 136 microversion: 1.0
2026-07-14 19:12:56.227 7 INFO placement.requestlog [None req-c480d1e6-e9a5-461e-80b8-101fe38609ec - - - - - -] 10.0.0.80 "GET /" status: 200 len: 136 microversion: 1.0
2026-07-14 19:13:06.227 7 INFO placement.requestlog [None req-a02c7c47-b9c8-44ea-a122-12bdd6042876 - - - - - -] 10.0.0.80 "GET /" status: 200 len: 136 microversion: 1.0
2026-07-14 19:13:06.227 8 INFO placement.requestlog [None req-456beeaf-4614-402a-b1bb-3e46cef52885 - - - - - -] 10.0.0.80 "GET /" status: 200 len: 136 microversion: 1.0
2026-07-14 19:13:11.302 7 INFO placement.requestlog [req-8d80f51b-2d46-4f0a-bd7a-63435a6ac9bc req-040fd05a-5249-4d28-8dbd-2d01b8aa3385 3b6f7259802e4b84a9609d36aa3ac445 4a715d3db94548e89aad8873774c47d7 - - 8d436ad36a8e4aa5a5b7753161e93d6c 8d436ad36a8e4aa5a5b7753161e93d6c] 10.0.0.186 "GET /allocation_candidates?limit=1000&resources=DISK_GB%3A1%2CMEMORY_MB%3A512%2CVCPU%3A1&root_required=%21COMPUTE_STATUS_DISABLED" status: 200 len: 2386 microversion: 1.36 [pid: 7|app: 0|req: 564/1126] 10.0.0.186 () {34 vars in 1011 bytes} [Tue Jul 14 19:13:11 2026] GET /allocation_candidates?limit=1000&resources=DISK_GB%3A1%2CMEMORY_MB%3A512%2CVCPU%3A1&root_required=%21COMPUTE_STATUS_DISABLED => generated 2386 bytes in 38 msecs (HTTP/1.1 200) 8 headers in 297 bytes (1 switches on core 0)
2026-07-14 19:13:11.341 8 INFO placement.requestlog [req-8d80f51b-2d46-4f0a-bd7a-63435a6ac9bc req-9b383d8e-da66-49db-8732-3bbd83ecc4f1 3b6f7259802e4b84a9609d36aa3ac445 4a715d3db94548e89aad8873774c47d7 - - 8d436ad36a8e4aa5a5b7753161e93d6c 8d436ad36a8e4aa5a5b7753161e93d6c] 10.0.0.186 "GET /allocations/91aa711b-856c-40da-9671-9c8bdeea398d" status: 200 len: 19 microversion: 1.28 [pid: 8|app: 0|req: 563/1127] 10.0.0.186 () {34 vars in 860 bytes} [Tue Jul 14 19:13:11 2026] GET /allocations/91aa711b-856c-40da-9671-9c8bdeea398d => generated 19 bytes in 18 msecs (HTTP/1.1 200) 8 headers in 295 bytes (1 switches on core 0)
2026-07-14 19:13:11.406 7 INFO placement.requestlog [req-8d80f51b-2d46-4f0a-bd7a-63435a6ac9bc req-859ee083-c308-4fb3-87b2-c9b9f1e1e8a4 3b6f7259802e4b84a9609d36aa3ac445 4a715d3db94548e89aad8873774c47d7 - - 8d436ad36a8e4aa5a5b7753161e93d6c 8d436ad36a8e4aa5a5b7753161e93d6c] 10.0.0.186 "PUT /allocations/91aa711b-856c-40da-9671-9c8bdeea398d" status: 204 len: 0 microversion: 1.36 [pid: 7|app: 0|req: 565/1128] 10.0.0.186 () {38 vars in 913 bytes} [Tue Jul 14 19:13:11 2026] PUT /allocations/91aa711b-856c-40da-9671-9c8bdeea398d => generated 0 bytes in 59 msecs (HTTP/1.1 204) 5 headers in 199 bytes (1 switches on core 0)
2026-07-14 19:13:12.970 8 INFO placement.requestlog [req-8d80f51b-2d46-4f0a-bd7a-63435a6ac9bc req-ca242ebb-d148-44e8-a544-b0ad3012b28d 3b6f7259802e4b84a9609d36aa3ac445 4a715d3db94548e89aad8873774c47d7 - - 8d436ad36a8e4aa5a5b7753161e93d6c 8d436ad36a8e4aa5a5b7753161e93d6c] 199.19.213.177 "GET /allocations/91aa711b-856c-40da-9671-9c8bdeea398d" status: 200 len: 258 microversion: 1.28 [pid: 8|app: 0|req: 564/1129] 199.19.213.177 () {34 vars in 862 bytes} [Tue Jul 14 19:13:12 2026] GET /allocations/91aa711b-856c-40da-9671-9c8bdeea398d => generated 258 bytes in 19 msecs (HTTP/1.1 200) 8 headers in 296 bytes (1 switches on core 0)
2026-07-14 19:13:14.020 7 INFO placement.requestlog [req-8d80f51b-2d46-4f0a-bd7a-63435a6ac9bc req-1764fa35-f4a2-413e-803c-0f4879a87f8e 3b6f7259802e4b84a9609d36aa3ac445 4a715d3db94548e89aad8873774c47d7 - - 8d436ad36a8e4aa5a5b7753161e93d6c 8d436ad36a8e4aa5a5b7753161e93d6c] 199.19.213.177 "GET /resource_providers/0654ba2f-ad24-464d-b20d-811a8d06c5ef/allocations" status: 200 len: 253 microversion: 1.0 [pid: 7|app: 0|req: 566/1130] 199.19.213.177 () {32 vars in 856 bytes} [Tue Jul 14 19:13:14 2026] GET /resource_providers/0654ba2f-ad24-464d-b20d-811a8d06c5ef/allocations => generated 253 bytes in 18 msecs (HTTP/1.1 200) 6 headers in 224 bytes (1 switches on core 0)
2026-07-14 19:13:14.045 8 INFO placement.requestlog [req-8d80f51b-2d46-4f0a-bd7a-63435a6ac9bc req-d9e47624-d72c-486b-b18a-a2186861666d 3b6f7259802e4b84a9609d36aa3ac445 4a715d3db94548e89aad8873774c47d7 - - 8d436ad36a8e4aa5a5b7753161e93d6c 8d436ad36a8e4aa5a5b7753161e93d6c] 199.19.213.177 "GET /allocations/91aa711b-856c-40da-9671-9c8bdeea398d" status: 200 len: 258 microversion: 1.28 [pid: 8|app: 0|req: 565/1131] 199.19.213.177 () {34 vars in 862 bytes} [Tue Jul 14 19:13:14 2026] GET /allocations/91aa711b-856c-40da-9671-9c8bdeea398d => generated 258 bytes in 16 msecs (HTTP/1.1 200) 8 headers in 296 bytes (1 switches on core 0)
2026-07-14 19:13:14.070 7 INFO placement.requestlog [req-8d80f51b-2d46-4f0a-bd7a-63435a6ac9bc req-19ecc168-83ee-4ca7-8d19-929f7eadd134 3b6f7259802e4b84a9609d36aa3ac445 4a715d3db94548e89aad8873774c47d7 - - 8d436ad36a8e4aa5a5b7753161e93d6c 8d436ad36a8e4aa5a5b7753161e93d6c] 199.19.213.177 "GET /allocations/14c3d7ea-460d-4ce2-8856-a0cff4c48936" status: 200 len: 258 microversion: 1.28 [pid: 7|app: 0|req: 567/1132] 199.19.213.177 () {34 vars in 862 bytes} [Tue Jul 14 19:13:14 2026] GET /allocations/14c3d7ea-460d-4ce2-8856-a0cff4c48936 => generated 258 bytes in 17 msecs (HTTP/1.1 200) 8 headers in 296 bytes (1 switches on core 0)
2026-07-14 19:13:14.516 7 INFO placement.requestlog [None req-29b64de7-67b4-43e6-b3b8-68ae2654aa4b 585f380bb259437c9eb22a12f9d28684 4a715d3db94548e89aad8873774c47d7 - - 8d436ad36a8e4aa5a5b7753161e93d6c 8d436ad36a8e4aa5a5b7753161e93d6c] 10.0.0.100 "GET /resource_providers/e0dc4b62-a14f-4ae0-a87f-ac5301ec5d0d/aggregates" status: 404 len: 235 microversion: 1.1 [pid: 7|app: 0|req: 568/1133] 10.0.0.100 () {32 vars in 815 bytes} [Tue Jul 14 19:13:14 2026] GET /resource_providers/e0dc4b62-a14f-4ae0-a87f-ac5301ec5d0d/aggregates => generated 235 bytes in 9 msecs (HTTP/1.1 404) 5 headers in 202 bytes (1 switches on core 0)
2026-07-14 19:13:14.517 8 INFO placement.requestlog [None req-437db19c-6321-44cd-952e-f56686bf5fb7 585f380bb259437c9eb22a12f9d28684 4a715d3db94548e89aad8873774c47d7 - - 8d436ad36a8e4aa5a5b7753161e93d6c 8d436ad36a8e4aa5a5b7753161e93d6c] 10.0.0.100 "GET /resource_providers/e0dc4b62-a14f-4ae0-a87f-ac5301ec5d0d/aggregates" status: 404 len: 235 microversion: 1.1 [pid: 8|app: 0|req: 566/1134] 10.0.0.100 () {32 vars in 815 bytes} [Tue Jul 14 19:13:14 2026] GET /resource_providers/e0dc4b62-a14f-4ae0-a87f-ac5301ec5d0d/aggregates => generated 235 bytes in 10 msecs (HTTP/1.1 404) 5 headers in 202 bytes (1 switches on core 0)
2026-07-14 19:13:14.538 8 INFO placement.requestlog [None req-0202dee7-cd3d-44c6-b362-4175be6ef4ad 585f380bb259437c9eb22a12f9d28684 4a715d3db94548e89aad8873774c47d7 - - 8d436ad36a8e4aa5a5b7753161e93d6c 8d436ad36a8e4aa5a5b7753161e93d6c] 10.0.0.100 "DELETE /resource_providers/e0dc4b62-a14f-4ae0-a87f-ac5301ec5d0d" status: 404 len: 246 microversion: 1.1 [pid: 8|app: 0|req: 567/1135] 10.0.0.100 () {34 vars in 815 bytes} [Tue Jul 14 19:13:14 2026] DELETE /resource_providers/e0dc4b62-a14f-4ae0-a87f-ac5301ec5d0d => generated 246 bytes in 8 msecs (HTTP/1.1 404) 6 headers in 231 bytes (1 switches on core 0)
2026-07-14 19:13:14.543 7 INFO placement.requestlog [None req-2827d86c-bd00-48b2-9541-af2956674bed 585f380bb259437c9eb22a12f9d28684 4a715d3db94548e89aad8873774c47d7 - - 8d436ad36a8e4aa5a5b7753161e93d6c 8d436ad36a8e4aa5a5b7753161e93d6c] 10.0.0.100 "DELETE /resource_providers/e0dc4b62-a14f-4ae0-a87f-ac5301ec5d0d" status: 404 len: 246 microversion: 1.1 [pid: 7|app: 0|req: 569/1136] 10.0.0.100 () {34 vars in 815 bytes} [Tue Jul 14 19:13:14 2026] DELETE /resource_providers/e0dc4b62-a14f-4ae0-a87f-ac5301ec5d0d => generated 246 bytes in 13 msecs (HTTP/1.1 404) 6 headers in 231 bytes (1 switches on core 0)
2026-07-14 19:13:14.709 8 INFO placement.requestlog [None req-91f5d60c-7ae2-4d42-83bc-1a3f8cf3d480 585f380bb259437c9eb22a12f9d28684 4a715d3db94548e89aad8873774c47d7 - - 8d436ad36a8e4aa5a5b7753161e93d6c 8d436ad36a8e4aa5a5b7753161e93d6c] 10.0.0.100 "GET /resource_providers/c2b4c7f1-f9e9-4bcd-b43a-5b4e14d334e0/aggregates" status: 404 len: 235 microversion: 1.1 [pid: 8|app: 0|req: 568/1137] 10.0.0.100 () {32 vars in 815 bytes} [Tue Jul 14 19:13:14 2026] GET /resource_providers/c2b4c7f1-f9e9-4bcd-b43a-5b4e14d334e0/aggregates => generated 235 bytes in 10 msecs (HTTP/1.1 404) 5 headers in 202 bytes (1 switches on core 0)
2026-07-14 19:13:14.710 7 INFO placement.requestlog [None req-c83ad565-0039-497e-aa2f-5eb419348be0 585f380bb259437c9eb22a12f9d28684 4a715d3db94548e89aad8873774c47d7 - - 8d436ad36a8e4aa5a5b7753161e93d6c 8d436ad36a8e4aa5a5b7753161e93d6c] 10.0.0.100 "GET /resource_providers/c2b4c7f1-f9e9-4bcd-b43a-5b4e14d334e0/aggregates" status: 404 len: 235 microversion: 1.1 [pid: 7|app: 0|req: 570/1138] 10.0.0.100 () {32 vars in 815 bytes} [Tue Jul 14 19:13:14 2026] GET /resource_providers/c2b4c7f1-f9e9-4bcd-b43a-5b4e14d334e0/aggregates => generated 235 bytes in 11 msecs (HTTP/1.1 404) 5 headers in 202 bytes (1 switches on core 0)
2026-07-14 19:13:14.731 8 INFO placement.requestlog [None req-076dabfb-dccd-4c57-b5e1-af69dfe49b24 585f380bb259437c9eb22a12f9d28684 4a715d3db94548e89aad8873774c47d7 - - 8d436ad36a8e4aa5a5b7753161e93d6c 8d436ad36a8e4aa5a5b7753161e93d6c] 10.0.0.100 "DELETE /resource_providers/c2b4c7f1-f9e9-4bcd-b43a-5b4e14d334e0" status: 404 len: 246 microversion: 1.1 [pid: 8|app: 0|req: 569/1139] 10.0.0.100 () {34 vars in 815 bytes} [Tue Jul 14 19:13:14 2026] DELETE /resource_providers/c2b4c7f1-f9e9-4bcd-b43a-5b4e14d334e0 => generated 246 bytes in 12 msecs (HTTP/1.1 404) 6 headers in 231 bytes (1 switches on core 0)
2026-07-14 19:13:14.733 7 INFO placement.requestlog [None req-bbfaeb9f-dc2a-4c0f-9d0a-cb5bc09c3722 585f380bb259437c9eb22a12f9d28684 4a715d3db94548e89aad8873774c47d7 - - 8d436ad36a8e4aa5a5b7753161e93d6c 8d436ad36a8e4aa5a5b7753161e93d6c] 10.0.0.100 "DELETE /resource_providers/c2b4c7f1-f9e9-4bcd-b43a-5b4e14d334e0" status: 404 len: 246 microversion: 1.1 [pid: 7|app: 0|req: 571/1140] 10.0.0.100 () {34 vars in 815 bytes} [Tue Jul 14 19:13:14 2026] DELETE /resource_providers/c2b4c7f1-f9e9-4bcd-b43a-5b4e14d334e0 => generated 246 bytes in 14 msecs (HTTP/1.1 404) 6 headers in 231 bytes (1 switches on core 0)
2026-07-14 19:13:15.127 8 INFO placement.requestlog [req-40603984-5b2d-4b20-b645-94e5b4ff4149 req-87e529fa-a6df-4e3f-9414-9c4afa08fdfa 3b6f7259802e4b84a9609d36aa3ac445 4a715d3db94548e89aad8873774c47d7 - - 8d436ad36a8e4aa5a5b7753161e93d6c 8d436ad36a8e4aa5a5b7753161e93d6c] 199.19.213.177 "GET /resource_providers/0654ba2f-ad24-464d-b20d-811a8d06c5ef/allocations" status: 200 len: 253 microversion: 1.0 [pid: 8|app: 0|req: 570/1141] 199.19.213.177 () {32 vars in 856 bytes} [Tue Jul 14 19:13:15 2026] GET /resource_providers/0654ba2f-ad24-464d-b20d-811a8d06c5ef/allocations => generated 253 bytes in 22 msecs (HTTP/1.1 200) 6 headers in 224 bytes (1 switches on core 0)
2026-07-14 19:13:15.149 7 INFO placement.requestlog [req-40603984-5b2d-4b20-b645-94e5b4ff4149 req-e7200d2e-eadf-4476-a2de-c6ae16a59a82 3b6f7259802e4b84a9609d36aa3ac445 4a715d3db94548e89aad8873774c47d7 - - 8d436ad36a8e4aa5a5b7753161e93d6c 8d436ad36a8e4aa5a5b7753161e93d6c] 199.19.213.177 "GET /allocations/91aa711b-856c-40da-9671-9c8bdeea398d" status: 200 len: 258 microversion: 1.28 [pid: 7|app: 0|req: 572/1142] 199.19.213.177 () {34 vars in 862 bytes} [Tue Jul 14 19:13:15 2026] GET /allocations/91aa711b-856c-40da-9671-9c8bdeea398d => generated 258 bytes in 14 msecs (HTTP/1.1 200) 8 headers in 296 bytes (1 switches on core 0)
2026-07-14 19:13:15.169 8 INFO placement.requestlog [req-40603984-5b2d-4b20-b645-94e5b4ff4149 req-253ac7a4-a00e-4281-abe4-f619fdfeb37f 3b6f7259802e4b84a9609d36aa3ac445 4a715d3db94548e89aad8873774c47d7 - - 8d436ad36a8e4aa5a5b7753161e93d6c 8d436ad36a8e4aa5a5b7753161e93d6c] 199.19.213.177 "GET /allocations/14c3d7ea-460d-4ce2-8856-a0cff4c48936" status: 200 len: 258 microversion: 1.28 [pid: 8|app: 0|req: 571/1143] 199.19.213.177 () {34 vars in 862 bytes} [Tue Jul 14 19:13:15 2026] GET /allocations/14c3d7ea-460d-4ce2-8856-a0cff4c48936 => generated 258 bytes in 12 msecs (HTTP/1.1 200) 8 headers in 296 bytes (1 switches on core 0)
2026-07-14 19:13:16.221 7 INFO placement.requestlog [req-40603984-5b2d-4b20-b645-94e5b4ff4149 req-de607223-1e95-45b1-80a7-15e2f8daecd9 3b6f7259802e4b84a9609d36aa3ac445 4a715d3db94548e89aad8873774c47d7 - - 8d436ad36a8e4aa5a5b7753161e93d6c 8d436ad36a8e4aa5a5b7753161e93d6c] 199.19.213.177 "DELETE /allocations/14c3d7ea-460d-4ce2-8856-a0cff4c48936" status: 204 len: 0 microversion: 1.0 [pid: 7|app: 0|req: 573/1144] 199.19.213.177 () {34 vars in 840 bytes} [Tue Jul 14 19:13:16 2026] DELETE /allocations/14c3d7ea-460d-4ce2-8856-a0cff4c48936 => generated 0 bytes in 23 msecs (HTTP/1.1 204) 5 headers in 198 bytes (1 switches on core 0)
2026-07-14 19:13:16.227 7 INFO placement.requestlog [None req-b5481db9-725d-4ec7-abb6-eca0e2d06bed - - - - - -] 10.0.0.80 "GET /" status: 200 len: 136 microversion: 1.0
2026-07-14 19:13:16.227 8 INFO placement.requestlog [None req-b5c3827f-d6c3-4988-8a5e-f7b8a9fa9410 - - - - - -] 10.0.0.80 "GET /" status: 200 len: 136 microversion: 1.0
2026-07-14 19:13:16.798 8 INFO placement.requestlog [None req-f07d69a4-cbe4-4061-a415-a191e94511c9 585f380bb259437c9eb22a12f9d28684 4a715d3db94548e89aad8873774c47d7 - - 8d436ad36a8e4aa5a5b7753161e93d6c 8d436ad36a8e4aa5a5b7753161e93d6c] 10.0.0.100 "GET /resource_providers/f59c278c-6752-4d00-ad3e-af6a49107778/aggregates" status: 404 len: 235 microversion: 1.1 [pid: 8|app: 0|req: 573/1147] 10.0.0.100 () {32 vars in 815 bytes} [Tue Jul 14 19:13:16 2026] GET /resource_providers/f59c278c-6752-4d00-ad3e-af6a49107778/aggregates => generated 235 bytes in 10 msecs (HTTP/1.1 404) 5 headers in 202 bytes (1 switches on core 0)
2026-07-14 19:13:16.804 7 INFO placement.requestlog [None req-0bcecc21-0674-4e2d-9a51-8c483f1f9549 585f380bb259437c9eb22a12f9d28684 4a715d3db94548e89aad8873774c47d7 - - 8d436ad36a8e4aa5a5b7753161e93d6c 8d436ad36a8e4aa5a5b7753161e93d6c] 10.0.0.100 "GET /resource_providers/f59c278c-6752-4d00-ad3e-af6a49107778/aggregates" status: 404 len: 235 microversion: 1.1 [pid: 7|app: 0|req: 575/1148] 10.0.0.100 () {32 vars in 815 bytes} [Tue Jul 14 19:13:16 2026] GET /resource_providers/f59c278c-6752-4d00-ad3e-af6a49107778/aggregates => generated 235 bytes in 16 msecs (HTTP/1.1 404) 5 headers in 202 bytes (1 switches on core 0)
2026-07-14 19:13:16.830 7 INFO placement.requestlog [None req-40f716cb-08a0-49b1-92ce-e53ef176d1f5 585f380bb259437c9eb22a12f9d28684 4a715d3db94548e89aad8873774c47d7 - - 8d436ad36a8e4aa5a5b7753161e93d6c 8d436ad36a8e4aa5a5b7753161e93d6c] 10.0.0.100 "DELETE /resource_providers/f59c278c-6752-4d00-ad3e-af6a49107778" status: 404 len: 246 microversion: 1.1
2026-07-14 19:13:16.830 8 INFO placement.requestlog [None req-f30e0ce3-a3de-48d2-b976-8d929ffe642c 585f380bb259437c9eb22a12f9d28684 4a715d3db94548e89aad8873774c47d7 - - 8d436ad36a8e4aa5a5b7753161e93d6c 8d436ad36a8e4aa5a5b7753161e93d6c] 10.0.0.100 "DELETE /resource_providers/f59c278c-6752-4d00-ad3e-af6a49107778" status: 404 len: 246 microversion: 1.1 [pid: 8|app: 0|req: 574/1149] 10.0.0.100 () {34 vars in 815 bytes} [Tue Jul 14 19:13:16 2026] DELETE /resource_providers/f59c278c-6752-4d00-ad3e-af6a49107778 => generated 246 bytes in 15 msecs (HTTP/1.1 404) 6 headers in 231 bytes (1 switches on core 0) [pid: 7|app: 0|req: 576/1150] 10.0.0.100 () {34 vars in 815 bytes} [Tue Jul 14 19:13:16 2026] DELETE /resource_providers/f59c278c-6752-4d00-ad3e-af6a49107778 => generated 246 bytes in 13 msecs (HTTP/1.1 404) 6 headers in 231 bytes (1 switches on core 0)
2026-07-14 19:13:16.852 8 INFO placement.requestlog [None req-4f62b7d2-f231-4dca-8e34-da79a6c59010 585f380bb259437c9eb22a12f9d28684 4a715d3db94548e89aad8873774c47d7 - - 8d436ad36a8e4aa5a5b7753161e93d6c 8d436ad36a8e4aa5a5b7753161e93d6c] 10.0.0.100 "GET /resource_providers/018c6436-b4d1-405f-ba42-6cfa0d99a190/aggregates" status: 404 len: 235 microversion: 1.1 [pid: 8|app: 0|req: 575/1151] 10.0.0.100 () {32 vars in 815 bytes} [Tue Jul 14 19:13:16 2026] GET /resource_providers/018c6436-b4d1-405f-ba42-6cfa0d99a190/aggregates => generated 235 bytes in 7 msecs (HTTP/1.1 404) 5 headers in 202 bytes (1 switches on core 0)
2026-07-14 19:13:16.859 7 INFO placement.requestlog [None req-07766453-c1ce-4094-bff8-453f519858ad 585f380bb259437c9eb22a12f9d28684 4a715d3db94548e89aad8873774c47d7 - - 8d436ad36a8e4aa5a5b7753161e93d6c 8d436ad36a8e4aa5a5b7753161e93d6c] 10.0.0.100 "GET /resource_providers/018c6436-b4d1-405f-ba42-6cfa0d99a190/aggregates" status: 404 len: 235 microversion: 1.1 [pid: 7|app: 0|req: 577/1152] 10.0.0.100 () {32 vars in 815 bytes} [Tue Jul 14 19:13:16 2026] GET /resource_providers/018c6436-b4d1-405f-ba42-6cfa0d99a190/aggregates => generated 235 bytes in 15 msecs (HTTP/1.1 404) 5 headers in 202 bytes (1 switches on core 0)
2026-07-14 19:13:16.881 7 INFO placement.requestlog [None req-f824ee78-f357-4ae8-a55b-2fbbd46dfcdc 585f380bb259437c9eb22a12f9d28684 4a715d3db94548e89aad8873774c47d7 - - 8d436ad36a8e4aa5a5b7753161e93d6c 8d436ad36a8e4aa5a5b7753161e93d6c] 10.0.0.100 "DELETE /resource_providers/018c6436-b4d1-405f-ba42-6cfa0d99a190" status: 404 len: 246 microversion: 1.1 [pid: 7|app: 0|req: 578/1153] 10.0.0.100 () {34 vars in 815 bytes} [Tue Jul 14 19:13:16 2026] DELETE /resource_providers/018c6436-b4d1-405f-ba42-6cfa0d99a190 => generated 246 bytes in 13 msecs (HTTP/1.1 404) 6 headers in 231 bytes (1 switches on core 0)
2026-07-14 19:13:16.884 8 INFO placement.requestlog [None req-8c5d3e49-0ace-4fe7-b14f-752e95a4ac8f 585f380bb259437c9eb22a12f9d28684 4a715d3db94548e89aad8873774c47d7 - - 8d436ad36a8e4aa5a5b7753161e93d6c 8d436ad36a8e4aa5a5b7753161e93d6c] 10.0.0.100 "DELETE /resource_providers/018c6436-b4d1-405f-ba42-6cfa0d99a190" status: 404 len: 246 microversion: 1.1 [pid: 8|app: 0|req: 576/1154] 10.0.0.100 () {34 vars in 815 bytes} [Tue Jul 14 19:13:16 2026] DELETE /resource_providers/018c6436-b4d1-405f-ba42-6cfa0d99a190 => generated 246 bytes in 16 msecs (HTTP/1.1 404) 6 headers in 231 bytes (1 switches on core 0)
2026-07-14 19:13:17.010 7 INFO placement.requestlog [None req-59156018-5286-43ae-8b5a-6c61cb890637 585f380bb259437c9eb22a12f9d28684 4a715d3db94548e89aad8873774c47d7 - - 8d436ad36a8e4aa5a5b7753161e93d6c 8d436ad36a8e4aa5a5b7753161e93d6c] 10.0.0.100 "GET /resource_providers/77955b69-91fc-418f-b2d7-c541c4e365e8/aggregates" status: 404 len: 235 microversion: 1.1 [pid: 7|app: 0|req: 579/1155] 10.0.0.100 () {32 vars in 815 bytes} [Tue Jul 14 19:13:17 2026] GET /resource_providers/77955b69-91fc-418f-b2d7-c541c4e365e8/aggregates => generated 235 bytes in 9 msecs (HTTP/1.1 404) 5 headers in 202 bytes (1 switches on core 0)
2026-07-14 19:13:17.016 8 INFO placement.requestlog [None req-86b9782e-1efb-4755-a740-b906e86e2a46 585f380bb259437c9eb22a12f9d28684 4a715d3db94548e89aad8873774c47d7 - - 8d436ad36a8e4aa5a5b7753161e93d6c 8d436ad36a8e4aa5a5b7753161e93d6c] 10.0.0.100 "GET /resource_providers/77955b69-91fc-418f-b2d7-c541c4e365e8/aggregates" status: 404 len: 235 microversion: 1.1 [pid: 8|app: 0|req: 577/1156] 10.0.0.100 () {32 vars in 815 bytes} [Tue Jul 14 19:13:17 2026] GET /resource_providers/77955b69-91fc-418f-b2d7-c541c4e365e8/aggregates => generated 235 bytes in 16 msecs (HTTP/1.1 404) 5 headers in 202 bytes (1 switches on core 0)
2026-07-14 19:13:17.035 7 INFO placement.requestlog [None req-1981c5da-3f21-4968-bbc2-bcdba122ca07 585f380bb259437c9eb22a12f9d28684 4a715d3db94548e89aad8873774c47d7 - - 8d436ad36a8e4aa5a5b7753161e93d6c 8d436ad36a8e4aa5a5b7753161e93d6c] 10.0.0.100 "DELETE /resource_providers/77955b69-91fc-418f-b2d7-c541c4e365e8" status: 404 len: 246 microversion: 1.1 [pid: 7|app: 0|req: 580/1157] 10.0.0.100 () {34 vars in 815 bytes} [Tue Jul 14 19:13:17 2026] DELETE /resource_providers/77955b69-91fc-418f-b2d7-c541c4e365e8 => generated 246 bytes in 8 msecs (HTTP/1.1 404) 6 headers in 231 bytes (1 switches on core 0)
2026-07-14 19:13:17.042 8 INFO placement.requestlog [None req-9568d4b6-6b31-4817-80f6-e23b19124528 585f380bb259437c9eb22a12f9d28684 4a715d3db94548e89aad8873774c47d7 - - 8d436ad36a8e4aa5a5b7753161e93d6c 8d436ad36a8e4aa5a5b7753161e93d6c] 10.0.0.100 "DELETE /resource_providers/77955b69-91fc-418f-b2d7-c541c4e365e8" status: 404 len: 246 microversion: 1.1 [pid: 8|app: 0|req: 578/1158] 10.0.0.100 () {34 vars in 815 bytes} [Tue Jul 14 19:13:17 2026] DELETE /resource_providers/77955b69-91fc-418f-b2d7-c541c4e365e8 => generated 246 bytes in 15 msecs (HTTP/1.1 404) 6 headers in 231 bytes (1 switches on core 0)
2026-07-14 19:13:20.522 7 INFO placement.requestlog [None req-47fd5ebf-2d46-4de1-8eb5-d253ba69b398 585f380bb259437c9eb22a12f9d28684 4a715d3db94548e89aad8873774c47d7 - - 8d436ad36a8e4aa5a5b7753161e93d6c 8d436ad36a8e4aa5a5b7753161e93d6c] 10.0.0.100 "GET /resource_providers/0ed496ad-eace-4ebc-adfe-e9378954ccce/aggregates" status: 404 len: 235 microversion: 1.1 [pid: 7|app: 0|req: 581/1159] 10.0.0.100 () {32 vars in 815 bytes} [Tue Jul 14 19:13:20 2026] GET /resource_providers/0ed496ad-eace-4ebc-adfe-e9378954ccce/aggregates => generated 235 bytes in 14 msecs (HTTP/1.1 404) 5 headers in 202 bytes (1 switches on core 0)
2026-07-14 19:13:20.527 8 INFO placement.requestlog [None req-fe692ad3-8522-4ca3-9d6b-bec5b87a9f08 585f380bb259437c9eb22a12f9d28684 4a715d3db94548e89aad8873774c47d7 - - 8d436ad36a8e4aa5a5b7753161e93d6c 8d436ad36a8e4aa5a5b7753161e93d6c] 10.0.0.100 "GET /resource_providers/0ed496ad-eace-4ebc-adfe-e9378954ccce/aggregates" status: 404 len: 235 microversion: 1.1 [pid: 8|app: 0|req: 579/1160] 10.0.0.100 () {32 vars in 815 bytes} [Tue Jul 14 19:13:20 2026] GET /resource_providers/0ed496ad-eace-4ebc-adfe-e9378954ccce/aggregates => generated 235 bytes in 19 msecs (HTTP/1.1 404) 5 headers in 202 bytes (1 switches on core 0)
2026-07-14 19:13:20.536 7 INFO placement.requestlog [None req-2eb40d46-7aeb-4078-b888-9c27003bc70a 585f380bb259437c9eb22a12f9d28684 4a715d3db94548e89aad8873774c47d7 - - 8d436ad36a8e4aa5a5b7753161e93d6c 8d436ad36a8e4aa5a5b7753161e93d6c] 10.0.0.100 "DELETE /resource_providers/0ed496ad-eace-4ebc-adfe-e9378954ccce" status: 404 len: 246 microversion: 1.1 [pid: 7|app: 0|req: 582/1161] 10.0.0.100 () {34 vars in 815 bytes} [Tue Jul 14 19:13:20 2026] DELETE /resource_providers/0ed496ad-eace-4ebc-adfe-e9378954ccce => generated 246 bytes in 8 msecs (HTTP/1.1 404) 6 headers in 231 bytes (1 switches on core 0)
2026-07-14 19:13:20.544 8 INFO placement.requestlog [None req-69f767d5-2520-4aa9-bd03-8660e2f4d6b4 585f380bb259437c9eb22a12f9d28684 4a715d3db94548e89aad8873774c47d7 - - 8d436ad36a8e4aa5a5b7753161e93d6c 8d436ad36a8e4aa5a5b7753161e93d6c] 10.0.0.100 "DELETE /resource_providers/0ed496ad-eace-4ebc-adfe-e9378954ccce" status: 404 len: 246 microversion: 1.1 [pid: 8|app: 0|req: 580/1162] 10.0.0.100 () {34 vars in 815 bytes} [Tue Jul 14 19:13:20 2026] DELETE /resource_providers/0ed496ad-eace-4ebc-adfe-e9378954ccce => generated 246 bytes in 11 msecs (HTTP/1.1 404) 6 headers in 231 bytes (1 switches on core 0)
2026-07-14 19:13:21.147 8 INFO placement.requestlog [None req-fe4a6ed8-4c97-4835-a77a-1b29770c8af5 585f380bb259437c9eb22a12f9d28684 4a715d3db94548e89aad8873774c47d7 - - 8d436ad36a8e4aa5a5b7753161e93d6c 8d436ad36a8e4aa5a5b7753161e93d6c] 10.0.0.100 "GET /resource_providers/8f34b901-a297-407a-b9d3-4c51c99e4d8f/aggregates" status: 404 len: 235 microversion: 1.1 [pid: 8|app: 0|req: 581/1163] 10.0.0.100 () {32 vars in 815 bytes} [Tue Jul 14 19:13:21 2026] GET /resource_providers/8f34b901-a297-407a-b9d3-4c51c99e4d8f/aggregates => generated 235 bytes in 9 msecs (HTTP/1.1 404) 5 headers in 202 bytes (1 switches on core 0)
2026-07-14 19:13:21.147 7 INFO placement.requestlog [None req-727b6a55-26c8-418e-b3e9-789af75a62a6 585f380bb259437c9eb22a12f9d28684 4a715d3db94548e89aad8873774c47d7 - - 8d436ad36a8e4aa5a5b7753161e93d6c 8d436ad36a8e4aa5a5b7753161e93d6c] 10.0.0.100 "GET /resource_providers/8f34b901-a297-407a-b9d3-4c51c99e4d8f/aggregates" status: 404 len: 235 microversion: 1.1 [pid: 7|app: 0|req: 583/1164] 10.0.0.100 () {32 vars in 815 bytes} [Tue Jul 14 19:13:21 2026] GET /resource_providers/8f34b901-a297-407a-b9d3-4c51c99e4d8f/aggregates => generated 235 bytes in 10 msecs (HTTP/1.1 404) 5 headers in 202 bytes (1 switches on core 0)
2026-07-14 19:13:21.172 7 INFO placement.requestlog [None req-c4716c0a-b071-4afe-b263-2b48eda044da 585f380bb259437c9eb22a12f9d28684 4a715d3db94548e89aad8873774c47d7 - - 8d436ad36a8e4aa5a5b7753161e93d6c 8d436ad36a8e4aa5a5b7753161e93d6c] 10.0.0.100 "DELETE /resource_providers/8f34b901-a297-407a-b9d3-4c51c99e4d8f" status: 404 len: 246 microversion: 1.1
2026-07-14 19:13:21.172 8 INFO placement.requestlog [None req-fdb5c058-c161-43fb-83d3-99ee87dfe765 585f380bb259437c9eb22a12f9d28684 4a715d3db94548e89aad8873774c47d7 - - 8d436ad36a8e4aa5a5b7753161e93d6c 8d436ad36a8e4aa5a5b7753161e93d6c] 10.0.0.100 "DELETE /resource_providers/8f34b901-a297-407a-b9d3-4c51c99e4d8f" status: 404 len: 246 microversion: 1.1 [pid: 7|app: 0|req: 584/1166] 10.0.0.100 () {34 vars in 815 bytes} [Tue Jul 14 19:13:21 2026] DELETE /resource_providers/8f34b901-a297-407a-b9d3-4c51c99e4d8f => generated 246 bytes in 12 msecs (HTTP/1.1 404) 6 headers in 231 bytes (1 switches on core 0) [pid: 8|app: 0|req: 582/1166] 10.0.0.100 () {34 vars in 815 bytes} [Tue Jul 14 19:13:21 2026] DELETE /resource_providers/8f34b901-a297-407a-b9d3-4c51c99e4d8f => generated 246 bytes in 12 msecs (HTTP/1.1 404) 6 headers in 231 bytes (1 switches on core 0)
2026-07-14 19:13:23.434 7 INFO placement.requestlog [None req-69096a6f-a4d4-4e31-a731-5303ebe0854c 585f380bb259437c9eb22a12f9d28684 4a715d3db94548e89aad8873774c47d7 - - 8d436ad36a8e4aa5a5b7753161e93d6c 8d436ad36a8e4aa5a5b7753161e93d6c] 10.0.0.100 "GET /resource_providers/10f7c06a-18c8-4f99-b650-32de789adf0f/aggregates" status: 404 len: 235 microversion: 1.1 [pid: 7|app: 0|req: 585/1167] 10.0.0.100 () {32 vars in 815 bytes} [Tue Jul 14 19:13:23 2026] GET /resource_providers/10f7c06a-18c8-4f99-b650-32de789adf0f/aggregates => generated 235 bytes in 17 msecs (HTTP/1.1 404) 5 headers in 202 bytes (1 switches on core 0)
2026-07-14 19:13:23.444 8 INFO placement.requestlog [None req-0c082c7a-bfbe-477a-917b-50b784fc9aa1 585f380bb259437c9eb22a12f9d28684 4a715d3db94548e89aad8873774c47d7 - - 8d436ad36a8e4aa5a5b7753161e93d6c 8d436ad36a8e4aa5a5b7753161e93d6c] 10.0.0.100 "GET /resource_providers/10f7c06a-18c8-4f99-b650-32de789adf0f/aggregates" status: 404 len: 235 microversion: 1.1 [pid: 8|app: 0|req: 583/1168] 10.0.0.100 () {32 vars in 815 bytes} [Tue Jul 14 19:13:23 2026] GET /resource_providers/10f7c06a-18c8-4f99-b650-32de789adf0f/aggregates => generated 235 bytes in 30 msecs (HTTP/1.1 404) 5 headers in 202 bytes (1 switches on core 0)
2026-07-14 19:13:23.452 7 INFO placement.requestlog [None req-3202df14-263d-494b-9888-e7021c64a0e1 585f380bb259437c9eb22a12f9d28684 4a715d3db94548e89aad8873774c47d7 - - 8d436ad36a8e4aa5a5b7753161e93d6c 8d436ad36a8e4aa5a5b7753161e93d6c] 10.0.0.100 "DELETE /resource_providers/10f7c06a-18c8-4f99-b650-32de789adf0f" status: 404 len: 246 microversion: 1.1 [pid: 7|app: 0|req: 586/1169] 10.0.0.100 () {34 vars in 815 bytes} [Tue Jul 14 19:13:23 2026] DELETE /resource_providers/10f7c06a-18c8-4f99-b650-32de789adf0f => generated 246 bytes in 11 msecs (HTTP/1.1 404) 6 headers in 231 bytes (1 switches on core 0)
2026-07-14 19:13:23.463 8 INFO placement.requestlog [None req-44102792-dd3d-4609-9c6e-febc94e20f07 585f380bb259437c9eb22a12f9d28684 4a715d3db94548e89aad8873774c47d7 - - 8d436ad36a8e4aa5a5b7753161e93d6c 8d436ad36a8e4aa5a5b7753161e93d6c] 10.0.0.100 "DELETE /resource_providers/10f7c06a-18c8-4f99-b650-32de789adf0f" status: 404 len: 246 microversion: 1.1 [pid: 8|app: 0|req: 584/1170] 10.0.0.100 () {34 vars in 815 bytes} [Tue Jul 14 19:13:23 2026] DELETE /resource_providers/10f7c06a-18c8-4f99-b650-32de789adf0f => generated 246 bytes in 13 msecs (HTTP/1.1 404) 6 headers in 231 bytes (1 switches on core 0)
2026-07-14 19:13:25.470 7 INFO placement.requestlog [None req-2da76f6c-5a21-4f8b-abda-9a6b4f151efa 585f380bb259437c9eb22a12f9d28684 4a715d3db94548e89aad8873774c47d7 - - 8d436ad36a8e4aa5a5b7753161e93d6c 8d436ad36a8e4aa5a5b7753161e93d6c] 10.0.0.100 "GET /resource_providers/65271215-e315-47e4-b368-6b0a1d625864/aggregates" status: 404 len: 235 microversion: 1.1 [pid: 7|app: 0|req: 587/1171] 10.0.0.100 () {32 vars in 815 bytes} [Tue Jul 14 19:13:25 2026] GET /resource_providers/65271215-e315-47e4-b368-6b0a1d625864/aggregates => generated 235 bytes in 9 msecs (HTTP/1.1 404) 5 headers in 202 bytes (1 switches on core 0)
2026-07-14 19:13:25.488 7 INFO placement.requestlog [None req-ff6acaa9-686b-4bf4-80a8-24dbfb74f4dc 585f380bb259437c9eb22a12f9d28684 4a715d3db94548e89aad8873774c47d7 - - 8d436ad36a8e4aa5a5b7753161e93d6c 8d436ad36a8e4aa5a5b7753161e93d6c] 10.0.0.100 "DELETE /resource_providers/65271215-e315-47e4-b368-6b0a1d625864" status: 404 len: 246 microversion: 1.1 [pid: 7|app: 0|req: 588/1172] 10.0.0.100 () {34 vars in 815 bytes} [Tue Jul 14 19:13:25 2026] DELETE /resource_providers/65271215-e315-47e4-b368-6b0a1d625864 => generated 246 bytes in 12 msecs (HTTP/1.1 404) 6 headers in 231 bytes (1 switches on core 0)
2026-07-14 19:13:25.491 8 INFO placement.requestlog [None req-f2db9327-710c-4245-b876-a75f81bbb677 585f380bb259437c9eb22a12f9d28684 4a715d3db94548e89aad8873774c47d7 - - 8d436ad36a8e4aa5a5b7753161e93d6c 8d436ad36a8e4aa5a5b7753161e93d6c] 10.0.0.100 "GET /resource_providers/65271215-e315-47e4-b368-6b0a1d625864/aggregates" status: 404 len: 235 microversion: 1.1 [pid: 8|app: 0|req: 585/1173] 10.0.0.100 () {32 vars in 815 bytes} [Tue Jul 14 19:13:25 2026] GET /resource_providers/65271215-e315-47e4-b368-6b0a1d625864/aggregates => generated 235 bytes in 15 msecs (HTTP/1.1 404) 5 headers in 202 bytes (1 switches on core 0)
2026-07-14 19:13:25.516 7 INFO placement.requestlog [None req-90905c36-1ede-466b-8819-8f672bfd7201 585f380bb259437c9eb22a12f9d28684 4a715d3db94548e89aad8873774c47d7 - - 8d436ad36a8e4aa5a5b7753161e93d6c 8d436ad36a8e4aa5a5b7753161e93d6c] 10.0.0.100 "DELETE /resource_providers/65271215-e315-47e4-b368-6b0a1d625864" status: 404 len: 246 microversion: 1.1 [pid: 7|app: 0|req: 589/1174] 10.0.0.100 () {34 vars in 815 bytes} [Tue Jul 14 19:13:25 2026] DELETE /resource_providers/65271215-e315-47e4-b368-6b0a1d625864 => generated 246 bytes in 12 msecs (HTTP/1.1 404) 6 headers in 231 bytes (1 switches on core 0)
2026-07-14 19:13:26.227 8 INFO placement.requestlog [None req-73f92c7e-3f3d-4329-be84-ae914006df34 - - - - - -] 10.0.0.80 "GET /" status: 200 len: 136 microversion: 1.0
2026-07-14 19:13:26.227 7 INFO placement.requestlog [None req-c04f465f-bdfd-4ad8-9caf-58d59a6bdf9c - - - - - -] 10.0.0.80 "GET /" status: 200 len: 136 microversion: 1.0
2026-07-14 19:13:34.851 7 INFO placement.requestlog [None req-d9f2f5f3-4676-4043-94f0-5baccf404a2f 585f380bb259437c9eb22a12f9d28684 4a715d3db94548e89aad8873774c47d7 - - 8d436ad36a8e4aa5a5b7753161e93d6c 8d436ad36a8e4aa5a5b7753161e93d6c] 10.0.0.100 "GET /resource_providers/592c044e-11f7-4c58-83b7-225917860236/aggregates" status: 404 len: 235 microversion: 1.1 [pid: 7|app: 0|req: 591/1177] 10.0.0.100 () {32 vars in 815 bytes} [Tue Jul 14 19:13:34 2026] GET /resource_providers/592c044e-11f7-4c58-83b7-225917860236/aggregates => generated 235 bytes in 18 msecs (HTTP/1.1 404) 5 headers in 202 bytes (1 switches on core 0)
2026-07-14 19:13:34.853 8 INFO placement.requestlog [None req-53d860e8-41d9-4c70-bcac-180c2d6b6179 585f380bb259437c9eb22a12f9d28684 4a715d3db94548e89aad8873774c47d7 - - 8d436ad36a8e4aa5a5b7753161e93d6c 8d436ad36a8e4aa5a5b7753161e93d6c] 10.0.0.100 "GET /resource_providers/592c044e-11f7-4c58-83b7-225917860236/aggregates" status: 404 len: 235 microversion: 1.1 [pid: 8|app: 0|req: 587/1178] 10.0.0.100 () {32 vars in 815 bytes} [Tue Jul 14 19:13:34 2026] GET /resource_providers/592c044e-11f7-4c58-83b7-225917860236/aggregates => generated 235 bytes in 20 msecs (HTTP/1.1 404) 5 headers in 202 bytes (1 switches on core 0)
2026-07-14 19:13:34.879 8 INFO placement.requestlog [None req-9eecc2b9-dcc9-4440-b1f1-623e3e0d23e5 585f380bb259437c9eb22a12f9d28684 4a715d3db94548e89aad8873774c47d7 - - 8d436ad36a8e4aa5a5b7753161e93d6c 8d436ad36a8e4aa5a5b7753161e93d6c] 10.0.0.100 "DELETE /resource_providers/592c044e-11f7-4c58-83b7-225917860236" status: 404 len: 246 microversion: 1.1 [pid: 8|app: 0|req: 588/1179] 10.0.0.100 () {34 vars in 815 bytes} [Tue Jul 14 19:13:34 2026] DELETE /resource_providers/592c044e-11f7-4c58-83b7-225917860236 => generated 246 bytes in 10 msecs (HTTP/1.1 404) 6 headers in 231 bytes (1 switches on core 0)
2026-07-14 19:13:34.879 7 INFO placement.requestlog [None req-7960cfcb-8c71-4315-95ee-a93ad62477ce 585f380bb259437c9eb22a12f9d28684 4a715d3db94548e89aad8873774c47d7 - - 8d436ad36a8e4aa5a5b7753161e93d6c 8d436ad36a8e4aa5a5b7753161e93d6c] 10.0.0.100 "DELETE /resource_providers/592c044e-11f7-4c58-83b7-225917860236" status: 404 len: 246 microversion: 1.1 [pid: 7|app: 0|req: 592/1180] 10.0.0.100 () {34 vars in 815 bytes} [Tue Jul 14 19:13:34 2026] DELETE /resource_providers/592c044e-11f7-4c58-83b7-225917860236 => generated 246 bytes in 11 msecs (HTTP/1.1 404) 6 headers in 231 bytes (1 switches on core 0)
2026-07-14 19:13:35.517 8 INFO placement.requestlog [None req-bd3c9a92-72f1-4937-8454-c0e15b25ba09 585f380bb259437c9eb22a12f9d28684 4a715d3db94548e89aad8873774c47d7 - - 8d436ad36a8e4aa5a5b7753161e93d6c 8d436ad36a8e4aa5a5b7753161e93d6c] 10.0.0.100 "GET /resource_providers/587de251-325e-46a4-8b1b-fd6ded908724/aggregates" status: 404 len: 235 microversion: 1.1 [pid: 8|app: 0|req: 589/1181] 10.0.0.100 () {32 vars in 815 bytes} [Tue Jul 14 19:13:35 2026] GET /resource_providers/587de251-325e-46a4-8b1b-fd6ded908724/aggregates => generated 235 bytes in 16 msecs (HTTP/1.1 404) 5 headers in 202 bytes (1 switches on core 0)
2026-07-14 19:13:35.519 7 INFO placement.requestlog [None req-ec3036a5-b4b7-4bd2-b5cd-c70e874e1a1d 585f380bb259437c9eb22a12f9d28684 4a715d3db94548e89aad8873774c47d7 - - 8d436ad36a8e4aa5a5b7753161e93d6c 8d436ad36a8e4aa5a5b7753161e93d6c] 10.0.0.100 "GET /resource_providers/587de251-325e-46a4-8b1b-fd6ded908724/aggregates" status: 404 len: 235 microversion: 1.1 [pid: 7|app: 0|req: 593/1182] 10.0.0.100 () {32 vars in 815 bytes} [Tue Jul 14 19:13:35 2026] GET /resource_providers/587de251-325e-46a4-8b1b-fd6ded908724/aggregates => generated 235 bytes in 17 msecs (HTTP/1.1 404) 5 headers in 202 bytes (1 switches on core 0)
