2026-07-14 19:10:31.669 8 INFO placement.requestlog [None req-5e10e151-bc41-437d-9b76-7da3a5ab3986 585f380bb259437c9eb22a12f9d28684 4a715d3db94548e89aad8873774c47d7 - - 8d436ad36a8e4aa5a5b7753161e93d6c 8d436ad36a8e4aa5a5b7753161e93d6c] 10.0.0.100 "GET /resource_providers/97a5f588-6695-4a95-9de9-212929cd0d84/aggregates" status: 404 len: 235 microversion: 1.1 [pid: 8|app: 0|req: 419/838] 10.0.0.100 () {32 vars in 815 bytes} [Tue Jul 14 19:10:31 2026] GET /resource_providers/97a5f588-6695-4a95-9de9-212929cd0d84/aggregates => generated 235 bytes in 16 msecs (HTTP/1.1 404) 5 headers in 202 bytes (1 switches on core 0)
2026-07-14 19:10:31.682 7 INFO placement.requestlog [None req-0e994893-0478-4d4d-8e8e-d345f2e9cdb2 585f380bb259437c9eb22a12f9d28684 4a715d3db94548e89aad8873774c47d7 - - 8d436ad36a8e4aa5a5b7753161e93d6c 8d436ad36a8e4aa5a5b7753161e93d6c] 10.0.0.100 "DELETE /resource_providers/97a5f588-6695-4a95-9de9-212929cd0d84" status: 404 len: 246 microversion: 1.1 [pid: 7|app: 0|req: 420/839] 10.0.0.100 () {34 vars in 815 bytes} [Tue Jul 14 19:10:31 2026] DELETE /resource_providers/97a5f588-6695-4a95-9de9-212929cd0d84 => generated 246 bytes in 20 msecs (HTTP/1.1 404) 6 headers in 231 bytes (1 switches on core 0)
2026-07-14 19:10:31.685 8 INFO placement.requestlog [None req-61f512bf-ac97-4202-841c-4ef65a25da51 585f380bb259437c9eb22a12f9d28684 4a715d3db94548e89aad8873774c47d7 - - 8d436ad36a8e4aa5a5b7753161e93d6c 8d436ad36a8e4aa5a5b7753161e93d6c] 10.0.0.100 "DELETE /resource_providers/97a5f588-6695-4a95-9de9-212929cd0d84" status: 404 len: 246 microversion: 1.1 [pid: 8|app: 0|req: 420/840] 10.0.0.100 () {34 vars in 815 bytes} [Tue Jul 14 19:10:31 2026] DELETE /resource_providers/97a5f588-6695-4a95-9de9-212929cd0d84 => generated 246 bytes in 10 msecs (HTTP/1.1 404) 6 headers in 231 bytes (1 switches on core 0)
2026-07-14 19:10:31.830 8 INFO placement.requestlog [None req-9c3f1a65-1413-4ce7-80c3-648706e848c0 585f380bb259437c9eb22a12f9d28684 4a715d3db94548e89aad8873774c47d7 - - 8d436ad36a8e4aa5a5b7753161e93d6c 8d436ad36a8e4aa5a5b7753161e93d6c] 10.0.0.100 "GET /resource_providers/8e60896d-d6b8-409a-8a88-b56961e88351/aggregates" status: 404 len: 235 microversion: 1.1 [pid: 8|app: 0|req: 421/841] 10.0.0.100 () {32 vars in 815 bytes} [Tue Jul 14 19:10:31 2026] GET /resource_providers/8e60896d-d6b8-409a-8a88-b56961e88351/aggregates => generated 235 bytes in 13 msecs (HTTP/1.1 404) 5 headers in 202 bytes (1 switches on core 0)
2026-07-14 19:10:31.843 7 INFO placement.requestlog [None req-10ae624b-df76-485a-8056-52e6db06d5b3 585f380bb259437c9eb22a12f9d28684 4a715d3db94548e89aad8873774c47d7 - - 8d436ad36a8e4aa5a5b7753161e93d6c 8d436ad36a8e4aa5a5b7753161e93d6c] 10.0.0.100 "GET /resource_providers/8e60896d-d6b8-409a-8a88-b56961e88351/aggregates" status: 404 len: 235 microversion: 1.1 [pid: 7|app: 0|req: 421/842] 10.0.0.100 () {32 vars in 815 bytes} [Tue Jul 14 19:10:31 2026] GET /resource_providers/8e60896d-d6b8-409a-8a88-b56961e88351/aggregates => generated 235 bytes in 26 msecs (HTTP/1.1 404) 5 headers in 202 bytes (1 switches on core 0)
2026-07-14 19:10:31.848 8 INFO placement.requestlog [None req-847366fb-093d-499d-a1d8-95f44c08c6f3 585f380bb259437c9eb22a12f9d28684 4a715d3db94548e89aad8873774c47d7 - - 8d436ad36a8e4aa5a5b7753161e93d6c 8d436ad36a8e4aa5a5b7753161e93d6c] 10.0.0.100 "DELETE /resource_providers/8e60896d-d6b8-409a-8a88-b56961e88351" status: 404 len: 246 microversion: 1.1 [pid: 8|app: 0|req: 422/843] 10.0.0.100 () {34 vars in 815 bytes} [Tue Jul 14 19:10:31 2026] DELETE /resource_providers/8e60896d-d6b8-409a-8a88-b56961e88351 => generated 246 bytes in 13 msecs (HTTP/1.1 404) 6 headers in 231 bytes (1 switches on core 0)
2026-07-14 19:10:31.866 7 INFO placement.requestlog [None req-1fa949b0-82f0-486b-84b5-81e29c7dbeeb 585f380bb259437c9eb22a12f9d28684 4a715d3db94548e89aad8873774c47d7 - - 8d436ad36a8e4aa5a5b7753161e93d6c 8d436ad36a8e4aa5a5b7753161e93d6c] 10.0.0.100 "DELETE /resource_providers/8e60896d-d6b8-409a-8a88-b56961e88351" status: 404 len: 246 microversion: 1.1 [pid: 7|app: 0|req: 422/844] 10.0.0.100 () {34 vars in 815 bytes} [Tue Jul 14 19:10:31 2026] DELETE /resource_providers/8e60896d-d6b8-409a-8a88-b56961e88351 => generated 246 bytes in 17 msecs (HTTP/1.1 404) 6 headers in 231 bytes (1 switches on core 0)
2026-07-14 19:10:34.047 7 INFO placement.requestlog [None req-2a56264e-a618-4bf1-91c3-d5c785c5deaa 585f380bb259437c9eb22a12f9d28684 4a715d3db94548e89aad8873774c47d7 - - 8d436ad36a8e4aa5a5b7753161e93d6c 8d436ad36a8e4aa5a5b7753161e93d6c] 10.0.0.100 "GET /resource_providers/17e4a23a-faa3-4e5b-8286-7274a48123b8/aggregates" status: 404 len: 235 microversion: 1.1 [pid: 7|app: 0|req: 423/845] 10.0.0.100 () {32 vars in 815 bytes} [Tue Jul 14 19:10:34 2026] GET /resource_providers/17e4a23a-faa3-4e5b-8286-7274a48123b8/aggregates => generated 235 bytes in 9 msecs (HTTP/1.1 404) 5 headers in 202 bytes (1 switches on core 0)
2026-07-14 19:10:34.051 8 INFO placement.requestlog [None req-c49cc1ed-7cf1-4498-85b7-56546119a74c 585f380bb259437c9eb22a12f9d28684 4a715d3db94548e89aad8873774c47d7 - - 8d436ad36a8e4aa5a5b7753161e93d6c 8d436ad36a8e4aa5a5b7753161e93d6c] 10.0.0.100 "GET /resource_providers/17e4a23a-faa3-4e5b-8286-7274a48123b8/aggregates" status: 404 len: 235 microversion: 1.1 [pid: 8|app: 0|req: 423/846] 10.0.0.100 () {32 vars in 815 bytes} [Tue Jul 14 19:10:34 2026] GET /resource_providers/17e4a23a-faa3-4e5b-8286-7274a48123b8/aggregates => generated 235 bytes in 13 msecs (HTTP/1.1 404) 5 headers in 202 bytes (1 switches on core 0)
2026-07-14 19:10:34.067 7 INFO placement.requestlog [None req-276daab0-5eab-4f3e-9016-44135d462c8b 585f380bb259437c9eb22a12f9d28684 4a715d3db94548e89aad8873774c47d7 - - 8d436ad36a8e4aa5a5b7753161e93d6c 8d436ad36a8e4aa5a5b7753161e93d6c] 10.0.0.100 "DELETE /resource_providers/17e4a23a-faa3-4e5b-8286-7274a48123b8" status: 404 len: 246 microversion: 1.1 [pid: 7|app: 0|req: 424/847] 10.0.0.100 () {34 vars in 815 bytes} [Tue Jul 14 19:10:34 2026] DELETE /resource_providers/17e4a23a-faa3-4e5b-8286-7274a48123b8 => generated 246 bytes in 11 msecs (HTTP/1.1 404) 6 headers in 231 bytes (1 switches on core 0)
2026-07-14 19:10:34.077 8 INFO placement.requestlog [None req-236c939b-dc1f-4b53-b762-b283b65d1fc0 585f380bb259437c9eb22a12f9d28684 4a715d3db94548e89aad8873774c47d7 - - 8d436ad36a8e4aa5a5b7753161e93d6c 8d436ad36a8e4aa5a5b7753161e93d6c] 10.0.0.100 "DELETE /resource_providers/17e4a23a-faa3-4e5b-8286-7274a48123b8" status: 404 len: 246 microversion: 1.1 [pid: 8|app: 0|req: 424/848] 10.0.0.100 () {34 vars in 815 bytes} [Tue Jul 14 19:10:34 2026] DELETE /resource_providers/17e4a23a-faa3-4e5b-8286-7274a48123b8 => generated 246 bytes in 13 msecs (HTTP/1.1 404) 6 headers in 231 bytes (1 switches on core 0)
2026-07-14 19:10:36.230 7 INFO placement.requestlog [None req-103cd10e-bbea-437f-a1b4-287f46955851 - - - - - -] 10.0.0.80 "GET /" status: 200 len: 136 microversion: 1.0
2026-07-14 19:10:36.230 8 INFO placement.requestlog [None req-e960d472-f6fe-4e54-a391-387996e2a492 - - - - - -] 10.0.0.80 "GET /" status: 200 len: 136 microversion: 1.0
2026-07-14 19:10:40.088 8 INFO placement.requestlog [req-e80e6ab8-d1f9-499a-9751-8266eb2cf96a req-61d3c258-7238-416f-9de6-36bccd073a73 3b6f7259802e4b84a9609d36aa3ac445 4a715d3db94548e89aad8873774c47d7 - - 8d436ad36a8e4aa5a5b7753161e93d6c 8d436ad36a8e4aa5a5b7753161e93d6c] 199.19.213.177 "GET /resource_providers/0654ba2f-ad24-464d-b20d-811a8d06c5ef/allocations" status: 200 len: 252 microversion: 1.0 [pid: 8|app: 0|req: 426/851] 199.19.213.177 () {32 vars in 856 bytes} [Tue Jul 14 19:10:40 2026] GET /resource_providers/0654ba2f-ad24-464d-b20d-811a8d06c5ef/allocations => generated 252 bytes in 15 msecs (HTTP/1.1 200) 6 headers in 224 bytes (1 switches on core 0)
2026-07-14 19:10:40.122 7 INFO placement.requestlog [req-e80e6ab8-d1f9-499a-9751-8266eb2cf96a req-c9df1249-cdf3-4612-9077-0801d8eb1a06 3b6f7259802e4b84a9609d36aa3ac445 4a715d3db94548e89aad8873774c47d7 - - 8d436ad36a8e4aa5a5b7753161e93d6c 8d436ad36a8e4aa5a5b7753161e93d6c] 199.19.213.177 "GET /allocations/daab8922-f836-4ca7-a92d-1f3946432db4" status: 200 len: 257 microversion: 1.28 [pid: 7|app: 0|req: 426/852] 199.19.213.177 () {34 vars in 862 bytes} [Tue Jul 14 19:10:40 2026] GET /allocations/daab8922-f836-4ca7-a92d-1f3946432db4 => generated 257 bytes in 25 msecs (HTTP/1.1 200) 8 headers in 296 bytes (1 switches on core 0)
2026-07-14 19:10:40.143 8 INFO placement.requestlog [req-e80e6ab8-d1f9-499a-9751-8266eb2cf96a req-c1fec8ef-ebfc-4f5f-ba15-394206b0f102 3b6f7259802e4b84a9609d36aa3ac445 4a715d3db94548e89aad8873774c47d7 - - 8d436ad36a8e4aa5a5b7753161e93d6c 8d436ad36a8e4aa5a5b7753161e93d6c] 199.19.213.177 "GET /allocations/fff99742-5ee1-48b3-b4ba-1e31cf0fc9e1" status: 200 len: 257 microversion: 1.28 [pid: 8|app: 0|req: 427/853] 199.19.213.177 () {34 vars in 862 bytes} [Tue Jul 14 19:10:40 2026] GET /allocations/fff99742-5ee1-48b3-b4ba-1e31cf0fc9e1 => generated 257 bytes in 16 msecs (HTTP/1.1 200) 8 headers in 296 bytes (1 switches on core 0)
2026-07-14 19:10:41.224 7 INFO placement.requestlog [req-e80e6ab8-d1f9-499a-9751-8266eb2cf96a req-525d2f81-3e5e-4492-9670-e92d9c7a4011 3b6f7259802e4b84a9609d36aa3ac445 4a715d3db94548e89aad8873774c47d7 - - 8d436ad36a8e4aa5a5b7753161e93d6c 8d436ad36a8e4aa5a5b7753161e93d6c] 199.19.213.177 "DELETE /allocations/daab8922-f836-4ca7-a92d-1f3946432db4" status: 204 len: 0 microversion: 1.0 [pid: 7|app: 0|req: 427/854] 199.19.213.177 () {34 vars in 840 bytes} [Tue Jul 14 19:10:41 2026] DELETE /allocations/daab8922-f836-4ca7-a92d-1f3946432db4 => generated 0 bytes in 50 msecs (HTTP/1.1 204) 5 headers in 198 bytes (1 switches on core 0)
2026-07-14 19:10:41.252 8 INFO placement.requestlog [req-09c51459-0b53-4ff9-afa0-badf39a631d1 req-a9ade5eb-4c44-44f1-be0c-936bd2ad604b 3b6f7259802e4b84a9609d36aa3ac445 4a715d3db94548e89aad8873774c47d7 - - 8d436ad36a8e4aa5a5b7753161e93d6c 8d436ad36a8e4aa5a5b7753161e93d6c] 10.0.0.186 "GET /allocation_candidates?limit=1000&resources=DISK_GB%3A1%2CMEMORY_MB%3A512%2CVCPU%3A1&root_required=%21COMPUTE_STATUS_DISABLED" status: 200 len: 2387 microversion: 1.36 [pid: 8|app: 0|req: 428/855] 10.0.0.186 () {34 vars in 1011 bytes} [Tue Jul 14 19:10:41 2026] GET /allocation_candidates?limit=1000&resources=DISK_GB%3A1%2CMEMORY_MB%3A512%2CVCPU%3A1&root_required=%21COMPUTE_STATUS_DISABLED => generated 2387 bytes in 77 msecs (HTTP/1.1 200) 8 headers in 297 bytes (1 switches on core 0)
2026-07-14 19:10:41.292 7 INFO placement.requestlog [req-09c51459-0b53-4ff9-afa0-badf39a631d1 req-b1cff2eb-cbae-49af-b04d-65234e682fd2 3b6f7259802e4b84a9609d36aa3ac445 4a715d3db94548e89aad8873774c47d7 - - 8d436ad36a8e4aa5a5b7753161e93d6c 8d436ad36a8e4aa5a5b7753161e93d6c] 10.0.0.186 "GET /allocations/398c7eb0-3d6d-4926-b008-87e794757201" status: 200 len: 19 microversion: 1.28 [pid: 7|app: 0|req: 428/856] 10.0.0.186 () {34 vars in 860 bytes} [Tue Jul 14 19:10:41 2026] GET /allocations/398c7eb0-3d6d-4926-b008-87e794757201 => generated 19 bytes in 13 msecs (HTTP/1.1 200) 8 headers in 295 bytes (1 switches on core 0)
2026-07-14 19:10:41.405 8 INFO placement.requestlog [req-09c51459-0b53-4ff9-afa0-badf39a631d1 req-94e64821-7bec-416e-b7eb-a4d1132f67a4 3b6f7259802e4b84a9609d36aa3ac445 4a715d3db94548e89aad8873774c47d7 - - 8d436ad36a8e4aa5a5b7753161e93d6c 8d436ad36a8e4aa5a5b7753161e93d6c] 10.0.0.186 "PUT /allocations/398c7eb0-3d6d-4926-b008-87e794757201" status: 204 len: 0 microversion: 1.36 [pid: 8|app: 0|req: 429/857] 10.0.0.186 () {38 vars in 913 bytes} [Tue Jul 14 19:10:41 2026] PUT /allocations/398c7eb0-3d6d-4926-b008-87e794757201 => generated 0 bytes in 105 msecs (HTTP/1.1 204) 5 headers in 199 bytes (1 switches on core 0)
2026-07-14 19:10:42.916 7 INFO placement.requestlog [req-09c51459-0b53-4ff9-afa0-badf39a631d1 req-74632309-a20e-49f9-9982-05bde6eaeaf1 3b6f7259802e4b84a9609d36aa3ac445 4a715d3db94548e89aad8873774c47d7 - - 8d436ad36a8e4aa5a5b7753161e93d6c 8d436ad36a8e4aa5a5b7753161e93d6c] 199.19.213.177 "GET /allocations/398c7eb0-3d6d-4926-b008-87e794757201" status: 200 len: 257 microversion: 1.28 [pid: 7|app: 0|req: 429/858] 199.19.213.177 () {34 vars in 862 bytes} [Tue Jul 14 19:10:42 2026] GET /allocations/398c7eb0-3d6d-4926-b008-87e794757201 => generated 257 bytes in 17 msecs (HTTP/1.1 200) 8 headers in 296 bytes (1 switches on core 0)
2026-07-14 19:10:43.957 8 INFO placement.requestlog [req-09c51459-0b53-4ff9-afa0-badf39a631d1 req-0ac5cd1d-8ac3-48ec-a455-736f1cc6cf17 3b6f7259802e4b84a9609d36aa3ac445 4a715d3db94548e89aad8873774c47d7 - - 8d436ad36a8e4aa5a5b7753161e93d6c 8d436ad36a8e4aa5a5b7753161e93d6c] 199.19.213.177 "GET /resource_providers/0654ba2f-ad24-464d-b20d-811a8d06c5ef/allocations" status: 200 len: 252 microversion: 1.0 [pid: 8|app: 0|req: 430/859] 199.19.213.177 () {32 vars in 856 bytes} [Tue Jul 14 19:10:43 2026] GET /resource_providers/0654ba2f-ad24-464d-b20d-811a8d06c5ef/allocations => generated 252 bytes in 20 msecs (HTTP/1.1 200) 6 headers in 224 bytes (1 switches on core 0)
2026-07-14 19:10:43.977 7 INFO placement.requestlog [req-09c51459-0b53-4ff9-afa0-badf39a631d1 req-50fd26e1-ab68-4340-b600-52d0cf57debf 3b6f7259802e4b84a9609d36aa3ac445 4a715d3db94548e89aad8873774c47d7 - - 8d436ad36a8e4aa5a5b7753161e93d6c 8d436ad36a8e4aa5a5b7753161e93d6c] 199.19.213.177 "GET /allocations/398c7eb0-3d6d-4926-b008-87e794757201" status: 200 len: 257 microversion: 1.28 [pid: 7|app: 0|req: 430/860] 199.19.213.177 () {34 vars in 862 bytes} [Tue Jul 14 19:10:43 2026] GET /allocations/398c7eb0-3d6d-4926-b008-87e794757201 => generated 257 bytes in 15 msecs (HTTP/1.1 200) 8 headers in 296 bytes (1 switches on core 0)
2026-07-14 19:10:43.998 8 INFO placement.requestlog [req-09c51459-0b53-4ff9-afa0-badf39a631d1 req-76d85c9e-f22d-4ccf-9e90-f372ff4a3138 3b6f7259802e4b84a9609d36aa3ac445 4a715d3db94548e89aad8873774c47d7 - - 8d436ad36a8e4aa5a5b7753161e93d6c 8d436ad36a8e4aa5a5b7753161e93d6c] 199.19.213.177 "GET /allocations/fff99742-5ee1-48b3-b4ba-1e31cf0fc9e1" status: 200 len: 257 microversion: 1.28 [pid: 8|app: 0|req: 431/861] 199.19.213.177 () {34 vars in 862 bytes} [Tue Jul 14 19:10:43 2026] GET /allocations/fff99742-5ee1-48b3-b4ba-1e31cf0fc9e1 => generated 257 bytes in 14 msecs (HTTP/1.1 200) 8 headers in 296 bytes (1 switches on core 0)
2026-07-14 19:10:45.226 8 INFO placement.requestlog [None req-cc293015-7c37-4e9a-92a1-a5c9b296c2dd 585f380bb259437c9eb22a12f9d28684 4a715d3db94548e89aad8873774c47d7 - - 8d436ad36a8e4aa5a5b7753161e93d6c 8d436ad36a8e4aa5a5b7753161e93d6c] 10.0.0.100 "GET /resource_providers/a6df3ef9-5c98-4ae7-b379-4c284b8526bc/aggregates" status: 404 len: 235 microversion: 1.1 [pid: 8|app: 0|req: 432/862] 10.0.0.100 () {32 vars in 815 bytes} [Tue Jul 14 19:10:45 2026] GET /resource_providers/a6df3ef9-5c98-4ae7-b379-4c284b8526bc/aggregates => generated 235 bytes in 15 msecs (HTTP/1.1 404) 5 headers in 202 bytes (1 switches on core 0)
2026-07-14 19:10:45.229 7 INFO placement.requestlog [None req-3bef7e20-8484-48bb-bbfb-c0aadfd6bade 585f380bb259437c9eb22a12f9d28684 4a715d3db94548e89aad8873774c47d7 - - 8d436ad36a8e4aa5a5b7753161e93d6c 8d436ad36a8e4aa5a5b7753161e93d6c] 10.0.0.100 "GET /resource_providers/a6df3ef9-5c98-4ae7-b379-4c284b8526bc/aggregates" status: 404 len: 235 microversion: 1.1 [pid: 7|app: 0|req: 431/863] 10.0.0.100 () {32 vars in 815 bytes} [Tue Jul 14 19:10:45 2026] GET /resource_providers/a6df3ef9-5c98-4ae7-b379-4c284b8526bc/aggregates => generated 235 bytes in 18 msecs (HTTP/1.1 404) 5 headers in 202 bytes (1 switches on core 0)
2026-07-14 19:10:45.248 8 INFO placement.requestlog [None req-4c15229e-5bc5-42ac-8dc5-46ea617f0df0 585f380bb259437c9eb22a12f9d28684 4a715d3db94548e89aad8873774c47d7 - - 8d436ad36a8e4aa5a5b7753161e93d6c 8d436ad36a8e4aa5a5b7753161e93d6c] 10.0.0.100 "DELETE /resource_providers/a6df3ef9-5c98-4ae7-b379-4c284b8526bc" status: 404 len: 246 microversion: 1.1 [pid: 8|app: 0|req: 433/864] 10.0.0.100 () {34 vars in 815 bytes} [Tue Jul 14 19:10:45 2026] DELETE /resource_providers/a6df3ef9-5c98-4ae7-b379-4c284b8526bc => generated 246 bytes in 14 msecs (HTTP/1.1 404) 6 headers in 231 bytes (1 switches on core 0)
2026-07-14 19:10:45.257 7 INFO placement.requestlog [None req-87ec3e8a-1eb3-4b36-9098-8363827d0a49 585f380bb259437c9eb22a12f9d28684 4a715d3db94548e89aad8873774c47d7 - - 8d436ad36a8e4aa5a5b7753161e93d6c 8d436ad36a8e4aa5a5b7753161e93d6c] 10.0.0.100 "DELETE /resource_providers/a6df3ef9-5c98-4ae7-b379-4c284b8526bc" status: 404 len: 246 microversion: 1.1 [pid: 7|app: 0|req: 432/865] 10.0.0.100 () {34 vars in 815 bytes} [Tue Jul 14 19:10:45 2026] DELETE /resource_providers/a6df3ef9-5c98-4ae7-b379-4c284b8526bc => generated 246 bytes in 17 msecs (HTTP/1.1 404) 6 headers in 231 bytes (1 switches on core 0)
2026-07-14 19:10:46.227 8 INFO placement.requestlog [None req-98d0983e-22a5-44b1-8868-d0e0448128a0 - - - - - -] 10.0.0.80 "GET /" status: 200 len: 136 microversion: 1.0
2026-07-14 19:10:46.227 7 INFO placement.requestlog [None req-b3ea873f-6df9-4811-8bd4-8e9bde2a493c - - - - - -] 10.0.0.80 "GET /" status: 200 len: 136 microversion: 1.0
2026-07-14 19:10:47.284 8 INFO placement.requestlog [None req-0d90d8fe-543c-47f6-ad53-80f9677cc3e9 585f380bb259437c9eb22a12f9d28684 4a715d3db94548e89aad8873774c47d7 - - 8d436ad36a8e4aa5a5b7753161e93d6c 8d436ad36a8e4aa5a5b7753161e93d6c] 10.0.0.100 "GET /resource_providers/67ff52fd-2fa7-42e8-9163-4f82aa2463bd/aggregates" status: 404 len: 235 microversion: 1.1 [pid: 8|app: 0|req: 435/868] 10.0.0.100 () {32 vars in 815 bytes} [Tue Jul 14 19:10:47 2026] GET /resource_providers/67ff52fd-2fa7-42e8-9163-4f82aa2463bd/aggregates => generated 235 bytes in 13 msecs (HTTP/1.1 404) 5 headers in 202 bytes (1 switches on core 0)
2026-07-14 19:10:47.311 7 INFO placement.requestlog [None req-351e6def-2c4b-4348-811d-25b53ecf7176 585f380bb259437c9eb22a12f9d28684 4a715d3db94548e89aad8873774c47d7 - - 8d436ad36a8e4aa5a5b7753161e93d6c 8d436ad36a8e4aa5a5b7753161e93d6c] 10.0.0.100 "DELETE /resource_providers/67ff52fd-2fa7-42e8-9163-4f82aa2463bd" status: 404 len: 246 microversion: 1.1 [pid: 7|app: 0|req: 434/869] 10.0.0.100 () {34 vars in 815 bytes} [Tue Jul 14 19:10:47 2026] DELETE /resource_providers/67ff52fd-2fa7-42e8-9163-4f82aa2463bd => generated 246 bytes in 11 msecs (HTTP/1.1 404) 6 headers in 231 bytes (1 switches on core 0)
2026-07-14 19:10:48.072 8 INFO placement.requestlog [None req-cfde58ac-95d4-45cc-96d5-059612f28811 585f380bb259437c9eb22a12f9d28684 4a715d3db94548e89aad8873774c47d7 - - 8d436ad36a8e4aa5a5b7753161e93d6c 8d436ad36a8e4aa5a5b7753161e93d6c] 10.0.0.100 "GET /resource_providers/67ff52fd-2fa7-42e8-9163-4f82aa2463bd/aggregates" status: 404 len: 235 microversion: 1.1 [pid: 8|app: 0|req: 436/870] 10.0.0.100 () {32 vars in 815 bytes} [Tue Jul 14 19:10:48 2026] GET /resource_providers/67ff52fd-2fa7-42e8-9163-4f82aa2463bd/aggregates => generated 235 bytes in 10 msecs (HTTP/1.1 404) 5 headers in 202 bytes (1 switches on core 0)
2026-07-14 19:10:48.097 7 INFO placement.requestlog [None req-5236e2a3-d408-40e2-ae3a-efb50f80f742 585f380bb259437c9eb22a12f9d28684 4a715d3db94548e89aad8873774c47d7 - - 8d436ad36a8e4aa5a5b7753161e93d6c 8d436ad36a8e4aa5a5b7753161e93d6c] 10.0.0.100 "DELETE /resource_providers/67ff52fd-2fa7-42e8-9163-4f82aa2463bd" status: 404 len: 246 microversion: 1.1 [pid: 7|app: 0|req: 435/871] 10.0.0.100 () {34 vars in 815 bytes} [Tue Jul 14 19:10:48 2026] DELETE /resource_providers/67ff52fd-2fa7-42e8-9163-4f82aa2463bd => generated 246 bytes in 15 msecs (HTTP/1.1 404) 6 headers in 231 bytes (1 switches on core 0)
2026-07-14 19:10:52.374 8 INFO placement.requestlog [req-a49d808c-408c-4aa5-b480-998f12ea1db3 req-dc62de5c-2477-4866-9664-0efea40445b4 3b6f7259802e4b84a9609d36aa3ac445 4a715d3db94548e89aad8873774c47d7 - - 8d436ad36a8e4aa5a5b7753161e93d6c 8d436ad36a8e4aa5a5b7753161e93d6c] 199.19.213.177 "GET /resource_providers/0654ba2f-ad24-464d-b20d-811a8d06c5ef/allocations" status: 200 len: 252 microversion: 1.0 [pid: 8|app: 0|req: 437/872] 199.19.213.177 () {32 vars in 856 bytes} [Tue Jul 14 19:10:52 2026] GET /resource_providers/0654ba2f-ad24-464d-b20d-811a8d06c5ef/allocations => generated 252 bytes in 341 msecs (HTTP/1.1 200) 6 headers in 224 bytes (1 switches on core 0)
2026-07-14 19:10:52.408 7 INFO placement.requestlog [req-a49d808c-408c-4aa5-b480-998f12ea1db3 req-b7aec6f8-6ea3-47fc-9191-c146085f075f 3b6f7259802e4b84a9609d36aa3ac445 4a715d3db94548e89aad8873774c47d7 - - 8d436ad36a8e4aa5a5b7753161e93d6c 8d436ad36a8e4aa5a5b7753161e93d6c] 199.19.213.177 "GET /resource_providers?in_tree=0654ba2f-ad24-464d-b20d-811a8d06c5ef" status: 200 len: 797 microversion: 1.14 [pid: 7|app: 0|req: 436/873] 199.19.213.177 () {34 vars in 891 bytes} [Tue Jul 14 19:10:52 2026] GET /resource_providers?in_tree=0654ba2f-ad24-464d-b20d-811a8d06c5ef => generated 797 bytes in 24 msecs (HTTP/1.1 200) 6 headers in 225 bytes (1 switches on core 0)
2026-07-14 19:10:52.454 8 INFO placement.requestlog [req-a49d808c-408c-4aa5-b480-998f12ea1db3 req-51a598bf-e0ba-46c2-a5d2-31432be41a92 3b6f7259802e4b84a9609d36aa3ac445 4a715d3db94548e89aad8873774c47d7 - - 8d436ad36a8e4aa5a5b7753161e93d6c 8d436ad36a8e4aa5a5b7753161e93d6c] 199.19.213.177 "GET /resource_providers/0654ba2f-ad24-464d-b20d-811a8d06c5ef/inventories" status: 200 len: 400 microversion: 1.0 [pid: 8|app: 0|req: 438/874] 199.19.213.177 () {32 vars in 856 bytes} [Tue Jul 14 19:10:52 2026] GET /resource_providers/0654ba2f-ad24-464d-b20d-811a8d06c5ef/inventories => generated 400 bytes in 31 msecs (HTTP/1.1 200) 6 headers in 224 bytes (1 switches on core 0)
2026-07-14 19:10:52.476 7 INFO placement.requestlog [req-a49d808c-408c-4aa5-b480-998f12ea1db3 req-0ea71324-b5e7-48ab-b1de-080f6e19eae1 3b6f7259802e4b84a9609d36aa3ac445 4a715d3db94548e89aad8873774c47d7 - - 8d436ad36a8e4aa5a5b7753161e93d6c 8d436ad36a8e4aa5a5b7753161e93d6c] 199.19.213.177 "GET /resource_providers/0654ba2f-ad24-464d-b20d-811a8d06c5ef/aggregates" status: 200 len: 53 microversion: 1.19 [pid: 7|app: 0|req: 437/875] 199.19.213.177 () {34 vars in 898 bytes} [Tue Jul 14 19:10:52 2026] GET /resource_providers/0654ba2f-ad24-464d-b20d-811a8d06c5ef/aggregates => generated 53 bytes in 13 msecs (HTTP/1.1 200) 8 headers in 295 bytes (1 switches on core 0)
2026-07-14 19:10:52.514 8 INFO placement.requestlog [req-a49d808c-408c-4aa5-b480-998f12ea1db3 req-f55c0ae0-73ba-4899-a8e8-a0a16e85ced8 3b6f7259802e4b84a9609d36aa3ac445 4a715d3db94548e89aad8873774c47d7 - - 8d436ad36a8e4aa5a5b7753161e93d6c 8d436ad36a8e4aa5a5b7753161e93d6c] 199.19.213.177 "GET /resource_providers/0654ba2f-ad24-464d-b20d-811a8d06c5ef/traits" status: 200 len: 1919 microversion: 1.6 [pid: 8|app: 0|req: 439/876] 199.19.213.177 () {34 vars in 889 bytes} [Tue Jul 14 19:10:52 2026] GET /resource_providers/0654ba2f-ad24-464d-b20d-811a8d06c5ef/traits => generated 1919 bytes in 33 msecs (HTTP/1.1 200) 6 headers in 225 bytes (1 switches on core 0)
2026-07-14 19:10:52.585 7 INFO placement.requestlog [req-a49d808c-408c-4aa5-b480-998f12ea1db3 req-9b8a760b-2f93-43f4-b6dc-e60edbe9de30 3b6f7259802e4b84a9609d36aa3ac445 4a715d3db94548e89aad8873774c47d7 - - 8d436ad36a8e4aa5a5b7753161e93d6c 8d436ad36a8e4aa5a5b7753161e93d6c] 199.19.213.177 "GET /resource_providers/0654ba2f-ad24-464d-b20d-811a8d06c5ef/allocations" status: 200 len: 252 microversion: 1.0 [pid: 7|app: 0|req: 438/877] 199.19.213.177 () {32 vars in 856 bytes} [Tue Jul 14 19:10:52 2026] GET /resource_providers/0654ba2f-ad24-464d-b20d-811a8d06c5ef/allocations => generated 252 bytes in 58 msecs (HTTP/1.1 200) 6 headers in 224 bytes (1 switches on core 0)
2026-07-14 19:10:52.610 8 INFO placement.requestlog [req-a49d808c-408c-4aa5-b480-998f12ea1db3 req-9f259de5-59d7-4505-a4db-486e6f0e52c0 3b6f7259802e4b84a9609d36aa3ac445 4a715d3db94548e89aad8873774c47d7 - - 8d436ad36a8e4aa5a5b7753161e93d6c 8d436ad36a8e4aa5a5b7753161e93d6c] 199.19.213.177 "GET /allocations/398c7eb0-3d6d-4926-b008-87e794757201" status: 200 len: 257 microversion: 1.28 [pid: 8|app: 0|req: 440/878] 199.19.213.177 () {34 vars in 862 bytes} [Tue Jul 14 19:10:52 2026] GET /allocations/398c7eb0-3d6d-4926-b008-87e794757201 => generated 257 bytes in 19 msecs (HTTP/1.1 200) 8 headers in 296 bytes (1 switches on core 0)
2026-07-14 19:10:52.633 7 INFO placement.requestlog [req-a49d808c-408c-4aa5-b480-998f12ea1db3 req-5f017bae-c7a9-4e21-9f1b-aa01980ed5f1 3b6f7259802e4b84a9609d36aa3ac445 4a715d3db94548e89aad8873774c47d7 - - 8d436ad36a8e4aa5a5b7753161e93d6c 8d436ad36a8e4aa5a5b7753161e93d6c] 199.19.213.177 "GET /allocations/fff99742-5ee1-48b3-b4ba-1e31cf0fc9e1" status: 200 len: 257 microversion: 1.28 [pid: 7|app: 0|req: 439/879] 199.19.213.177 () {34 vars in 862 bytes} [Tue Jul 14 19:10:52 2026] GET /allocations/fff99742-5ee1-48b3-b4ba-1e31cf0fc9e1 => generated 257 bytes in 16 msecs (HTTP/1.1 200) 8 headers in 296 bytes (1 switches on core 0)
2026-07-14 19:10:54.356 8 INFO placement.requestlog [req-5428623b-e1fa-4191-a0e1-4605915af1d9 req-eb3fb014-466b-471d-bafd-84f7db599864 3b6f7259802e4b84a9609d36aa3ac445 4a715d3db94548e89aad8873774c47d7 - - 8d436ad36a8e4aa5a5b7753161e93d6c 8d436ad36a8e4aa5a5b7753161e93d6c] 10.0.0.186 "GET /allocation_candidates?limit=1000&resources=DISK_GB%3A1%2CMEMORY_MB%3A512%2CVCPU%3A1&root_required=%21COMPUTE_STATUS_DISABLED" status: 200 len: 2387 microversion: 1.36 [pid: 8|app: 0|req: 441/880] 10.0.0.186 () {34 vars in 1011 bytes} [Tue Jul 14 19:10:54 2026] GET /allocation_candidates?limit=1000&resources=DISK_GB%3A1%2CMEMORY_MB%3A512%2CVCPU%3A1&root_required=%21COMPUTE_STATUS_DISABLED => generated 2387 bytes in 60 msecs (HTTP/1.1 200) 8 headers in 297 bytes (1 switches on core 0)
2026-07-14 19:10:54.390 7 INFO placement.requestlog [req-5428623b-e1fa-4191-a0e1-4605915af1d9 req-9fb5b1a6-a216-402c-be7e-64cb0c10e0ef 3b6f7259802e4b84a9609d36aa3ac445 4a715d3db94548e89aad8873774c47d7 - - 8d436ad36a8e4aa5a5b7753161e93d6c 8d436ad36a8e4aa5a5b7753161e93d6c] 10.0.0.186 "GET /allocations/8eb0c4a0-77d4-4f7f-894e-8680b8d1105c" status: 200 len: 19 microversion: 1.28 [pid: 7|app: 0|req: 440/881] 10.0.0.186 () {34 vars in 860 bytes} [Tue Jul 14 19:10:54 2026] GET /allocations/8eb0c4a0-77d4-4f7f-894e-8680b8d1105c => generated 19 bytes in 13 msecs (HTTP/1.1 200) 8 headers in 295 bytes (1 switches on core 0)
2026-07-14 19:10:54.509 8 INFO placement.requestlog [req-5428623b-e1fa-4191-a0e1-4605915af1d9 req-d57d9159-1b56-4aa4-89ab-cfcb94be91fa 3b6f7259802e4b84a9609d36aa3ac445 4a715d3db94548e89aad8873774c47d7 - - 8d436ad36a8e4aa5a5b7753161e93d6c 8d436ad36a8e4aa5a5b7753161e93d6c] 10.0.0.186 "PUT /allocations/8eb0c4a0-77d4-4f7f-894e-8680b8d1105c" status: 204 len: 0 microversion: 1.36 [pid: 8|app: 0|req: 442/882] 10.0.0.186 () {38 vars in 913 bytes} [Tue Jul 14 19:10:54 2026] PUT /allocations/8eb0c4a0-77d4-4f7f-894e-8680b8d1105c => generated 0 bytes in 112 msecs (HTTP/1.1 204) 5 headers in 199 bytes (1 switches on core 0)
2026-07-14 19:10:56.040 7 INFO placement.requestlog [req-5428623b-e1fa-4191-a0e1-4605915af1d9 req-6be05a98-9261-4579-be3f-c640aaddfadd 3b6f7259802e4b84a9609d36aa3ac445 4a715d3db94548e89aad8873774c47d7 - - 8d436ad36a8e4aa5a5b7753161e93d6c 8d436ad36a8e4aa5a5b7753161e93d6c] 199.19.213.177 "GET /allocations/8eb0c4a0-77d4-4f7f-894e-8680b8d1105c" status: 200 len: 257 microversion: 1.28 [pid: 7|app: 0|req: 441/883] 199.19.213.177 () {34 vars in 862 bytes} [Tue Jul 14 19:10:56 2026] GET /allocations/8eb0c4a0-77d4-4f7f-894e-8680b8d1105c => generated 257 bytes in 15 msecs (HTTP/1.1 200) 8 headers in 296 bytes (1 switches on core 0)
2026-07-14 19:10:56.226 8 INFO placement.requestlog [None req-e400738b-c6e1-4689-9275-3e90804b4ef5 - - - - - -] 10.0.0.80 "GET /" status: 200 len: 136 microversion: 1.0
2026-07-14 19:10:56.227 7 INFO placement.requestlog [None req-478f51ec-9569-4635-a42f-d386a352d688 - - - - - -] 10.0.0.80 "GET /" status: 200 len: 136 microversion: 1.0
2026-07-14 19:10:57.087 7 INFO placement.requestlog [req-5428623b-e1fa-4191-a0e1-4605915af1d9 req-711d2506-e4c9-48c3-90b3-dde7e4d61795 3b6f7259802e4b84a9609d36aa3ac445 4a715d3db94548e89aad8873774c47d7 - - 8d436ad36a8e4aa5a5b7753161e93d6c 8d436ad36a8e4aa5a5b7753161e93d6c] 199.19.213.177 "GET /resource_providers/0654ba2f-ad24-464d-b20d-811a8d06c5ef/allocations" status: 200 len: 352 microversion: 1.0 [pid: 7|app: 0|req: 443/886] 199.19.213.177 () {32 vars in 856 bytes} [Tue Jul 14 19:10:57 2026] GET /resource_providers/0654ba2f-ad24-464d-b20d-811a8d06c5ef/allocations => generated 352 bytes in 22 msecs (HTTP/1.1 200) 6 headers in 224 bytes (1 switches on core 0)
2026-07-14 19:10:57.116 8 INFO placement.requestlog [req-5428623b-e1fa-4191-a0e1-4605915af1d9 req-92c2db7d-d728-4d4a-8385-058728ad182d 3b6f7259802e4b84a9609d36aa3ac445 4a715d3db94548e89aad8873774c47d7 - - 8d436ad36a8e4aa5a5b7753161e93d6c 8d436ad36a8e4aa5a5b7753161e93d6c] 199.19.213.177 "GET /allocations/398c7eb0-3d6d-4926-b008-87e794757201" status: 200 len: 257 microversion: 1.28 [pid: 8|app: 0|req: 444/887] 199.19.213.177 () {34 vars in 862 bytes} [Tue Jul 14 19:10:57 2026] GET /allocations/398c7eb0-3d6d-4926-b008-87e794757201 => generated 257 bytes in 15 msecs (HTTP/1.1 200) 8 headers in 296 bytes (1 switches on core 0)
2026-07-14 19:10:57.159 7 INFO placement.requestlog [req-5428623b-e1fa-4191-a0e1-4605915af1d9 req-481299a0-e5ae-4953-ac2a-eb53f280e4dd 3b6f7259802e4b84a9609d36aa3ac445 4a715d3db94548e89aad8873774c47d7 - - 8d436ad36a8e4aa5a5b7753161e93d6c 8d436ad36a8e4aa5a5b7753161e93d6c] 199.19.213.177 "GET /allocations/fff99742-5ee1-48b3-b4ba-1e31cf0fc9e1" status: 200 len: 257 microversion: 1.28 [pid: 7|app: 0|req: 444/888] 199.19.213.177 () {34 vars in 862 bytes} [Tue Jul 14 19:10:57 2026] GET /allocations/fff99742-5ee1-48b3-b4ba-1e31cf0fc9e1 => generated 257 bytes in 33 msecs (HTTP/1.1 200) 8 headers in 296 bytes (1 switches on core 0)
2026-07-14 19:10:57.188 8 INFO placement.requestlog [req-5428623b-e1fa-4191-a0e1-4605915af1d9 req-5a16339e-319d-47fa-b166-d4e10692a89d 3b6f7259802e4b84a9609d36aa3ac445 4a715d3db94548e89aad8873774c47d7 - - 8d436ad36a8e4aa5a5b7753161e93d6c 8d436ad36a8e4aa5a5b7753161e93d6c] 199.19.213.177 "GET /allocations/8eb0c4a0-77d4-4f7f-894e-8680b8d1105c" status: 200 len: 257 microversion: 1.28 [pid: 8|app: 0|req: 445/889] 199.19.213.177 () {34 vars in 862 bytes} [Tue Jul 14 19:10:57 2026] GET /allocations/8eb0c4a0-77d4-4f7f-894e-8680b8d1105c => generated 257 bytes in 19 msecs (HTTP/1.1 200) 8 headers in 296 bytes (1 switches on core 0)
2026-07-14 19:10:58.983 7 INFO placement.requestlog [req-949dc6d9-f872-4fe3-b896-78f180c6f58f req-70201866-fbdd-45f1-acff-88bb5dc27ede 3b6f7259802e4b84a9609d36aa3ac445 4a715d3db94548e89aad8873774c47d7 - - 8d436ad36a8e4aa5a5b7753161e93d6c 8d436ad36a8e4aa5a5b7753161e93d6c] 199.19.213.177 "GET /resource_providers/0654ba2f-ad24-464d-b20d-811a8d06c5ef/allocations" status: 200 len: 352 microversion: 1.0 [pid: 7|app: 0|req: 445/890] 199.19.213.177 () {32 vars in 856 bytes} [Tue Jul 14 19:10:58 2026] GET /resource_providers/0654ba2f-ad24-464d-b20d-811a8d06c5ef/allocations => generated 352 bytes in 20 msecs (HTTP/1.1 200) 6 headers in 224 bytes (1 switches on core 0)
2026-07-14 19:10:59.008 8 INFO placement.requestlog [req-949dc6d9-f872-4fe3-b896-78f180c6f58f req-b3445806-5fd4-4e7a-83cf-2c3fc992b86b 3b6f7259802e4b84a9609d36aa3ac445 4a715d3db94548e89aad8873774c47d7 - - 8d436ad36a8e4aa5a5b7753161e93d6c 8d436ad36a8e4aa5a5b7753161e93d6c] 199.19.213.177 "GET /allocations/398c7eb0-3d6d-4926-b008-87e794757201" status: 200 len: 257 microversion: 1.28 [pid: 8|app: 0|req: 446/891] 199.19.213.177 () {34 vars in 862 bytes} [Tue Jul 14 19:10:58 2026] GET /allocations/398c7eb0-3d6d-4926-b008-87e794757201 => generated 257 bytes in 15 msecs (HTTP/1.1 200) 8 headers in 296 bytes (1 switches on core 0)
2026-07-14 19:10:59.028 7 INFO placement.requestlog [req-949dc6d9-f872-4fe3-b896-78f180c6f58f req-82b09ba9-37b8-4bb6-b347-99033c2fc003 3b6f7259802e4b84a9609d36aa3ac445 4a715d3db94548e89aad8873774c47d7 - - 8d436ad36a8e4aa5a5b7753161e93d6c 8d436ad36a8e4aa5a5b7753161e93d6c] 199.19.213.177 "GET /allocations/fff99742-5ee1-48b3-b4ba-1e31cf0fc9e1" status: 200 len: 257 microversion: 1.28 [pid: 7|app: 0|req: 446/892] 199.19.213.177 () {34 vars in 862 bytes} [Tue Jul 14 19:10:59 2026] GET /allocations/fff99742-5ee1-48b3-b4ba-1e31cf0fc9e1 => generated 257 bytes in 13 msecs (HTTP/1.1 200) 8 headers in 296 bytes (1 switches on core 0)
2026-07-14 19:10:59.049 8 INFO placement.requestlog [req-949dc6d9-f872-4fe3-b896-78f180c6f58f req-906a5f95-3d40-47d5-8252-8b8e7f0c7bba 3b6f7259802e4b84a9609d36aa3ac445 4a715d3db94548e89aad8873774c47d7 - - 8d436ad36a8e4aa5a5b7753161e93d6c 8d436ad36a8e4aa5a5b7753161e93d6c] 199.19.213.177 "GET /allocations/8eb0c4a0-77d4-4f7f-894e-8680b8d1105c" status: 200 len: 257 microversion: 1.28 [pid: 8|app: 0|req: 447/893] 199.19.213.177 () {34 vars in 862 bytes} [Tue Jul 14 19:10:59 2026] GET /allocations/8eb0c4a0-77d4-4f7f-894e-8680b8d1105c => generated 257 bytes in 15 msecs (HTTP/1.1 200) 8 headers in 296 bytes (1 switches on core 0)
2026-07-14 19:11:00.103 7 INFO placement.requestlog [req-949dc6d9-f872-4fe3-b896-78f180c6f58f req-6a878100-697a-4409-87fe-0492eba1c7cb 3b6f7259802e4b84a9609d36aa3ac445 4a715d3db94548e89aad8873774c47d7 - - 8d436ad36a8e4aa5a5b7753161e93d6c 8d436ad36a8e4aa5a5b7753161e93d6c] 199.19.213.177 "DELETE /allocations/398c7eb0-3d6d-4926-b008-87e794757201" status: 204 len: 0 microversion: 1.0 [pid: 7|app: 0|req: 447/894] 199.19.213.177 () {34 vars in 840 bytes} [Tue Jul 14 19:11:00 2026] DELETE /allocations/398c7eb0-3d6d-4926-b008-87e794757201 => generated 0 bytes in 28 msecs (HTTP/1.1 204) 5 headers in 198 bytes (1 switches on core 0)
2026-07-14 19:11:01.660 8 INFO placement.requestlog [req-0f793fe3-e8cb-455f-b4a8-9d6c0988a2e6 req-d5263a40-36b4-4c02-8c78-f9a0e616ab0a 3b6f7259802e4b84a9609d36aa3ac445 4a715d3db94548e89aad8873774c47d7 - - 8d436ad36a8e4aa5a5b7753161e93d6c 8d436ad36a8e4aa5a5b7753161e93d6c] 199.19.213.177 "GET /resource_providers/0654ba2f-ad24-464d-b20d-811a8d06c5ef/allocations" status: 200 len: 252 microversion: 1.0 [pid: 8|app: 0|req: 448/895] 199.19.213.177 () {32 vars in 856 bytes} [Tue Jul 14 19:11:01 2026] GET /resource_providers/0654ba2f-ad24-464d-b20d-811a8d06c5ef/allocations => generated 252 bytes in 21 msecs (HTTP/1.1 200) 6 headers in 224 bytes (1 switches on core 0)
2026-07-14 19:11:01.678 7 INFO placement.requestlog [req-0f793fe3-e8cb-455f-b4a8-9d6c0988a2e6 req-622f673b-80d4-4e6e-9a02-ae2dab856232 3b6f7259802e4b84a9609d36aa3ac445 4a715d3db94548e89aad8873774c47d7 - - 8d436ad36a8e4aa5a5b7753161e93d6c 8d436ad36a8e4aa5a5b7753161e93d6c] 199.19.213.177 "GET /allocations/fff99742-5ee1-48b3-b4ba-1e31cf0fc9e1" status: 200 len: 257 microversion: 1.28 [pid: 7|app: 0|req: 448/896] 199.19.213.177 () {34 vars in 862 bytes} [Tue Jul 14 19:11:01 2026] GET /allocations/fff99742-5ee1-48b3-b4ba-1e31cf0fc9e1 => generated 257 bytes in 12 msecs (HTTP/1.1 200) 8 headers in 296 bytes (1 switches on core 0)
2026-07-14 19:11:01.693 8 INFO placement.requestlog [req-0f793fe3-e8cb-455f-b4a8-9d6c0988a2e6 req-88184bc7-e65a-495a-ad85-9cfc6fa5ebf5 3b6f7259802e4b84a9609d36aa3ac445 4a715d3db94548e89aad8873774c47d7 - - 8d436ad36a8e4aa5a5b7753161e93d6c 8d436ad36a8e4aa5a5b7753161e93d6c] 199.19.213.177 "GET /allocations/8eb0c4a0-77d4-4f7f-894e-8680b8d1105c" status: 200 len: 257 microversion: 1.28 [pid: 8|app: 0|req: 449/897] 199.19.213.177 () {34 vars in 862 bytes} [Tue Jul 14 19:11:01 2026] GET /allocations/8eb0c4a0-77d4-4f7f-894e-8680b8d1105c => generated 257 bytes in 11 msecs (HTTP/1.1 200) 8 headers in 296 bytes (1 switches on core 0)
2026-07-14 19:11:02.744 7 INFO placement.requestlog [req-0f793fe3-e8cb-455f-b4a8-9d6c0988a2e6 req-98c68aaa-58fe-482d-baba-2a19bd81c605 3b6f7259802e4b84a9609d36aa3ac445 4a715d3db94548e89aad8873774c47d7 - - 8d436ad36a8e4aa5a5b7753161e93d6c 8d436ad36a8e4aa5a5b7753161e93d6c] 199.19.213.177 "DELETE /allocations/fff99742-5ee1-48b3-b4ba-1e31cf0fc9e1" status: 204 len: 0 microversion: 1.0 [pid: 7|app: 0|req: 449/898] 199.19.213.177 () {34 vars in 840 bytes} [Tue Jul 14 19:11:02 2026] DELETE /allocations/fff99742-5ee1-48b3-b4ba-1e31cf0fc9e1 => generated 0 bytes in 31 msecs (HTTP/1.1 204) 5 headers in 198 bytes (1 switches on core 0)
2026-07-14 19:11:04.338 8 INFO placement.requestlog [None req-e5e78cbd-0eb9-45f7-beec-cfd58f161eb3 585f380bb259437c9eb22a12f9d28684 4a715d3db94548e89aad8873774c47d7 - - 8d436ad36a8e4aa5a5b7753161e93d6c 8d436ad36a8e4aa5a5b7753161e93d6c] 10.0.0.100 "GET /resource_providers/e749dc8a-6289-4949-8a57-4411874aaea5/aggregates" status: 404 len: 235 microversion: 1.1 [pid: 8|app: 0|req: 450/899] 10.0.0.100 () {32 vars in 815 bytes} [Tue Jul 14 19:11:04 2026] GET /resource_providers/e749dc8a-6289-4949-8a57-4411874aaea5/aggregates => generated 235 bytes in 11 msecs (HTTP/1.1 404) 5 headers in 202 bytes (1 switches on core 0)
2026-07-14 19:11:04.339 7 INFO placement.requestlog [None req-41a67e22-865c-4af9-a88c-80c7d239ebe5 585f380bb259437c9eb22a12f9d28684 4a715d3db94548e89aad8873774c47d7 - - 8d436ad36a8e4aa5a5b7753161e93d6c 8d436ad36a8e4aa5a5b7753161e93d6c] 10.0.0.100 "GET /resource_providers/e749dc8a-6289-4949-8a57-4411874aaea5/aggregates" status: 404 len: 235 microversion: 1.1 [pid: 7|app: 0|req: 450/900] 10.0.0.100 () {32 vars in 815 bytes} [Tue Jul 14 19:11:04 2026] GET /resource_providers/e749dc8a-6289-4949-8a57-4411874aaea5/aggregates => generated 235 bytes in 12 msecs (HTTP/1.1 404) 5 headers in 202 bytes (1 switches on core 0)
2026-07-14 19:11:04.359 8 INFO placement.requestlog [None req-bae96f7c-0b50-4807-a324-e6fcc0c5a48f 585f380bb259437c9eb22a12f9d28684 4a715d3db94548e89aad8873774c47d7 - - 8d436ad36a8e4aa5a5b7753161e93d6c 8d436ad36a8e4aa5a5b7753161e93d6c] 10.0.0.100 "DELETE /resource_providers/e749dc8a-6289-4949-8a57-4411874aaea5" status: 404 len: 246 microversion: 1.1 [pid: 8|app: 0|req: 451/901] 10.0.0.100 () {34 vars in 815 bytes} [Tue Jul 14 19:11:04 2026] DELETE /resource_providers/e749dc8a-6289-4949-8a57-4411874aaea5 => generated 246 bytes in 12 msecs (HTTP/1.1 404) 6 headers in 231 bytes (1 switches on core 0)
2026-07-14 19:11:04.365 7 INFO placement.requestlog [None req-55a60ceb-c0cd-4de9-b19f-1bec7971462d 585f380bb259437c9eb22a12f9d28684 4a715d3db94548e89aad8873774c47d7 - - 8d436ad36a8e4aa5a5b7753161e93d6c 8d436ad36a8e4aa5a5b7753161e93d6c] 10.0.0.100 "DELETE /resource_providers/e749dc8a-6289-4949-8a57-4411874aaea5" status: 404 len: 246 microversion: 1.1 [pid: 7|app: 0|req: 451/902] 10.0.0.100 () {34 vars in 815 bytes} [Tue Jul 14 19:11:04 2026] DELETE /resource_providers/e749dc8a-6289-4949-8a57-4411874aaea5 => generated 246 bytes in 12 msecs (HTTP/1.1 404) 6 headers in 231 bytes (1 switches on core 0)
2026-07-14 19:11:06.229 8 INFO placement.requestlog [None req-7934e13c-b352-4358-9215-6f46c19173ee - - - - - -] 10.0.0.80 "GET /" status: 200 len: 136 microversion: 1.0
2026-07-14 19:11:06.231 7 INFO placement.requestlog [None req-8e164f70-e4d0-4be0-af17-97d900ea478c - - - - - -] 10.0.0.80 "GET /" status: 200 len: 136 microversion: 1.0
2026-07-14 19:11:06.376 7 INFO placement.requestlog [None req-bc76f0ad-c0f1-465b-a485-b838dd9cd06e 585f380bb259437c9eb22a12f9d28684 4a715d3db94548e89aad8873774c47d7 - - 8d436ad36a8e4aa5a5b7753161e93d6c 8d436ad36a8e4aa5a5b7753161e93d6c] 10.0.0.100 "GET /resource_providers/a1d34d94-b5ed-477b-9a66-f42d2d616383/aggregates" status: 404 len: 235 microversion: 1.1 [pid: 7|app: 0|req: 453/905] 10.0.0.100 () {32 vars in 815 bytes} [Tue Jul 14 19:11:06 2026] GET /resource_providers/a1d34d94-b5ed-477b-9a66-f42d2d616383/aggregates => generated 235 bytes in 10 msecs (HTTP/1.1 404) 5 headers in 202 bytes (1 switches on core 0)
2026-07-14 19:11:06.380 8 INFO placement.requestlog [None req-c0a12409-34a2-4dc9-8f48-d0dbc23d081d 585f380bb259437c9eb22a12f9d28684 4a715d3db94548e89aad8873774c47d7 - - 8d436ad36a8e4aa5a5b7753161e93d6c 8d436ad36a8e4aa5a5b7753161e93d6c] 10.0.0.100 "GET /resource_providers/a1d34d94-b5ed-477b-9a66-f42d2d616383/aggregates" status: 404 len: 235 microversion: 1.1 [pid: 8|app: 0|req: 453/906] 10.0.0.100 () {32 vars in 815 bytes} [Tue Jul 14 19:11:06 2026] GET /resource_providers/a1d34d94-b5ed-477b-9a66-f42d2d616383/aggregates => generated 235 bytes in 18 msecs (HTTP/1.1 404) 5 headers in 202 bytes (1 switches on core 0)
2026-07-14 19:11:06.391 7 INFO placement.requestlog [None req-a58c6004-72ae-4d28-9d8e-8de43c82ceec 585f380bb259437c9eb22a12f9d28684 4a715d3db94548e89aad8873774c47d7 - - 8d436ad36a8e4aa5a5b7753161e93d6c 8d436ad36a8e4aa5a5b7753161e93d6c] 10.0.0.100 "DELETE /resource_providers/a1d34d94-b5ed-477b-9a66-f42d2d616383" status: 404 len: 246 microversion: 1.1 [pid: 7|app: 0|req: 454/907] 10.0.0.100 () {34 vars in 815 bytes} [Tue Jul 14 19:11:06 2026] DELETE /resource_providers/a1d34d94-b5ed-477b-9a66-f42d2d616383 => generated 246 bytes in 10 msecs (HTTP/1.1 404) 6 headers in 231 bytes (1 switches on core 0)
2026-07-14 19:11:06.397 8 INFO placement.requestlog [None req-866fc58f-4d08-49f0-a3ca-0559132c8274 585f380bb259437c9eb22a12f9d28684 4a715d3db94548e89aad8873774c47d7 - - 8d436ad36a8e4aa5a5b7753161e93d6c 8d436ad36a8e4aa5a5b7753161e93d6c] 10.0.0.100 "DELETE /resource_providers/a1d34d94-b5ed-477b-9a66-f42d2d616383" status: 404 len: 246 microversion: 1.1 [pid: 8|app: 0|req: 454/908] 10.0.0.100 () {34 vars in 815 bytes} [Tue Jul 14 19:11:06 2026] DELETE /resource_providers/a1d34d94-b5ed-477b-9a66-f42d2d616383 => generated 246 bytes in 9 msecs (HTTP/1.1 404) 6 headers in 231 bytes (1 switches on core 0)
2026-07-14 19:11:06.452 8 INFO placement.requestlog [None req-49e3730c-9809-49f2-9eba-14781d0617c8 585f380bb259437c9eb22a12f9d28684 4a715d3db94548e89aad8873774c47d7 - - 8d436ad36a8e4aa5a5b7753161e93d6c 8d436ad36a8e4aa5a5b7753161e93d6c] 10.0.0.100 "GET /resource_providers/5e160f64-bc7b-431f-b1b3-9216ba974824/aggregates" status: 404 len: 235 microversion: 1.1 [pid: 8|app: 0|req: 455/909] 10.0.0.100 () {32 vars in 815 bytes} [Tue Jul 14 19:11:06 2026] GET /resource_providers/5e160f64-bc7b-431f-b1b3-9216ba974824/aggregates => generated 235 bytes in 10 msecs (HTTP/1.1 404) 5 headers in 202 bytes (1 switches on core 0)
2026-07-14 19:11:06.453 7 INFO placement.requestlog [None req-c73f5662-c5d4-4b35-8d56-fa0414bf1697 585f380bb259437c9eb22a12f9d28684 4a715d3db94548e89aad8873774c47d7 - - 8d436ad36a8e4aa5a5b7753161e93d6c 8d436ad36a8e4aa5a5b7753161e93d6c] 10.0.0.100 "GET /resource_providers/5e160f64-bc7b-431f-b1b3-9216ba974824/aggregates" status: 404 len: 235 microversion: 1.1 [pid: 7|app: 0|req: 455/910] 10.0.0.100 () {32 vars in 815 bytes} [Tue Jul 14 19:11:06 2026] GET /resource_providers/5e160f64-bc7b-431f-b1b3-9216ba974824/aggregates => generated 235 bytes in 11 msecs (HTTP/1.1 404) 5 headers in 202 bytes (1 switches on core 0)
2026-07-14 19:11:06.476 8 INFO placement.requestlog [None req-41108a7c-f7bc-414b-847c-8d0c0f01367f 585f380bb259437c9eb22a12f9d28684 4a715d3db94548e89aad8873774c47d7 - - 8d436ad36a8e4aa5a5b7753161e93d6c 8d436ad36a8e4aa5a5b7753161e93d6c] 10.0.0.100 "DELETE /resource_providers/5e160f64-bc7b-431f-b1b3-9216ba974824" status: 404 len: 246 microversion: 1.1 [pid: 8|app: 0|req: 456/911] 10.0.0.100 () {34 vars in 815 bytes} [Tue Jul 14 19:11:06 2026] DELETE /resource_providers/5e160f64-bc7b-431f-b1b3-9216ba974824 => generated 246 bytes in 7 msecs (HTTP/1.1 404) 6 headers in 231 bytes (1 switches on core 0)
2026-07-14 19:11:06.483 7 INFO placement.requestlog [None req-7883eb60-c4cf-40d1-bda1-fed19ddd8a14 585f380bb259437c9eb22a12f9d28684 4a715d3db94548e89aad8873774c47d7 - - 8d436ad36a8e4aa5a5b7753161e93d6c 8d436ad36a8e4aa5a5b7753161e93d6c] 10.0.0.100 "DELETE /resource_providers/5e160f64-bc7b-431f-b1b3-9216ba974824" status: 404 len: 246 microversion: 1.1 [pid: 7|app: 0|req: 456/912] 10.0.0.100 () {34 vars in 815 bytes} [Tue Jul 14 19:11:06 2026] DELETE /resource_providers/5e160f64-bc7b-431f-b1b3-9216ba974824 => generated 246 bytes in 13 msecs (HTTP/1.1 404) 6 headers in 231 bytes (1 switches on core 0)
2026-07-14 19:11:08.448 8 INFO placement.requestlog [None req-02f0c83c-cd2f-490c-86fa-93518e8601d0 585f380bb259437c9eb22a12f9d28684 4a715d3db94548e89aad8873774c47d7 - - 8d436ad36a8e4aa5a5b7753161e93d6c 8d436ad36a8e4aa5a5b7753161e93d6c] 10.0.0.100 "GET /resource_providers/27c33d11-1590-44b4-9a49-56b5e254480e/aggregates" status: 404 len: 235 microversion: 1.1 [pid: 8|app: 0|req: 457/913] 10.0.0.100 () {32 vars in 815 bytes} [Tue Jul 14 19:11:08 2026] GET /resource_providers/27c33d11-1590-44b4-9a49-56b5e254480e/aggregates => generated 235 bytes in 11 msecs (HTTP/1.1 404) 5 headers in 202 bytes (1 switches on core 0)
2026-07-14 19:11:08.450 7 INFO placement.requestlog [None req-ab08df00-37a4-4925-9c87-b4456a47a08f 585f380bb259437c9eb22a12f9d28684 4a715d3db94548e89aad8873774c47d7 - - 8d436ad36a8e4aa5a5b7753161e93d6c 8d436ad36a8e4aa5a5b7753161e93d6c] 10.0.0.100 "GET /resource_providers/27c33d11-1590-44b4-9a49-56b5e254480e/aggregates" status: 404 len: 235 microversion: 1.1 [pid: 7|app: 0|req: 457/914] 10.0.0.100 () {32 vars in 815 bytes} [Tue Jul 14 19:11:08 2026] GET /resource_providers/27c33d11-1590-44b4-9a49-56b5e254480e/aggregates => generated 235 bytes in 12 msecs (HTTP/1.1 404) 5 headers in 202 bytes (1 switches on core 0)
2026-07-14 19:11:08.465 8 INFO placement.requestlog [None req-e0e5b4e7-0ea1-4d97-9c50-3dc37ad788dc 585f380bb259437c9eb22a12f9d28684 4a715d3db94548e89aad8873774c47d7 - - 8d436ad36a8e4aa5a5b7753161e93d6c 8d436ad36a8e4aa5a5b7753161e93d6c] 10.0.0.100 "DELETE /resource_providers/27c33d11-1590-44b4-9a49-56b5e254480e" status: 404 len: 246 microversion: 1.1 [pid: 8|app: 0|req: 458/915] 10.0.0.100 () {34 vars in 815 bytes} [Tue Jul 14 19:11:08 2026] DELETE /resource_providers/27c33d11-1590-44b4-9a49-56b5e254480e => generated 246 bytes in 9 msecs (HTTP/1.1 404) 6 headers in 231 bytes (1 switches on core 0)
2026-07-14 19:11:08.476 7 INFO placement.requestlog [None req-af9db40d-1238-48cf-9eae-64ece1f6d14b 585f380bb259437c9eb22a12f9d28684 4a715d3db94548e89aad8873774c47d7 - - 8d436ad36a8e4aa5a5b7753161e93d6c 8d436ad36a8e4aa5a5b7753161e93d6c] 10.0.0.100 "DELETE /resource_providers/27c33d11-1590-44b4-9a49-56b5e254480e" status: 404 len: 246 microversion: 1.1 [pid: 7|app: 0|req: 458/916] 10.0.0.100 () {34 vars in 815 bytes} [Tue Jul 14 19:11:08 2026] DELETE /resource_providers/27c33d11-1590-44b4-9a49-56b5e254480e => generated 246 bytes in 10 msecs (HTTP/1.1 404) 6 headers in 231 bytes (1 switches on core 0)
2026-07-14 19:11:12.721 8 INFO placement.requestlog [req-0c49d968-3f68-4a66-b16b-f9eb8cf13eba req-b9e9cea1-c5b2-41ce-82e2-fea480356255 3b6f7259802e4b84a9609d36aa3ac445 4a715d3db94548e89aad8873774c47d7 - - 8d436ad36a8e4aa5a5b7753161e93d6c 8d436ad36a8e4aa5a5b7753161e93d6c] 199.19.213.177 "GET /resource_providers/0654ba2f-ad24-464d-b20d-811a8d06c5ef/allocations" status: 200 len: 152 microversion: 1.0 [pid: 8|app: 0|req: 459/917] 199.19.213.177 () {32 vars in 856 bytes} [Tue Jul 14 19:11:12 2026] GET /resource_providers/0654ba2f-ad24-464d-b20d-811a8d06c5ef/allocations => generated 152 bytes in 16 msecs (HTTP/1.1 200) 6 headers in 224 bytes (1 switches on core 0)
2026-07-14 19:11:12.757 7 INFO placement.requestlog [req-0c49d968-3f68-4a66-b16b-f9eb8cf13eba req-a2c6f879-6595-485a-ba8d-1d1b920b0f53 3b6f7259802e4b84a9609d36aa3ac445 4a715d3db94548e89aad8873774c47d7 - - 8d436ad36a8e4aa5a5b7753161e93d6c 8d436ad36a8e4aa5a5b7753161e93d6c] 199.19.213.177 "GET /allocations/8eb0c4a0-77d4-4f7f-894e-8680b8d1105c" status: 200 len: 257 microversion: 1.28 [pid: 7|app: 0|req: 459/918] 199.19.213.177 () {34 vars in 862 bytes} [Tue Jul 14 19:11:12 2026] GET /allocations/8eb0c4a0-77d4-4f7f-894e-8680b8d1105c => generated 257 bytes in 28 msecs (HTTP/1.1 200) 8 headers in 296 bytes (1 switches on core 0)
2026-07-14 19:11:13.816 8 INFO placement.requestlog [req-0c49d968-3f68-4a66-b16b-f9eb8cf13eba req-14d08304-b8a0-4702-ab14-5e1edd5daea8 3b6f7259802e4b84a9609d36aa3ac445 4a715d3db94548e89aad8873774c47d7 - - 8d436ad36a8e4aa5a5b7753161e93d6c 8d436ad36a8e4aa5a5b7753161e93d6c] 199.19.213.177 "DELETE /allocations/8eb0c4a0-77d4-4f7f-894e-8680b8d1105c" status: 204 len: 0 microversion: 1.0 [pid: 8|app: 0|req: 460/919] 199.19.213.177 () {34 vars in 840 bytes} [Tue Jul 14 19:11:13 2026] DELETE /allocations/8eb0c4a0-77d4-4f7f-894e-8680b8d1105c => generated 0 bytes in 32 msecs (HTTP/1.1 204) 5 headers in 198 bytes (1 switches on core 0)
2026-07-14 19:11:15.799 7 INFO placement.requestlog [req-13e77087-a63d-41ae-ad7c-efeb3457c2cd req-40571a68-eccf-44f2-8b3e-ad2a661e8f57 3b6f7259802e4b84a9609d36aa3ac445 4a715d3db94548e89aad8873774c47d7 - - 8d436ad36a8e4aa5a5b7753161e93d6c 8d436ad36a8e4aa5a5b7753161e93d6c] 10.0.0.186 "GET /allocation_candidates?limit=1000&resources=DISK_GB%3A1%2CMEMORY_MB%3A512%2CVCPU%3A1&root_required=%21COMPUTE_STATUS_DISABLED" status: 200 len: 2384 microversion: 1.36 [pid: 7|app: 0|req: 460/920] 10.0.0.186 () {34 vars in 1011 bytes} [Tue Jul 14 19:11:15 2026] GET /allocation_candidates?limit=1000&resources=DISK_GB%3A1%2CMEMORY_MB%3A512%2CVCPU%3A1&root_required=%21COMPUTE_STATUS_DISABLED => generated 2384 bytes in 65 msecs (HTTP/1.1 200) 8 headers in 297 bytes (1 switches on core 0)
2026-07-14 19:11:15.834 8 INFO placement.requestlog [req-13e77087-a63d-41ae-ad7c-efeb3457c2cd req-b6a736a0-e968-43e2-87d5-9c9cc664f5f1 3b6f7259802e4b84a9609d36aa3ac445 4a715d3db94548e89aad8873774c47d7 - - 8d436ad36a8e4aa5a5b7753161e93d6c 8d436ad36a8e4aa5a5b7753161e93d6c] 10.0.0.186 "GET /allocations/0713983c-4513-494b-98de-027f3976a100" status: 200 len: 19 microversion: 1.28 [pid: 8|app: 0|req: 461/921] 10.0.0.186 () {34 vars in 860 bytes} [Tue Jul 14 19:11:15 2026] GET /allocations/0713983c-4513-494b-98de-027f3976a100 => generated 19 bytes in 13 msecs (HTTP/1.1 200) 8 headers in 295 bytes (1 switches on core 0)
