Jul 19 01:19:47.621996 np0000185860 devstack@neutron-api.service[101790]: DEBUG ovsdbapp.backend.ovs_idl.event [None req-0fec16d2-b3ea-4931-8d02-a69640afc939 None None] Matched UPDATE: LogicalSwitchPortUpdateUpEvent(events=('update',), table='Logical_Switch_Port', conditions=None, old_conditions=None), priority=20 to row=Logical_Switch_Port(uuid=e5f4d44b-c00e-43c3-8af3-aed2376b7e25, addresses=['fa:16:3e:7d:48:01 10.2.5.233', 'unknown'], dhcpv4_options=962d0635-a8a4-4c44-96d4-67aaea629217, dhcpv6_options=[], dynamic_addresses=[], enabled=True, external_ids={'neutron:cidrs': '10.2.5.233/24', 'neutron:device_id': 'manila-admin-share', 'neutron:device_owner': 'manila:share', 'neutron:mtu': '', 'neutron:network_name': 'neutron-e653c5d8-d053-48b2-934b-530971868e64', 'neutron:port_capabilities': '', 'neutron:port_name': '', 'neutron:project_id': '06e4a7fc86414fd991017331257bc919', 'neutron:revision_number': '3', 'neutron:security_group_ids': '', 'neutron:subnet_pool_addr_scope4': '', 'neutron:subnet_pool_addr_scope6': '', 'neutron:vnic_type': 'normal'}, ha_chassis_group=[], mirror_rules=[], name='028bbdda-561c-44c8-994c-3ff38fd4ed8c', options={'requested-chassis': 'np0000185860'}, parent_name=[], port_security=[], tag=[], tag_request=[], type='', up=True) old=Logical_Switch_Port(uuid=e5f4d44b-c00e-43c3-8af3-aed2376b7e25, up=False) {{(pid=101790) matches /opt/stack/data/venv/lib/python3.12/site-packages/ovsdbapp/backend/ovs_idl/event.py:55}}
Jul 19 01:19:47.624395 np0000185860 devstack@neutron-api.service[101790]: INFO neutron.plugins.ml2.drivers.ovn.mech_driver.mech_driver [None req-f102aff7-26b7-4284-8f6b-1936482d4dee None None] OVN reports status up for port: 028bbdda-561c-44c8-994c-3ff38fd4ed8c
Jul 19 01:19:47.634180 np0000185860 devstack@neutron-api.service[101790]: DEBUG neutron.db.provisioning_blocks [None req-f102aff7-26b7-4284-8f6b-1936482d4dee None None] Provisioning for port 028bbdda-561c-44c8-994c-3ff38fd4ed8c completed by entity L2. {{(pid=101790) provisioning_complete /opt/stack/neutron/neutron/db/provisioning_blocks.py:133}}
Jul 19 01:19:47.641896 np0000185860 devstack@neutron-api.service[101790]: DEBUG neutron.db.provisioning_blocks [None req-f102aff7-26b7-4284-8f6b-1936482d4dee None None] Provisioning complete for port 028bbdda-561c-44c8-994c-3ff38fd4ed8c triggered by entity L2. {{(pid=101790) provisioning_complete /opt/stack/neutron/neutron/db/provisioning_blocks.py:141}}
Jul 19 01:19:47.642102 np0000185860 devstack@neutron-api.service[101790]: DEBUG neutron_lib.callbacks.manager [None req-f102aff7-26b7-4284-8f6b-1936482d4dee None None] Publish callbacks ['neutron.plugins.ml2.plugin.Ml2Plugin._port_provisioned-923170'] for port (028bbdda-561c-44c8-994c-3ff38fd4ed8c), provisioning_complete {{(pid=101790) _notify_loop /opt/stack/data/venv/lib/python3.12/site-packages/neutron_lib/callbacks/manager.py:184}}
Jul 19 01:19:47.642244 np0000185860 devstack@neutron-api.service[101790]: INFO neutron.plugins.ml2.plugin [None req-f102aff7-26b7-4284-8f6b-1936482d4dee None None] Attempt 1 to provision port 028bbdda-561c-44c8-994c-3ff38fd4ed8c
Jul 19 01:19:47.685527 np0000185860 devstack@neutron-api.service[101790]: DEBUG neutron.plugins.ml2.plugin [None req-f102aff7-26b7-4284-8f6b-1936482d4dee None None] Current status of the port 028bbdda-561c-44c8-994c-3ff38fd4ed8c is: DOWN; New status is: ACTIVE {{(pid=101790) _update_individual_port_db_status /opt/stack/neutron/neutron/plugins/ml2/plugin.py:2473}}
Jul 19 01:19:47.685714 np0000185860 devstack@neutron-api.service[101790]: DEBUG neutron_lib.callbacks.manager [None req-f102aff7-26b7-4284-8f6b-1936482d4dee None None] Publish callbacks ['neutron.plugins.ml2.plugin.SecurityGroupDbMixin._ensure_default_security_group_handler-137006', 'neutron.services.ovn_l3.plugin.OVNL3RouterPlugin._port_update-8660817731014', 'neutron.db.l3_db.L3_NAT_dbonly_mixin._prevent_internal_ip_change_for_fip-8660818743830'] for port (028bbdda-561c-44c8-994c-3ff38fd4ed8c), before_update {{(pid=101790) _notify_loop /opt/stack/data/venv/lib/python3.12/site-packages/neutron_lib/callbacks/manager.py:184}}
Jul 19 01:19:47.707762 np0000185860 devstack@neutron-api.service[101790]: DEBUG neutron.plugins.ml2.db [None req-f102aff7-26b7-4284-8f6b-1936482d4dee None None] For port 028bbdda-561c-44c8-994c-3ff38fd4ed8c, host np0000185860, got binding levels [PortBindingLevel(driver='ovn',host='np0000185860',level=0,port_id=028bbdda-561c-44c8-994c-3ff38fd4ed8c,segment=NetworkSegment(2baa35cd-6a69-43eb-8bb9-15f0dc1e3f84),segment_id=2baa35cd-6a69-43eb-8bb9-15f0dc1e3f84)] {{(pid=101790) get_binding_level_objs /opt/stack/neutron/neutron/plugins/ml2/db.py:74}}
Jul 19 01:19:47.708109 np0000185860 devstack@neutron-api.service[101790]: DEBUG neutron.plugins.ml2.drivers.ovn.mech_driver.mech_driver [None req-f102aff7-26b7-4284-8f6b-1936482d4dee None None] No provisioning block for port 028bbdda-561c-44c8-994c-3ff38fd4ed8c since it is active {{(pid=101790) _is_port_provisioning_required /opt/stack/neutron/neutron/plugins/ml2/drivers/ovn/mech_driver/mech_driver.py:894}}
Jul 19 01:19:47.775478 np0000185860 devstack@neutron-api.service[101790]: DEBUG neutron.plugins.ml2.drivers.ovn.mech_driver.ovsdb.commands [None req-f102aff7-26b7-4284-8f6b-1936482d4dee None None] Converting tag [] to a tag_request {{(pid=101790) _tag_column_to_tag_request /opt/stack/neutron/neutron/plugins/ml2/drivers/ovn/mech_driver/ovsdb/commands.py:205}}
Jul 19 01:19:47.776982 np0000185860 devstack@neutron-api.service[101790]: DEBUG ovsdbapp.backend.ovs_idl.transaction [None req-0fec16d2-b3ea-4931-8d02-a69640afc939 None None] Running txn n=1 command(idx=0): CheckRevisionNumberCommand(_result=None, name=028bbdda-561c-44c8-994c-3ff38fd4ed8c, resource={'id': '028bbdda-561c-44c8-994c-3ff38fd4ed8c', 'name': '', 'network_id': 'e653c5d8-d053-48b2-934b-530971868e64', 'project_id': '06e4a7fc86414fd991017331257bc919', 'mac_address': 'fa:16:3e:7d:48:01', 'admin_state_up': True, 'status': 'ACTIVE', 'device_id': 'manila-admin-share', 'device_owner': 'manila:share', 'standard_attr_id': 46, 'fixed_ips': [{'subnet_id': 'be6d5679-436b-4de0-8fa5-115963befc25', 'ip_address': '10.2.5.233'}], 'allowed_address_pairs': [], 'extra_dhcp_opts': [], 'security_groups': [], 'description': '', 'binding:vnic_type': 'normal', 'binding:profile': {}, 'binding:host_id': 'np0000185860', 'binding:vif_type': 'ovs', 'binding:vif_details': {'port_filter': True, 'connectivity': 'l2', 'ovs_create_tap': True, 'bridge_name': 'br-int', 'datapath_type': 'system', 'bound_drivers': {'0': 'ovn'}}, 'port_security_enabled': False, 'tags': [], 'created_at': '2026-07-19T01:19:46Z', 'updated_at': '2026-07-19T01:19:47Z', 'revision_number': 4, 'tenant_id': '06e4a7fc86414fd991017331257bc919', 'network': {'id': 'e653c5d8-d053-48b2-934b-530971868e64', 'name': 'admin_net', 'tenant_id': '06e4a7fc86414fd991017331257bc919', 'project_id': '06e4a7fc86414fd991017331257bc919', 'admin_state_up': True, 'mtu': 1372, 'status': 'ACTIVE', 'subnets': ['be6d5679-436b-4de0-8fa5-115963befc25'], 'standard_attr_id': 42, 'shared': False, 'availability_zone_hints': [], 'availability_zones': [], 'ipv4_address_scope': None, 'ipv6_address_scope': None, 'router:external': False, 'qinq': False, 'vlan_transparent': False, 'description': '', 'port_security_enabled': True, 'tags': [], 'created_at': '2026-07-19T01:19:39Z', 'updated_at': '2026-07-19T01:19:40Z', 'revision_number': 2, 'provider:network_type': 'geneve', 'provider:physical_network': None, 'provider:segmentation_id': 19494}}, resource_type=ports, if_exists=True) {{(pid=101790) do_commit /opt/stack/data/venv/lib/python3.12/site-packages/ovsdbapp/backend/ovs_idl/transaction.py:89}}
Jul 19 01:19:47.777865 np0000185860 devstack@neutron-api.service[101790]: DEBUG ovsdbapp.backend.ovs_idl.transaction [None req-0fec16d2-b3ea-4931-8d02-a69640afc939 None None] Running txn n=1 command(idx=1): SetLSwitchPortCommand(_result=None, lport=028bbdda-561c-44c8-994c-3ff38fd4ed8c, external_ids_update=None, columns={'external_ids': {'neutron:port_name': '', 'neutron:device_id': 'manila-admin-share', 'neutron:project_id': '06e4a7fc86414fd991017331257bc919', 'neutron:cidrs': '10.2.5.233/24', 'neutron:device_owner': 'manila:share', 'neutron:subnet_pool_addr_scope4': '', 'neutron:subnet_pool_addr_scope6': '', 'neutron:network_name': 'neutron-e653c5d8-d053-48b2-934b-530971868e64', 'neutron:security_group_ids': '', 'neutron:revision_number': '4', 'neutron:vnic_type': 'normal', 'neutron:port_capabilities': '', 'neutron:mtu': ''}, 'parent_name': [], 'options': {'requested-chassis': 'np0000185860'}, 'enabled': True, 'port_security': [], 'dhcpv4_options': [UUID('962d0635-a8a4-4c44-96d4-67aaea629217')], 'dhcpv6_options': [], 'type': '', 'addresses': ['fa:16:3e:7d:48:01 10.2.5.233', 'unknown'], 'ha_chassis_group': [], 'tag_request': []}, if_exists=False) {{(pid=101790) do_commit /opt/stack/data/venv/lib/python3.12/site-packages/ovsdbapp/backend/ovs_idl/transaction.py:89}}
Jul 19 01:19:47.779592 np0000185860 devstack@neutron-api.service[101790]: DEBUG ovsdbapp.backend.ovs_idl.transaction [None req-0fec16d2-b3ea-4931-8d02-a69640afc939 None None] Running txn n=1 command(idx=2): PgDelPortCommand(_result=None, port_group=neutron_pg_drop, lsp=['028bbdda-561c-44c8-994c-3ff38fd4ed8c'], if_exists=False) {{(pid=101790) do_commit /opt/stack/data/venv/lib/python3.12/site-packages/ovsdbapp/backend/ovs_idl/transaction.py:89}}
Jul 19 01:19:47.789733 np0000185860 devstack@neutron-api.service[101790]: DEBUG neutron.plugins.ml2.drivers.ovn.mech_driver.ovsdb.ovsdb_monitor [None req-0fec16d2-b3ea-4931-8d02-a69640afc939 None None] Touching Hash Ring node "dd284881c93e57caa32d685ce3b75c16" from IDL notify handler {{(pid=101790) notify /opt/stack/neutron/neutron/plugins/ml2/drivers/ovn/mech_driver/ovsdb/ovsdb_monitor.py:1001}}
Jul 19 01:19:47.790798 np0000185860 devstack@neutron-api.service[101789]: DEBUG neutron.plugins.ml2.drivers.ovn.mech_driver.ovsdb.ovsdb_monitor [None req-01f32b2f-896f-4ada-b04e-abd16be2c039 None None] Hash Ring: Node 477877fc802a536dbbbcb336c6a4f02f (host: np0000185860) handling event "update" for row 2941b777-b773-4eab-a7f5-0cb66bc7f972 (table: Port_Binding) {{(pid=101789) notify /opt/stack/neutron/neutron/plugins/ml2/drivers/ovn/mech_driver/ovsdb/ovsdb_monitor.py:1009}}
Jul 19 01:19:47.795999 np0000185860 devstack@neutron-api.service[101790]: DEBUG neutron.plugins.ml2.drivers.ovn.mech_driver.ovsdb.ovsdb_monitor [None req-0fec16d2-b3ea-4931-8d02-a69640afc939 None None] Hash Ring: Node dd284881c93e57caa32d685ce3b75c16 (host: np0000185860) handling event "update" for row e5f4d44b-c00e-43c3-8af3-aed2376b7e25 (table: Logical_Switch_Port) {{(pid=101790) notify /opt/stack/neutron/neutron/plugins/ml2/drivers/ovn/mech_driver/ovsdb/ovsdb_monitor.py:1009}}
Jul 19 01:19:47.825881 np0000185860 devstack@neutron-api.service[101790]: INFO neutron.db.ovn_revision_numbers_db [None req-f102aff7-26b7-4284-8f6b-1936482d4dee None None] Successfully bumped revision number for resource 028bbdda-561c-44c8-994c-3ff38fd4ed8c (type: ports) to 4
Jul 19 01:19:47.829470 np0000185860 devstack@neutron-api.service[101790]: DEBUG neutron_lib.callbacks.manager [None req-f102aff7-26b7-4284-8f6b-1936482d4dee None None] Publish callbacks ['neutron.plugins.ml2.ovo_rpc._ObjectChangeHandler.handle_event-33486211', 'neutron.services.ovn_l3.plugin.OVNL3RouterPlugin._port_update-8660817731014'] for port (028bbdda-561c-44c8-994c-3ff38fd4ed8c), after_update {{(pid=101790) _notify_loop /opt/stack/data/venv/lib/python3.12/site-packages/neutron_lib/callbacks/manager.py:184}}
Jul 19 01:19:47.860851 np0000185860 devstack@neutron-api.service[101790]: DEBUG neutron.api.rpc.handlers.resources_rpc [None req-7b84ecb0-979c-49e7-8e90-667315e93101 None None] Pushing event updated for resources: {'Port': ['ID=028bbdda-561c-44c8-994c-3ff38fd4ed8c,revision_number=4']} {{(pid=101790) push /opt/stack/neutron/neutron/api/rpc/handlers/resources_rpc.py:237}}
Jul 19 01:19:47.886744 np0000185860 devstack@neutron-api.service[101790]: DEBUG ovsdbapp.backend.ovs_idl.transaction [None req-0fec16d2-b3ea-4931-8d02-a69640afc939 None None] Running txn n=1 command(idx=0): DbSetCommand(_result=None, table=Logical_Switch_Port, record=028bbdda-561c-44c8-994c-3ff38fd4ed8c, col_values=(('external_ids', {'neutron:host_id': 'np0000185860'}),), if_exists=True) {{(pid=101790) do_commit /opt/stack/data/venv/lib/python3.12/site-packages/ovsdbapp/backend/ovs_idl/transaction.py:89}}
Jul 19 01:19:47.893924 np0000185860 devstack@neutron-api.service[101789]: DEBUG neutron.plugins.ml2.drivers.ovn.mech_driver.ovsdb.ovsdb_monitor [None req-01f32b2f-896f-4ada-b04e-abd16be2c039 None None] Hash Ring: Node 477877fc802a536dbbbcb336c6a4f02f (host: np0000185860) handling event "update" for row 2941b777-b773-4eab-a7f5-0cb66bc7f972 (table: Port_Binding) {{(pid=101789) notify /opt/stack/neutron/neutron/plugins/ml2/drivers/ovn/mech_driver/ovsdb/ovsdb_monitor.py:1009}}
Jul 19 01:19:47.900092 np0000185860 devstack@neutron-api.service[101790]: DEBUG neutron.plugins.ml2.drivers.ovn.mech_driver.ovsdb.ovsdb_monitor [None req-0fec16d2-b3ea-4931-8d02-a69640afc939 None None] Touching Hash Ring node "dd284881c93e57caa32d685ce3b75c16" from IDL notify handler {{(pid=101790) notify /opt/stack/neutron/neutron/plugins/ml2/drivers/ovn/mech_driver/ovsdb/ovsdb_monitor.py:1001}}
Jul 19 01:19:47.904463 np0000185860 devstack@neutron-api.service[101790]: DEBUG neutron.plugins.ml2.drivers.ovn.mech_driver.ovsdb.ovsdb_monitor [None req-0fec16d2-b3ea-4931-8d02-a69640afc939 None None] Hash Ring: Node dd284881c93e57caa32d685ce3b75c16 (host: np0000185860) handling event "update" for row e5f4d44b-c00e-43c3-8af3-aed2376b7e25 (table: Logical_Switch_Port) {{(pid=101790) notify /opt/stack/neutron/neutron/plugins/ml2/drivers/ovn/mech_driver/ovsdb/ovsdb_monitor.py:1009}}
Jul 19 01:19:47.935724 np0000185860 devstack@neutron-api.service[101790]: DEBUG neutron.pecan_wsgi.hooks.policy_enforcement [None req-088968ec-bb5b-4e95-ad80-3cad8356d8f5 service manila] Attributes excluded by policy engine: ['standard_attr_id', 'shared'] {{(pid=101790) _exclude_attributes_by_policy /opt/stack/neutron/neutron/pecan_wsgi/hooks/policy_enforcement.py:259}}
Jul 19 01:19:47.937044 np0000185860 devstack@neutron-api.service[101790]: [pid: 101790|app: 0|req: 26/105] 199.204.45.144 () {64 vars in 1367 bytes} [Sun Jul 19 01:19:47 2026] GET /networking/v2.0/subnets/be6d5679-436b-4de0-8fa5-115963befc25 => generated 625 bytes in 23 msecs (HTTP/1.1 200) 4 headers in 157 bytes (2 switches on core 0)
Jul 19 01:19:48.413524 np0000185860 devstack@neutron-api.service[101789]: DEBUG neutron.pecan_wsgi.hooks.policy_enforcement [None req-0f6df618-8dd7-44b5-b01e-ed4b9d5d0063 service manila] Attributes excluded by policy engine: ['standard_attr_id'] {{(pid=101789) _exclude_attributes_by_policy /opt/stack/neutron/neutron/pecan_wsgi/hooks/policy_enforcement.py:259}}
Jul 19 01:19:48.414889 np0000185860 devstack@neutron-api.service[101789]: [pid: 101789|app: 0|req: 28/106] 199.204.45.144 () {64 vars in 1369 bytes} [Sun Jul 19 01:19:48 2026] GET /networking/v2.0/ports?device_id=manila-admin-share&binding%3Ahost_id=np0000185860 => generated 931 bytes in 37 msecs (HTTP/1.1 200) 4 headers in 157 bytes (1 switches on core 0)
Jul 19 01:19:48.533547 np0000185860 devstack@neutron-api.service[101789]: DEBUG ovsdbapp.backend.ovs_idl.event [None req-01f32b2f-896f-4ada-b04e-abd16be2c039 None None] Matched UPDATE: ChassisOVNAgentWriteEvent(events=('create', 'update'), table='Chassis_Private', conditions=None, old_conditions=None), priority=20 to row=Chassis_Private(uuid=59546602-4a09-416b-b023-65f5bff1616c, chassis=04aedc21-e184-4659-8dd8-d78b7e97fc36, external_ids={'neutron:ovn-bridge': 'br-int', 'neutron:ovn-neutron-agent-id': '4315ac95-ed3f-5177-8dc6-25b91d215d86', 'neutron:ovn-neutron-agent-sb-cfg': '3'}, name='a3d08cc4-9217-49ec-a8dd-148348ef2e95', nb_cfg=3, nb_cfg_timestamp=1784423979521) old=Chassis_Private(uuid=59546602-4a09-416b-b023-65f5bff1616c, external_ids={'neutron:ovn-bridge': 'br-int', 'neutron:ovn-neutron-agent-id': '4315ac95-ed3f-5177-8dc6-25b91d215d86', 'neutron:ovn-neutron-agent-sb-cfg': '2'}) {{(pid=101789) matches /opt/stack/data/venv/lib/python3.12/site-packages/ovsdbapp/backend/ovs_idl/event.py:55}}
Jul 19 01:19:48.533884 np0000185860 devstack@neutron-api.service[101792]: DEBUG ovsdbapp.backend.ovs_idl.event [None req-f7424c6c-a222-4f84-b68b-e6407a4ba231 None None] Matched UPDATE: ChassisOVNAgentWriteEvent(events=('create', 'update'), table='Chassis_Private', conditions=None, old_conditions=None), priority=20 to row=Chassis_Private(uuid=59546602-4a09-416b-b023-65f5bff1616c, chassis=04aedc21-e184-4659-8dd8-d78b7e97fc36, external_ids={'neutron:ovn-bridge': 'br-int', 'neutron:ovn-neutron-agent-id': '4315ac95-ed3f-5177-8dc6-25b91d215d86', 'neutron:ovn-neutron-agent-sb-cfg': '3'}, name='a3d08cc4-9217-49ec-a8dd-148348ef2e95', nb_cfg=3, nb_cfg_timestamp=1784423979521) old=Chassis_Private(uuid=59546602-4a09-416b-b023-65f5bff1616c, external_ids={'neutron:ovn-bridge': 'br-int', 'neutron:ovn-neutron-agent-id': '4315ac95-ed3f-5177-8dc6-25b91d215d86', 'neutron:ovn-neutron-agent-sb-cfg': '2'}) {{(pid=101792) matches /opt/stack/data/venv/lib/python3.12/site-packages/ovsdbapp/backend/ovs_idl/event.py:55}}
Jul 19 01:19:48.536635 np0000185860 devstack@neutron-api.service[101790]: DEBUG ovsdbapp.backend.ovs_idl.event [None req-64de477e-0e36-4cc0-91d1-91ba31cb1ab0 None None] Matched UPDATE: ChassisOVNAgentWriteEvent(events=('create', 'update'), table='Chassis_Private', conditions=None, old_conditions=None), priority=20 to row=Chassis_Private(uuid=59546602-4a09-416b-b023-65f5bff1616c, chassis=04aedc21-e184-4659-8dd8-d78b7e97fc36, external_ids={'neutron:ovn-bridge': 'br-int', 'neutron:ovn-neutron-agent-id': '4315ac95-ed3f-5177-8dc6-25b91d215d86', 'neutron:ovn-neutron-agent-sb-cfg': '3'}, name='a3d08cc4-9217-49ec-a8dd-148348ef2e95', nb_cfg=3, nb_cfg_timestamp=1784423979521) old=Chassis_Private(uuid=59546602-4a09-416b-b023-65f5bff1616c, external_ids={'neutron:ovn-bridge': 'br-int', 'neutron:ovn-neutron-agent-id': '4315ac95-ed3f-5177-8dc6-25b91d215d86', 'neutron:ovn-neutron-agent-sb-cfg': '2'}) {{(pid=101790) matches /opt/stack/data/venv/lib/python3.12/site-packages/ovsdbapp/backend/ovs_idl/event.py:55}}
Jul 19 01:19:48.537449 np0000185860 devstack@neutron-api.service[101793]: DEBUG ovsdbapp.backend.ovs_idl.event [None req-2fe04fb0-4a8f-4ad5-8169-0c3cd607a802 None None] Matched UPDATE: ChassisOVNAgentWriteEvent(events=('create', 'update'), table='Chassis_Private', conditions=None, old_conditions=None), priority=20 to row=Chassis_Private(uuid=59546602-4a09-416b-b023-65f5bff1616c, chassis=04aedc21-e184-4659-8dd8-d78b7e97fc36, external_ids={'neutron:ovn-bridge': 'br-int', 'neutron:ovn-neutron-agent-id': '4315ac95-ed3f-5177-8dc6-25b91d215d86', 'neutron:ovn-neutron-agent-sb-cfg': '3'}, name='a3d08cc4-9217-49ec-a8dd-148348ef2e95', nb_cfg=3, nb_cfg_timestamp=1784423979521) old=Chassis_Private(uuid=59546602-4a09-416b-b023-65f5bff1616c, external_ids={'neutron:ovn-bridge': 'br-int', 'neutron:ovn-neutron-agent-id': '4315ac95-ed3f-5177-8dc6-25b91d215d86', 'neutron:ovn-neutron-agent-sb-cfg': '2'}) {{(pid=101793) matches /opt/stack/data/venv/lib/python3.12/site-packages/ovsdbapp/backend/ovs_idl/event.py:55}}
Jul 19 01:19:48.538141 np0000185860 devstack@neutron-api.service[101790]: DEBUG neutron.plugins.ml2.drivers.ovn.mech_driver.ovsdb.ovsdb_monitor [None req-64de477e-0e36-4cc0-91d1-91ba31cb1ab0 None None] Hash Ring: Node dd284881c93e57caa32d685ce3b75c16 (host: np0000185860) handling event "update" for row 59546602-4a09-416b-b023-65f5bff1616c (table: Chassis_Private) {{(pid=101790) notify /opt/stack/neutron/neutron/plugins/ml2/drivers/ovn/mech_driver/ovsdb/ovsdb_monitor.py:1009}}
Jul 19 01:19:48.687404 np0000185860 devstack@neutron-api.service[101793]: DEBUG neutron.pecan_wsgi.hooks.policy_enforcement [None req-07e4e49c-3df5-4cd9-9229-eec467003f63 service manila] Attributes excluded by policy engine: ['standard_attr_id', 'shared'] {{(pid=101793) _exclude_attributes_by_policy /opt/stack/neutron/neutron/pecan_wsgi/hooks/policy_enforcement.py:259}}
Jul 19 01:19:48.688244 np0000185860 devstack@neutron-api.service[101793]: [pid: 101793|app: 0|req: 27/107] 199.204.45.144 () {64 vars in 1367 bytes} [Sun Jul 19 01:19:48 2026] GET /networking/v2.0/subnets/be6d5679-436b-4de0-8fa5-115963befc25 => generated 625 bytes in 23 msecs (HTTP/1.1 200) 4 headers in 157 bytes (1 switches on core 0)
Jul 19 01:19:53.608706 np0000185860 devstack@neutron-api.service[101789]: DEBUG futurist.periodics [-] Submitting periodic callback 'neutron.plugins.ml2.drivers.ovn.mech_driver.ovsdb.maintenance.HashRingHealthCheckPeriodics.touch_hash_ring_node' {{(pid=101789) _process_scheduled /opt/stack/data/venv/lib/python3.12/site-packages/futurist/periodics.py:784}}
Jul 19 01:19:53.609270 np0000185860 devstack@neutron-api.service[101789]: DEBUG neutron.plugins.ml2.drivers.ovn.mech_driver.ovsdb.maintenance [-] Touching Hash Ring node "477877fc802a536dbbbcb336c6a4f02f" from periodic health check thread {{(pid=101789) touch_hash_ring_node /opt/stack/neutron/neutron/plugins/ml2/drivers/ovn/mech_driver/ovsdb/maintenance.py:1417}}
Jul 19 01:19:54.435744 np0000185860 devstack@neutron-api.service[101792]: DEBUG futurist.periodics [-] Submitting periodic callback 'neutron.plugins.ml2.drivers.ovn.mech_driver.ovsdb.maintenance.HashRingHealthCheckPeriodics.touch_hash_ring_node' {{(pid=101792) _process_scheduled /opt/stack/data/venv/lib/python3.12/site-packages/futurist/periodics.py:784}}
Jul 19 01:19:54.436750 np0000185860 devstack@neutron-api.service[101792]: DEBUG neutron.plugins.ml2.drivers.ovn.mech_driver.ovsdb.maintenance [-] Touching Hash Ring node "29affc895bce5d74bea7197f66db6ced" from periodic health check thread {{(pid=101792) touch_hash_ring_node /opt/stack/neutron/neutron/plugins/ml2/drivers/ovn/mech_driver/ovsdb/maintenance.py:1417}}
Jul 19 01:19:54.458324 np0000185860 devstack@neutron-api.service[101793]: DEBUG futurist.periodics [-] Submitting periodic callback 'neutron.plugins.ml2.drivers.ovn.mech_driver.ovsdb.maintenance.HashRingHealthCheckPeriodics.touch_hash_ring_node' {{(pid=101793) _process_scheduled /opt/stack/data/venv/lib/python3.12/site-packages/futurist/periodics.py:784}}
Jul 19 01:19:54.460455 np0000185860 devstack@neutron-api.service[101793]: DEBUG neutron.plugins.ml2.drivers.ovn.mech_driver.ovsdb.maintenance [-] Touching Hash Ring node "2dec819224485b2281c3bd3ec79579ee" from periodic health check thread {{(pid=101793) touch_hash_ring_node /opt/stack/neutron/neutron/plugins/ml2/drivers/ovn/mech_driver/ovsdb/maintenance.py:1417}}
Jul 19 01:19:54.481234 np0000185860 devstack@neutron-api.service[101790]: DEBUG futurist.periodics [-] Submitting periodic callback 'neutron.plugins.ml2.drivers.ovn.mech_driver.ovsdb.maintenance.HashRingHealthCheckPeriodics.touch_hash_ring_node' {{(pid=101790) _process_scheduled /opt/stack/data/venv/lib/python3.12/site-packages/futurist/periodics.py:784}}
Jul 19 01:19:54.481836 np0000185860 devstack@neutron-api.service[101790]: DEBUG neutron.plugins.ml2.drivers.ovn.mech_driver.ovsdb.maintenance [-] Touching Hash Ring node "dd284881c93e57caa32d685ce3b75c16" from periodic health check thread {{(pid=101790) touch_hash_ring_node /opt/stack/neutron/neutron/plugins/ml2/drivers/ovn/mech_driver/ovsdb/maintenance.py:1417}}
Jul 19 01:20:02.520005 np0000185860 devstack@neutron-api.service[101792]: [pid: 101792|app: 0|req: 27/108] 199.204.45.144 () {62 vars in 1059 bytes} [Sun Jul 19 01:20:02 2026] GET /networking => generated 130 bytes in 3 msecs (HTTP/1.1 200) 3 headers in 91 bytes (1 switches on core 0)
Jul 19 01:20:02.595336 np0000185860 devstack@neutron-api.service[101790]: DEBUG neutron.pecan_wsgi.hooks.policy_enforcement [None req-beb5638a-7653-4c5e-a39b-8a4f267c47fd demo demo] Attributes excluded by policy engine: ['standard_attr_id', 'provider:network_type', 'provider:physical_network', 'provider:segmentation_id'] {{(pid=101790) _exclude_attributes_by_policy /opt/stack/neutron/neutron/pecan_wsgi/hooks/policy_enforcement.py:259}}
Jul 19 01:20:02.596895 np0000185860 devstack@neutron-api.service[101790]: [pid: 101790|app: 0|req: 27/109] 199.204.45.144 () {64 vars in 1348 bytes} [Sun Jul 19 01:20:02 2026] GET /networking/v2.0/networks?router%3Aexternal=True => generated 659 bytes in 45 msecs (HTTP/1.1 200) 4 headers in 157 bytes (1 switches on core 0)
Jul 19 01:20:03.620868 np0000185860 devstack@neutron-api.service[101789]: DEBUG dbcounter [-] [101789] Writing DB stats neutron:UPDATE=2,neutron:SELECT=27 {{(pid=101789) stat_writer /opt/stack/data/venv/lib/python3.12/site-packages/dbcounter.py:115}}
Jul 19 01:20:04.447191 np0000185860 devstack@neutron-api.service[101792]: DEBUG dbcounter [-] [101792] Writing DB stats neutron:SELECT=185,neutron:UPDATE=13,neutron:INSERT=11,neutron:DELETE=2 {{(pid=101792) stat_writer /opt/stack/data/venv/lib/python3.12/site-packages/dbcounter.py:115}}
Jul 19 01:20:04.472226 np0000185860 devstack@neutron-api.service[101793]: DEBUG dbcounter [-] [101793] Writing DB stats neutron:SELECT=281,neutron:UPDATE=20,neutron:INSERT=12,neutron:DELETE=2 {{(pid=101793) stat_writer /opt/stack/data/venv/lib/python3.12/site-packages/dbcounter.py:115}}
Jul 19 01:20:07.410034 np0000185860 devstack@neutron-api.service[101789]: [pid: 101789|app: 0|req: 29/110] 199.204.45.144 () {62 vars in 1059 bytes} [Sun Jul 19 01:20:07 2026] GET /networking => generated 130 bytes in 1 msecs (HTTP/1.1 200) 3 headers in 91 bytes (1 switches on core 0)
Jul 19 01:20:07.498367 np0000185860 devstack@neutron-api.service[101793]: DEBUG neutron.pecan_wsgi.hooks.policy_enforcement [None req-1b814ac5-e410-4d53-85a6-3bf8b2ce68ae demo demo] Attributes excluded by policy engine: ['standard_attr_id', 'provider:network_type', 'provider:physical_network', 'provider:segmentation_id'] {{(pid=101793) _exclude_attributes_by_policy /opt/stack/neutron/neutron/pecan_wsgi/hooks/policy_enforcement.py:259}}
Jul 19 01:20:07.498367 np0000185860 devstack@neutron-api.service[101793]: [pid: 101793|app: 0|req: 28/111] 199.204.45.144 () {64 vars in 1348 bytes} [Sun Jul 19 01:20:07 2026] GET /networking/v2.0/networks?router%3Aexternal=True => generated 659 bytes in 52 msecs (HTTP/1.1 200) 4 headers in 157 bytes (1 switches on core 0)
Jul 19 01:20:08.609452 np0000185860 devstack@neutron-api.service[101789]: DEBUG futurist.periodics [-] Submitting periodic callback 'neutron.plugins.ml2.drivers.ovn.mech_driver.ovsdb.maintenance.HashRingHealthCheckPeriodics.touch_hash_ring_node' {{(pid=101789) _process_scheduled /opt/stack/data/venv/lib/python3.12/site-packages/futurist/periodics.py:784}}
Jul 19 01:20:08.610756 np0000185860 devstack@neutron-api.service[101789]: DEBUG neutron.plugins.ml2.drivers.ovn.mech_driver.ovsdb.maintenance [-] Touching Hash Ring node "477877fc802a536dbbbcb336c6a4f02f" from periodic health check thread {{(pid=101789) touch_hash_ring_node /opt/stack/neutron/neutron/plugins/ml2/drivers/ovn/mech_driver/ovsdb/maintenance.py:1417}}
Jul 19 01:20:09.436656 np0000185860 devstack@neutron-api.service[101792]: DEBUG futurist.periodics [-] Submitting periodic callback 'neutron.plugins.ml2.drivers.ovn.mech_driver.ovsdb.maintenance.HashRingHealthCheckPeriodics.touch_hash_ring_node' {{(pid=101792) _process_scheduled /opt/stack/data/venv/lib/python3.12/site-packages/futurist/periodics.py:784}}
Jul 19 01:20:09.437271 np0000185860 devstack@neutron-api.service[101792]: DEBUG neutron.plugins.ml2.drivers.ovn.mech_driver.ovsdb.maintenance [-] Touching Hash Ring node "29affc895bce5d74bea7197f66db6ced" from periodic health check thread {{(pid=101792) touch_hash_ring_node /opt/stack/neutron/neutron/plugins/ml2/drivers/ovn/mech_driver/ovsdb/maintenance.py:1417}}
Jul 19 01:20:09.459634 np0000185860 devstack@neutron-api.service[101793]: DEBUG futurist.periodics [-] Submitting periodic callback 'neutron.plugins.ml2.drivers.ovn.mech_driver.ovsdb.maintenance.HashRingHealthCheckPeriodics.touch_hash_ring_node' {{(pid=101793) _process_scheduled /opt/stack/data/venv/lib/python3.12/site-packages/futurist/periodics.py:784}}
Jul 19 01:20:09.460181 np0000185860 devstack@neutron-api.service[101793]: DEBUG neutron.plugins.ml2.drivers.ovn.mech_driver.ovsdb.maintenance [-] Touching Hash Ring node "2dec819224485b2281c3bd3ec79579ee" from periodic health check thread {{(pid=101793) touch_hash_ring_node /opt/stack/neutron/neutron/plugins/ml2/drivers/ovn/mech_driver/ovsdb/maintenance.py:1417}}
Jul 19 01:20:09.482041 np0000185860 devstack@neutron-api.service[101790]: DEBUG futurist.periodics [-] Submitting periodic callback 'neutron.plugins.ml2.drivers.ovn.mech_driver.ovsdb.maintenance.HashRingHealthCheckPeriodics.touch_hash_ring_node' {{(pid=101790) _process_scheduled /opt/stack/data/venv/lib/python3.12/site-packages/futurist/periodics.py:784}}
Jul 19 01:20:09.482656 np0000185860 devstack@neutron-api.service[101790]: DEBUG neutron.plugins.ml2.drivers.ovn.mech_driver.ovsdb.maintenance [-] Touching Hash Ring node "dd284881c93e57caa32d685ce3b75c16" from periodic health check thread {{(pid=101790) touch_hash_ring_node /opt/stack/neutron/neutron/plugins/ml2/drivers/ovn/mech_driver/ovsdb/maintenance.py:1417}}
Jul 19 01:20:15.892150 np0000185860 devstack@neutron-api.service[101792]: [pid: 101792|app: 0|req: 28/112] 199.204.45.144 () {62 vars in 1070 bytes} [Sun Jul 19 01:20:15 2026] GET /networking => generated 130 bytes in 3 msecs (HTTP/1.1 200) 3 headers in 91 bytes (1 switches on core 0)
Jul 19 01:20:15.992461 np0000185860 devstack@neutron-api.service[101790]: DEBUG neutron.pecan_wsgi.hooks.policy_enforcement [None req-31c356e1-8089-4520-b018-2a3b7e2442b2 demo demo] Attributes excluded by policy engine: ['standard_attr_id', 'provider:network_type', 'provider:physical_network', 'provider:segmentation_id'] {{(pid=101790) _exclude_attributes_by_policy /opt/stack/neutron/neutron/pecan_wsgi/hooks/policy_enforcement.py:259}}
Jul 19 01:20:15.994529 np0000185860 devstack@neutron-api.service[101790]: [pid: 101790|app: 0|req: 28/113] 199.204.45.144 () {64 vars in 1383 bytes} [Sun Jul 19 01:20:15 2026] GET /networking/v2.0/networks?name=public&router%3Aexternal=True => generated 659 bytes in 57 msecs (HTTP/1.1 200) 4 headers in 157 bytes (1 switches on core 0)
Jul 19 01:20:18.206825 np0000185860 devstack@neutron-api.service[101789]: [pid: 101789|app: 0|req: 30/114] 199.204.45.144 () {64 vars in 1267 bytes} [Sun Jul 19 01:20:18 2026] GET /networking/ => generated 130 bytes in 3 msecs (HTTP/1.1 200) 3 headers in 91 bytes (1 switches on core 0)
Jul 19 01:20:18.368119 np0000185860 devstack@neutron-api.service[101793]: DEBUG neutron.pecan_wsgi.hooks.policy_enforcement [None req-d4690292-cfba-46c7-99ad-d78a5118a547 demo demo] Attributes excluded by policy engine: ['standard_attr_id', 'provider:network_type', 'provider:physical_network', 'provider:segmentation_id'] {{(pid=101793) _exclude_attributes_by_policy /opt/stack/neutron/neutron/pecan_wsgi/hooks/policy_enforcement.py:259}}
Jul 19 01:20:18.369511 np0000185860 devstack@neutron-api.service[101793]: [pid: 101793|app: 0|req: 29/115] 199.204.45.144 () {64 vars in 1416 bytes} [Sun Jul 19 01:20:18 2026] GET /networking/v2.0/networks/f752c4a9-7cab-4427-863a-c2d23a428060 => generated 656 bytes in 158 msecs (HTTP/1.1 200) 4 headers in 157 bytes (1 switches on core 0)
Jul 19 01:20:18.403484 np0000185860 devstack@neutron-api.service[101792]: [pid: 101792|app: 0|req: 29/116] 199.204.45.144 () {64 vars in 1410 bytes} [Sun Jul 19 01:20:18 2026] GET /networking/v2.0/networks?name=k8s-clusterapi-cluster-magnum-system-kube-ok6kq => generated 15 bytes in 27 msecs (HTTP/1.1 200) 4 headers in 156 bytes (1 switches on core 0)
Jul 19 01:20:18.415508 np0000185860 devstack@neutron-api.service[101790]: DEBUG neutron.api.v2.base [None req-650be1d6-9b3b-4e98-9b53-579aa6f82b1f demo demo] Request body: {'network': {'admin_state_up': True, 'name': 'k8s-clusterapi-cluster-magnum-system-kube-ok6kq'}} {{(pid=101790) prepare_request_body /opt/stack/neutron/neutron/api/v2/base.py:727}}
Jul 19 01:20:18.473013 np0000185860 devstack@neutron-api.service[101790]: DEBUG neutron.pecan_wsgi.hooks.quota_enforcement [None req-650be1d6-9b3b-4e98-9b53-579aa6f82b1f demo demo] Made reservation on behalf of 55e14cafd106406abe1bf9857b6e5236 for: {'network': 1} {{(pid=101790) before /opt/stack/neutron/neutron/pecan_wsgi/hooks/quota_enforcement.py:66}}
Jul 19 01:20:18.478834 np0000185860 devstack@neutron-api.service[101790]: DEBUG neutron_lib.callbacks.manager [None req-650be1d6-9b3b-4e98-9b53-579aa6f82b1f demo demo] Publish callbacks ['neutron.plugins.ml2.plugin.SecurityGroupDbMixin._ensure_default_security_group_handler-137006'] for network (None), before_create {{(pid=101790) _notify_loop /opt/stack/data/venv/lib/python3.12/site-packages/neutron_lib/callbacks/manager.py:184}}
Jul 19 01:20:18.483930 np0000185860 devstack@neutron-api.service[101790]: DEBUG neutron_lib.callbacks.manager [None req-650be1d6-9b3b-4e98-9b53-579aa6f82b1f demo demo] Publish callbacks [] for security_group (None), before_create {{(pid=101790) _notify_loop /opt/stack/data/venv/lib/python3.12/site-packages/neutron_lib/callbacks/manager.py:184}}
Jul 19 01:20:18.543063 np0000185860 devstack@neutron-api.service[101790]: DEBUG neutron_lib.callbacks.manager [None req-650be1d6-9b3b-4e98-9b53-579aa6f82b1f demo demo] Publish callbacks ['neutron.plugins.ml2.drivers.ovn.mech_driver.mech_driver.OVNMechanismDriver._create_security_group_precommit-318367'] for security_group (0e23c2c9-06f5-4c9c-8d3f-8b43488c4826), precommit_create {{(pid=101790) _notify_loop /opt/stack/data/venv/lib/python3.12/site-packages/neutron_lib/callbacks/manager.py:184}}
Jul 19 01:20:18.543278 np0000185860 devstack@neutron-api.service[101790]: DEBUG neutron.db.ovn_revision_numbers_db [None req-650be1d6-9b3b-4e98-9b53-579aa6f82b1f demo demo] create_initial_revision uuid=0e23c2c9-06f5-4c9c-8d3f-8b43488c4826, type=security_groups, rev=-1 {{(pid=101790) create_initial_revision /opt/stack/neutron/neutron/db/ovn_revision_numbers_db.py:98}}
Jul 19 01:20:18.544716 np0000185860 devstack@neutron-api.service[101790]: DEBUG neutron.db.ovn_revision_numbers_db [None req-650be1d6-9b3b-4e98-9b53-579aa6f82b1f demo demo] create_initial_revision uuid=48eb5952-aa91-48d6-95af-a2bcc47dd775, type=security_group_rules, rev=-1 {{(pid=101790) create_initial_revision /opt/stack/neutron/neutron/db/ovn_revision_numbers_db.py:98}}
Jul 19 01:20:18.546015 np0000185860 devstack@neutron-api.service[101790]: DEBUG neutron.db.ovn_revision_numbers_db [None req-650be1d6-9b3b-4e98-9b53-579aa6f82b1f demo demo] create_initial_revision uuid=79485757-849c-4e78-8d72-01c6a1941e1d, type=security_group_rules, rev=-1 {{(pid=101790) create_initial_revision /opt/stack/neutron/neutron/db/ovn_revision_numbers_db.py:98}}
Jul 19 01:20:18.547286 np0000185860 devstack@neutron-api.service[101790]: DEBUG neutron.db.ovn_revision_numbers_db [None req-650be1d6-9b3b-4e98-9b53-579aa6f82b1f demo demo] create_initial_revision uuid=d2d2bf61-cbc8-4c38-b36f-25796b5c7fbc, type=security_group_rules, rev=-1 {{(pid=101790) create_initial_revision /opt/stack/neutron/neutron/db/ovn_revision_numbers_db.py:98}}
Jul 19 01:20:18.548436 np0000185860 devstack@neutron-api.service[101790]: DEBUG neutron.db.ovn_revision_numbers_db [None req-650be1d6-9b3b-4e98-9b53-579aa6f82b1f demo demo] create_initial_revision uuid=e584c4da-70ec-4e67-bf4f-8e25975ba4eb, type=security_group_rules, rev=-1 {{(pid=101790) create_initial_revision /opt/stack/neutron/neutron/db/ovn_revision_numbers_db.py:98}}
Jul 19 01:20:18.565156 np0000185860 devstack@neutron-api.service[101790]: DEBUG neutron_lib.callbacks.manager [None req-650be1d6-9b3b-4e98-9b53-579aa6f82b1f demo demo] Publish callbacks ['neutron.plugins.ml2.drivers.ovn.mech_driver.mech_driver.OVNMechanismDriver._create_security_group-318357', 'neutron.plugins.ml2.ovo_rpc._ObjectChangeHandler.handle_event-33485934'] for security_group (0e23c2c9-06f5-4c9c-8d3f-8b43488c4826), after_create {{(pid=101790) _notify_loop /opt/stack/data/venv/lib/python3.12/site-packages/neutron_lib/callbacks/manager.py:184}}
Jul 19 01:20:18.566477 np0000185860 devstack@neutron-api.service[101790]: DEBUG ovsdbapp.backend.ovs_idl.transaction [None req-0fec16d2-b3ea-4931-8d02-a69640afc939 None None] Running txn n=1 command(idx=0): PgAddCommand(_result=None, name=pg_0e23c2c9_06f5_4c9c_8d3f_8b43488c4826, may_exist=False, columns={'acls': [], 'external_ids': {'neutron:security_group_id': '0e23c2c9-06f5-4c9c-8d3f-8b43488c4826'}}) {{(pid=101790) do_commit /opt/stack/data/venv/lib/python3.12/site-packages/ovsdbapp/backend/ovs_idl/transaction.py:89}}
Jul 19 01:20:18.567055 np0000185860 devstack@neutron-api.service[101790]: DEBUG ovsdbapp.backend.ovs_idl.transaction [None req-0fec16d2-b3ea-4931-8d02-a69640afc939 None None] Running txn n=1 command(idx=1): PgAclAddCommand(_result=None, entity=pg_0e23c2c9_06f5_4c9c_8d3f_8b43488c4826, direction=to-lport, priority=1002, match=outport == @pg_0e23c2c9_06f5_4c9c_8d3f_8b43488c4826 && ip4 && ip4.src == $pg_0e23c2c9_06f5_4c9c_8d3f_8b43488c4826_ip4, action=allow-related, log=False, may_exist=True, severity=[], name=[], meter=[], external_ids={'neutron:security_group_rule_id': '48eb5952-aa91-48d6-95af-a2bcc47dd775'}) {{(pid=101790) do_commit /opt/stack/data/venv/lib/python3.12/site-packages/ovsdbapp/backend/ovs_idl/transaction.py:89}}
Jul 19 01:20:18.567732 np0000185860 devstack@neutron-api.service[101790]: DEBUG ovsdbapp.backend.ovs_idl.transaction [None req-0fec16d2-b3ea-4931-8d02-a69640afc939 None None] Running txn n=1 command(idx=2): PgAclAddCommand(_result=None, entity=pg_0e23c2c9_06f5_4c9c_8d3f_8b43488c4826, direction=to-lport, priority=1002, match=outport == @pg_0e23c2c9_06f5_4c9c_8d3f_8b43488c4826 && ip6 && ip6.src == $pg_0e23c2c9_06f5_4c9c_8d3f_8b43488c4826_ip6, action=allow-related, log=False, may_exist=True, severity=[], name=[], meter=[], external_ids={'neutron:security_group_rule_id': '79485757-849c-4e78-8d72-01c6a1941e1d'}) {{(pid=101790) do_commit /opt/stack/data/venv/lib/python3.12/site-packages/ovsdbapp/backend/ovs_idl/transaction.py:89}}
Jul 19 01:20:18.568293 np0000185860 devstack@neutron-api.service[101790]: DEBUG ovsdbapp.backend.ovs_idl.transaction [None req-0fec16d2-b3ea-4931-8d02-a69640afc939 None None] Running txn n=1 command(idx=3): PgAclAddCommand(_result=None, entity=pg_0e23c2c9_06f5_4c9c_8d3f_8b43488c4826, direction=from-lport, priority=1002, match=inport == @pg_0e23c2c9_06f5_4c9c_8d3f_8b43488c4826 && ip6, action=allow-related, log=False, may_exist=True, severity=[], name=[], meter=[], external_ids={'neutron:security_group_rule_id': 'd2d2bf61-cbc8-4c38-b36f-25796b5c7fbc'}) {{(pid=101790) do_commit /opt/stack/data/venv/lib/python3.12/site-packages/ovsdbapp/backend/ovs_idl/transaction.py:89}}
Jul 19 01:20:18.575620 np0000185860 devstack@neutron-api.service[101790]: DEBUG ovsdbapp.backend.ovs_idl.transaction [None req-0fec16d2-b3ea-4931-8d02-a69640afc939 None None] Running txn n=1 command(idx=4): PgAclAddCommand(_result=None, entity=pg_0e23c2c9_06f5_4c9c_8d3f_8b43488c4826, direction=from-lport, priority=1002, match=inport == @pg_0e23c2c9_06f5_4c9c_8d3f_8b43488c4826 && ip4, action=allow-related, log=False, may_exist=True, severity=[], name=[], meter=[], external_ids={'neutron:security_group_rule_id': 'e584c4da-70ec-4e67-bf4f-8e25975ba4eb'}) {{(pid=101790) do_commit /opt/stack/data/venv/lib/python3.12/site-packages/ovsdbapp/backend/ovs_idl/transaction.py:89}}
Jul 19 01:20:18.578037 np0000185860 devstack@neutron-api.service[101789]: DEBUG neutron.plugins.ml2.drivers.ovn.mech_driver.ovsdb.ovsdb_monitor [None req-c5fcbe2e-54b1-4ff7-a7cd-e1b8241c3127 None None] Touching Hash Ring node "477877fc802a536dbbbcb336c6a4f02f" from IDL notify handler {{(pid=101789) notify /opt/stack/neutron/neutron/plugins/ml2/drivers/ovn/mech_driver/ovsdb/ovsdb_monitor.py:1001}}
Jul 19 01:20:18.582172 np0000185860 devstack@neutron-api.service[101790]: DEBUG neutron.plugins.ml2.drivers.ovn.mech_driver.ovsdb.ovsdb_monitor [None req-0fec16d2-b3ea-4931-8d02-a69640afc939 None None] Touching Hash Ring node "dd284881c93e57caa32d685ce3b75c16" from IDL notify handler {{(pid=101790) notify /opt/stack/neutron/neutron/plugins/ml2/drivers/ovn/mech_driver/ovsdb/ovsdb_monitor.py:1001}}
Jul 19 01:20:18.639849 np0000185860 devstack@neutron-api.service[101789]: DEBUG neutron.plugins.ml2.drivers.ovn.mech_driver.ovsdb.ovsdb_monitor [None req-c5fcbe2e-54b1-4ff7-a7cd-e1b8241c3127 None None] Hash Ring: Node 477877fc802a536dbbbcb336c6a4f02f (host: np0000185860) handling event "create" for row 95a4e993-116e-4a73-a67f-f99137ed8620 (table: ACL) {{(pid=101789) notify /opt/stack/neutron/neutron/plugins/ml2/drivers/ovn/mech_driver/ovsdb/ovsdb_monitor.py:1009}}
Jul 19 01:20:18.641522 np0000185860 devstack@neutron-api.service[101789]: DEBUG neutron.plugins.ml2.drivers.ovn.mech_driver.ovsdb.ovsdb_monitor [None req-c5fcbe2e-54b1-4ff7-a7cd-e1b8241c3127 None None] Touching Hash Ring node "477877fc802a536dbbbcb336c6a4f02f" from IDL notify handler {{(pid=101789) notify /opt/stack/neutron/neutron/plugins/ml2/drivers/ovn/mech_driver/ovsdb/ovsdb_monitor.py:1001}}
Jul 19 01:20:18.645670 np0000185860 devstack@neutron-api.service[101789]: DEBUG neutron.plugins.ml2.drivers.ovn.mech_driver.ovsdb.ovsdb_monitor [None req-c5fcbe2e-54b1-4ff7-a7cd-e1b8241c3127 None None] Hash Ring: Node 477877fc802a536dbbbcb336c6a4f02f (host: np0000185860) handling event "create" for row cf88ac85-c8c3-43c1-aa6c-8cf8901aabe0 (table: ACL) {{(pid=101789) notify /opt/stack/neutron/neutron/plugins/ml2/drivers/ovn/mech_driver/ovsdb/ovsdb_monitor.py:1009}}
Jul 19 01:20:18.678109 np0000185860 devstack@neutron-api.service[101790]: DEBUG neutron.plugins.ml2.drivers.ovn.mech_driver.ovsdb.ovsdb_monitor [None req-0fec16d2-b3ea-4931-8d02-a69640afc939 None None] Hash Ring: Node dd284881c93e57caa32d685ce3b75c16 (host: np0000185860) handling event "create" for row 3189d943-6e29-41d2-8e10-77a67f20c9de (table: ACL) {{(pid=101790) notify /opt/stack/neutron/neutron/plugins/ml2/drivers/ovn/mech_driver/ovsdb/ovsdb_monitor.py:1009}}
Jul 19 01:20:18.679774 np0000185860 devstack@neutron-api.service[101790]: DEBUG neutron.plugins.ml2.drivers.ovn.mech_driver.ovsdb.ovsdb_monitor [None req-0fec16d2-b3ea-4931-8d02-a69640afc939 None None] Touching Hash Ring node "dd284881c93e57caa32d685ce3b75c16" from IDL notify handler {{(pid=101790) notify /opt/stack/neutron/neutron/plugins/ml2/drivers/ovn/mech_driver/ovsdb/ovsdb_monitor.py:1001}}
Jul 19 01:20:18.683637 np0000185860 devstack@neutron-api.service[101790]: DEBUG neutron.plugins.ml2.drivers.ovn.mech_driver.ovsdb.ovsdb_monitor [None req-0fec16d2-b3ea-4931-8d02-a69640afc939 None None] Hash Ring: Node dd284881c93e57caa32d685ce3b75c16 (host: np0000185860) handling event "create" for row d158bc56-d579-4b0e-83e5-68675ee7fc2e (table: ACL) {{(pid=101790) notify /opt/stack/neutron/neutron/plugins/ml2/drivers/ovn/mech_driver/ovsdb/ovsdb_monitor.py:1009}}
Jul 19 01:20:18.688664 np0000185860 devstack@neutron-api.service[101790]: DEBUG neutron.plugins.ml2.drivers.ovn.mech_driver.ovsdb.ovsdb_monitor [None req-0fec16d2-b3ea-4931-8d02-a69640afc939 None None] Touching Hash Ring node "dd284881c93e57caa32d685ce3b75c16" from IDL notify handler {{(pid=101790) notify /opt/stack/neutron/neutron/plugins/ml2/drivers/ovn/mech_driver/ovsdb/ovsdb_monitor.py:1001}}
Jul 19 01:20:18.688664 np0000185860 devstack@neutron-api.service[101790]: DEBUG neutron.plugins.ml2.drivers.ovn.mech_driver.ovsdb.ovsdb_monitor [None req-0fec16d2-b3ea-4931-8d02-a69640afc939 None None] Hash Ring: Node dd284881c93e57caa32d685ce3b75c16 (host: np0000185860) handling event "create" for row c07de257-c850-4de0-9cdf-ad424c01b639 (table: Port_Group) {{(pid=101790) notify /opt/stack/neutron/neutron/plugins/ml2/drivers/ovn/mech_driver/ovsdb/ovsdb_monitor.py:1009}}
Jul 19 01:20:18.715427 np0000185860 devstack@neutron-api.service[101790]: INFO neutron.db.ovn_revision_numbers_db [None req-650be1d6-9b3b-4e98-9b53-579aa6f82b1f demo demo] Successfully bumped revision number for resource 0e23c2c9-06f5-4c9c-8d3f-8b43488c4826 (type: security_groups) to 1
Jul 19 01:20:18.766788 np0000185860 devstack@neutron-api.service[101790]: INFO neutron.db.ovn_revision_numbers_db [None req-650be1d6-9b3b-4e98-9b53-579aa6f82b1f demo demo] Successfully bumped revision number for resource 48eb5952-aa91-48d6-95af-a2bcc47dd775 (type: security_group_rules) to 0
Jul 19 01:20:18.800454 np0000185860 devstack@neutron-api.service[101790]: INFO neutron.db.ovn_revision_numbers_db [None req-650be1d6-9b3b-4e98-9b53-579aa6f82b1f demo demo] Successfully bumped revision number for resource 79485757-849c-4e78-8d72-01c6a1941e1d (type: security_group_rules) to 0
Jul 19 01:20:18.829417 np0000185860 devstack@neutron-api.service[101790]: INFO neutron.db.ovn_revision_numbers_db [None req-650be1d6-9b3b-4e98-9b53-579aa6f82b1f demo demo] Successfully bumped revision number for resource d2d2bf61-cbc8-4c38-b36f-25796b5c7fbc (type: security_group_rules) to 0
Jul 19 01:20:18.894573 np0000185860 devstack@neutron-api.service[101790]: INFO neutron.db.ovn_revision_numbers_db [None req-650be1d6-9b3b-4e98-9b53-579aa6f82b1f demo demo] Successfully bumped revision number for resource e584c4da-70ec-4e67-bf4f-8e25975ba4eb (type: security_group_rules) to 0
Jul 19 01:20:18.929238 np0000185860 devstack@neutron-api.service[101790]: DEBUG neutron.api.rpc.handlers.resources_rpc [None req-650be1d6-9b3b-4e98-9b53-579aa6f82b1f demo demo] Pushing event updated for resources: {'SecurityGroup': ['ID=0e23c2c9-06f5-4c9c-8d3f-8b43488c4826,revision_number=1']} {{(pid=101790) push /opt/stack/neutron/neutron/api/rpc/handlers/resources_rpc.py:237}}
Jul 19 01:20:18.968733 np0000185860 devstack@neutron-api.service[101790]: DEBUG neutron.plugins.ml2.drivers.helpers [None req-650be1d6-9b3b-4e98-9b53-579aa6f82b1f demo demo] geneve segment allocate from pool success with {'geneve_vni': 2162} {{(pid=101790) allocate_partially_specified_segment /opt/stack/neutron/neutron/plugins/ml2/drivers/helpers.py:142}}
Jul 19 01:20:18.976348 np0000185860 devstack@neutron-api.service[101790]: DEBUG neutron_lib.callbacks.manager [None req-650be1d6-9b3b-4e98-9b53-579aa6f82b1f demo demo] Publish callbacks ['neutron.services.segments.db._add_segment_host_mapping_for_segment-8660818856760', 'neutron.plugins.ml2.plugin.Ml2Plugin._handle_segment_change-924594'] for segment (c12295ee-eec1-4a98-9609-79caf517bc17), precommit_create {{(pid=101790) _notify_loop /opt/stack/data/venv/lib/python3.12/site-packages/neutron_lib/callbacks/manager.py:184}}
Jul 19 01:20:18.976500 np0000185860 devstack@neutron-api.service[101790]: INFO neutron.db.segments_db [None req-650be1d6-9b3b-4e98-9b53-579aa6f82b1f demo demo] Added segment c12295ee-eec1-4a98-9609-79caf517bc17 of type geneve for network 090532ec-ee58-4b02-b8ba-be2215a41ae1
Jul 19 01:20:18.986802 np0000185860 devstack@neutron-api.service[101790]: DEBUG neutron_lib.callbacks.manager [None req-650be1d6-9b3b-4e98-9b53-579aa6f82b1f demo demo] Publish callbacks ['neutron.services.auto_allocate.db._ensure_external_network_default_value_callback-8660817700928'] for network (090532ec-ee58-4b02-b8ba-be2215a41ae1), precommit_create {{(pid=101790) _notify_loop /opt/stack/data/venv/lib/python3.12/site-packages/neutron_lib/callbacks/manager.py:184}}
Jul 19 01:20:18.995547 np0000185860 devstack@neutron-api.service[101790]: DEBUG neutron.plugins.ml2.drivers.ovn.mech_driver.mech_driver [None req-650be1d6-9b3b-4e98-9b53-579aa6f82b1f demo demo] Validating network segment with type geneve, segmentation ID 2162, physical network None {{(pid=101790) _validate_network_segments /opt/stack/neutron/neutron/plugins/ml2/drivers/ovn/mech_driver/mech_driver.py:646}}
Jul 19 01:20:18.995665 np0000185860 devstack@neutron-api.service[101790]: DEBUG neutron.db.ovn_revision_numbers_db [None req-650be1d6-9b3b-4e98-9b53-579aa6f82b1f demo demo] create_initial_revision uuid=090532ec-ee58-4b02-b8ba-be2215a41ae1, type=networks, rev=-1 {{(pid=101790) create_initial_revision /opt/stack/neutron/neutron/db/ovn_revision_numbers_db.py:98}}
Jul 19 01:20:19.010644 np0000185860 devstack@neutron-api.service[101790]: DEBUG neutron_lib.callbacks.manager [None req-650be1d6-9b3b-4e98-9b53-579aa6f82b1f demo demo] Publish callbacks ['neutron.plugins.ml2.ovo_rpc._ObjectChangeHandler.handle_event-33485931'] for network (090532ec-ee58-4b02-b8ba-be2215a41ae1), after_create {{(pid=101790) _notify_loop /opt/stack/data/venv/lib/python3.12/site-packages/neutron_lib/callbacks/manager.py:184}}
Jul 19 01:20:19.039558 np0000185860 devstack@neutron-api.service[101790]: DEBUG neutron.api.rpc.handlers.resources_rpc [None req-650be1d6-9b3b-4e98-9b53-579aa6f82b1f demo demo] Pushing event updated for resources: {'Network': ['ID=090532ec-ee58-4b02-b8ba-be2215a41ae1,revision_number=1']} {{(pid=101790) push /opt/stack/neutron/neutron/api/rpc/handlers/resources_rpc.py:237}}
Jul 19 01:20:19.048417 np0000185860 devstack@neutron-api.service[101790]: DEBUG ovsdbapp.backend.ovs_idl.transaction [None req-0fec16d2-b3ea-4931-8d02-a69640afc939 None None] Running txn n=1 command(idx=0): AddNetworkCommand(_result=None, network_uuid=090532ec-ee58-4b02-b8ba-be2215a41ae1, may_exist=True, columns={'external_ids': {'neutron:network_name': 'k8s-clusterapi-cluster-magnum-system-kube-ok6kq', 'neutron:mtu': '1372', 'neutron:revision_number': '1', 'neutron:availability_zone_hints': '', 'neutron:provnet-network-type': 'geneve'}, 'other_config': {'mcast_snoop': 'false', 'mcast_flood_unregistered': 'false', 'vlan-passthru': 'false'}}) {{(pid=101790) do_commit /opt/stack/data/venv/lib/python3.12/site-packages/ovsdbapp/backend/ovs_idl/transaction.py:89}}
