2026-07-21 14:34:07.770 8 INFO placement.requestlog [None req-53dc96af-bbd9-43a7-8c4b-ad4cdcc2e49e 1afa353d2c67492387ee8eb9872f0b55 0bca50b6ccfd4465aec1a7a00d63c11e - - c7fb1ef4d16f4ac3835256990383fd95 c7fb1ef4d16f4ac3835256990383fd95] 10.0.0.231 "GET /resource_providers/7f845a5f-a28b-4542-a641-4a61765b5cbe/aggregates" status: 404 len: 235 microversion: 1.1 [pid: 8|app: 0|req: 375/743] 10.0.0.231 () {32 vars in 815 bytes} [Tue Jul 21 14:34:07 2026] GET /resource_providers/7f845a5f-a28b-4542-a641-4a61765b5cbe/aggregates => generated 235 bytes in 10 msecs (HTTP/1.1 404) 5 headers in 202 bytes (1 switches on core 0)
2026-07-21 14:34:07.791 7 INFO placement.requestlog [None req-3e5300a1-67f7-4b43-99b9-53cfeba6b9dd 1afa353d2c67492387ee8eb9872f0b55 0bca50b6ccfd4465aec1a7a00d63c11e - - c7fb1ef4d16f4ac3835256990383fd95 c7fb1ef4d16f4ac3835256990383fd95] 10.0.0.231 "DELETE /resource_providers/7f845a5f-a28b-4542-a641-4a61765b5cbe" status: 404 len: 246 microversion: 1.1 [pid: 7|app: 0|req: 369/744] 10.0.0.231 () {34 vars in 815 bytes} [Tue Jul 21 14:34:07 2026] DELETE /resource_providers/7f845a5f-a28b-4542-a641-4a61765b5cbe => generated 246 bytes in 21 msecs (HTTP/1.1 404) 6 headers in 231 bytes (1 switches on core 0)
2026-07-21 14:34:07.797 8 INFO placement.requestlog [None req-9d5c1ab5-6f0f-44cc-ab46-ba55f2ac437a 1afa353d2c67492387ee8eb9872f0b55 0bca50b6ccfd4465aec1a7a00d63c11e - - c7fb1ef4d16f4ac3835256990383fd95 c7fb1ef4d16f4ac3835256990383fd95] 10.0.0.231 "DELETE /resource_providers/7f845a5f-a28b-4542-a641-4a61765b5cbe" status: 404 len: 246 microversion: 1.1 [pid: 8|app: 0|req: 376/745] 10.0.0.231 () {34 vars in 815 bytes} [Tue Jul 21 14:34:07 2026] DELETE /resource_providers/7f845a5f-a28b-4542-a641-4a61765b5cbe => generated 246 bytes in 8 msecs (HTTP/1.1 404) 6 headers in 231 bytes (1 switches on core 0)
2026-07-21 14:34:10.894 7 INFO placement.requestlog [req-e41aba45-1eb7-43e9-83cc-09a2aa9fad91 req-fba33b24-2a8b-4f1a-a6be-66fb9d76b24f 6c2e0b5ce3ff473fa1b34fa536b9028d 0bca50b6ccfd4465aec1a7a00d63c11e - - c7fb1ef4d16f4ac3835256990383fd95 c7fb1ef4d16f4ac3835256990383fd95] 199.19.213.14 "GET /resource_providers/f2a1311f-bb3c-4026-bd40-c880bda2fc71/allocations" status: 200 len: 252 microversion: 1.0 [pid: 7|app: 0|req: 370/746] 199.19.213.14 () {32 vars in 855 bytes} [Tue Jul 21 14:34:10 2026] GET /resource_providers/f2a1311f-bb3c-4026-bd40-c880bda2fc71/allocations => generated 252 bytes in 24 msecs (HTTP/1.1 200) 6 headers in 224 bytes (1 switches on core 0)
2026-07-21 14:34:10.917 8 INFO placement.requestlog [req-e41aba45-1eb7-43e9-83cc-09a2aa9fad91 req-d2472442-c520-4a58-9d5a-31200d241218 6c2e0b5ce3ff473fa1b34fa536b9028d 0bca50b6ccfd4465aec1a7a00d63c11e - - c7fb1ef4d16f4ac3835256990383fd95 c7fb1ef4d16f4ac3835256990383fd95] 199.19.213.14 "GET /allocations/da7e5864-aa4d-4cce-9436-05fc53d933a6" status: 200 len: 257 microversion: 1.28 [pid: 8|app: 0|req: 377/747] 199.19.213.14 () {34 vars in 861 bytes} [Tue Jul 21 14:34:10 2026] GET /allocations/da7e5864-aa4d-4cce-9436-05fc53d933a6 => generated 257 bytes in 13 msecs (HTTP/1.1 200) 8 headers in 296 bytes (1 switches on core 0)
2026-07-21 14:34:10.946 7 INFO placement.requestlog [req-e41aba45-1eb7-43e9-83cc-09a2aa9fad91 req-de1ebc0e-d0a6-43b2-ac60-79c6335b2a61 6c2e0b5ce3ff473fa1b34fa536b9028d 0bca50b6ccfd4465aec1a7a00d63c11e - - c7fb1ef4d16f4ac3835256990383fd95 c7fb1ef4d16f4ac3835256990383fd95] 199.19.213.14 "GET /allocations/c9d411d3-7dec-47c2-87a5-efa1b8c2c3c8" status: 200 len: 257 microversion: 1.28 [pid: 7|app: 0|req: 371/748] 199.19.213.14 () {34 vars in 861 bytes} [Tue Jul 21 14:34:10 2026] GET /allocations/c9d411d3-7dec-47c2-87a5-efa1b8c2c3c8 => generated 257 bytes in 17 msecs (HTTP/1.1 200) 8 headers in 296 bytes (1 switches on core 0)
2026-07-21 14:34:12.505 8 INFO placement.requestlog [req-cb0b37ed-17de-45f5-ae68-411e6f2219c4 req-3d02ec46-36e5-4ee2-abe8-7fa84557cb59 6c2e0b5ce3ff473fa1b34fa536b9028d 0bca50b6ccfd4465aec1a7a00d63c11e - - c7fb1ef4d16f4ac3835256990383fd95 c7fb1ef4d16f4ac3835256990383fd95] 199.19.213.14 "GET /resource_providers/f2a1311f-bb3c-4026-bd40-c880bda2fc71/allocations" status: 200 len: 252 microversion: 1.0 [pid: 8|app: 0|req: 378/749] 199.19.213.14 () {32 vars in 855 bytes} [Tue Jul 21 14:34:12 2026] GET /resource_providers/f2a1311f-bb3c-4026-bd40-c880bda2fc71/allocations => generated 252 bytes in 19 msecs (HTTP/1.1 200) 6 headers in 224 bytes (1 switches on core 0)
2026-07-21 14:34:12.527 7 INFO placement.requestlog [req-cb0b37ed-17de-45f5-ae68-411e6f2219c4 req-9e544bef-4e05-454b-85ab-fcb3b7f6c75a 6c2e0b5ce3ff473fa1b34fa536b9028d 0bca50b6ccfd4465aec1a7a00d63c11e - - c7fb1ef4d16f4ac3835256990383fd95 c7fb1ef4d16f4ac3835256990383fd95] 199.19.213.14 "GET /allocations/da7e5864-aa4d-4cce-9436-05fc53d933a6" status: 200 len: 257 microversion: 1.28 [pid: 7|app: 0|req: 372/750] 199.19.213.14 () {34 vars in 861 bytes} [Tue Jul 21 14:34:12 2026] GET /allocations/da7e5864-aa4d-4cce-9436-05fc53d933a6 => generated 257 bytes in 15 msecs (HTTP/1.1 200) 8 headers in 296 bytes (1 switches on core 0)
2026-07-21 14:34:12.550 8 INFO placement.requestlog [req-cb0b37ed-17de-45f5-ae68-411e6f2219c4 req-d586adf8-123f-429a-b1aa-92ed950a1f64 6c2e0b5ce3ff473fa1b34fa536b9028d 0bca50b6ccfd4465aec1a7a00d63c11e - - c7fb1ef4d16f4ac3835256990383fd95 c7fb1ef4d16f4ac3835256990383fd95] 199.19.213.14 "GET /allocations/c9d411d3-7dec-47c2-87a5-efa1b8c2c3c8" status: 200 len: 257 microversion: 1.28 [pid: 8|app: 0|req: 379/751] 199.19.213.14 () {34 vars in 861 bytes} [Tue Jul 21 14:34:12 2026] GET /allocations/c9d411d3-7dec-47c2-87a5-efa1b8c2c3c8 => generated 257 bytes in 13 msecs (HTTP/1.1 200) 8 headers in 296 bytes (1 switches on core 0)
2026-07-21 14:34:12.605 7 INFO placement.requestlog [None req-360de7bf-fc64-4956-bffb-30b47048a87e - - - - - -] 10.0.0.50 "GET /" status: 200 len: 136 microversion: 1.0
2026-07-21 14:34:12.606 8 INFO placement.requestlog [None req-b16c719d-cd1c-42dc-9e18-1173bf798582 - - - - - -] 10.0.0.50 "GET /" status: 200 len: 136 microversion: 1.0
2026-07-21 14:34:14.527 7 INFO placement.requestlog [req-e41aba45-1eb7-43e9-83cc-09a2aa9fad91 req-0c466797-f438-4ba8-a7c8-339ad570307e 6c2e0b5ce3ff473fa1b34fa536b9028d 0bca50b6ccfd4465aec1a7a00d63c11e - - c7fb1ef4d16f4ac3835256990383fd95 c7fb1ef4d16f4ac3835256990383fd95] 199.19.213.14 "DELETE /allocations/c9d411d3-7dec-47c2-87a5-efa1b8c2c3c8" status: 204 len: 0 microversion: 1.0 [pid: 7|app: 0|req: 374/754] 199.19.213.14 () {34 vars in 839 bytes} [Tue Jul 21 14:34:14 2026] DELETE /allocations/c9d411d3-7dec-47c2-87a5-efa1b8c2c3c8 => generated 0 bytes in 27 msecs (HTTP/1.1 204) 5 headers in 198 bytes (1 switches on core 0)
2026-07-21 14:34:16.055 8 INFO placement.requestlog [None req-7c19d3c8-250a-43c2-abf1-e0a0f38d291b - - - - - -] 10.0.0.53 "GET /" status: 200 len: 136 microversion: 1.0 [pid: 8|app: 0|req: 381/755] 10.0.0.53 () {28 vars in 435 bytes} [Tue Jul 21 14:34:16 2026] GET / => generated 136 bytes in 1 msecs (HTTP/1.1 200) 6 headers in 224 bytes (1 switches on core 0)
2026-07-21 14:34:16.126 7 INFO placement.requestlog [req-b856c7fb-adca-4545-94c9-051c90ef86c2 req-fe580fd0-53c5-4297-b147-d23633806531 6c2e0b5ce3ff473fa1b34fa536b9028d 0bca50b6ccfd4465aec1a7a00d63c11e - - c7fb1ef4d16f4ac3835256990383fd95 c7fb1ef4d16f4ac3835256990383fd95] 10.0.0.53 "DELETE /allocations/c9d411d3-7dec-47c2-87a5-efa1b8c2c3c8" status: 404 len: 228 microversion: 1.0 [pid: 7|app: 0|req: 375/756] 10.0.0.53 () {34 vars in 828 bytes} [Tue Jul 21 14:34:16 2026] DELETE /allocations/c9d411d3-7dec-47c2-87a5-efa1b8c2c3c8 => generated 228 bytes in 62 msecs (HTTP/1.1 404) 6 headers in 231 bytes (1 switches on core 0)
2026-07-21 14:34:16.185 8 INFO placement.requestlog [req-cb0b37ed-17de-45f5-ae68-411e6f2219c4 req-1340d2d4-a0f2-4954-962f-ce7869964eb9 6c2e0b5ce3ff473fa1b34fa536b9028d 0bca50b6ccfd4465aec1a7a00d63c11e - - c7fb1ef4d16f4ac3835256990383fd95 c7fb1ef4d16f4ac3835256990383fd95] 199.19.213.14 "DELETE /allocations/da7e5864-aa4d-4cce-9436-05fc53d933a6" status: 204 len: 0 microversion: 1.0 [pid: 8|app: 0|req: 382/757] 199.19.213.14 () {34 vars in 839 bytes} [Tue Jul 21 14:34:16 2026] DELETE /allocations/da7e5864-aa4d-4cce-9436-05fc53d933a6 => generated 0 bytes in 35 msecs (HTTP/1.1 204) 5 headers in 198 bytes (1 switches on core 0)
2026-07-21 14:34:16.643 7 INFO placement.requestlog [req-67ecd4ad-0ac9-4c00-9e32-ee478779df03 req-39d33f48-d9f2-4935-8a0f-0588e134a2f7 6c2e0b5ce3ff473fa1b34fa536b9028d 0bca50b6ccfd4465aec1a7a00d63c11e - - c7fb1ef4d16f4ac3835256990383fd95 c7fb1ef4d16f4ac3835256990383fd95] 10.0.0.53 "DELETE /allocations/da7e5864-aa4d-4cce-9436-05fc53d933a6" status: 404 len: 228 microversion: 1.0 [pid: 7|app: 0|req: 376/758] 10.0.0.53 () {34 vars in 828 bytes} [Tue Jul 21 14:34:16 2026] DELETE /allocations/da7e5864-aa4d-4cce-9436-05fc53d933a6 => generated 228 bytes in 15 msecs (HTTP/1.1 404) 6 headers in 231 bytes (1 switches on core 0)
2026-07-21 14:34:19.073 8 INFO placement.requestlog [None req-f3f863d7-fc28-432a-b47b-de87f8aff87f 1afa353d2c67492387ee8eb9872f0b55 0bca50b6ccfd4465aec1a7a00d63c11e - - c7fb1ef4d16f4ac3835256990383fd95 c7fb1ef4d16f4ac3835256990383fd95] 10.0.0.231 "GET /resource_providers/10131949-4cdd-4ede-bc2b-96c4bb69eafc/aggregates" status: 404 len: 235 microversion: 1.1 [pid: 8|app: 0|req: 383/759] 10.0.0.231 () {32 vars in 815 bytes} [Tue Jul 21 14:34:19 2026] GET /resource_providers/10131949-4cdd-4ede-bc2b-96c4bb69eafc/aggregates => generated 235 bytes in 16 msecs (HTTP/1.1 404) 5 headers in 202 bytes (1 switches on core 0)
2026-07-21 14:34:19.074 7 INFO placement.requestlog [None req-3256be60-7c05-4d4f-a1a7-24317605cb35 1afa353d2c67492387ee8eb9872f0b55 0bca50b6ccfd4465aec1a7a00d63c11e - - c7fb1ef4d16f4ac3835256990383fd95 c7fb1ef4d16f4ac3835256990383fd95] 10.0.0.231 "GET /resource_providers/10131949-4cdd-4ede-bc2b-96c4bb69eafc/aggregates" status: 404 len: 235 microversion: 1.1 [pid: 7|app: 0|req: 377/760] 10.0.0.231 () {32 vars in 815 bytes} [Tue Jul 21 14:34:19 2026] GET /resource_providers/10131949-4cdd-4ede-bc2b-96c4bb69eafc/aggregates => generated 235 bytes in 16 msecs (HTTP/1.1 404) 5 headers in 202 bytes (1 switches on core 0)
2026-07-21 14:34:19.101 7 INFO placement.requestlog [None req-0e0b760f-7924-4094-8fcc-6131d5c294c5 1afa353d2c67492387ee8eb9872f0b55 0bca50b6ccfd4465aec1a7a00d63c11e - - c7fb1ef4d16f4ac3835256990383fd95 c7fb1ef4d16f4ac3835256990383fd95] 10.0.0.231 "DELETE /resource_providers/10131949-4cdd-4ede-bc2b-96c4bb69eafc" status: 404 len: 246 microversion: 1.1 [pid: 7|app: 0|req: 378/761] 10.0.0.231 () {34 vars in 815 bytes} [Tue Jul 21 14:34:19 2026] DELETE /resource_providers/10131949-4cdd-4ede-bc2b-96c4bb69eafc => generated 246 bytes in 10 msecs (HTTP/1.1 404) 6 headers in 231 bytes (1 switches on core 0)
2026-07-21 14:34:19.109 8 INFO placement.requestlog [None req-bac4e8e7-7ca9-47de-a024-4df57ff026e6 1afa353d2c67492387ee8eb9872f0b55 0bca50b6ccfd4465aec1a7a00d63c11e - - c7fb1ef4d16f4ac3835256990383fd95 c7fb1ef4d16f4ac3835256990383fd95] 10.0.0.231 "DELETE /resource_providers/10131949-4cdd-4ede-bc2b-96c4bb69eafc" status: 404 len: 246 microversion: 1.1 [pid: 8|app: 0|req: 384/762] 10.0.0.231 () {34 vars in 815 bytes} [Tue Jul 21 14:34:19 2026] DELETE /resource_providers/10131949-4cdd-4ede-bc2b-96c4bb69eafc => generated 246 bytes in 25 msecs (HTTP/1.1 404) 6 headers in 231 bytes (1 switches on core 0)
2026-07-21 14:34:19.126 8 INFO placement.requestlog [None req-d3d3b085-86a4-4723-97b5-9c54f8ed7804 1afa353d2c67492387ee8eb9872f0b55 0bca50b6ccfd4465aec1a7a00d63c11e - - c7fb1ef4d16f4ac3835256990383fd95 c7fb1ef4d16f4ac3835256990383fd95] 10.0.0.231 "GET /resource_providers/ad80cd7c-6db5-4366-8a8f-138323aaf90d/aggregates" status: 404 len: 235 microversion: 1.1 [pid: 8|app: 0|req: 385/763] 10.0.0.231 () {32 vars in 815 bytes} [Tue Jul 21 14:34:19 2026] GET /resource_providers/ad80cd7c-6db5-4366-8a8f-138323aaf90d/aggregates => generated 235 bytes in 8 msecs (HTTP/1.1 404) 5 headers in 202 bytes (1 switches on core 0)
2026-07-21 14:34:19.129 7 INFO placement.requestlog [None req-6516e07f-d540-4f04-b494-b45d73916355 1afa353d2c67492387ee8eb9872f0b55 0bca50b6ccfd4465aec1a7a00d63c11e - - c7fb1ef4d16f4ac3835256990383fd95 c7fb1ef4d16f4ac3835256990383fd95] 10.0.0.231 "GET /resource_providers/ad80cd7c-6db5-4366-8a8f-138323aaf90d/aggregates" status: 404 len: 235 microversion: 1.1 [pid: 7|app: 0|req: 379/764] 10.0.0.231 () {32 vars in 815 bytes} [Tue Jul 21 14:34:19 2026] GET /resource_providers/ad80cd7c-6db5-4366-8a8f-138323aaf90d/aggregates => generated 235 bytes in 16 msecs (HTTP/1.1 404) 5 headers in 202 bytes (1 switches on core 0)
2026-07-21 14:34:19.150 8 INFO placement.requestlog [None req-a5533d73-d9fb-41e7-8135-cc8f5b072b15 1afa353d2c67492387ee8eb9872f0b55 0bca50b6ccfd4465aec1a7a00d63c11e - - c7fb1ef4d16f4ac3835256990383fd95 c7fb1ef4d16f4ac3835256990383fd95] 10.0.0.231 "DELETE /resource_providers/ad80cd7c-6db5-4366-8a8f-138323aaf90d" status: 404 len: 246 microversion: 1.1 [pid: 8|app: 0|req: 386/765] 10.0.0.231 () {34 vars in 815 bytes} [Tue Jul 21 14:34:19 2026] DELETE /resource_providers/ad80cd7c-6db5-4366-8a8f-138323aaf90d => generated 246 bytes in 10 msecs (HTTP/1.1 404) 6 headers in 231 bytes (1 switches on core 0)
2026-07-21 14:34:19.153 7 INFO placement.requestlog [None req-8684d641-9283-4df5-ae91-8bf5727f06ed 1afa353d2c67492387ee8eb9872f0b55 0bca50b6ccfd4465aec1a7a00d63c11e - - c7fb1ef4d16f4ac3835256990383fd95 c7fb1ef4d16f4ac3835256990383fd95] 10.0.0.231 "DELETE /resource_providers/ad80cd7c-6db5-4366-8a8f-138323aaf90d" status: 404 len: 246 microversion: 1.1 [pid: 7|app: 0|req: 380/766] 10.0.0.231 () {34 vars in 815 bytes} [Tue Jul 21 14:34:19 2026] DELETE /resource_providers/ad80cd7c-6db5-4366-8a8f-138323aaf90d => generated 246 bytes in 11 msecs (HTTP/1.1 404) 6 headers in 231 bytes (1 switches on core 0)
2026-07-21 14:34:19.804 8 INFO placement.requestlog [req-482571e6-7a3c-4f9d-8354-fa61e2ad57de req-48d18d37-9558-4a63-b769-c9d586d4fbca 6c2e0b5ce3ff473fa1b34fa536b9028d 0bca50b6ccfd4465aec1a7a00d63c11e - - c7fb1ef4d16f4ac3835256990383fd95 c7fb1ef4d16f4ac3835256990383fd95] 10.0.0.198 "GET /allocation_candidates?limit=1000&resources=DISK_GB%3A1%2CMEMORY_MB%3A512%2CVCPU%3A1&root_required=%21COMPUTE_STATUS_DISABLED" status: 200 len: 2781 microversion: 1.36 [pid: 8|app: 0|req: 387/767] 10.0.0.198 () {34 vars in 1011 bytes} [Tue Jul 21 14:34:19 2026] GET /allocation_candidates?limit=1000&resources=DISK_GB%3A1%2CMEMORY_MB%3A512%2CVCPU%3A1&root_required=%21COMPUTE_STATUS_DISABLED => generated 2781 bytes in 87 msecs (HTTP/1.1 200) 8 headers in 297 bytes (1 switches on core 0)
2026-07-21 14:34:19.859 7 INFO placement.requestlog [req-482571e6-7a3c-4f9d-8354-fa61e2ad57de req-95a936bd-6b2c-4502-83dd-ec7ef5950191 6c2e0b5ce3ff473fa1b34fa536b9028d 0bca50b6ccfd4465aec1a7a00d63c11e - - c7fb1ef4d16f4ac3835256990383fd95 c7fb1ef4d16f4ac3835256990383fd95] 10.0.0.198 "GET /allocations/86cf6bdf-035b-411f-ba12-853372174256" status: 200 len: 19 microversion: 1.28 [pid: 7|app: 0|req: 381/768] 10.0.0.198 () {34 vars in 860 bytes} [Tue Jul 21 14:34:19 2026] GET /allocations/86cf6bdf-035b-411f-ba12-853372174256 => generated 19 bytes in 15 msecs (HTTP/1.1 200) 8 headers in 295 bytes (1 switches on core 0)
2026-07-21 14:34:19.953 8 INFO placement.requestlog [req-482571e6-7a3c-4f9d-8354-fa61e2ad57de req-758aca62-7552-4ad2-a3d5-6f67435e4e00 6c2e0b5ce3ff473fa1b34fa536b9028d 0bca50b6ccfd4465aec1a7a00d63c11e - - c7fb1ef4d16f4ac3835256990383fd95 c7fb1ef4d16f4ac3835256990383fd95] 10.0.0.198 "PUT /allocations/86cf6bdf-035b-411f-ba12-853372174256" status: 204 len: 0 microversion: 1.36 [pid: 8|app: 0|req: 388/769] 10.0.0.198 () {38 vars in 913 bytes} [Tue Jul 21 14:34:19 2026] PUT /allocations/86cf6bdf-035b-411f-ba12-853372174256 => generated 0 bytes in 84 msecs (HTTP/1.1 204) 5 headers in 199 bytes (1 switches on core 0)
2026-07-21 14:34:20.897 7 INFO placement.requestlog [req-58cd17f2-356c-49cd-8ff7-b9ae344ac120 req-2502b519-f6d2-4e9f-96ab-1b661c956758 6c2e0b5ce3ff473fa1b34fa536b9028d 0bca50b6ccfd4465aec1a7a00d63c11e - - c7fb1ef4d16f4ac3835256990383fd95 c7fb1ef4d16f4ac3835256990383fd95] 10.0.0.198 "GET /allocation_candidates?limit=1000&resources=MEMORY_MB%3A512%2CVCPU%3A1&root_required=%21COMPUTE_STATUS_DISABLED" status: 200 len: 2769 microversion: 1.36 [pid: 7|app: 0|req: 382/770] 10.0.0.198 () {34 vars in 983 bytes} [Tue Jul 21 14:34:20 2026] GET /allocation_candidates?limit=1000&resources=MEMORY_MB%3A512%2CVCPU%3A1&root_required=%21COMPUTE_STATUS_DISABLED => generated 2769 bytes in 70 msecs (HTTP/1.1 200) 8 headers in 297 bytes (1 switches on core 0)
2026-07-21 14:34:20.951 8 INFO placement.requestlog [req-58cd17f2-356c-49cd-8ff7-b9ae344ac120 req-4a8d27a4-bcdf-4a53-a5a9-71db0bd1961a 6c2e0b5ce3ff473fa1b34fa536b9028d 0bca50b6ccfd4465aec1a7a00d63c11e - - c7fb1ef4d16f4ac3835256990383fd95 c7fb1ef4d16f4ac3835256990383fd95] 10.0.0.198 "GET /allocations/6225ed82-d9eb-4d48-a398-c6cf45422956" status: 200 len: 19 microversion: 1.28 [pid: 8|app: 0|req: 389/771] 10.0.0.198 () {34 vars in 860 bytes} [Tue Jul 21 14:34:20 2026] GET /allocations/6225ed82-d9eb-4d48-a398-c6cf45422956 => generated 19 bytes in 14 msecs (HTTP/1.1 200) 8 headers in 295 bytes (1 switches on core 0)
2026-07-21 14:34:21.030 7 INFO placement.requestlog [req-58cd17f2-356c-49cd-8ff7-b9ae344ac120 req-75d10e59-e849-42e1-849d-71deadbedce9 6c2e0b5ce3ff473fa1b34fa536b9028d 0bca50b6ccfd4465aec1a7a00d63c11e - - c7fb1ef4d16f4ac3835256990383fd95 c7fb1ef4d16f4ac3835256990383fd95] 10.0.0.198 "PUT /allocations/6225ed82-d9eb-4d48-a398-c6cf45422956" status: 204 len: 0 microversion: 1.36 [pid: 7|app: 0|req: 383/772] 10.0.0.198 () {38 vars in 913 bytes} [Tue Jul 21 14:34:20 2026] PUT /allocations/6225ed82-d9eb-4d48-a398-c6cf45422956 => generated 0 bytes in 72 msecs (HTTP/1.1 204) 5 headers in 199 bytes (1 switches on core 0)
2026-07-21 14:34:21.127 8 INFO placement.requestlog [None req-aaf5deb2-0f69-4986-b1c7-a5f20a2b6bd7 1afa353d2c67492387ee8eb9872f0b55 0bca50b6ccfd4465aec1a7a00d63c11e - - c7fb1ef4d16f4ac3835256990383fd95 c7fb1ef4d16f4ac3835256990383fd95] 10.0.0.231 "GET /resource_providers/869af2f4-d22a-4b5f-951b-d91f11540fb1/aggregates" status: 404 len: 235 microversion: 1.1 [pid: 8|app: 0|req: 390/773] 10.0.0.231 () {32 vars in 815 bytes} [Tue Jul 21 14:34:21 2026] GET /resource_providers/869af2f4-d22a-4b5f-951b-d91f11540fb1/aggregates => generated 235 bytes in 13 msecs (HTTP/1.1 404) 5 headers in 202 bytes (1 switches on core 0)
2026-07-21 14:34:21.151 8 INFO placement.requestlog [None req-36f8ba9d-631a-47b8-9251-45d829f7cd00 1afa353d2c67492387ee8eb9872f0b55 0bca50b6ccfd4465aec1a7a00d63c11e - - c7fb1ef4d16f4ac3835256990383fd95 c7fb1ef4d16f4ac3835256990383fd95] 10.0.0.231 "DELETE /resource_providers/869af2f4-d22a-4b5f-951b-d91f11540fb1" status: 404 len: 246 microversion: 1.1 [pid: 8|app: 0|req: 391/774] 10.0.0.231 () {34 vars in 815 bytes} [Tue Jul 21 14:34:21 2026] DELETE /resource_providers/869af2f4-d22a-4b5f-951b-d91f11540fb1 => generated 246 bytes in 16 msecs (HTTP/1.1 404) 6 headers in 231 bytes (1 switches on core 0)
2026-07-21 14:34:21.161 7 INFO placement.requestlog [None req-40f899bf-3b42-4f26-9471-fdb4eb051c92 1afa353d2c67492387ee8eb9872f0b55 0bca50b6ccfd4465aec1a7a00d63c11e - - c7fb1ef4d16f4ac3835256990383fd95 c7fb1ef4d16f4ac3835256990383fd95] 10.0.0.231 "GET /resource_providers/869af2f4-d22a-4b5f-951b-d91f11540fb1/aggregates" status: 404 len: 235 microversion: 1.1 [pid: 7|app: 0|req: 384/775] 10.0.0.231 () {32 vars in 815 bytes} [Tue Jul 21 14:34:21 2026] GET /resource_providers/869af2f4-d22a-4b5f-951b-d91f11540fb1/aggregates => generated 235 bytes in 34 msecs (HTTP/1.1 404) 5 headers in 202 bytes (1 switches on core 0)
2026-07-21 14:34:21.172 8 INFO placement.requestlog [None req-56a504cd-d5ea-464c-acab-74379a852605 1afa353d2c67492387ee8eb9872f0b55 0bca50b6ccfd4465aec1a7a00d63c11e - - c7fb1ef4d16f4ac3835256990383fd95 c7fb1ef4d16f4ac3835256990383fd95] 10.0.0.231 "GET /resource_providers/82057fac-89e2-4958-bdb4-c3cdcf45439f/aggregates" status: 404 len: 235 microversion: 1.1 [pid: 8|app: 0|req: 392/776] 10.0.0.231 () {32 vars in 815 bytes} [Tue Jul 21 14:34:21 2026] GET /resource_providers/82057fac-89e2-4958-bdb4-c3cdcf45439f/aggregates => generated 235 bytes in 9 msecs (HTTP/1.1 404) 5 headers in 202 bytes (1 switches on core 0)
2026-07-21 14:34:21.175 7 INFO placement.requestlog [None req-becdc9fc-bd44-49ea-9fd1-81db9a6c6318 1afa353d2c67492387ee8eb9872f0b55 0bca50b6ccfd4465aec1a7a00d63c11e - - c7fb1ef4d16f4ac3835256990383fd95 c7fb1ef4d16f4ac3835256990383fd95] 10.0.0.231 "GET /resource_providers/82057fac-89e2-4958-bdb4-c3cdcf45439f/aggregates" status: 404 len: 235 microversion: 1.1 [pid: 7|app: 0|req: 385/777] 10.0.0.231 () {32 vars in 815 bytes} [Tue Jul 21 14:34:21 2026] GET /resource_providers/82057fac-89e2-4958-bdb4-c3cdcf45439f/aggregates => generated 235 bytes in 12 msecs (HTTP/1.1 404) 5 headers in 202 bytes (1 switches on core 0)
2026-07-21 14:34:21.185 8 INFO placement.requestlog [None req-6e475f69-d3b7-4efd-bf2b-4492e8acc318 1afa353d2c67492387ee8eb9872f0b55 0bca50b6ccfd4465aec1a7a00d63c11e - - c7fb1ef4d16f4ac3835256990383fd95 c7fb1ef4d16f4ac3835256990383fd95] 10.0.0.231 "DELETE /resource_providers/869af2f4-d22a-4b5f-951b-d91f11540fb1" status: 404 len: 246 microversion: 1.1 [pid: 8|app: 0|req: 393/778] 10.0.0.231 () {34 vars in 815 bytes} [Tue Jul 21 14:34:21 2026] DELETE /resource_providers/869af2f4-d22a-4b5f-951b-d91f11540fb1 => generated 246 bytes in 13 msecs (HTTP/1.1 404) 6 headers in 231 bytes (1 switches on core 0)
2026-07-21 14:34:21.196 8 INFO placement.requestlog [None req-eaf01d26-b7ac-4eaf-b46d-f3cd58c387a4 1afa353d2c67492387ee8eb9872f0b55 0bca50b6ccfd4465aec1a7a00d63c11e - - c7fb1ef4d16f4ac3835256990383fd95 c7fb1ef4d16f4ac3835256990383fd95] 10.0.0.231 "DELETE /resource_providers/82057fac-89e2-4958-bdb4-c3cdcf45439f" status: 404 len: 246 microversion: 1.1 [pid: 8|app: 0|req: 394/779] 10.0.0.231 () {34 vars in 815 bytes} [Tue Jul 21 14:34:21 2026] DELETE /resource_providers/82057fac-89e2-4958-bdb4-c3cdcf45439f => generated 246 bytes in 10 msecs (HTTP/1.1 404) 6 headers in 231 bytes (1 switches on core 0)
2026-07-21 14:34:21.198 7 INFO placement.requestlog [None req-b7d13553-c983-438f-8fbb-0fb8c2539895 1afa353d2c67492387ee8eb9872f0b55 0bca50b6ccfd4465aec1a7a00d63c11e - - c7fb1ef4d16f4ac3835256990383fd95 c7fb1ef4d16f4ac3835256990383fd95] 10.0.0.231 "DELETE /resource_providers/82057fac-89e2-4958-bdb4-c3cdcf45439f" status: 404 len: 246 microversion: 1.1 [pid: 7|app: 0|req: 386/780] 10.0.0.231 () {34 vars in 815 bytes} [Tue Jul 21 14:34:21 2026] DELETE /resource_providers/82057fac-89e2-4958-bdb4-c3cdcf45439f => generated 246 bytes in 14 msecs (HTTP/1.1 404) 6 headers in 231 bytes (1 switches on core 0)
2026-07-21 14:34:21.390 8 INFO placement.requestlog [req-482571e6-7a3c-4f9d-8354-fa61e2ad57de req-d6db3512-10b8-4da7-bc12-e2a72a033ef5 6c2e0b5ce3ff473fa1b34fa536b9028d 0bca50b6ccfd4465aec1a7a00d63c11e - - c7fb1ef4d16f4ac3835256990383fd95 c7fb1ef4d16f4ac3835256990383fd95] 199.19.213.14 "GET /allocations/86cf6bdf-035b-411f-ba12-853372174256" status: 200 len: 257 microversion: 1.28 [pid: 8|app: 0|req: 395/781] 199.19.213.14 () {34 vars in 861 bytes} [Tue Jul 21 14:34:21 2026] GET /allocations/86cf6bdf-035b-411f-ba12-853372174256 => generated 257 bytes in 16 msecs (HTTP/1.1 200) 8 headers in 296 bytes (1 switches on core 0)
2026-07-21 14:34:22.434 7 INFO placement.requestlog [req-482571e6-7a3c-4f9d-8354-fa61e2ad57de req-e5a7d760-9af5-46aa-9502-7ee5f8f89815 6c2e0b5ce3ff473fa1b34fa536b9028d 0bca50b6ccfd4465aec1a7a00d63c11e - - c7fb1ef4d16f4ac3835256990383fd95 c7fb1ef4d16f4ac3835256990383fd95] 199.19.213.14 "GET /resource_providers/f2a1311f-bb3c-4026-bd40-c880bda2fc71/allocations" status: 200 len: 238 microversion: 1.0 [pid: 7|app: 0|req: 387/782] 199.19.213.14 () {32 vars in 855 bytes} [Tue Jul 21 14:34:22 2026] GET /resource_providers/f2a1311f-bb3c-4026-bd40-c880bda2fc71/allocations => generated 238 bytes in 20 msecs (HTTP/1.1 200) 6 headers in 224 bytes (1 switches on core 0)
2026-07-21 14:34:22.473 8 INFO placement.requestlog [req-482571e6-7a3c-4f9d-8354-fa61e2ad57de req-1018aac9-ba9d-4999-bb51-a9e20703541b 6c2e0b5ce3ff473fa1b34fa536b9028d 0bca50b6ccfd4465aec1a7a00d63c11e - - c7fb1ef4d16f4ac3835256990383fd95 c7fb1ef4d16f4ac3835256990383fd95] 199.19.213.14 "GET /allocations/6225ed82-d9eb-4d48-a398-c6cf45422956" status: 200 len: 243 microversion: 1.28 [pid: 8|app: 0|req: 396/783] 199.19.213.14 () {34 vars in 861 bytes} [Tue Jul 21 14:34:22 2026] GET /allocations/6225ed82-d9eb-4d48-a398-c6cf45422956 => generated 243 bytes in 17 msecs (HTTP/1.1 200) 8 headers in 296 bytes (1 switches on core 0)
2026-07-21 14:34:22.499 7 INFO placement.requestlog [req-482571e6-7a3c-4f9d-8354-fa61e2ad57de req-d646768e-2d80-4553-bae5-1259be23994f 6c2e0b5ce3ff473fa1b34fa536b9028d 0bca50b6ccfd4465aec1a7a00d63c11e - - c7fb1ef4d16f4ac3835256990383fd95 c7fb1ef4d16f4ac3835256990383fd95] 199.19.213.14 "GET /allocations/86cf6bdf-035b-411f-ba12-853372174256" status: 200 len: 257 microversion: 1.28 [pid: 7|app: 0|req: 388/784] 199.19.213.14 () {34 vars in 861 bytes} [Tue Jul 21 14:34:22 2026] GET /allocations/86cf6bdf-035b-411f-ba12-853372174256 => generated 257 bytes in 16 msecs (HTTP/1.1 200) 8 headers in 296 bytes (1 switches on core 0)
2026-07-21 14:34:22.598 8 INFO placement.requestlog [req-58cd17f2-356c-49cd-8ff7-b9ae344ac120 req-89dfee4b-7a87-4034-bb28-6b1cb6090d86 6c2e0b5ce3ff473fa1b34fa536b9028d 0bca50b6ccfd4465aec1a7a00d63c11e - - c7fb1ef4d16f4ac3835256990383fd95 c7fb1ef4d16f4ac3835256990383fd95] 199.19.213.14 "GET /allocations/6225ed82-d9eb-4d48-a398-c6cf45422956" status: 200 len: 243 microversion: 1.28 [pid: 8|app: 0|req: 397/785] 199.19.213.14 () {34 vars in 861 bytes} [Tue Jul 21 14:34:22 2026] GET /allocations/6225ed82-d9eb-4d48-a398-c6cf45422956 => generated 243 bytes in 14 msecs (HTTP/1.1 200) 8 headers in 296 bytes (1 switches on core 0)
2026-07-21 14:34:22.604 8 INFO placement.requestlog [None req-34303fce-2579-42c3-8733-095fd5fb97bb - - - - - -] 10.0.0.50 "GET /" status: 200 len: 136 microversion: 1.0
2026-07-21 14:34:22.605 7 INFO placement.requestlog [None req-f8f4148d-28a6-400a-9819-884518ca35c7 - - - - - -] 10.0.0.50 "GET /" status: 200 len: 136 microversion: 1.0
2026-07-21 14:34:24.576 8 INFO placement.requestlog [req-58cd17f2-356c-49cd-8ff7-b9ae344ac120 req-64ca6a83-16ca-4d0b-9939-d8d7d49dde9f 6c2e0b5ce3ff473fa1b34fa536b9028d 0bca50b6ccfd4465aec1a7a00d63c11e - - c7fb1ef4d16f4ac3835256990383fd95 c7fb1ef4d16f4ac3835256990383fd95] 199.19.213.14 "GET /resource_providers/f2a1311f-bb3c-4026-bd40-c880bda2fc71/allocations" status: 200 len: 238 microversion: 1.0 [pid: 8|app: 0|req: 399/788] 199.19.213.14 () {32 vars in 855 bytes} [Tue Jul 21 14:34:24 2026] GET /resource_providers/f2a1311f-bb3c-4026-bd40-c880bda2fc71/allocations => generated 238 bytes in 20 msecs (HTTP/1.1 200) 6 headers in 224 bytes (1 switches on core 0)
2026-07-21 14:34:24.607 7 INFO placement.requestlog [req-58cd17f2-356c-49cd-8ff7-b9ae344ac120 req-31322fcb-b6df-4bff-90d0-696627b8f9ea 6c2e0b5ce3ff473fa1b34fa536b9028d 0bca50b6ccfd4465aec1a7a00d63c11e - - c7fb1ef4d16f4ac3835256990383fd95 c7fb1ef4d16f4ac3835256990383fd95] 199.19.213.14 "GET /allocations/6225ed82-d9eb-4d48-a398-c6cf45422956" status: 200 len: 243 microversion: 1.28 [pid: 7|app: 0|req: 390/789] 199.19.213.14 () {34 vars in 861 bytes} [Tue Jul 21 14:34:24 2026] GET /allocations/6225ed82-d9eb-4d48-a398-c6cf45422956 => generated 243 bytes in 17 msecs (HTTP/1.1 200) 8 headers in 296 bytes (1 switches on core 0)
2026-07-21 14:34:24.645 8 INFO placement.requestlog [req-58cd17f2-356c-49cd-8ff7-b9ae344ac120 req-7845573f-f84a-4c8a-aba0-ebcd4f7e43d4 6c2e0b5ce3ff473fa1b34fa536b9028d 0bca50b6ccfd4465aec1a7a00d63c11e - - c7fb1ef4d16f4ac3835256990383fd95 c7fb1ef4d16f4ac3835256990383fd95] 199.19.213.14 "GET /allocations/86cf6bdf-035b-411f-ba12-853372174256" status: 200 len: 257 microversion: 1.28 [pid: 8|app: 0|req: 400/790] 199.19.213.14 () {34 vars in 861 bytes} [Tue Jul 21 14:34:24 2026] GET /allocations/86cf6bdf-035b-411f-ba12-853372174256 => generated 257 bytes in 26 msecs (HTTP/1.1 200) 8 headers in 296 bytes (1 switches on core 0)
2026-07-21 14:34:28.841 8 INFO placement.requestlog [None req-65f74f89-9b97-4dd2-9412-a7ea905d74d8 1afa353d2c67492387ee8eb9872f0b55 0bca50b6ccfd4465aec1a7a00d63c11e - - c7fb1ef4d16f4ac3835256990383fd95 c7fb1ef4d16f4ac3835256990383fd95] 10.0.0.231 "GET /resource_providers/a32e7c39-bc88-4cc7-b140-9f88a5683163/aggregates" status: 404 len: 235 microversion: 1.1 [pid: 8|app: 0|req: 401/791] 10.0.0.231 () {32 vars in 815 bytes} [Tue Jul 21 14:34:28 2026] GET /resource_providers/a32e7c39-bc88-4cc7-b140-9f88a5683163/aggregates => generated 235 bytes in 11 msecs (HTTP/1.1 404) 5 headers in 202 bytes (1 switches on core 0)
2026-07-21 14:34:28.842 7 INFO placement.requestlog [None req-2e58a987-ad99-430b-9962-f013b0bb4098 1afa353d2c67492387ee8eb9872f0b55 0bca50b6ccfd4465aec1a7a00d63c11e - - c7fb1ef4d16f4ac3835256990383fd95 c7fb1ef4d16f4ac3835256990383fd95] 10.0.0.231 "GET /resource_providers/a32e7c39-bc88-4cc7-b140-9f88a5683163/aggregates" status: 404 len: 235 microversion: 1.1 [pid: 7|app: 0|req: 391/792] 10.0.0.231 () {32 vars in 815 bytes} [Tue Jul 21 14:34:28 2026] GET /resource_providers/a32e7c39-bc88-4cc7-b140-9f88a5683163/aggregates => generated 235 bytes in 13 msecs (HTTP/1.1 404) 5 headers in 202 bytes (1 switches on core 0)
2026-07-21 14:34:28.863 8 INFO placement.requestlog [None req-40434091-dac0-43b4-83fb-0ba3fb939451 1afa353d2c67492387ee8eb9872f0b55 0bca50b6ccfd4465aec1a7a00d63c11e - - c7fb1ef4d16f4ac3835256990383fd95 c7fb1ef4d16f4ac3835256990383fd95] 10.0.0.231 "DELETE /resource_providers/a32e7c39-bc88-4cc7-b140-9f88a5683163" status: 404 len: 246 microversion: 1.1 [pid: 8|app: 0|req: 402/793] 10.0.0.231 () {34 vars in 815 bytes} [Tue Jul 21 14:34:28 2026] DELETE /resource_providers/a32e7c39-bc88-4cc7-b140-9f88a5683163 => generated 246 bytes in 10 msecs (HTTP/1.1 404) 6 headers in 231 bytes (1 switches on core 0)
2026-07-21 14:34:28.879 7 INFO placement.requestlog [None req-6e02e8c1-4071-4cb2-8124-4a913f0c0767 1afa353d2c67492387ee8eb9872f0b55 0bca50b6ccfd4465aec1a7a00d63c11e - - c7fb1ef4d16f4ac3835256990383fd95 c7fb1ef4d16f4ac3835256990383fd95] 10.0.0.231 "DELETE /resource_providers/a32e7c39-bc88-4cc7-b140-9f88a5683163" status: 404 len: 246 microversion: 1.1 [pid: 7|app: 0|req: 392/794] 10.0.0.231 () {34 vars in 815 bytes} [Tue Jul 21 14:34:28 2026] DELETE /resource_providers/a32e7c39-bc88-4cc7-b140-9f88a5683163 => generated 246 bytes in 13 msecs (HTTP/1.1 404) 6 headers in 231 bytes (1 switches on core 0)
2026-07-21 14:34:29.064 8 INFO placement.requestlog [None req-a33fa21e-c4df-427e-8946-d733e91455d6 1afa353d2c67492387ee8eb9872f0b55 0bca50b6ccfd4465aec1a7a00d63c11e - - c7fb1ef4d16f4ac3835256990383fd95 c7fb1ef4d16f4ac3835256990383fd95] 10.0.0.231 "GET /resource_providers/1f6112a8-cf98-4a74-978b-3df77e475259/aggregates" status: 404 len: 235 microversion: 1.1 [pid: 8|app: 0|req: 403/795] 10.0.0.231 () {32 vars in 815 bytes} [Tue Jul 21 14:34:29 2026] GET /resource_providers/1f6112a8-cf98-4a74-978b-3df77e475259/aggregates => generated 235 bytes in 8 msecs (HTTP/1.1 404) 5 headers in 202 bytes (1 switches on core 0)
2026-07-21 14:34:29.070 7 INFO placement.requestlog [None req-4fa81eed-8c58-4b40-8fde-11d3749fc0f8 1afa353d2c67492387ee8eb9872f0b55 0bca50b6ccfd4465aec1a7a00d63c11e - - c7fb1ef4d16f4ac3835256990383fd95 c7fb1ef4d16f4ac3835256990383fd95] 10.0.0.231 "GET /resource_providers/1f6112a8-cf98-4a74-978b-3df77e475259/aggregates" status: 404 len: 235 microversion: 1.1 [pid: 7|app: 0|req: 393/796] 10.0.0.231 () {32 vars in 815 bytes} [Tue Jul 21 14:34:29 2026] GET /resource_providers/1f6112a8-cf98-4a74-978b-3df77e475259/aggregates => generated 235 bytes in 14 msecs (HTTP/1.1 404) 5 headers in 202 bytes (1 switches on core 0)
2026-07-21 14:34:29.084 8 INFO placement.requestlog [None req-3b1931d1-6148-4ad7-978c-061dbceb00f2 1afa353d2c67492387ee8eb9872f0b55 0bca50b6ccfd4465aec1a7a00d63c11e - - c7fb1ef4d16f4ac3835256990383fd95 c7fb1ef4d16f4ac3835256990383fd95] 10.0.0.231 "DELETE /resource_providers/1f6112a8-cf98-4a74-978b-3df77e475259" status: 404 len: 246 microversion: 1.1 [pid: 8|app: 0|req: 404/797] 10.0.0.231 () {34 vars in 815 bytes} [Tue Jul 21 14:34:29 2026] DELETE /resource_providers/1f6112a8-cf98-4a74-978b-3df77e475259 => generated 246 bytes in 9 msecs (HTTP/1.1 404) 6 headers in 231 bytes (1 switches on core 0)
2026-07-21 14:34:29.097 7 INFO placement.requestlog [None req-34e29505-4539-46d8-8f26-75aa8fe734e0 1afa353d2c67492387ee8eb9872f0b55 0bca50b6ccfd4465aec1a7a00d63c11e - - c7fb1ef4d16f4ac3835256990383fd95 c7fb1ef4d16f4ac3835256990383fd95] 10.0.0.231 "DELETE /resource_providers/1f6112a8-cf98-4a74-978b-3df77e475259" status: 404 len: 246 microversion: 1.1 [pid: 7|app: 0|req: 394/798] 10.0.0.231 () {34 vars in 815 bytes} [Tue Jul 21 14:34:29 2026] DELETE /resource_providers/1f6112a8-cf98-4a74-978b-3df77e475259 => generated 246 bytes in 14 msecs (HTTP/1.1 404) 6 headers in 231 bytes (1 switches on core 0)
2026-07-21 14:34:30.380 8 INFO placement.requestlog [req-482571e6-7a3c-4f9d-8354-fa61e2ad57de req-9e30e879-9932-4f0d-b1c1-df5aa90274c2 6c2e0b5ce3ff473fa1b34fa536b9028d 0bca50b6ccfd4465aec1a7a00d63c11e - - c7fb1ef4d16f4ac3835256990383fd95 c7fb1ef4d16f4ac3835256990383fd95] 199.19.213.14 "GET /resource_providers/f2a1311f-bb3c-4026-bd40-c880bda2fc71/allocations" status: 200 len: 238 microversion: 1.0 [pid: 8|app: 0|req: 405/799] 199.19.213.14 () {32 vars in 855 bytes} [Tue Jul 21 14:34:30 2026] GET /resource_providers/f2a1311f-bb3c-4026-bd40-c880bda2fc71/allocations => generated 238 bytes in 21 msecs (HTTP/1.1 200) 6 headers in 224 bytes (1 switches on core 0)
2026-07-21 14:34:30.399 7 INFO placement.requestlog [req-482571e6-7a3c-4f9d-8354-fa61e2ad57de req-c9c82bb0-a6ac-43f6-8a28-1da53a754182 6c2e0b5ce3ff473fa1b34fa536b9028d 0bca50b6ccfd4465aec1a7a00d63c11e - - c7fb1ef4d16f4ac3835256990383fd95 c7fb1ef4d16f4ac3835256990383fd95] 199.19.213.14 "GET /allocations/6225ed82-d9eb-4d48-a398-c6cf45422956" status: 200 len: 243 microversion: 1.28 [pid: 7|app: 0|req: 395/800] 199.19.213.14 () {34 vars in 861 bytes} [Tue Jul 21 14:34:30 2026] GET /allocations/6225ed82-d9eb-4d48-a398-c6cf45422956 => generated 243 bytes in 14 msecs (HTTP/1.1 200) 8 headers in 296 bytes (1 switches on core 0)
2026-07-21 14:34:30.424 8 INFO placement.requestlog [req-482571e6-7a3c-4f9d-8354-fa61e2ad57de req-f6bd67de-98dd-426a-aee4-4ab461a91ee7 6c2e0b5ce3ff473fa1b34fa536b9028d 0bca50b6ccfd4465aec1a7a00d63c11e - - c7fb1ef4d16f4ac3835256990383fd95 c7fb1ef4d16f4ac3835256990383fd95] 199.19.213.14 "GET /allocations/86cf6bdf-035b-411f-ba12-853372174256" status: 200 len: 257 microversion: 1.28 [pid: 8|app: 0|req: 406/801] 199.19.213.14 () {34 vars in 861 bytes} [Tue Jul 21 14:34:30 2026] GET /allocations/86cf6bdf-035b-411f-ba12-853372174256 => generated 257 bytes in 18 msecs (HTTP/1.1 200) 8 headers in 296 bytes (1 switches on core 0)
2026-07-21 14:34:32.604 7 INFO placement.requestlog [None req-ff3c56cd-cc4e-4da9-846d-7321caef80e9 - - - - - -] 10.0.0.50 "GET /" status: 200 len: 136 microversion: 1.0
2026-07-21 14:34:32.605 8 INFO placement.requestlog [None req-30114b11-2ad0-4b4a-aec2-0e7ef568cc8b - - - - - -] 10.0.0.50 "GET /" status: 200 len: 136 microversion: 1.0
2026-07-21 14:34:32.993 7 INFO placement.requestlog [None req-e7865eaa-1e88-4dd3-809e-50152ee5fcd3 1afa353d2c67492387ee8eb9872f0b55 0bca50b6ccfd4465aec1a7a00d63c11e - - c7fb1ef4d16f4ac3835256990383fd95 c7fb1ef4d16f4ac3835256990383fd95] 10.0.0.231 "GET /resource_providers/6c329000-6e2d-46eb-b107-208fc192520a/aggregates" status: 404 len: 235 microversion: 1.1 [pid: 7|app: 0|req: 397/804] 10.0.0.231 () {32 vars in 815 bytes} [Tue Jul 21 14:34:32 2026] GET /resource_providers/6c329000-6e2d-46eb-b107-208fc192520a/aggregates => generated 235 bytes in 10 msecs (HTTP/1.1 404) 5 headers in 202 bytes (1 switches on core 0)
2026-07-21 14:34:32.996 8 INFO placement.requestlog [None req-c11db0c6-4478-4bd7-a827-84944781a5c5 1afa353d2c67492387ee8eb9872f0b55 0bca50b6ccfd4465aec1a7a00d63c11e - - c7fb1ef4d16f4ac3835256990383fd95 c7fb1ef4d16f4ac3835256990383fd95] 10.0.0.231 "GET /resource_providers/6c329000-6e2d-46eb-b107-208fc192520a/aggregates" status: 404 len: 235 microversion: 1.1 [pid: 8|app: 0|req: 408/805] 10.0.0.231 () {32 vars in 815 bytes} [Tue Jul 21 14:34:32 2026] GET /resource_providers/6c329000-6e2d-46eb-b107-208fc192520a/aggregates => generated 235 bytes in 10 msecs (HTTP/1.1 404) 5 headers in 202 bytes (1 switches on core 0)
2026-07-21 14:34:33.019 7 INFO placement.requestlog [None req-3cd617ee-14e7-4c92-88cd-ad005830f3c9 1afa353d2c67492387ee8eb9872f0b55 0bca50b6ccfd4465aec1a7a00d63c11e - - c7fb1ef4d16f4ac3835256990383fd95 c7fb1ef4d16f4ac3835256990383fd95] 10.0.0.231 "DELETE /resource_providers/6c329000-6e2d-46eb-b107-208fc192520a" status: 404 len: 246 microversion: 1.1 [pid: 7|app: 0|req: 398/806] 10.0.0.231 () {34 vars in 815 bytes} [Tue Jul 21 14:34:33 2026] DELETE /resource_providers/6c329000-6e2d-46eb-b107-208fc192520a => generated 246 bytes in 11 msecs (HTTP/1.1 404) 6 headers in 231 bytes (1 switches on core 0)
2026-07-21 14:34:33.021 8 INFO placement.requestlog [None req-fdf52aac-2da1-4165-a808-c42bcd455929 1afa353d2c67492387ee8eb9872f0b55 0bca50b6ccfd4465aec1a7a00d63c11e - - c7fb1ef4d16f4ac3835256990383fd95 c7fb1ef4d16f4ac3835256990383fd95] 10.0.0.231 "DELETE /resource_providers/6c329000-6e2d-46eb-b107-208fc192520a" status: 404 len: 246 microversion: 1.1 [pid: 8|app: 0|req: 409/807] 10.0.0.231 () {34 vars in 815 bytes} [Tue Jul 21 14:34:33 2026] DELETE /resource_providers/6c329000-6e2d-46eb-b107-208fc192520a => generated 246 bytes in 12 msecs (HTTP/1.1 404) 6 headers in 231 bytes (1 switches on core 0)
2026-07-21 14:34:33.195 7 INFO placement.requestlog [None req-976f7a5d-cfcf-454a-9561-4be32c53c274 1afa353d2c67492387ee8eb9872f0b55 0bca50b6ccfd4465aec1a7a00d63c11e - - c7fb1ef4d16f4ac3835256990383fd95 c7fb1ef4d16f4ac3835256990383fd95] 10.0.0.231 "GET /resource_providers/6c73fd49-eb92-477f-afa5-ba89c33d2a50/aggregates" status: 404 len: 235 microversion: 1.1 [pid: 7|app: 0|req: 399/808] 10.0.0.231 () {32 vars in 815 bytes} [Tue Jul 21 14:34:33 2026] GET /resource_providers/6c73fd49-eb92-477f-afa5-ba89c33d2a50/aggregates => generated 235 bytes in 13 msecs (HTTP/1.1 404) 5 headers in 202 bytes (1 switches on core 0)
2026-07-21 14:34:33.210 8 INFO placement.requestlog [None req-093fcdb4-aeed-4407-9f6c-419a4f81e603 1afa353d2c67492387ee8eb9872f0b55 0bca50b6ccfd4465aec1a7a00d63c11e - - c7fb1ef4d16f4ac3835256990383fd95 c7fb1ef4d16f4ac3835256990383fd95] 10.0.0.231 "GET /resource_providers/6c73fd49-eb92-477f-afa5-ba89c33d2a50/aggregates" status: 404 len: 235 microversion: 1.1 [pid: 8|app: 0|req: 410/809] 10.0.0.231 () {32 vars in 815 bytes} [Tue Jul 21 14:34:33 2026] GET /resource_providers/6c73fd49-eb92-477f-afa5-ba89c33d2a50/aggregates => generated 235 bytes in 24 msecs (HTTP/1.1 404) 5 headers in 202 bytes (1 switches on core 0)
2026-07-21 14:34:33.236 7 INFO placement.requestlog [None req-ebe5be34-4f61-49c5-a29f-496269f704fc 1afa353d2c67492387ee8eb9872f0b55 0bca50b6ccfd4465aec1a7a00d63c11e - - c7fb1ef4d16f4ac3835256990383fd95 c7fb1ef4d16f4ac3835256990383fd95] 10.0.0.231 "DELETE /resource_providers/6c73fd49-eb92-477f-afa5-ba89c33d2a50" status: 404 len: 246 microversion: 1.1 [pid: 7|app: 0|req: 400/810] 10.0.0.231 () {34 vars in 815 bytes} [Tue Jul 21 14:34:33 2026] DELETE /resource_providers/6c73fd49-eb92-477f-afa5-ba89c33d2a50 => generated 246 bytes in 32 msecs (HTTP/1.1 404) 6 headers in 231 bytes (1 switches on core 0)
2026-07-21 14:34:33.252 8 INFO placement.requestlog [None req-28644a00-9efb-4377-bd6a-47fcb7b8b698 1afa353d2c67492387ee8eb9872f0b55 0bca50b6ccfd4465aec1a7a00d63c11e - - c7fb1ef4d16f4ac3835256990383fd95 c7fb1ef4d16f4ac3835256990383fd95] 10.0.0.231 "DELETE /resource_providers/6c73fd49-eb92-477f-afa5-ba89c33d2a50" status: 404 len: 246 microversion: 1.1 [pid: 8|app: 0|req: 411/811] 10.0.0.231 () {34 vars in 815 bytes} [Tue Jul 21 14:34:33 2026] DELETE /resource_providers/6c73fd49-eb92-477f-afa5-ba89c33d2a50 => generated 246 bytes in 27 msecs (HTTP/1.1 404) 6 headers in 231 bytes (1 switches on core 0)
2026-07-21 14:34:33.983 7 INFO placement.requestlog [req-482571e6-7a3c-4f9d-8354-fa61e2ad57de req-fe014077-fbff-4a8d-86ac-496e10325a5d 6c2e0b5ce3ff473fa1b34fa536b9028d 0bca50b6ccfd4465aec1a7a00d63c11e - - c7fb1ef4d16f4ac3835256990383fd95 c7fb1ef4d16f4ac3835256990383fd95] 199.19.213.14 "DELETE /allocations/86cf6bdf-035b-411f-ba12-853372174256" status: 204 len: 0 microversion: 1.0 [pid: 7|app: 0|req: 401/812] 199.19.213.14 () {34 vars in 839 bytes} [Tue Jul 21 14:34:33 2026] DELETE /allocations/86cf6bdf-035b-411f-ba12-853372174256 => generated 0 bytes in 30 msecs (HTTP/1.1 204) 5 headers in 198 bytes (1 switches on core 0)
2026-07-21 14:34:35.038 7 INFO placement.requestlog [None req-bcfdec09-18b8-4ee1-b540-09edfaaa8ee2 1afa353d2c67492387ee8eb9872f0b55 0bca50b6ccfd4465aec1a7a00d63c11e - - c7fb1ef4d16f4ac3835256990383fd95 c7fb1ef4d16f4ac3835256990383fd95] 10.0.0.231 "GET /resource_providers/3143efea-c05a-4683-8c47-29c4e6baafc5/aggregates" status: 404 len: 235 microversion: 1.1 [pid: 7|app: 0|req: 402/813] 10.0.0.231 () {32 vars in 815 bytes} [Tue Jul 21 14:34:35 2026] GET /resource_providers/3143efea-c05a-4683-8c47-29c4e6baafc5/aggregates => generated 235 bytes in 10 msecs (HTTP/1.1 404) 5 headers in 202 bytes (1 switches on core 0)
2026-07-21 14:34:35.040 8 INFO placement.requestlog [None req-9d6cf9cc-674f-46ba-aa0b-01cf812cdf8f 1afa353d2c67492387ee8eb9872f0b55 0bca50b6ccfd4465aec1a7a00d63c11e - - c7fb1ef4d16f4ac3835256990383fd95 c7fb1ef4d16f4ac3835256990383fd95] 10.0.0.231 "GET /resource_providers/3143efea-c05a-4683-8c47-29c4e6baafc5/aggregates" status: 404 len: 235 microversion: 1.1 [pid: 8|app: 0|req: 412/814] 10.0.0.231 () {32 vars in 815 bytes} [Tue Jul 21 14:34:35 2026] GET /resource_providers/3143efea-c05a-4683-8c47-29c4e6baafc5/aggregates => generated 235 bytes in 12 msecs (HTTP/1.1 404) 5 headers in 202 bytes (1 switches on core 0)
2026-07-21 14:34:35.062 7 INFO placement.requestlog [None req-fc6a8aa3-9fac-4baa-a369-2f16751d5c9d 1afa353d2c67492387ee8eb9872f0b55 0bca50b6ccfd4465aec1a7a00d63c11e - - c7fb1ef4d16f4ac3835256990383fd95 c7fb1ef4d16f4ac3835256990383fd95] 10.0.0.231 "DELETE /resource_providers/3143efea-c05a-4683-8c47-29c4e6baafc5" status: 404 len: 246 microversion: 1.1 [pid: 7|app: 0|req: 403/815] 10.0.0.231 () {34 vars in 815 bytes} [Tue Jul 21 14:34:35 2026] DELETE /resource_providers/3143efea-c05a-4683-8c47-29c4e6baafc5 => generated 246 bytes in 12 msecs (HTTP/1.1 404) 6 headers in 231 bytes (1 switches on core 0)
2026-07-21 14:34:35.064 8 INFO placement.requestlog [None req-8a8dae5d-0d4e-4d8b-a23f-cacef4be73d6 1afa353d2c67492387ee8eb9872f0b55 0bca50b6ccfd4465aec1a7a00d63c11e - - c7fb1ef4d16f4ac3835256990383fd95 c7fb1ef4d16f4ac3835256990383fd95] 10.0.0.231 "DELETE /resource_providers/3143efea-c05a-4683-8c47-29c4e6baafc5" status: 404 len: 246 microversion: 1.1 [pid: 8|app: 0|req: 413/816] 10.0.0.231 () {34 vars in 815 bytes} [Tue Jul 21 14:34:35 2026] DELETE /resource_providers/3143efea-c05a-4683-8c47-29c4e6baafc5 => generated 246 bytes in 12 msecs (HTTP/1.1 404) 6 headers in 231 bytes (1 switches on core 0)
2026-07-21 14:34:35.259 7 INFO placement.requestlog [None req-cc4e0350-74b7-4d60-917d-de5d5c1a3fbf 1afa353d2c67492387ee8eb9872f0b55 0bca50b6ccfd4465aec1a7a00d63c11e - - c7fb1ef4d16f4ac3835256990383fd95 c7fb1ef4d16f4ac3835256990383fd95] 10.0.0.231 "GET /resource_providers/af5ceb75-49ff-4fab-a211-38de644373b3/aggregates" status: 404 len: 235 microversion: 1.1 [pid: 7|app: 0|req: 404/817] 10.0.0.231 () {32 vars in 815 bytes} [Tue Jul 21 14:34:35 2026] GET /resource_providers/af5ceb75-49ff-4fab-a211-38de644373b3/aggregates => generated 235 bytes in 11 msecs (HTTP/1.1 404) 5 headers in 202 bytes (1 switches on core 0)
2026-07-21 14:34:35.278 8 INFO placement.requestlog [None req-358bb00d-44d4-4b01-bf7b-85750f177d2a 1afa353d2c67492387ee8eb9872f0b55 0bca50b6ccfd4465aec1a7a00d63c11e - - c7fb1ef4d16f4ac3835256990383fd95 c7fb1ef4d16f4ac3835256990383fd95] 10.0.0.231 "GET /resource_providers/af5ceb75-49ff-4fab-a211-38de644373b3/aggregates" status: 404 len: 235 microversion: 1.1 [pid: 8|app: 0|req: 414/818] 10.0.0.231 () {32 vars in 815 bytes} [Tue Jul 21 14:34:35 2026] GET /resource_providers/af5ceb75-49ff-4fab-a211-38de644373b3/aggregates => generated 235 bytes in 11 msecs (HTTP/1.1 404) 5 headers in 202 bytes (1 switches on core 0)
2026-07-21 14:34:35.281 7 INFO placement.requestlog [None req-7633b3d8-0691-42d8-a235-b72b6cdce334 1afa353d2c67492387ee8eb9872f0b55 0bca50b6ccfd4465aec1a7a00d63c11e - - c7fb1ef4d16f4ac3835256990383fd95 c7fb1ef4d16f4ac3835256990383fd95] 10.0.0.231 "DELETE /resource_providers/af5ceb75-49ff-4fab-a211-38de644373b3" status: 404 len: 246 microversion: 1.1 [pid: 7|app: 0|req: 405/819] 10.0.0.231 () {34 vars in 815 bytes} [Tue Jul 21 14:34:35 2026] DELETE /resource_providers/af5ceb75-49ff-4fab-a211-38de644373b3 => generated 246 bytes in 10 msecs (HTTP/1.1 404) 6 headers in 231 bytes (1 switches on core 0)
2026-07-21 14:34:35.291 8 INFO placement.requestlog [None req-3b4a7984-4088-4692-bef3-e44f77f3895a 1afa353d2c67492387ee8eb9872f0b55 0bca50b6ccfd4465aec1a7a00d63c11e - - c7fb1ef4d16f4ac3835256990383fd95 c7fb1ef4d16f4ac3835256990383fd95] 10.0.0.231 "DELETE /resource_providers/af5ceb75-49ff-4fab-a211-38de644373b3" status: 404 len: 246 microversion: 1.1 [pid: 8|app: 0|req: 415/820] 10.0.0.231 () {34 vars in 815 bytes} [Tue Jul 21 14:34:35 2026] DELETE /resource_providers/af5ceb75-49ff-4fab-a211-38de644373b3 => generated 246 bytes in 7 msecs (HTTP/1.1 404) 6 headers in 231 bytes (1 switches on core 0)
2026-07-21 14:34:35.537 7 INFO placement.requestlog [None req-017abb46-9d3b-43d1-96c5-627a9aab5906 - - - - - -] 10.0.0.53 "GET /" status: 200 len: 136 microversion: 1.0 [pid: 7|app: 0|req: 406/821] 10.0.0.53 () {28 vars in 435 bytes} [Tue Jul 21 14:34:35 2026] GET / => generated 136 bytes in 1 msecs (HTTP/1.1 200) 6 headers in 224 bytes (1 switches on core 0)
2026-07-21 14:34:35.668 8 INFO placement.requestlog [req-adcf879e-c705-430c-ade1-71727591f311 req-dfd3555b-3242-4deb-bde3-6afe4700fb3f 6c2e0b5ce3ff473fa1b34fa536b9028d 0bca50b6ccfd4465aec1a7a00d63c11e - - c7fb1ef4d16f4ac3835256990383fd95 c7fb1ef4d16f4ac3835256990383fd95] 10.0.0.53 "DELETE /allocations/86cf6bdf-035b-411f-ba12-853372174256" status: 404 len: 228 microversion: 1.0 [pid: 8|app: 0|req: 416/822] 10.0.0.53 () {34 vars in 828 bytes} [Tue Jul 21 14:34:35 2026] DELETE /allocations/86cf6bdf-035b-411f-ba12-853372174256 => generated 228 bytes in 118 msecs (HTTP/1.1 404) 6 headers in 231 bytes (1 switches on core 0)
2026-07-21 14:34:36.054 7 INFO placement.requestlog [req-58cd17f2-356c-49cd-8ff7-b9ae344ac120 req-cc5a9728-f94f-46f5-9119-a632037e2465 6c2e0b5ce3ff473fa1b34fa536b9028d 0bca50b6ccfd4465aec1a7a00d63c11e - - c7fb1ef4d16f4ac3835256990383fd95 c7fb1ef4d16f4ac3835256990383fd95] 199.19.213.14 "GET /resource_providers/f2a1311f-bb3c-4026-bd40-c880bda2fc71/allocations" status: 200 len: 138 microversion: 1.0 [pid: 7|app: 0|req: 407/823] 199.19.213.14 () {32 vars in 855 bytes} [Tue Jul 21 14:34:36 2026] GET /resource_providers/f2a1311f-bb3c-4026-bd40-c880bda2fc71/allocations => generated 138 bytes in 27 msecs (HTTP/1.1 200) 6 headers in 224 bytes (1 switches on core 0)
2026-07-21 14:34:36.073 8 INFO placement.requestlog [req-58cd17f2-356c-49cd-8ff7-b9ae344ac120 req-63bf5108-f7c3-4465-9b99-4b906be5179d 6c2e0b5ce3ff473fa1b34fa536b9028d 0bca50b6ccfd4465aec1a7a00d63c11e - - c7fb1ef4d16f4ac3835256990383fd95 c7fb1ef4d16f4ac3835256990383fd95] 199.19.213.14 "GET /allocations/6225ed82-d9eb-4d48-a398-c6cf45422956" status: 200 len: 243 microversion: 1.28 [pid: 8|app: 0|req: 417/824] 199.19.213.14 () {34 vars in 861 bytes} [Tue Jul 21 14:34:36 2026] GET /allocations/6225ed82-d9eb-4d48-a398-c6cf45422956 => generated 243 bytes in 12 msecs (HTTP/1.1 200) 8 headers in 296 bytes (1 switches on core 0)
2026-07-21 14:34:38.551 7 INFO placement.requestlog [None req-963664a6-dec2-4868-a0e5-5a30948461a9 1afa353d2c67492387ee8eb9872f0b55 0bca50b6ccfd4465aec1a7a00d63c11e - - c7fb1ef4d16f4ac3835256990383fd95 c7fb1ef4d16f4ac3835256990383fd95] 10.0.0.231 "GET /resource_providers/d4e70cbb-054c-448b-835f-2ba55d03a283/aggregates" status: 404 len: 235 microversion: 1.1 [pid: 7|app: 0|req: 408/825] 10.0.0.231 () {32 vars in 815 bytes} [Tue Jul 21 14:34:38 2026] GET /resource_providers/d4e70cbb-054c-448b-835f-2ba55d03a283/aggregates => generated 235 bytes in 14 msecs (HTTP/1.1 404) 5 headers in 202 bytes (1 switches on core 0)
2026-07-21 14:34:38.554 8 INFO placement.requestlog [None req-d95201b2-9213-488d-9f05-aa39492696fc 1afa353d2c67492387ee8eb9872f0b55 0bca50b6ccfd4465aec1a7a00d63c11e - - c7fb1ef4d16f4ac3835256990383fd95 c7fb1ef4d16f4ac3835256990383fd95] 10.0.0.231 "GET /resource_providers/d4e70cbb-054c-448b-835f-2ba55d03a283/aggregates" status: 404 len: 235 microversion: 1.1 [pid: 8|app: 0|req: 418/826] 10.0.0.231 () {32 vars in 815 bytes} [Tue Jul 21 14:34:38 2026] GET /resource_providers/d4e70cbb-054c-448b-835f-2ba55d03a283/aggregates => generated 235 bytes in 9 msecs (HTTP/1.1 404) 5 headers in 202 bytes (1 switches on core 0)
2026-07-21 14:34:38.579 7 INFO placement.requestlog [None req-9ff8c397-4b75-4055-975c-80bba54ba003 1afa353d2c67492387ee8eb9872f0b55 0bca50b6ccfd4465aec1a7a00d63c11e - - c7fb1ef4d16f4ac3835256990383fd95 c7fb1ef4d16f4ac3835256990383fd95] 10.0.0.231 "DELETE /resource_providers/d4e70cbb-054c-448b-835f-2ba55d03a283" status: 404 len: 246 microversion: 1.1 [pid: 7|app: 0|req: 409/827] 10.0.0.231 () {34 vars in 815 bytes} [Tue Jul 21 14:34:38 2026] DELETE /resource_providers/d4e70cbb-054c-448b-835f-2ba55d03a283 => generated 246 bytes in 12 msecs (HTTP/1.1 404) 6 headers in 231 bytes (1 switches on core 0)
