+ COMMAND=start + start + for KEYSTONE_WSGI_SCRIPT in keystone-wsgi-public ++ type -p keystone-wsgi-public + cp -a /var/lib/openstack/bin/keystone-wsgi-public /var/www/cgi-bin/keystone/ + '[' -f /etc/apache2/envvars ']' + source /etc/apache2/envvars ++ unset HOME ++ '[' '' '!=' '' ']' ++ SUFFIX= ++ export APACHE_RUN_USER=www-data ++ APACHE_RUN_USER=www-data ++ export APACHE_RUN_GROUP=www-data ++ APACHE_RUN_GROUP=www-data ++ export APACHE_PID_FILE=/var/run/apache2/apache2.pid ++ APACHE_PID_FILE=/var/run/apache2/apache2.pid ++ export APACHE_RUN_DIR=/var/run/apache2 ++ APACHE_RUN_DIR=/var/run/apache2 ++ export APACHE_LOCK_DIR=/var/lock/apache2 ++ APACHE_LOCK_DIR=/var/lock/apache2 ++ export APACHE_LOG_DIR=/var/log/apache2 ++ APACHE_LOG_DIR=/var/log/apache2 ++ export LANG=C ++ LANG=C ++ export LANG + '[' -f /var/run/apache2/apache2.pid ']' + exec apache2 -DFOREGROUND AH00558: apache2: Could not reliably determine the server's fully qualified domain name, using 10.0.0.9. Set the 'ServerName' directive globally to suppress this message AH00558: apache2: Could not reliably determine the server's fully qualified domain name, using 10.0.0.9. Set the 'ServerName' directive globally to suppress this message
[Thu Jul 23 03:32:08.341333 2026] [mpm_event:notice] [pid 1:tid 140668998915968] AH00489: Apache/2.4.58 (Ubuntu) mod_wsgi/5.0.0 Python/3.12 configured -- resuming normal operations
[Thu Jul 23 03:32:08.341530 2026] [core:notice] [pid 1:tid 140668998915968] AH00094: Command line: 'apache2 -D FOREGROUND'
[Thu Jul 23 03:33:05.857359 2026] [wsgi:error] [pid 12:tid 140668361094848] /var/lib/openstack/lib/python3.12/site-packages/oslo_utils/importutils.py:77: EventletDeprecationWarning:
[Thu Jul 23 03:33:05.857400 2026] [wsgi:error] [pid 12:tid 140668361094848] Eventlet is deprecated. It is currently being maintained in bugfix mode, and
[Thu Jul 23 03:33:05.857402 2026] [wsgi:error] [pid 12:tid 140668361094848] we strongly recommend against using it for new projects.
[Thu Jul 23 03:33:05.857403 2026] [wsgi:error] [pid 12:tid 140668361094848]
[Thu Jul 23 03:33:05.857405 2026] [wsgi:error] [pid 12:tid 140668361094848] If you are already using Eventlet, we recommend migrating to a different
[Thu Jul 23 03:33:05.857406 2026] [wsgi:error] [pid 12:tid 140668361094848] framework. For more detail see
[Thu Jul 23 03:33:05.857407 2026] [wsgi:error] [pid 12:tid 140668361094848] https://eventlet.readthedocs.io/en/latest/asyncio/migration.html
[Thu Jul 23 03:33:05.857408 2026] [wsgi:error] [pid 12:tid 140668361094848]
[Thu Jul 23 03:33:05.857409 2026] [wsgi:error] [pid 12:tid 140668361094848] __import__(import_str)
[Thu Jul 23 03:33:05.874017 2026] [wsgi:error] [pid 11:tid 140668361094848] /var/lib/openstack/lib/python3.12/site-packages/oslo_utils/importutils.py:77: EventletDeprecationWarning:
[Thu Jul 23 03:33:05.874058 2026] [wsgi:error] [pid 11:tid 140668361094848] Eventlet is deprecated. It is currently being maintained in bugfix mode, and
[Thu Jul 23 03:33:05.874060 2026] [wsgi:error] [pid 11:tid 140668361094848] we strongly recommend against using it for new projects.
[Thu Jul 23 03:33:05.874062 2026] [wsgi:error] [pid 11:tid 140668361094848]
[Thu Jul 23 03:33:05.874063 2026] [wsgi:error] [pid 11:tid 140668361094848] If you are already using Eventlet, we recommend migrating to a different
[Thu Jul 23 03:33:05.874064 2026] [wsgi:error] [pid 11:tid 140668361094848] framework. For more detail see
[Thu Jul 23 03:33:05.874065 2026] [wsgi:error] [pid 11:tid 140668361094848] https://eventlet.readthedocs.io/en/latest/asyncio/migration.html
[Thu Jul 23 03:33:05.874066 2026] [wsgi:error] [pid 11:tid 140668361094848]
[Thu Jul 23 03:33:05.874067 2026] [wsgi:error] [pid 11:tid 140668361094848] __import__(import_str) 10.0.0.159 - - [23/Jul/2026:03:33:04 +0000] "GET /v3/ HTTP/1.1" 200 248 10.0.0.159 - - [23/Jul/2026:03:33:04 +0000] "GET /v3/ HTTP/1.1" 200 248
[Thu Jul 23 03:33:11.504371 2026] [wsgi:error] [pid 9:tid 140668361094848] /var/lib/openstack/lib/python3.12/site-packages/oslo_utils/importutils.py:77: EventletDeprecationWarning:
[Thu Jul 23 03:33:11.504414 2026] [wsgi:error] [pid 9:tid 140668361094848] Eventlet is deprecated. It is currently being maintained in bugfix mode, and
[Thu Jul 23 03:33:11.504416 2026] [wsgi:error] [pid 9:tid 140668361094848] we strongly recommend against using it for new projects.
[Thu Jul 23 03:33:11.504417 2026] [wsgi:error] [pid 9:tid 140668361094848]
[Thu Jul 23 03:33:11.504418 2026] [wsgi:error] [pid 9:tid 140668361094848] If you are already using Eventlet, we recommend migrating to a different
[Thu Jul 23 03:33:11.504419 2026] [wsgi:error] [pid 9:tid 140668361094848] framework. For more detail see
[Thu Jul 23 03:33:11.504421 2026] [wsgi:error] [pid 9:tid 140668361094848] https://eventlet.readthedocs.io/en/latest/asyncio/migration.html
[Thu Jul 23 03:33:11.504422 2026] [wsgi:error] [pid 9:tid 140668361094848]
[Thu Jul 23 03:33:11.504423 2026] [wsgi:error] [pid 9:tid 140668361094848] __import__(import_str) 10.0.0.159 - - [23/Jul/2026:03:33:10 +0000] "GET /v3/ HTTP/1.1" 200 248
[Thu Jul 23 03:33:18.600596 2026] [wsgi:error] [pid 10:tid 140668361094848] /var/lib/openstack/lib/python3.12/site-packages/oslo_utils/importutils.py:77: EventletDeprecationWarning:
[Thu Jul 23 03:33:18.600633 2026] [wsgi:error] [pid 10:tid 140668361094848] Eventlet is deprecated. It is currently being maintained in bugfix mode, and
[Thu Jul 23 03:33:18.600636 2026] [wsgi:error] [pid 10:tid 140668361094848] we strongly recommend against using it for new projects.
[Thu Jul 23 03:33:18.600637 2026] [wsgi:error] [pid 10:tid 140668361094848]
[Thu Jul 23 03:33:18.600638 2026] [wsgi:error] [pid 10:tid 140668361094848] If you are already using Eventlet, we recommend migrating to a different
[Thu Jul 23 03:33:18.600640 2026] [wsgi:error] [pid 10:tid 140668361094848] framework. For more detail see
[Thu Jul 23 03:33:18.600641 2026] [wsgi:error] [pid 10:tid 140668361094848] https://eventlet.readthedocs.io/en/latest/asyncio/migration.html
[Thu Jul 23 03:33:18.600642 2026] [wsgi:error] [pid 10:tid 140668361094848]
[Thu Jul 23 03:33:18.600643 2026] [wsgi:error] [pid 10:tid 140668361094848] __import__(import_str) 10.0.0.110 - - [23/Jul/2026:03:33:17 +0000] "GET / HTTP/1.1" 300 295
[Thu Jul 23 03:33:23.724648 2026] [wsgi:error] [pid 12:tid 140668361094848] [remote 10.0.0.110:40620] 2026-07-23 03:33:23.721 12 WARNING keystone.identity.core [None req-fb11ce14-e149-4e95-9b9f-b3e977d0cc1d - - - - - -] Invalid domain name (atmosphere) found in config file name: keystone.exception.DomainNotFound: Could not find domain: atmosphere.
[Thu Jul 23 03:33:23.791736 2026] [wsgi:error] [pid 12:tid 140668361094848] [remote 10.0.0.110:40620] 2026-07-23 03:33:23.791 12 WARNING keystone.common.password_hashing [None req-fb11ce14-e149-4e95-9b9f-b3e977d0cc1d - - - - - -] Truncating password to algorithm specific maximum length 72 characters.
[Thu Jul 23 03:33:24.083205 2026] [wsgi:error] [pid 12:tid 140668361094848] [remote 10.0.0.110:40620] 2026-07-23 03:33:24.082 12 WARNING keystone.common.fernet_utils [None req-fb11ce14-e149-4e95-9b9f-b3e977d0cc1d - - - - - -] key_repository is world readable: /etc/keystone/fernet-keys/ 10.0.0.110 - - [23/Jul/2026:03:33:23 +0000] "POST /v3/auth/tokens HTTP/1.1" 201 1359
[Thu Jul 23 03:33:24.479059 2026] [wsgi:error] [pid 11:tid 140668361094848] [remote 10.0.0.110:40620] 2026-07-23 03:33:24.476 11 WARNING keystone.identity.core [None req-77ef6359-b8f8-4315-afa0-cc469bcf406b - - - - - -] Invalid domain name (atmosphere) found in config file name: keystone.exception.DomainNotFound: Could not find domain: atmosphere. 10.0.0.110 - - [23/Jul/2026:03:33:24 +0000] "POST /v3/domains HTTP/1.1" 201 261 10.0.0.6 - - [23/Jul/2026:03:33:37 +0000] "GET / HTTP/1.1" 300 295
[Thu Jul 23 03:33:37.372588 2026] [wsgi:error] [pid 10:tid 140668361094848] [remote 10.0.0.6:39430] 2026-07-23 03:33:37.371 10 WARNING keystone.common.password_hashing [None req-81b913c6-12fe-4d09-824e-25b0cbdfde77 - - - - - -] Truncating password to algorithm specific maximum length 72 characters.
[Thu Jul 23 03:33:37.655443 2026] [wsgi:error] [pid 10:tid 140668361094848] [remote 10.0.0.6:39430] 2026-07-23 03:33:37.655 10 WARNING keystone.common.fernet_utils [None req-81b913c6-12fe-4d09-824e-25b0cbdfde77 - - - - - -] key_repository is world readable: /etc/keystone/fernet-keys/ 10.0.0.6 - - [23/Jul/2026:03:33:37 +0000] "POST /v3/auth/tokens HTTP/1.1" 201 1359 10.0.0.6 - - [23/Jul/2026:03:33:37 +0000] "GET /v3/roles/admin HTTP/1.1" 404 83
[Thu Jul 23 03:33:37.934240 2026] [wsgi:error] [pid 11:tid 140668361094848] [remote 10.0.0.6:39430] 2026-07-23 03:33:37.933 11 WARNING keystone.common.rbac_enforcer.enforcer [None req-8127d86e-5c67-44aa-851e-648fe1174245 463e140c7d3e4ef588e4c1892ebdfdec afcf2f521154485e88f77785848b6512 - - default default] Deprecated policy rules found. Use oslopolicy-policy-generator and oslopolicy-policy-upgrade to detect and resolve deprecated policies in your configuration. 10.0.0.6 - - [23/Jul/2026:03:33:37 +0000] "GET /v3/roles?name=admin HTTP/1.1" 200 389
[Thu Jul 23 03:33:38.496302 2026] [wsgi:error] [pid 9:tid 140668361094848] [remote 10.0.0.6:39430] 2026-07-23 03:33:38.495 9 WARNING keystone.common.rbac_enforcer.enforcer [None req-c98fef9f-2850-4e28-889d-8298f3556f0e 463e140c7d3e4ef588e4c1892ebdfdec afcf2f521154485e88f77785848b6512 - - default default] Deprecated policy rules found. Use oslopolicy-policy-generator and oslopolicy-policy-upgrade to detect and resolve deprecated policies in your configuration. 10.0.0.6 - - [23/Jul/2026:03:33:38 +0000] "GET /v3/users/admin-RegionOne HTTP/1.1" 404 93
[Thu Jul 23 03:33:38.696896 2026] [wsgi:error] [pid 10:tid 140668361094848] [remote 10.0.0.6:39430] 2026-07-23 03:33:38.696 10 WARNING keystone.common.rbac_enforcer.enforcer [None req-cc6f5037-858e-4117-8723-ddd7899e7ac2 463e140c7d3e4ef588e4c1892ebdfdec afcf2f521154485e88f77785848b6512 - - default default] Deprecated policy rules found. Use oslopolicy-policy-generator and oslopolicy-policy-upgrade to detect and resolve deprecated policies in your configuration. 10.0.0.6 - - [23/Jul/2026:03:33:38 +0000] "GET /v3/users?name=admin-RegionOne HTTP/1.1" 200 422
[Thu Jul 23 03:33:38.943278 2026] [wsgi:error] [pid 12:tid 140668361094848] [remote 10.0.0.6:39430] 2026-07-23 03:33:38.943 12 WARNING keystone.common.rbac_enforcer.enforcer [None req-73e73e33-766e-4ff4-9f9e-b0941eaac3d4 463e140c7d3e4ef588e4c1892ebdfdec afcf2f521154485e88f77785848b6512 - - default default] Deprecated policy rules found. Use oslopolicy-policy-generator and oslopolicy-policy-upgrade to detect and resolve deprecated policies in your configuration. 10.0.0.6 - - [23/Jul/2026:03:33:38 +0000] "GET /v3/domains/default HTTP/1.1" 200 224 10.0.0.6 - - [23/Jul/2026:03:33:38 +0000] "PUT /v3/domains/default/users/463e140c7d3e4ef588e4c1892ebdfdec/roles/9cbf7d3ff45b4552927a0110a3aa6b60 HTTP/1.1" 204 - 10.0.0.159 - - [23/Jul/2026:03:33:48 +0000] "GET / HTTP/1.1" 300 280 10.0.0.159 - - [23/Jul/2026:03:33:50 +0000] "GET /v3 HTTP/1.1" 200 265
[Thu Jul 23 03:33:50.494306 2026] [wsgi:error] [pid 12:tid 140668361094848] [remote 10.0.0.159:35174] 2026-07-23 03:33:50.494 12 WARNING keystone.common.password_hashing [None req-8d7c5eaa-3592-4c37-8d13-d6e425a634b6 - - - - - -] Truncating password to algorithm specific maximum length 72 characters.
[Thu Jul 23 03:33:50.781593 2026] [wsgi:error] [pid 12:tid 140668361094848] [remote 10.0.0.159:35174] 2026-07-23 03:33:50.781 12 WARNING keystone.common.fernet_utils [None req-8d7c5eaa-3592-4c37-8d13-d6e425a634b6 - - - - - -] key_repository is world readable: /etc/keystone/fernet-keys/ 10.0.0.159 - - [23/Jul/2026:03:33:50 +0000] "POST /v3/auth/tokens HTTP/1.1" 201 1359 10.0.0.159 - - [23/Jul/2026:03:33:50 +0000] "GET / HTTP/1.1" 300 280 10.0.0.159 - - [23/Jul/2026:03:33:50 +0000] "GET /v3/domains/atmosphere HTTP/1.1" 404 90 10.0.0.159 - - [23/Jul/2026:03:33:51 +0000] "GET /v3/domains?name=atmosphere HTTP/1.1" 200 368 10.0.0.159 - - [23/Jul/2026:03:33:51 +0000] "GET /v3/domains/c9d65292791b402692ab10cc964f72e1 HTTP/1.1" 200 246 10.0.0.159 - - [23/Jul/2026:03:33:51 +0000] "GET /v3 HTTP/1.1" 200 265
[Thu Jul 23 03:33:52.017177 2026] [wsgi:error] [pid 9:tid 140668361094848] [remote 10.0.0.159:35166] 2026-07-23 03:33:52.016 9 WARNING keystone.common.password_hashing [None req-2bfa187e-de0d-4c51-8b44-f20254331384 - - - - - -] Truncating password to algorithm specific maximum length 72 characters.
[Thu Jul 23 03:33:52.300886 2026] [wsgi:error] [pid 9:tid 140668361094848] [remote 10.0.0.159:35166] 2026-07-23 03:33:52.300 9 WARNING keystone.common.fernet_utils [None req-2bfa187e-de0d-4c51-8b44-f20254331384 - - - - - -] key_repository is world readable: /etc/keystone/fernet-keys/ 10.0.0.159 - - [23/Jul/2026:03:33:51 +0000] "POST /v3/auth/tokens HTTP/1.1" 201 1359 10.0.0.159 - - [23/Jul/2026:03:33:52 +0000] "GET / HTTP/1.1" 300 280 10.0.0.159 - - [23/Jul/2026:03:33:52 +0000] "GET /v3/OS-FEDERATION/identity_providers/atmosphere HTTP/1.1" 404 101 10.0.0.159 - - [23/Jul/2026:03:33:52 +0000] "GET /v3/OS-FEDERATION/identity_providers HTTP/1.1" 200 155 10.0.0.159 - - [23/Jul/2026:03:33:52 +0000] "PUT /v3/OS-FEDERATION/identity_providers/atmosphere HTTP/1.1" 201 340 10.0.0.159 - - [23/Jul/2026:03:33:53 +0000] "GET /v3 HTTP/1.1" 200 265
[Thu Jul 23 03:33:53.213984 2026] [wsgi:error] [pid 12:tid 140668361094848] [remote 10.0.0.159:35166] 2026-07-23 03:33:53.213 12 WARNING keystone.common.password_hashing [None req-6ab2160a-8dea-4f82-bd98-d742b72dc92e - - - - - -] Truncating password to algorithm specific maximum length 72 characters.
[Thu Jul 23 03:33:53.494371 2026] [wsgi:error] [pid 12:tid 140668361094848] [remote 10.0.0.159:35166] 2026-07-23 03:33:53.494 12 WARNING keystone.common.fernet_utils [None req-6ab2160a-8dea-4f82-bd98-d742b72dc92e - - - - - -] key_repository is world readable: /etc/keystone/fernet-keys/ 10.0.0.159 - - [23/Jul/2026:03:33:53 +0000] "POST /v3/auth/tokens HTTP/1.1" 201 1359 10.0.0.159 - - [23/Jul/2026:03:33:53 +0000] "GET / HTTP/1.1" 300 280 10.0.0.159 - - [23/Jul/2026:03:33:53 +0000] "GET /v3/OS-FEDERATION/mappings/atmosphere-openid HTTP/1.1" 404 98 10.0.0.159 - - [23/Jul/2026:03:33:53 +0000] "GET /v3/OS-FEDERATION/mappings HTTP/1.1" 200 135 10.0.0.159 - - [23/Jul/2026:03:33:53 +0000] "PUT /v3/OS-FEDERATION/mappings/atmosphere-openid HTTP/1.1" 201 356 10.0.0.159 - - [23/Jul/2026:03:33:54 +0000] "GET /v3 HTTP/1.1" 200 265
[Thu Jul 23 03:33:54.431572 2026] [wsgi:error] [pid 9:tid 140668361094848] [remote 10.0.0.159:35166] 2026-07-23 03:33:54.431 9 WARNING keystone.common.password_hashing [None req-8ba8d5a1-c042-49c8-91af-828ea8e5858e - - - - - -] Truncating password to algorithm specific maximum length 72 characters.
[Thu Jul 23 03:33:54.707244 2026] [wsgi:error] [pid 9:tid 140668361094848] [remote 10.0.0.159:35166] 2026-07-23 03:33:54.707 9 WARNING keystone.common.fernet_utils [None req-8ba8d5a1-c042-49c8-91af-828ea8e5858e - - - - - -] key_repository is world readable: /etc/keystone/fernet-keys/ 10.0.0.159 - - [23/Jul/2026:03:33:54 +0000] "POST /v3/auth/tokens HTTP/1.1" 201 1359 10.0.0.159 - - [23/Jul/2026:03:33:54 +0000] "GET / HTTP/1.1" 300 280 10.0.0.159 - - [23/Jul/2026:03:33:54 +0000] "GET /v3/OS-FEDERATION/identity_providers/atmosphere/protocols/openid?idp_id=atmosphere HTTP/1.1" 404 131 10.0.0.159 - - [23/Jul/2026:03:33:54 +0000] "GET /v3/OS-FEDERATION/identity_providers/atmosphere/protocols HTTP/1.1" 200 167 10.0.0.159 - - [23/Jul/2026:03:33:54 +0000] "PUT /v3/OS-FEDERATION/identity_providers/atmosphere/protocols/openid HTTP/1.1" 201 222 10.0.0.159 - - [23/Jul/2026:03:34:04 +0000] "GET /v3/ HTTP/1.1" 200 248 10.0.0.159 - - [23/Jul/2026:03:34:04 +0000] "GET /v3/ HTTP/1.1" 200 248 10.0.0.159 - - [23/Jul/2026:03:35:04 +0000] "GET /v3/ HTTP/1.1" 200 248 10.0.0.159 - - [23/Jul/2026:03:35:04 +0000] "GET /v3/ HTTP/1.1" 200 248 10.0.0.208 - - [23/Jul/2026:03:35:19 +0000] "GET / HTTP/1.1" 300 295
[Thu Jul 23 03:35:19.923545 2026] [wsgi:error] [pid 12:tid 140668361094848] [remote 10.0.0.208:49356] 2026-07-23 03:35:19.923 12 WARNING keystone.common.password_hashing [None req-1484c389-5ef5-4f08-bc7c-bf9e3ae6fe58 - - - - - -] Truncating password to algorithm specific maximum length 72 characters.
[Thu Jul 23 03:35:20.206692 2026] [wsgi:error] [pid 12:tid 140668361094848] [remote 10.0.0.208:49356] 2026-07-23 03:35:20.206 12 WARNING keystone.common.fernet_utils [None req-1484c389-5ef5-4f08-bc7c-bf9e3ae6fe58 - - - - - -] key_repository is world readable: /etc/keystone/fernet-keys/ 10.0.0.208 - - [23/Jul/2026:03:35:19 +0000] "POST /v3/auth/tokens HTTP/1.1" 201 1359 10.0.0.208 - - [23/Jul/2026:03:35:20 +0000] "GET /v3/services HTTP/1.1" 200 355 10.0.0.208 - - [23/Jul/2026:03:35:24 +0000] "GET / HTTP/1.1" 300 295
[Thu Jul 23 03:35:24.311190 2026] [wsgi:error] [pid 10:tid 140668361094848] [remote 10.0.0.208:49370] 2026-07-23 03:35:24.310 10 WARNING keystone.common.password_hashing [None req-c0cee8bf-a0e0-4248-8bb8-7510315392f7 - - - - - -] Truncating password to algorithm specific maximum length 72 characters.
[Thu Jul 23 03:35:24.584604 2026] [wsgi:error] [pid 10:tid 140668361094848] [remote 10.0.0.208:49370] 2026-07-23 03:35:24.584 10 WARNING keystone.common.fernet_utils [None req-c0cee8bf-a0e0-4248-8bb8-7510315392f7 - - - - - -] key_repository is world readable: /etc/keystone/fernet-keys/ 10.0.0.208 - - [23/Jul/2026:03:35:24 +0000] "POST /v3/auth/tokens HTTP/1.1" 201 1359 10.0.0.208 - - [23/Jul/2026:03:35:24 +0000] "GET /v3/services HTTP/1.1" 200 355 10.0.0.208 - - [23/Jul/2026:03:35:28 +0000] "GET / HTTP/1.1" 300 295
[Thu Jul 23 03:35:28.454921 2026] [wsgi:error] [pid 11:tid 140668361094848] [remote 10.0.0.208:49382] 2026-07-23 03:35:28.454 11 WARNING keystone.common.password_hashing [None req-cbebffbd-0499-404f-9ae4-574df118b3cd - - - - - -] Truncating password to algorithm specific maximum length 72 characters.
[Thu Jul 23 03:35:28.738444 2026] [wsgi:error] [pid 11:tid 140668361094848] [remote 10.0.0.208:49382] 2026-07-23 03:35:28.738 11 WARNING keystone.common.fernet_utils [None req-cbebffbd-0499-404f-9ae4-574df118b3cd - - - - - -] key_repository is world readable: /etc/keystone/fernet-keys/ 10.0.0.208 - - [23/Jul/2026:03:35:28 +0000] "POST /v3/auth/tokens HTTP/1.1" 201 1359 10.0.0.208 - - [23/Jul/2026:03:35:28 +0000] "GET /v3/services HTTP/1.1" 200 355 10.0.0.208 - - [23/Jul/2026:03:35:32 +0000] "GET / HTTP/1.1" 300 295
[Thu Jul 23 03:35:32.778123 2026] [wsgi:error] [pid 9:tid 140668361094848] [remote 10.0.0.208:38100] 2026-07-23 03:35:32.777 9 WARNING keystone.common.password_hashing [None req-4d4b433f-3b74-4871-b53f-dfa7ce0c371f - - - - - -] Truncating password to algorithm specific maximum length 72 characters.
[Thu Jul 23 03:35:33.052583 2026] [wsgi:error] [pid 9:tid 140668361094848] [remote 10.0.0.208:38100] 2026-07-23 03:35:33.052 9 WARNING keystone.common.fernet_utils [None req-4d4b433f-3b74-4871-b53f-dfa7ce0c371f - - - - - -] key_repository is world readable: /etc/keystone/fernet-keys/ 10.0.0.208 - - [23/Jul/2026:03:35:32 +0000] "POST /v3/auth/tokens HTTP/1.1" 201 1359 10.0.0.208 - - [23/Jul/2026:03:35:33 +0000] "POST /v3/services HTTP/1.1" 201 296 10.0.0.117 - - [23/Jul/2026:03:35:46 +0000] "GET / HTTP/1.1" 300 295
[Thu Jul 23 03:35:46.340319 2026] [wsgi:error] [pid 12:tid 140668361094848] [remote 10.0.0.117:35440] 2026-07-23 03:35:46.340 12 WARNING keystone.common.password_hashing [None req-cc2b4ee2-83ed-49f0-b989-a0299b869705 - - - - - -] Truncating password to algorithm specific maximum length 72 characters. 10.0.0.117 - - [23/Jul/2026:03:35:46 +0000] "GET / HTTP/1.1" 300 295
[Thu Jul 23 03:35:46.455788 2026] [wsgi:error] [pid 11:tid 140668361094848] [remote 10.0.0.117:35450] 2026-07-23 03:35:46.455 11 WARNING keystone.common.password_hashing [None req-7149bbff-c5dc-45b9-8153-3f08b4d3a284 - - - - - -] Truncating password to algorithm specific maximum length 72 characters. 10.0.0.117 - - [23/Jul/2026:03:35:46 +0000] "GET / HTTP/1.1" 300 295
[Thu Jul 23 03:35:46.508964 2026] [wsgi:error] [pid 10:tid 140668361094848] [remote 10.0.0.117:35460] 2026-07-23 03:35:46.508 10 WARNING keystone.common.password_hashing [None req-f3a07da0-c974-46ea-b368-5df142d0de32 - - - - - -] Truncating password to algorithm specific maximum length 72 characters.
[Thu Jul 23 03:35:46.620208 2026] [wsgi:error] [pid 12:tid 140668361094848] [remote 10.0.0.117:35440] 2026-07-23 03:35:46.620 12 WARNING keystone.common.fernet_utils [None req-cc2b4ee2-83ed-49f0-b989-a0299b869705 - - - - - -] key_repository is world readable: /etc/keystone/fernet-keys/ 10.0.0.117 - - [23/Jul/2026:03:35:46 +0000] "POST /v3/auth/tokens HTTP/1.1" 201 1463
[Thu Jul 23 03:35:46.734171 2026] [wsgi:error] [pid 11:tid 140668361094848] [remote 10.0.0.117:35450] 2026-07-23 03:35:46.733 11 WARNING keystone.common.fernet_utils [None req-7149bbff-c5dc-45b9-8153-3f08b4d3a284 - - - - - -] key_repository is world readable: /etc/keystone/fernet-keys/ 10.0.0.117 - - [23/Jul/2026:03:35:46 +0000] "POST /v3/auth/tokens HTTP/1.1" 201 1463 10.0.0.117 - - [23/Jul/2026:03:35:46 +0000] "GET /v3/services HTTP/1.1" 200 639
[Thu Jul 23 03:35:46.794180 2026] [wsgi:error] [pid 10:tid 140668361094848] [remote 10.0.0.117:35460] 2026-07-23 03:35:46.794 10 WARNING keystone.common.fernet_utils [None req-f3a07da0-c974-46ea-b368-5df142d0de32 - - - - - -] key_repository is world readable: /etc/keystone/fernet-keys/ 10.0.0.117 - - [23/Jul/2026:03:35:46 +0000] "POST /v3/auth/tokens HTTP/1.1" 201 1463 10.0.0.117 - - [23/Jul/2026:03:35:46 +0000] "GET /v3/services HTTP/1.1" 200 639 10.0.0.117 - - [23/Jul/2026:03:35:46 +0000] "GET /v3/services HTTP/1.1" 200 639 10.0.0.117 - - [23/Jul/2026:03:35:48 +0000] "GET / HTTP/1.1" 300 295
[Thu Jul 23 03:35:48.433441 2026] [wsgi:error] [pid 10:tid 140668361094848] [remote 10.0.0.117:35474] 2026-07-23 03:35:48.433 10 WARNING keystone.common.password_hashing [None req-186c0317-c7ea-4a7b-9328-aa599a7e4677 - - - - - -] Truncating password to algorithm specific maximum length 72 characters. 10.0.0.117 - - [23/Jul/2026:03:35:48 +0000] "GET / HTTP/1.1" 300 295
[Thu Jul 23 03:35:48.679290 2026] [wsgi:error] [pid 11:tid 140668361094848] [remote 10.0.0.117:35486] 2026-07-23 03:35:48.679 11 WARNING keystone.common.password_hashing [None req-c0a2b149-b94d-439a-b5f2-28378f236704 - - - - - -] Truncating password to algorithm specific maximum length 72 characters.
[Thu Jul 23 03:35:48.723788 2026] [wsgi:error] [pid 10:tid 140668361094848] [remote 10.0.0.117:35474] 2026-07-23 03:35:48.723 10 WARNING keystone.common.fernet_utils [None req-186c0317-c7ea-4a7b-9328-aa599a7e4677 - - - - - -] key_repository is world readable: /etc/keystone/fernet-keys/ 10.0.0.117 - - [23/Jul/2026:03:35:48 +0000] "POST /v3/auth/tokens HTTP/1.1" 201 1463 10.0.0.117 - - [23/Jul/2026:03:35:48 +0000] "GET / HTTP/1.1" 300 295
[Thu Jul 23 03:35:48.801135 2026] [wsgi:error] [pid 12:tid 140668361094848] [remote 10.0.0.117:35500] 2026-07-23 03:35:48.800 12 WARNING keystone.common.password_hashing [None req-6d846874-336f-4e90-9dab-f46be041d0fd - - - - - -] Truncating password to algorithm specific maximum length 72 characters. 10.0.0.117 - - [23/Jul/2026:03:35:48 +0000] "GET /v3/endpoints HTTP/1.1" 200 1226 10.0.0.117 - - [23/Jul/2026:03:35:48 +0000] "GET /v3/services/b05ea4b0d5ae4af887033273679eda69 HTTP/1.1" 200 233 10.0.0.117 - - [23/Jul/2026:03:35:48 +0000] "GET /v3/services/b05ea4b0d5ae4af887033273679eda69 HTTP/1.1" 200 233 10.0.0.117 - - [23/Jul/2026:03:35:48 +0000] "GET /v3/services/b05ea4b0d5ae4af887033273679eda69 HTTP/1.1" 200 233
[Thu Jul 23 03:35:48.968045 2026] [wsgi:error] [pid 11:tid 140668361094848] [remote 10.0.0.117:35486] 2026-07-23 03:35:48.967 11 WARNING keystone.common.fernet_utils [None req-c0a2b149-b94d-439a-b5f2-28378f236704 - - - - - -] key_repository is world readable: /etc/keystone/fernet-keys/ 10.0.0.117 - - [23/Jul/2026:03:35:48 +0000] "POST /v3/auth/tokens HTTP/1.1" 201 1463
[Thu Jul 23 03:35:49.089577 2026] [wsgi:error] [pid 12:tid 140668361094848] [remote 10.0.0.117:35500] 2026-07-23 03:35:49.089 12 WARNING keystone.common.fernet_utils [None req-6d846874-336f-4e90-9dab-f46be041d0fd - - - - - -] key_repository is world readable: /etc/keystone/fernet-keys/ 10.0.0.117 - - [23/Jul/2026:03:35:48 +0000] "POST /v3/auth/tokens HTTP/1.1" 201 1463 10.0.0.117 - - [23/Jul/2026:03:35:49 +0000] "GET /v3/endpoints HTTP/1.1" 200 1226 10.0.0.117 - - [23/Jul/2026:03:35:49 +0000] "GET /v3/services/b05ea4b0d5ae4af887033273679eda69 HTTP/1.1" 200 233 10.0.0.117 - - [23/Jul/2026:03:35:49 +0000] "GET /v3/services/b05ea4b0d5ae4af887033273679eda69 HTTP/1.1" 200 233 10.0.0.117 - - [23/Jul/2026:03:35:49 +0000] "GET /v3/services/b05ea4b0d5ae4af887033273679eda69 HTTP/1.1" 200 233 10.0.0.117 - - [23/Jul/2026:03:35:49 +0000] "GET /v3/endpoints HTTP/1.1" 200 1226 10.0.0.117 - - [23/Jul/2026:03:35:49 +0000] "GET /v3/services/b05ea4b0d5ae4af887033273679eda69 HTTP/1.1" 200 233 10.0.0.117 - - [23/Jul/2026:03:35:49 +0000] "GET /v3/services/b05ea4b0d5ae4af887033273679eda69 HTTP/1.1" 200 233 10.0.0.117 - - [23/Jul/2026:03:35:49 +0000] "GET /v3/services/b05ea4b0d5ae4af887033273679eda69 HTTP/1.1" 200 233 10.0.0.117 - - [23/Jul/2026:03:35:50 +0000] "GET / HTTP/1.1" 300 295
[Thu Jul 23 03:35:50.662298 2026] [wsgi:error] [pid 9:tid 140668361094848] [remote 10.0.0.117:50984] 2026-07-23 03:35:50.662 9 WARNING keystone.common.password_hashing [None req-f4b9ea04-b57b-4633-bb8b-44e343f385ec - - - - - -] Truncating password to algorithm specific maximum length 72 characters.
[Thu Jul 23 03:35:50.941625 2026] [wsgi:error] [pid 9:tid 140668361094848] [remote 10.0.0.117:50984] 2026-07-23 03:35:50.941 9 WARNING keystone.common.fernet_utils [None req-f4b9ea04-b57b-4633-bb8b-44e343f385ec - - - - - -] key_repository is world readable: /etc/keystone/fernet-keys/ 10.0.0.117 - - [23/Jul/2026:03:35:50 +0000] "POST /v3/auth/tokens HTTP/1.1" 201 1463 10.0.0.117 - - [23/Jul/2026:03:35:51 +0000] "GET / HTTP/1.1" 300 295
[Thu Jul 23 03:35:51.031103 2026] [wsgi:error] [pid 12:tid 140668361094848] [remote 10.0.0.117:51000] 2026-07-23 03:35:51.030 12 WARNING keystone.common.password_hashing [None req-00476fbe-b2bf-4560-a14a-3530d84cf647 - - - - - -] Truncating password to algorithm specific maximum length 72 characters. 10.0.0.117 - - [23/Jul/2026:03:35:51 +0000] "GET / HTTP/1.1" 300 295
[Thu Jul 23 03:35:51.052825 2026] [wsgi:error] [pid 9:tid 140668361094848] [remote 10.0.0.117:51004] 2026-07-23 03:35:51.052 9 WARNING keystone.common.password_hashing [None req-072b43b0-e5cc-4186-82a8-424acf40fa19 - - - - - -] Truncating password to algorithm specific maximum length 72 characters. 10.0.0.117 - - [23/Jul/2026:03:35:51 +0000] "GET /v3/services/2cc61a9ce94f42c8bede1a0c49d97ab5 HTTP/1.1" 200 296 10.0.0.117 - - [23/Jul/2026:03:35:51 +0000] "GET /v3/regions/RegionOne HTTP/1.1" 200 173 10.0.0.117 - - [23/Jul/2026:03:35:51 +0000] "POST /v3/endpoints HTTP/1.1" 201 380
[Thu Jul 23 03:35:51.317774 2026] [wsgi:error] [pid 12:tid 140668361094848] [remote 10.0.0.117:51000] 2026-07-23 03:35:51.317 12 WARNING keystone.common.fernet_utils [None req-00476fbe-b2bf-4560-a14a-3530d84cf647 - - - - - -] key_repository is world readable: /etc/keystone/fernet-keys/ 10.0.0.117 - - [23/Jul/2026:03:35:51 +0000] "POST /v3/auth/tokens HTTP/1.1" 201 1640
[Thu Jul 23 03:35:51.351230 2026] [wsgi:error] [pid 9:tid 140668361094848] [remote 10.0.0.117:51004] 2026-07-23 03:35:51.351 9 WARNING keystone.common.fernet_utils [None req-072b43b0-e5cc-4186-82a8-424acf40fa19 - - - - - -] key_repository is world readable: /etc/keystone/fernet-keys/ 10.0.0.117 - - [23/Jul/2026:03:35:51 +0000] "POST /v3/auth/tokens HTTP/1.1" 201 1640 10.0.0.117 - - [23/Jul/2026:03:35:51 +0000] "GET /v3/services/2cc61a9ce94f42c8bede1a0c49d97ab5 HTTP/1.1" 200 296 10.0.0.117 - - [23/Jul/2026:03:35:51 +0000] "GET /v3/services/2cc61a9ce94f42c8bede1a0c49d97ab5 HTTP/1.1" 200 296 10.0.0.117 - - [23/Jul/2026:03:35:51 +0000] "GET /v3/regions/RegionOne HTTP/1.1" 200 173 10.0.0.117 - - [23/Jul/2026:03:35:51 +0000] "GET /v3/regions/RegionOne HTTP/1.1" 200 173 10.0.0.117 - - [23/Jul/2026:03:35:51 +0000] "POST /v3/endpoints HTTP/1.1" 201 383 10.0.0.117 - - [23/Jul/2026:03:35:51 +0000] "POST /v3/endpoints HTTP/1.1" 201 369 10.0.0.117 - - [23/Jul/2026:03:35:52 +0000] "GET / HTTP/1.1" 300 295
[Thu Jul 23 03:35:52.982047 2026] [wsgi:error] [pid 12:tid 140668361094848] [remote 10.0.0.117:51018] 2026-07-23 03:35:52.981 12 WARNING keystone.common.password_hashing [None req-68aefd43-09cd-4d70-a422-da5bde74a97a - - - - - -] Truncating password to algorithm specific maximum length 72 characters.
[Thu Jul 23 03:35:53.288781 2026] [wsgi:error] [pid 12:tid 140668361094848] [remote 10.0.0.117:51018] 2026-07-23 03:35:53.288 12 WARNING keystone.common.fernet_utils [None req-68aefd43-09cd-4d70-a422-da5bde74a97a - - - - - -] key_repository is world readable: /etc/keystone/fernet-keys/ 10.0.0.117 - - [23/Jul/2026:03:35:52 +0000] "POST /v3/auth/tokens HTTP/1.1" 201 1990 10.0.0.117 - - [23/Jul/2026:03:35:53 +0000] "GET /v3/endpoints/5164ba7a3d8a4086bba25cef51e00289 HTTP/1.1" 200 380 10.0.0.117 - - [23/Jul/2026:03:35:53 +0000] "GET / HTTP/1.1" 300 295 10.0.0.117 - - [23/Jul/2026:03:35:53 +0000] "GET /v3/services/2cc61a9ce94f42c8bede1a0c49d97ab5 HTTP/1.1" 200 296
[Thu Jul 23 03:35:53.495423 2026] [wsgi:error] [pid 12:tid 140668361094848] [remote 10.0.0.117:51024] 2026-07-23 03:35:53.495 12 WARNING keystone.common.password_hashing [None req-d84438c5-9b78-4ae6-9afe-d6f40a23d474 - - - - - -] Truncating password to algorithm specific maximum length 72 characters. 10.0.0.117 - - [23/Jul/2026:03:35:53 +0000] "GET / HTTP/1.1" 300 295
[Thu Jul 23 03:35:53.573011 2026] [wsgi:error] [pid 10:tid 140668361094848] [remote 10.0.0.117:51026] 2026-07-23 03:35:53.572 10 WARNING keystone.common.password_hashing [None req-b0e5cceb-e454-4cdd-9402-1cefc57e1f95 - - - - - -] Truncating password to algorithm specific maximum length 72 characters.
[Thu Jul 23 03:35:53.786811 2026] [wsgi:error] [pid 12:tid 140668361094848] [remote 10.0.0.117:51024] 2026-07-23 03:35:53.786 12 WARNING keystone.common.fernet_utils [None req-d84438c5-9b78-4ae6-9afe-d6f40a23d474 - - - - - -] key_repository is world readable: /etc/keystone/fernet-keys/ 10.0.0.117 - - [23/Jul/2026:03:35:53 +0000] "POST /v3/auth/tokens HTTP/1.1" 201 1990
[Thu Jul 23 03:35:53.854806 2026] [wsgi:error] [pid 10:tid 140668361094848] [remote 10.0.0.117:51026] 2026-07-23 03:35:53.854 10 WARNING keystone.common.fernet_utils [None req-b0e5cceb-e454-4cdd-9402-1cefc57e1f95 - - - - - -] key_repository is world readable: /etc/keystone/fernet-keys/ 10.0.0.117 - - [23/Jul/2026:03:35:53 +0000] "POST /v3/auth/tokens HTTP/1.1" 201 1990 10.0.0.117 - - [23/Jul/2026:03:35:53 +0000] "GET /v3/endpoints/1dc5f4790db04e559f605b99a6f6c865 HTTP/1.1" 200 383 10.0.0.117 - - [23/Jul/2026:03:35:53 +0000] "GET /v3/services/2cc61a9ce94f42c8bede1a0c49d97ab5 HTTP/1.1" 200 296 10.0.0.117 - - [23/Jul/2026:03:35:53 +0000] "GET /v3/endpoints/b2b5d2d690ff44b4af8215d621e72eb2 HTTP/1.1" 200 369 10.0.0.117 - - [23/Jul/2026:03:35:53 +0000] "GET /v3/services/2cc61a9ce94f42c8bede1a0c49d97ab5 HTTP/1.1" 200 296 10.0.0.159 - - [23/Jul/2026:03:36:04 +0000] "GET /v3/ HTTP/1.1" 200 248 10.0.0.159 - - [23/Jul/2026:03:36:04 +0000] "GET /v3/ HTTP/1.1" 200 248 10.0.0.133 - - [23/Jul/2026:03:36:05 +0000] "GET / HTTP/1.1" 300 295
[Thu Jul 23 03:36:05.361547 2026] [wsgi:error] [pid 10:tid 140668361094848] [remote 10.0.0.133:56004] 2026-07-23 03:36:05.361 10 WARNING keystone.common.password_hashing [None req-ad58e41d-05b7-4540-872b-8267a14084d6 - - - - - -] Truncating password to algorithm specific maximum length 72 characters.
[Thu Jul 23 03:36:05.648710 2026] [wsgi:error] [pid 10:tid 140668361094848] [remote 10.0.0.133:56004] 2026-07-23 03:36:05.648 10 WARNING keystone.common.fernet_utils [None req-ad58e41d-05b7-4540-872b-8267a14084d6 - - - - - -] key_repository is world readable: /etc/keystone/fernet-keys/ 10.0.0.133 - - [23/Jul/2026:03:36:05 +0000] "POST /v3/auth/tokens HTTP/1.1" 201 1990 10.0.0.133 - - [23/Jul/2026:03:36:05 +0000] "POST /v3/domains HTTP/1.1" 201 284 10.0.0.133 - - [23/Jul/2026:03:36:07 +0000] "GET / HTTP/1.1" 300 295
[Thu Jul 23 03:36:07.716701 2026] [wsgi:error] [pid 12:tid 140668361094848] [remote 10.0.0.133:56006] 2026-07-23 03:36:07.716 12 WARNING keystone.common.password_hashing [None req-6bfce5f7-19e9-4cd1-afcc-a9c161942361 - - - - - -] Truncating password to algorithm specific maximum length 72 characters.
[Thu Jul 23 03:36:07.989685 2026] [wsgi:error] [pid 12:tid 140668361094848] [remote 10.0.0.133:56006] 2026-07-23 03:36:07.989 12 WARNING keystone.common.fernet_utils [None req-6bfce5f7-19e9-4cd1-afcc-a9c161942361 - - - - - -] key_repository is world readable: /etc/keystone/fernet-keys/ 10.0.0.133 - - [23/Jul/2026:03:36:07 +0000] "POST /v3/auth/tokens HTTP/1.1" 201 1990
[Thu Jul 23 03:36:08.190954 2026] [wsgi:error] [pid 10:tid 140668361094848] [remote 10.0.0.133:56006] 2026-07-23 03:36:08.166 10 ERROR keystone.server.flask.application [None req-c2811581-c142-403a-a18d-ef68525d742b 463e140c7d3e4ef588e4c1892ebdfdec afcf2f521154485e88f77785848b6512 - - default default] Conflict occurred attempting to store project - it is not permitted to have two projects acting as domains with the same name: service.: keystone.exception.Conflict: Conflict occurred attempting to store project - it is not permitted to have two projects acting as domains with the same name: service.
[Thu Jul 23 03:36:08.190990 2026] [wsgi:error] [pid 10:tid 140668361094848] [remote 10.0.0.133:56006] 2026-07-23 03:36:08.166 10 ERROR keystone.server.flask.application
Traceback (most recent call last):
[Thu Jul 23 03:36:08.190992 2026] [wsgi:error] [pid 10:tid 140668361094848] [remote 10.0.0.133:56006] 2026-07-23 03:36:08.166 10 ERROR keystone.server.flask.application
File "/var/lib/openstack/lib/python3.12/site-packages/sqlalchemy/engine/base.py", line 1969, in _exec_single_context
[Thu Jul 23 03:36:08.190994 2026] [wsgi:error] [pid 10:tid 140668361094848] [remote 10.0.0.133:56006] 2026-07-23 03:36:08.166 10 ERROR keystone.server.flask.application self.dialect.do_execute(
[Thu Jul 23 03:36:08.190996 2026] [wsgi:error] [pid 10:tid 140668361094848] [remote 10.0.0.133:56006] 2026-07-23 03:36:08.166 10 ERROR keystone.server.flask.application
File "/var/lib/openstack/lib/python3.12/site-packages/sqlalchemy/engine/default.py", line 952, in do_execute
[Thu Jul 23 03:36:08.190997 2026] [wsgi:error] [pid 10:tid 140668361094848] [remote 10.0.0.133:56006] 2026-07-23 03:36:08.166 10 ERROR keystone.server.flask.application cursor.execute(statement, parameters)
[Thu Jul 23 03:36:08.190999 2026] [wsgi:error] [pid 10:tid 140668361094848] [remote 10.0.0.133:56006] 2026-07-23 03:36:08.166 10 ERROR keystone.server.flask.application
File "/var/lib/openstack/lib/python3.12/site-packages/pymysql/cursors.py", line 159, in execute
[Thu Jul 23 03:36:08.191001 2026] [wsgi:error] [pid 10:tid 140668361094848] [remote 10.0.0.133:56006] 2026-07-23 03:36:08.166 10 ERROR keystone.server.flask.application result = self._query(query)
[Thu Jul 23 03:36:08.191002 2026] [wsgi:error] [pid 10:tid 140668361094848] [remote 10.0.0.133:56006] 2026-07-23 03:36:08.166 10 ERROR keystone.server.flask.application ^^^^^^^^^^^^^^^^^^
[Thu Jul 23 03:36:08.191004 2026] [wsgi:error] [pid 10:tid 140668361094848] [remote 10.0.0.133:56006] 2026-07-23 03:36:08.166 10 ERROR keystone.server.flask.application
File "/var/lib/openstack/lib/python3.12/site-packages/pymysql/cursors.py", line 330, in _query
[Thu Jul 23 03:36:08.191006 2026] [wsgi:error] [pid 10:tid 140668361094848] [remote 10.0.0.133:56006] 2026-07-23 03:36:08.166 10 ERROR keystone.server.flask.application conn.query(q)
[Thu Jul 23 03:36:08.191008 2026] [wsgi:error] [pid 10:tid 140668361094848] [remote 10.0.0.133:56006] 2026-07-23 03:36:08.166 10 ERROR keystone.server.flask.application
File "/var/lib/openstack/lib/python3.12/site-packages/pymysql/connections.py", line 582, in query
[Thu Jul 23 03:36:08.191010 2026] [wsgi:error] [pid 10:tid 140668361094848] [remote 10.0.0.133:56006] 2026-07-23 03:36:08.166 10 ERROR keystone.server.flask.application self._affected_rows = self._read_query_result(unbuffered=unbuffered)
[Thu Jul 23 03:36:08.191011 2026] [wsgi:error] [pid 10:tid 140668361094848] [remote 10.0.0.133:56006] 2026-07-23 03:36:08.166 10 ERROR keystone.server.flask.application ^^^^^^^^^^^^^^^^^^^^^^^^^^^^^^^^^^^^^^^^^^^^^^
[Thu Jul 23 03:36:08.191013 2026] [wsgi:error] [pid 10:tid 140668361094848] [remote 10.0.0.133:56006] 2026-07-23 03:36:08.166 10 ERROR keystone.server.flask.application
File "/var/lib/openstack/lib/python3.12/site-packages/pymysql/connections.py", line 847, in _read_query_result
[Thu Jul 23 03:36:08.191014 2026] [wsgi:error] [pid 10:tid 140668361094848] [remote 10.0.0.133:56006] 2026-07-23 03:36:08.166 10 ERROR keystone.server.flask.application result.read()
[Thu Jul 23 03:36:08.191018 2026] [wsgi:error] [pid 10:tid 140668361094848] [remote 10.0.0.133:56006] 2026-07-23 03:36:08.166 10 ERROR keystone.server.flask.application
File "/var/lib/openstack/lib/python3.12/site-packages/pymysql/connections.py", line 1245, in read
[Thu Jul 23 03:36:08.191019 2026] [wsgi:error] [pid 10:tid 140668361094848] [remote 10.0.0.133:56006] 2026-07-23 03:36:08.166 10 ERROR keystone.server.flask.application first_packet = self.connection._read_packet()
[Thu Jul 23 03:36:08.191031 2026] [wsgi:error] [pid 10:tid 140668361094848] [remote 10.0.0.133:56006] 2026-07-23 03:36:08.166 10 ERROR keystone.server.flask.application ^^^^^^^^^^^^^^^^^^^^^^^^^^^^^^
[Thu Jul 23 03:36:08.191033 2026] [wsgi:error] [pid 10:tid 140668361094848] [remote 10.0.0.133:56006] 2026-07-23 03:36:08.166 10 ERROR keystone.server.flask.application
File "/var/lib/openstack/lib/python3.12/site-packages/pymysql/connections.py", line 803, in _read_packet
[Thu Jul 23 03:36:08.191034 2026] [wsgi:error] [pid 10:tid 140668361094848] [remote 10.0.0.133:56006] 2026-07-23 03:36:08.166 10 ERROR keystone.server.flask.application packet.raise_for_error()
[Thu Jul 23 03:36:08.191036 2026] [wsgi:error] [pid 10:tid 140668361094848] [remote 10.0.0.133:56006] 2026-07-23 03:36:08.166 10 ERROR keystone.server.flask.application
File "/var/lib/openstack/lib/python3.12/site-packages/pymysql/protocol.py", line 219, in raise_for_error
[Thu Jul 23 03:36:08.191038 2026] [wsgi:error] [pid 10:tid 140668361094848] [remote 10.0.0.133:56006] 2026-07-23 03:36:08.166 10 ERROR keystone.server.flask.application err.raise_mysql_exception(self._data)
[Thu Jul 23 03:36:08.191040 2026] [wsgi:error] [pid 10:tid 140668361094848] [remote 10.0.0.133:56006] 2026-07-23 03:36:08.166 10 ERROR keystone.server.flask.application
File "/var/lib/openstack/lib/python3.12/site-packages/pymysql/err.py", line 154, in raise_mysql_exception
[Thu Jul 23 03:36:08.191042 2026] [wsgi:error] [pid 10:tid 140668361094848] [remote 10.0.0.133:56006] 2026-07-23 03:36:08.166 10 ERROR keystone.server.flask.application raise errorclass(errno, errval, sqlstate=sqlstate)
[Thu Jul 23 03:36:08.191044 2026] [wsgi:error] [pid 10:tid 140668361094848] [remote 10.0.0.133:56006] 2026-07-23 03:36:08.166 10 ERROR keystone.server.flask.application pymysql.err.IntegrityError: (1062, "Duplicate entry '<>-service' for key 'project.ixu_project_name_domain_id'")
[Thu Jul 23 03:36:08.191046 2026] [wsgi:error] [pid 10:tid 140668361094848] [remote 10.0.0.133:56006] 2026-07-23 03:36:08.166 10 ERROR keystone.server.flask.application
[Thu Jul 23 03:36:08.191047 2026] [wsgi:error] [pid 10:tid 140668361094848] [remote 10.0.0.133:56006] 2026-07-23 03:36:08.166 10 ERROR keystone.server.flask.application The above exception was the direct cause of the following exception:
[Thu Jul 23 03:36:08.191049 2026] [wsgi:error] [pid 10:tid 140668361094848] [remote 10.0.0.133:56006] 2026-07-23 03:36:08.166 10 ERROR keystone.server.flask.application
[Thu Jul 23 03:36:08.191053 2026] [wsgi:error] [pid 10:tid 140668361094848] [remote 10.0.0.133:56006] 2026-07-23 03:36:08.166 10 ERROR keystone.server.flask.application
Traceback (most recent call last):
[Thu Jul 23 03:36:08.191055 2026] [wsgi:error] [pid 10:tid 140668361094848] [remote 10.0.0.133:56006] 2026-07-23 03:36:08.166 10 ERROR keystone.server.flask.application
File "/var/lib/openstack/lib/python3.12/site-packages/keystone/common/sql/core.py", line 575, in wrapper
[Thu Jul 23 03:36:08.191057 2026] [wsgi:error] [pid 10:tid 140668361094848] [remote 10.0.0.133:56006] 2026-07-23 03:36:08.166 10 ERROR keystone.server.flask.application return method(*args, **kwargs)
[Thu Jul 23 03:36:08.191061 2026] [wsgi:error] [pid 10:tid 140668361094848] [remote 10.0.0.133:56006] 2026-07-23 03:36:08.166 10 ERROR keystone.server.flask.application ^^^^^^^^^^^^^^^^^^^^^^^
[Thu Jul 23 03:36:08.191064 2026] [wsgi:error] [pid 10:tid 140668361094848] [remote 10.0.0.133:56006] 2026-07-23 03:36:08.166 10 ERROR keystone.server.flask.application
File "/var/lib/openstack/lib/python3.12/site-packages/keystone/resource/backends/sql.py", line 278, in create_project
[Thu Jul 23 03:36:08.191066 2026] [wsgi:error] [pid 10:tid 140668361094848] [remote 10.0.0.133:56006] 2026-07-23 03:36:08.166 10 ERROR keystone.server.flask.application with sql.session_for_write() as session:
[Thu Jul 23 03:36:08.191068 2026] [wsgi:error] [pid 10:tid 140668361094848] [remote 10.0.0.133:56006] 2026-07-23 03:36:08.166 10 ERROR keystone.server.flask.application
File "/usr/lib/python3.12/contextlib.py", line 144, in __exit__
[Thu Jul 23 03:36:08.191070 2026] [wsgi:error] [pid 10:tid 140668361094848] [remote 10.0.0.133:56006] 2026-07-23 03:36:08.166 10 ERROR keystone.server.flask.application next(self.gen)
[Thu Jul 23 03:36:08.191073 2026] [wsgi:error] [pid 10:tid 140668361094848] [remote 10.0.0.133:56006] 2026-07-23 03:36:08.166 10 ERROR keystone.server.flask.application
File "/var/lib/openstack/lib/python3.12/site-packages/oslo_db/sqlalchemy/enginefacade.py", line 1175, in _transaction_scope
[Thu Jul 23 03:36:08.191077 2026] [wsgi:error] [pid 10:tid 140668361094848] [remote 10.0.0.133:56006] 2026-07-23 03:36:08.166 10 ERROR keystone.server.flask.application with current._produce_block(
[Thu Jul 23 03:36:08.191080 2026] [wsgi:error] [pid 10:tid 140668361094848] [remote 10.0.0.133:56006] 2026-07-23 03:36:08.166 10 ERROR keystone.server.flask.application
File "/usr/lib/python3.12/contextlib.py", line 144, in __exit__
[Thu Jul 23 03:36:08.191082 2026] [wsgi:error] [pid 10:tid 140668361094848] [remote 10.0.0.133:56006] 2026-07-23 03:36:08.166 10 ERROR keystone.server.flask.application next(self.gen)
[Thu Jul 23 03:36:08.191085 2026] [wsgi:error] [pid 10:tid 140668361094848] [remote 10.0.0.133:56006] 2026-07-23 03:36:08.166 10 ERROR keystone.server.flask.application
File "/var/lib/openstack/lib/python3.12/site-packages/oslo_db/sqlalchemy/enginefacade.py", line 837, in _session
[Thu Jul 23 03:36:08.191087 2026] [wsgi:error] [pid 10:tid 140668361094848] [remote 10.0.0.133:56006] 2026-07-23 03:36:08.166 10 ERROR keystone.server.flask.application with excutils.save_and_reraise_exception():
[Thu Jul 23 03:36:08.191090 2026] [wsgi:error] [pid 10:tid 140668361094848] [remote 10.0.0.133:56006] 2026-07-23 03:36:08.166 10 ERROR keystone.server.flask.application
File "/var/lib/openstack/lib/python3.12/site-packages/oslo_utils/excutils.py", line 266, in __exit__
[Thu Jul 23 03:36:08.191092 2026] [wsgi:error] [pid 10:tid 140668361094848] [remote 10.0.0.133:56006] 2026-07-23 03:36:08.166 10 ERROR keystone.server.flask.application self.force_reraise()
[Thu Jul 23 03:36:08.191094 2026] [wsgi:error] [pid 10:tid 140668361094848] [remote 10.0.0.133:56006] 2026-07-23 03:36:08.166 10 ERROR keystone.server.flask.application
File "/var/lib/openstack/lib/python3.12/site-packages/oslo_utils/excutils.py", line 232, in force_reraise
[Thu Jul 23 03:36:08.191098 2026] [wsgi:error] [pid 10:tid 140668361094848] [remote 10.0.0.133:56006] 2026-07-23 03:36:08.166 10 ERROR keystone.server.flask.application raise self.value
[Thu Jul 23 03:36:08.191102 2026] [wsgi:error] [pid 10:tid 140668361094848] [remote 10.0.0.133:56006] 2026-07-23 03:36:08.166 10 ERROR keystone.server.flask.application
File "/var/lib/openstack/lib/python3.12/site-packages/oslo_db/sqlalchemy/enginefacade.py", line 835, in _session
[Thu Jul 23 03:36:08.191105 2026] [wsgi:error] [pid 10:tid 140668361094848] [remote 10.0.0.133:56006] 2026-07-23 03:36:08.166 10 ERROR keystone.server.flask.application self._end_session_transaction(self.session)
[Thu Jul 23 03:36:08.191107 2026] [wsgi:error] [pid 10:tid 140668361094848] [remote 10.0.0.133:56006] 2026-07-23 03:36:08.166 10 ERROR keystone.server.flask.application
File "/var/lib/openstack/lib/python3.12/site-packages/oslo_db/sqlalchemy/enginefacade.py", line 748, in _end_session_transaction
[Thu Jul 23 03:36:08.191111 2026] [wsgi:error] [pid 10:tid 140668361094848] [remote 10.0.0.133:56006] 2026-07-23 03:36:08.166 10 ERROR keystone.server.flask.application session.commit()
[Thu Jul 23 03:36:08.191114 2026] [wsgi:error] [pid 10:tid 140668361094848] [remote 10.0.0.133:56006] 2026-07-23 03:36:08.166 10 ERROR keystone.server.flask.application
File "/var/lib/openstack/lib/python3.12/site-packages/sqlalchemy/orm/session.py", line 2034, in commit
[Thu Jul 23 03:36:08.191118 2026] [wsgi:error] [pid 10:tid 140668361094848] [remote 10.0.0.133:56006] 2026-07-23 03:36:08.166 10 ERROR keystone.server.flask.application trans.commit(_to_root=True)
[Thu Jul 23 03:36:08.191120 2026] [wsgi:error] [pid 10:tid 140668361094848] [remote 10.0.0.133:56006] 2026-07-23 03:36:08.166 10 ERROR keystone.server.flask.application File "", line 2, in commit
[Thu Jul 23 03:36:08.191122 2026] [wsgi:error] [pid 10:tid 140668361094848] [remote 10.0.0.133:56006] 2026-07-23 03:36:08.166 10 ERROR keystone.server.flask.application
File "/var/lib/openstack/lib/python3.12/site-packages/sqlalchemy/orm/state_changes.py", line 137, in _go
[Thu Jul 23 03:36:08.191125 2026] [wsgi:error] [pid 10:tid 140668361094848] [remote 10.0.0.133:56006] 2026-07-23 03:36:08.166 10 ERROR keystone.server.flask.application ret_value = fn(self, *arg, **kw)
[Thu Jul 23 03:36:08.191128 2026] [wsgi:error] [pid 10:tid 140668361094848] [remote 10.0.0.133:56006] 2026-07-23 03:36:08.166 10 ERROR keystone.server.flask.application ^^^^^^^^^^^^^^^^^^^^
[Thu Jul 23 03:36:08.191130 2026] [wsgi:error] [pid 10:tid 140668361094848] [remote 10.0.0.133:56006] 2026-07-23 03:36:08.166 10 ERROR keystone.server.flask.application
File "/var/lib/openstack/lib/python3.12/site-packages/sqlalchemy/orm/session.py", line 1315, in commit
[Thu Jul 23 03:36:08.191133 2026] [wsgi:error] [pid 10:tid 140668361094848] [remote 10.0.0.133:56006] 2026-07-23 03:36:08.166 10 ERROR keystone.server.flask.application self._prepare_impl()
[Thu Jul 23 03:36:08.191135 2026] [wsgi:error] [pid 10:tid 140668361094848] [remote 10.0.0.133:56006] 2026-07-23 03:36:08.166 10 ERROR keystone.server.flask.application File "", line 2, in _prepare_impl
[Thu Jul 23 03:36:08.191138 2026] [wsgi:error] [pid 10:tid 140668361094848] [remote 10.0.0.133:56006] 2026-07-23 03:36:08.166 10 ERROR keystone.server.flask.application
File "/var/lib/openstack/lib/python3.12/site-packages/sqlalchemy/orm/state_changes.py", line 137, in _go
[Thu Jul 23 03:36:08.191140 2026] [wsgi:error] [pid 10:tid 140668361094848] [remote 10.0.0.133:56006] 2026-07-23 03:36:08.166 10 ERROR keystone.server.flask.application ret_value = fn(self, *arg, **kw)
[Thu Jul 23 03:36:08.191143 2026] [wsgi:error] [pid 10:tid 140668361094848] [remote 10.0.0.133:56006] 2026-07-23 03:36:08.166 10 ERROR keystone.server.flask.application ^^^^^^^^^^^^^^^^^^^^
[Thu Jul 23 03:36:08.191145 2026] [wsgi:error] [pid 10:tid 140668361094848] [remote 10.0.0.133:56006] 2026-07-23 03:36:08.166 10 ERROR keystone.server.flask.application
File "/var/lib/openstack/lib/python3.12/site-packages/sqlalchemy/orm/session.py", line 1290, in _prepare_impl
[Thu Jul 23 03:36:08.191172 2026] [wsgi:error] [pid 10:tid 140668361094848] [remote 10.0.0.133:56006] 2026-07-23 03:36:08.166 10 ERROR keystone.server.flask.application self.session.flush()
[Thu Jul 23 03:36:08.191174 2026] [wsgi:error] [pid 10:tid 140668361094848] [remote 10.0.0.133:56006] 2026-07-23 03:36:08.166 10 ERROR keystone.server.flask.application
File "/var/lib/openstack/lib/python3.12/site-packages/sqlalchemy/orm/session.py", line 4352, in flush
[Thu Jul 23 03:36:08.191175 2026] [wsgi:error] [pid 10:tid 140668361094848] [remote 10.0.0.133:56006] 2026-07-23 03:36:08.166 10 ERROR keystone.server.flask.application self._flush(objects)
[Thu Jul 23 03:36:08.191177 2026] [wsgi:error] [pid 10:tid 140668361094848] [remote 10.0.0.133:56006] 2026-07-23 03:36:08.166 10 ERROR keystone.server.flask.application
File "/var/lib/openstack/lib/python3.12/site-packages/sqlalchemy/orm/session.py", line 4487, in _flush
[Thu Jul 23 03:36:08.191179 2026] [wsgi:error] [pid 10:tid 140668361094848] [remote 10.0.0.133:56006] 2026-07-23 03:36:08.166 10 ERROR keystone.server.flask.application with util.safe_reraise():
[Thu Jul 23 03:36:08.191180 2026] [wsgi:error] [pid 10:tid 140668361094848] [remote 10.0.0.133:56006] 2026-07-23 03:36:08.166 10 ERROR keystone.server.flask.application
File "/var/lib/openstack/lib/python3.12/site-packages/sqlalchemy/util/langhelpers.py", line 122, in __exit__
[Thu Jul 23 03:36:08.191182 2026] [wsgi:error] [pid 10:tid 140668361094848] [remote 10.0.0.133:56006] 2026-07-23 03:36:08.166 10 ERROR keystone.server.flask.application raise exc_value.with_traceback(exc_tb)
[Thu Jul 23 03:36:08.191184 2026] [wsgi:error] [pid 10:tid 140668361094848] [remote 10.0.0.133:56006] 2026-07-23 03:36:08.166 10 ERROR keystone.server.flask.application
File "/var/lib/openstack/lib/python3.12/site-packages/sqlalchemy/orm/session.py", line 4448, in _flush
