+ COMMAND=start + start + exec neutron-rpc-server --config-file /etc/neutron/neutron.conf --config-file /etc/neutron/plugins/ml2/ml2_conf.ini /var/lib/openstack/lib/python3.10/site-packages/munch/__init__.py:24: UserWarning: pkg_resources is deprecated as an API. See https://setuptools.pypa.io/en/latest/pkg_resources.html. The pkg_resources package is slated for removal as early as 2025-11-30. Refrain from using this package or pin to Setuptools<81. import pkg_resources
2026-07-15 05:34:35.362 1 INFO neutron.common.config [-] Logging enabled!
2026-07-15 05:34:35.363 1 INFO neutron.common.config [-] /var/lib/openstack/bin/neutron-rpc-server version 21.2.2.dev24
2026-07-15 05:34:35.363 1 INFO neutron.server.rpc_eventlet [-] Eventlet based AMQP RPC server starting...
2026-07-15 05:34:35.363 1 INFO neutron.manager [-] Loading core plugin: ml2
2026-07-15 05:34:36.151 1 INFO neutron.plugins.ml2.managers [-] Configured type driver names: ['flat', 'gre', 'vlan', 'vxlan']
2026-07-15 05:34:36.153 1 INFO neutron.plugins.ml2.drivers.type_flat [-] Arbitrary flat physical_network names allowed
2026-07-15 05:34:36.156 1 INFO neutron.plugins.ml2.drivers.type_vlan [-] Network VLAN ranges: OrderedDict([('external', [(1, 4094)])])
2026-07-15 05:34:36.157 1 INFO neutron.plugins.ml2.managers [-] Loaded type driver names: ['flat', 'gre', 'vlan', 'vxlan']
2026-07-15 05:34:36.157 1 INFO neutron.plugins.ml2.managers [-] Registered types: dict_keys(['flat', 'gre', 'vlan', 'vxlan'])
2026-07-15 05:34:36.157 1 INFO neutron.plugins.ml2.managers [-] Tenant network_types: ['vxlan']
2026-07-15 05:34:36.158 1 INFO neutron.plugins.ml2.managers [-] Configured extension driver names: ['dns_domain_ports', 'port_security', 'qos']
2026-07-15 05:34:36.163 1 INFO neutron.plugins.ml2.managers [-] Loaded extension driver names: ['dns_domain_ports', 'port_security', 'qos']
2026-07-15 05:34:36.163 1 INFO neutron.plugins.ml2.managers [-] Registered extension drivers: ['dns_domain_ports', 'port_security', 'qos']
2026-07-15 05:34:36.163 1 INFO neutron.plugins.ml2.managers [-] Configured mechanism driver names: ['openvswitch', 'l2population']
2026-07-15 05:34:36.180 1 INFO neutron.plugins.ml2.drivers.mech_agent [-] Open vSwitch agent's supported_vnic_types: ['normal', 'direct', 'smart-nic', 'vdpa']
2026-07-15 05:34:36.181 1 INFO neutron.plugins.ml2.managers [-] Loaded mechanism driver names: ['openvswitch', 'l2population']
2026-07-15 05:34:36.181 1 INFO neutron.plugins.ml2.managers [-] Registered mechanism drivers: ['openvswitch', 'l2population']
2026-07-15 05:34:36.212 1 INFO neutron.plugins.ml2.managers [-] Initializing driver for type 'flat'
2026-07-15 05:34:36.212 1 INFO neutron.plugins.ml2.drivers.type_flat [-] ML2 FlatTypeDriver initialization complete
2026-07-15 05:34:36.212 1 INFO neutron.plugins.ml2.managers [-] Initializing driver for type 'gre'
2026-07-15 05:34:36.212 1 INFO neutron.plugins.ml2.drivers.type_tunnel [-] gre ID ranges: [(1, 1000)]
2026-07-15 05:34:36.504 1 INFO neutron.plugins.ml2.managers [None req-6954bfa7-d0da-4a92-bab2-551813cc348f - - - - - -] Initializing driver for type 'vlan'
2026-07-15 05:34:36.880 1 INFO neutron.plugins.ml2.drivers.type_vlan [None req-6954bfa7-d0da-4a92-bab2-551813cc348f - - - - - -] VlanTypeDriver initialization complete
2026-07-15 05:34:36.881 1 INFO neutron.plugins.ml2.managers [None req-6954bfa7-d0da-4a92-bab2-551813cc348f - - - - - -] Initializing driver for type 'vxlan'
2026-07-15 05:34:36.881 1 INFO neutron.plugins.ml2.drivers.type_tunnel [None req-6954bfa7-d0da-4a92-bab2-551813cc348f - - - - - -] vxlan ID ranges: [(1, 1000)]
2026-07-15 05:34:36.926 1 INFO neutron.plugins.ml2.managers [None req-6954bfa7-d0da-4a92-bab2-551813cc348f - - - - - -] Initializing extension driver 'dns_domain_ports'
2026-07-15 05:34:36.926 1 INFO neutron.plugins.ml2.extensions.dns_integration [None req-6954bfa7-d0da-4a92-bab2-551813cc348f - - - - - -] DNSDomainPortsExtensionDriver initialization complete
2026-07-15 05:34:36.927 1 INFO neutron.plugins.ml2.managers [None req-6954bfa7-d0da-4a92-bab2-551813cc348f - - - - - -] Initializing extension driver 'port_security'
2026-07-15 05:34:36.927 1 INFO neutron.plugins.ml2.extensions.port_security [None req-6954bfa7-d0da-4a92-bab2-551813cc348f - - - - - -] PortSecurityExtensionDriver initialization complete
2026-07-15 05:34:36.927 1 INFO neutron.plugins.ml2.managers [None req-6954bfa7-d0da-4a92-bab2-551813cc348f - - - - - -] Initializing extension driver 'qos'
2026-07-15 05:34:36.927 1 INFO neutron.plugins.ml2.managers [None req-6954bfa7-d0da-4a92-bab2-551813cc348f - - - - - -] Initializing mechanism driver 'openvswitch'
2026-07-15 05:34:36.928 1 INFO neutron.plugins.ml2.managers [None req-6954bfa7-d0da-4a92-bab2-551813cc348f - - - - - -] Initializing mechanism driver 'l2population'
2026-07-15 05:34:36.941 1 INFO neutron.quota [None req-1ccce823-b489-40ff-8573-38ed79ac7336 - - - - - -] Loaded quota_driver: .
2026-07-15 05:34:36.941 1 INFO neutron.plugins.ml2.plugin [None req-1ccce823-b489-40ff-8573-38ed79ac7336 - - - - - -] Modular L2 Plugin initialization complete
2026-07-15 05:34:36.941 1 INFO neutron.plugins.ml2.managers [None req-1ccce823-b489-40ff-8573-38ed79ac7336 - - - - - -] Got dns-integration extension from driver 'dns_domain_ports'
2026-07-15 05:34:36.942 1 INFO neutron.plugins.ml2.managers [None req-1ccce823-b489-40ff-8573-38ed79ac7336 - - - - - -] Got dns-domain-ports extension from driver 'dns_domain_ports'
2026-07-15 05:34:36.942 1 INFO neutron.plugins.ml2.managers [None req-1ccce823-b489-40ff-8573-38ed79ac7336 - - - - - -] Got port-security extension from driver 'port_security'
2026-07-15 05:34:36.942 1 INFO neutron.extensions.vlantransparent [None req-1ccce823-b489-40ff-8573-38ed79ac7336 - - - - - -] Disabled vlantransparent extension.
2026-07-15 05:34:36.942 1 INFO neutron.manager [None req-1ccce823-b489-40ff-8573-38ed79ac7336 - - - - - -] Loading Plugin: qos
2026-07-15 05:34:36.953 1 INFO neutron.manager [None req-1ccce823-b489-40ff-8573-38ed79ac7336 - - - - - -] Loading Plugin: router
2026-07-15 05:34:36.981 1 INFO neutron.services.service_base [None req-1ccce823-b489-40ff-8573-38ed79ac7336 - - - - - -] Default provider is not specified for service type L3_ROUTER_NAT
2026-07-15 05:34:36.981 1 INFO neutron.manager [None req-1ccce823-b489-40ff-8573-38ed79ac7336 - - - - - -] Loading Plugin: segments
2026-07-15 05:34:37.057 1 INFO neutron.manager [None req-1ccce823-b489-40ff-8573-38ed79ac7336 - - - - - -] Loading Plugin: trunk
2026-07-15 05:34:37.117 1 INFO neutron.manager [None req-1ccce823-b489-40ff-8573-38ed79ac7336 - - - - - -] Loading Plugin: vpnaas
2026-07-15 05:34:37.152 1 WARNING stevedore.named [None req-1ccce823-b489-40ff-8573-38ed79ac7336 - - - - - -] Could not load neutron_vpnaas.services.vpn.service_drivers.ipsec.IPsecVPNDriver
2026-07-15 05:34:37.218 1 INFO neutron_vpnaas.services.vpn.plugin [None req-1ccce823-b489-40ff-8573-38ed79ac7336 - - - - - -] VPN plugin using service drivers: dict_keys(['strongswan']), default: strongswan
2026-07-15 05:34:37.219 1 INFO neutron.common.utils [None req-1ccce823-b489-40ff-8573-38ed79ac7336 - - - - - -] Disable filter validation extension by service plugin VPNDriverPlugin.
2026-07-15 05:34:37.219 1 INFO neutron.manager [None req-1ccce823-b489-40ff-8573-38ed79ac7336 - - - - - -] Loading Plugin: auto_allocate
2026-07-15 05:34:37.223 1 INFO neutron.manager [None req-1ccce823-b489-40ff-8573-38ed79ac7336 - - - - - -] Loading Plugin: tag
2026-07-15 05:34:37.229 1 INFO neutron.manager [None req-1ccce823-b489-40ff-8573-38ed79ac7336 - - - - - -] Loading Plugin: timestamp
2026-07-15 05:34:37.231 1 INFO neutron.manager [None req-1ccce823-b489-40ff-8573-38ed79ac7336 - - - - - -] Loading Plugin: network_ip_availability
2026-07-15 05:34:37.234 1 INFO neutron.manager [None req-1ccce823-b489-40ff-8573-38ed79ac7336 - - - - - -] Loading Plugin: flavors
2026-07-15 05:34:37.237 1 INFO neutron.manager [None req-1ccce823-b489-40ff-8573-38ed79ac7336 - - - - - -] Loading Plugin: revisions
2026-07-15 05:34:37.239 1 INFO neutron.api.extensions [None req-1ccce823-b489-40ff-8573-38ed79ac7336 - - - - - -] Initializing extension manager.
2026-07-15 05:34:37.240 1 INFO neutron.api.extensions [None req-1ccce823-b489-40ff-8573-38ed79ac7336 - - - - - -] Loaded extension: address-group
2026-07-15 05:34:37.241 1 INFO neutron.api.extensions [None req-1ccce823-b489-40ff-8573-38ed79ac7336 - - - - - -] Loaded extension: address-scope
2026-07-15 05:34:37.242 1 INFO neutron.api.extensions [None req-1ccce823-b489-40ff-8573-38ed79ac7336 - - - - - -] Loaded extension: router-admin-state-down-before-update
2026-07-15 05:34:37.242 1 INFO neutron.api.extensions [None req-1ccce823-b489-40ff-8573-38ed79ac7336 - - - - - -] Loaded extension: agent
2026-07-15 05:34:37.243 1 INFO neutron.api.extensions [None req-1ccce823-b489-40ff-8573-38ed79ac7336 - - - - - -] Loaded extension: agent-resources-synced
2026-07-15 05:34:37.244 1 INFO neutron.api.extensions [None req-1ccce823-b489-40ff-8573-38ed79ac7336 - - - - - -] Loaded extension: allowed-address-pairs
2026-07-15 05:34:37.245 1 INFO neutron.api.extensions [None req-1ccce823-b489-40ff-8573-38ed79ac7336 - - - - - -] Loaded extension: auto-allocated-topology
2026-07-15 05:34:37.245 1 INFO neutron.api.extensions [None req-1ccce823-b489-40ff-8573-38ed79ac7336 - - - - - -] Loaded extension: availability_zone
2026-07-15 05:34:37.246 1 INFO neutron.api.extensions [None req-1ccce823-b489-40ff-8573-38ed79ac7336 - - - - - -] Loaded extension: availability_zone_filter
2026-07-15 05:34:37.246 1 INFO neutron.api.extensions [None req-1ccce823-b489-40ff-8573-38ed79ac7336 - - - - - -] Extension data-plane-status not supported by any of loaded plugins
2026-07-15 05:34:37.247 1 INFO neutron.api.extensions [None req-1ccce823-b489-40ff-8573-38ed79ac7336 - - - - - -] Loaded extension: default-subnetpools
2026-07-15 05:34:37.248 1 INFO neutron.api.extensions [None req-1ccce823-b489-40ff-8573-38ed79ac7336 - - - - - -] Loaded extension: dhcp_agent_scheduler
2026-07-15 05:34:37.248 1 INFO neutron.api.extensions [None req-1ccce823-b489-40ff-8573-38ed79ac7336 - - - - - -] Loaded extension: dns-integration
2026-07-15 05:34:37.249 1 INFO neutron.api.extensions [None req-1ccce823-b489-40ff-8573-38ed79ac7336 - - - - - -] Loaded extension: dns-domain-ports
2026-07-15 05:34:37.249 1 INFO neutron.api.extensions [None req-1ccce823-b489-40ff-8573-38ed79ac7336 - - - - - -] Extension dns-integration-domain-keywords not supported by any of loaded plugins
2026-07-15 05:34:37.250 1 INFO neutron.api.extensions [None req-1ccce823-b489-40ff-8573-38ed79ac7336 - - - - - -] Loaded extension: dvr
2026-07-15 05:34:37.250 1 INFO neutron.api.extensions [None req-1ccce823-b489-40ff-8573-38ed79ac7336 - - - - - -] Extension ecmp_routes not supported by any of loaded plugins
2026-07-15 05:34:37.251 1 INFO neutron.api.extensions [None req-1ccce823-b489-40ff-8573-38ed79ac7336 - - - - - -] Loaded extension: empty-string-filtering
2026-07-15 05:34:37.251 1 INFO neutron.api.extensions [None req-1ccce823-b489-40ff-8573-38ed79ac7336 - - - - - -] Extension expose-l3-conntrack-helper not supported by any of loaded plugins
2026-07-15 05:34:37.252 1 INFO neutron.api.extensions [None req-1ccce823-b489-40ff-8573-38ed79ac7336 - - - - - -] Extension expose-port-forwarding-in-fip not supported by any of loaded plugins
2026-07-15 05:34:37.252 1 INFO neutron.api.extensions [None req-1ccce823-b489-40ff-8573-38ed79ac7336 - - - - - -] Loaded extension: external-net
2026-07-15 05:34:37.253 1 INFO neutron.api.extensions [None req-1ccce823-b489-40ff-8573-38ed79ac7336 - - - - - -] Loaded extension: extra_dhcp_opt
2026-07-15 05:34:37.253 1 INFO neutron.api.extensions [None req-1ccce823-b489-40ff-8573-38ed79ac7336 - - - - - -] Loaded extension: extraroute
2026-07-15 05:34:37.254 1 INFO neutron.api.extensions [None req-1ccce823-b489-40ff-8573-38ed79ac7336 - - - - - -] Loaded extension: extraroute-atomic
2026-07-15 05:34:37.254 1 INFO neutron.api.extensions [None req-1ccce823-b489-40ff-8573-38ed79ac7336 - - - - - -] Extension filter-validation not supported by any of loaded plugins
2026-07-15 05:34:37.255 1 INFO neutron.api.extensions [None req-1ccce823-b489-40ff-8573-38ed79ac7336 - - - - - -] Extension floating-ip-port-forwarding-description not supported by any of loaded plugins
2026-07-15 05:34:37.255 1 INFO neutron.api.extensions [None req-1ccce823-b489-40ff-8573-38ed79ac7336 - - - - - -] Loaded extension: floating-ip-port-forwarding-detail
2026-07-15 05:34:37.256 1 INFO neutron.api.extensions [None req-1ccce823-b489-40ff-8573-38ed79ac7336 - - - - - -] Extension floating-ip-port-forwarding-port-ranges not supported by any of loaded plugins
2026-07-15 05:34:37.256 1 INFO neutron.api.extensions [None req-1ccce823-b489-40ff-8573-38ed79ac7336 - - - - - -] Loaded extension: fip-port-details
2026-07-15 05:34:37.257 1 INFO neutron.api.extensions [None req-1ccce823-b489-40ff-8573-38ed79ac7336 - - - - - -] Loaded extension: flavors
2026-07-15 05:34:37.258 1 INFO neutron.api.extensions [None req-1ccce823-b489-40ff-8573-38ed79ac7336 - - - - - -] Extension floating-ip-port-forwarding not supported by any of loaded plugins
2026-07-15 05:34:37.258 1 INFO neutron.api.extensions [None req-1ccce823-b489-40ff-8573-38ed79ac7336 - - - - - -] Loaded extension: floatingip-pools
2026-07-15 05:34:37.259 1 INFO neutron.api.extensions [None req-1ccce823-b489-40ff-8573-38ed79ac7336 - - - - - -] Loaded extension: ip_allocation
2026-07-15 05:34:37.259 1 INFO neutron.api.extensions [None req-1ccce823-b489-40ff-8573-38ed79ac7336 - - - - - -] Loaded extension: ip-substring-filtering
2026-07-15 05:34:37.260 1 INFO neutron.api.extensions [None req-1ccce823-b489-40ff-8573-38ed79ac7336 - - - - - -] Loaded extension: l2_adjacency
2026-07-15 05:34:37.261 1 INFO neutron.api.extensions [None req-1ccce823-b489-40ff-8573-38ed79ac7336 - - - - - -] Loaded extension: router
2026-07-15 05:34:37.262 1 INFO neutron.api.extensions [None req-1ccce823-b489-40ff-8573-38ed79ac7336 - - - - - -] Extension l3-conntrack-helper not supported by any of loaded plugins
2026-07-15 05:34:37.262 1 INFO neutron.api.extensions [None req-1ccce823-b489-40ff-8573-38ed79ac7336 - - - - - -] Loaded extension: ext-gw-mode
2026-07-15 05:34:37.263 1 INFO neutron.api.extensions [None req-1ccce823-b489-40ff-8573-38ed79ac7336 - - - - - -] Loaded extension: l3-ha
2026-07-15 05:34:37.263 1 INFO neutron.api.extensions [None req-1ccce823-b489-40ff-8573-38ed79ac7336 - - - - - -] Extension l3-ext-ndp-proxy not supported by any of loaded plugins
2026-07-15 05:34:37.264 1 INFO neutron.api.extensions [None req-1ccce823-b489-40ff-8573-38ed79ac7336 - - - - - -] Loaded extension: l3-flavors
2026-07-15 05:34:37.264 1 INFO neutron.api.extensions [None req-1ccce823-b489-40ff-8573-38ed79ac7336 - - - - - -] Extension l3-ndp-proxy not supported by any of loaded plugins
2026-07-15 05:34:37.265 1 INFO neutron.api.extensions [None req-1ccce823-b489-40ff-8573-38ed79ac7336 - - - - - -] Loaded extension: l3-port-ip-change-not-allowed
2026-07-15 05:34:37.267 1 INFO neutron.api.extensions [None req-1ccce823-b489-40ff-8573-38ed79ac7336 - - - - - -] Loaded extension: l3_agent_scheduler
2026-07-15 05:34:37.270 1 INFO neutron.api.extensions [None req-1ccce823-b489-40ff-8573-38ed79ac7336 - - - - - -] Extension local_ip not supported by any of loaded plugins
2026-07-15 05:34:37.271 1 INFO neutron.api.extensions [None req-1ccce823-b489-40ff-8573-38ed79ac7336 - - - - - -] Extension logging not supported by any of loaded plugins
2026-07-15 05:34:37.272 1 INFO neutron.api.extensions [None req-1ccce823-b489-40ff-8573-38ed79ac7336 - - - - - -] Extension metering not supported by any of loaded plugins
2026-07-15 05:34:37.272 1 INFO neutron.api.extensions [None req-1ccce823-b489-40ff-8573-38ed79ac7336 - - - - - -] Extension metering_source_and_destination_fields not supported by any of loaded plugins
2026-07-15 05:34:37.273 1 INFO neutron.api.extensions [None req-1ccce823-b489-40ff-8573-38ed79ac7336 - - - - - -] Loaded extension: multi-provider
2026-07-15 05:34:37.273 1 INFO neutron.api.extensions [None req-1ccce823-b489-40ff-8573-38ed79ac7336 - - - - - -] Loaded extension: net-mtu
2026-07-15 05:34:37.274 1 INFO neutron.api.extensions [None req-1ccce823-b489-40ff-8573-38ed79ac7336 - - - - - -] Loaded extension: net-mtu-writable
2026-07-15 05:34:37.274 1 INFO neutron.api.extensions [None req-1ccce823-b489-40ff-8573-38ed79ac7336 - - - - - -] Loaded extension: network_availability_zone
2026-07-15 05:34:37.275 1 INFO neutron.api.extensions [None req-1ccce823-b489-40ff-8573-38ed79ac7336 - - - - - -] Loaded extension: network-ip-availability
2026-07-15 05:34:37.276 1 INFO neutron.api.extensions [None req-1ccce823-b489-40ff-8573-38ed79ac7336 - - - - - -] Extension network-segment-range not supported by any of loaded plugins
2026-07-15 05:34:37.276 1 INFO neutron.api.extensions [None req-1ccce823-b489-40ff-8573-38ed79ac7336 - - - - - -] Loaded extension: pagination
2026-07-15 05:34:37.277 1 INFO neutron.api.extensions [None req-1ccce823-b489-40ff-8573-38ed79ac7336 - - - - - -] Loaded extension: port-device-profile
2026-07-15 05:34:37.277 1 INFO neutron.api.extensions [None req-1ccce823-b489-40ff-8573-38ed79ac7336 - - - - - -] Loaded extension: port-mac-override
2026-07-15 05:34:37.278 1 INFO neutron.api.extensions [None req-1ccce823-b489-40ff-8573-38ed79ac7336 - - - - - -] Loaded extension: port-mac-address-regenerate
2026-07-15 05:34:37.278 1 INFO neutron.api.extensions [None req-1ccce823-b489-40ff-8573-38ed79ac7336 - - - - - -] Loaded extension: port-numa-affinity-policy
2026-07-15 05:34:37.279 1 INFO neutron.api.extensions [None req-1ccce823-b489-40ff-8573-38ed79ac7336 - - - - - -] Loaded extension: port-resource-request
2026-07-15 05:34:37.279 1 INFO neutron.api.extensions [None req-1ccce823-b489-40ff-8573-38ed79ac7336 - - - - - -] Loaded extension: port-resource-request-groups
2026-07-15 05:34:37.279 1 INFO neutron.api.extensions [None req-1ccce823-b489-40ff-8573-38ed79ac7336 - - - - - -] Loaded extension: binding
2026-07-15 05:34:37.280 1 INFO neutron.api.extensions [None req-1ccce823-b489-40ff-8573-38ed79ac7336 - - - - - -] Loaded extension: binding-extended
2026-07-15 05:34:37.281 1 INFO neutron.api.extensions [None req-1ccce823-b489-40ff-8573-38ed79ac7336 - - - - - -] Loaded extension: port-security
2026-07-15 05:34:37.281 1 INFO neutron.api.extensions [None req-1ccce823-b489-40ff-8573-38ed79ac7336 - - - - - -] Loaded extension: project-id
2026-07-15 05:34:37.281 1 INFO neutron.api.extensions [None req-1ccce823-b489-40ff-8573-38ed79ac7336 - - - - - -] Loaded extension: provider
2026-07-15 05:34:37.283 1 INFO neutron.api.extensions [None req-1ccce823-b489-40ff-8573-38ed79ac7336 - - - - - -] Loaded extension: qos
2026-07-15 05:34:37.283 1 INFO neutron.api.extensions [None req-1ccce823-b489-40ff-8573-38ed79ac7336 - - - - - -] Loaded extension: qos-bw-limit-direction
2026-07-15 05:34:37.284 1 INFO neutron.api.extensions [None req-1ccce823-b489-40ff-8573-38ed79ac7336 - - - - - -] Loaded extension: qos-bw-minimum-ingress
2026-07-15 05:34:37.284 1 INFO neutron.api.extensions [None req-1ccce823-b489-40ff-8573-38ed79ac7336 - - - - - -] Loaded extension: qos-default
2026-07-15 05:34:37.285 1 INFO neutron.api.extensions [None req-1ccce823-b489-40ff-8573-38ed79ac7336 - - - - - -] Loaded extension: qos-fip
2026-07-15 05:34:37.285 1 INFO neutron.api.extensions [None req-1ccce823-b489-40ff-8573-38ed79ac7336 - - - - - -] Extension qos-fip-network-policy not supported by any of loaded plugins
2026-07-15 05:34:37.286 1 INFO neutron.api.extensions [None req-1ccce823-b489-40ff-8573-38ed79ac7336 - - - - - -] Loaded extension: qos-gateway-ip
2026-07-15 05:34:37.286 1 INFO neutron.api.extensions [None req-1ccce823-b489-40ff-8573-38ed79ac7336 - - - - - -] Loaded extension: qos-port-network-policy
2026-07-15 05:34:37.287 1 INFO neutron.api.extensions [None req-1ccce823-b489-40ff-8573-38ed79ac7336 - - - - - -] Loaded extension: qos-pps-minimum
2026-07-15 05:34:37.287 1 INFO neutron.api.extensions [None req-1ccce823-b489-40ff-8573-38ed79ac7336 - - - - - -] Loaded extension: qos-pps-minimum-rule-alias
2026-07-15 05:34:37.288 1 INFO neutron.api.extensions [None req-1ccce823-b489-40ff-8573-38ed79ac7336 - - - - - -] Loaded extension: qos-pps
2026-07-15 05:34:37.288 1 INFO neutron.api.extensions [None req-1ccce823-b489-40ff-8573-38ed79ac7336 - - - - - -] Loaded extension: qos-rule-type-details
2026-07-15 05:34:37.289 1 INFO neutron.api.extensions [None req-1ccce823-b489-40ff-8573-38ed79ac7336 - - - - - -] Loaded extension: qos-rule-type-filter
2026-07-15 05:34:37.289 1 INFO neutron.api.extensions [None req-1ccce823-b489-40ff-8573-38ed79ac7336 - - - - - -] Loaded extension: qos-rules-alias
2026-07-15 05:34:37.290 1 INFO neutron.api.extensions [None req-1ccce823-b489-40ff-8573-38ed79ac7336 - - - - - -] Loaded extension: quota-check-limit
2026-07-15 05:34:37.291 1 INFO neutron.api.extensions [None req-1ccce823-b489-40ff-8573-38ed79ac7336 - - - - - -] Loaded extension: quotas
2026-07-15 05:34:37.294 1 INFO neutron.api.extensions [None req-1ccce823-b489-40ff-8573-38ed79ac7336 - - - - - -] Loaded extension: quota_details
2026-07-15 05:34:37.295 1 INFO neutron.api.extensions [None req-1ccce823-b489-40ff-8573-38ed79ac7336 - - - - - -] Loaded extension: rbac-policies
2026-07-15 05:34:37.295 1 INFO neutron.api.extensions [None req-1ccce823-b489-40ff-8573-38ed79ac7336 - - - - - -] Loaded extension: rbac-address-group
2026-07-15 05:34:37.296 1 INFO neutron.api.extensions [None req-1ccce823-b489-40ff-8573-38ed79ac7336 - - - - - -] Loaded extension: rbac-address-scope
2026-07-15 05:34:37.296 1 INFO neutron.api.extensions [None req-1ccce823-b489-40ff-8573-38ed79ac7336 - - - - - -] Loaded extension: rbac-security-groups
2026-07-15 05:34:37.297 1 INFO neutron.api.extensions [None req-1ccce823-b489-40ff-8573-38ed79ac7336 - - - - - -] Loaded extension: rbac-subnetpool
2026-07-15 05:34:37.297 1 INFO neutron.api.extensions [None req-1ccce823-b489-40ff-8573-38ed79ac7336 - - - - - -] Loaded extension: revision-if-match
2026-07-15 05:34:37.298 1 INFO neutron.api.extensions [None req-1ccce823-b489-40ff-8573-38ed79ac7336 - - - - - -] Loaded extension: standard-attr-revisions
2026-07-15 05:34:37.298 1 INFO neutron.api.extensions [None req-1ccce823-b489-40ff-8573-38ed79ac7336 - - - - - -] Loaded extension: router_availability_zone
2026-07-15 05:34:37.299 1 INFO neutron.api.extensions [None req-1ccce823-b489-40ff-8573-38ed79ac7336 - - - - - -] Extension router-service-type not supported by any of loaded plugins
2026-07-15 05:34:37.299 1 INFO neutron.api.extensions [None req-1ccce823-b489-40ff-8573-38ed79ac7336 - - - - - -] Loaded extension: security-groups-normalized-cidr
2026-07-15 05:34:37.300 1 INFO neutron.api.extensions [None req-1ccce823-b489-40ff-8573-38ed79ac7336 - - - - - -] Loaded extension: port-security-groups-filtering
2026-07-15 05:34:37.300 1 INFO neutron.api.extensions [None req-1ccce823-b489-40ff-8573-38ed79ac7336 - - - - - -] Loaded extension: security-groups-remote-address-group
2026-07-15 05:34:37.300 1 INFO neutron.api.extensions [None req-1ccce823-b489-40ff-8573-38ed79ac7336 - - - - - -] Loaded extension: security-groups-shared-filtering
2026-07-15 05:34:37.307 1 INFO neutron.api.extensions [None req-1ccce823-b489-40ff-8573-38ed79ac7336 - - - - - -] Loaded extension: security-group
2026-07-15 05:34:37.308 1 INFO neutron.api.extensions [None req-1ccce823-b489-40ff-8573-38ed79ac7336 - - - - - -] Loaded extension: segment
2026-07-15 05:34:37.308 1 INFO neutron.api.extensions [None req-1ccce823-b489-40ff-8573-38ed79ac7336 - - - - - -] Loaded extension: segments-peer-subnet-host-routes
2026-07-15 05:34:37.309 1 INFO neutron.api.extensions [None req-1ccce823-b489-40ff-8573-38ed79ac7336 - - - - - -] Loaded extension: service-type
2026-07-15 05:34:37.309 1 INFO neutron.api.extensions [None req-1ccce823-b489-40ff-8573-38ed79ac7336 - - - - - -] Loaded extension: sorting
2026-07-15 05:34:37.309 1 INFO neutron.api.extensions [None req-1ccce823-b489-40ff-8573-38ed79ac7336 - - - - - -] Loaded extension: standard-attr-segment
2026-07-15 05:34:37.310 1 INFO neutron.api.extensions [None req-1ccce823-b489-40ff-8573-38ed79ac7336 - - - - - -] Loaded extension: standard-attr-description
2026-07-15 05:34:37.311 1 INFO neutron.api.extensions [None req-1ccce823-b489-40ff-8573-38ed79ac7336 - - - - - -] Loaded extension: stateful-security-group
2026-07-15 05:34:37.311 1 WARNING neutron.api.extensions [None req-1ccce823-b489-40ff-8573-38ed79ac7336 - - - - - -] Did not find expected name "Stdattrs_common" in /var/lib/openstack/lib/python3.10/site-packages/neutron/extensions/stdattrs_common.py
2026-07-15 05:34:37.311 1 INFO neutron.api.extensions [None req-1ccce823-b489-40ff-8573-38ed79ac7336 - - - - - -] Extension subnet-dns-publish-fixed-ip not supported by any of loaded plugins
2026-07-15 05:34:37.312 1 INFO neutron.api.extensions [None req-1ccce823-b489-40ff-8573-38ed79ac7336 - - - - - -] Loaded extension: subnet_onboard
2026-07-15 05:34:37.312 1 INFO neutron.api.extensions [None req-1ccce823-b489-40ff-8573-38ed79ac7336 - - - - - -] Loaded extension: subnet-segmentid-writable
2026-07-15 05:34:37.313 1 INFO neutron.api.extensions [None req-1ccce823-b489-40ff-8573-38ed79ac7336 - - - - - -] Loaded extension: subnet-service-types
2026-07-15 05:34:37.313 1 INFO neutron.api.extensions [None req-1ccce823-b489-40ff-8573-38ed79ac7336 - - - - - -] Loaded extension: subnet_allocation
2026-07-15 05:34:37.314 1 INFO neutron.api.extensions [None req-1ccce823-b489-40ff-8573-38ed79ac7336 - - - - - -] Loaded extension: subnetpool-prefix-ops
2026-07-15 05:34:37.315 1 INFO neutron.api.extensions [None req-1ccce823-b489-40ff-8573-38ed79ac7336 - - - - - -] Extension tag-ports-during-bulk-creation not supported by any of loaded plugins
2026-07-15 05:34:37.316 1 INFO neutron.api.extensions [None req-1ccce823-b489-40ff-8573-38ed79ac7336 - - - - - -] Loaded extension: standard-attr-tag
2026-07-15 05:34:37.317 1 INFO neutron.api.extensions [None req-1ccce823-b489-40ff-8573-38ed79ac7336 - - - - - -] Loaded extension: standard-attr-timestamp
2026-07-15 05:34:37.318 1 INFO neutron.api.extensions [None req-1ccce823-b489-40ff-8573-38ed79ac7336 - - - - - -] Loaded extension: trunk
2026-07-15 05:34:37.318 1 INFO neutron.api.extensions [None req-1ccce823-b489-40ff-8573-38ed79ac7336 - - - - - -] Loaded extension: trunk-details
2026-07-15 05:34:37.319 1 INFO neutron.api.extensions [None req-1ccce823-b489-40ff-8573-38ed79ac7336 - - - - - -] Extension uplink-status-propagation not supported by any of loaded plugins
2026-07-15 05:34:37.319 1 INFO neutron.api.extensions [None req-1ccce823-b489-40ff-8573-38ed79ac7336 - - - - - -] Extension vlan-transparent not supported by any of loaded plugins
2026-07-15 05:34:37.320 1 INFO neutron.api.extensions [None req-1ccce823-b489-40ff-8573-38ed79ac7336 - - - - - -] Loaded extension: vpn-endpoint-groups
2026-07-15 05:34:37.320 1 INFO neutron.api.extensions [None req-1ccce823-b489-40ff-8573-38ed79ac7336 - - - - - -] Loaded extension: vpn-flavors
2026-07-15 05:34:37.322 1 INFO neutron.api.extensions [None req-1ccce823-b489-40ff-8573-38ed79ac7336 - - - - - -] Loaded extension: vpnaas
2026-07-15 05:34:37.325 1 INFO oslo_service.service [None req-1ccce823-b489-40ff-8573-38ed79ac7336 - - - - - -] Starting 2 workers
2026-07-15 05:34:37.329 1 INFO oslo_service.service [None req-1ccce823-b489-40ff-8573-38ed79ac7336 - - - - - -] Starting 1 workers
2026-07-15 05:35:12.398 9 INFO neutron.db.l3_hamode_db [None req-fd0401b4-a621-447f-b41c-49d1d6facc45 - - - - - -] Number of active agents lower than max_l3_agents_per_router. L3 agents available: 1
2026-07-15 05:35:24.679 10 INFO neutron.plugins.ml2.plugin [None req-fda0d1c3-8962-4234-b80d-f936203e3719 - - - - - -] Attempt 1 to provision port 4837e706-bbbc-450f-8acb-4b011bb889ce
2026-07-15 05:35:26.300 9 INFO neutron.plugins.ml2.plugin [None req-fda0d1c3-8962-4234-b80d-f936203e3719 - - - - - -] Attempt 1 to provision port 4837e706-bbbc-450f-8acb-4b011bb889ce
2026-07-15 05:35:26.631 9 INFO neutron.plugins.ml2.plugin [None req-cf57570b-c576-41c6-aa80-6d7d786be6cc - - - - - -] Attempt 1 to provision port 4837e706-bbbc-450f-8acb-4b011bb889ce
2026-07-15 05:35:26.898 10 INFO neutron.plugins.ml2.plugin [None req-ee2e6148-6042-4516-ba50-c66c45f9a86b - - - - - -] Attempt 1 to provision port 4837e706-bbbc-450f-8acb-4b011bb889ce
2026-07-15 05:42:02.595 10 INFO neutron.plugins.ml2.plugin [None req-fda0d1c3-8962-4234-b80d-f936203e3719 - - - - - -] Attempt 1 to provision port f3743d27-f39e-4ce8-bb7c-4e0660594b3d
2026-07-15 05:42:03.882 10 INFO neutron.plugins.ml2.plugin [None req-ae224f00-3267-49ad-b3e5-9e93076d83af - - - - - -] Attempt 1 to provision port f3743d27-f39e-4ce8-bb7c-4e0660594b3d
2026-07-15 05:42:04.172 9 INFO neutron.plugins.ml2.plugin [None req-e7216e7a-b3af-48d4-875b-35212c1b25d6 - - - - - -] Attempt 1 to provision port f3743d27-f39e-4ce8-bb7c-4e0660594b3d
2026-07-15 05:42:04.562 10 INFO neutron.plugins.ml2.plugin [None req-fda0d1c3-8962-4234-b80d-f936203e3719 - - - - - -] Attempt 1 to provision port f3743d27-f39e-4ce8-bb7c-4e0660594b3d
2026-07-15 05:42:09.091 9 INFO neutron.plugins.ml2.plugin [None req-2f6b5ba7-e646-4196-ae6d-957afacce16d - - - - - -] Attempt 1 to provision port 2847b176-8168-4241-94e5-753b5c750c41
2026-07-15 05:45:46.837 9 INFO neutron.plugins.ml2.plugin [None req-fda0d1c3-8962-4234-b80d-f936203e3719 - - - - - -] Attempt 1 to provision port 2847b176-8168-4241-94e5-753b5c750c41
2026-07-15 05:45:48.759 10 INFO neutron.plugins.ml2.plugin [None req-fda0d1c3-8962-4234-b80d-f936203e3719 - - - - - -] Attempt 1 to provision port 2847b176-8168-4241-94e5-753b5c750c41
2026-07-15 05:55:05.791 9 INFO neutron.plugins.ml2.plugin [None req-fda0d1c3-8962-4234-b80d-f936203e3719 - - - - - -] Attempt 1 to provision port a9bb0252-6287-4e90-beeb-1e18c11419f3
2026-07-15 05:55:07.761 10 INFO neutron.plugins.ml2.plugin [None req-fda0d1c3-8962-4234-b80d-f936203e3719 - - - - - -] Attempt 1 to provision port a9bb0252-6287-4e90-beeb-1e18c11419f3
2026-07-15 06:11:26.458 9 INFO neutron.plugins.ml2.plugin [None req-fda0d1c3-8962-4234-b80d-f936203e3719 - - - - - -] Attempt 1 to provision port 5486fb99-6e29-4b2c-bfdf-1ea065aa4d94
2026-07-15 06:11:27.073 10 INFO neutron.plugins.ml2.plugin [None req-82d52cd8-5d1c-4f89-b179-940e9a845189 - - - - - -] Attempt 1 to provision port afd4ad6c-74d8-4a84-ad48-d9b43c07dc60
2026-07-15 06:11:27.320 9 INFO neutron.plugins.ml2.plugin [None req-d435070b-2643-400c-afb0-741716322077 - - - - - -] Attempt 1 to provision port 2cf3d0ef-75a8-4b18-b666-0eb3decced47
2026-07-15 06:11:28.364 9 INFO neutron.plugins.ml2.plugin [None req-aefa4c55-ef88-46cb-b558-5b48c6dfc0fc - - - - - -] Attempt 1 to provision port 5486fb99-6e29-4b2c-bfdf-1ea065aa4d94
2026-07-15 06:11:28.569 10 INFO neutron.plugins.ml2.plugin [None req-fda0d1c3-8962-4234-b80d-f936203e3719 - - - - - -] Attempt 1 to provision port 5486fb99-6e29-4b2c-bfdf-1ea065aa4d94
2026-07-15 06:11:28.645 10 INFO neutron.plugins.ml2.plugin [None req-23ca0c73-2f34-4196-9489-fa489d4da601 - - - - - -] Attempt 1 to provision port 85186c57-d790-4111-b997-a3cade16c6f7
2026-07-15 06:11:29.246 10 INFO neutron.plugins.ml2.plugin [None req-fda0d1c3-8962-4234-b80d-f936203e3719 - - - - - -] Attempt 1 to provision port 85186c57-d790-4111-b997-a3cade16c6f7
2026-07-15 06:11:29.289 10 INFO neutron.plugins.ml2.plugin [None req-f8f273e6-db4c-4e58-a5a4-0437a075b8c7 - - - - - -] Attempt 1 to provision port 5486fb99-6e29-4b2c-bfdf-1ea065aa4d94
2026-07-15 06:11:29.439 10 INFO neutron.plugins.ml2.plugin [None req-f8f273e6-db4c-4e58-a5a4-0437a075b8c7 - - - - - -] Attempt 1 to provision port 85186c57-d790-4111-b997-a3cade16c6f7
2026-07-15 06:11:29.827 9 INFO neutron.plugins.ml2.plugin [None req-7ef843bf-e354-46dd-ba00-68b583f41499 - - - - - -] Attempt 1 to provision port b22a9987-c5c8-47a5-856c-301d9b16dbe1
2026-07-15 06:11:29.967 10 INFO neutron.plugins.ml2.plugin [None req-a33a8f6f-560a-44e4-8fc8-2fac5f1c5ffb - - - - - -] Attempt 1 to provision port d6179937-c4c4-474b-9e54-78a60b6dab0d
2026-07-15 06:11:30.220 9 INFO neutron.plugins.ml2.plugin [None req-e80a2b8d-2be0-47b5-9ef5-392fc71df590 - - - - - -] Attempt 1 to provision port b22a9987-c5c8-47a5-856c-301d9b16dbe1
2026-07-15 06:11:30.346 10 INFO neutron.plugins.ml2.plugin [None req-fda0d1c3-8962-4234-b80d-f936203e3719 - - - - - -] Attempt 1 to provision port 85186c57-d790-4111-b997-a3cade16c6f7
2026-07-15 06:11:30.376 9 INFO neutron.plugins.ml2.plugin [None req-f9a4e613-3dc3-4ce5-bb27-594ceb55e37b - - - - - -] Attempt 1 to provision port d6179937-c4c4-474b-9e54-78a60b6dab0d
2026-07-15 06:11:36.805 10 INFO neutron.plugins.ml2.plugin [None req-316b17bb-43c6-44d6-ba6b-62eb2cab46c9 - - - - - -] Attempt 1 to provision port acde1c3e-9a84-4f0c-b468-ade4041eb8c5 /var/lib/openstack/lib/python3.10/site-packages/oslo_db/sqlalchemy/enginefacade.py:676: SAWarning: DELETE statement on table 'portsecuritybindings' expected to delete 1 row(s); 0 were matched. Please set confirm_deleted_rows=False within the mapper configuration to prevent this warning. self.session.flush() /var/lib/openstack/lib/python3.10/site-packages/oslo_db/sqlalchemy/enginefacade.py:676: SAWarning: DELETE statement on table 'ml2_port_bindings' expected to delete 1 row(s); 0 were matched. Please set confirm_deleted_rows=False within the mapper configuration to prevent this warning. self.session.flush() /var/lib/openstack/lib/python3.10/site-packages/oslo_db/sqlalchemy/enginefacade.py:676: SAWarning: DELETE statement on table 'ml2_port_binding_levels' expected to delete 1 row(s); 0 were matched. Please set confirm_deleted_rows=False within the mapper configuration to prevent this warning. self.session.flush() /var/lib/openstack/lib/python3.10/site-packages/oslo_db/sqlalchemy/enginefacade.py:676: SAWarning: DELETE statement on table 'ports' expected to delete 1 row(s); 0 were matched. Please set confirm_deleted_rows=False within the mapper configuration to prevent this warning. self.session.flush()
2026-07-15 06:11:38.406 9 INFO neutron.plugins.ml2.plugin [None req-fda0d1c3-8962-4234-b80d-f936203e3719 - - - - - -] Attempt 1 to provision port e0685c4e-cf9c-46ee-9318-431d9e9e071e
2026-07-15 06:11:40.398 9 INFO neutron.plugins.ml2.plugin [None req-fda0d1c3-8962-4234-b80d-f936203e3719 - - - - - -] Attempt 1 to provision port e0685c4e-cf9c-46ee-9318-431d9e9e071e
2026-07-15 06:11:41.913 10 INFO neutron.plugins.ml2.plugin [None req-2d8f86fe-4167-40c6-acb0-50c5ac6832ad - - - - - -] Attempt 1 to provision port ea025eb5-f8c8-4495-844f-6717a91ab427
2026-07-15 06:11:42.477 10 INFO neutron.plugins.ml2.plugin [None req-fda0d1c3-8962-4234-b80d-f936203e3719 - - - - - -] Attempt 1 to provision port fe197466-1e1c-4a5f-b250-6535ce76bd0d
2026-07-15 06:11:42.924 10 INFO neutron.plugins.ml2.plugin [None req-fda0d1c3-8962-4234-b80d-f936203e3719 - - - - - -] Attempt 1 to provision port acde1c3e-9a84-4f0c-b468-ade4041eb8c5
2026-07-15 06:11:43.548 10 INFO neutron.notifiers.nova [-] Nova event matching ['req-c2aaf5ef-61b4-42c1-a704-5f238d1d32c6'] response: {'server_uuid': 'c430b53a-9348-4cb6-a9c0-b54290768f83', 'name': 'network-vif-plugged', 'status': 'completed', 'tag': 'acde1c3e-9a84-4f0c-b468-ade4041eb8c5', 'code': 200}
2026-07-15 06:11:44.174 10 INFO neutron.plugins.ml2.plugin [None req-dc382007-1100-4bfc-ab06-006e119504c9 - - - - - -] Attempt 1 to provision port fe197466-1e1c-4a5f-b250-6535ce76bd0d
2026-07-15 06:11:44.419 9 INFO neutron.plugins.ml2.plugin [None req-b1d5a0e8-0f19-41b4-a0e8-8f9e333e40aa - - - - - -] Attempt 1 to provision port fe197466-1e1c-4a5f-b250-6535ce76bd0d
2026-07-15 06:11:44.505 10 INFO neutron.plugins.ml2.plugin [None req-fda0d1c3-8962-4234-b80d-f936203e3719 - - - - - -] Attempt 1 to provision port fe197466-1e1c-4a5f-b250-6535ce76bd0d
2026-07-15 06:11:44.537 9 INFO neutron.plugins.ml2.plugin [None req-b1d5a0e8-0f19-41b4-a0e8-8f9e333e40aa - - - - - -] Attempt 1 to provision port a7b5f1a7-3dd4-4a27-a444-213a75626862
2026-07-15 06:11:44.675 9 INFO neutron.plugins.ml2.plugin [None req-0d4aa630-2d01-4705-bae4-2954621b494a - - - - - -] Attempt 1 to provision port a7b5f1a7-3dd4-4a27-a444-213a75626862
2026-07-15 06:11:44.942 10 INFO neutron.plugins.ml2.plugin [None req-8d08e920-e765-4bbb-bb6c-fb764da66196 - - - - - -] Attempt 1 to provision port a7b5f1a7-3dd4-4a27-a444-213a75626862
2026-07-15 06:11:44.991 10 INFO neutron.plugins.ml2.plugin [None req-fda0d1c3-8962-4234-b80d-f936203e3719 - - - - - -] Attempt 1 to provision port acde1c3e-9a84-4f0c-b468-ade4041eb8c5
2026-07-15 06:11:46.411 10 INFO neutron.plugins.ml2.plugin [None req-fda0d1c3-8962-4234-b80d-f936203e3719 - - - - - -] Attempt 1 to provision port 049c1923-453d-43d3-8388-23a16d29bbaf
2026-07-15 06:11:48.439 10 INFO neutron.plugins.ml2.plugin [None req-fda0d1c3-8962-4234-b80d-f936203e3719 - - - - - -] Attempt 1 to provision port 049c1923-453d-43d3-8388-23a16d29bbaf
2026-07-15 06:11:52.551 10 INFO neutron.plugins.ml2.plugin [None req-fda0d1c3-8962-4234-b80d-f936203e3719 - - - - - -] Attempt 1 to provision port ae5cddd3-0739-424d-b051-6ad552de7040
2026-07-15 06:11:53.972 10 INFO neutron.plugins.ml2.plugin [None req-90f4422f-e603-47fe-b236-5d74c3ceae0d - - - - - -] Attempt 1 to provision port ae5cddd3-0739-424d-b051-6ad552de7040
2026-07-15 06:11:55.064 10 INFO neutron.plugins.ml2.plugin [None req-a9c4017d-17eb-43ea-a03c-ff8d5a01ae28 - - - - - -] Attempt 1 to provision port f2822264-398c-4e1e-8794-4f49dce317e8
2026-07-15 06:11:56.424 9 INFO neutron.plugins.ml2.plugin [None req-fda0d1c3-8962-4234-b80d-f936203e3719 - - - - - -] Attempt 1 to provision port 37f47a04-566a-4704-bb40-68a90cb12dcb
2026-07-15 06:11:56.751 9 INFO neutron.plugins.ml2.plugin [None req-b6df5f4d-1733-43e3-b508-ac91f5ca1cc1 - - - - - -] Attempt 1 to provision port 37f47a04-566a-4704-bb40-68a90cb12dcb
2026-07-15 06:11:57.105 9 INFO neutron.plugins.ml2.plugin [None req-fa5daecb-77e1-49a5-be2c-1647056d1bf4 - - - - - -] Attempt 1 to provision port 37f47a04-566a-4704-bb40-68a90cb12dcb
2026-07-15 06:11:57.892 9 INFO neutron.plugins.ml2.plugin [None req-e80d9faa-4ae6-4901-a623-f41195910cae - - - - - -] Attempt 1 to provision port ea8e8093-d2ab-433c-9aa2-ae142489d225
2026-07-15 06:11:58.573 10 INFO neutron.plugins.ml2.plugin [None req-fda0d1c3-8962-4234-b80d-f936203e3719 - - - - - -] Attempt 1 to provision port 6f9e6d21-21cc-4160-86ae-16d8700328c0
2026-07-15 06:11:58.644 9 INFO neutron.plugins.ml2.plugin [None req-ca06f88c-bb8b-4ec7-a621-696600d3720c - - - - - -] Attempt 1 to provision port ea8e8093-d2ab-433c-9aa2-ae142489d225
2026-07-15 06:11:59.091 10 INFO neutron.plugins.ml2.plugin [None req-fda0d1c3-8962-4234-b80d-f936203e3719 - - - - - -] Attempt 1 to provision port 37f47a04-566a-4704-bb40-68a90cb12dcb
2026-07-15 06:11:59.408 10 INFO neutron.plugins.ml2.plugin [None req-fda0d1c3-8962-4234-b80d-f936203e3719 - - - - - -] Attempt 1 to provision port d6179937-c4c4-474b-9e54-78a60b6dab0d
2026-07-15 06:11:59.730 10 INFO neutron.plugins.ml2.plugin [None req-fda0d1c3-8962-4234-b80d-f936203e3719 - - - - - -] Attempt 1 to provision port 2cf3d0ef-75a8-4b18-b666-0eb3decced47
2026-07-15 06:12:00.530 9 INFO neutron.plugins.ml2.plugin [None req-fda0d1c3-8962-4234-b80d-f936203e3719 - - - - - -] Attempt 1 to provision port 6f9e6d21-21cc-4160-86ae-16d8700328c0
2026-07-15 06:12:00.823 9 INFO neutron.plugins.ml2.plugin [None req-fda0d1c3-8962-4234-b80d-f936203e3719 - - - - - -] Attempt 1 to provision port d6179937-c4c4-474b-9e54-78a60b6dab0d
2026-07-15 06:12:01.149 9 INFO neutron.plugins.ml2.plugin [None req-fda0d1c3-8962-4234-b80d-f936203e3719 - - - - - -] Attempt 1 to provision port 0abb861c-5171-4c51-b39f-402ac455292a
2026-07-15 06:12:01.220 10 INFO neutron.plugins.ml2.plugin [None req-c21fe70e-727f-44a9-8395-2d24ec77207e - - - - - -] Attempt 1 to provision port 0abb861c-5171-4c51-b39f-402ac455292a
2026-07-15 06:12:01.635 9 INFO neutron.plugins.ml2.plugin [None req-b3d78cf5-089f-43ce-a44c-6c09b8775bbd - - - - - -] Attempt 1 to provision port 0abb861c-5171-4c51-b39f-402ac455292a
2026-07-15 06:12:01.803 9 INFO neutron.plugins.ml2.plugin [None req-fda0d1c3-8962-4234-b80d-f936203e3719 - - - - - -] Attempt 1 to provision port 2cf3d0ef-75a8-4b18-b666-0eb3decced47
2026-07-15 06:12:02.137 9 INFO neutron.plugins.ml2.plugin [None req-47bd4341-449c-4a9f-9f5b-0fe8212dab32 - - - - - -] Attempt 1 to provision port acde1c3e-9a84-4f0c-b468-ade4041eb8c5
2026-07-15 06:12:02.782 10 INFO neutron.plugins.ml2.plugin [None req-fda0d1c3-8962-4234-b80d-f936203e3719 - - - - - -] Attempt 1 to provision port acde1c3e-9a84-4f0c-b468-ade4041eb8c5
2026-07-15 06:12:04.613 9 INFO neutron.plugins.ml2.plugin [None req-fda0d1c3-8962-4234-b80d-f936203e3719 - - - - - -] Attempt 1 to provision port 5520bd65-cc0f-4b53-9134-5a766c846db0
2026-07-15 06:12:04.788 10 INFO neutron.plugins.ml2.plugin [None req-65ca5521-13a1-4f4f-9d82-1eedcae5153e - - - - - -] Attempt 1 to provision port acde1c3e-9a84-4f0c-b468-ade4041eb8c5
2026-07-15 06:12:07.460 9 INFO neutron.notifiers.nova [-] Nova event matching ['req-4c9bf6af-6604-41b0-b56d-375d636bb635'] response: {'server_uuid': 'c430b53a-9348-4cb6-a9c0-b54290768f83', 'name': 'network-vif-unplugged', 'status': 'completed', 'tag': 'acde1c3e-9a84-4f0c-b468-ade4041eb8c5', 'code': 200}
2026-07-15 06:12:08.527 10 INFO neutron.plugins.ml2.plugin [None req-fda0d1c3-8962-4234-b80d-f936203e3719 - - - - - -] Attempt 1 to provision port f381fc7c-6b41-41fe-a5ad-c8e31ed79a35
2026-07-15 06:12:09.046 10 INFO neutron.plugins.ml2.plugin [None req-fda0d1c3-8962-4234-b80d-f936203e3719 - - - - - -] Attempt 1 to provision port 54015bc5-4e77-4416-80ba-3a8427235ae0
2026-07-15 06:12:09.640 10 INFO neutron.plugins.ml2.plugin [None req-e4821929-a977-4e88-b6ed-d04cca12fbd5 - - - - - -] Attempt 1 to provision port 75bd2037-a2b1-4807-93ac-4885cb55e337
2026-07-15 06:12:09.797 10 INFO neutron.plugins.ml2.plugin [None req-992b145f-fd95-44a1-a020-e0cc69b04442 - - - - - -] Attempt 1 to provision port 54015bc5-4e77-4416-80ba-3a8427235ae0
2026-07-15 06:12:10.109 9 INFO neutron.plugins.ml2.plugin [None req-63f2c32c-c347-4c70-a350-a120bcacb342 - - - - - -] Attempt 1 to provision port 54015bc5-4e77-4416-80ba-3a8427235ae0
2026-07-15 06:12:10.397 10 INFO neutron.plugins.ml2.plugin [None req-fda0d1c3-8962-4234-b80d-f936203e3719 - - - - - -] Attempt 1 to provision port f381fc7c-6b41-41fe-a5ad-c8e31ed79a35
2026-07-15 06:12:10.490 9 INFO neutron.plugins.ml2.plugin [None req-21353f65-5459-4ce9-9383-a679e63d3451 - - - - - -] Attempt 1 to provision port 3c7a3e4c-e56f-408b-a1a6-0ec5bd263cef
2026-07-15 06:12:10.643 9 INFO neutron.plugins.ml2.plugin [None req-472b5d5e-4b12-4daf-8395-b6d70a6eb86b - - - - - -] Attempt 1 to provision port f381fc7c-6b41-41fe-a5ad-c8e31ed79a35
2026-07-15 06:12:10.852 10 INFO neutron.plugins.ml2.plugin [None req-4b106e09-8d7b-4230-83c8-df701c07f277 - - - - - -] Attempt 1 to provision port 3c7a3e4c-e56f-408b-a1a6-0ec5bd263cef
2026-07-15 06:12:10.868 10 INFO neutron.plugins.ml2.plugin [None req-fda0d1c3-8962-4234-b80d-f936203e3719 - - - - - -] Attempt 1 to provision port 54015bc5-4e77-4416-80ba-3a8427235ae0
2026-07-15 06:12:11.107 9 INFO neutron.plugins.ml2.plugin [None req-ed93b8c0-0d39-4e27-8faa-23d83f898011 - - - - - -] Attempt 1 to provision port f381fc7c-6b41-41fe-a5ad-c8e31ed79a35
2026-07-15 06:12:12.360 10 INFO neutron.plugins.ml2.plugin [None req-e793b42f-a28f-4442-a312-c7b970786073 - - - - - -] Attempt 1 to provision port 603ed94a-8179-471a-9021-9645d6d29e55
2026-07-15 06:12:12.910 9 INFO neutron.plugins.ml2.plugin [None req-c02508fd-a1e8-42d1-9582-6af2b87e54ba - - - - - -] Attempt 1 to provision port 603ed94a-8179-471a-9021-9645d6d29e55 /var/lib/openstack/lib/python3.10/site-packages/oslo_db/sqlalchemy/enginefacade.py:676: SAWarning: DELETE statement on table 'portsecuritybindings' expected to delete 1 row(s); 0 were matched. Please set confirm_deleted_rows=False within the mapper configuration to prevent this warning. self.session.flush() /var/lib/openstack/lib/python3.10/site-packages/oslo_db/sqlalchemy/enginefacade.py:676: SAWarning: DELETE statement on table 'ml2_port_bindings' expected to delete 1 row(s); 0 were matched. Please set confirm_deleted_rows=False within the mapper configuration to prevent this warning. self.session.flush() /var/lib/openstack/lib/python3.10/site-packages/oslo_db/sqlalchemy/enginefacade.py:676: SAWarning: DELETE statement on table 'ml2_port_binding_levels' expected to delete 1 row(s); 0 were matched. Please set confirm_deleted_rows=False within the mapper configuration to prevent this warning. self.session.flush() /var/lib/openstack/lib/python3.10/site-packages/oslo_db/sqlalchemy/enginefacade.py:676: SAWarning: DELETE statement on table 'ports' expected to delete 1 row(s); 0 were matched. Please set confirm_deleted_rows=False within the mapper configuration to prevent this warning. self.session.flush()
2026-07-15 06:12:14.562 10 INFO neutron.plugins.ml2.plugin [None req-fda0d1c3-8962-4234-b80d-f936203e3719 - - - - - -] Attempt 1 to provision port 75bd2037-a2b1-4807-93ac-4885cb55e337
2026-07-15 06:12:14.692 10 INFO neutron.notifiers.nova [-] Nova event matching ['req-0a3b02dd-27d0-4076-8f0b-e6ad874ecf25'] response: {'server_uuid': '22450e42-00e1-455c-91c9-cc418e273421', 'name': 'network-vif-plugged', 'status': 'completed', 'tag': '75bd2037-a2b1-4807-93ac-4885cb55e337', 'code': 200}
2026-07-15 06:12:16.437 10 INFO neutron.plugins.ml2.plugin [None req-fda0d1c3-8962-4234-b80d-f936203e3719 - - - - - -] Attempt 1 to provision port 75bd2037-a2b1-4807-93ac-4885cb55e337
2026-07-15 06:12:16.674 10 INFO neutron.plugins.ml2.plugin [None req-fda0d1c3-8962-4234-b80d-f936203e3719 - - - - - -] Attempt 1 to provision port ea8e8093-d2ab-433c-9aa2-ae142489d225
2026-07-15 06:12:16.980 10 INFO neutron.plugins.ml2.plugin [None req-fda0d1c3-8962-4234-b80d-f936203e3719 - - - - - -] Attempt 1 to provision port f2822264-398c-4e1e-8794-4f49dce317e8
2026-07-15 06:12:18.444 9 INFO neutron.plugins.ml2.plugin [None req-fda0d1c3-8962-4234-b80d-f936203e3719 - - - - - -] Attempt 1 to provision port ea8e8093-d2ab-433c-9aa2-ae142489d225
2026-07-15 06:12:18.809 9 INFO neutron.plugins.ml2.plugin [None req-fda0d1c3-8962-4234-b80d-f936203e3719 - - - - - -] Attempt 1 to provision port f2822264-398c-4e1e-8794-4f49dce317e8
2026-07-15 06:12:19.598 10 INFO neutron.plugins.ml2.plugin [None req-f179557b-e528-4835-a369-e46c041ac4a1 - - - - - -] Attempt 1 to provision port 9bfb6370-a7d9-4135-a546-ab77c816c2d1
2026-07-15 06:12:20.476 9 INFO neutron.plugins.ml2.plugin [None req-fda0d1c3-8962-4234-b80d-f936203e3719 - - - - - -] Attempt 1 to provision port 5d8d1618-c7d4-44e6-8065-40b5739d0771
2026-07-15 06:12:21.072 9 INFO neutron.plugins.ml2.plugin [None req-fda0d1c3-8962-4234-b80d-f936203e3719 - - - - - -] Attempt 1 to provision port 270239c7-3276-42fa-ae7f-24c6f70cc23f
2026-07-15 06:12:21.364 9 INFO neutron.plugins.ml2.plugin [None req-42bb4e5a-fdef-42df-9412-845dd4858929 - - - - - -] Attempt 1 to provision port 270239c7-3276-42fa-ae7f-24c6f70cc23f
2026-07-15 06:12:21.767 10 INFO neutron.plugins.ml2.plugin [None req-07017e0f-a1d7-48f1-8f5c-c035249d1f78 - - - - - -] Attempt 1 to provision port 270239c7-3276-42fa-ae7f-24c6f70cc23f
2026-07-15 06:12:22.077 9 INFO neutron.plugins.ml2.plugin [None req-47d1065c-693c-4880-a725-d94029c867ad - - - - - -] Attempt 1 to provision port 5d8d1618-c7d4-44e6-8065-40b5739d0771
2026-07-15 06:12:22.410 10 INFO neutron.plugins.ml2.plugin [None req-51b8a3e3-5707-4659-8d7c-36813bb2f089 - - - - - -] Attempt 1 to provision port b0669639-cd72-4caf-a236-1a684c3231b9
2026-07-15 06:12:22.459 9 INFO neutron.plugins.ml2.plugin [None req-fda0d1c3-8962-4234-b80d-f936203e3719 - - - - - -] Attempt 1 to provision port 5d8d1618-c7d4-44e6-8065-40b5739d0771
2026-07-15 06:12:22.494 10 INFO neutron.plugins.ml2.plugin [None req-51b8a3e3-5707-4659-8d7c-36813bb2f089 - - - - - -] Attempt 1 to provision port 5d8d1618-c7d4-44e6-8065-40b5739d0771
2026-07-15 06:12:22.720 10 INFO neutron.plugins.ml2.plugin [None req-b5550dc2-a859-4c6e-bf4b-0c67bf7ce30a - - - - - -] Attempt 1 to provision port b0669639-cd72-4caf-a236-1a684c3231b9
2026-07-15 06:12:22.786 9 INFO neutron.plugins.ml2.plugin [None req-fda0d1c3-8962-4234-b80d-f936203e3719 - - - - - -] Attempt 1 to provision port 270239c7-3276-42fa-ae7f-24c6f70cc23f
2026-07-15 06:12:22.890 9 INFO neutron.plugins.ml2.plugin [None req-6141776c-e7c3-4abf-9828-1e27892bdf0b - - - - - -] Attempt 1 to provision port 2b82da0e-963f-48fd-a35c-e97685aa31f0
2026-07-15 06:12:23.644 10 INFO neutron.plugins.ml2.plugin [None req-8744829d-5628-4570-8082-66c48ceeb650 - - - - - -] Attempt 1 to provision port b0669639-cd72-4caf-a236-1a684c3231b9
2026-07-15 06:12:23.675 10 INFO neutron.plugins.ml2.plugin [None req-8744829d-5628-4570-8082-66c48ceeb650 - - - - - -] Attempt 1 to provision port 2b82da0e-963f-48fd-a35c-e97685aa31f0
2026-07-15 06:12:24.453 10 INFO neutron.plugins.ml2.plugin [None req-fda0d1c3-8962-4234-b80d-f936203e3719 - - - - - -] Attempt 1 to provision port 1cbfe6a8-f966-4404-9b38-23ca70e87232
