2026-07-15 06:15:08.921 7 INFO placement.requestlog [req-fb0944dd-d8c8-416a-afe7-1d0d34d7ab19 req-4ab1a976-8259-4a46-abeb-375ff48e06b6 12ca9751597b4f0db86642f157e94638 4cd01a590b3944eabf9770cadd6fe2da - - f82bab8ddfe344bdbeca8643cd471766 f82bab8ddfe344bdbeca8643cd471766] 199.19.213.242 "GET /allocations/8f9322a9-3c26-4c72-af59-696cffe663af" status: 200 len: 258 microversion: 1.28 [pid: 7|app: 0|req: 563/1131] 199.19.213.242 () {34 vars in 862 bytes} [Wed Jul 15 06:15:08 2026] GET /allocations/8f9322a9-3c26-4c72-af59-696cffe663af => generated 258 bytes in 20 msecs (HTTP/1.1 200) 8 headers in 296 bytes (1 switches on core 0)
2026-07-15 06:15:08.945 8 INFO placement.requestlog [req-fb0944dd-d8c8-416a-afe7-1d0d34d7ab19 req-27a34e4e-7b42-4197-bfbb-1f37743f4438 12ca9751597b4f0db86642f157e94638 4cd01a590b3944eabf9770cadd6fe2da - - f82bab8ddfe344bdbeca8643cd471766 f82bab8ddfe344bdbeca8643cd471766] 199.19.213.242 "GET /allocations/e918ee28-f99f-472c-963f-dad8a7d54c17" status: 200 len: 245 microversion: 1.28 [pid: 8|app: 0|req: 569/1132] 199.19.213.242 () {34 vars in 862 bytes} [Wed Jul 15 06:15:08 2026] GET /allocations/e918ee28-f99f-472c-963f-dad8a7d54c17 => generated 245 bytes in 17 msecs (HTTP/1.1 200) 8 headers in 296 bytes (1 switches on core 0)
2026-07-15 06:15:08.969 7 INFO placement.requestlog [req-fb0944dd-d8c8-416a-afe7-1d0d34d7ab19 req-59a4e558-d33e-483d-b314-d8d72523707a 12ca9751597b4f0db86642f157e94638 4cd01a590b3944eabf9770cadd6fe2da - - f82bab8ddfe344bdbeca8643cd471766 f82bab8ddfe344bdbeca8643cd471766] 199.19.213.242 "GET /allocations/583c8ee5-849d-4476-bc78-12400ac6bdea" status: 200 len: 258 microversion: 1.28 [pid: 7|app: 0|req: 564/1133] 199.19.213.242 () {34 vars in 862 bytes} [Wed Jul 15 06:15:08 2026] GET /allocations/583c8ee5-849d-4476-bc78-12400ac6bdea => generated 258 bytes in 16 msecs (HTTP/1.1 200) 8 headers in 296 bytes (1 switches on core 0)
2026-07-15 06:15:18.357 8 INFO placement.requestlog [None req-02b54518-a686-4927-9db9-c288a11f7814 - - - - - -] 10.0.0.98 "GET /" status: 200 len: 136 microversion: 1.0
2026-07-15 06:15:18.357 7 INFO placement.requestlog [None req-63f6dacf-22dd-4fea-a264-393c2a2d1557 - - - - - -] 10.0.0.98 "GET /" status: 200 len: 136 microversion: 1.0
2026-07-15 06:15:22.816 8 INFO placement.requestlog [req-b98245c0-8f53-471f-ba1b-13dc99a92910 req-681f0bd6-4a23-495d-9069-878bc831b723 12ca9751597b4f0db86642f157e94638 4cd01a590b3944eabf9770cadd6fe2da - - f82bab8ddfe344bdbeca8643cd471766 f82bab8ddfe344bdbeca8643cd471766] 10.0.0.24 "GET /allocation_candidates?limit=1000&resources=DISK_GB%3A1%2CMEMORY_MB%3A512%2CVCPU%3A1&root_required=%21COMPUTE_STATUS_DISABLED" status: 200 len: 2150 microversion: 1.36 [pid: 8|app: 0|req: 571/1136] 10.0.0.24 () {34 vars in 1010 bytes} [Wed Jul 15 06:15:22 2026] GET /allocation_candidates?limit=1000&resources=DISK_GB%3A1%2CMEMORY_MB%3A512%2CVCPU%3A1&root_required=%21COMPUTE_STATUS_DISABLED => generated 2150 bytes in 43 msecs (HTTP/1.1 200) 8 headers in 297 bytes (1 switches on core 0)
2026-07-15 06:15:22.847 7 INFO placement.requestlog [req-b98245c0-8f53-471f-ba1b-13dc99a92910 req-f57cc182-e5f8-4e4d-87d7-7fc0ee2ac444 12ca9751597b4f0db86642f157e94638 4cd01a590b3944eabf9770cadd6fe2da - - f82bab8ddfe344bdbeca8643cd471766 f82bab8ddfe344bdbeca8643cd471766] 10.0.0.24 "GET /allocations/6fcf2210-d029-4e9a-8349-2c99f92af81d" status: 200 len: 19 microversion: 1.28 [pid: 7|app: 0|req: 566/1137] 10.0.0.24 () {34 vars in 859 bytes} [Wed Jul 15 06:15:22 2026] GET /allocations/6fcf2210-d029-4e9a-8349-2c99f92af81d => generated 19 bytes in 14 msecs (HTTP/1.1 200) 8 headers in 295 bytes (1 switches on core 0)
2026-07-15 06:15:22.920 8 INFO placement.requestlog [req-b98245c0-8f53-471f-ba1b-13dc99a92910 req-c3dd0bbe-ec31-482e-b756-7ddf16850a1c 12ca9751597b4f0db86642f157e94638 4cd01a590b3944eabf9770cadd6fe2da - - f82bab8ddfe344bdbeca8643cd471766 f82bab8ddfe344bdbeca8643cd471766] 10.0.0.24 "PUT /allocations/6fcf2210-d029-4e9a-8349-2c99f92af81d" status: 204 len: 0 microversion: 1.36 [pid: 8|app: 0|req: 572/1138] 10.0.0.24 () {38 vars in 912 bytes} [Wed Jul 15 06:15:22 2026] PUT /allocations/6fcf2210-d029-4e9a-8349-2c99f92af81d => generated 0 bytes in 66 msecs (HTTP/1.1 204) 5 headers in 199 bytes (1 switches on core 0)
2026-07-15 06:15:23.153 7 INFO placement.requestlog [req-b98245c0-8f53-471f-ba1b-13dc99a92910 req-ddefbe7e-e23a-4229-8afd-59ec3a943df7 12ca9751597b4f0db86642f157e94638 4cd01a590b3944eabf9770cadd6fe2da - - f82bab8ddfe344bdbeca8643cd471766 f82bab8ddfe344bdbeca8643cd471766] 199.19.213.242 "GET /allocations/6fcf2210-d029-4e9a-8349-2c99f92af81d" status: 200 len: 258 microversion: 1.28 [pid: 7|app: 0|req: 567/1139] 199.19.213.242 () {34 vars in 862 bytes} [Wed Jul 15 06:15:23 2026] GET /allocations/6fcf2210-d029-4e9a-8349-2c99f92af81d => generated 258 bytes in 10 msecs (HTTP/1.1 200) 8 headers in 296 bytes (1 switches on core 0)
2026-07-15 06:15:23.298 8 INFO placement.requestlog [req-b98245c0-8f53-471f-ba1b-13dc99a92910 req-4df81a00-69e3-4bab-81e4-32eb40379fac 12ca9751597b4f0db86642f157e94638 4cd01a590b3944eabf9770cadd6fe2da - - f82bab8ddfe344bdbeca8643cd471766 f82bab8ddfe344bdbeca8643cd471766] 199.19.213.242 "GET /resource_providers/1ce774b5-2ae9-432f-97e8-5672c1ff349a/allocations" status: 200 len: 540 microversion: 1.0 [pid: 8|app: 0|req: 573/1140] 199.19.213.242 () {32 vars in 856 bytes} [Wed Jul 15 06:15:23 2026] GET /resource_providers/1ce774b5-2ae9-432f-97e8-5672c1ff349a/allocations => generated 540 bytes in 29 msecs (HTTP/1.1 200) 6 headers in 224 bytes (1 switches on core 0)
2026-07-15 06:15:23.347 7 INFO placement.requestlog [req-b98245c0-8f53-471f-ba1b-13dc99a92910 req-86841260-9518-4a17-8d1f-ef3fcda47671 12ca9751597b4f0db86642f157e94638 4cd01a590b3944eabf9770cadd6fe2da - - f82bab8ddfe344bdbeca8643cd471766 f82bab8ddfe344bdbeca8643cd471766] 199.19.213.242 "GET /allocations/602fc0e8-88a4-462f-95bf-de3235f037a5" status: 200 len: 258 microversion: 1.28 [pid: 7|app: 0|req: 568/1141] 199.19.213.242 () {34 vars in 862 bytes} [Wed Jul 15 06:15:23 2026] GET /allocations/602fc0e8-88a4-462f-95bf-de3235f037a5 => generated 258 bytes in 40 msecs (HTTP/1.1 200) 8 headers in 296 bytes (1 switches on core 0)
2026-07-15 06:15:23.376 8 INFO placement.requestlog [req-b98245c0-8f53-471f-ba1b-13dc99a92910 req-01bdddd4-0daa-4ccc-96cc-ae3413d5a1f6 12ca9751597b4f0db86642f157e94638 4cd01a590b3944eabf9770cadd6fe2da - - f82bab8ddfe344bdbeca8643cd471766 f82bab8ddfe344bdbeca8643cd471766] 199.19.213.242 "GET /allocations/8f9322a9-3c26-4c72-af59-696cffe663af" status: 200 len: 258 microversion: 1.28 [pid: 8|app: 0|req: 574/1142] 199.19.213.242 () {34 vars in 862 bytes} [Wed Jul 15 06:15:23 2026] GET /allocations/8f9322a9-3c26-4c72-af59-696cffe663af => generated 258 bytes in 21 msecs (HTTP/1.1 200) 8 headers in 296 bytes (1 switches on core 0)
2026-07-15 06:15:23.402 7 INFO placement.requestlog [req-b98245c0-8f53-471f-ba1b-13dc99a92910 req-36ec8c21-1509-4397-b282-795e487edfa6 12ca9751597b4f0db86642f157e94638 4cd01a590b3944eabf9770cadd6fe2da - - f82bab8ddfe344bdbeca8643cd471766 f82bab8ddfe344bdbeca8643cd471766] 199.19.213.242 "GET /allocations/e918ee28-f99f-472c-963f-dad8a7d54c17" status: 200 len: 245 microversion: 1.28 [pid: 7|app: 0|req: 569/1143] 199.19.213.242 () {34 vars in 862 bytes} [Wed Jul 15 06:15:23 2026] GET /allocations/e918ee28-f99f-472c-963f-dad8a7d54c17 => generated 245 bytes in 19 msecs (HTTP/1.1 200) 8 headers in 296 bytes (1 switches on core 0)
2026-07-15 06:15:23.429 8 INFO placement.requestlog [req-b98245c0-8f53-471f-ba1b-13dc99a92910 req-8fcb3e17-e9e8-40f5-b8c7-c2b452676742 12ca9751597b4f0db86642f157e94638 4cd01a590b3944eabf9770cadd6fe2da - - f82bab8ddfe344bdbeca8643cd471766 f82bab8ddfe344bdbeca8643cd471766] 199.19.213.242 "GET /allocations/6fcf2210-d029-4e9a-8349-2c99f92af81d" status: 200 len: 258 microversion: 1.28 [pid: 8|app: 0|req: 575/1144] 199.19.213.242 () {34 vars in 862 bytes} [Wed Jul 15 06:15:23 2026] GET /allocations/6fcf2210-d029-4e9a-8349-2c99f92af81d => generated 258 bytes in 19 msecs (HTTP/1.1 200) 8 headers in 296 bytes (1 switches on core 0)
2026-07-15 06:15:23.472 7 INFO placement.requestlog [req-b98245c0-8f53-471f-ba1b-13dc99a92910 req-dc1254ac-262a-4941-a189-6c3e255c8d8d 12ca9751597b4f0db86642f157e94638 4cd01a590b3944eabf9770cadd6fe2da - - f82bab8ddfe344bdbeca8643cd471766 f82bab8ddfe344bdbeca8643cd471766] 199.19.213.242 "GET /allocations/583c8ee5-849d-4476-bc78-12400ac6bdea" status: 200 len: 258 microversion: 1.28 [pid: 7|app: 0|req: 570/1145] 199.19.213.242 () {34 vars in 862 bytes} [Wed Jul 15 06:15:23 2026] GET /allocations/583c8ee5-849d-4476-bc78-12400ac6bdea => generated 258 bytes in 36 msecs (HTTP/1.1 200) 8 headers in 296 bytes (1 switches on core 0)
2026-07-15 06:15:28.357 8 INFO placement.requestlog [None req-96d661d7-b8a1-4d95-8503-1d174596053f - - - - - -] 10.0.0.98 "GET /" status: 200 len: 136 microversion: 1.0
2026-07-15 06:15:28.357 7 INFO placement.requestlog [None req-0d42e0b0-a8cb-4662-8e37-fc5dba1f5a0a - - - - - -] 10.0.0.98 "GET /" status: 200 len: 136 microversion: 1.0
2026-07-15 06:15:38.359 8 INFO placement.requestlog [None req-ad096c9e-c040-4e72-ac47-8c4c3a048593 - - - - - -] 10.0.0.98 "GET /" status: 200 len: 136 microversion: 1.0
2026-07-15 06:15:38.360 7 INFO placement.requestlog [None req-9d91a091-4f9b-412a-b587-41c44a62a7d0 - - - - - -] 10.0.0.98 "GET /" status: 200 len: 136 microversion: 1.0
2026-07-15 06:15:43.760 8 INFO placement.requestlog [None req-0cf5c50a-fa18-4118-8010-1ee22e28a959 e3aad07461384f3bb40b0a1d5c83de10 4cd01a590b3944eabf9770cadd6fe2da - - f82bab8ddfe344bdbeca8643cd471766 f82bab8ddfe344bdbeca8643cd471766] 10.0.0.79 "GET /resource_providers/aced7b35-b3e5-4145-9903-25b490121612/aggregates" status: 404 len: 235 microversion: 1.1 [pid: 8|app: 0|req: 578/1150] 10.0.0.79 () {32 vars in 814 bytes} [Wed Jul 15 06:15:43 2026] GET /resource_providers/aced7b35-b3e5-4145-9903-25b490121612/aggregates => generated 235 bytes in 21 msecs (HTTP/1.1 404) 5 headers in 202 bytes (1 switches on core 0)
2026-07-15 06:15:43.764 7 INFO placement.requestlog [None req-09485715-cee5-4544-9ec9-b2aa52f583c7 e3aad07461384f3bb40b0a1d5c83de10 4cd01a590b3944eabf9770cadd6fe2da - - f82bab8ddfe344bdbeca8643cd471766 f82bab8ddfe344bdbeca8643cd471766] 10.0.0.79 "GET /resource_providers/aced7b35-b3e5-4145-9903-25b490121612/aggregates" status: 404 len: 235 microversion: 1.1 [pid: 7|app: 0|req: 573/1151] 10.0.0.79 () {32 vars in 814 bytes} [Wed Jul 15 06:15:43 2026] GET /resource_providers/aced7b35-b3e5-4145-9903-25b490121612/aggregates => generated 235 bytes in 25 msecs (HTTP/1.1 404) 5 headers in 202 bytes (1 switches on core 0)
2026-07-15 06:15:43.782 8 INFO placement.requestlog [None req-ecea85bd-d698-4708-ac21-a5bb13117e73 e3aad07461384f3bb40b0a1d5c83de10 4cd01a590b3944eabf9770cadd6fe2da - - f82bab8ddfe344bdbeca8643cd471766 f82bab8ddfe344bdbeca8643cd471766] 10.0.0.79 "DELETE /resource_providers/aced7b35-b3e5-4145-9903-25b490121612" status: 404 len: 246 microversion: 1.1 [pid: 8|app: 0|req: 579/1152] 10.0.0.79 () {34 vars in 814 bytes} [Wed Jul 15 06:15:43 2026] DELETE /resource_providers/aced7b35-b3e5-4145-9903-25b490121612 => generated 246 bytes in 16 msecs (HTTP/1.1 404) 6 headers in 231 bytes (1 switches on core 0)
2026-07-15 06:15:43.796 7 INFO placement.requestlog [None req-e10a81c0-7ac5-4ad2-b4d6-95eab3d986d1 e3aad07461384f3bb40b0a1d5c83de10 4cd01a590b3944eabf9770cadd6fe2da - - f82bab8ddfe344bdbeca8643cd471766 f82bab8ddfe344bdbeca8643cd471766] 10.0.0.79 "DELETE /resource_providers/aced7b35-b3e5-4145-9903-25b490121612" status: 404 len: 246 microversion: 1.1 [pid: 7|app: 0|req: 574/1153] 10.0.0.79 () {34 vars in 814 bytes} [Wed Jul 15 06:15:43 2026] DELETE /resource_providers/aced7b35-b3e5-4145-9903-25b490121612 => generated 246 bytes in 20 msecs (HTTP/1.1 404) 6 headers in 231 bytes (1 switches on core 0)
2026-07-15 06:15:44.642 8 INFO placement.requestlog [req-93e3e575-701e-48df-951d-a915b1888549 req-0d44ffbb-d97c-480c-8175-3ab6d6a3f8df 12ca9751597b4f0db86642f157e94638 4cd01a590b3944eabf9770cadd6fe2da - - f82bab8ddfe344bdbeca8643cd471766 f82bab8ddfe344bdbeca8643cd471766] 199.19.213.242 "GET /resource_providers/1ce774b5-2ae9-432f-97e8-5672c1ff349a/allocations" status: 200 len: 540 microversion: 1.0 [pid: 8|app: 0|req: 580/1154] 199.19.213.242 () {32 vars in 856 bytes} [Wed Jul 15 06:15:44 2026] GET /resource_providers/1ce774b5-2ae9-432f-97e8-5672c1ff349a/allocations => generated 540 bytes in 21 msecs (HTTP/1.1 200) 6 headers in 224 bytes (1 switches on core 0)
2026-07-15 06:15:44.678 7 INFO placement.requestlog [req-93e3e575-701e-48df-951d-a915b1888549 req-fe2cdcc8-804d-4e98-b708-7baca63b7077 12ca9751597b4f0db86642f157e94638 4cd01a590b3944eabf9770cadd6fe2da - - f82bab8ddfe344bdbeca8643cd471766 f82bab8ddfe344bdbeca8643cd471766] 199.19.213.242 "GET /allocations/602fc0e8-88a4-462f-95bf-de3235f037a5" status: 200 len: 258 microversion: 1.28 [pid: 7|app: 0|req: 575/1155] 199.19.213.242 () {34 vars in 862 bytes} [Wed Jul 15 06:15:44 2026] GET /allocations/602fc0e8-88a4-462f-95bf-de3235f037a5 => generated 258 bytes in 21 msecs (HTTP/1.1 200) 8 headers in 296 bytes (1 switches on core 0)
2026-07-15 06:15:44.701 8 INFO placement.requestlog [req-93e3e575-701e-48df-951d-a915b1888549 req-415ace28-c147-4d31-8121-8ff329dd18b3 12ca9751597b4f0db86642f157e94638 4cd01a590b3944eabf9770cadd6fe2da - - f82bab8ddfe344bdbeca8643cd471766 f82bab8ddfe344bdbeca8643cd471766] 199.19.213.242 "GET /allocations/8f9322a9-3c26-4c72-af59-696cffe663af" status: 200 len: 258 microversion: 1.28 [pid: 8|app: 0|req: 581/1156] 199.19.213.242 () {34 vars in 862 bytes} [Wed Jul 15 06:15:44 2026] GET /allocations/8f9322a9-3c26-4c72-af59-696cffe663af => generated 258 bytes in 15 msecs (HTTP/1.1 200) 8 headers in 296 bytes (1 switches on core 0)
2026-07-15 06:15:44.726 7 INFO placement.requestlog [req-93e3e575-701e-48df-951d-a915b1888549 req-70fddc00-8b72-49c2-a7df-51a349b06a6e 12ca9751597b4f0db86642f157e94638 4cd01a590b3944eabf9770cadd6fe2da - - f82bab8ddfe344bdbeca8643cd471766 f82bab8ddfe344bdbeca8643cd471766] 199.19.213.242 "GET /allocations/e918ee28-f99f-472c-963f-dad8a7d54c17" status: 200 len: 245 microversion: 1.28 [pid: 7|app: 0|req: 576/1157] 199.19.213.242 () {34 vars in 862 bytes} [Wed Jul 15 06:15:44 2026] GET /allocations/e918ee28-f99f-472c-963f-dad8a7d54c17 => generated 245 bytes in 15 msecs (HTTP/1.1 200) 8 headers in 296 bytes (1 switches on core 0)
2026-07-15 06:15:44.752 8 INFO placement.requestlog [req-93e3e575-701e-48df-951d-a915b1888549 req-bda72545-dabb-4896-a555-aee613fbab15 12ca9751597b4f0db86642f157e94638 4cd01a590b3944eabf9770cadd6fe2da - - f82bab8ddfe344bdbeca8643cd471766 f82bab8ddfe344bdbeca8643cd471766] 199.19.213.242 "GET /allocations/6fcf2210-d029-4e9a-8349-2c99f92af81d" status: 200 len: 258 microversion: 1.28 [pid: 8|app: 0|req: 582/1158] 199.19.213.242 () {34 vars in 862 bytes} [Wed Jul 15 06:15:44 2026] GET /allocations/6fcf2210-d029-4e9a-8349-2c99f92af81d => generated 258 bytes in 18 msecs (HTTP/1.1 200) 8 headers in 296 bytes (1 switches on core 0)
2026-07-15 06:15:44.777 7 INFO placement.requestlog [req-93e3e575-701e-48df-951d-a915b1888549 req-a7e40ce7-5cf0-4b20-ab5a-ac3a0ac2a2e6 12ca9751597b4f0db86642f157e94638 4cd01a590b3944eabf9770cadd6fe2da - - f82bab8ddfe344bdbeca8643cd471766 f82bab8ddfe344bdbeca8643cd471766] 199.19.213.242 "GET /allocations/583c8ee5-849d-4476-bc78-12400ac6bdea" status: 200 len: 258 microversion: 1.28 [pid: 7|app: 0|req: 577/1159] 199.19.213.242 () {34 vars in 862 bytes} [Wed Jul 15 06:15:44 2026] GET /allocations/583c8ee5-849d-4476-bc78-12400ac6bdea => generated 258 bytes in 14 msecs (HTTP/1.1 200) 8 headers in 296 bytes (1 switches on core 0)
2026-07-15 06:15:44.828 8 INFO placement.requestlog [req-93e3e575-701e-48df-951d-a915b1888549 req-efa28928-4f5d-44d6-9fd2-a8fc282d4135 12ca9751597b4f0db86642f157e94638 4cd01a590b3944eabf9770cadd6fe2da - - f82bab8ddfe344bdbeca8643cd471766 f82bab8ddfe344bdbeca8643cd471766] 199.19.213.242 "DELETE /allocations/6fcf2210-d029-4e9a-8349-2c99f92af81d" status: 204 len: 0 microversion: 1.0 [pid: 8|app: 0|req: 583/1160] 199.19.213.242 () {34 vars in 840 bytes} [Wed Jul 15 06:15:44 2026] DELETE /allocations/6fcf2210-d029-4e9a-8349-2c99f92af81d => generated 0 bytes in 21 msecs (HTTP/1.1 204) 5 headers in 198 bytes (1 switches on core 0)
2026-07-15 06:15:44.993 8 INFO placement.requestlog [None req-9b76b520-ab57-49e6-a707-e1b84c75e2cc e3aad07461384f3bb40b0a1d5c83de10 4cd01a590b3944eabf9770cadd6fe2da - - f82bab8ddfe344bdbeca8643cd471766 f82bab8ddfe344bdbeca8643cd471766] 10.0.0.79 "GET /resource_providers/a003c674-a2ef-426d-9798-93acfafa86a0/aggregates" status: 404 len: 235 microversion: 1.1 [pid: 8|app: 0|req: 584/1161] 10.0.0.79 () {32 vars in 814 bytes} [Wed Jul 15 06:15:44 2026] GET /resource_providers/a003c674-a2ef-426d-9798-93acfafa86a0/aggregates => generated 235 bytes in 10 msecs (HTTP/1.1 404) 5 headers in 202 bytes (1 switches on core 0)
2026-07-15 06:15:44.997 7 INFO placement.requestlog [None req-7eaa4825-40c5-42d7-a6b0-6da3f31662c1 e3aad07461384f3bb40b0a1d5c83de10 4cd01a590b3944eabf9770cadd6fe2da - - f82bab8ddfe344bdbeca8643cd471766 f82bab8ddfe344bdbeca8643cd471766] 10.0.0.79 "GET /resource_providers/a003c674-a2ef-426d-9798-93acfafa86a0/aggregates" status: 404 len: 235 microversion: 1.1 [pid: 7|app: 0|req: 578/1162] 10.0.0.79 () {32 vars in 814 bytes} [Wed Jul 15 06:15:44 2026] GET /resource_providers/a003c674-a2ef-426d-9798-93acfafa86a0/aggregates => generated 235 bytes in 15 msecs (HTTP/1.1 404) 5 headers in 202 bytes (1 switches on core 0)
2026-07-15 06:15:45.010 8 INFO placement.requestlog [None req-87a09fdb-2dcb-4587-8e88-c13278ef208e e3aad07461384f3bb40b0a1d5c83de10 4cd01a590b3944eabf9770cadd6fe2da - - f82bab8ddfe344bdbeca8643cd471766 f82bab8ddfe344bdbeca8643cd471766] 10.0.0.79 "DELETE /resource_providers/a003c674-a2ef-426d-9798-93acfafa86a0" status: 404 len: 246 microversion: 1.1 [pid: 8|app: 0|req: 585/1163] 10.0.0.79 () {34 vars in 814 bytes} [Wed Jul 15 06:15:45 2026] DELETE /resource_providers/a003c674-a2ef-426d-9798-93acfafa86a0 => generated 246 bytes in 11 msecs (HTTP/1.1 404) 6 headers in 231 bytes (1 switches on core 0)
2026-07-15 06:15:45.039 7 INFO placement.requestlog [None req-c1be5c77-51f0-4a89-818f-59c1869ff9e8 e3aad07461384f3bb40b0a1d5c83de10 4cd01a590b3944eabf9770cadd6fe2da - - f82bab8ddfe344bdbeca8643cd471766 f82bab8ddfe344bdbeca8643cd471766] 10.0.0.79 "DELETE /resource_providers/a003c674-a2ef-426d-9798-93acfafa86a0" status: 404 len: 246 microversion: 1.1 [pid: 7|app: 0|req: 579/1164] 10.0.0.79 () {34 vars in 814 bytes} [Wed Jul 15 06:15:45 2026] DELETE /resource_providers/a003c674-a2ef-426d-9798-93acfafa86a0 => generated 246 bytes in 13 msecs (HTTP/1.1 404) 6 headers in 231 bytes (1 switches on core 0)
2026-07-15 06:15:45.985 8 INFO placement.requestlog [None req-08a94851-2e00-470f-bfef-9325ef7a218b e3aad07461384f3bb40b0a1d5c83de10 4cd01a590b3944eabf9770cadd6fe2da - - f82bab8ddfe344bdbeca8643cd471766 f82bab8ddfe344bdbeca8643cd471766] 10.0.0.79 "GET /resource_providers/326e91d4-8ae3-42a2-94d0-d85c4f79970f/aggregates" status: 404 len: 235 microversion: 1.1 [pid: 8|app: 0|req: 586/1165] 10.0.0.79 () {32 vars in 814 bytes} [Wed Jul 15 06:15:45 2026] GET /resource_providers/326e91d4-8ae3-42a2-94d0-d85c4f79970f/aggregates => generated 235 bytes in 11 msecs (HTTP/1.1 404) 5 headers in 202 bytes (1 switches on core 0)
2026-07-15 06:15:45.986 7 INFO placement.requestlog [None req-3566fb01-6afc-41b0-b3d7-7da5b287bb5e e3aad07461384f3bb40b0a1d5c83de10 4cd01a590b3944eabf9770cadd6fe2da - - f82bab8ddfe344bdbeca8643cd471766 f82bab8ddfe344bdbeca8643cd471766] 10.0.0.79 "GET /resource_providers/326e91d4-8ae3-42a2-94d0-d85c4f79970f/aggregates" status: 404 len: 235 microversion: 1.1 [pid: 7|app: 0|req: 580/1166] 10.0.0.79 () {32 vars in 814 bytes} [Wed Jul 15 06:15:45 2026] GET /resource_providers/326e91d4-8ae3-42a2-94d0-d85c4f79970f/aggregates => generated 235 bytes in 12 msecs (HTTP/1.1 404) 5 headers in 202 bytes (1 switches on core 0)
2026-07-15 06:15:46.006 7 INFO placement.requestlog [None req-7b311027-b610-4645-beb1-9756204b2cad e3aad07461384f3bb40b0a1d5c83de10 4cd01a590b3944eabf9770cadd6fe2da - - f82bab8ddfe344bdbeca8643cd471766 f82bab8ddfe344bdbeca8643cd471766] 10.0.0.79 "DELETE /resource_providers/326e91d4-8ae3-42a2-94d0-d85c4f79970f" status: 404 len: 246 microversion: 1.1 [pid: 7|app: 0|req: 581/1167] 10.0.0.79 () {34 vars in 814 bytes} [Wed Jul 15 06:15:45 2026] DELETE /resource_providers/326e91d4-8ae3-42a2-94d0-d85c4f79970f => generated 246 bytes in 10 msecs (HTTP/1.1 404) 6 headers in 231 bytes (1 switches on core 0)
2026-07-15 06:15:46.007 8 INFO placement.requestlog [None req-c509cee4-42e6-48ed-93e5-605dce49a10b e3aad07461384f3bb40b0a1d5c83de10 4cd01a590b3944eabf9770cadd6fe2da - - f82bab8ddfe344bdbeca8643cd471766 f82bab8ddfe344bdbeca8643cd471766] 10.0.0.79 "DELETE /resource_providers/326e91d4-8ae3-42a2-94d0-d85c4f79970f" status: 404 len: 246 microversion: 1.1 [pid: 8|app: 0|req: 587/1168] 10.0.0.79 () {34 vars in 814 bytes} [Wed Jul 15 06:15:45 2026] DELETE /resource_providers/326e91d4-8ae3-42a2-94d0-d85c4f79970f => generated 246 bytes in 11 msecs (HTTP/1.1 404) 6 headers in 231 bytes (1 switches on core 0)
2026-07-15 06:15:46.026 7 INFO placement.requestlog [None req-03b8d5f9-10a2-477d-b847-b6413778f838 e3aad07461384f3bb40b0a1d5c83de10 4cd01a590b3944eabf9770cadd6fe2da - - f82bab8ddfe344bdbeca8643cd471766 f82bab8ddfe344bdbeca8643cd471766] 10.0.0.79 "GET /resource_providers/9ab97e11-e677-42ac-b8cb-41f2dfe6831c/aggregates" status: 404 len: 235 microversion: 1.1 [pid: 7|app: 0|req: 582/1169] 10.0.0.79 () {32 vars in 814 bytes} [Wed Jul 15 06:15:46 2026] GET /resource_providers/9ab97e11-e677-42ac-b8cb-41f2dfe6831c/aggregates => generated 235 bytes in 10 msecs (HTTP/1.1 404) 5 headers in 202 bytes (1 switches on core 0)
2026-07-15 06:15:46.030 8 INFO placement.requestlog [None req-bc676bc5-fdc9-4777-9ee3-afbe47f15259 e3aad07461384f3bb40b0a1d5c83de10 4cd01a590b3944eabf9770cadd6fe2da - - f82bab8ddfe344bdbeca8643cd471766 f82bab8ddfe344bdbeca8643cd471766] 10.0.0.79 "GET /resource_providers/9ab97e11-e677-42ac-b8cb-41f2dfe6831c/aggregates" status: 404 len: 235 microversion: 1.1 [pid: 8|app: 0|req: 588/1170] 10.0.0.79 () {32 vars in 814 bytes} [Wed Jul 15 06:15:46 2026] GET /resource_providers/9ab97e11-e677-42ac-b8cb-41f2dfe6831c/aggregates => generated 235 bytes in 10 msecs (HTTP/1.1 404) 5 headers in 202 bytes (1 switches on core 0)
2026-07-15 06:15:46.047 7 INFO placement.requestlog [None req-db4d2718-40f9-47a1-b679-287b73383cd7 e3aad07461384f3bb40b0a1d5c83de10 4cd01a590b3944eabf9770cadd6fe2da - - f82bab8ddfe344bdbeca8643cd471766 f82bab8ddfe344bdbeca8643cd471766] 10.0.0.79 "DELETE /resource_providers/9ab97e11-e677-42ac-b8cb-41f2dfe6831c" status: 404 len: 246 microversion: 1.1 [pid: 7|app: 0|req: 583/1171] 10.0.0.79 () {34 vars in 814 bytes} [Wed Jul 15 06:15:46 2026] DELETE /resource_providers/9ab97e11-e677-42ac-b8cb-41f2dfe6831c => generated 246 bytes in 13 msecs (HTTP/1.1 404) 6 headers in 231 bytes (1 switches on core 0)
2026-07-15 06:15:46.052 8 INFO placement.requestlog [None req-ac5dcae8-1797-41de-b657-9dad9540a83c e3aad07461384f3bb40b0a1d5c83de10 4cd01a590b3944eabf9770cadd6fe2da - - f82bab8ddfe344bdbeca8643cd471766 f82bab8ddfe344bdbeca8643cd471766] 10.0.0.79 "DELETE /resource_providers/9ab97e11-e677-42ac-b8cb-41f2dfe6831c" status: 404 len: 246 microversion: 1.1 [pid: 8|app: 0|req: 589/1172] 10.0.0.79 () {34 vars in 814 bytes} [Wed Jul 15 06:15:46 2026] DELETE /resource_providers/9ab97e11-e677-42ac-b8cb-41f2dfe6831c => generated 246 bytes in 10 msecs (HTTP/1.1 404) 6 headers in 231 bytes (1 switches on core 0)
2026-07-15 06:15:46.073 8 INFO placement.requestlog [None req-98247d3a-4bd6-43e7-9539-56e795e19917 e3aad07461384f3bb40b0a1d5c83de10 4cd01a590b3944eabf9770cadd6fe2da - - f82bab8ddfe344bdbeca8643cd471766 f82bab8ddfe344bdbeca8643cd471766] 10.0.0.79 "GET /resource_providers/a6ba12d7-5d0f-4be2-9bb0-011ed6fee3b8/aggregates" status: 404 len: 235 microversion: 1.1 [pid: 8|app: 0|req: 590/1173] 10.0.0.79 () {32 vars in 814 bytes} [Wed Jul 15 06:15:46 2026] GET /resource_providers/a6ba12d7-5d0f-4be2-9bb0-011ed6fee3b8/aggregates => generated 235 bytes in 10 msecs (HTTP/1.1 404) 5 headers in 202 bytes (1 switches on core 0)
2026-07-15 06:15:46.077 7 INFO placement.requestlog [None req-03268260-f159-4af8-815d-3429f1fec458 e3aad07461384f3bb40b0a1d5c83de10 4cd01a590b3944eabf9770cadd6fe2da - - f82bab8ddfe344bdbeca8643cd471766 f82bab8ddfe344bdbeca8643cd471766] 10.0.0.79 "GET /resource_providers/a6ba12d7-5d0f-4be2-9bb0-011ed6fee3b8/aggregates" status: 404 len: 235 microversion: 1.1 [pid: 7|app: 0|req: 584/1174] 10.0.0.79 () {32 vars in 814 bytes} [Wed Jul 15 06:15:46 2026] GET /resource_providers/a6ba12d7-5d0f-4be2-9bb0-011ed6fee3b8/aggregates => generated 235 bytes in 14 msecs (HTTP/1.1 404) 5 headers in 202 bytes (1 switches on core 0)
2026-07-15 06:15:46.092 8 INFO placement.requestlog [None req-2c4634f9-af9e-494e-9ed0-b0c475959283 e3aad07461384f3bb40b0a1d5c83de10 4cd01a590b3944eabf9770cadd6fe2da - - f82bab8ddfe344bdbeca8643cd471766 f82bab8ddfe344bdbeca8643cd471766] 10.0.0.79 "DELETE /resource_providers/a6ba12d7-5d0f-4be2-9bb0-011ed6fee3b8" status: 404 len: 246 microversion: 1.1 [pid: 8|app: 0|req: 591/1175] 10.0.0.79 () {34 vars in 814 bytes} [Wed Jul 15 06:15:46 2026] DELETE /resource_providers/a6ba12d7-5d0f-4be2-9bb0-011ed6fee3b8 => generated 246 bytes in 8 msecs (HTTP/1.1 404) 6 headers in 231 bytes (1 switches on core 0)
2026-07-15 06:15:46.101 7 INFO placement.requestlog [None req-14bd276c-1af0-4c79-8e40-7f668fb9dd2d e3aad07461384f3bb40b0a1d5c83de10 4cd01a590b3944eabf9770cadd6fe2da - - f82bab8ddfe344bdbeca8643cd471766 f82bab8ddfe344bdbeca8643cd471766] 10.0.0.79 "DELETE /resource_providers/a6ba12d7-5d0f-4be2-9bb0-011ed6fee3b8" status: 404 len: 246 microversion: 1.1 [pid: 7|app: 0|req: 585/1176] 10.0.0.79 () {34 vars in 814 bytes} [Wed Jul 15 06:15:46 2026] DELETE /resource_providers/a6ba12d7-5d0f-4be2-9bb0-011ed6fee3b8 => generated 246 bytes in 12 msecs (HTTP/1.1 404) 6 headers in 231 bytes (1 switches on core 0)
2026-07-15 06:15:47.241 8 INFO placement.requestlog [req-32f0abdd-4472-49b0-9ee8-cb71e83ac247 req-4a747d5b-ffbc-4598-905d-853d874922c0 12ca9751597b4f0db86642f157e94638 4cd01a590b3944eabf9770cadd6fe2da - - f82bab8ddfe344bdbeca8643cd471766 f82bab8ddfe344bdbeca8643cd471766] 199.19.213.242 "GET /resource_providers/1ce774b5-2ae9-432f-97e8-5672c1ff349a/allocations" status: 200 len: 440 microversion: 1.0 [pid: 8|app: 0|req: 592/1177] 199.19.213.242 () {32 vars in 856 bytes} [Wed Jul 15 06:15:47 2026] GET /resource_providers/1ce774b5-2ae9-432f-97e8-5672c1ff349a/allocations => generated 440 bytes in 17 msecs (HTTP/1.1 200) 6 headers in 224 bytes (1 switches on core 0)
2026-07-15 06:15:47.271 7 INFO placement.requestlog [req-32f0abdd-4472-49b0-9ee8-cb71e83ac247 req-b69b3410-60d0-486e-96f2-807a1235e7df 12ca9751597b4f0db86642f157e94638 4cd01a590b3944eabf9770cadd6fe2da - - f82bab8ddfe344bdbeca8643cd471766 f82bab8ddfe344bdbeca8643cd471766] 199.19.213.242 "GET /allocations/602fc0e8-88a4-462f-95bf-de3235f037a5" status: 200 len: 258 microversion: 1.28 [pid: 7|app: 0|req: 586/1178] 199.19.213.242 () {34 vars in 862 bytes} [Wed Jul 15 06:15:47 2026] GET /allocations/602fc0e8-88a4-462f-95bf-de3235f037a5 => generated 258 bytes in 18 msecs (HTTP/1.1 200) 8 headers in 296 bytes (1 switches on core 0)
2026-07-15 06:15:47.294 8 INFO placement.requestlog [req-32f0abdd-4472-49b0-9ee8-cb71e83ac247 req-cb63a273-9d91-4807-9bfa-927c0b021629 12ca9751597b4f0db86642f157e94638 4cd01a590b3944eabf9770cadd6fe2da - - f82bab8ddfe344bdbeca8643cd471766 f82bab8ddfe344bdbeca8643cd471766] 199.19.213.242 "GET /allocations/8f9322a9-3c26-4c72-af59-696cffe663af" status: 200 len: 258 microversion: 1.28 [pid: 8|app: 0|req: 593/1179] 199.19.213.242 () {34 vars in 862 bytes} [Wed Jul 15 06:15:47 2026] GET /allocations/8f9322a9-3c26-4c72-af59-696cffe663af => generated 258 bytes in 15 msecs (HTTP/1.1 200) 8 headers in 296 bytes (1 switches on core 0)
2026-07-15 06:15:47.332 7 INFO placement.requestlog [req-32f0abdd-4472-49b0-9ee8-cb71e83ac247 req-688f917f-580e-4425-85b0-5ac58bd058ab 12ca9751597b4f0db86642f157e94638 4cd01a590b3944eabf9770cadd6fe2da - - f82bab8ddfe344bdbeca8643cd471766 f82bab8ddfe344bdbeca8643cd471766] 199.19.213.242 "GET /allocations/e918ee28-f99f-472c-963f-dad8a7d54c17" status: 200 len: 245 microversion: 1.28 [pid: 7|app: 0|req: 587/1180] 199.19.213.242 () {34 vars in 862 bytes} [Wed Jul 15 06:15:47 2026] GET /allocations/e918ee28-f99f-472c-963f-dad8a7d54c17 => generated 245 bytes in 29 msecs (HTTP/1.1 200) 8 headers in 296 bytes (1 switches on core 0)
2026-07-15 06:15:47.367 8 INFO placement.requestlog [req-32f0abdd-4472-49b0-9ee8-cb71e83ac247 req-a90f9faa-f810-4d5b-bbb8-010ec1806db1 12ca9751597b4f0db86642f157e94638 4cd01a590b3944eabf9770cadd6fe2da - - f82bab8ddfe344bdbeca8643cd471766 f82bab8ddfe344bdbeca8643cd471766] 199.19.213.242 "GET /allocations/583c8ee5-849d-4476-bc78-12400ac6bdea" status: 200 len: 258 microversion: 1.28 [pid: 8|app: 0|req: 594/1181] 199.19.213.242 () {34 vars in 862 bytes} [Wed Jul 15 06:15:47 2026] GET /allocations/583c8ee5-849d-4476-bc78-12400ac6bdea => generated 258 bytes in 26 msecs (HTTP/1.1 200) 8 headers in 296 bytes (1 switches on core 0)
2026-07-15 06:15:47.432 7 INFO placement.requestlog [req-32f0abdd-4472-49b0-9ee8-cb71e83ac247 req-cd2a65ac-4d3c-4e31-8547-f42dc0233960 12ca9751597b4f0db86642f157e94638 4cd01a590b3944eabf9770cadd6fe2da - - f82bab8ddfe344bdbeca8643cd471766 f82bab8ddfe344bdbeca8643cd471766] 199.19.213.242 "DELETE /allocations/8f9322a9-3c26-4c72-af59-696cffe663af" status: 204 len: 0 microversion: 1.0 [pid: 7|app: 0|req: 588/1182] 199.19.213.242 () {34 vars in 840 bytes} [Wed Jul 15 06:15:47 2026] DELETE /allocations/8f9322a9-3c26-4c72-af59-696cffe663af => generated 0 bytes in 32 msecs (HTTP/1.1 204) 5 headers in 198 bytes (1 switches on core 0)
2026-07-15 06:15:48.358 8 INFO placement.requestlog [None req-7f14b973-2ea3-49e1-af2a-44cb69530091 - - - - - -] 10.0.0.98 "GET /" status: 200 len: 136 microversion: 1.0
2026-07-15 06:15:48.358 7 INFO placement.requestlog [None req-b6d1879f-cacd-4a6a-bf2e-8302bd1a47f7 - - - - - -] 10.0.0.98 "GET /" status: 200 len: 136 microversion: 1.0
2026-07-15 06:15:51.808 8 INFO placement.requestlog [None req-d733ae4e-8651-48a8-b91f-6c81c98e8b0c e3aad07461384f3bb40b0a1d5c83de10 4cd01a590b3944eabf9770cadd6fe2da - - f82bab8ddfe344bdbeca8643cd471766 f82bab8ddfe344bdbeca8643cd471766] 10.0.0.79 "GET /resource_providers/d72ed94d-9b8e-4e63-a4ce-d22eb115565a/aggregates" status: 404 len: 235 microversion: 1.1
2026-07-15 06:15:51.808 7 INFO placement.requestlog [None req-60f58b87-a3bd-416c-8f54-845c772da963 e3aad07461384f3bb40b0a1d5c83de10 4cd01a590b3944eabf9770cadd6fe2da - - f82bab8ddfe344bdbeca8643cd471766 f82bab8ddfe344bdbeca8643cd471766] 10.0.0.79 "GET /resource_providers/d72ed94d-9b8e-4e63-a4ce-d22eb115565a/aggregates" status: 404 len: 235 microversion: 1.1 [pid: 8|app: 0|req: 596/1185] 10.0.0.79 () {32 vars in 814 bytes} [Wed Jul 15 06:15:51 2026] GET /resource_providers/d72ed94d-9b8e-4e63-a4ce-d22eb115565a/aggregates => generated 235 bytes in 10 msecs (HTTP/1.1 404) 5 headers in 202 bytes (1 switches on core 0) [pid: 7|app: 0|req: 590/1186] 10.0.0.79 () {32 vars in 814 bytes} [Wed Jul 15 06:15:51 2026] GET /resource_providers/d72ed94d-9b8e-4e63-a4ce-d22eb115565a/aggregates => generated 235 bytes in 10 msecs (HTTP/1.1 404) 5 headers in 202 bytes (1 switches on core 0)
2026-07-15 06:15:51.840 8 INFO placement.requestlog [None req-79d99d0d-3112-4229-a3a1-185f913457d8 e3aad07461384f3bb40b0a1d5c83de10 4cd01a590b3944eabf9770cadd6fe2da - - f82bab8ddfe344bdbeca8643cd471766 f82bab8ddfe344bdbeca8643cd471766] 10.0.0.79 "DELETE /resource_providers/d72ed94d-9b8e-4e63-a4ce-d22eb115565a" status: 404 len: 246 microversion: 1.1 [pid: 8|app: 0|req: 597/1187] 10.0.0.79 () {34 vars in 814 bytes} [Wed Jul 15 06:15:51 2026] DELETE /resource_providers/d72ed94d-9b8e-4e63-a4ce-d22eb115565a => generated 246 bytes in 15 msecs (HTTP/1.1 404) 6 headers in 231 bytes (1 switches on core 0)
2026-07-15 06:15:51.844 7 INFO placement.requestlog [None req-4bc5e12e-b7fc-49be-a464-f810c3ffa97d e3aad07461384f3bb40b0a1d5c83de10 4cd01a590b3944eabf9770cadd6fe2da - - f82bab8ddfe344bdbeca8643cd471766 f82bab8ddfe344bdbeca8643cd471766] 10.0.0.79 "DELETE /resource_providers/d72ed94d-9b8e-4e63-a4ce-d22eb115565a" status: 404 len: 246 microversion: 1.1 [pid: 7|app: 0|req: 591/1188] 10.0.0.79 () {34 vars in 814 bytes} [Wed Jul 15 06:15:51 2026] DELETE /resource_providers/d72ed94d-9b8e-4e63-a4ce-d22eb115565a => generated 246 bytes in 18 msecs (HTTP/1.1 404) 6 headers in 231 bytes (1 switches on core 0)
2026-07-15 06:15:52.091 8 INFO placement.requestlog [None req-0c8e9f7f-f9af-4372-8563-65a4b2512ec0 e3aad07461384f3bb40b0a1d5c83de10 4cd01a590b3944eabf9770cadd6fe2da - - f82bab8ddfe344bdbeca8643cd471766 f82bab8ddfe344bdbeca8643cd471766] 10.0.0.79 "GET /resource_providers/e684c7c9-9d96-4d32-9dff-23a9fa097882/aggregates" status: 404 len: 235 microversion: 1.1 [pid: 8|app: 0|req: 598/1189] 10.0.0.79 () {32 vars in 814 bytes} [Wed Jul 15 06:15:52 2026] GET /resource_providers/e684c7c9-9d96-4d32-9dff-23a9fa097882/aggregates => generated 235 bytes in 11 msecs (HTTP/1.1 404) 5 headers in 202 bytes (1 switches on core 0)
2026-07-15 06:15:52.094 7 INFO placement.requestlog [None req-534260cf-7654-4f35-9f27-76c1afb1e09b e3aad07461384f3bb40b0a1d5c83de10 4cd01a590b3944eabf9770cadd6fe2da - - f82bab8ddfe344bdbeca8643cd471766 f82bab8ddfe344bdbeca8643cd471766] 10.0.0.79 "GET /resource_providers/e684c7c9-9d96-4d32-9dff-23a9fa097882/aggregates" status: 404 len: 235 microversion: 1.1 [pid: 7|app: 0|req: 592/1190] 10.0.0.79 () {32 vars in 814 bytes} [Wed Jul 15 06:15:52 2026] GET /resource_providers/e684c7c9-9d96-4d32-9dff-23a9fa097882/aggregates => generated 235 bytes in 13 msecs (HTTP/1.1 404) 5 headers in 202 bytes (1 switches on core 0)
2026-07-15 06:15:52.120 8 INFO placement.requestlog [None req-f2d03b5a-a92c-45ec-89ad-860694dcbf67 e3aad07461384f3bb40b0a1d5c83de10 4cd01a590b3944eabf9770cadd6fe2da - - f82bab8ddfe344bdbeca8643cd471766 f82bab8ddfe344bdbeca8643cd471766] 10.0.0.79 "DELETE /resource_providers/e684c7c9-9d96-4d32-9dff-23a9fa097882" status: 404 len: 246 microversion: 1.1 [pid: 8|app: 0|req: 599/1191] 10.0.0.79 () {34 vars in 814 bytes} [Wed Jul 15 06:15:52 2026] DELETE /resource_providers/e684c7c9-9d96-4d32-9dff-23a9fa097882 => generated 246 bytes in 13 msecs (HTTP/1.1 404) 6 headers in 231 bytes (1 switches on core 0)
2026-07-15 06:15:52.120 7 INFO placement.requestlog [None req-9291d45d-9e36-4b0e-adeb-b073db497a93 e3aad07461384f3bb40b0a1d5c83de10 4cd01a590b3944eabf9770cadd6fe2da - - f82bab8ddfe344bdbeca8643cd471766 f82bab8ddfe344bdbeca8643cd471766] 10.0.0.79 "DELETE /resource_providers/e684c7c9-9d96-4d32-9dff-23a9fa097882" status: 404 len: 246 microversion: 1.1 [pid: 7|app: 0|req: 593/1192] 10.0.0.79 () {34 vars in 814 bytes} [Wed Jul 15 06:15:52 2026] DELETE /resource_providers/e684c7c9-9d96-4d32-9dff-23a9fa097882 => generated 246 bytes in 11 msecs (HTTP/1.1 404) 6 headers in 231 bytes (1 switches on core 0)
2026-07-15 06:15:58.357 8 INFO placement.requestlog [None req-0b6a0354-c81e-4d66-9647-9c1687812665 - - - - - -] 10.0.0.98 "GET /" status: 200 len: 136 microversion: 1.0
2026-07-15 06:15:58.357 7 INFO placement.requestlog [None req-9584faee-2bf6-45e5-8853-58b84115cee7 - - - - - -] 10.0.0.98 "GET /" status: 200 len: 136 microversion: 1.0
2026-07-15 06:16:04.501 7 INFO placement.requestlog [req-54d2de24-8d89-4b40-aa5f-fb0c3050d8b5 req-25abc9ed-9bb8-4678-82a6-404cbaba62d0 12ca9751597b4f0db86642f157e94638 4cd01a590b3944eabf9770cadd6fe2da - - f82bab8ddfe344bdbeca8643cd471766 f82bab8ddfe344bdbeca8643cd471766] 199.19.213.242 "GET /resource_providers/1ce774b5-2ae9-432f-97e8-5672c1ff349a/allocations" status: 200 len: 340 microversion: 1.0 [pid: 7|app: 0|req: 595/1195] 199.19.213.242 () {32 vars in 856 bytes} [Wed Jul 15 06:16:04 2026] GET /resource_providers/1ce774b5-2ae9-432f-97e8-5672c1ff349a/allocations => generated 340 bytes in 20 msecs (HTTP/1.1 200) 6 headers in 224 bytes (1 switches on core 0)
2026-07-15 06:16:04.558 8 INFO placement.requestlog [req-54d2de24-8d89-4b40-aa5f-fb0c3050d8b5 req-a43be9e2-3bf2-44a7-bda1-5f3a12c26b56 12ca9751597b4f0db86642f157e94638 4cd01a590b3944eabf9770cadd6fe2da - - f82bab8ddfe344bdbeca8643cd471766 f82bab8ddfe344bdbeca8643cd471766] 199.19.213.242 "GET /resource_providers/1ce774b5-2ae9-432f-97e8-5672c1ff349a/allocations" status: 200 len: 340 microversion: 1.0 [pid: 8|app: 0|req: 601/1196] 199.19.213.242 () {32 vars in 856 bytes} [Wed Jul 15 06:16:04 2026] GET /resource_providers/1ce774b5-2ae9-432f-97e8-5672c1ff349a/allocations => generated 340 bytes in 18 msecs (HTTP/1.1 200) 6 headers in 224 bytes (1 switches on core 0)
2026-07-15 06:16:04.608 7 INFO placement.requestlog [req-54d2de24-8d89-4b40-aa5f-fb0c3050d8b5 req-49f85745-a4bc-4b0d-899d-a37dacfe1afb 12ca9751597b4f0db86642f157e94638 4cd01a590b3944eabf9770cadd6fe2da - - f82bab8ddfe344bdbeca8643cd471766 f82bab8ddfe344bdbeca8643cd471766] 199.19.213.242 "GET /allocations/602fc0e8-88a4-462f-95bf-de3235f037a5" status: 200 len: 258 microversion: 1.28 [pid: 7|app: 0|req: 596/1197] 199.19.213.242 () {34 vars in 862 bytes} [Wed Jul 15 06:16:04 2026] GET /allocations/602fc0e8-88a4-462f-95bf-de3235f037a5 => generated 258 bytes in 41 msecs (HTTP/1.1 200) 8 headers in 296 bytes (1 switches on core 0)
2026-07-15 06:16:04.642 8 INFO placement.requestlog [req-54d2de24-8d89-4b40-aa5f-fb0c3050d8b5 req-bda7d04a-3104-4687-8fd4-e502a230e0bd 12ca9751597b4f0db86642f157e94638 4cd01a590b3944eabf9770cadd6fe2da - - f82bab8ddfe344bdbeca8643cd471766 f82bab8ddfe344bdbeca8643cd471766] 199.19.213.242 "GET /allocations/e918ee28-f99f-472c-963f-dad8a7d54c17" status: 200 len: 245 microversion: 1.28 [pid: 8|app: 0|req: 602/1198] 199.19.213.242 () {34 vars in 862 bytes} [Wed Jul 15 06:16:04 2026] GET /allocations/e918ee28-f99f-472c-963f-dad8a7d54c17 => generated 245 bytes in 25 msecs (HTTP/1.1 200) 8 headers in 296 bytes (1 switches on core 0)
2026-07-15 06:16:04.666 7 INFO placement.requestlog [req-54d2de24-8d89-4b40-aa5f-fb0c3050d8b5 req-4cdba160-6d8f-4fcf-9afe-15a9095360fd 12ca9751597b4f0db86642f157e94638 4cd01a590b3944eabf9770cadd6fe2da - - f82bab8ddfe344bdbeca8643cd471766 f82bab8ddfe344bdbeca8643cd471766] 199.19.213.242 "GET /allocations/583c8ee5-849d-4476-bc78-12400ac6bdea" status: 200 len: 258 microversion: 1.28 [pid: 7|app: 0|req: 597/1199] 199.19.213.242 () {34 vars in 862 bytes} [Wed Jul 15 06:16:04 2026] GET /allocations/583c8ee5-849d-4476-bc78-12400ac6bdea => generated 258 bytes in 15 msecs (HTTP/1.1 200) 8 headers in 296 bytes (1 switches on core 0)
2026-07-15 06:16:06.218 8 INFO placement.requestlog [None req-de845e52-9375-48a6-bff1-98c16bfd9366 e3aad07461384f3bb40b0a1d5c83de10 4cd01a590b3944eabf9770cadd6fe2da - - f82bab8ddfe344bdbeca8643cd471766 f82bab8ddfe344bdbeca8643cd471766] 10.0.0.79 "GET /resource_providers/85006ff8-0307-4a97-8be9-b1d43573b804/aggregates" status: 404 len: 235 microversion: 1.1 [pid: 8|app: 0|req: 603/1200] 10.0.0.79 () {32 vars in 814 bytes} [Wed Jul 15 06:16:06 2026] GET /resource_providers/85006ff8-0307-4a97-8be9-b1d43573b804/aggregates => generated 235 bytes in 12 msecs (HTTP/1.1 404) 5 headers in 202 bytes (1 switches on core 0)
2026-07-15 06:16:06.218 7 INFO placement.requestlog [None req-c581b5ef-cbaa-4351-a1f2-e5e92b0181e4 e3aad07461384f3bb40b0a1d5c83de10 4cd01a590b3944eabf9770cadd6fe2da - - f82bab8ddfe344bdbeca8643cd471766 f82bab8ddfe344bdbeca8643cd471766] 10.0.0.79 "GET /resource_providers/85006ff8-0307-4a97-8be9-b1d43573b804/aggregates" status: 404 len: 235 microversion: 1.1 [pid: 7|app: 0|req: 598/1201] 10.0.0.79 () {32 vars in 814 bytes} [Wed Jul 15 06:16:06 2026] GET /resource_providers/85006ff8-0307-4a97-8be9-b1d43573b804/aggregates => generated 235 bytes in 12 msecs (HTTP/1.1 404) 5 headers in 202 bytes (1 switches on core 0)
2026-07-15 06:16:06.245 8 INFO placement.requestlog [None req-369d93e6-076b-44b7-a0d4-7eae383efc9c e3aad07461384f3bb40b0a1d5c83de10 4cd01a590b3944eabf9770cadd6fe2da - - f82bab8ddfe344bdbeca8643cd471766 f82bab8ddfe344bdbeca8643cd471766] 10.0.0.79 "DELETE /resource_providers/85006ff8-0307-4a97-8be9-b1d43573b804" status: 404 len: 246 microversion: 1.1 [pid: 8|app: 0|req: 604/1202] 10.0.0.79 () {34 vars in 814 bytes} [Wed Jul 15 06:16:06 2026] DELETE /resource_providers/85006ff8-0307-4a97-8be9-b1d43573b804 => generated 246 bytes in 12 msecs (HTTP/1.1 404) 6 headers in 231 bytes (1 switches on core 0)
2026-07-15 06:16:06.247 7 INFO placement.requestlog [None req-b43fe71c-b6c8-49e2-b1a4-d920c5a465be e3aad07461384f3bb40b0a1d5c83de10 4cd01a590b3944eabf9770cadd6fe2da - - f82bab8ddfe344bdbeca8643cd471766 f82bab8ddfe344bdbeca8643cd471766] 10.0.0.79 "DELETE /resource_providers/85006ff8-0307-4a97-8be9-b1d43573b804" status: 404 len: 246 microversion: 1.1 [pid: 7|app: 0|req: 599/1203] 10.0.0.79 () {34 vars in 814 bytes} [Wed Jul 15 06:16:06 2026] DELETE /resource_providers/85006ff8-0307-4a97-8be9-b1d43573b804 => generated 246 bytes in 12 msecs (HTTP/1.1 404) 6 headers in 231 bytes (1 switches on core 0)
2026-07-15 06:16:08.357 8 INFO placement.requestlog [None req-d40028f2-5650-4084-9612-2b6141b67fc2 - - - - - -] 10.0.0.98 "GET /" status: 200 len: 136 microversion: 1.0
2026-07-15 06:16:08.360 7 INFO placement.requestlog [None req-effd5876-47c0-4bb9-95b9-42294ba28e26 - - - - - -] 10.0.0.98 "GET /" status: 200 len: 136 microversion: 1.0
2026-07-15 06:16:10.621 8 INFO placement.requestlog [req-ba970f97-df75-48a2-9027-e91455faeafa req-72419028-f5da-46ae-93dd-a4b08efa73f2 12ca9751597b4f0db86642f157e94638 4cd01a590b3944eabf9770cadd6fe2da - - f82bab8ddfe344bdbeca8643cd471766 f82bab8ddfe344bdbeca8643cd471766] 10.0.0.24 "GET /allocation_candidates?limit=1000&resources=DISK_GB%3A1%2CMEMORY_MB%3A512%2CVCPU%3A1&root_required=%21COMPUTE_STATUS_DISABLED" status: 200 len: 2150 microversion: 1.36 [pid: 8|app: 0|req: 606/1206] 10.0.0.24 () {34 vars in 1010 bytes} [Wed Jul 15 06:16:10 2026] GET /allocation_candidates?limit=1000&resources=DISK_GB%3A1%2CMEMORY_MB%3A512%2CVCPU%3A1&root_required=%21COMPUTE_STATUS_DISABLED => generated 2150 bytes in 41 msecs (HTTP/1.1 200) 8 headers in 297 bytes (1 switches on core 0)
2026-07-15 06:16:10.658 7 INFO placement.requestlog [req-ba970f97-df75-48a2-9027-e91455faeafa req-a55b2e5a-6691-40c6-ab52-889517f44e2c 12ca9751597b4f0db86642f157e94638 4cd01a590b3944eabf9770cadd6fe2da - - f82bab8ddfe344bdbeca8643cd471766 f82bab8ddfe344bdbeca8643cd471766] 10.0.0.24 "GET /allocations/05d58363-2171-405b-b95a-8ba3f3259570" status: 200 len: 19 microversion: 1.28 [pid: 7|app: 0|req: 601/1207] 10.0.0.24 () {34 vars in 859 bytes} [Wed Jul 15 06:16:10 2026] GET /allocations/05d58363-2171-405b-b95a-8ba3f3259570 => generated 19 bytes in 15 msecs (HTTP/1.1 200) 8 headers in 295 bytes (1 switches on core 0)
2026-07-15 06:16:10.729 8 INFO placement.requestlog [req-ba970f97-df75-48a2-9027-e91455faeafa req-07e7c5cd-ca43-4e76-b25c-e4dfbc2df351 12ca9751597b4f0db86642f157e94638 4cd01a590b3944eabf9770cadd6fe2da - - f82bab8ddfe344bdbeca8643cd471766 f82bab8ddfe344bdbeca8643cd471766] 10.0.0.24 "PUT /allocations/05d58363-2171-405b-b95a-8ba3f3259570" status: 204 len: 0 microversion: 1.36 [pid: 8|app: 0|req: 607/1208] 10.0.0.24 () {38 vars in 912 bytes} [Wed Jul 15 06:16:10 2026] PUT /allocations/05d58363-2171-405b-b95a-8ba3f3259570 => generated 0 bytes in 61 msecs (HTTP/1.1 204) 5 headers in 199 bytes (1 switches on core 0)
2026-07-15 06:16:10.978 7 INFO placement.requestlog [req-ba970f97-df75-48a2-9027-e91455faeafa req-486d577b-016f-4e54-a2ed-bfee70a58baa 12ca9751597b4f0db86642f157e94638 4cd01a590b3944eabf9770cadd6fe2da - - f82bab8ddfe344bdbeca8643cd471766 f82bab8ddfe344bdbeca8643cd471766] 199.19.213.242 "GET /allocations/05d58363-2171-405b-b95a-8ba3f3259570" status: 200 len: 258 microversion: 1.28 [pid: 7|app: 0|req: 602/1209] 199.19.213.242 () {34 vars in 862 bytes} [Wed Jul 15 06:16:10 2026] GET /allocations/05d58363-2171-405b-b95a-8ba3f3259570 => generated 258 bytes in 11 msecs (HTTP/1.1 200) 8 headers in 296 bytes (1 switches on core 0)
2026-07-15 06:16:11.101 8 INFO placement.requestlog [req-ba970f97-df75-48a2-9027-e91455faeafa req-7bf4e546-3380-4aa9-917a-8ba86f201cfc 12ca9751597b4f0db86642f157e94638 4cd01a590b3944eabf9770cadd6fe2da - - f82bab8ddfe344bdbeca8643cd471766 f82bab8ddfe344bdbeca8643cd471766] 199.19.213.242 "GET /resource_providers/1ce774b5-2ae9-432f-97e8-5672c1ff349a/allocations" status: 200 len: 440 microversion: 1.0 [pid: 8|app: 0|req: 608/1210] 199.19.213.242 () {32 vars in 856 bytes} [Wed Jul 15 06:16:11 2026] GET /resource_providers/1ce774b5-2ae9-432f-97e8-5672c1ff349a/allocations => generated 440 bytes in 19 msecs (HTTP/1.1 200) 6 headers in 224 bytes (1 switches on core 0)
2026-07-15 06:16:11.130 7 INFO placement.requestlog [req-ba970f97-df75-48a2-9027-e91455faeafa req-520cffc2-d93d-4883-9f66-25c0da8a936c 12ca9751597b4f0db86642f157e94638 4cd01a590b3944eabf9770cadd6fe2da - - f82bab8ddfe344bdbeca8643cd471766 f82bab8ddfe344bdbeca8643cd471766] 199.19.213.242 "GET /allocations/602fc0e8-88a4-462f-95bf-de3235f037a5" status: 200 len: 258 microversion: 1.28 [pid: 7|app: 0|req: 603/1211] 199.19.213.242 () {34 vars in 862 bytes} [Wed Jul 15 06:16:11 2026] GET /allocations/602fc0e8-88a4-462f-95bf-de3235f037a5 => generated 258 bytes in 18 msecs (HTTP/1.1 200) 8 headers in 296 bytes (1 switches on core 0)
2026-07-15 06:16:11.154 8 INFO placement.requestlog [req-ba970f97-df75-48a2-9027-e91455faeafa req-175cfc58-15f8-4a1b-9833-207075dda4e0 12ca9751597b4f0db86642f157e94638 4cd01a590b3944eabf9770cadd6fe2da - - f82bab8ddfe344bdbeca8643cd471766 f82bab8ddfe344bdbeca8643cd471766] 199.19.213.242 "GET /allocations/e918ee28-f99f-472c-963f-dad8a7d54c17" status: 200 len: 245 microversion: 1.28 [pid: 8|app: 0|req: 609/1212] 199.19.213.242 () {34 vars in 862 bytes} [Wed Jul 15 06:16:11 2026] GET /allocations/e918ee28-f99f-472c-963f-dad8a7d54c17 => generated 245 bytes in 15 msecs (HTTP/1.1 200) 8 headers in 296 bytes (1 switches on core 0)
2026-07-15 06:16:11.180 7 INFO placement.requestlog [req-ba970f97-df75-48a2-9027-e91455faeafa req-a0c9ceb4-2fee-4fcf-a923-39e773ce64f9 12ca9751597b4f0db86642f157e94638 4cd01a590b3944eabf9770cadd6fe2da - - f82bab8ddfe344bdbeca8643cd471766 f82bab8ddfe344bdbeca8643cd471766] 199.19.213.242 "GET /allocations/583c8ee5-849d-4476-bc78-12400ac6bdea" status: 200 len: 258 microversion: 1.28 [pid: 7|app: 0|req: 604/1213] 199.19.213.242 () {34 vars in 862 bytes} [Wed Jul 15 06:16:11 2026] GET /allocations/583c8ee5-849d-4476-bc78-12400ac6bdea => generated 258 bytes in 17 msecs (HTTP/1.1 200) 8 headers in 296 bytes (1 switches on core 0)
2026-07-15 06:16:11.206 8 INFO placement.requestlog [req-ba970f97-df75-48a2-9027-e91455faeafa req-e69f7f1f-0072-41ef-b11f-fd9841f6f696 12ca9751597b4f0db86642f157e94638 4cd01a590b3944eabf9770cadd6fe2da - - f82bab8ddfe344bdbeca8643cd471766 f82bab8ddfe344bdbeca8643cd471766] 199.19.213.242 "GET /allocations/05d58363-2171-405b-b95a-8ba3f3259570" status: 200 len: 258 microversion: 1.28 [pid: 8|app: 0|req: 610/1214] 199.19.213.242 () {34 vars in 862 bytes} [Wed Jul 15 06:16:11 2026] GET /allocations/05d58363-2171-405b-b95a-8ba3f3259570 => generated 258 bytes in 19 msecs (HTTP/1.1 200) 8 headers in 296 bytes (1 switches on core 0)
2026-07-15 06:16:18.357 7 INFO placement.requestlog [None req-be3bcdf1-3e15-40d9-bac0-4eb5734dbbb5 - - - - - -] 10.0.0.98 "GET /" status: 200 len: 136 microversion: 1.0
2026-07-15 06:16:18.357 8 INFO placement.requestlog [None req-275b08f7-cf3e-41ed-a77d-ab7690ac90a1 - - - - - -] 10.0.0.98 "GET /" status: 200 len: 136 microversion: 1.0
2026-07-15 06:16:28.358 8 INFO placement.requestlog [None req-eb240a48-81c2-461f-b20d-68697d84a7b3 - - - - - -] 10.0.0.98 "GET /" status: 200 len: 136 microversion: 1.0
2026-07-15 06:16:28.360 7 INFO placement.requestlog [None req-deccabcb-2345-469f-9a6c-386a4803df65 - - - - - -] 10.0.0.98 "GET /" status: 200 len: 136 microversion: 1.0
2026-07-15 06:16:31.411 8 INFO placement.requestlog [req-0ab3e255-f914-427e-8616-0a335aab862c req-9d7040a3-8538-4c3a-967e-5f2f863fc8bd 12ca9751597b4f0db86642f157e94638 4cd01a590b3944eabf9770cadd6fe2da - - f82bab8ddfe344bdbeca8643cd471766 f82bab8ddfe344bdbeca8643cd471766] 199.19.213.242 "GET /resource_providers/1ce774b5-2ae9-432f-97e8-5672c1ff349a/allocations" status: 200 len: 440 microversion: 1.0 [pid: 8|app: 0|req: 613/1219] 199.19.213.242 () {32 vars in 856 bytes} [Wed Jul 15 06:16:31 2026] GET /resource_providers/1ce774b5-2ae9-432f-97e8-5672c1ff349a/allocations => generated 440 bytes in 19 msecs (HTTP/1.1 200) 6 headers in 224 bytes (1 switches on core 0)
2026-07-15 06:16:31.442 7 INFO placement.requestlog [req-0ab3e255-f914-427e-8616-0a335aab862c req-4eb99198-879d-4cce-a49a-c30460afd981 12ca9751597b4f0db86642f157e94638 4cd01a590b3944eabf9770cadd6fe2da - - f82bab8ddfe344bdbeca8643cd471766 f82bab8ddfe344bdbeca8643cd471766] 199.19.213.242 "GET /allocations/602fc0e8-88a4-462f-95bf-de3235f037a5" status: 200 len: 258 microversion: 1.28 [pid: 7|app: 0|req: 607/1220] 199.19.213.242 () {34 vars in 862 bytes} [Wed Jul 15 06:16:31 2026] GET /allocations/602fc0e8-88a4-462f-95bf-de3235f037a5 => generated 258 bytes in 21 msecs (HTTP/1.1 200) 8 headers in 296 bytes (1 switches on core 0)
2026-07-15 06:16:31.469 8 INFO placement.requestlog [req-0ab3e255-f914-427e-8616-0a335aab862c req-cf683c71-793a-4abf-86af-2051bbf159c5 12ca9751597b4f0db86642f157e94638 4cd01a590b3944eabf9770cadd6fe2da - - f82bab8ddfe344bdbeca8643cd471766 f82bab8ddfe344bdbeca8643cd471766] 199.19.213.242 "GET /allocations/e918ee28-f99f-472c-963f-dad8a7d54c17" status: 200 len: 245 microversion: 1.28 [pid: 8|app: 0|req: 614/1221] 199.19.213.242 () {34 vars in 862 bytes} [Wed Jul 15 06:16:31 2026] GET /allocations/e918ee28-f99f-472c-963f-dad8a7d54c17 => generated 245 bytes in 18 msecs (HTTP/1.1 200) 8 headers in 296 bytes (1 switches on core 0)
